54.36.148.158 - - [04/Sep/2023:18:59:16 +0200] "GET /round-chair-cushion-reversible-curry-p-60689.html HTTP/1.0" 200 77009 "-" "Mozilla/5.0 (compatible; AhrefsBot/7.0; +http://ahrefs.com/robot/)"
157.90.182.25 - - [04/Sep/2023:18:59:21 +0200] "GET /bamboo-retro-tray-allergique-matin-p-51686.html HTTP/1.0" 200 76077 "-" "Mozilla/5.0 (compatible; BLEXBot/1.0; +http://webmeup-crawler.com/)"
157.90.182.25 - - [04/Sep/2023:18:59:21 +0200] "GET /american-orange-cbkreation-p-23975.html HTTP/1.0" 200 76001 "-" "Mozilla/5.0 (compatible; BLEXBot/1.0; +http://webmeup-crawler.com/)"
157.90.182.25 - - [04/Sep/2023:18:59:33 +0200] "GET /amerindien-white-porcelain-bowl-p-56508.html HTTP/1.0" 200 76006 "-" "Mozilla/5.0 (compatible; BLEXBot/1.0; +http://webmeup-crawler.com/)"
157.90.182.25 - - [04/Sep/2023:18:59:34 +0200] "GET /bamboo-retro-tray-espresso-p-51685.html HTTP/1.0" 200 76028 "-" "Mozilla/5.0 (compatible; BLEXBot/1.0; +http://webmeup-crawler.com/)"
157.90.182.25 - - [04/Sep/2023:18:59:45 +0200] "GET /amethyst-energy-care-stick-massage-stick-p-48363.html HTTP/1.0" 200 76751 "-" "Mozilla/5.0 (compatible; BLEXBot/1.0; +http://webmeup-crawler.com/)"
157.90.182.25 - - [04/Sep/2023:18:59:48 +0200] "GET /bamboo-retro-tray-p-51684.html HTTP/1.0" 200 75977 "-" "Mozilla/5.0 (compatible; BLEXBot/1.0; +http://webmeup-crawler.com/)"
157.90.182.25 - - [04/Sep/2023:18:59:58 +0200] "GET /amethyst-energy-care-stick-p-47219.html HTTP/1.0" 200 76250 "-" "Mozilla/5.0 (compatible; BLEXBot/1.0; +http://webmeup-crawler.com/)"
157.90.182.25 - - [04/Sep/2023:19:00:02 +0200] "GET /bamboo-saffron-tray-p-48011.html HTTP/1.0" 200 75999 "-" "Mozilla/5.0 (compatible; BLEXBot/1.0; +http://webmeup-crawler.com/)"
98.234.172.55 - - [04/Sep/2023:19:00:06 +0200] "GET /js/jquery.jqzoom.js HTTP/1.0" 200 259 "http://www.wonder-geek.com/placemat-kiub-collection-amys-cushion-p-55911.html" "Mozilla/5.0 (Macintosh; Intel Mac OS X 10_15_7) AppleWebKit/605.1.15 (KHTML, like Gecko) Version/16.6 Mobile/15E148 Safari/604.1"
98.234.172.55 - - [04/Sep/2023:19:00:06 +0200] "GET /highslide/highslide.js HTTP/1.0" 200 262 "http://www.wonder-geek.com/placemat-kiub-collection-amys-cushion-p-55911.html" "Mozilla/5.0 (Macintosh; Intel Mac OS X 10_15_7) AppleWebKit/605.1.15 (KHTML, like Gecko) Version/16.6 Mobile/15E148 Safari/604.1"
98.234.172.55 - - [04/Sep/2023:19:00:06 +0200] "GET /templates/Pixame_v1/stylesheet.css HTTP/1.0" 200 267 "http://www.wonder-geek.com/placemat-kiub-collection-amys-cushion-p-55911.html" "Mozilla/5.0 (Macintosh; Intel Mac OS X 10_15_7) AppleWebKit/605.1.15 (KHTML, like Gecko) Version/16.6 Mobile/15E148 Safari/604.1"
98.234.172.55 - - [04/Sep/2023:19:00:06 +0200] "GET /mondial_relay/js/jquery-1.3.2.min.js HTTP/1.0" 200 276 "http://www.wonder-geek.com/placemat-kiub-collection-amys-cushion-p-55911.html" "Mozilla/5.0 (Macintosh; Intel Mac OS X 10_15_7) AppleWebKit/605.1.15 (KHTML, like Gecko) Version/16.6 Mobile/15E148 Safari/604.1"
98.234.172.55 - - [04/Sep/2023:19:00:06 +0200] "GET /js/jquery.js HTTP/1.0" 200 252 "http://www.wonder-geek.com/placemat-kiub-collection-amys-cushion-p-55911.html" "Mozilla/5.0 (Macintosh; Intel Mac OS X 10_15_7) AppleWebKit/605.1.15 (KHTML, like Gecko) Version/16.6 Mobile/15E148 Safari/604.1"
98.234.172.55 - - [04/Sep/2023:19:00:06 +0200] "GET /swfobject.js HTTP/1.0" 404 1308 "http://www.wonder-geek.com/placemat-kiub-collection-amys-cushion-p-55911.html" "Mozilla/5.0 (Macintosh; Intel Mac OS X 10_15_7) AppleWebKit/605.1.15 (KHTML, like Gecko) Version/16.6 Mobile/15E148 Safari/604.1"
98.234.172.55 - - [04/Sep/2023:19:00:03 +0200] "GET /placemat-kiub-collection-amys-cushion-p-55911.html HTTP/1.0" 200 79827 "http://www.wonder-geek.com/placemat-kiub-collection-cats-love-paris-p-55908.html" "Mozilla/5.0 (Macintosh; Intel Mac OS X 10_15_7) AppleWebKit/605.1.15 (KHTML, like Gecko) Version/16.6 Mobile/15E148 Safari/604.1"
98.234.172.55 - - [04/Sep/2023:19:00:07 +0200] "GET /templates/Pixame_v1/images/icon_accueil2.png HTTP/1.0" 200 278 "http://www.wonder-geek.com/placemat-kiub-collection-amys-cushion-p-55911.html" "Mozilla/5.0 (Macintosh; Intel Mac OS X 10_15_7) AppleWebKit/605.1.15 (KHTML, like Gecko) Version/16.6 Mobile/15E148 Safari/604.1"
98.234.172.55 - - [04/Sep/2023:19:00:07 +0200] "GET /templates/Pixame_v1/images/infobox/pixel_trans.gif HTTP/1.0" 200 328 "http://www.wonder-geek.com/placemat-kiub-collection-amys-cushion-p-55911.html" "Mozilla/5.0 (Macintosh; Intel Mac OS X 10_15_7) AppleWebKit/605.1.15 (KHTML, like Gecko) Version/16.6 Mobile/15E148 Safari/604.1"
98.234.172.55 - - [04/Sep/2023:19:00:07 +0200] "GET /templates/Pixame_v1/images/Bottom_texture.jpg HTTP/1.0" 200 280 "http://www.wonder-geek.com/placemat-kiub-collection-amys-cushion-p-55911.html" "Mozilla/5.0 (Macintosh; Intel Mac OS X 10_15_7) AppleWebKit/605.1.15 (KHTML, like Gecko) Version/16.6 Mobile/15E148 Safari/604.1"
98.234.172.55 - - [04/Sep/2023:19:00:07 +0200] "GET /templates/Pixame_v1/images/nav.png HTTP/1.0" 200 268 "http://www.wonder-geek.com/placemat-kiub-collection-amys-cushion-p-55911.html" "Mozilla/5.0 (Macintosh; Intel Mac OS X 10_15_7) AppleWebKit/605.1.15 (KHTML, like Gecko) Version/16.6 Mobile/15E148 Safari/604.1"
98.234.172.55 - - [04/Sep/2023:19:00:07 +0200] "GET /templates/Pixame_v1/images/Middle_texture.jpg HTTP/1.0" 200 280 "http://www.wonder-geek.com/placemat-kiub-collection-amys-cushion-p-55911.html" "Mozilla/5.0 (Macintosh; Intel Mac OS X 10_15_7) AppleWebKit/605.1.15 (KHTML, like Gecko) Version/16.6 Mobile/15E148 Safari/604.1"
98.234.172.55 - - [04/Sep/2023:19:00:07 +0200] "GET /templates/Pixame_v1/images/header.png HTTP/1.0" 200 271 "http://www.wonder-geek.com/placemat-kiub-collection-amys-cushion-p-55911.html" "Mozilla/5.0 (Macintosh; Intel Mac OS X 10_15_7) AppleWebKit/605.1.15 (KHTML, like Gecko) Version/16.6 Mobile/15E148 Safari/604.1"
98.234.172.55 - - [04/Sep/2023:19:00:07 +0200] "GET /templates/Pixame_v1/images/header-object.png HTTP/1.0" 200 278 "http://www.wonder-geek.com/placemat-kiub-collection-amys-cushion-p-55911.html" "Mozilla/5.0 (Macintosh; Intel Mac OS X 10_15_7) AppleWebKit/605.1.15 (KHTML, like Gecko) Version/16.6 Mobile/15E148 Safari/604.1"
98.234.172.55 - - [04/Sep/2023:19:00:07 +0200] "GET /images/big_prod/3713572739021B.jpg HTTP/1.0" 200 269 "http://www.wonder-geek.com/placemat-kiub-collection-amys-cushion-p-55911.html" "Mozilla/5.0 (Macintosh; Intel Mac OS X 10_15_7) AppleWebKit/605.1.15 (KHTML, like Gecko) Version/16.6 Mobile/15E148 Safari/604.1"
98.234.172.55 - - [04/Sep/2023:19:00:07 +0200] "GET /images/mini_prod/3700572722221.jpg HTTP/1.0" 200 269 "http://www.wonder-geek.com/placemat-kiub-collection-amys-cushion-p-55911.html" "Mozilla/5.0 (Macintosh; Intel Mac OS X 10_15_7) AppleWebKit/605.1.15 (KHTML, like Gecko) Version/16.6 Mobile/15E148 Safari/604.1"
98.234.172.55 - - [04/Sep/2023:19:00:07 +0200] "GET /templates/Pixame_v1/images/infobox/corner_right.gif HTTP/1.0" 200 664 "http://www.wonder-geek.com/placemat-kiub-collection-amys-cushion-p-55911.html" "Mozilla/5.0 (Macintosh; Intel Mac OS X 10_15_7) AppleWebKit/605.1.15 (KHTML, like Gecko) Version/16.6 Mobile/15E148 Safari/604.1"
98.234.172.55 - - [04/Sep/2023:19:00:07 +0200] "GET /images/mini_prod/3700572712314B.jpg HTTP/1.0" 200 270 "http://www.wonder-geek.com/placemat-kiub-collection-amys-cushion-p-55911.html" "Mozilla/5.0 (Macintosh; Intel Mac OS X 10_15_7) AppleWebKit/605.1.15 (KHTML, like Gecko) Version/16.6 Mobile/15E148 Safari/604.1"
98.234.172.55 - - [04/Sep/2023:19:00:08 +0200] "GET /templates/Pixame_v1/images/infobox/corner_left.gif HTTP/1.0" 200 660 "http://www.wonder-geek.com/placemat-kiub-collection-amys-cushion-p-55911.html" "Mozilla/5.0 (Macintosh; Intel Mac OS X 10_15_7) AppleWebKit/605.1.15 (KHTML, like Gecko) Version/16.6 Mobile/15E148 Safari/604.1"
98.234.172.55 - - [04/Sep/2023:19:00:08 +0200] "GET /images/mini_prod/3713572712284B.jpg HTTP/1.0" 200 270 "http://www.wonder-geek.com/placemat-kiub-collection-amys-cushion-p-55911.html" "Mozilla/5.0 (Macintosh; Intel Mac OS X 10_15_7) AppleWebKit/605.1.15 (KHTML, like Gecko) Version/16.6 Mobile/15E148 Safari/604.1"
98.234.172.55 - - [04/Sep/2023:19:00:08 +0200] "GET /templates/Pixame_v1/images/pixel_trans.gif HTTP/1.0" 200 328 "http://www.wonder-geek.com/placemat-kiub-collection-amys-cushion-p-55911.html" "Mozilla/5.0 (Macintosh; Intel Mac OS X 10_15_7) AppleWebKit/605.1.15 (KHTML, like Gecko) Version/16.6 Mobile/15E148 Safari/604.1"
98.234.172.55 - - [04/Sep/2023:19:00:08 +0200] "GET /templates/Pixame_v1/images/buttons/english/button_in_cart.gif HTTP/1.0" 200 295 "http://www.wonder-geek.com/placemat-kiub-collection-amys-cushion-p-55911.html" "Mozilla/5.0 (Macintosh; Intel Mac OS X 10_15_7) AppleWebKit/605.1.15 (KHTML, like Gecko) Version/16.6 Mobile/15E148 Safari/604.1"
98.234.172.55 - - [04/Sep/2023:19:00:08 +0200] "GET /templates/Pixame_v1/images/infobox/infobox_footer_middle.gif HTTP/1.0" 200 357 "http://www.wonder-geek.com/placemat-kiub-collection-amys-cushion-p-55911.html" "Mozilla/5.0 (Macintosh; Intel Mac OS X 10_15_7) AppleWebKit/605.1.15 (KHTML, like Gecko) Version/16.6 Mobile/15E148 Safari/604.1"
98.234.172.55 - - [04/Sep/2023:19:00:08 +0200] "GET /images/pixel_trans.gif HTTP/1.0" 200 328 "http://www.wonder-geek.com/placemat-kiub-collection-amys-cushion-p-55911.html" "Mozilla/5.0 (Macintosh; Intel Mac OS X 10_15_7) AppleWebKit/605.1.15 (KHTML, like Gecko) Version/16.6 Mobile/15E148 Safari/604.1"
98.234.172.55 - - [04/Sep/2023:19:00:08 +0200] "GET /design/productsenstock.png HTTP/1.0" 200 260 "http://www.wonder-geek.com/placemat-kiub-collection-amys-cushion-p-55911.html" "Mozilla/5.0 (Macintosh; Intel Mac OS X 10_15_7) AppleWebKit/605.1.15 (KHTML, like Gecko) Version/16.6 Mobile/15E148 Safari/604.1"
98.234.172.55 - - [04/Sep/2023:19:00:08 +0200] "GET /images/mini_prod/3700572712307B.jpg HTTP/1.0" 200 270 "http://www.wonder-geek.com/placemat-kiub-collection-amys-cushion-p-55911.html" "Mozilla/5.0 (Macintosh; Intel Mac OS X 10_15_7) AppleWebKit/605.1.15 (KHTML, like Gecko) Version/16.6 Mobile/15E148 Safari/604.1"
98.234.172.55 - - [04/Sep/2023:19:00:08 +0200] "GET /images/mini_prod/3700572762845B.jpg HTTP/1.0" 200 270 "http://www.wonder-geek.com/placemat-kiub-collection-amys-cushion-p-55911.html" "Mozilla/5.0 (Macintosh; Intel Mac OS X 10_15_7) AppleWebKit/605.1.15 (KHTML, like Gecko) Version/16.6 Mobile/15E148 Safari/604.1"
98.234.172.55 - - [04/Sep/2023:19:00:08 +0200] "GET /images/mini_prod/3565750027228.jpg HTTP/1.0" 200 269 "http://www.wonder-geek.com/placemat-kiub-collection-amys-cushion-p-55911.html" "Mozilla/5.0 (Macintosh; Intel Mac OS X 10_15_7) AppleWebKit/605.1.15 (KHTML, like Gecko) Version/16.6 Mobile/15E148 Safari/604.1"
98.234.172.55 - - [04/Sep/2023:19:00:09 +0200] "GET /highslide/graphics/zoomin.cur HTTP/1.0" 200 614 "http://www.wonder-geek.com/placemat-kiub-collection-amys-cushion-p-55911.html" "Mozilla/5.0 (Macintosh; Intel Mac OS X 10_15_7) AppleWebKit/605.1.15 (KHTML, like Gecko) Version/16.6 Mobile/15E148 Safari/604.1"
98.234.172.55 - - [04/Sep/2023:19:00:09 +0200] "GET /highslide/graphics/outlines/drop-shadow.png HTTP/1.0" 200 277 "http://www.wonder-geek.com/placemat-kiub-collection-amys-cushion-p-55911.html" "Mozilla/5.0 (Macintosh; Intel Mac OS X 10_15_7) AppleWebKit/605.1.15 (KHTML, like Gecko) Version/16.6 Mobile/15E148 Safari/604.1"
98.234.172.55 - - [04/Sep/2023:19:00:09 +0200] "GET /highslide/graphics/zoomout.cur HTTP/1.0" 200 614 "http://www.wonder-geek.com/placemat-kiub-collection-amys-cushion-p-55911.html" "Mozilla/5.0 (Macintosh; Intel Mac OS X 10_15_7) AppleWebKit/605.1.15 (KHTML, like Gecko) Version/16.6 Mobile/15E148 Safari/604.1"
98.234.172.55 - - [04/Sep/2023:19:00:09 +0200] "GET /highslide/graphics/loader.white.gif HTTP/1.0" 200 960 "http://www.wonder-geek.com/placemat-kiub-collection-amys-cushion-p-55911.html" "Mozilla/5.0 (Macintosh; Intel Mac OS X 10_15_7) AppleWebKit/605.1.15 (KHTML, like Gecko) Version/16.6 Mobile/15E148 Safari/604.1"
157.90.182.25 - - [04/Sep/2023:19:00:10 +0200] "GET /amethyst-lamp-flower-life-p-60557.html HTTP/1.0" 200 76743 "-" "Mozilla/5.0 (compatible; BLEXBot/1.0; +http://webmeup-crawler.com/)"
157.90.182.25 - - [04/Sep/2023:19:00:15 +0200] "GET /bamboo-stainless-steel-piece-barbecue-p-48876.html HTTP/1.0" 200 77051 "-" "Mozilla/5.0 (compatible; BLEXBot/1.0; +http://webmeup-crawler.com/)"
157.90.182.25 - - [04/Sep/2023:19:00:23 +0200] "GET /amethyst-lamp-p-60559.html HTTP/1.0" 200 76632 "-" "Mozilla/5.0 (compatible; BLEXBot/1.0; +http://webmeup-crawler.com/)"
52.167.144.104 - - [04/Sep/2023:19:00:25 +0200] "GET /bamboo-fiber-folk-p-49559.html HTTP/1.0" 200 73696 "-" "Mozilla/5.0 AppleWebKit/537.36 (KHTML, like Gecko; compatible; bingbot/2.0; +http://www.bing.com/bingbot.htm) Chrome/103.0.5060.134 Safari/537.36"
186.236.175.244 - - [04/Sep/2023:19:00:29 +0200] "GET /wp-login.php HTTP/1.0" 404 1308 "-" "Mozilla/5.0 (Windows NT 10.0; WOW64; Trident/7.0; rv:11.0) like Gecko"
186.236.175.244 - - [04/Sep/2023:19:00:29 +0200] "GET /xmlrpc.php HTTP/1.0" 404 1308 "-" "Mozilla/5.0 (Windows NT 10.0; WOW64; Trident/7.0; rv:11.0) like Gecko"
157.90.182.25 - - [04/Sep/2023:19:00:28 +0200] "GET /bamboo-stainless-steel-piece-barbecue-p-48877.html HTTP/1.0" 200 77051 "-" "Mozilla/5.0 (compatible; BLEXBot/1.0; +http://webmeup-crawler.com/)"
157.90.182.25 - - [04/Sep/2023:19:00:36 +0200] "GET /amethyst-lamp-tree-life-p-60558.html HTTP/1.0" 200 76723 "-" "Mozilla/5.0 (compatible; BLEXBot/1.0; +http://webmeup-crawler.com/)"
157.90.182.25 - - [04/Sep/2023:19:00:42 +0200] "GET /bamboo-storage-boxes-p-54610.html HTTP/1.0" 200 76959 "-" "Mozilla/5.0 (compatible; BLEXBot/1.0; +http://webmeup-crawler.com/)"
157.90.182.25 - - [04/Sep/2023:19:00:48 +0200] "GET /amethyst-salt-lamp-p-50903.html HTTP/1.0" 200 78386 "-" "Mozilla/5.0 (compatible; BLEXBot/1.0; +http://webmeup-crawler.com/)"
157.90.182.25 - - [04/Sep/2023:19:00:55 +0200] "GET /bamboo-storage-boxes-p-56576.html HTTP/1.0" 200 76691 "-" "Mozilla/5.0 (compatible; BLEXBot/1.0; +http://webmeup-crawler.com/)"
157.90.182.25 - - [04/Sep/2023:19:01:00 +0200] "GET /amlie-cups-spoons-p-59611.html HTTP/1.0" 200 76841 "-" "Mozilla/5.0 (compatible; BLEXBot/1.0; +http://webmeup-crawler.com/)"
157.90.182.25 - - [04/Sep/2023:19:01:08 +0200] "GET /bamboo-table-lamp-p-57495.html HTTP/1.0" 200 76970 "-" "Mozilla/5.0 (compatible; BLEXBot/1.0; +http://webmeup-crawler.com/)"
207.46.13.212 - - [04/Sep/2023:19:01:09 +0200] "GET /games-toys-c-4.html HTTP/1.0" 200 95489 "-" "Mozilla/5.0 AppleWebKit/537.36 (KHTML, like Gecko; compatible; bingbot/2.0; +http://www.bing.com/bingbot.htm) Chrome/103.0.5060.134 Safari/537.36"
157.90.182.25 - - [04/Sep/2023:19:01:13 +0200] "GET /amlie-cups-spoons-p-59612.html HTTP/1.0" 200 76841 "-" "Mozilla/5.0 (compatible; BLEXBot/1.0; +http://webmeup-crawler.com/)"
157.90.182.25 - - [04/Sep/2023:19:01:20 +0200] "GET /bamboo-table-lamp-p-57496.html HTTP/1.0" 200 76970 "-" "Mozilla/5.0 (compatible; BLEXBot/1.0; +http://webmeup-crawler.com/)"
157.90.182.25 - - [04/Sep/2023:19:01:25 +0200] "GET /amour-charming-dekor-bedclothes-p-60534.html HTTP/1.0" 200 76172 "-" "Mozilla/5.0 (compatible; BLEXBot/1.0; +http://webmeup-crawler.com/)"
157.90.182.25 - - [04/Sep/2023:19:01:33 +0200] "GET /bamboo-table-lamp-white-shade-p-54580.html HTTP/1.0" 200 77187 "-" "Mozilla/5.0 (compatible; BLEXBot/1.0; +http://webmeup-crawler.com/)"
157.90.182.25 - - [04/Sep/2023:19:01:37 +0200] "GET /amour-cuisine-tous-jours-round-placemat-p-57746.html HTTP/1.0" 200 76762 "-" "Mozilla/5.0 (compatible; BLEXBot/1.0; +http://webmeup-crawler.com/)"
157.90.182.25 - - [04/Sep/2023:19:01:45 +0200] "GET /bamboo-tray-humming-bird-p-49578.html HTTP/1.0" 200 76018 "-" "Mozilla/5.0 (compatible; BLEXBot/1.0; +http://webmeup-crawler.com/)"
157.90.182.25 - - [04/Sep/2023:19:01:49 +0200] "GET /amour-gloire-adult-apron-p-58747.html HTTP/1.0" 200 76539 "-" "Mozilla/5.0 (compatible; BLEXBot/1.0; +http://webmeup-crawler.com/)"
157.90.182.25 - - [04/Sep/2023:19:01:59 +0200] "GET /bamboo-tray-with-cushion-p-56989.html HTTP/1.0" 200 76945 "-" "Mozilla/5.0 (compatible; BLEXBot/1.0; +http://webmeup-crawler.com/)"
157.90.182.25 - - [04/Sep/2023:19:02:02 +0200] "GET /amys-bowl-p-53769.html HTTP/1.0" 200 76676 "-" "Mozilla/5.0 (compatible; BLEXBot/1.0; +http://webmeup-crawler.com/)"
157.90.182.25 - - [04/Sep/2023:19:02:13 +0200] "GET /bamboos-bamboo-flower-cover-p-58254.html HTTP/1.0" 200 76661 "-" "Mozilla/5.0 (compatible; BLEXBot/1.0; +http://webmeup-crawler.com/)"
157.90.182.25 - - [04/Sep/2023:19:02:14 +0200] "GET /amys-bowl-p-54261.html HTTP/1.0" 200 76481 "-" "Mozilla/5.0 (compatible; BLEXBot/1.0; +http://webmeup-crawler.com/)"
157.90.182.25 - - [04/Sep/2023:19:02:26 +0200] "GET /banania-coasters-p-40040.html HTTP/1.0" 200 75901 "-" "Mozilla/5.0 (compatible; BLEXBot/1.0; +http://webmeup-crawler.com/)"
157.90.182.25 - - [04/Sep/2023:19:02:27 +0200] "GET /amys-cats-espresso-p-54275.html HTTP/1.0" 200 76784 "-" "Mozilla/5.0 (compatible; BLEXBot/1.0; +http://webmeup-crawler.com/)"
157.90.182.25 - - [04/Sep/2023:19:02:40 +0200] "GET /banania-herv-morvan-large-metal-plate-p-35258.html HTTP/1.0" 200 76185 "-" "Mozilla/5.0 (compatible; BLEXBot/1.0; +http://webmeup-crawler.com/)"
157.90.182.25 - - [04/Sep/2023:19:02:41 +0200] "GET /amys-cats-espresso-p-57308.html HTTP/1.0" 200 76993 "-" "Mozilla/5.0 (compatible; BLEXBot/1.0; +http://webmeup-crawler.com/)"
157.90.182.25 - - [04/Sep/2023:19:02:54 +0200] "GET /amys-elephant-p-54773.html HTTP/1.0" 200 76508 "-" "Mozilla/5.0 (compatible; BLEXBot/1.0; +http://webmeup-crawler.com/)"
157.90.182.25 - - [04/Sep/2023:19:02:54 +0200] "GET /banania-large-metal-plate-p-19923.html HTTP/1.0" 200 75921 "-" "Mozilla/5.0 (compatible; BLEXBot/1.0; +http://webmeup-crawler.com/)"
157.90.182.25 - - [04/Sep/2023:19:03:06 +0200] "GET /amys-flamingo-p-59027.html HTTP/1.0" 200 76506 "-" "Mozilla/5.0 (compatible; BLEXBot/1.0; +http://webmeup-crawler.com/)"
157.90.182.25 - - [04/Sep/2023:19:03:11 +0200] "GET /banania-large-metal-plate-p-27377.html HTTP/1.0" 200 75987 "-" "Mozilla/5.0 (compatible; BLEXBot/1.0; +http://webmeup-crawler.com/)"
157.90.182.25 - - [04/Sep/2023:19:03:19 +0200] "GET /amys-jewels-paris-bowl-p-54776.html HTTP/1.0" 200 76600 "-" "Mozilla/5.0 (compatible; BLEXBot/1.0; +http://webmeup-crawler.com/)"
157.90.182.25 - - [04/Sep/2023:19:03:25 +0200] "GET /banania-large-metal-plate-p-27378.html HTTP/1.0" 200 76024 "-" "Mozilla/5.0 (compatible; BLEXBot/1.0; +http://webmeup-crawler.com/)"
47.128.28.116 - - [04/Sep/2023:19:03:25 +0200] "GET /mini-rectangular-tray-winter-rosie-p-57252.html HTTP/1.0" 200 76730 "-" "Mozilla/5.0 (Linux; Android 5.0) AppleWebKit/537.36 (KHTML, like Gecko) Mobile Safari/537.36 (compatible; Bytespider; spider-feedback@bytedance.com)"
47.128.28.116 - - [04/Sep/2023:19:03:27 +0200] "GET /swfobject.js HTTP/1.0" 404 1308 "http://www.wonder-geek.com/mini-rectangular-tray-winter-rosie-p-57252.html" "Mozilla/5.0 (Linux; Android 5.0) AppleWebKit/537.36 (KHTML, like Gecko) Mobile Safari/537.36 (compatible; Bytespider; spider-feedback@bytedance.com)"
47.128.27.87 - - [04/Sep/2023:19:03:30 +0200] "GET /barbapapa-postcard-p-19476.html HTTP/1.0" 200 73644 "-" "Mozilla/5.0 (Linux; Android 5.0) AppleWebKit/537.36 (KHTML, like Gecko) Mobile Safari/537.36 (compatible; Bytespider; spider-feedback@bytedance.com)"
47.128.28.116 - - [04/Sep/2023:19:03:32 +0200] "GET /images/big_prod_1/8712159171730a.jpg HTTP/1.0" 200 271 "http://www.wonder-geek.com/mini-rectangular-tray-winter-rosie-p-57252.html" "Mozilla/5.0 (Linux; Android 5.0) AppleWebKit/537.36 (KHTML, like Gecko) Mobile Safari/537.36 (compatible; Bytespider; spider-feedback@bytedance.com)"
157.90.182.25 - - [04/Sep/2023:19:03:31 +0200] "GET /amys-kittens-espresso-p-57973.html HTTP/1.0" 200 77259 "-" "Mozilla/5.0 (compatible; BLEXBot/1.0; +http://webmeup-crawler.com/)"
47.128.27.87 - - [04/Sep/2023:19:03:32 +0200] "GET /swfobject.js HTTP/1.0" 404 1308 "http://www.wonder-geek.com/barbapapa-postcard-p-19476.html" "Mozilla/5.0 (Linux; Android 5.0) AppleWebKit/537.36 (KHTML, like Gecko) Mobile Safari/537.36 (compatible; Bytespider; spider-feedback@bytedance.com)"
157.90.182.25 - - [04/Sep/2023:19:03:38 +0200] "GET /banania-large-metal-plate-p-35257.html HTTP/1.0" 200 76042 "-" "Mozilla/5.0 (compatible; BLEXBot/1.0; +http://webmeup-crawler.com/)"
47.128.21.145 - - [04/Sep/2023:19:03:39 +0200] "GET /nasa-organiser-file-p-59830.html HTTP/1.0" 200 76508 "-" "Mozilla/5.0 (Linux; Android 5.0) AppleWebKit/537.36 (KHTML, like Gecko) Mobile Safari/537.36 (compatible; Bytespider; spider-feedback@bytedance.com)"
47.128.21.145 - - [04/Sep/2023:19:03:41 +0200] "GET /swfobject.js HTTP/1.0" 404 1308 "http://www.wonder-geek.com/nasa-organiser-file-p-59830.html" "Mozilla/5.0 (Linux; Android 5.0) AppleWebKit/537.36 (KHTML, like Gecko) Mobile Safari/537.36 (compatible; Bytespider; spider-feedback@bytedance.com)"
47.128.27.87 - - [04/Sep/2023:19:03:43 +0200] "GET /highslide/graphics/outlines/drop-shadow.png HTTP/1.0" 200 277 "http://www.wonder-geek.com/barbapapa-postcard-p-19476.html" "Mozilla/5.0 (Linux; Android 5.0) AppleWebKit/537.36 (KHTML, like Gecko) Mobile Safari/537.36 (compatible; Bytespider; spider-feedback@bytedance.com)"
47.128.27.87 - - [04/Sep/2023:19:03:43 +0200] "GET /highslide/graphics/zoomout.cur HTTP/1.0" 200 614 "http://www.wonder-geek.com/barbapapa-postcard-p-19476.html" "Mozilla/5.0 (Linux; Android 5.0) AppleWebKit/537.36 (KHTML, like Gecko) Mobile Safari/537.36 (compatible; Bytespider; spider-feedback@bytedance.com)"
47.128.17.179 - - [04/Sep/2023:19:03:42 +0200] "GET /helia-small-ashtray-p-47852.html HTTP/1.0" 200 75889 "-" "Mozilla/5.0 (Linux; Android 5.0) AppleWebKit/537.36 (KHTML, like Gecko) Mobile Safari/537.36 (compatible; Bytespider; spider-feedback@bytedance.com)"
47.128.17.179 - - [04/Sep/2023:19:03:45 +0200] "GET /swfobject.js HTTP/1.0" 404 1308 "http://www.wonder-geek.com/helia-small-ashtray-p-47852.html" "Mozilla/5.0 (Linux; Android 5.0) AppleWebKit/537.36 (KHTML, like Gecko) Mobile Safari/537.36 (compatible; Bytespider; spider-feedback@bytedance.com)"
157.90.182.25 - - [04/Sep/2023:19:03:44 +0200] "GET /amys-love-paris-bowl-p-54262.html HTTP/1.0" 200 76838 "-" "Mozilla/5.0 (compatible; BLEXBot/1.0; +http://webmeup-crawler.com/)"
47.128.30.145 - - [04/Sep/2023:19:03:45 +0200] "GET /coasters-c-12_157.html?page=10 HTTP/1.0" 200 85602 "-" "Mozilla/5.0 (Linux; Android 5.0) AppleWebKit/537.36 (KHTML, like Gecko) Mobile Safari/537.36 (compatible; Bytespider; spider-feedback@bytedance.com)"
47.128.24.241 - - [04/Sep/2023:19:03:48 +0200] "GET /decorative-wooden-plate-chez-papy-mamy-paradis-p-60258.html HTTP/1.0" 200 77130 "-" "Mozilla/5.0 (Linux; Android 5.0) AppleWebKit/537.36 (KHTML, like Gecko) Mobile Safari/537.36 (compatible; Bytespider; spider-feedback@bytedance.com)"
47.128.21.145 - - [04/Sep/2023:19:03:49 +0200] "GET /images/big_prod_1/8421025958183B.jpg HTTP/1.0" 200 271 "http://www.wonder-geek.com/nasa-organiser-file-p-59830.html" "Mozilla/5.0 (Linux; Android 5.0) AppleWebKit/537.36 (KHTML, like Gecko) Mobile Safari/537.36 (compatible; Bytespider; spider-feedback@bytedance.com)"
47.128.29.240 - - [04/Sep/2023:19:03:48 +0200] "GET /jack-sally-trinket-p-56311.html HTTP/1.0" 200 77127 "-" "Mozilla/5.0 (Linux; Android 5.0) AppleWebKit/537.36 (KHTML, like Gecko) Mobile Safari/537.36 (compatible; Bytespider; spider-feedback@bytedance.com)"
47.128.24.241 - - [04/Sep/2023:19:03:51 +0200] "GET /swfobject.js HTTP/1.0" 404 1308 "http://www.wonder-geek.com/decorative-wooden-plate-chez-papy-mamy-paradis-p-60258.html" "Mozilla/5.0 (Linux; Android 5.0) AppleWebKit/537.36 (KHTML, like Gecko) Mobile Safari/537.36 (compatible; Bytespider; spider-feedback@bytedance.com)"
47.128.17.179 - - [04/Sep/2023:19:03:52 +0200] "GET /highslide/graphics/outlines/drop-shadow.png HTTP/1.0" 200 277 "http://www.wonder-geek.com/helia-small-ashtray-p-47852.html" "Mozilla/5.0 (Linux; Android 5.0) AppleWebKit/537.36 (KHTML, like Gecko) Mobile Safari/537.36 (compatible; Bytespider; spider-feedback@bytedance.com)"
47.128.17.179 - - [04/Sep/2023:19:03:52 +0200] "GET /highslide/graphics/zoomout.cur HTTP/1.0" 200 614 "http://www.wonder-geek.com/helia-small-ashtray-p-47852.html" "Mozilla/5.0 (Linux; Android 5.0) AppleWebKit/537.36 (KHTML, like Gecko) Mobile Safari/537.36 (compatible; Bytespider; spider-feedback@bytedance.com)"
47.128.17.179 - - [04/Sep/2023:19:03:52 +0200] "GET /images/big_prod/3503420020513.jpg HTTP/1.0" 200 268 "http://www.wonder-geek.com/helia-small-ashtray-p-47852.html" "Mozilla/5.0 (Linux; Android 5.0) AppleWebKit/537.36 (KHTML, like Gecko) Mobile Safari/537.36 (compatible; Bytespider; spider-feedback@bytedance.com)"
157.90.182.25 - - [04/Sep/2023:19:03:52 +0200] "GET /banao-cotton-jute-basket-planter-p-57920.html HTTP/1.0" 200 76756 "-" "Mozilla/5.0 (compatible; BLEXBot/1.0; +http://webmeup-crawler.com/)"
157.90.182.25 - - [04/Sep/2023:19:03:56 +0200] "GET /amys-p-54230.html HTTP/1.0" 200 76648 "-" "Mozilla/5.0 (compatible; BLEXBot/1.0; +http://webmeup-crawler.com/)"
47.128.29.240 - - [04/Sep/2023:19:03:58 +0200] "GET /images/big_prod_1/028399295630a.jpg HTTP/1.0" 200 270 "http://www.wonder-geek.com/jack-sally-trinket-p-56311.html" "Mozilla/5.0 (Linux; Android 5.0) AppleWebKit/537.36 (KHTML, like Gecko) Mobile Safari/537.36 (compatible; Bytespider; spider-feedback@bytedance.com)"
47.128.24.241 - - [04/Sep/2023:19:04:01 +0200] "GET /templates/Pixame_v1/images/infobox/pixel_trans.gif HTTP/1.0" 200 328 "http://www.wonder-geek.com/decorative-wooden-plate-chez-papy-mamy-paradis-p-60258.html" "Mozilla/5.0 (Linux; Android 5.0) AppleWebKit/537.36 (KHTML, like Gecko) Mobile Safari/537.36 (compatible; Bytespider; spider-feedback@bytedance.com)"
47.128.28.116 - - [04/Sep/2023:19:04:02 +0200] "GET /highslide/graphics/zoomout.cur HTTP/1.0" 200 614 "http://www.wonder-geek.com/mini-rectangular-tray-winter-rosie-p-57252.html" "Mozilla/5.0 (Linux; Android 5.0) AppleWebKit/537.36 (KHTML, like Gecko) Mobile Safari/537.36 (compatible; Bytespider; spider-feedback@bytedance.com)"
47.128.28.116 - - [04/Sep/2023:19:04:02 +0200] "GET /highslide/graphics/outlines/drop-shadow.png HTTP/1.0" 200 277 "http://www.wonder-geek.com/mini-rectangular-tray-winter-rosie-p-57252.html" "Mozilla/5.0 (Linux; Android 5.0) AppleWebKit/537.36 (KHTML, like Gecko) Mobile Safari/537.36 (compatible; Bytespider; spider-feedback@bytedance.com)"
157.90.182.25 - - [04/Sep/2023:19:04:05 +0200] "GET /banao-cotton-jute-basket-planter-p-57923.html HTTP/1.0" 200 76756 "-" "Mozilla/5.0 (compatible; BLEXBot/1.0; +http://webmeup-crawler.com/)"
47.128.24.241 - - [04/Sep/2023:19:04:08 +0200] "GET /images/big_prod_1/8445148204361B.jpg HTTP/1.0" 200 271 "http://www.wonder-geek.com/decorative-wooden-plate-chez-papy-mamy-paradis-p-60258.html" "Mozilla/5.0 (Linux; Android 5.0) AppleWebKit/537.36 (KHTML, like Gecko) Mobile Safari/537.36 (compatible; Bytespider; spider-feedback@bytedance.com)"
157.90.182.25 - - [04/Sep/2023:19:04:09 +0200] "GET /amys-p-54232.html HTTP/1.0" 200 76648 "-" "Mozilla/5.0 (compatible; BLEXBot/1.0; +http://webmeup-crawler.com/)"
47.128.29.192 - - [04/Sep/2023:19:04:17 +0200] "GET /round-transparent-plastic-tablecloth-p-48558.html HTTP/1.0" 200 73730 "-" "Mozilla/5.0 (Linux; Android 5.0) AppleWebKit/537.36 (KHTML, like Gecko) Mobile Safari/537.36 (compatible; Bytespider; spider-feedback@bytedance.com)"
47.128.29.192 - - [04/Sep/2023:19:04:19 +0200] "GET /swfobject.js HTTP/1.0" 404 1308 "http://www.wonder-geek.com/round-transparent-plastic-tablecloth-p-48558.html" "Mozilla/5.0 (Linux; Android 5.0) AppleWebKit/537.36 (KHTML, like Gecko) Mobile Safari/537.36 (compatible; Bytespider; spider-feedback@bytedance.com)"
54.36.148.40 - - [04/Sep/2023:19:04:17 +0200] "GET /household-linen-c-11.html?page=8 HTTP/1.0" 200 96120 "-" "Mozilla/5.0 (compatible; AhrefsBot/7.0; +http://ahrefs.com/robot/)"
157.90.182.25 - - [04/Sep/2023:19:04:18 +0200] "GET /banao-cotton-jute-basket-planter-p-57927.html HTTP/1.0" 200 76756 "-" "Mozilla/5.0 (compatible; BLEXBot/1.0; +http://webmeup-crawler.com/)"
47.128.21.145 - - [04/Sep/2023:19:04:19 +0200] "GET /highslide/graphics/zoomout.cur HTTP/1.0" 200 614 "http://www.wonder-geek.com/nasa-organiser-file-p-59830.html" "Mozilla/5.0 (Linux; Android 5.0) AppleWebKit/537.36 (KHTML, like Gecko) Mobile Safari/537.36 (compatible; Bytespider; spider-feedback@bytedance.com)"
47.128.21.145 - - [04/Sep/2023:19:04:20 +0200] "GET /highslide/graphics/outlines/drop-shadow.png HTTP/1.0" 200 277 "http://www.wonder-geek.com/nasa-organiser-file-p-59830.html" "Mozilla/5.0 (Linux; Android 5.0) AppleWebKit/537.36 (KHTML, like Gecko) Mobile Safari/537.36 (compatible; Bytespider; spider-feedback@bytedance.com)"
157.90.182.25 - - [04/Sep/2023:19:04:21 +0200] "GET /amys-p-54236.html HTTP/1.0" 200 76719 "-" "Mozilla/5.0 (compatible; BLEXBot/1.0; +http://webmeup-crawler.com/)"
47.128.29.192 - - [04/Sep/2023:19:04:23 +0200] "GET /highslide/graphics/zoomout.cur HTTP/1.0" 200 614 "http://www.wonder-geek.com/round-transparent-plastic-tablecloth-p-48558.html" "Mozilla/5.0 (Linux; Android 5.0) AppleWebKit/537.36 (KHTML, like Gecko) Mobile Safari/537.36 (compatible; Bytespider; spider-feedback@bytedance.com)"
47.128.29.192 - - [04/Sep/2023:19:04:23 +0200] "GET /highslide/graphics/outlines/drop-shadow.png HTTP/1.0" 200 277 "http://www.wonder-geek.com/round-transparent-plastic-tablecloth-p-48558.html" "Mozilla/5.0 (Linux; Android 5.0) AppleWebKit/537.36 (KHTML, like Gecko) Mobile Safari/537.36 (compatible; Bytespider; spider-feedback@bytedance.com)"
157.90.182.25 - - [04/Sep/2023:19:04:30 +0200] "GET /banao-cotton-jute-basket-planter-p-57928.html HTTP/1.0" 200 76767 "-" "Mozilla/5.0 (compatible; BLEXBot/1.0; +http://webmeup-crawler.com/)"
157.90.182.25 - - [04/Sep/2023:19:04:33 +0200] "GET /amys-p-54238.html HTTP/1.0" 200 76646 "-" "Mozilla/5.0 (compatible; BLEXBot/1.0; +http://webmeup-crawler.com/)"
47.128.24.55 - - [04/Sep/2023:19:04:35 +0200] "GET /houndstooth-russian-doll-money-cbkreation-p-18420.html HTTP/1.0" 200 76142 "-" "Mozilla/5.0 (Linux; Android 5.0) AppleWebKit/537.36 (KHTML, like Gecko) Mobile Safari/537.36 (compatible; Bytespider; spider-feedback@bytedance.com)"
47.128.24.55 - - [04/Sep/2023:19:04:38 +0200] "GET /swfobject.js HTTP/1.0" 404 1308 "http://www.wonder-geek.com/houndstooth-russian-doll-money-cbkreation-p-18420.html" "Mozilla/5.0 (Linux; Android 5.0) AppleWebKit/537.36 (KHTML, like Gecko) Mobile Safari/537.36 (compatible; Bytespider; spider-feedback@bytedance.com)"
47.128.24.241 - - [04/Sep/2023:19:04:38 +0200] "GET /highslide/graphics/outlines/drop-shadow.png HTTP/1.0" 200 277 "http://www.wonder-geek.com/decorative-wooden-plate-chez-papy-mamy-paradis-p-60258.html" "Mozilla/5.0 (Linux; Android 5.0) AppleWebKit/537.36 (KHTML, like Gecko) Mobile Safari/537.36 (compatible; Bytespider; spider-feedback@bytedance.com)"
47.128.24.241 - - [04/Sep/2023:19:04:38 +0200] "GET /highslide/graphics/zoomout.cur HTTP/1.0" 200 614 "http://www.wonder-geek.com/decorative-wooden-plate-chez-papy-mamy-paradis-p-60258.html" "Mozilla/5.0 (Linux; Android 5.0) AppleWebKit/537.36 (KHTML, like Gecko) Mobile Safari/537.36 (compatible; Bytespider; spider-feedback@bytedance.com)"
47.128.24.241 - - [04/Sep/2023:19:04:39 +0200] "GET /images/big_prod/8445148204361.jpg HTTP/1.0" 200 268 "http://www.wonder-geek.com/decorative-wooden-plate-chez-papy-mamy-paradis-p-60258.html" "Mozilla/5.0 (Linux; Android 5.0) AppleWebKit/537.36 (KHTML, like Gecko) Mobile Safari/537.36 (compatible; Bytespider; spider-feedback@bytedance.com)"
157.90.182.25 - - [04/Sep/2023:19:04:43 +0200] "GET /barbabeau-cosmetic-p-19525.html HTTP/1.0" 200 76112 "-" "Mozilla/5.0 (compatible; BLEXBot/1.0; +http://webmeup-crawler.com/)"
47.128.24.55 - - [04/Sep/2023:19:04:46 +0200] "GET /highslide/graphics/zoomout.cur HTTP/1.0" 200 614 "http://www.wonder-geek.com/houndstooth-russian-doll-money-cbkreation-p-18420.html" "Mozilla/5.0 (Linux; Android 5.0) AppleWebKit/537.36 (KHTML, like Gecko) Mobile Safari/537.36 (compatible; Bytespider; spider-feedback@bytedance.com)"
157.90.182.25 - - [04/Sep/2023:19:04:46 +0200] "GET /amys-p-54272.html HTTP/1.0" 200 75855 "-" "Mozilla/5.0 (compatible; BLEXBot/1.0; +http://webmeup-crawler.com/)"
157.90.182.25 - - [04/Sep/2023:19:04:56 +0200] "GET /barbabelle-small-coin-purse-p-16803.html HTTP/1.0" 200 76105 "-" "Mozilla/5.0 (compatible; BLEXBot/1.0; +http://webmeup-crawler.com/)"
157.90.182.25 - - [04/Sep/2023:19:04:58 +0200] "GET /amys-p-54273.html HTTP/1.0" 200 75856 "-" "Mozilla/5.0 (compatible; BLEXBot/1.0; +http://webmeup-crawler.com/)"
157.90.182.25 - - [04/Sep/2023:19:05:08 +0200] "GET /barbabravo-cosmetic-p-19524.html HTTP/1.0" 200 76121 "-" "Mozilla/5.0 (compatible; BLEXBot/1.0; +http://webmeup-crawler.com/)"
66.249.66.205 - - [04/Sep/2023:19:05:10 +0200] "GET /little-prince-plane-figurine-p-47070.html HTTP/1.0" 200 76782 "-" "Mozilla/5.0 (Linux; Android 6.0.1; Nexus 5X Build/MMB29P) AppleWebKit/537.36 (KHTML, like Gecko) Chrome/116.0.5845.140 Mobile Safari/537.36 (compatible; Googlebot/2.1; +http://www.google.com/bot.html)"
157.90.182.25 - - [04/Sep/2023:19:05:10 +0200] "GET /amys-p-54751.html HTTP/1.0" 200 76719 "-" "Mozilla/5.0 (compatible; BLEXBot/1.0; +http://webmeup-crawler.com/)"
66.249.66.206 - - [04/Sep/2023:19:05:20 +0200] "GET /fitted-sheet-cotton-percale-threads-p-56961.html HTTP/1.0" 200 76931 "-" "Mozilla/5.0 (Linux; Android 6.0.1; Nexus 5X Build/MMB29P) AppleWebKit/537.36 (KHTML, like Gecko) Chrome/116.0.5845.110 Mobile Safari/537.36 (compatible; Googlebot/2.1; +http://www.google.com/bot.html)"
157.90.182.25 - - [04/Sep/2023:19:05:21 +0200] "GET /barbabright-magnet-p-6013.html HTTP/1.0" 200 75858 "-" "Mozilla/5.0 (compatible; BLEXBot/1.0; +http://webmeup-crawler.com/)"
157.90.182.25 - - [04/Sep/2023:19:05:22 +0200] "GET /amys-p-54753.html HTTP/1.0" 200 76719 "-" "Mozilla/5.0 (compatible; BLEXBot/1.0; +http://webmeup-crawler.com/)"
157.90.182.25 - - [04/Sep/2023:19:05:33 +0200] "GET /barbade-clock-cbkreation-p-36826.html HTTP/1.0" 200 75962 "-" "Mozilla/5.0 (compatible; BLEXBot/1.0; +http://webmeup-crawler.com/)"
157.90.182.25 - - [04/Sep/2023:19:05:35 +0200] "GET /amys-p-54765.html HTTP/1.0" 200 76648 "-" "Mozilla/5.0 (compatible; BLEXBot/1.0; +http://webmeup-crawler.com/)"
157.90.182.25 - - [04/Sep/2023:19:05:46 +0200] "GET /barbade-mousepad-cbkreation-p-36712.html HTTP/1.0" 200 76018 "-" "Mozilla/5.0 (compatible; BLEXBot/1.0; +http://webmeup-crawler.com/)"
157.90.182.25 - - [04/Sep/2023:19:05:47 +0200] "GET /amys-paris-bowl-p-53768.html HTTP/1.0" 200 76541 "-" "Mozilla/5.0 (compatible; BLEXBot/1.0; +http://webmeup-crawler.com/)"
157.90.182.25 - - [04/Sep/2023:19:05:59 +0200] "GET /barbapapa-beauty-p-3318.html HTTP/1.0" 200 76746 "-" "Mozilla/5.0 (compatible; BLEXBot/1.0; +http://webmeup-crawler.com/)"
157.90.182.25 - - [04/Sep/2023:19:06:00 +0200] "GET /amys-paris-bowl-p-54775.html HTTP/1.0" 200 76541 "-" "Mozilla/5.0 (compatible; BLEXBot/1.0; +http://webmeup-crawler.com/)"
207.46.13.212 - - [04/Sep/2023:19:06:02 +0200] "GET /images/big_prod/5018997628225.jpg HTTP/1.0" 200 268 "-" "Mozilla/5.0 (Windows NT 6.1; WOW64) AppleWebKit/534+ (KHTML, like Gecko) BingPreview/1.0b"
157.90.182.25 - - [04/Sep/2023:19:06:11 +0200] "GET /barbapapa-cosmetic-p-7716.html HTTP/1.0" 200 76139 "-" "Mozilla/5.0 (compatible; BLEXBot/1.0; +http://webmeup-crawler.com/)"
157.90.182.25 - - [04/Sep/2023:19:06:12 +0200] "GET /anarchie-shirt-p-29581.html HTTP/1.0" 200 76915 "-" "Mozilla/5.0 (compatible; BLEXBot/1.0; +http://webmeup-crawler.com/)"
157.90.182.25 - - [04/Sep/2023:19:06:24 +0200] "GET /barbapapa-cupcake-metal-magnet-p-8800.html HTTP/1.0" 200 76107 "-" "Mozilla/5.0 (compatible; BLEXBot/1.0; +http://webmeup-crawler.com/)"
157.90.182.25 - - [04/Sep/2023:19:06:24 +0200] "GET /anarchy-cbkreation-p-22069.html HTTP/1.0" 200 75939 "-" "Mozilla/5.0 (compatible; BLEXBot/1.0; +http://webmeup-crawler.com/)"
157.90.182.25 - - [04/Sep/2023:19:06:36 +0200] "GET /barbapapa-horizontal-lunch-p-13770.html HTTP/1.0" 200 76445 "-" "Mozilla/5.0 (compatible; BLEXBot/1.0; +http://webmeup-crawler.com/)"
157.90.182.25 - - [04/Sep/2023:19:06:37 +0200] "GET /andalusia-p-50766.html HTTP/1.0" 200 76705 "-" "Mozilla/5.0 (compatible; BLEXBot/1.0; +http://webmeup-crawler.com/)"
157.90.182.25 - - [04/Sep/2023:19:06:49 +0200] "GET /andalusia-p-50767.html HTTP/1.0" 200 76702 "-" "Mozilla/5.0 (compatible; BLEXBot/1.0; +http://webmeup-crawler.com/)"
157.90.182.25 - - [04/Sep/2023:19:06:49 +0200] "GET /barbapapa-love-lace-curtain-p-10429.html HTTP/1.0" 200 76161 "-" "Mozilla/5.0 (compatible; BLEXBot/1.0; +http://webmeup-crawler.com/)"
157.90.182.25 - - [04/Sep/2023:19:07:01 +0200] "GET /andorra-mousepad-cbkreation-p-36709.html HTTP/1.0" 200 76017 "-" "Mozilla/5.0 (compatible; BLEXBot/1.0; +http://webmeup-crawler.com/)"
157.90.182.25 - - [04/Sep/2023:19:07:01 +0200] "GET /barbapapa-manga-metal-magnet-p-8801.html HTTP/1.0" 200 76097 "-" "Mozilla/5.0 (compatible; BLEXBot/1.0; +http://webmeup-crawler.com/)"
157.90.182.25 - - [04/Sep/2023:19:07:14 +0200] "GET /andorra-mousepad-cbkreation-p-36710.html HTTP/1.0" 200 76017 "-" "Mozilla/5.0 (compatible; BLEXBot/1.0; +http://webmeup-crawler.com/)"
157.90.182.25 - - [04/Sep/2023:19:07:14 +0200] "GET /barbapapa-melamine-tray-p-19463.html HTTP/1.0" 200 76064 "-" "Mozilla/5.0 (compatible; BLEXBot/1.0; +http://webmeup-crawler.com/)"
157.90.182.25 - - [04/Sep/2023:19:07:26 +0200] "GET /andorre-clock-cbkreation-p-36827.html HTTP/1.0" 200 75962 "-" "Mozilla/5.0 (compatible; BLEXBot/1.0; +http://webmeup-crawler.com/)"
157.90.182.25 - - [04/Sep/2023:19:07:27 +0200] "GET /barbapapa-phone-cover-iphone-p-14167.html HTTP/1.0" 200 76382 "-" "Mozilla/5.0 (compatible; BLEXBot/1.0; +http://webmeup-crawler.com/)"
157.90.182.25 - - [04/Sep/2023:19:07:38 +0200] "GET /angel-black-women-shirt-p-30732.html HTTP/1.0" 200 77936 "-" "Mozilla/5.0 (compatible; BLEXBot/1.0; +http://webmeup-crawler.com/)"
157.90.182.25 - - [04/Sep/2023:19:07:39 +0200] "GET /barbapapa-soft-p-48936.html HTTP/1.0" 200 76005 "-" "Mozilla/5.0 (compatible; BLEXBot/1.0; +http://webmeup-crawler.com/)"
157.90.182.25 - - [04/Sep/2023:19:07:51 +0200] "GET /angel-figurine-forever-p-58769.html HTTP/1.0" 200 77667 "-" "Mozilla/5.0 (compatible; BLEXBot/1.0; +http://webmeup-crawler.com/)"
69.28.236.4 - - [04/Sep/2023:19:07:53 +0200] "GET /images/mini_prod/8422360068315.jpg HTTP/1.0" 200 269 "-" "Mozilla/5.0 (X11; Ubuntu; Linux x86_64; rv:72.0) Gecko/20100101 Firefox/72.0"
157.90.182.25 - - [04/Sep/2023:19:07:53 +0200] "GET /barbapapa-tray-p-10317.html HTTP/1.0" 200 75955 "-" "Mozilla/5.0 (compatible; BLEXBot/1.0; +http://webmeup-crawler.com/)"
157.90.182.25 - - [04/Sep/2023:19:08:03 +0200] "GET /angel-figurine-heart-p-58767.html HTTP/1.0" 200 77653 "-" "Mozilla/5.0 (compatible; BLEXBot/1.0; +http://webmeup-crawler.com/)"
157.90.182.25 - - [04/Sep/2023:19:08:06 +0200] "GET /barbecue-aperitif-c-12_254.html?page=1 HTTP/1.0" 200 92921 "-" "Mozilla/5.0 (compatible; BLEXBot/1.0; +http://webmeup-crawler.com/)"
157.90.182.25 - - [04/Sep/2023:19:08:16 +0200] "GET /angel-figurine-love-p-58768.html HTTP/1.0" 200 77646 "-" "Mozilla/5.0 (compatible; BLEXBot/1.0; +http://webmeup-crawler.com/)"
157.90.182.25 - - [04/Sep/2023:19:08:19 +0200] "GET /barbecue-apron-torchon-manique-adult-p-48108.html HTTP/1.0" 200 76750 "-" "Mozilla/5.0 (compatible; BLEXBot/1.0; +http://webmeup-crawler.com/)"
131.107.147.42 - - [04/Sep/2023:19:08:26 +0200] "GET /images/mini_prod/MISES-EN-SITUATION-02.jpg HTTP/1.0" 200 277 "-" "Mozilla/5.0 (X11; Ubuntu; Linux x86_64; rv:72.0) Gecko/20100101 Firefox/72.0"
157.90.182.25 - - [04/Sep/2023:19:08:29 +0200] "GET /assortment-metal-trays-p-55095.html HTTP/1.0" 200 76697 "-" "Mozilla/5.0 (compatible; BLEXBot/1.0; +http://webmeup-crawler.com/)"
157.90.182.25 - - [04/Sep/2023:19:08:32 +0200] "GET /barbecue-party-cutting-board-p-42579.html HTTP/1.0" 200 75980 "-" "Mozilla/5.0 (compatible; BLEXBot/1.0; +http://webmeup-crawler.com/)"
65.154.226.169 - - [04/Sep/2023:19:08:37 +0200] "GET /images/mini%5fprod/mises-en-situation-02.jpg HTTP/1.0" 404 1308 "-" "Mozilla/5.0 (Windows NT 10.0) AppleWebKit/537.36 (KHTML, like Gecko) Chrome/106.0.0.0 Safari/537.36"
157.90.182.25 - - [04/Sep/2023:19:08:41 +0200] "GET /astro-round-wood-p-57886.html HTTP/1.0" 200 76900 "-" "Mozilla/5.0 (compatible; BLEXBot/1.0; +http://webmeup-crawler.com/)"
157.90.182.25 - - [04/Sep/2023:19:08:45 +0200] "GET /barbecue-wooden-wall-decoration-hang-p-44740.html HTTP/1.0" 200 76184 "-" "Mozilla/5.0 (compatible; BLEXBot/1.0; +http://webmeup-crawler.com/)"
157.90.182.25 - - [04/Sep/2023:19:08:54 +0200] "GET /astro-round-wood-p-57887.html HTTP/1.0" 200 76900 "-" "Mozilla/5.0 (compatible; BLEXBot/1.0; +http://webmeup-crawler.com/)"
157.90.182.25 - - [04/Sep/2023:19:08:57 +0200] "GET /barcelona-backpack-p-52184.html HTTP/1.0" 200 76673 "-" "Mozilla/5.0 (compatible; BLEXBot/1.0; +http://webmeup-crawler.com/)"
51.68.224.127 - - [04/Sep/2023:19:09:04 +0200] "GET /adminweb/export_orders_xml.php?token=256de2z6edz6ed2z6DFSFsed2zed6zeDSFDSGdzedezfzf&maxorders=10&orderstart=1&status=14&start_date=2018-10-01 HTTP/1.0" 200 285 "-" "GesCom CharlotteBoutik Serveur"
51.68.224.127 - - [04/Sep/2023:19:09:05 +0200] "GET /adminweb/export_orders_xml.php?token=256de2z6edz6ed2z6DFSFsed2zed6zeDSFDSGdzedezfzf&maxorders=10&orderstart=1&status=6&start_date=2018-10-01 HTTP/1.0" 200 33963 "-" "GesCom CharlotteBoutik Serveur"
157.90.182.25 - - [04/Sep/2023:19:09:06 +0200] "GET /astronaut-money-p-52312.html HTTP/1.0" 200 76486 "-" "Mozilla/5.0 (compatible; BLEXBot/1.0; +http://webmeup-crawler.com/)"
47.128.22.24 - - [04/Sep/2023:19:09:07 +0200] "GET /plates-and-cups-c-12_58.html?page=2 HTTP/1.0" 301 81623 "-" "Mozilla/5.0 (Linux; Android 5.0) AppleWebKit/537.36 (KHTML, like Gecko) Mobile Safari/537.36 (compatible; Bytespider; spider-feedback@bytedance.com)"
47.128.22.24 - - [04/Sep/2023:19:09:11 +0200] "GET /plates-cups-c-58.html?page=2 HTTP/1.0" 301 81522 "-" "Mozilla/5.0 (Linux; Android 5.0) AppleWebKit/537.36 (KHTML, like Gecko) Mobile Safari/537.36 (compatible; Bytespider; spider-feedback@bytedance.com)"
157.90.182.25 - - [04/Sep/2023:19:09:10 +0200] "GET /barcelona-organiser-file-p-52041.html HTTP/1.0" 200 76001 "-" "Mozilla/5.0 (compatible; BLEXBot/1.0; +http://webmeup-crawler.com/)"
47.128.22.24 - - [04/Sep/2023:19:09:13 +0200] "GET /plates-cups-c-12_58.html?page=2 HTTP/1.0" 200 81541 "-" "Mozilla/5.0 (Linux; Android 5.0) AppleWebKit/537.36 (KHTML, like Gecko) Mobile Safari/537.36 (compatible; Bytespider; spider-feedback@bytedance.com)"
54.36.148.198 - - [04/Sep/2023:19:09:13 +0200] "GET /flag-compact-mirror-p-26192.html HTTP/1.0" 200 76057 "-" "Mozilla/5.0 (compatible; AhrefsBot/7.0; +http://ahrefs.com/robot/)"
47.128.20.208 - - [04/Sep/2023:19:09:15 +0200] "GET /decorative-thermometer-metal-corsica-p-43598.html HTTP/1.0" 200 76110 "-" "Mozilla/5.0 (Linux; Android 5.0) AppleWebKit/537.36 (KHTML, like Gecko) Mobile Safari/537.36 (compatible; Bytespider; spider-feedback@bytedance.com)"
47.128.20.208 - - [04/Sep/2023:19:09:18 +0200] "GET /swfobject.js HTTP/1.0" 404 1308 "http://www.wonder-geek.com/decorative-thermometer-metal-corsica-p-43598.html" "Mozilla/5.0 (Linux; Android 5.0) AppleWebKit/537.36 (KHTML, like Gecko) Mobile Safari/537.36 (compatible; Bytespider; spider-feedback@bytedance.com)"
157.90.182.25 - - [04/Sep/2023:19:09:19 +0200] "GET /astronaut-monkey-chandelier-black-resin-p-59169.html HTTP/1.0" 200 77114 "-" "Mozilla/5.0 (compatible; BLEXBot/1.0; +http://webmeup-crawler.com/)"
47.128.21.112 - - [04/Sep/2023:19:09:21 +0200] "GET /london-mirror-p-29319.html HTTP/1.0" 200 75949 "-" "Mozilla/5.0 (Linux; Android 5.0) AppleWebKit/537.36 (KHTML, like Gecko) Mobile Safari/537.36 (compatible; Bytespider; spider-feedback@bytedance.com)"
47.128.21.112 - - [04/Sep/2023:19:09:23 +0200] "GET /js/jquery.js HTTP/1.0" 200 252 "http://www.wonder-geek.com/london-mirror-p-29319.html" "Mozilla/5.0 (Linux; Android 5.0) AppleWebKit/537.36 (KHTML, like Gecko) Mobile Safari/537.36 (compatible; Bytespider; spider-feedback@bytedance.com)"
47.128.21.112 - - [04/Sep/2023:19:09:24 +0200] "GET /swfobject.js HTTP/1.0" 404 1308 "http://www.wonder-geek.com/london-mirror-p-29319.html" "Mozilla/5.0 (Linux; Android 5.0) AppleWebKit/537.36 (KHTML, like Gecko) Mobile Safari/537.36 (compatible; Bytespider; spider-feedback@bytedance.com)"
47.128.22.219 - - [04/Sep/2023:19:09:23 +0200] "GET /postcard-with-envelope-star-jour-p-48856.html HTTP/1.0" 200 76119 "-" "Mozilla/5.0 (Linux; Android 5.0) AppleWebKit/537.36 (KHTML, like Gecko) Mobile Safari/537.36 (compatible; Bytespider; spider-feedback@bytedance.com)"
47.128.22.219 - - [04/Sep/2023:19:09:25 +0200] "GET /swfobject.js HTTP/1.0" 404 1308 "http://www.wonder-geek.com/postcard-with-envelope-star-jour-p-48856.html" "Mozilla/5.0 (Linux; Android 5.0) AppleWebKit/537.36 (KHTML, like Gecko) Mobile Safari/537.36 (compatible; Bytespider; spider-feedback@bytedance.com)"
157.90.182.25 - - [04/Sep/2023:19:09:25 +0200] "GET /barcelona-organiser-file-p-52042.html HTTP/1.0" 200 75994 "-" "Mozilla/5.0 (compatible; BLEXBot/1.0; +http://webmeup-crawler.com/)"
47.128.21.112 - - [04/Sep/2023:19:09:30 +0200] "GET /swfobject.js HTTP/1.0" 404 1308 "http://www.wonder-geek.com/london-mirror-p-29319.html" "Mozilla/5.0 (Linux; Android 5.0) AppleWebKit/537.36 (KHTML, like Gecko) Mobile Safari/537.36 (compatible; Bytespider; spider-feedback@bytedance.com)"
47.128.22.219 - - [04/Sep/2023:19:09:31 +0200] "GET /highslide/graphics/outlines/drop-shadow.png HTTP/1.0" 200 277 "http://www.wonder-geek.com/postcard-with-envelope-star-jour-p-48856.html" "Mozilla/5.0 (Linux; Android 5.0) AppleWebKit/537.36 (KHTML, like Gecko) Mobile Safari/537.36 (compatible; Bytespider; spider-feedback@bytedance.com)"
47.128.22.219 - - [04/Sep/2023:19:09:31 +0200] "GET /highslide/graphics/zoomout.cur HTTP/1.0" 200 614 "http://www.wonder-geek.com/postcard-with-envelope-star-jour-p-48856.html" "Mozilla/5.0 (Linux; Android 5.0) AppleWebKit/537.36 (KHTML, like Gecko) Mobile Safari/537.36 (compatible; Bytespider; spider-feedback@bytedance.com)"
157.90.182.25 - - [04/Sep/2023:19:09:31 +0200] "GET /astronaut-resin-money-p-56376.html HTTP/1.0" 200 76550 "-" "Mozilla/5.0 (compatible; BLEXBot/1.0; +http://webmeup-crawler.com/)"
47.128.20.208 - - [04/Sep/2023:19:09:38 +0200] "GET /highslide/graphics/zoomout.cur HTTP/1.0" 200 614 "http://www.wonder-geek.com/decorative-thermometer-metal-corsica-p-43598.html" "Mozilla/5.0 (Linux; Android 5.0) AppleWebKit/537.36 (KHTML, like Gecko) Mobile Safari/537.36 (compatible; Bytespider; spider-feedback@bytedance.com)"
47.128.20.208 - - [04/Sep/2023:19:09:38 +0200] "GET /highslide/graphics/outlines/drop-shadow.png HTTP/1.0" 200 277 "http://www.wonder-geek.com/decorative-thermometer-metal-corsica-p-43598.html" "Mozilla/5.0 (Linux; Android 5.0) AppleWebKit/537.36 (KHTML, like Gecko) Mobile Safari/537.36 (compatible; Bytespider; spider-feedback@bytedance.com)"
157.90.182.25 - - [04/Sep/2023:19:09:37 +0200] "GET /barcelona-sport-p-36261.html HTTP/1.0" 200 76146 "-" "Mozilla/5.0 (compatible; BLEXBot/1.0; +http://webmeup-crawler.com/)"
157.90.182.25 - - [04/Sep/2023:19:09:43 +0200] "GET /astronaut-skull-moneybox-p-52305.html HTTP/1.0" 200 76549 "-" "Mozilla/5.0 (compatible; BLEXBot/1.0; +http://webmeup-crawler.com/)"
157.90.182.25 - - [04/Sep/2023:19:09:51 +0200] "GET /barcelone-fountain-p-26584.html HTTP/1.0" 200 76045 "-" "Mozilla/5.0 (compatible; BLEXBot/1.0; +http://webmeup-crawler.com/)"
157.90.182.25 - - [04/Sep/2023:19:09:56 +0200] "GET /atol-white-porcelain-bowl-p-56500.html HTTP/1.0" 200 75942 "-" "Mozilla/5.0 (compatible; BLEXBot/1.0; +http://webmeup-crawler.com/)"
47.128.21.112 - - [04/Sep/2023:19:10:00 +0200] "GET /highslide/graphics/zoomout.cur HTTP/1.0" 200 614 "http://www.wonder-geek.com/london-mirror-p-29319.html" "Mozilla/5.0 (Linux; Android 5.0) AppleWebKit/537.36 (KHTML, like Gecko) Mobile Safari/537.36 (compatible; Bytespider; spider-feedback@bytedance.com)"
47.128.21.112 - - [04/Sep/2023:19:10:00 +0200] "GET /highslide/graphics/outlines/drop-shadow.png HTTP/1.0" 200 277 "http://www.wonder-geek.com/london-mirror-p-29319.html" "Mozilla/5.0 (Linux; Android 5.0) AppleWebKit/537.36 (KHTML, like Gecko) Mobile Safari/537.36 (compatible; Bytespider; spider-feedback@bytedance.com)"
47.128.21.112 - - [04/Sep/2023:19:10:01 +0200] "GET /images/1399984259849.jpg HTTP/1.0" 200 259 "http://www.wonder-geek.com/london-mirror-p-29319.html" "Mozilla/5.0 (Linux; Android 5.0) AppleWebKit/537.36 (KHTML, like Gecko) Mobile Safari/537.36 (compatible; Bytespider; spider-feedback@bytedance.com)"
157.90.182.25 - - [04/Sep/2023:19:10:05 +0200] "GET /barcelone-keyring-p-40812.html HTTP/1.0" 200 75925 "-" "Mozilla/5.0 (compatible; BLEXBot/1.0; +http://webmeup-crawler.com/)"
157.90.182.25 - - [04/Sep/2023:19:10:08 +0200] "GET /attention-chat-bizarre-metal-plate-deco-p-53432.html HTTP/1.0" 200 76629 "-" "Mozilla/5.0 (compatible; BLEXBot/1.0; +http://webmeup-crawler.com/)"
157.90.182.25 - - [04/Sep/2023:19:10:18 +0200] "GET /barcelone-messenger-p-41175.html HTTP/1.0" 200 76248 "-" "Mozilla/5.0 (compatible; BLEXBot/1.0; +http://webmeup-crawler.com/)"
157.90.182.25 - - [04/Sep/2023:19:10:21 +0200] "GET /attention-chat-garde-metal-plate-deco-p-55691.html HTTP/1.0" 200 76629 "-" "Mozilla/5.0 (compatible; BLEXBot/1.0; +http://webmeup-crawler.com/)"
157.90.182.25 - - [04/Sep/2023:19:10:32 +0200] "GET /barcelone-stationery-p-26586.html HTTP/1.0" 200 76040 "-" "Mozilla/5.0 (compatible; BLEXBot/1.0; +http://webmeup-crawler.com/)"
157.90.182.25 - - [04/Sep/2023:19:10:33 +0200] "GET /attention-chien-mauvais-poil-metal-plate-deco-p-55692.html HTTP/1.0" 200 76690 "-" "Mozilla/5.0 (compatible; BLEXBot/1.0; +http://webmeup-crawler.com/)"
157.90.182.25 - - [04/Sep/2023:19:10:46 +0200] "GET /audi-barrel-moneybox-p-55662.html HTTP/1.0" 200 76528 "-" "Mozilla/5.0 (compatible; BLEXBot/1.0; +http://webmeup-crawler.com/)"
