66.249.66.205 - - [04/Sep/2023:14:49:51 +0200] "GET /hannah-montana-postman-p-1485.html HTTP/1.0" 200 76366 "-" "Mozilla/5.0 (compatible; Googlebot/2.1; +http://www.google.com/bot.html)"
65.154.226.168 - - [04/Sep/2023:14:50:41 +0200] "GET /images/mini%5fprod/3660173149899.jpg HTTP/1.0" 200 269 "-" "Mozilla/5.0 (Windows NT 10.0) AppleWebKit/537.36 (KHTML, like Gecko) Chrome/106.0.0.0 Safari/537.36"
216.244.66.242 - - [04/Sep/2023:14:53:08 +0200] "GET /images/1020322269274.jpg HTTP/1.0" 200 259 "-" "Mozilla/5.0 (compatible; DotBot/1.2; +https://opensiteexplorer.org/dotbot; help@moz.com)"
54.36.148.61 - - [04/Sep/2023:14:53:29 +0200] "GET /lighting-c-86.html?page=19 HTTP/1.0" 200 94935 "-" "Mozilla/5.0 (compatible; AhrefsBot/7.0; +http://ahrefs.com/robot/)"
114.119.151.172 - - [04/Sep/2023:14:53:31 +0200] "GET /small-bamboo-alarm-clock-p-47510.html HTTP/1.0" 200 73676 "http://www.wonder-geek.com/home-decoration-c-13.html?page=167" "Mozilla/5.0 (Linux; Android 7.0;) AppleWebKit/537.36 (KHTML, like Gecko) Mobile Safari/537.36 (compatible; PetalBot;+https://webmaster.petalsearch.com/site/petalbot)"
66.249.66.206 - - [04/Sep/2023:14:53:50 +0200] "GET /images/big_prod/5036278056062N.jpg HTTP/1.0" 200 269 "-" "Googlebot-Image/1.0"
59.82.77.76 - - [04/Sep/2023:14:53:54 +0200] "GET /images/mini_prod/5060021928757.jpg HTTP/1.0" 200 269 "-" "Mozilla/5.0 (X11; Ubuntu; Linux x86_64; rv:72.0) Gecko/20100101 Firefox/72.0"
115.60.211.211 - - [04/Sep/2023:14:54:58 +0200] "GET /robots.txt HTTP/1.0" 200 245 "-" "Mozilla/5.0 (Windows NT 10.0; Win64; x64) AppleWebKit/537.36 (KHTML, like Gecko) Chrome/81.0.4327.124 Safari/537.36 Edge/18.18362"
54.36.149.96 - - [04/Sep/2023:14:58:22 +0200] "GET /lunaria-green-fine-bone-china-p-60701.html HTTP/1.0" 200 76974 "-" "Mozilla/5.0 (compatible; AhrefsBot/7.0; +http://ahrefs.com/robot/)"
66.249.66.205 - - [04/Sep/2023:14:58:43 +0200] "GET /chakras-small-carved-p-43210.html HTTP/1.0" 200 77023 "-" "Mozilla/5.0 (Linux; Android 6.0.1; Nexus 5X Build/MMB29P) AppleWebKit/537.36 (KHTML, like Gecko) Chrome/116.0.5845.110 Mobile Safari/537.36 (compatible; Googlebot/2.1; +http://www.google.com/bot.html)"
207.46.13.212 - - [04/Sep/2023:14:59:34 +0200] "GET /index.php HTTP/1.0" 200 154102 "-" "Mozilla/5.0 AppleWebKit/537.36 (KHTML, like Gecko; compatible; bingbot/2.0; +http://www.bing.com/bingbot.htm) Chrome/103.0.5060.134 Safari/537.36"
85.208.96.204 - - [04/Sep/2023:15:02:49 +0200] "GET /cotton-glove-holder-parisian-terrace-p-60592.html HTTP/1.0" 200 77099 "-" "Mozilla/5.0 (compatible; SemrushBot/7~bl; +http://www.semrush.com/bot.html)"
54.36.149.89 - - [04/Sep/2023:15:03:11 +0200] "GET /bottle-holder-beer-bucket-c-12_224.html?page=4 HTTP/1.0" 200 87846 "-" "Mozilla/5.0 (compatible; AhrefsBot/7.0; +http://ahrefs.com/robot/)"
95.108.213.237 - - [04/Sep/2023:15:03:21 +0200] "GET /-p-25216.html HTTP/1.0" 200 73582 "-" "Mozilla/5.0 (compatible; YandexBot/3.0; +http://yandex.com/bots)"
51.68.224.127 - - [04/Sep/2023:15:04:37 +0200] "GET /adminweb/export_orders_xml.php?token=256de2z6edz6ed2z6DFSFsed2zed6zeDSFDSGdzedezfzf&maxorders=10&orderstart=1&status=14&start_date=2018-10-01 HTTP/1.0" 200 285 "-" "GesCom CharlotteBoutik Serveur"
51.68.224.127 - - [04/Sep/2023:15:04:37 +0200] "GET /adminweb/export_orders_xml.php?token=256de2z6edz6ed2z6DFSFsed2zed6zeDSFDSGdzedezfzf&maxorders=10&orderstart=1&status=6&start_date=2018-10-01 HTTP/1.0" 200 33963 "-" "GesCom CharlotteBoutik Serveur"
95.108.213.126 - - [04/Sep/2023:15:04:43 +0200] "GET /images/big_prod_1/3665269198119a.jpg HTTP/1.0" 200 271 "-" "Mozilla/5.0 (compatible; YandexMarket/2.0; +http://yandex.com/bots)"
129.15.42.33 - - [04/Sep/2023:15:05:44 +0200] "GET /images/mini_prod/Image17.jpg HTTP/1.0" 200 263 "-" "Mozilla/5.0 (X11; Ubuntu; Linux x86_64; rv:72.0) Gecko/20100101 Firefox/72.0"
47.128.21.63 - - [04/Sep/2023:15:05:57 +0200] "GET /ecureuil-coat-rack-resin-p-45893.html HTTP/1.0" 200 76694 "-" "Mozilla/5.0 (Linux; Android 5.0) AppleWebKit/537.36 (KHTML, like Gecko) Mobile Safari/537.36 (compatible; Bytespider; spider-feedback@bytedance.com)"
47.128.21.63 - - [04/Sep/2023:15:06:01 +0200] "GET /highslide/highslide.js HTTP/1.0" 200 262 "http://www.wonder-geek.com/ecureuil-coat-rack-resin-p-45893.html" "Mozilla/5.0 (Linux; Android 5.0) AppleWebKit/537.36 (KHTML, like Gecko) Mobile Safari/537.36 (compatible; Bytespider; spider-feedback@bytedance.com)"
47.128.21.63 - - [04/Sep/2023:15:06:01 +0200] "GET /swfobject.js HTTP/1.0" 404 1308 "http://www.wonder-geek.com/ecureuil-coat-rack-resin-p-45893.html" "Mozilla/5.0 (Linux; Android 5.0) AppleWebKit/537.36 (KHTML, like Gecko) Mobile Safari/537.36 (compatible; Bytespider; spider-feedback@bytedance.com)"
47.128.21.63 - - [04/Sep/2023:15:06:02 +0200] "GET /mondial_relay/js/jquery-1.3.2.min.js HTTP/1.0" 200 276 "http://www.wonder-geek.com/ecureuil-coat-rack-resin-p-45893.html" "Mozilla/5.0 (Linux; Android 5.0) AppleWebKit/537.36 (KHTML, like Gecko) Mobile Safari/537.36 (compatible; Bytespider; spider-feedback@bytedance.com)"
47.128.21.63 - - [04/Sep/2023:15:06:30 +0200] "GET /js/jquery.jqzoom.js HTTP/1.0" 200 259 "http://www.wonder-geek.com/ecureuil-coat-rack-resin-p-45893.html" "Mozilla/5.0 (Linux; Android 5.0) AppleWebKit/537.36 (KHTML, like Gecko) Mobile Safari/537.36 (compatible; Bytespider; spider-feedback@bytedance.com)"
47.128.21.63 - - [04/Sep/2023:15:06:31 +0200] "GET /swfobject.js HTTP/1.0" 404 1308 "http://www.wonder-geek.com/ecureuil-coat-rack-resin-p-45893.html" "Mozilla/5.0 (Linux; Android 5.0) AppleWebKit/537.36 (KHTML, like Gecko) Mobile Safari/537.36 (compatible; Bytespider; spider-feedback@bytedance.com)"
47.128.21.63 - - [04/Sep/2023:15:06:31 +0200] "GET /images/big_prod_1/5415203664822N.jpg HTTP/1.0" 200 271 "http://www.wonder-geek.com/ecureuil-coat-rack-resin-p-45893.html" "Mozilla/5.0 (Linux; Android 5.0) AppleWebKit/537.36 (KHTML, like Gecko) Mobile Safari/537.36 (compatible; Bytespider; spider-feedback@bytedance.com)"
47.128.21.63 - - [04/Sep/2023:15:06:50 +0200] "GET /highslide/graphics/zoomout.cur HTTP/1.0" 200 614 "http://www.wonder-geek.com/ecureuil-coat-rack-resin-p-45893.html" "Mozilla/5.0 (Linux; Android 5.0) AppleWebKit/537.36 (KHTML, like Gecko) Mobile Safari/537.36 (compatible; Bytespider; spider-feedback@bytedance.com)"
47.128.21.63 - - [04/Sep/2023:15:06:50 +0200] "GET /highslide/graphics/outlines/drop-shadow.png HTTP/1.0" 200 277 "http://www.wonder-geek.com/ecureuil-coat-rack-resin-p-45893.html" "Mozilla/5.0 (Linux; Android 5.0) AppleWebKit/537.36 (KHTML, like Gecko) Mobile Safari/537.36 (compatible; Bytespider; spider-feedback@bytedance.com)"
47.128.21.63 - - [04/Sep/2023:15:06:50 +0200] "GET /images/big_prod/5415203664822.jpg HTTP/1.0" 200 268 "http://www.wonder-geek.com/ecureuil-coat-rack-resin-p-45893.html" "Mozilla/5.0 (Linux; Android 5.0) AppleWebKit/537.36 (KHTML, like Gecko) Mobile Safari/537.36 (compatible; Bytespider; spider-feedback@bytedance.com)"
114.119.149.109 - - [04/Sep/2023:15:07:05 +0200] "GET /tetsubin-teapot-japanese-liter-p-54015.html HTTP/1.0" 200 73702 "http://www.wonder-geek.com/tea-pot-c-12_175.html?page=10" "Mozilla/5.0 (Linux; Android 7.0;) AppleWebKit/537.36 (KHTML, like Gecko) Mobile Safari/537.36 (compatible; PetalBot;+https://webmaster.petalsearch.com/site/petalbot)"
114.119.159.19 - - [04/Sep/2023:15:07:52 +0200] "GET /superman-satchel-p-30370.html HTTP/1.0" 200 76179 "http://www.wonder-geek.com/luggages-schoolbags-leather-shop-c-31.html?page=39" "Mozilla/5.0 (Linux; Android 7.0;) AppleWebKit/537.36 (KHTML, like Gecko) Mobile Safari/537.36 (compatible; PetalBot;+https://webmaster.petalsearch.com/site/petalbot)"
54.36.148.77 - - [04/Sep/2023:15:08:05 +0200] "GET /espresso-allen-desing-p-59739.html HTTP/1.0" 200 76577 "-" "Mozilla/5.0 (compatible; AhrefsBot/7.0; +http://ahrefs.com/robot/)"
180.184.68.243 - - [04/Sep/2023:15:09:19 +0200] "GET /images/mini_prod/8003990631829.jpg HTTP/1.0" 200 269 "-" "Mozilla/5.0 (X11; Ubuntu; Linux x86_64; rv:72.0) Gecko/20100101 Firefox/72.0 (compatible; mozilla/5.0 (x11; ubuntu; linux x86_64; rv:72.0) gecko/20100101 firefox/72.0; +https://github.com/rom1504/img2dataset)"
169.228.63.97 - - [04/Sep/2023:15:11:55 +0200] "GET /images/mini_prod/3453131146760.jpg HTTP/1.0" 200 269 "-" "Mozilla/5.0 (X11; Ubuntu; Linux x86_64; rv:72.0) Gecko/20100101 Firefox/72.0"
54.36.149.30 - - [04/Sep/2023:15:13:18 +0200] "GET /retro-style-cookies-pure-nature-p-57869.html HTTP/1.0" 200 76859 "-" "Mozilla/5.0 (compatible; AhrefsBot/7.0; +http://ahrefs.com/robot/)"
59.82.77.34 - - [04/Sep/2023:15:16:19 +0200] "GET /images/mini_prod/B8422666661524B.jpg HTTP/1.0" 200 271 "-" "Mozilla/5.0 (X11; Ubuntu; Linux x86_64; rv:72.0) Gecko/20100101 Firefox/72.0"
37.187.94.3 - - [04/Sep/2023:15:16:20 +0200] "GET /robots.txt HTTP/1.0" 200 245 "-" "Mozilla/5.0 (compatible; MJ12bot/v1.4.8; http://mj12bot.com/)"
66.249.66.206 - - [04/Sep/2023:15:16:20 +0200] "GET /images/big_prod_1/8422059532301b.jpg HTTP/1.0" 200 271 "-" "Googlebot-Image/1.0"
37.187.94.3 - - [04/Sep/2023:15:16:27 +0200] "GET /mini-rectangular-tray-roses-p-60547.html HTTP/1.0" 200 76663 "-" "Mozilla/5.0 (compatible; MJ12bot/v1.4.8; http://mj12bot.com/)"
37.187.94.3 - - [04/Sep/2023:15:16:39 +0200] "GET /mini-trays-c-12_159_260.html HTTP/1.0" 200 96530 "-" "Mozilla/5.0 (compatible; MJ12bot/v1.4.8; http://mj12bot.com/)"
37.187.94.3 - - [04/Sep/2023:15:16:55 +0200] "GET /mini-trays-c-260.html HTTP/1.0" 301 96405 "-" "Mozilla/5.0 (compatible; MJ12bot/v1.4.8; http://mj12bot.com/)"
37.187.94.3 - - [04/Sep/2023:15:17:01 +0200] "GET /mini-trays-c-12_159_260.html HTTP/1.0" 200 96530 "-" "Mozilla/5.0 (compatible; MJ12bot/v1.4.8; http://mj12bot.com/)"
37.187.94.3 - - [04/Sep/2023:15:17:28 +0200] "GET /mirabelle-calendar-year-2016-p-31180.html HTTP/1.0" 200 76166 "-" "Mozilla/5.0 (compatible; MJ12bot/v1.4.8; http://mj12bot.com/)"
37.187.94.3 - - [04/Sep/2023:15:17:35 +0200] "GET /miroir-mural-oval-ginkgo-biloba-p-60497.html HTTP/1.0" 301 76858 "-" "Mozilla/5.0 (compatible; MJ12bot/v1.4.8; http://mj12bot.com/)"
37.187.94.3 - - [04/Sep/2023:15:17:45 +0200] "GET /ginkgo-biloba-wall-mirror-gold-metal-p-60497.html HTTP/1.0" 200 76755 "-" "Mozilla/5.0 (compatible; MJ12bot/v1.4.8; http://mj12bot.com/)"
37.187.94.3 - - [04/Sep/2023:15:17:58 +0200] "GET /miroir-mural-rond-bois-paulownia-argent-patin-p-60495.html HTTP/1.0" 301 77112 "-" "Mozilla/5.0 (compatible; MJ12bot/v1.4.8; http://mj12bot.com/)"
37.187.94.3 - - [04/Sep/2023:15:18:07 +0200] "GET /patinated-silver-paulownia-wall-mirror-p-60495.html HTTP/1.0" 200 77007 "-" "Mozilla/5.0 (compatible; MJ12bot/v1.4.8; http://mj12bot.com/)"
37.187.94.3 - - [04/Sep/2023:15:18:22 +0200] "GET /miroir-mural-rond-bois-paulownia-patin-p-60494.html HTTP/1.0" 301 77112 "-" "Mozilla/5.0 (compatible; MJ12bot/v1.4.8; http://mj12bot.com/)"
40.77.167.10 - - [04/Sep/2023:15:18:29 +0200] "GET /moki-bison-bedspread-p-60807.html HTTP/1.0" 200 76913 "-" "Mozilla/5.0 AppleWebKit/537.36 (KHTML, like Gecko; compatible; bingbot/2.0; +http://www.bing.com/bingbot.htm) Chrome/103.0.5060.134 Safari/537.36"
54.36.148.62 - - [04/Sep/2023:15:18:32 +0200] "GET /table-bell-apero-p-58127.html HTTP/1.0" 200 76448 "-" "Mozilla/5.0 (compatible; AhrefsBot/7.0; +http://ahrefs.com/robot/)"
37.187.94.3 - - [04/Sep/2023:15:18:35 +0200] "GET /patinated-golden-paulownia-wall-mirror-p-60494.html HTTP/1.0" 200 77007 "-" "Mozilla/5.0 (compatible; MJ12bot/v1.4.8; http://mj12bot.com/)"
37.187.94.3 - - [04/Sep/2023:15:18:59 +0200] "GET /miroir-mural-rond-feuillage-patin-p-60496.html HTTP/1.0" 301 76789 "-" "Mozilla/5.0 (compatible; MJ12bot/v1.4.8; http://mj12bot.com/)"
37.187.94.3 - - [04/Sep/2023:15:19:06 +0200] "GET /patinated-gold-metal-wall-mirror-p-60496.html HTTP/1.0" 200 76690 "-" "Mozilla/5.0 (compatible; MJ12bot/v1.4.8; http://mj12bot.com/)"
37.187.94.3 - - [04/Sep/2023:15:19:19 +0200] "GET /miroir-tagre-rotin-p-60499.html HTTP/1.0" 301 76845 "-" "Mozilla/5.0 (compatible; MJ12bot/v1.4.8; http://mj12bot.com/)"
37.187.94.3 - - [04/Sep/2023:15:19:28 +0200] "GET /rattan-shelf-mirror-p-60499.html HTTP/1.0" 200 76759 "-" "Mozilla/5.0 (compatible; MJ12bot/v1.4.8; http://mj12bot.com/)"
37.187.94.3 - - [04/Sep/2023:15:19:39 +0200] "GET /miroirs-c-13_133.html HTTP/1.0" 301 93994 "-" "Mozilla/5.0 (compatible; MJ12bot/v1.4.8; http://mj12bot.com/)"
37.187.94.3 - - [04/Sep/2023:15:19:48 +0200] "GET /mirror-c-133.html HTTP/1.0" 301 93871 "-" "Mozilla/5.0 (compatible; MJ12bot/v1.4.8; http://mj12bot.com/)"
37.187.94.3 - - [04/Sep/2023:15:19:59 +0200] "GET /mirror-c-13_133.html HTTP/1.0" 200 93923 "-" "Mozilla/5.0 (compatible; MJ12bot/v1.4.8; http://mj12bot.com/)"
188.165.215.206 - - [04/Sep/2023:15:20:17 +0200] "GET /robots.txt HTTP/1.0" 200 245 "-" "Mozilla/5.0 (compatible; MJ12bot/v1.4.8; http://mj12bot.com/)"
37.187.94.3 - - [04/Sep/2023:15:20:16 +0200] "GET /miroirs-muraux-rond-bois-brun-patin-argent-p-60498.html HTTP/1.0" 301 78281 "-" "Mozilla/5.0 (compatible; MJ12bot/v1.4.8; http://mj12bot.com/)"
188.165.215.206 - - [04/Sep/2023:15:20:21 +0200] "GET /-c-146.html HTTP/1.0" 200 72269 "-" "Mozilla/5.0 (compatible; MJ12bot/v1.4.8; http://mj12bot.com/)"
37.187.94.3 - - [04/Sep/2023:15:20:22 +0200] "GET /wall-mirrors-brown-wood-with-silver-patina-p-60498.html HTTP/1.0" 200 78172 "-" "Mozilla/5.0 (compatible; MJ12bot/v1.4.8; http://mj12bot.com/)"
188.165.215.206 - - [04/Sep/2023:15:20:29 +0200] "GET /-c-305.html HTTP/1.0" 200 72361 "-" "Mozilla/5.0 (compatible; MJ12bot/v1.4.8; http://mj12bot.com/)"
37.187.94.3 - - [04/Sep/2023:15:20:31 +0200] "GET /miroirs-octobre-2022-c-95_302.html HTTP/1.0" 301 72515 "-" "Mozilla/5.0 (compatible; MJ12bot/v1.4.8; http://mj12bot.com/)"
183.17.57.171 - - [04/Sep/2023:15:20:32 +0200] "GET / HTTP/1.0" 200 154057 "-" "Mozilla/5.0 (Windows NT 6.1; Win64; x64) AppleWebKit/537.36 (KHTML, like Gecko) Chrome/60.0.3112.90 Safari/537.36"
37.187.94.3 - - [04/Sep/2023:15:20:36 +0200] "GET /-c-302.html HTTP/1.0" 200 72361 "-" "Mozilla/5.0 (compatible; MJ12bot/v1.4.8; http://mj12bot.com/)"
169.228.63.97 - - [04/Sep/2023:15:20:39 +0200] "GET /images/mini_prod/3700653508690.jpg HTTP/1.0" 200 269 "-" "Mozilla/5.0 (X11; Ubuntu; Linux x86_64; rv:72.0) Gecko/20100101 Firefox/72.0"
188.165.215.206 - - [04/Sep/2023:15:20:39 +0200] "GET /-c-307.html HTTP/1.0" 200 72361 "-" "Mozilla/5.0 (compatible; MJ12bot/v1.4.8; http://mj12bot.com/)"
37.187.94.3 - - [04/Sep/2023:15:20:48 +0200] "GET /mirror-c-133.html HTTP/1.0" 301 93871 "-" "Mozilla/5.0 (compatible; MJ12bot/v1.4.8; http://mj12bot.com/)"
37.187.94.3 - - [04/Sep/2023:15:20:54 +0200] "GET /mirror-c-13_133.html HTTP/1.0" 200 93923 "-" "Mozilla/5.0 (compatible; MJ12bot/v1.4.8; http://mj12bot.com/)"
188.165.215.206 - - [04/Sep/2023:15:20:54 +0200] "GET /-c-309.html HTTP/1.0" 200 72361 "-" "Mozilla/5.0 (compatible; MJ12bot/v1.4.8; http://mj12bot.com/)"
51.68.224.127 - - [04/Sep/2023:15:20:58 +0200] "GET /adminweb/export_orders_xml.php?token=256de2z6edz6ed2z6DFSFsed2zed6zeDSFDSGdzedezfzf&maxorders=10&orderstart=1&status=14&start_date=2018-10-01 HTTP/1.0" 200 285 "-" "GesCom CharlotteBoutik Serveur"
51.68.224.127 - - [04/Sep/2023:15:20:58 +0200] "GET /adminweb/export_orders_xml.php?token=256de2z6edz6ed2z6DFSFsed2zed6zeDSFDSGdzedezfzf&maxorders=10&orderstart=1&status=6&start_date=2018-10-01 HTTP/1.0" 200 33963 "-" "GesCom CharlotteBoutik Serveur"
188.165.215.206 - - [04/Sep/2023:15:21:03 +0200] "GET /-c-311.html HTTP/1.0" 200 72361 "-" "Mozilla/5.0 (compatible; MJ12bot/v1.4.8; http://mj12bot.com/)"
37.187.94.3 - - [04/Sep/2023:15:21:06 +0200] "GET /mirror-c-13_133.html HTTP/1.0" 200 93923 "-" "Mozilla/5.0 (compatible; MJ12bot/v1.4.8; http://mj12bot.com/)"
188.165.215.206 - - [04/Sep/2023:15:21:11 +0200] "GET /-c-313.html HTTP/1.0" 200 72361 "-" "Mozilla/5.0 (compatible; MJ12bot/v1.4.8; http://mj12bot.com/)"
188.165.215.206 - - [04/Sep/2023:15:21:23 +0200] "GET /-c-314.html HTTP/1.0" 200 72361 "-" "Mozilla/5.0 (compatible; MJ12bot/v1.4.8; http://mj12bot.com/)"
37.187.94.3 - - [04/Sep/2023:15:21:25 +0200] "GET /mode-cocooning-water-bottle-p-56133.html HTTP/1.0" 200 73694 "-" "Mozilla/5.0 (compatible; MJ12bot/v1.4.8; http://mj12bot.com/)"
122.225.130.85 - - [04/Sep/2023:15:21:35 +0200] "GET /images/8430269349879.jpg HTTP/1.0" 200 259 "-" "Mozilla/5.0 (Macintosh; Intel Mac OS X 13.2; rv:110.0) Gecko/20100101 Firefox/110.0"
188.165.215.206 - - [04/Sep/2023:15:21:38 +0200] "GET /-c-315.html HTTP/1.0" 200 72361 "-" "Mozilla/5.0 (compatible; MJ12bot/v1.4.8; http://mj12bot.com/)"
52.167.144.104 - - [04/Sep/2023:15:21:43 +0200] "GET /products_new.php HTTP/1.0" 200 96706 "-" "Mozilla/5.0 AppleWebKit/537.36 (KHTML, like Gecko; compatible; bingbot/2.0; +http://www.bing.com/bingbot.htm) Chrome/103.0.5060.134 Safari/537.36"
37.187.94.3 - - [04/Sep/2023:15:21:46 +0200] "GET /montres-c-3_66.html HTTP/1.0" 301 91573 "-" "Mozilla/5.0 (compatible; MJ12bot/v1.4.8; http://mj12bot.com/)"
188.165.215.206 - - [04/Sep/2023:15:21:47 +0200] "GET /-p-10193.html HTTP/1.0" 200 73582 "-" "Mozilla/5.0 (compatible; MJ12bot/v1.4.8; http://mj12bot.com/)"
37.187.94.3 - - [04/Sep/2023:15:21:51 +0200] "GET /watches-c-66.html HTTP/1.0" 301 91463 "-" "Mozilla/5.0 (compatible; MJ12bot/v1.4.8; http://mj12bot.com/)"
188.165.215.206 - - [04/Sep/2023:15:22:03 +0200] "GET /-p-11028.html HTTP/1.0" 200 73582 "-" "Mozilla/5.0 (compatible; MJ12bot/v1.4.8; http://mj12bot.com/)"
37.187.94.3 - - [04/Sep/2023:15:22:05 +0200] "GET /watches-c-3_66.html HTTP/1.0" 200 91502 "-" "Mozilla/5.0 (compatible; MJ12bot/v1.4.8; http://mj12bot.com/)"
188.165.215.206 - - [04/Sep/2023:15:22:13 +0200] "GET /-p-11040.html HTTP/1.0" 200 73582 "-" "Mozilla/5.0 (compatible; MJ12bot/v1.4.8; http://mj12bot.com/)"
37.187.94.3 - - [04/Sep/2023:15:22:17 +0200] "GET /moroccan-ashtray-p-53142.html HTTP/1.0" 200 73636 "-" "Mozilla/5.0 (compatible; MJ12bot/v1.4.8; http://mj12bot.com/)"
188.165.215.206 - - [04/Sep/2023:15:22:21 +0200] "GET /-p-12734.html HTTP/1.0" 200 73582 "-" "Mozilla/5.0 (compatible; MJ12bot/v1.4.8; http://mj12bot.com/)"
40.77.167.10 - - [04/Sep/2023:15:22:29 +0200] "GET /images/3048700057044.jpg HTTP/1.0" 200 259 "-" "Mozilla/5.0 AppleWebKit/537.36 (KHTML, like Gecko; compatible; bingbot/2.0; +http://www.bing.com/bingbot.htm) Chrome/103.0.5060.134 Safari/537.36"
188.165.215.206 - - [04/Sep/2023:15:22:28 +0200] "GET /-p-13174.html HTTP/1.0" 200 73582 "-" "Mozilla/5.0 (compatible; MJ12bot/v1.4.8; http://mj12bot.com/)"
40.77.167.10 - - [04/Sep/2023:15:22:30 +0200] "GET /bowls-c-12_255.html HTTP/1.0" 200 81461 "-" "Mozilla/5.0 AppleWebKit/537.36 (KHTML, like Gecko; compatible; bingbot/2.0; +http://www.bing.com/bingbot.htm) Chrome/103.0.5060.134 Safari/537.36"
37.187.94.3 - - [04/Sep/2023:15:22:30 +0200] "GET /nappes-chemins-table-c-11_176.html HTTP/1.0" 301 94474 "-" "Mozilla/5.0 (compatible; MJ12bot/v1.4.8; http://mj12bot.com/)"
37.187.94.3 - - [04/Sep/2023:15:22:35 +0200] "GET /tablecloths-c-176.html HTTP/1.0" 301 94355 "-" "Mozilla/5.0 (compatible; MJ12bot/v1.4.8; http://mj12bot.com/)"
188.165.215.206 - - [04/Sep/2023:15:22:40 +0200] "GET /-p-13846.html HTTP/1.0" 200 73582 "-" "Mozilla/5.0 (compatible; MJ12bot/v1.4.8; http://mj12bot.com/)"
37.187.94.3 - - [04/Sep/2023:15:22:44 +0200] "GET /tablecloths-c-11_176.html HTTP/1.0" 200 94398 "-" "Mozilla/5.0 (compatible; MJ12bot/v1.4.8; http://mj12bot.com/)"
188.165.215.206 - - [04/Sep/2023:15:22:49 +0200] "GET /-p-14322.html HTTP/1.0" 200 73582 "-" "Mozilla/5.0 (compatible; MJ12bot/v1.4.8; http://mj12bot.com/)"
37.187.94.3 - - [04/Sep/2023:15:22:55 +0200] "GET /notebook-notebook-diary-c-129_185.html HTTP/1.0" 200 94572 "-" "Mozilla/5.0 (compatible; MJ12bot/v1.4.8; http://mj12bot.com/)"
188.165.215.206 - - [04/Sep/2023:15:22:57 +0200] "GET /-p-14421.html HTTP/1.0" 200 73582 "-" "Mozilla/5.0 (compatible; MJ12bot/v1.4.8; http://mj12bot.com/)"
188.165.215.206 - - [04/Sep/2023:15:23:03 +0200] "GET /-p-14497.html HTTP/1.0" 200 73582 "-" "Mozilla/5.0 (compatible; MJ12bot/v1.4.8; http://mj12bot.com/)"
188.165.215.206 - - [04/Sep/2023:15:23:10 +0200] "GET /-p-14844.html HTTP/1.0" 200 73582 "-" "Mozilla/5.0 (compatible; MJ12bot/v1.4.8; http://mj12bot.com/)"
37.187.94.3 - - [04/Sep/2023:15:23:16 +0200] "GET /notebook-notebook-diary-c-185.html HTTP/1.0" 301 94524 "-" "Mozilla/5.0 (compatible; MJ12bot/v1.4.8; http://mj12bot.com/)"
188.165.215.206 - - [04/Sep/2023:15:23:18 +0200] "GET /-p-16732.html HTTP/1.0" 200 73582 "-" "Mozilla/5.0 (compatible; MJ12bot/v1.4.8; http://mj12bot.com/)"
103.131.71.165 - - [04/Sep/2023:15:23:24 +0200] "GET /robots.txt HTTP/1.0" 301 531 "-" "Mozilla/5.0 (compatible; coccocbot-web/1.0; +http://help.coccoc.com/searchengine)"
37.187.94.3 - - [04/Sep/2023:15:23:24 +0200] "GET /notebook-notebook-diary-c-129_185.html HTTP/1.0" 200 94572 "-" "Mozilla/5.0 (compatible; MJ12bot/v1.4.8; http://mj12bot.com/)"
103.131.71.165 - - [04/Sep/2023:15:23:26 +0200] "GET /robots.txt HTTP/1.0" 200 245 "-" "Mozilla/5.0 (compatible; coccocbot-web/1.0; +http://help.coccoc.com/searchengine)"
188.165.215.206 - - [04/Sep/2023:15:23:28 +0200] "GET /-p-17017.html HTTP/1.0" 200 73582 "-" "Mozilla/5.0 (compatible; MJ12bot/v1.4.8; http://mj12bot.com/)"
188.165.215.206 - - [04/Sep/2023:15:23:41 +0200] "GET /-p-17019.html HTTP/1.0" 200 73582 "-" "Mozilla/5.0 (compatible; MJ12bot/v1.4.8; http://mj12bot.com/)"
37.187.94.3 - - [04/Sep/2023:15:23:42 +0200] "GET /office-items-c-100.html HTTP/1.0" 301 93591 "-" "Mozilla/5.0 (compatible; MJ12bot/v1.4.8; http://mj12bot.com/)"
54.36.148.17 - - [04/Sep/2023:15:23:45 +0200] "GET /decorative-cotton-hearts-hang-sophie-p-60686.html HTTP/1.0" 200 76916 "-" "Mozilla/5.0 (compatible; AhrefsBot/7.0; +http://ahrefs.com/robot/)"
188.165.215.206 - - [04/Sep/2023:15:23:56 +0200] "GET /-p-18127.html HTTP/1.0" 200 73582 "-" "Mozilla/5.0 (compatible; MJ12bot/v1.4.8; http://mj12bot.com/)"
37.187.94.3 - - [04/Sep/2023:15:23:57 +0200] "GET /office-items-c-97_100.html HTTP/1.0" 200 93642 "-" "Mozilla/5.0 (compatible; MJ12bot/v1.4.8; http://mj12bot.com/)"
188.165.215.206 - - [04/Sep/2023:15:24:06 +0200] "GET /-p-18449.html HTTP/1.0" 200 73582 "-" "Mozilla/5.0 (compatible; MJ12bot/v1.4.8; http://mj12bot.com/)"
37.187.94.3 - - [04/Sep/2023:15:24:07 +0200] "GET /office-items-c-97_100.html HTTP/1.0" 200 93642 "-" "Mozilla/5.0 (compatible; MJ12bot/v1.4.8; http://mj12bot.com/)"
47.243.124.196 - - [04/Sep/2023:15:24:11 +0200] "GET /images/mini_prod/3553561711375BLANC.JPG HTTP/1.0" 200 274 "-" "Mozilla/5.0 (X11; Ubuntu; Linux x86_64; rv:72.0) Gecko/20100101 Firefox/72.0"
183.17.57.171 - - [04/Sep/2023:15:24:12 +0200] "GET /contact_us.php HTTP/1.0" 200 26241 "-" "Mozilla/5.0 (Windows NT 6.1; Win64; x64) AppleWebKit/537.36 (KHTML, like Gecko) Chrome/60.0.3112.90 Safari/537.36"
183.17.57.171 - - [04/Sep/2023:15:24:11 +0200] "GET / HTTP/1.0" 200 154093 "-" "Mozilla/5.0 (Windows NT 6.1; Win64; x64) AppleWebKit/537.36 (KHTML, like Gecko) Chrome/60.0.3112.90 Safari/537.36"
183.17.57.171 - - [04/Sep/2023:15:24:15 +0200] "GET /img HTTP/1.0" 301 523 "-" "Mozilla/5.0 (Windows NT 6.1; Win64; x64) AppleWebKit/537.36 (KHTML, like Gecko) Chrome/60.0.3112.90 Safari/537.36"
183.17.57.171 - - [04/Sep/2023:15:24:15 +0200] "GET /create_account.php HTTP/1.0" 200 33633 "-" "Mozilla/5.0 (Windows NT 6.1; Win64; x64) AppleWebKit/537.36 (KHTML, like Gecko) Chrome/60.0.3112.90 Safari/537.36"
183.17.57.171 - - [04/Sep/2023:15:24:16 +0200] "GET /img/ HTTP/1.0" 403 1307 "-" "Mozilla/5.0 (Windows NT 6.1; Win64; x64) AppleWebKit/537.36 (KHTML, like Gecko) Chrome/60.0.3112.90 Safari/537.36"
188.165.215.206 - - [04/Sep/2023:15:24:15 +0200] "GET /-p-18451.html HTTP/1.0" 200 73582 "-" "Mozilla/5.0 (compatible; MJ12bot/v1.4.8; http://mj12bot.com/)"
183.17.57.171 - - [04/Sep/2023:15:24:15 +0200] "GET /checkout_shipping.php HTTP/1.0" 302 468 "-" "Mozilla/5.0 (Windows NT 6.1; Win64; x64) AppleWebKit/537.36 (KHTML, like Gecko) Chrome/60.0.3112.90 Safari/537.36"
183.17.57.171 - - [04/Sep/2023:15:24:15 +0200] "GET /shopping_cart.php HTTP/1.0" 200 13298 "-" "Mozilla/5.0 (Windows NT 6.1; Win64; x64) AppleWebKit/537.36 (KHTML, like Gecko) Chrome/60.0.3112.90 Safari/537.36"
183.17.57.171 - - [04/Sep/2023:15:24:15 +0200] "GET /login.php HTTP/1.0" 200 17155 "-" "Mozilla/5.0 (Windows NT 6.1; Win64; x64) AppleWebKit/537.36 (KHTML, like Gecko) Chrome/60.0.3112.90 Safari/537.36"
183.17.57.171 - - [04/Sep/2023:15:24:16 +0200] "GET /specials.php HTTP/1.0" 200 121632 "-" "Mozilla/5.0 (Windows NT 6.1; Win64; x64) AppleWebKit/537.36 (KHTML, like Gecko) Chrome/60.0.3112.90 Safari/537.36"
183.17.57.171 - - [04/Sep/2023:15:24:17 +0200] "GET /login.php HTTP/1.0" 200 17155 "-" "Mozilla/5.0 (Windows NT 6.1; Win64; x64) AppleWebKit/537.36 (KHTML, like Gecko) Chrome/60.0.3112.90 Safari/537.36"
183.17.57.171 - - [04/Sep/2023:15:24:17 +0200] "GET /bottle-holder-beer-bucket-c-12_224.html HTTP/1.0" 200 93487 "-" "Mozilla/5.0 (Windows NT 6.1; Win64; x64) AppleWebKit/537.36 (KHTML, like Gecko) Chrome/60.0.3112.90 Safari/537.36"
183.17.57.171 - - [04/Sep/2023:15:24:17 +0200] "GET /bowls-c-12_60.html HTTP/1.0" 200 94397 "-" "Mozilla/5.0 (Windows NT 6.1; Win64; x64) AppleWebKit/537.36 (KHTML, like Gecko) Chrome/60.0.3112.90 Safari/537.36"
183.17.57.171 - - [04/Sep/2023:15:24:16 +0200] "GET /adaptable-decorative-caps-c-12_249.html HTTP/1.0" 200 82189 "-" "Mozilla/5.0 (Windows NT 6.1; Win64; x64) AppleWebKit/537.36 (KHTML, like Gecko) Chrome/60.0.3112.90 Safari/537.36"
183.17.57.171 - - [04/Sep/2023:15:24:16 +0200] "GET /products_new.php HTTP/1.0" 200 96706 "-" "Mozilla/5.0 (Windows NT 6.1; Win64; x64) AppleWebKit/537.36 (KHTML, like Gecko) Chrome/60.0.3112.90 Safari/537.36"
183.17.57.171 - - [04/Sep/2023:15:24:16 +0200] "GET /barbecue-aperitif-c-12_254.html HTTP/1.0" 200 92910 "-" "Mozilla/5.0 (Windows NT 6.1; Win64; x64) AppleWebKit/537.36 (KHTML, like Gecko) Chrome/60.0.3112.90 Safari/537.36"
183.17.57.171 - - [04/Sep/2023:15:24:16 +0200] "GET /dishes-c-12.html HTTP/1.0" 200 94356 "-" "Mozilla/5.0 (Windows NT 6.1; Win64; x64) AppleWebKit/537.36 (KHTML, like Gecko) Chrome/60.0.3112.90 Safari/537.36"
183.17.57.171 - - [04/Sep/2023:15:24:17 +0200] "GET /bowls-c-12_255.html HTTP/1.0" 200 81461 "-" "Mozilla/5.0 (Windows NT 6.1; Win64; x64) AppleWebKit/537.36 (KHTML, like Gecko) Chrome/60.0.3112.90 Safari/537.36"
183.17.57.171 - - [04/Sep/2023:15:24:17 +0200] "GET /butter-dish-c-12_222.html HTTP/1.0" 200 85093 "-" "Mozilla/5.0 (Windows NT 6.1; Win64; x64) AppleWebKit/537.36 (KHTML, like Gecko) Chrome/60.0.3112.90 Safari/537.36"
183.17.57.171 - - [04/Sep/2023:15:24:19 +0200] "GET /cellar-slicer-sausage-c-12_252.html HTTP/1.0" 200 81794 "-" "Mozilla/5.0 (Windows NT 6.1; Win64; x64) AppleWebKit/537.36 (KHTML, like Gecko) Chrome/60.0.3112.90 Safari/537.36"
183.17.57.171 - - [04/Sep/2023:15:24:19 +0200] "GET /cake-molds-cube-molds-c-12_246.html HTTP/1.0" 200 89125 "-" "Mozilla/5.0 (Windows NT 6.1; Win64; x64) AppleWebKit/537.36 (KHTML, like Gecko) Chrome/60.0.3112.90 Safari/537.36"
183.17.57.171 - - [04/Sep/2023:15:24:19 +0200] "GET /coasters-c-12_157.html HTTP/1.0" 200 95389 "-" "Mozilla/5.0 (Windows NT 6.1; Win64; x64) AppleWebKit/537.36 (KHTML, like Gecko) Chrome/60.0.3112.90 Safari/537.36"
183.17.57.171 - - [04/Sep/2023:15:24:15 +0200] "GET /index.php?language=fr HTTP/1.0" 200 160696 "-" "Mozilla/5.0 (Windows NT 6.1; Win64; x64) AppleWebKit/537.36 (KHTML, like Gecko) Chrome/60.0.3112.90 Safari/537.36"
183.17.57.171 - - [04/Sep/2023:15:24:20 +0200] "GET /corkscrew-bottle-opener-sommelier-c-12_213.html HTTP/1.0" 200 93640 "-" "Mozilla/5.0 (Windows NT 6.1; Win64; x64) AppleWebKit/537.36 (KHTML, like Gecko) Chrome/60.0.3112.90 Safari/537.36"
183.17.57.171 - - [04/Sep/2023:15:24:21 +0200] "GET /dishes-dishes-c-12_251.html HTTP/1.0" 200 92658 "-" "Mozilla/5.0 (Windows NT 6.1; Win64; x64) AppleWebKit/537.36 (KHTML, like Gecko) Chrome/60.0.3112.90 Safari/537.36"
183.17.57.171 - - [04/Sep/2023:15:24:21 +0200] "GET /cups-c-12_248.html HTTP/1.0" 200 88732 "-" "Mozilla/5.0 (Windows NT 6.1; Win64; x64) AppleWebKit/537.36 (KHTML, like Gecko) Chrome/60.0.3112.90 Safari/537.36"
183.17.57.171 - - [04/Sep/2023:15:24:22 +0200] "GET /flasks-c-12_245.html HTTP/1.0" 200 85455 "-" "Mozilla/5.0 (Windows NT 6.1; Win64; x64) AppleWebKit/537.36 (KHTML, like Gecko) Chrome/60.0.3112.90 Safari/537.36"
37.187.94.3 - - [04/Sep/2023:15:24:24 +0200] "GET /olympique-marseille-homework-notebooks-p-60550.html HTTP/1.0" 200 76276 "-" "Mozilla/5.0 (compatible; MJ12bot/v1.4.8; http://mj12bot.com/)"
183.17.57.171 - - [04/Sep/2023:15:24:24 +0200] "GET /flatwares-c-12_63.html HTTP/1.0" 200 93020 "-" "Mozilla/5.0 (Windows NT 6.1; Win64; x64) AppleWebKit/537.36 (KHTML, like Gecko) Chrome/60.0.3112.90 Safari/537.36"
183.17.57.171 - - [04/Sep/2023:15:24:26 +0200] "GET /paper-towel-dispenser-c-12_253.html HTTP/1.0" 200 81721 "-" "Mozilla/5.0 (Windows NT 6.1; Win64; x64) AppleWebKit/537.36 (KHTML, like Gecko) Chrome/60.0.3112.90 Safari/537.36"
183.17.57.171 - - [04/Sep/2023:15:24:26 +0200] "GET /glasses-drinking-c-12_62.html HTTP/1.0" 200 93705 "-" "Mozilla/5.0 (Windows NT 6.1; Win64; x64) AppleWebKit/537.36 (KHTML, like Gecko) Chrome/60.0.3112.90 Safari/537.36"
183.17.57.171 - - [04/Sep/2023:15:24:26 +0200] "GET /with-infuser-c-12_221.html HTTP/1.0" 200 94631 "-" "Mozilla/5.0 (Windows NT 6.1; Win64; x64) AppleWebKit/537.36 (KHTML, like Gecko) Chrome/60.0.3112.90 Safari/537.36"
183.17.57.171 - - [04/Sep/2023:15:24:26 +0200] "GET /mugs-mazagrans-c-12_57.html HTTP/1.0" 200 98230 "-" "Mozilla/5.0 (Windows NT 6.1; Win64; x64) AppleWebKit/537.36 (KHTML, like Gecko) Chrome/60.0.3112.90 Safari/537.36"
188.165.215.206 - - [04/Sep/2023:15:24:28 +0200] "GET /-p-18453.html HTTP/1.0" 200 73582 "-" "Mozilla/5.0 (compatible; MJ12bot/v1.4.8; http://mj12bot.com/)"
183.17.57.171 - - [04/Sep/2023:15:24:28 +0200] "GET /pitchers-drink-dispensers-c-12_243.html HTTP/1.0" 200 93065 "-" "Mozilla/5.0 (Windows NT 6.1; Win64; x64) AppleWebKit/537.36 (KHTML, like Gecko) Chrome/60.0.3112.90 Safari/537.36"
183.17.57.171 - - [04/Sep/2023:15:24:28 +0200] "GET /partys-decoration-c-12_51.html HTTP/1.0" 200 72553 "-" "Mozilla/5.0 (Windows NT 6.1; Win64; x64) AppleWebKit/537.36 (KHTML, like Gecko) Chrome/60.0.3112.90 Safari/537.36"
37.187.94.3 - - [04/Sep/2023:15:24:40 +0200] "GET /orange-pocket-warmer-peux-trop-froid-p-56151.html HTTP/1.0" 200 73738 "-" "Mozilla/5.0 (compatible; MJ12bot/v1.4.8; http://mj12bot.com/)"
188.165.215.206 - - [04/Sep/2023:15:24:44 +0200] "GET /-p-19656.html HTTP/1.0" 200 73582 "-" "Mozilla/5.0 (compatible; MJ12bot/v1.4.8; http://mj12bot.com/)"
37.187.94.3 - - [04/Sep/2023:15:24:47 +0200] "GET /owls-porcelain-bowl-kiub-p-57959.html HTTP/1.0" 200 73674 "-" "Mozilla/5.0 (compatible; MJ12bot/v1.4.8; http://mj12bot.com/)"
52.167.144.116 - - [04/Sep/2023:15:24:48 +0200] "GET /money-boxes-c-13_83.html HTTP/1.0" 200 96206 "-" "Mozilla/5.0 AppleWebKit/537.36 (KHTML, like Gecko; compatible; bingbot/2.0; +http://www.bing.com/bingbot.htm) Chrome/103.0.5060.134 Safari/537.36"
188.165.215.206 - - [04/Sep/2023:15:24:54 +0200] "GET /-p-20363.html HTTP/1.0" 200 73582 "-" "Mozilla/5.0 (compatible; MJ12bot/v1.4.8; http://mj12bot.com/)"
188.165.215.206 - - [04/Sep/2023:15:25:05 +0200] "GET /-p-21640.html HTTP/1.0" 200 73582 "-" "Mozilla/5.0 (compatible; MJ12bot/v1.4.8; http://mj12bot.com/)"
37.187.94.3 - - [04/Sep/2023:15:25:09 +0200] "GET /panires-corbeilles-c-13_289.html HTTP/1.0" 301 94233 "-" "Mozilla/5.0 (compatible; MJ12bot/v1.4.8; http://mj12bot.com/)"
37.187.94.3 - - [04/Sep/2023:15:25:16 +0200] "GET /baskets-c-289.html HTTP/1.0" 301 94110 "-" "Mozilla/5.0 (compatible; MJ12bot/v1.4.8; http://mj12bot.com/)"
188.165.215.206 - - [04/Sep/2023:15:25:20 +0200] "GET /-p-21663.html HTTP/1.0" 200 73582 "-" "Mozilla/5.0 (compatible; MJ12bot/v1.4.8; http://mj12bot.com/)"
188.165.215.206 - - [04/Sep/2023:15:25:24 +0200] "GET /-p-21668.html HTTP/1.0" 200 73582 "-" "Mozilla/5.0 (compatible; MJ12bot/v1.4.8; http://mj12bot.com/)"
37.187.94.3 - - [04/Sep/2023:15:25:28 +0200] "GET /baskets-c-13_289.html HTTP/1.0" 200 94161 "-" "Mozilla/5.0 (compatible; MJ12bot/v1.4.8; http://mj12bot.com/)"
85.208.96.202 - - [04/Sep/2023:15:25:31 +0200] "GET /-p-30555.html HTTP/1.0" 200 73582 "-" "Mozilla/5.0 (compatible; SemrushBot/7~bl; +http://www.semrush.com/bot.html)"
188.165.215.206 - - [04/Sep/2023:15:25:34 +0200] "GET /-p-22164.html HTTP/1.0" 200 73582 "-" "Mozilla/5.0 (compatible; MJ12bot/v1.4.8; http://mj12bot.com/)"
188.165.215.206 - - [04/Sep/2023:15:25:40 +0200] "GET /-p-22633.html HTTP/1.0" 200 73582 "-" "Mozilla/5.0 (compatible; MJ12bot/v1.4.8; http://mj12bot.com/)"
37.187.94.3 - - [04/Sep/2023:15:25:40 +0200] "GET /pantalons-pantacourts-c-1_20.html HTTP/1.0" 301 82553 "-" "Mozilla/5.0 (compatible; MJ12bot/v1.4.8; http://mj12bot.com/)"
37.187.94.3 - - [04/Sep/2023:15:25:44 +0200] "GET /pants-capri-pants-c-20.html HTTP/1.0" 301 82455 "-" "Mozilla/5.0 (compatible; MJ12bot/v1.4.8; http://mj12bot.com/)"
37.187.94.3 - - [04/Sep/2023:15:25:51 +0200] "GET /pants-capri-pants-c-1_20.html HTTP/1.0" 200 82472 "-" "Mozilla/5.0 (compatible; MJ12bot/v1.4.8; http://mj12bot.com/)"
188.165.215.206 - - [04/Sep/2023:15:25:52 +0200] "GET /-p-22645.html HTTP/1.0" 200 73582 "-" "Mozilla/5.0 (compatible; MJ12bot/v1.4.8; http://mj12bot.com/)"
37.187.94.3 - - [04/Sep/2023:15:25:55 +0200] "GET /pants-capri-pants-c-1_20.html HTTP/1.0" 200 82472 "-" "Mozilla/5.0 (compatible; MJ12bot/v1.4.8; http://mj12bot.com/)"
37.187.94.3 - - [04/Sep/2023:15:26:01 +0200] "GET /pants-capri-pants-c-20.html HTTP/1.0" 301 82455 "-" "Mozilla/5.0 (compatible; MJ12bot/v1.4.8; http://mj12bot.com/)"
188.165.215.206 - - [04/Sep/2023:15:26:04 +0200] "GET /-p-2904.html HTTP/1.0" 200 73580 "-" "Mozilla/5.0 (compatible; MJ12bot/v1.4.8; http://mj12bot.com/)"
37.187.94.3 - - [04/Sep/2023:15:26:05 +0200] "GET /pants-capri-pants-c-1_20.html HTTP/1.0" 200 82472 "-" "Mozilla/5.0 (compatible; MJ12bot/v1.4.8; http://mj12bot.com/)"
37.187.94.3 - - [04/Sep/2023:15:26:09 +0200] "GET /paperweight-c-129_188.html HTTP/1.0" 200 94337 "-" "Mozilla/5.0 (compatible; MJ12bot/v1.4.8; http://mj12bot.com/)"
188.165.215.206 - - [04/Sep/2023:15:26:12 +0200] "GET /-p-2905.html HTTP/1.0" 200 73580 "-" "Mozilla/5.0 (compatible; MJ12bot/v1.4.8; http://mj12bot.com/)"
37.187.94.3 - - [04/Sep/2023:15:26:15 +0200] "GET /paperweight-c-188.html HTTP/1.0" 301 94277 "-" "Mozilla/5.0 (compatible; MJ12bot/v1.4.8; http://mj12bot.com/)"
37.187.94.3 - - [04/Sep/2023:15:26:19 +0200] "GET /paperweight-c-129_188.html HTTP/1.0" 200 94337 "-" "Mozilla/5.0 (compatible; MJ12bot/v1.4.8; http://mj12bot.com/)"
188.165.215.206 - - [04/Sep/2023:15:26:21 +0200] "GET /-p-2907.html HTTP/1.0" 200 73580 "-" "Mozilla/5.0 (compatible; MJ12bot/v1.4.8; http://mj12bot.com/)"
37.187.94.3 - - [04/Sep/2023:15:26:24 +0200] "GET /papeterie-accessoires-bureaux-c-129_191.html HTTP/1.0" 301 93702 "-" "Mozilla/5.0 (compatible; MJ12bot/v1.4.8; http://mj12bot.com/)"
37.187.94.3 - - [04/Sep/2023:15:26:27 +0200] "GET /stationery-c-191.html HTTP/1.0" 301 93566 "-" "Mozilla/5.0 (compatible; MJ12bot/v1.4.8; http://mj12bot.com/)"
188.165.215.206 - - [04/Sep/2023:15:26:31 +0200] "GET /-p-29396.html HTTP/1.0" 200 73582 "-" "Mozilla/5.0 (compatible; MJ12bot/v1.4.8; http://mj12bot.com/)"
37.187.94.3 - - [04/Sep/2023:15:26:31 +0200] "GET /stationery-c-129_191.html HTTP/1.0" 200 93627 "-" "Mozilla/5.0 (compatible; MJ12bot/v1.4.8; http://mj12bot.com/)"
37.187.94.3 - - [04/Sep/2023:15:26:36 +0200] "GET /papeterie-carterie-c-129.html HTTP/1.0" 301 95606 "-" "Mozilla/5.0 (compatible; MJ12bot/v1.4.8; http://mj12bot.com/)"
37.187.94.3 - - [04/Sep/2023:15:26:39 +0200] "GET /stationery-cardmaking-c-129.html HTTP/1.0" 200 95520 "-" "Mozilla/5.0 (compatible; MJ12bot/v1.4.8; http://mj12bot.com/)"
188.165.215.206 - - [04/Sep/2023:15:26:40 +0200] "GET /-p-29934.html HTTP/1.0" 200 73582 "-" "Mozilla/5.0 (compatible; MJ12bot/v1.4.8; http://mj12bot.com/)"
37.187.94.3 - - [04/Sep/2023:15:26:45 +0200] "GET /parapluies-c-31_16.html HTTP/1.0" 301 88671 "-" "Mozilla/5.0 (compatible; MJ12bot/v1.4.8; http://mj12bot.com/)"
37.187.94.3 - - [04/Sep/2023:15:26:50 +0200] "GET /umbrellas-c-16.html HTTP/1.0" 301 88516 "-" "Mozilla/5.0 (compatible; MJ12bot/v1.4.8; http://mj12bot.com/)"
188.165.215.206 - - [04/Sep/2023:15:26:52 +0200] "GET /-p-29935.html HTTP/1.0" 200 73582 "-" "Mozilla/5.0 (compatible; MJ12bot/v1.4.8; http://mj12bot.com/)"
37.187.94.3 - - [04/Sep/2023:15:26:56 +0200] "GET /umbrellas-c-31_16.html HTTP/1.0" 200 88598 "-" "Mozilla/5.0 (compatible; MJ12bot/v1.4.8; http://mj12bot.com/)"
188.165.215.206 - - [04/Sep/2023:15:27:03 +0200] "GET /-p-29937.html HTTP/1.0" 200 73582 "-" "Mozilla/5.0 (compatible; MJ12bot/v1.4.8; http://mj12bot.com/)"
37.187.94.3 - - [04/Sep/2023:15:27:03 +0200] "GET /parfum-dintrieur-c-231_234.html HTTP/1.0" 301 95351 "-" "Mozilla/5.0 (compatible; MJ12bot/v1.4.8; http://mj12bot.com/)"
37.187.94.3 - - [04/Sep/2023:15:27:07 +0200] "GET /perfumes-interior-c-234.html HTTP/1.0" 301 95220 "-" "Mozilla/5.0 (compatible; MJ12bot/v1.4.8; http://mj12bot.com/)"
141.147.65.190 - - [04/Sep/2023:15:27:10 +0200] "GET /images/mini_prod/4260082934648.jpg HTTP/1.0" 200 269 "-" "Mozilla/5.0 (X11; Ubuntu; Linux x86_64; rv:72.0) Gecko/20100101 Firefox/72.0"
37.187.94.3 - - [04/Sep/2023:15:27:12 +0200] "GET /perfumes-interior-c-231_234.html HTTP/1.0" 200 95269 "-" "Mozilla/5.0 (compatible; MJ12bot/v1.4.8; http://mj12bot.com/)"
188.165.215.206 - - [04/Sep/2023:15:27:18 +0200] "GET /-p-32103.html HTTP/1.0" 200 73582 "-" "Mozilla/5.0 (compatible; MJ12bot/v1.4.8; http://mj12bot.com/)"
37.187.94.3 - - [04/Sep/2023:15:27:18 +0200] "GET /parfums-dambiance-c-231.html HTTP/1.0" 301 95408 "-" "Mozilla/5.0 (compatible; MJ12bot/v1.4.8; http://mj12bot.com/)"
37.187.94.3 - - [04/Sep/2023:15:27:21 +0200] "GET /fragrances-ambiance-c-231.html HTTP/1.0" 200 95324 "-" "Mozilla/5.0 (compatible; MJ12bot/v1.4.8; http://mj12bot.com/)"
37.187.94.3 - - [04/Sep/2023:15:27:27 +0200] "GET /paris-saint-germain-backpack-p-60551.html HTTP/1.0" 200 77195 "-" "Mozilla/5.0 (compatible; MJ12bot/v1.4.8; http://mj12bot.com/)"
188.165.215.206 - - [04/Sep/2023:15:27:28 +0200] "GET /-p-35120.html HTTP/1.0" 200 73582 "-" "Mozilla/5.0 (compatible; MJ12bot/v1.4.8; http://mj12bot.com/)"
8.217.129.196 - - [04/Sep/2023:15:27:31 +0200] "GET /images/mini_prod/8424001471461.jpg HTTP/1.0" 200 269 "-" "Mozilla/5.0 (X11; Ubuntu; Linux x86_64; rv:72.0) Gecko/20100101 Firefox/72.0"
37.187.94.3 - - [04/Sep/2023:15:27:32 +0200] "GET /parure-c-11_68.html HTTP/1.0" 301 93864 "-" "Mozilla/5.0 (compatible; MJ12bot/v1.4.8; http://mj12bot.com/)"
188.165.215.206 - - [04/Sep/2023:15:27:39 +0200] "GET /-p-35715.html HTTP/1.0" 200 73582 "-" "Mozilla/5.0 (compatible; MJ12bot/v1.4.8; http://mj12bot.com/)"
37.187.94.3 - - [04/Sep/2023:15:27:39 +0200] "GET /linen-c-68.html HTTP/1.0" 301 93745 "-" "Mozilla/5.0 (compatible; MJ12bot/v1.4.8; http://mj12bot.com/)"
188.165.215.206 - - [04/Sep/2023:15:27:51 +0200] "GET /-p-36392.html HTTP/1.0" 200 73582 "-" "Mozilla/5.0 (compatible; MJ12bot/v1.4.8; http://mj12bot.com/)"
37.187.94.3 - - [04/Sep/2023:15:27:51 +0200] "GET /linen-c-11_68.html HTTP/1.0" 200 93795 "-" "Mozilla/5.0 (compatible; MJ12bot/v1.4.8; http://mj12bot.com/)"
188.165.215.206 - - [04/Sep/2023:15:28:02 +0200] "GET /-p-36469.html HTTP/1.0" 200 73582 "-" "Mozilla/5.0 (compatible; MJ12bot/v1.4.8; http://mj12bot.com/)"
37.187.94.3 - - [04/Sep/2023:15:28:09 +0200] "GET /pastis-club-ceramic-pitcher-p-57474.html HTTP/1.0" 200 76901 "-" "Mozilla/5.0 (compatible; MJ12bot/v1.4.8; http://mj12bot.com/)"
188.165.215.206 - - [04/Sep/2023:15:28:15 +0200] "GET /-p-36470.html HTTP/1.0" 200 73582 "-" "Mozilla/5.0 (compatible; MJ12bot/v1.4.8; http://mj12bot.com/)"
52.167.144.21 - - [04/Sep/2023:15:28:19 +0200] "GET /mugs-mazagrans-c-12_57.html?page=11 HTTP/1.0" 200 98609 "-" "Mozilla/5.0 AppleWebKit/537.36 (KHTML, like Gecko; compatible; bingbot/2.0; +http://www.bing.com/bingbot.htm) Chrome/103.0.5060.134 Safari/537.36"
188.165.215.206 - - [04/Sep/2023:15:28:27 +0200] "GET /-p-36509.html HTTP/1.0" 200 73582 "-" "Mozilla/5.0 (compatible; MJ12bot/v1.4.8; http://mj12bot.com/)"
37.187.94.3 - - [04/Sep/2023:15:28:31 +0200] "GET /patre-porte-manteaux-c-13_198.html HTTP/1.0" 301 93886 "-" "Mozilla/5.0 (compatible; MJ12bot/v1.4.8; http://mj12bot.com/)"
188.165.215.206 - - [04/Sep/2023:15:28:38 +0200] "GET /-p-36621.html HTTP/1.0" 200 73582 "-" "Mozilla/5.0 (compatible; MJ12bot/v1.4.8; http://mj12bot.com/)"
37.187.94.3 - - [04/Sep/2023:15:28:39 +0200] "GET /coat-hook-c-198.html HTTP/1.0" 301 93763 "-" "Mozilla/5.0 (compatible; MJ12bot/v1.4.8; http://mj12bot.com/)"
54.36.148.175 - - [04/Sep/2023:15:28:40 +0200] "GET /water-bottles-heaters-c-13_288.html HTTP/1.0" 200 93677 "-" "Mozilla/5.0 (compatible; AhrefsBot/7.0; +http://ahrefs.com/robot/)"
37.187.94.3 - - [04/Sep/2023:15:28:45 +0200] "GET /coat-hook-c-13_198.html HTTP/1.0" 200 93812 "-" "Mozilla/5.0 (compatible; MJ12bot/v1.4.8; http://mj12bot.com/)"
188.165.215.206 - - [04/Sep/2023:15:28:48 +0200] "GET /-p-36739.html HTTP/1.0" 200 73582 "-" "Mozilla/5.0 (compatible; MJ12bot/v1.4.8; http://mj12bot.com/)"
37.187.94.3 - - [04/Sep/2023:15:28:54 +0200] "GET /petit-electro-hifi-c-13_88.html HTTP/1.0" 301 87067 "-" "Mozilla/5.0 (compatible; MJ12bot/v1.4.8; http://mj12bot.com/)"
188.165.215.206 - - [04/Sep/2023:15:28:57 +0200] "GET /-p-36794.html HTTP/1.0" 200 73582 "-" "Mozilla/5.0 (compatible; MJ12bot/v1.4.8; http://mj12bot.com/)"
37.187.94.3 - - [04/Sep/2023:15:29:00 +0200] "GET /small-appliances-hifi-c-88.html HTTP/1.0" 301 86944 "-" "Mozilla/5.0 (compatible; MJ12bot/v1.4.8; http://mj12bot.com/)"
110.249.202.153 - - [04/Sep/2023:15:29:03 +0200] "GET /robots.txt HTTP/1.0" 200 245 "-" "Mozilla/5.0 (Linux; Android 5.0) AppleWebKit/537.36 (KHTML, like Gecko) Mobile Safari/537.36 (compatible; Bytespider; https://zhanzhang.toutiao.com/)"
37.187.94.3 - - [04/Sep/2023:15:29:04 +0200] "GET /small-appliances-hifi-c-13_88.html HTTP/1.0" 200 86982 "-" "Mozilla/5.0 (compatible; MJ12bot/v1.4.8; http://mj12bot.com/)"
37.187.94.3 - - [04/Sep/2023:15:29:07 +0200] "GET /petites-boites-piluliers-c-13_150_154.html HTTP/1.0" 301 93556 "-" "Mozilla/5.0 (compatible; MJ12bot/v1.4.8; http://mj12bot.com/)"
188.165.215.206 - - [04/Sep/2023:15:29:09 +0200] "GET /-p-37899.html HTTP/1.0" 200 73582 "-" "Mozilla/5.0 (compatible; MJ12bot/v1.4.8; http://mj12bot.com/)"
37.187.94.3 - - [04/Sep/2023:15:29:13 +0200] "GET /small-boxes-pill-c-154.html HTTP/1.0" 301 93310 "-" "Mozilla/5.0 (compatible; MJ12bot/v1.4.8; http://mj12bot.com/)"
37.187.94.3 - - [04/Sep/2023:15:29:16 +0200] "GET /small-boxes-pill-c-13_150_154.html HTTP/1.0" 200 93475 "-" "Mozilla/5.0 (compatible; MJ12bot/v1.4.8; http://mj12bot.com/)"
188.165.215.206 - - [04/Sep/2023:15:29:17 +0200] "GET /-p-37928.html HTTP/1.0" 200 73582 "-" "Mozilla/5.0 (compatible; MJ12bot/v1.4.8; http://mj12bot.com/)"
37.187.94.3 - - [04/Sep/2023:15:29:21 +0200] "GET /petits-plateaux-c-12_159_261.html HTTP/1.0" 301 93098 "-" "Mozilla/5.0 (compatible; MJ12bot/v1.4.8; http://mj12bot.com/)"
37.187.94.3 - - [04/Sep/2023:15:29:26 +0200] "GET /small-trays-c-261.html HTTP/1.0" 301 92898 "-" "Mozilla/5.0 (compatible; MJ12bot/v1.4.8; http://mj12bot.com/)"
188.165.215.206 - - [04/Sep/2023:15:29:28 +0200] "GET /-p-38024.html HTTP/1.0" 200 73582 "-" "Mozilla/5.0 (compatible; MJ12bot/v1.4.8; http://mj12bot.com/)"
37.187.94.3 - - [04/Sep/2023:15:29:30 +0200] "GET /small-trays-c-12_159_261.html HTTP/1.0" 200 93022 "-" "Mozilla/5.0 (compatible; MJ12bot/v1.4.8; http://mj12bot.com/)"
37.187.94.3 - - [04/Sep/2023:15:29:36 +0200] "GET /peux-trop-froid-water-bottle-p-56132.html HTTP/1.0" 200 73714 "-" "Mozilla/5.0 (compatible; MJ12bot/v1.4.8; http://mj12bot.com/)"
131.107.147.42 - - [04/Sep/2023:15:29:40 +0200] "GET /images/mini_prod/3700653511768.jpg HTTP/1.0" 200 269 "-" "Mozilla/5.0 (X11; Ubuntu; Linux x86_64; rv:72.0) Gecko/20100101 Firefox/72.0"
37.187.94.3 - - [04/Sep/2023:15:29:40 +0200] "GET /plaques-mtal-c-13_130.html HTTP/1.0" 301 96465 "-" "Mozilla/5.0 (compatible; MJ12bot/v1.4.8; http://mj12bot.com/)"
188.165.215.206 - - [04/Sep/2023:15:29:42 +0200] "GET /-p-38042.html HTTP/1.0" 200 73582 "-" "Mozilla/5.0 (compatible; MJ12bot/v1.4.8; http://mj12bot.com/)"
37.187.94.3 - - [04/Sep/2023:15:29:46 +0200] "GET /mtal-signs-c-130.html HTTP/1.0" 301 96342 "-" "Mozilla/5.0 (compatible; MJ12bot/v1.4.8; http://mj12bot.com/)"
65.154.226.168 - - [04/Sep/2023:15:29:52 +0200] "GET /images/mini%5fprod/3700653511768.jpg HTTP/1.0" 200 269 "-" "Mozilla/5.0 (Windows NT 10.0) AppleWebKit/537.36 (KHTML, like Gecko) Chrome/106.0.0.0 Safari/537.36"
37.187.94.3 - - [04/Sep/2023:15:29:50 +0200] "GET /mtal-signs-c-13_130.html HTTP/1.0" 200 96390 "-" "Mozilla/5.0 (compatible; MJ12bot/v1.4.8; http://mj12bot.com/)"
188.165.215.206 - - [04/Sep/2023:15:29:50 +0200] "GET /-p-38128.html HTTP/1.0" 200 73582 "-" "Mozilla/5.0 (compatible; MJ12bot/v1.4.8; http://mj12bot.com/)"
37.187.94.3 - - [04/Sep/2023:15:29:55 +0200] "GET /plateau-bambou-poisson-p-60491.html HTTP/1.0" 301 76903 "-" "Mozilla/5.0 (compatible; MJ12bot/v1.4.8; http://mj12bot.com/)"
37.187.94.3 - - [04/Sep/2023:15:29:59 +0200] "GET /bamboo-tray-fish-p-60491.html HTTP/1.0" 200 76820 "-" "Mozilla/5.0 (compatible; MJ12bot/v1.4.8; http://mj12bot.com/)"
37.187.94.3 - - [04/Sep/2023:15:30:04 +0200] "GET /pocket-warmer-bien-chaud-p-58829.html HTTP/1.0" 200 76860 "-" "Mozilla/5.0 (compatible; MJ12bot/v1.4.8; http://mj12bot.com/)"
37.187.94.3 - - [04/Sep/2023:15:30:09 +0200] "GET /porcelain-musician-cats-kiub-p-57953.html HTTP/1.0" 200 76700 "-" "Mozilla/5.0 (compatible; MJ12bot/v1.4.8; http://mj12bot.com/)"
188.165.215.206 - - [04/Sep/2023:15:30:12 +0200] "GET /-p-38162.html HTTP/1.0" 200 73582 "-" "Mozilla/5.0 (compatible; MJ12bot/v1.4.8; http://mj12bot.com/)"
37.187.94.3 - - [04/Sep/2023:15:30:17 +0200] "GET /porte-encens-carpe-cramique-p-60508.html HTTP/1.0" 301 76918 "-" "Mozilla/5.0 (compatible; MJ12bot/v1.4.8; http://mj12bot.com/)"
188.165.215.206 - - [04/Sep/2023:15:30:19 +0200] "GET /-p-38176.html HTTP/1.0" 200 73582 "-" "Mozilla/5.0 (compatible; MJ12bot/v1.4.8; http://mj12bot.com/)"
37.187.94.3 - - [04/Sep/2023:15:30:22 +0200] "GET /ceramic-incense-stick-holder-carp-p-60508.html HTTP/1.0" 200 76818 "-" "Mozilla/5.0 (compatible; MJ12bot/v1.4.8; http://mj12bot.com/)"
65.154.226.171 - - [04/Sep/2023:15:30:26 +0200] "GET /images/mini%5fprod/3700653511768.jpg HTTP/1.0" 200 269 "-" "Mozilla/5.0 (Windows NT 10.0) AppleWebKit/537.36 (KHTML, like Gecko) Chrome/106.0.0.0 Safari/537.36"
37.187.94.3 - - [04/Sep/2023:15:30:27 +0200] "GET /porte-encens-fleurs-lotus-cramique-p-60510.html HTTP/1.0" 301 76978 "-" "Mozilla/5.0 (compatible; MJ12bot/v1.4.8; http://mj12bot.com/)"
188.165.215.206 - - [04/Sep/2023:15:30:28 +0200] "GET /-p-38183.html HTTP/1.0" 200 73582 "-" "Mozilla/5.0 (compatible; MJ12bot/v1.4.8; http://mj12bot.com/)"
37.187.94.3 - - [04/Sep/2023:15:30:32 +0200] "GET /ceramic-incense-stick-holder-lotus-flowers-p-60510.html HTTP/1.0" 200 76869 "-" "Mozilla/5.0 (compatible; MJ12bot/v1.4.8; http://mj12bot.com/)"
37.187.94.3 - - [04/Sep/2023:15:30:36 +0200] "GET /porte-encens-grues-porte-bonheur-cramique-p-60507.html HTTP/1.0" 301 76971 "-" "Mozilla/5.0 (compatible; MJ12bot/v1.4.8; http://mj12bot.com/)"
188.165.215.206 - - [04/Sep/2023:15:30:38 +0200] "GET /-p-38184.html HTTP/1.0" 200 73582 "-" "Mozilla/5.0 (compatible; MJ12bot/v1.4.8; http://mj12bot.com/)"
37.187.94.3 - - [04/Sep/2023:15:30:40 +0200] "GET /ceramic-incense-stick-holder-lucky-cranes-p-60507.html HTTP/1.0" 200 76863 "-" "Mozilla/5.0 (compatible; MJ12bot/v1.4.8; http://mj12bot.com/)"
37.187.94.3 - - [04/Sep/2023:15:30:45 +0200] "GET /porte-encens-mandala-cramique-p-60509.html HTTP/1.0" 301 76920 "-" "Mozilla/5.0 (compatible; MJ12bot/v1.4.8; http://mj12bot.com/)"
188.165.215.206 - - [04/Sep/2023:15:30:50 +0200] "GET /-p-38190.html HTTP/1.0" 200 73582 "-" "Mozilla/5.0 (compatible; MJ12bot/v1.4.8; http://mj12bot.com/)"
37.187.94.3 - - [04/Sep/2023:15:30:49 +0200] "GET /ceramic-incense-stick-holder-mandala-p-60509.html HTTP/1.0" 200 76817 "-" "Mozilla/5.0 (compatible; MJ12bot/v1.4.8; http://mj12bot.com/)"
37.187.94.3 - - [04/Sep/2023:15:30:53 +0200] "GET /posters-c-13_147.html HTTP/1.0" 301 93003 "-" "Mozilla/5.0 (compatible; MJ12bot/v1.4.8; http://mj12bot.com/)"
37.187.94.3 - - [04/Sep/2023:15:30:57 +0200] "GET /posters-stickers-wall-c-147.html HTTP/1.0" 301 92880 "-" "Mozilla/5.0 (compatible; MJ12bot/v1.4.8; http://mj12bot.com/)"
216.244.66.242 - - [04/Sep/2023:15:30:59 +0200] "GET /robots.txt HTTP/1.0" 200 245 "-" "Mozilla/5.0 (compatible; DotBot/1.2; +https://opensiteexplorer.org/dotbot; help@moz.com)"
188.165.215.206 - - [04/Sep/2023:15:30:59 +0200] "GET /-p-38350.html HTTP/1.0" 200 73582 "-" "Mozilla/5.0 (compatible; MJ12bot/v1.4.8; http://mj12bot.com/)"
37.187.94.3 - - [04/Sep/2023:15:31:01 +0200] "GET /posters-stickers-wall-c-13_147.html HTTP/1.0" 200 92917 "-" "Mozilla/5.0 (compatible; MJ12bot/v1.4.8; http://mj12bot.com/)"
37.187.94.3 - - [04/Sep/2023:15:31:04 +0200] "GET /pots-bocaux-jarres-cookies-c-12_250.html HTTP/1.0" 301 93657 "-" "Mozilla/5.0 (compatible; MJ12bot/v1.4.8; http://mj12bot.com/)"
37.187.94.3 - - [04/Sep/2023:15:31:08 +0200] "GET /pots-cookie-jars-c-250.html HTTP/1.0" 301 93556 "-" "Mozilla/5.0 (compatible; MJ12bot/v1.4.8; http://mj12bot.com/)"
188.165.215.206 - - [04/Sep/2023:15:31:09 +0200] "GET /-p-43967.html HTTP/1.0" 200 73582 "-" "Mozilla/5.0 (compatible; MJ12bot/v1.4.8; http://mj12bot.com/)"
37.187.94.3 - - [04/Sep/2023:15:31:12 +0200] "GET /pots-cookie-jars-c-12_250.html HTTP/1.0" 200 93576 "-" "Mozilla/5.0 (compatible; MJ12bot/v1.4.8; http://mj12bot.com/)"
37.187.94.3 - - [04/Sep/2023:15:31:20 +0200] "GET /pouf-coussin-coton-bonnie-p-60541.html HTTP/1.0" 301 77011 "-" "Mozilla/5.0 (compatible; MJ12bot/v1.4.8; http://mj12bot.com/)"
37.187.94.3 - - [04/Sep/2023:15:31:23 +0200] "GET /cotton-floor-cushion-bonnie-p-60541.html HTTP/1.0" 200 76917 "-" "Mozilla/5.0 (compatible; MJ12bot/v1.4.8; http://mj12bot.com/)"
