54.36.148.137 - - [04/Sep/2023:05:19:39 +0200] "GET /games-toys-c-4.html?page=8 HTTP/1.0" 200 95138 "-" "Mozilla/5.0 (compatible; AhrefsBot/7.0; +http://ahrefs.com/robot/)"
211.130.63.227 - - [04/Sep/2023:05:19:59 +0200] "GET /images/mini_prod/4260082934785.jpg HTTP/1.0" 200 269 "-" "Mozilla/5.0 (X11; Ubuntu; Linux x86_64; rv:72.0) Gecko/20100101 Firefox/72.0"
51.68.224.127 - - [04/Sep/2023:05:23:10 +0200] "GET /adminweb/export_orders_xml.php?token=256de2z6edz6ed2z6DFSFsed2zed6zeDSFDSGdzedezfzf&maxorders=10&orderstart=1&status=14&start_date=2018-10-01 HTTP/1.0" 200 285 "-" "GesCom CharlotteBoutik Serveur"
51.68.224.127 - - [04/Sep/2023:05:23:10 +0200] "GET /adminweb/export_orders_xml.php?token=256de2z6edz6ed2z6DFSFsed2zed6zeDSFDSGdzedezfzf&maxorders=10&orderstart=1&status=6&start_date=2018-10-01 HTTP/1.0" 200 33963 "-" "GesCom CharlotteBoutik Serveur"
121.138.152.97 - - [04/Sep/2023:05:23:18 +0200] "GET /images/mini_prod/5036278052262.jpg HTTP/1.0" 200 269 "-" "Mozilla/5.0 (X11; Ubuntu; Linux x86_64; rv:72.0) Gecko/20100101 Firefox/72.0"
54.36.149.56 - - [04/Sep/2023:05:23:21 +0200] "GET /games-toys-c-4.html?page=6 HTTP/1.0" 200 94749 "-" "Mozilla/5.0 (compatible; AhrefsBot/7.0; +http://ahrefs.com/robot/)"
216.244.66.242 - - [04/Sep/2023:05:24:12 +0200] "GET /breakfast-c-12_61.html?page=3 HTTP/1.0" 200 95696 "-" "Mozilla/5.0 (compatible; DotBot/1.2; +https://opensiteexplorer.org/dotbot; help@moz.com)"
163.152.29.149 - - [04/Sep/2023:05:25:09 +0200] "GET /images/mini_prod/3660173176314.jpg HTTP/1.0" 200 269 "-" "Mozilla/5.0 (X11; Ubuntu; Linux x86_64; rv:72.0) Gecko/20100101 Firefox/72.0"
163.152.29.149 - - [04/Sep/2023:05:25:44 +0200] "GET /images/mini_prod/MISES-EN-SITUATION-08.jpg HTTP/1.0" 200 277 "-" "Mozilla/5.0 (X11; Ubuntu; Linux x86_64; rv:72.0) Gecko/20100101 Firefox/72.0"
17.241.227.40 - - [04/Sep/2023:05:26:46 +0200] "GET /images/big_prod_1/8422810094994a.jpg HTTP/1.0" 200 271 "-" "Mozilla/5.0 (Macintosh; Intel Mac OS X 10_15_5) AppleWebKit/605.1.15 (KHTML, like Gecko) Version/13.1.1 Safari/605.1.15 (Applebot/0.1; +http://www.apple.com/go/applebot)"
54.36.149.98 - - [04/Sep/2023:05:27:16 +0200] "GET /bowls-c-12_60.html?page=3 HTTP/1.0" 200 94691 "-" "Mozilla/5.0 (compatible; AhrefsBot/7.0; +http://ahrefs.com/robot/)"
211.130.63.227 - - [04/Sep/2023:05:28:49 +0200] "GET /images/mini_prod/3700574900535.jpg HTTP/1.0" 200 269 "-" "Mozilla/5.0 (X11; Ubuntu; Linux x86_64; rv:72.0) Gecko/20100101 Firefox/72.0"
66.249.66.206 - - [04/Sep/2023:05:29:16 +0200] "GET /images/mini_prod/3442440318784.jpg HTTP/1.0" 200 269 "-" "Googlebot-Image/1.0"
216.244.66.242 - - [04/Sep/2023:05:29:22 +0200] "GET /gorjuss-sparkle-bloom-rucksack-love-grows-p-52376.html HTTP/1.0" 200 77199 "-" "Mozilla/5.0 (compatible; DotBot/1.2; +https://opensiteexplorer.org/dotbot; help@moz.com)"
17.241.219.132 - - [04/Sep/2023:05:31:00 +0200] "GET /images/big_prod/8424345302193D.jpg HTTP/1.0" 200 269 "-" "Mozilla/5.0 (Macintosh; Intel Mac OS X 10_15_5) AppleWebKit/605.1.15 (KHTML, like Gecko) Version/13.1.1 Safari/605.1.15 (Applebot/0.1; +http://www.apple.com/go/applebot)"
54.36.148.75 - - [04/Sep/2023:05:31:04 +0200] "GET /metal-wall-decor-c-13_308.html?page=4 HTTP/1.0" 200 81004 "-" "Mozilla/5.0 (compatible; AhrefsBot/7.0; +http://ahrefs.com/robot/)"
216.244.66.242 - - [04/Sep/2023:05:31:09 +0200] "GET /gorilla-teapot-paul-cardew-p-35268.html HTTP/1.0" 200 75977 "-" "Mozilla/5.0 (compatible; DotBot/1.2; +https://opensiteexplorer.org/dotbot; help@moz.com)"
114.119.130.255 - - [04/Sep/2023:05:31:50 +0200] "GET /wunzees-doll-65-cm-series-penny-the-pig-p-45119.html HTTP/1.0" 301 76876 "http://www.wonder-geek.com/home-and-decoration-c-13.html?page=92" "Mozilla/5.0 (Linux; Android 7.0;) AppleWebKit/537.36 (KHTML, like Gecko) Mobile Safari/537.36 (compatible; PetalBot;+https://webmaster.petalsearch.com/site/petalbot)"
114.119.130.255 - - [04/Sep/2023:05:31:53 +0200] "GET /wunzees-doll-series-penny-p-45119.html HTTP/1.0" 200 76784 "http://www.wonder-geek.com/home-and-decoration-c-13.html?page=92" "Mozilla/5.0 (Linux; Android 7.0;) AppleWebKit/537.36 (KHTML, like Gecko) Mobile Safari/537.36 (compatible; PetalBot;+https://webmaster.petalsearch.com/site/petalbot)"
66.249.66.207 - - [04/Sep/2023:05:32:07 +0200] "GET /miss-photo-frame-p-5145.html HTTP/1.0" 200 75951 "-" "Mozilla/5.0 (compatible; Googlebot/2.1; +http://www.google.com/bot.html)"
114.119.129.110 - - [04/Sep/2023:05:32:26 +0200] "GET /toucans-porcelain-bowl-p-44482.html HTTP/1.0" 200 75943 "http://www.wonder-geek.com/bowls-c-12_60.html?page=2" "Mozilla/5.0 (Linux; Android 7.0;) AppleWebKit/537.36 (KHTML, like Gecko) Mobile Safari/537.36 (compatible; PetalBot;+https://webmaster.petalsearch.com/site/petalbot)"
91.201.7.254 - - [04/Sep/2023:05:33:18 +0200] "GET /images/mini_prod/3609810065154.jpg HTTP/1.0" 200 269 "-" "Mozilla/5.0 (X11; Ubuntu; Linux x86_64; rv:72.0) Gecko/20100101 Firefox/72.0"
17.241.75.188 - - [04/Sep/2023:05:33:26 +0200] "GET /images/big_prod_2/8719497611546b.jpg HTTP/1.0" 200 271 "-" "Mozilla/5.0 (Macintosh; Intel Mac OS X 10_15_5) AppleWebKit/605.1.15 (KHTML, like Gecko) Version/13.1.1 Safari/605.1.15 (Applebot/0.1; +http://www.apple.com/go/applebot)"
114.119.151.171 - - [04/Sep/2023:05:33:33 +0200] "GET /table-mirror-with-tablet-p-49273.html HTTP/1.0" 200 73668 "http://www.wonder-geek.com/home-decoration-c-13.html?page=216" "Mozilla/5.0 (Linux; Android 7.0;) AppleWebKit/537.36 (KHTML, like Gecko) Mobile Safari/537.36 (compatible; PetalBot;+https://webmaster.petalsearch.com/site/petalbot)"
114.119.134.212 - - [04/Sep/2023:05:34:37 +0200] "GET /new-york-yankees-school-bag-38-cm-p-41167.html HTTP/1.0" 301 76551 "http://www.wonder-geek.com/kids-school-bag-c-31_80.html?page=1" "Mozilla/5.0 (Linux; Android 7.0;) AppleWebKit/537.36 (KHTML, like Gecko) Mobile Safari/537.36 (compatible; PetalBot;+https://webmaster.petalsearch.com/site/petalbot)"
114.119.134.212 - - [04/Sep/2023:05:34:40 +0200] "GET /york-yankees-school-p-41167.html HTTP/1.0" 200 76465 "http://www.wonder-geek.com/kids-school-bag-c-31_80.html?page=1" "Mozilla/5.0 (Linux; Android 7.0;) AppleWebKit/537.36 (KHTML, like Gecko) Mobile Safari/537.36 (compatible; PetalBot;+https://webmaster.petalsearch.com/site/petalbot)"
54.36.149.14 - - [04/Sep/2023:05:35:02 +0200] "GET /bowls-c-12_60.html?page=2 HTTP/1.0" 200 94374 "-" "Mozilla/5.0 (compatible; AhrefsBot/7.0; +http://ahrefs.com/robot/)"
69.28.236.4 - - [04/Sep/2023:05:35:30 +0200] "GET /images/mini_prod/3661443610439.jpg HTTP/1.0" 200 269 "-" "Mozilla/5.0 (X11; Ubuntu; Linux x86_64; rv:72.0) Gecko/20100101 Firefox/72.0"
114.119.153.152 - - [04/Sep/2023:05:36:04 +0200] "GET /forest-shower-curtain-p-39389.html HTTP/1.0" 200 73682 "http://www.wonder-geek.com/shower-curtain-c-11_168.html" "Mozilla/5.0 (Linux; Android 7.0;) AppleWebKit/537.36 (KHTML, like Gecko) Mobile Safari/537.36 (compatible; PetalBot;+https://webmaster.petalsearch.com/site/petalbot)"
163.152.29.149 - - [04/Sep/2023:05:36:28 +0200] "GET /images/mini_prod/8717318129119.jpg HTTP/1.0" 200 269 "-" "Mozilla/5.0 (X11; Ubuntu; Linux x86_64; rv:72.0) Gecko/20100101 Firefox/72.0"
114.119.158.212 - - [04/Sep/2023:05:36:31 +0200] "GET /cars-mug-milk-p-27658.html HTTP/1.0" 301 73692 "http://www.wonder-geek.com/mugs-and-mazagrans-c-12_57.html" "Mozilla/5.0 (Linux; Android 7.0;) AppleWebKit/537.36 (KHTML, like Gecko) Mobile Safari/537.36 (compatible; PetalBot;+https://webmaster.petalsearch.com/site/petalbot)"
114.119.158.212 - - [04/Sep/2023:05:36:34 +0200] "GET /cars-milk-p-27658.html HTTP/1.0" 200 73616 "http://www.wonder-geek.com/mugs-and-mazagrans-c-12_57.html" "Mozilla/5.0 (Linux; Android 7.0;) AppleWebKit/537.36 (KHTML, like Gecko) Mobile Safari/537.36 (compatible; PetalBot;+https://webmaster.petalsearch.com/site/petalbot)"
114.119.157.214 - - [04/Sep/2023:05:37:49 +0200] "GET /boat-bell-to-fix-on-the-wall-p-49460.html HTTP/1.0" 301 73737 "http://www.wonder-geek.com/home-and-decoration-c-13.html?page=229" "Mozilla/5.0 (Linux; Android 7.0;) AppleWebKit/537.36 (KHTML, like Gecko) Mobile Safari/537.36 (compatible; PetalBot;+https://webmaster.petalsearch.com/site/petalbot)"
114.119.157.214 - - [04/Sep/2023:05:37:53 +0200] "GET /boat-bell-wall-p-49460.html HTTP/1.0" 200 73656 "http://www.wonder-geek.com/home-and-decoration-c-13.html?page=229" "Mozilla/5.0 (Linux; Android 7.0;) AppleWebKit/537.36 (KHTML, like Gecko) Mobile Safari/537.36 (compatible; PetalBot;+https://webmaster.petalsearch.com/site/petalbot)"
17.241.227.86 - - [04/Sep/2023:05:38:30 +0200] "GET /images/big_prod_1/3609810065482E.jpg HTTP/1.0" 200 271 "-" "Mozilla/5.0 (Macintosh; Intel Mac OS X 10_15_5) AppleWebKit/605.1.15 (KHTML, like Gecko) Version/13.1.1 Safari/605.1.15 (Applebot/0.1; +http://www.apple.com/go/applebot)"
54.36.148.231 - - [04/Sep/2023:05:38:47 +0200] "GET /figurines-statuettes-statues-decoration-collection-c-292.html?page=1 HTTP/1.0" 200 96107 "-" "Mozilla/5.0 (compatible; AhrefsBot/7.0; +http://ahrefs.com/robot/)"
114.119.152.27 - - [04/Sep/2023:05:38:54 +0200] "GET /dessert-dish-glass-with-anti-slip-feet-p-58314.html HTTP/1.0" 200 76038 "http://www.wonder-geek.com/trivet-and-boards-cut-c-12_158.html?page=1" "Mozilla/5.0 (Linux; Android 7.0;) AppleWebKit/537.36 (KHTML, like Gecko) Mobile Safari/537.36 (compatible; PetalBot;+https://webmaster.petalsearch.com/site/petalbot)"
51.68.224.127 - - [04/Sep/2023:05:39:54 +0200] "GET /adminweb/export_orders_xml.php?token=256de2z6edz6ed2z6DFSFsed2zed6zeDSFDSGdzedezfzf&maxorders=10&orderstart=1&status=14&start_date=2018-10-01 HTTP/1.0" 200 285 "-" "GesCom CharlotteBoutik Serveur"
51.68.224.127 - - [04/Sep/2023:05:39:54 +0200] "GET /adminweb/export_orders_xml.php?token=256de2z6edz6ed2z6DFSFsed2zed6zeDSFDSGdzedezfzf&maxorders=10&orderstart=1&status=6&start_date=2018-10-01 HTTP/1.0" 200 33963 "-" "GesCom CharlotteBoutik Serveur"
69.28.236.4 - - [04/Sep/2023:05:41:06 +0200] "GET /images/mini_prod/3503420096426.jpg HTTP/1.0" 200 269 "-" "Mozilla/5.0 (X11; Ubuntu; Linux x86_64; rv:72.0) Gecko/20100101 Firefox/72.0"
87.250.224.74 - - [04/Sep/2023:05:41:24 +0200] "GET /images/big_prod/3665269198126b.jpg HTTP/1.0" 200 269 "-" "Mozilla/5.0 (compatible; YandexMarket/2.0; +http://yandex.com/bots)"
213.180.203.231 - - [04/Sep/2023:05:41:25 +0200] "GET /images/big_prod/3665269198126b.jpg HTTP/1.0" 200 269 "-" "Mozilla/5.0 (compatible; YandexImages/3.0; +http://yandex.com/bots)"
17.241.227.59 - - [04/Sep/2023:05:41:30 +0200] "GET /images/big_prod/7316191496052.jpg HTTP/1.0" 200 268 "-" "Mozilla/5.0 (Macintosh; Intel Mac OS X 10_15_5) AppleWebKit/605.1.15 (KHTML, like Gecko) Version/13.1.1 Safari/605.1.15 (Applebot/0.1; +http://www.apple.com/go/applebot)"
54.36.149.17 - - [04/Sep/2023:05:42:54 +0200] "GET /games-toys-c-4.html?page=2 HTTP/1.0" 200 95709 "-" "Mozilla/5.0 (compatible; AhrefsBot/7.0; +http://ahrefs.com/robot/)"
17.241.219.128 - - [04/Sep/2023:05:43:11 +0200] "GET /images/big_prod/1300000024013.jpg HTTP/1.0" 200 268 "-" "Mozilla/5.0 (Macintosh; Intel Mac OS X 10_15_5) AppleWebKit/605.1.15 (KHTML, like Gecko) Version/13.1.1 Safari/605.1.15 (Applebot/0.1; +http://www.apple.com/go/applebot)"
3.93.189.86 - - [04/Sep/2023:05:43:51 +0200] "GET /images/mini_prod/8422000053541.jpg HTTP/1.0" 200 269 "-" "Mozilla/5.0 (X11; Ubuntu; Linux x86_64; rv:72.0) Gecko/20100101 Firefox/72.0"
209.141.35.254 - - [04/Sep/2023:05:44:00 +0200] "GET /images/mini_prod/3079091105175.jpg HTTP/1.0" 200 269 "-" "Mozilla/5.0 (X11; Ubuntu; Linux x86_64; rv:72.0) Gecko/20100101 Firefox/72.0"
163.152.29.149 - - [04/Sep/2023:05:44:32 +0200] "GET /images/mini_prod/3453131130417.jpg HTTP/1.0" 200 269 "-" "Mozilla/5.0 (X11; Ubuntu; Linux x86_64; rv:72.0) Gecko/20100101 Firefox/72.0"
150.109.196.248 - - [04/Sep/2023:05:44:52 +0200] "GET /images/3453131103527.jpg HTTP/1.0" 200 259 "-" "Mozilla/5.0 (X11; Ubuntu; Linux x86_64; rv:72.0) Gecko/20100101 Firefox/72.0"
185.191.171.3 - - [04/Sep/2023:05:45:02 +0200] "GET /skull-moneybox-hear-nothing-p-52307.html HTTP/1.0" 200 75929 "-" "Mozilla/5.0 (compatible; SemrushBot/7~bl; +http://www.semrush.com/bot.html)"
17.241.75.38 - - [04/Sep/2023:05:45:11 +0200] "GET /images/big_prod_4/4250255858260d.jpg HTTP/1.0" 200 271 "-" "Mozilla/5.0 (Macintosh; Intel Mac OS X 10_15_5) AppleWebKit/605.1.15 (KHTML, like Gecko) Version/13.1.1 Safari/605.1.15 (Applebot/0.1; +http://www.apple.com/go/applebot)"
17.241.219.122 - - [04/Sep/2023:05:45:47 +0200] "GET /images/mini_prod/3665269293487N.jpg HTTP/1.0" 200 270 "-" "Mozilla/5.0 (Macintosh; Intel Mac OS X 10_15_5) AppleWebKit/605.1.15 (KHTML, like Gecko) Version/13.1.1 Safari/605.1.15 (Applebot/0.1; +http://www.apple.com/go/applebot)"
192.99.15.185 - - [04/Sep/2023:05:46:21 +0200] "GET /robots.txt HTTP/1.0" 200 245 "-" "Mozilla/5.0 (compatible; MJ12bot/v1.4.8; http://mj12bot.com/)"
192.99.15.185 - - [04/Sep/2023:05:46:24 +0200] "GET /ceramic-bowl-in-relief-formidable-la-nana-p-45504.html HTTP/1.0" 301 73649 "-" "Mozilla/5.0 (compatible; MJ12bot/v1.4.8; http://mj12bot.com/)"
192.99.15.185 - - [04/Sep/2023:05:46:27 +0200] "GET /-p-45504.html HTTP/1.0" 200 73582 "-" "Mozilla/5.0 (compatible; MJ12bot/v1.4.8; http://mj12bot.com/)"
192.99.15.185 - - [04/Sep/2023:05:46:31 +0200] "GET /ceramic-cork-trivet-cement-tiles-p-53063.html HTTP/1.0" 200 76075 "-" "Mozilla/5.0 (compatible; MJ12bot/v1.4.8; http://mj12bot.com/)"
183.166.160.175 - - [04/Sep/2023:05:46:35 +0200] "GET /images/mini_prod/8435107825133.jpg HTTP/1.0" 404 1308 "-" "Mozilla/5.0 (Macintosh; Intel Mac OS X 10_13_5) AppleWebKit/537.36 (KHTML, like Gecko) Chrome/69.0.3497.100 Safari/537.36"
192.99.15.185 - - [04/Sep/2023:05:46:35 +0200] "GET /ceramic-cork-trivet-mandala-p-53067.html HTTP/1.0" 200 76041 "-" "Mozilla/5.0 (compatible; MJ12bot/v1.4.8; http://mj12bot.com/)"
192.99.15.185 - - [04/Sep/2023:05:46:39 +0200] "GET /ceramic-dish-p-45703.html HTTP/1.0" 200 75869 "-" "Mozilla/5.0 (compatible; MJ12bot/v1.4.8; http://mj12bot.com/)"
192.99.15.185 - - [04/Sep/2023:05:46:42 +0200] "GET /ceramic-incense-stick-holder-carp-p-60508.html HTTP/1.0" 200 76818 "-" "Mozilla/5.0 (compatible; MJ12bot/v1.4.8; http://mj12bot.com/)"
192.99.15.185 - - [04/Sep/2023:05:46:45 +0200] "GET /ceramic-incense-stick-holder-lotus-flowers-p-60510.html HTTP/1.0" 200 76869 "-" "Mozilla/5.0 (compatible; MJ12bot/v1.4.8; http://mj12bot.com/)"
192.99.15.185 - - [04/Sep/2023:05:46:49 +0200] "GET /ceramic-incense-stick-holder-lucky-cranes-p-60507.html HTTP/1.0" 200 76863 "-" "Mozilla/5.0 (compatible; MJ12bot/v1.4.8; http://mj12bot.com/)"
192.99.15.185 - - [04/Sep/2023:05:46:54 +0200] "GET /ceramic-incense-stick-holder-mandala-p-60509.html HTTP/1.0" 200 76817 "-" "Mozilla/5.0 (compatible; MJ12bot/v1.4.8; http://mj12bot.com/)"
192.99.15.185 - - [04/Sep/2023:05:46:57 +0200] "GET /ceramic-meow-collection-p-54475.html HTTP/1.0" 200 75957 "-" "Mozilla/5.0 (compatible; MJ12bot/v1.4.8; http://mj12bot.com/)"
192.99.15.185 - - [04/Sep/2023:05:47:01 +0200] "GET /ceramic-metal-lamp-p-52768.html HTTP/1.0" 200 76027 "-" "Mozilla/5.0 (compatible; MJ12bot/v1.4.8; http://mj12bot.com/)"
54.36.148.193 - - [04/Sep/2023:05:47:01 +0200] "GET /gogh-little-tray-p-51669.html HTTP/1.0" 200 79577 "-" "Mozilla/5.0 (compatible; AhrefsBot/7.0; +http://ahrefs.com/robot/)"
192.99.15.185 - - [04/Sep/2023:05:47:04 +0200] "GET /ceramic-salt-box-with-spoon-nautilus-p-47868.html HTTP/1.0" 301 73649 "-" "Mozilla/5.0 (compatible; MJ12bot/v1.4.8; http://mj12bot.com/)"
192.99.15.185 - - [04/Sep/2023:05:47:07 +0200] "GET /-p-47868.html HTTP/1.0" 200 73582 "-" "Mozilla/5.0 (compatible; MJ12bot/v1.4.8; http://mj12bot.com/)"
192.99.15.185 - - [04/Sep/2023:05:47:13 +0200] "GET /ceramic-salt-pot-with-spoon-flammy-p-47874.html HTTP/1.0" 301 76819 "-" "Mozilla/5.0 (compatible; MJ12bot/v1.4.8; http://mj12bot.com/)"
192.99.15.185 - - [04/Sep/2023:05:47:17 +0200] "GET /ceramic-salt-with-spoon-flammy-p-47874.html HTTP/1.0" 200 76722 "-" "Mozilla/5.0 (compatible; MJ12bot/v1.4.8; http://mj12bot.com/)"
192.99.15.185 - - [04/Sep/2023:05:47:22 +0200] "GET /ceramic-salt-with-spoon-flammy-p-47874.html HTTP/1.0" 200 76722 "-" "Mozilla/5.0 (compatible; MJ12bot/v1.4.8; http://mj12bot.com/)"
211.130.63.227 - - [04/Sep/2023:05:47:28 +0200] "GET /images/mini_prod/8719075391372a.jpg HTTP/1.0" 200 270 "-" "Mozilla/5.0 (X11; Ubuntu; Linux x86_64; rv:72.0) Gecko/20100101 Firefox/72.0"
192.99.15.185 - - [04/Sep/2023:05:47:29 +0200] "GET /ceramic-vase-peacock-39-cm-p-49607.html HTTP/1.0" 301 73751 "-" "Mozilla/5.0 (compatible; MJ12bot/v1.4.8; http://mj12bot.com/)"
192.99.15.185 - - [04/Sep/2023:05:47:33 +0200] "GET /ceramic-vase-peacock-p-49607.html HTTP/1.0" 200 73664 "-" "Mozilla/5.0 (compatible; MJ12bot/v1.4.8; http://mj12bot.com/)"
192.99.15.185 - - [04/Sep/2023:05:47:38 +0200] "GET /ceramic-vase-silver-tree-20-cm-p-53021.html HTTP/1.0" 301 73649 "-" "Mozilla/5.0 (compatible; MJ12bot/v1.4.8; http://mj12bot.com/)"
192.99.15.185 - - [04/Sep/2023:05:47:43 +0200] "GET /-p-53021.html HTTP/1.0" 200 73582 "-" "Mozilla/5.0 (compatible; MJ12bot/v1.4.8; http://mj12bot.com/)"
192.99.15.185 - - [04/Sep/2023:05:47:47 +0200] "GET /ceramic-vase-silver-tree-23-cm-p-53020.html HTTP/1.0" 301 73649 "-" "Mozilla/5.0 (compatible; MJ12bot/v1.4.8; http://mj12bot.com/)"
192.99.15.185 - - [04/Sep/2023:05:47:50 +0200] "GET /-p-53020.html HTTP/1.0" 200 73582 "-" "Mozilla/5.0 (compatible; MJ12bot/v1.4.8; http://mj12bot.com/)"
192.99.15.185 - - [04/Sep/2023:05:48:01 +0200] "GET /ceramic-vase-silver-tree-p-53020.html HTTP/1.0" 301 73649 "-" "Mozilla/5.0 (compatible; MJ12bot/v1.4.8; http://mj12bot.com/)"
192.99.15.185 - - [04/Sep/2023:05:48:04 +0200] "GET /-p-53020.html HTTP/1.0" 200 73582 "-" "Mozilla/5.0 (compatible; MJ12bot/v1.4.8; http://mj12bot.com/)"
150.109.109.160 - - [04/Sep/2023:05:48:09 +0200] "GET /images/mini_prod/3609810052239.jpg HTTP/1.0" 200 269 "-" "Mozilla/5.0 (X11; Ubuntu; Linux x86_64; rv:72.0) Gecko/20100101 Firefox/72.0"
192.99.15.185 - - [04/Sep/2023:05:48:09 +0200] "GET /ceramic-vase-silver-tree-p-53021.html HTTP/1.0" 301 73649 "-" "Mozilla/5.0 (compatible; MJ12bot/v1.4.8; http://mj12bot.com/)"
192.99.15.185 - - [04/Sep/2023:05:48:12 +0200] "GET /-p-53021.html HTTP/1.0" 200 73582 "-" "Mozilla/5.0 (compatible; MJ12bot/v1.4.8; http://mj12bot.com/)"
192.99.15.185 - - [04/Sep/2023:05:48:15 +0200] "GET /chair-cushion-naomie-p-60523.html HTTP/1.0" 200 76828 "-" "Mozilla/5.0 (compatible; MJ12bot/v1.4.8; http://mj12bot.com/)"
192.99.15.185 - - [04/Sep/2023:05:48:19 +0200] "GET /chair-cushion-reversible-green-and-lin-38-cm-p-46885.html HTTP/1.0" 301 73649 "-" "Mozilla/5.0 (compatible; MJ12bot/v1.4.8; http://mj12bot.com/)"
192.99.15.185 - - [04/Sep/2023:05:48:23 +0200] "GET /-p-46885.html HTTP/1.0" 200 73582 "-" "Mozilla/5.0 (compatible; MJ12bot/v1.4.8; http://mj12bot.com/)"
192.99.15.185 - - [04/Sep/2023:05:48:27 +0200] "GET /chair-cushion-scratchs-green-38-cm-p-51735.html HTTP/1.0" 301 76147 "-" "Mozilla/5.0 (compatible; MJ12bot/v1.4.8; http://mj12bot.com/)"
192.99.15.185 - - [04/Sep/2023:05:48:30 +0200] "GET /chair-cushion-scratchs-green-p-51735.html HTTP/1.0" 200 76052 "-" "Mozilla/5.0 (compatible; MJ12bot/v1.4.8; http://mj12bot.com/)"
52.167.144.116 - - [04/Sep/2023:05:48:33 +0200] "GET /images/3454141118716.jpg HTTP/1.0" 200 259 "-" "Mozilla/5.0 AppleWebKit/537.36 (KHTML, like Gecko; compatible; bingbot/2.0; +http://www.bing.com/bingbot.htm) Chrome/103.0.5060.134 Safari/537.36"
192.99.15.185 - - [04/Sep/2023:05:48:34 +0200] "GET /chair-cushion-scratchs-green-p-51735.html HTTP/1.0" 200 76052 "-" "Mozilla/5.0 (compatible; MJ12bot/v1.4.8; http://mj12bot.com/)"
192.99.15.185 - - [04/Sep/2023:05:48:38 +0200] "GET /chair-cushion-sides-green-and-grey-40-cm-p-47893.html HTTP/1.0" 301 73787 "-" "Mozilla/5.0 (compatible; MJ12bot/v1.4.8; http://mj12bot.com/)"
192.99.15.185 - - [04/Sep/2023:05:48:42 +0200] "GET /chair-cushion-sides-green-grey-p-47893.html HTTP/1.0" 200 73690 "-" "Mozilla/5.0 (compatible; MJ12bot/v1.4.8; http://mj12bot.com/)"
192.99.15.185 - - [04/Sep/2023:05:48:49 +0200] "GET /chair-cushion-sides-green-grey-p-47893.html HTTP/1.0" 200 73690 "-" "Mozilla/5.0 (compatible; MJ12bot/v1.4.8; http://mj12bot.com/)"
192.99.15.185 - - [04/Sep/2023:05:48:53 +0200] "GET /chair-cushion-velcro-green-38-cm-p-51735.html HTTP/1.0" 301 76147 "-" "Mozilla/5.0 (compatible; MJ12bot/v1.4.8; http://mj12bot.com/)"
192.99.15.185 - - [04/Sep/2023:05:48:56 +0200] "GET /chair-cushion-scratchs-green-p-51735.html HTTP/1.0" 200 76052 "-" "Mozilla/5.0 (compatible; MJ12bot/v1.4.8; http://mj12bot.com/)"
192.99.15.185 - - [04/Sep/2023:05:49:02 +0200] "GET /chairs-and-stools-c-207.html HTTP/1.0" 301 79039 "-" "Mozilla/5.0 (compatible; MJ12bot/v1.4.8; http://mj12bot.com/)"
192.99.15.185 - - [04/Sep/2023:05:49:07 +0200] "GET /chairs-stools-c-13_207.html HTTP/1.0" 200 79081 "-" "Mozilla/5.0 (compatible; MJ12bot/v1.4.8; http://mj12bot.com/)"
192.99.15.185 - - [04/Sep/2023:05:49:10 +0200] "GET /chairs-cushion-c-11_165.html?page=4 HTTP/1.0" 200 94968 "-" "Mozilla/5.0 (compatible; MJ12bot/v1.4.8; http://mj12bot.com/)"
192.99.15.185 - - [04/Sep/2023:05:49:14 +0200] "GET /chairs-cushion-c-11_165.html?page=5 HTTP/1.0" 200 83829 "-" "Mozilla/5.0 (compatible; MJ12bot/v1.4.8; http://mj12bot.com/)"
192.99.15.185 - - [04/Sep/2023:05:49:21 +0200] "GET /chaises-et-tabourets-c-13_207.html HTTP/1.0" 301 79159 "-" "Mozilla/5.0 (compatible; MJ12bot/v1.4.8; http://mj12bot.com/)"
192.99.15.185 - - [04/Sep/2023:05:49:25 +0200] "GET /chairs-stools-c-207.html HTTP/1.0" 301 79039 "-" "Mozilla/5.0 (compatible; MJ12bot/v1.4.8; http://mj12bot.com/)"
192.99.15.185 - - [04/Sep/2023:05:49:29 +0200] "GET /chairs-stools-c-13_207.html HTTP/1.0" 200 79081 "-" "Mozilla/5.0 (compatible; MJ12bot/v1.4.8; http://mj12bot.com/)"
192.99.15.185 - - [04/Sep/2023:05:49:33 +0200] "GET /chaises-tabourets-c-13_207.html HTTP/1.0" 301 79159 "-" "Mozilla/5.0 (compatible; MJ12bot/v1.4.8; http://mj12bot.com/)"
192.99.15.185 - - [04/Sep/2023:05:49:38 +0200] "GET /chairs-stools-c-207.html HTTP/1.0" 301 79039 "-" "Mozilla/5.0 (compatible; MJ12bot/v1.4.8; http://mj12bot.com/)"
192.99.15.185 - - [04/Sep/2023:05:49:43 +0200] "GET /chairs-stools-c-13_207.html HTTP/1.0" 200 79081 "-" "Mozilla/5.0 (compatible; MJ12bot/v1.4.8; http://mj12bot.com/)"
91.201.7.254 - - [04/Sep/2023:05:49:49 +0200] "GET /images/mini_prod/3700653511607.jpg HTTP/1.0" 200 269 "-" "Mozilla/5.0 (X11; Ubuntu; Linux x86_64; rv:72.0) Gecko/20100101 Firefox/72.0"
192.99.15.185 - - [04/Sep/2023:05:49:48 +0200] "GET /chapeau-charlotte-aux-fraises-brode-rose-ans-p-22143.html HTTP/1.0" 301 76178 "-" "Mozilla/5.0 (compatible; MJ12bot/v1.4.8; http://mj12bot.com/)"
114.119.134.165 - - [04/Sep/2023:05:49:51 +0200] "GET /poppies-claude-monet-isothermic-stainless-steel-bottle-p-57588.html HTTP/1.0" 200 76909 "http://www.wonder-geek.com/water-bottles-and-sport-bottles-c-12_161.html?page=5" "Mozilla/5.0 (Linux; Android 7.0;) AppleWebKit/537.36 (KHTML, like Gecko) Mobile Safari/537.36 (compatible; PetalBot;+https://webmaster.petalsearch.com/site/petalbot)"
192.99.15.185 - - [04/Sep/2023:05:49:54 +0200] "GET /strawberry-shortcake-years-p-22143.html HTTP/1.0" 200 76085 "-" "Mozilla/5.0 (compatible; MJ12bot/v1.4.8; http://mj12bot.com/)"
192.99.15.185 - - [04/Sep/2023:05:49:58 +0200] "GET /chat-frida-boite-cadeau-p-56932.html HTTP/1.0" 301 77210 "-" "Mozilla/5.0 (compatible; MJ12bot/v1.4.8; http://mj12bot.com/)"
192.99.15.185 - - [04/Sep/2023:05:50:02 +0200] "GET /white-ceramic-striped-gift-p-56932.html HTTP/1.0" 200 77117 "-" "Mozilla/5.0 (compatible; MJ12bot/v1.4.8; http://mj12bot.com/)"
192.99.15.185 - - [04/Sep/2023:05:50:06 +0200] "GET /chats-dubout-dressage-p-55395.html HTTP/1.0" 301 73755 "-" "Mozilla/5.0 (compatible; MJ12bot/v1.4.8; http://mj12bot.com/)"
192.99.15.185 - - [04/Sep/2023:05:50:10 +0200] "GET /cats-dubout-large-bowl-p-55395.html HTTP/1.0" 200 73666 "-" "Mozilla/5.0 (compatible; MJ12bot/v1.4.8; http://mj12bot.com/)"
192.99.15.185 - - [04/Sep/2023:05:50:13 +0200] "GET /chats-dubout-troisime-oeil-p-55483.html HTTP/1.0" 301 73732 "-" "Mozilla/5.0 (compatible; MJ12bot/v1.4.8; http://mj12bot.com/)"
192.99.15.185 - - [04/Sep/2023:05:50:18 +0200] "GET /dubout-cats-white-p-55483.html HTTP/1.0" 200 73648 "-" "Mozilla/5.0 (compatible; MJ12bot/v1.4.8; http://mj12bot.com/)"
192.99.15.185 - - [04/Sep/2023:05:50:21 +0200] "GET /chats-musiciens-porcelaine-kiub-p-57953.html HTTP/1.0" 301 76795 "-" "Mozilla/5.0 (compatible; MJ12bot/v1.4.8; http://mj12bot.com/)"
192.99.15.185 - - [04/Sep/2023:05:50:24 +0200] "GET /porcelain-musician-cats-kiub-p-57953.html HTTP/1.0" 200 76700 "-" "Mozilla/5.0 (compatible; MJ12bot/v1.4.8; http://mj12bot.com/)"
193.70.81.116 - - [04/Sep/2023:05:50:27 +0200] "GET /robots.txt HTTP/1.0" 200 245 "-" "Mozilla/5.0 (compatible; MJ12bot/v1.4.8; http://mj12bot.com/)"
192.99.15.185 - - [04/Sep/2023:05:50:28 +0200] "GET /chauffe-main-pche-peux-trop-froid-p-56151.html HTTP/1.0" 301 73841 "-" "Mozilla/5.0 (compatible; MJ12bot/v1.4.8; http://mj12bot.com/)"
193.70.81.116 - - [04/Sep/2023:05:50:31 +0200] "GET /aromatic-stearin-candle-hours-chakra-p-39493.html HTTP/1.0" 200 78233 "-" "Mozilla/5.0 (compatible; MJ12bot/v1.4.8; http://mj12bot.com/)"
192.99.15.185 - - [04/Sep/2023:05:50:32 +0200] "GET /orange-pocket-warmer-peux-trop-froid-p-56151.html HTTP/1.0" 200 73738 "-" "Mozilla/5.0 (compatible; MJ12bot/v1.4.8; http://mj12bot.com/)"
192.99.15.185 - - [04/Sep/2023:05:50:36 +0200] "GET /chaussettes-c-1_141.html HTTP/1.0" 301 81016 "-" "Mozilla/5.0 (compatible; MJ12bot/v1.4.8; http://mj12bot.com/)"
192.99.15.185 - - [04/Sep/2023:05:50:40 +0200] "GET /socks-c-141.html HTTP/1.0" 301 80918 "-" "Mozilla/5.0 (compatible; MJ12bot/v1.4.8; http://mj12bot.com/)"
193.70.81.116 - - [04/Sep/2023:05:50:41 +0200] "GET /aromatic-stearin-candle-hours-chakras-p-39495.html HTTP/1.0" 200 78197 "-" "Mozilla/5.0 (compatible; MJ12bot/v1.4.8; http://mj12bot.com/)"
192.99.15.185 - - [04/Sep/2023:05:50:44 +0200] "GET /socks-c-1_141.html HTTP/1.0" 200 80946 "-" "Mozilla/5.0 (compatible; MJ12bot/v1.4.8; http://mj12bot.com/)"
193.70.81.116 - - [04/Sep/2023:05:50:47 +0200] "GET /blue-brown-tone-fragrance-burner-p-58569.html HTTP/1.0" 200 77016 "-" "Mozilla/5.0 (compatible; MJ12bot/v1.4.8; http://mj12bot.com/)"
192.99.15.185 - - [04/Sep/2023:05:50:47 +0200] "GET /chaussettes-c-2_142.html HTTP/1.0" 301 82642 "-" "Mozilla/5.0 (compatible; MJ12bot/v1.4.8; http://mj12bot.com/)"
114.119.129.113 - - [04/Sep/2023:05:50:48 +0200] "GET /mug-with-spoon-klimt-tree-of-life-p-51377.html HTTP/1.0" 301 76909 "http://www.wonder-geek.com/mugs-and-mazagrans-c-12_57.html?page=19" "Mozilla/5.0 (Linux; Android 7.0;) AppleWebKit/537.36 (KHTML, like Gecko) Mobile Safari/537.36 (compatible; PetalBot;+https://webmaster.petalsearch.com/site/petalbot)"
114.119.129.113 - - [04/Sep/2023:05:50:51 +0200] "GET /with-spoon-klimt-tree-life-p-51377.html HTTP/1.0" 200 76816 "http://www.wonder-geek.com/mugs-and-mazagrans-c-12_57.html?page=19" "Mozilla/5.0 (Linux; Android 7.0;) AppleWebKit/537.36 (KHTML, like Gecko) Mobile Safari/537.36 (compatible; PetalBot;+https://webmaster.petalsearch.com/site/petalbot)"
192.99.15.185 - - [04/Sep/2023:05:50:52 +0200] "GET /socks-c-142.html HTTP/1.0" 301 82546 "-" "Mozilla/5.0 (compatible; MJ12bot/v1.4.8; http://mj12bot.com/)"
193.70.81.116 - - [04/Sep/2023:05:50:52 +0200] "GET /bourbon-spice-scented-candle-zippo-made-p-51915.html HTTP/1.0" 200 77451 "-" "Mozilla/5.0 (compatible; MJ12bot/v1.4.8; http://mj12bot.com/)"
192.99.15.185 - - [04/Sep/2023:05:50:55 +0200] "GET /socks-c-2_142.html HTTP/1.0" 200 82572 "-" "Mozilla/5.0 (compatible; MJ12bot/v1.4.8; http://mj12bot.com/)"
54.36.148.53 - - [04/Sep/2023:05:50:58 +0200] "GET /heart-home-essential-blend-cotton-blossom-p-59917.html HTTP/1.0" 200 76991 "-" "Mozilla/5.0 (compatible; AhrefsBot/7.0; +http://ahrefs.com/robot/)"
192.99.15.185 - - [04/Sep/2023:05:51:00 +0200] "GET /chaussettes-c-53_137.html HTTP/1.0" 301 72438 "-" "Mozilla/5.0 (compatible; MJ12bot/v1.4.8; http://mj12bot.com/)"
193.70.81.116 - - [04/Sep/2023:05:51:00 +0200] "GET /candle-hours-grey-p-42093.html HTTP/1.0" 200 76064 "-" "Mozilla/5.0 (compatible; MJ12bot/v1.4.8; http://mj12bot.com/)"
192.99.15.185 - - [04/Sep/2023:05:51:03 +0200] "GET /-c-137.html HTTP/1.0" 200 72269 "-" "Mozilla/5.0 (compatible; MJ12bot/v1.4.8; http://mj12bot.com/)"
193.70.81.116 - - [04/Sep/2023:05:51:06 +0200] "GET /candle-hours-white-p-42095.html HTTP/1.0" 200 76072 "-" "Mozilla/5.0 (compatible; MJ12bot/v1.4.8; http://mj12bot.com/)"
192.99.15.185 - - [04/Sep/2023:05:51:06 +0200] "GET /chemin-table-citrons-coton-p-60545.html HTTP/1.0" 301 76989 "-" "Mozilla/5.0 (compatible; MJ12bot/v1.4.8; http://mj12bot.com/)"
192.99.15.185 - - [04/Sep/2023:05:51:09 +0200] "GET /lemons-cotton-table-runner-p-60545.html HTTP/1.0" 200 76896 "-" "Mozilla/5.0 (compatible; MJ12bot/v1.4.8; http://mj12bot.com/)"
192.99.15.185 - - [04/Sep/2023:05:51:13 +0200] "GET /cheshire-cat-statement-figurine-p-45654.html HTTP/1.0" 301 73782 "-" "Mozilla/5.0 (compatible; MJ12bot/v1.4.8; http://mj12bot.com/)"
193.70.81.116 - - [04/Sep/2023:05:51:16 +0200] "GET /candle-made-france-hours-amber-p-43874.html HTTP/1.0" 200 76281 "-" "Mozilla/5.0 (compatible; MJ12bot/v1.4.8; http://mj12bot.com/)"
192.99.15.185 - - [04/Sep/2023:05:51:17 +0200] "GET /cheshire-statement-figurine-p-45654.html HTTP/1.0" 200 73688 "-" "Mozilla/5.0 (compatible; MJ12bot/v1.4.8; http://mj12bot.com/)"
156.59.198.136 - - [04/Sep/2023:05:51:21 +0200] "GET /images/3298061509113.jpg HTTP/1.0" 404 1308 "https://www.celestialheavens.com/forums/viewtopic.php?f=13&p=341155&t=13949" "Mozilla/5.0 (Linux; Android 5.0) AppleWebKit/537.36 (KHTML, like Gecko) Mobile Safari/537.36 (compatible; Bytespider; spider-feedback@bytedance.com)"
192.99.15.185 - - [04/Sep/2023:05:51:20 +0200] "GET /cheshire-mini-figurine-p-39113.html HTTP/1.0" 200 76576 "-" "Mozilla/5.0 (compatible; MJ12bot/v1.4.8; http://mj12bot.com/)"
192.99.15.185 - - [04/Sep/2023:05:51:24 +0200] "GET /cheshire-statement-figurine-p-45654.html HTTP/1.0" 200 73688 "-" "Mozilla/5.0 (compatible; MJ12bot/v1.4.8; http://mj12bot.com/)"
193.70.81.116 - - [04/Sep/2023:05:51:24 +0200] "GET /chakras-incense-stick-holder-p-53786.html HTTP/1.0" 200 76672 "-" "Mozilla/5.0 (compatible; MJ12bot/v1.4.8; http://mj12bot.com/)"
192.99.15.185 - - [04/Sep/2023:05:51:28 +0200] "GET /chess-pieces-under-glass-bell-25-cm-p-51115.html HTTP/1.0" 301 73800 "-" "Mozilla/5.0 (compatible; MJ12bot/v1.4.8; http://mj12bot.com/)"
193.70.81.116 - - [04/Sep/2023:05:51:31 +0200] "GET /coconut-aromatika-incense-sticks-p-59276.html HTTP/1.0" 200 76677 "-" "Mozilla/5.0 (compatible; MJ12bot/v1.4.8; http://mj12bot.com/)"
192.99.15.185 - - [04/Sep/2023:05:51:32 +0200] "GET /chess-pieces-under-glass-bell-p-51115.html HTTP/1.0" 200 73704 "-" "Mozilla/5.0 (compatible; MJ12bot/v1.4.8; http://mj12bot.com/)"
192.99.15.185 - - [04/Sep/2023:05:51:35 +0200] "GET /chest-in-raw-wood-whitened-p-48071.html HTTP/1.0" 301 73748 "-" "Mozilla/5.0 (compatible; MJ12bot/v1.4.8; http://mj12bot.com/)"
52.167.144.235 - - [04/Sep/2023:05:51:39 +0200] "GET /images/8849233801235.jpg HTTP/1.0" 200 259 "-" "Mozilla/5.0 AppleWebKit/537.36 (KHTML, like Gecko; compatible; bingbot/2.0; +http://www.bing.com/bingbot.htm) Chrome/103.0.5060.134 Safari/537.36"
192.99.15.185 - - [04/Sep/2023:05:51:40 +0200] "GET /chest-wood-whitened-p-48071.html HTTP/1.0" 200 73662 "-" "Mozilla/5.0 (compatible; MJ12bot/v1.4.8; http://mj12bot.com/)"
193.70.81.116 - - [04/Sep/2023:05:51:40 +0200] "GET /cotton-glove-holder-little-prince-exupry-p-53862.html HTTP/1.0" 200 80670 "-" "Mozilla/5.0 (compatible; MJ12bot/v1.4.8; http://mj12bot.com/)"
192.99.15.185 - - [04/Sep/2023:05:51:44 +0200] "GET /chest-india-inspiration-brown-wooden-box-p-36548.html HTTP/1.0" 301 73649 "-" "Mozilla/5.0 (compatible; MJ12bot/v1.4.8; http://mj12bot.com/)"
192.99.15.185 - - [04/Sep/2023:05:51:48 +0200] "GET /-p-36548.html HTTP/1.0" 200 73582 "-" "Mozilla/5.0 (compatible; MJ12bot/v1.4.8; http://mj12bot.com/)"
193.70.81.116 - - [04/Sep/2023:05:51:48 +0200] "GET /dark-scented-candle-zippo-made-p-51916.html HTTP/1.0" 200 77431 "-" "Mozilla/5.0 (compatible; MJ12bot/v1.4.8; http://mj12bot.com/)"
192.99.15.185 - - [04/Sep/2023:05:51:52 +0200] "GET /chest-wood-whitened-p-48071.html HTTP/1.0" 200 73662 "-" "Mozilla/5.0 (compatible; MJ12bot/v1.4.8; http://mj12bot.com/)"
192.99.15.185 - - [04/Sep/2023:05:51:56 +0200] "GET /chickens-bread-bag-69-27-cm-p-45579.html HTTP/1.0" 301 76045 "-" "Mozilla/5.0 (compatible; MJ12bot/v1.4.8; http://mj12bot.com/)"
114.119.156.133 - - [04/Sep/2023:05:51:56 +0200] "GET /dubout-metal-tray-p-47147.html HTTP/1.0" 200 75991 "http://www.wonder-geek.com/round-trays-c-12_159_263.html?page=3" "Mozilla/5.0 (Linux; Android 7.0;) AppleWebKit/537.36 (KHTML, like Gecko) Mobile Safari/537.36 (compatible; PetalBot;+https://webmaster.petalsearch.com/site/petalbot)"
193.70.81.116 - - [04/Sep/2023:05:51:57 +0200] "GET /mini-trays-c-12_159_260.html?page=8 HTTP/1.0" 200 97048 "-" "Mozilla/5.0 (compatible; MJ12bot/v1.4.8; http://mj12bot.com/)"
192.99.15.185 - - [04/Sep/2023:05:51:59 +0200] "GET /chickens-bread-p-45579.html HTTP/1.0" 200 75964 "-" "Mozilla/5.0 (compatible; MJ12bot/v1.4.8; http://mj12bot.com/)"
192.99.15.185 - - [04/Sep/2023:05:52:02 +0200] "GET /childrens-beds-c-13_210.html HTTP/1.0" 200 79161 "-" "Mozilla/5.0 (compatible; MJ12bot/v1.4.8; http://mj12bot.com/)"
193.70.81.116 - - [04/Sep/2023:05:52:06 +0200] "GET /rose-aromatika-incense-sticks-p-59285.html HTTP/1.0" 200 76647 "-" "Mozilla/5.0 (compatible; MJ12bot/v1.4.8; http://mj12bot.com/)"
192.99.15.185 - - [04/Sep/2023:05:52:09 +0200] "GET /childrens-beds-c-210.html HTTP/1.0" 301 79120 "-" "Mozilla/5.0 (compatible; MJ12bot/v1.4.8; http://mj12bot.com/)"
192.99.15.185 - - [04/Sep/2023:05:52:13 +0200] "GET /childrens-beds-c-13_210.html HTTP/1.0" 200 79161 "-" "Mozilla/5.0 (compatible; MJ12bot/v1.4.8; http://mj12bot.com/)"
192.99.15.185 - - [04/Sep/2023:05:52:16 +0200] "GET /chimes-and-suspensions-c-241.html HTTP/1.0" 301 93755 "-" "Mozilla/5.0 (compatible; MJ12bot/v1.4.8; http://mj12bot.com/)"
193.70.81.116 - - [04/Sep/2023:05:52:17 +0200] "GET /serenity-patchouli-aromatika-incense-sticks-p-59288.html HTTP/1.0" 200 76787 "-" "Mozilla/5.0 (compatible; MJ12bot/v1.4.8; http://mj12bot.com/)"
192.99.15.185 - - [04/Sep/2023:05:52:21 +0200] "GET /chimes-suspensions-c-13_241.html HTTP/1.0" 200 93795 "-" "Mozilla/5.0 (compatible; MJ12bot/v1.4.8; http://mj12bot.com/)"
192.99.15.185 - - [04/Sep/2023:05:52:26 +0200] "GET /chimes-suspensions-c-13_241.html HTTP/1.0" 200 93795 "-" "Mozilla/5.0 (compatible; MJ12bot/v1.4.8; http://mj12bot.com/)"
193.70.81.116 - - [04/Sep/2023:05:52:28 +0200] "GET /white-brown-tone-fragrance-burner-p-58570.html HTTP/1.0" 200 76797 "-" "Mozilla/5.0 (compatible; MJ12bot/v1.4.8; http://mj12bot.com/)"
192.99.15.185 - - [04/Sep/2023:05:52:30 +0200] "GET /chouette-kiub-p-57959.html HTTP/1.0" 301 73765 "-" "Mozilla/5.0 (compatible; MJ12bot/v1.4.8; http://mj12bot.com/)"
192.99.15.185 - - [04/Sep/2023:05:52:33 +0200] "GET /owls-porcelain-bowl-kiub-p-57959.html HTTP/1.0" 200 73674 "-" "Mozilla/5.0 (compatible; MJ12bot/v1.4.8; http://mj12bot.com/)"
192.99.15.185 - - [04/Sep/2023:05:52:37 +0200] "GET /christmas-snow-white-and-dopey-figurine-p-45635.html HTTP/1.0" 301 77680 "-" "Mozilla/5.0 (compatible; MJ12bot/v1.4.8; http://mj12bot.com/)"
192.99.15.185 - - [04/Sep/2023:05:52:40 +0200] "GET /christmas-snow-white-dopey-figurine-p-45635.html HTTP/1.0" 200 77578 "-" "Mozilla/5.0 (compatible; MJ12bot/v1.4.8; http://mj12bot.com/)"
192.99.15.185 - - [04/Sep/2023:05:52:43 +0200] "GET /christmas-snow-white-dopey-figurine-p-45635.html HTTP/1.0" 200 77578 "-" "Mozilla/5.0 (compatible; MJ12bot/v1.4.8; http://mj12bot.com/)"
192.99.15.185 - - [04/Sep/2023:05:52:48 +0200] "GET /christmas-tree-decoration-hanging-p-49634.html HTTP/1.0" 200 76700 "-" "Mozilla/5.0 (compatible; MJ12bot/v1.4.8; http://mj12bot.com/)"
192.99.15.185 - - [04/Sep/2023:05:52:52 +0200] "GET /christmas-tree-decoration-hanging-p-49641.html HTTP/1.0" 301 73649 "-" "Mozilla/5.0 (compatible; MJ12bot/v1.4.8; http://mj12bot.com/)"
192.99.15.185 - - [04/Sep/2023:05:52:55 +0200] "GET /-p-49641.html HTTP/1.0" 200 73582 "-" "Mozilla/5.0 (compatible; MJ12bot/v1.4.8; http://mj12bot.com/)"
192.99.15.185 - - [04/Sep/2023:05:52:58 +0200] "GET /christmas-tree-decoration-hanging-p-49642.html HTTP/1.0" 200 73704 "-" "Mozilla/5.0 (compatible; MJ12bot/v1.4.8; http://mj12bot.com/)"
192.99.15.185 - - [04/Sep/2023:05:53:02 +0200] "GET /cinderella-3d-birthday-card-with-envelope-p-25265.html HTTP/1.0" 301 76146 "-" "Mozilla/5.0 (compatible; MJ12bot/v1.4.8; http://mj12bot.com/)"
192.99.15.185 - - [04/Sep/2023:05:53:06 +0200] "GET /cinderella-birthday-card-with-envelope-p-25265.html HTTP/1.0" 200 76041 "-" "Mozilla/5.0 (compatible; MJ12bot/v1.4.8; http://mj12bot.com/)"
192.99.15.185 - - [04/Sep/2023:05:53:10 +0200] "GET /cinderella-birthday-card-with-envelope-p-25265.html HTTP/1.0" 200 76041 "-" "Mozilla/5.0 (compatible; MJ12bot/v1.4.8; http://mj12bot.com/)"
192.99.15.185 - - [04/Sep/2023:05:53:13 +0200] "GET /cinnamon-aromatika-incense-sticks-p-59272.html HTTP/1.0" 200 76776 "-" "Mozilla/5.0 (compatible; MJ12bot/v1.4.8; http://mj12bot.com/)"
66.249.66.205 - - [04/Sep/2023:05:53:17 +0200] "GET /betty-boop-photo-frame-p-17824.html HTTP/1.0" 200 73660 "-" "Mozilla/5.0 (compatible; Googlebot/2.1; +http://www.google.com/bot.html)"
192.99.15.185 - - [04/Sep/2023:05:53:18 +0200] "GET /cloche-cloche-murale-c-13_270.html HTTP/1.0" 301 92635 "-" "Mozilla/5.0 (compatible; MJ12bot/v1.4.8; http://mj12bot.com/)"
192.99.15.185 - - [04/Sep/2023:05:53:22 +0200] "GET /bell-wall-bell-c-270.html HTTP/1.0" 301 92512 "-" "Mozilla/5.0 (compatible; MJ12bot/v1.4.8; http://mj12bot.com/)"
192.99.15.185 - - [04/Sep/2023:05:53:25 +0200] "GET /bell-wall-bell-c-13_270.html HTTP/1.0" 200 92556 "-" "Mozilla/5.0 (compatible; MJ12bot/v1.4.8; http://mj12bot.com/)"
192.99.15.185 - - [04/Sep/2023:05:53:29 +0200] "GET /cloche-dcorative-mickey-minnie-verre-bois-p-56735.html HTTP/1.0" 301 77913 "-" "Mozilla/5.0 (compatible; MJ12bot/v1.4.8; http://mj12bot.com/)"
192.99.15.185 - - [04/Sep/2023:05:53:33 +0200] "GET /making-friends-mickey-minnie-mouse-with-snowman-figurine-p-56735.html HTTP/1.0" 200 77790 "-" "Mozilla/5.0 (compatible; MJ12bot/v1.4.8; http://mj12bot.com/)"
192.99.15.185 - - [04/Sep/2023:05:53:36 +0200] "GET /cloche-de-table-en-laiton-dore-et-bois-17-cm-p-49428.html HTTP/1.0" 301 73799 "-" "Mozilla/5.0 (compatible; MJ12bot/v1.4.8; http://mj12bot.com/)"
192.99.15.185 - - [04/Sep/2023:05:53:39 +0200] "GET /bell-golden-brass-wood-table-p-49428.html HTTP/1.0" 200 73704 "-" "Mozilla/5.0 (compatible; MJ12bot/v1.4.8; http://mj12bot.com/)"
192.99.15.185 - - [04/Sep/2023:05:53:43 +0200] "GET /cloche-et-cloche-murale-c-13_270.html HTTP/1.0" 301 92635 "-" "Mozilla/5.0 (compatible; MJ12bot/v1.4.8; http://mj12bot.com/)"
192.99.15.185 - - [04/Sep/2023:05:53:46 +0200] "GET /bell-wall-bell-c-270.html HTTP/1.0" 301 92512 "-" "Mozilla/5.0 (compatible; MJ12bot/v1.4.8; http://mj12bot.com/)"
114.119.137.43 - - [04/Sep/2023:05:53:47 +0200] "GET /cotton-floor-cushion-charmelia-p-47899.html HTTP/1.0" 200 73704 "http://www.wonder-geek.com/floor-cushions-c-11_182.html?page=4" "Mozilla/5.0 (Linux; Android 7.0;) AppleWebKit/537.36 (KHTML, like Gecko) Mobile Safari/537.36 (compatible; PetalBot;+https://webmaster.petalsearch.com/site/petalbot)"
121.138.152.97 - - [04/Sep/2023:05:53:54 +0200] "GET /images/mini_prod/3660173176314.jpg HTTP/1.0" 200 269 "-" "Mozilla/5.0 (X11; Ubuntu; Linux x86_64; rv:72.0) Gecko/20100101 Firefox/72.0"
192.99.15.185 - - [04/Sep/2023:05:53:52 +0200] "GET /bell-wall-bell-c-13_270.html HTTP/1.0" 200 92556 "-" "Mozilla/5.0 (compatible; MJ12bot/v1.4.8; http://mj12bot.com/)"
192.99.15.185 - - [04/Sep/2023:05:53:57 +0200] "GET /cloche-murale-de-navigation-en-laiton-175-cm-p-49460.html HTTP/1.0" 301 73737 "-" "Mozilla/5.0 (compatible; MJ12bot/v1.4.8; http://mj12bot.com/)"
192.99.15.185 - - [04/Sep/2023:05:54:01 +0200] "GET /boat-bell-wall-p-49460.html HTTP/1.0" 200 73656 "-" "Mozilla/5.0 (compatible; MJ12bot/v1.4.8; http://mj12bot.com/)"
192.99.15.185 - - [04/Sep/2023:05:54:04 +0200] "GET /clock-bonhomme-man-p-50666.html HTTP/1.0" 301 76613 "-" "Mozilla/5.0 (compatible; MJ12bot/v1.4.8; http://mj12bot.com/)"
211.130.63.227 - - [04/Sep/2023:05:54:06 +0200] "GET /images/mini_prod/1399984221297.jpg HTTP/1.0" 200 269 "-" "Mozilla/5.0 (X11; Ubuntu; Linux x86_64; rv:72.0) Gecko/20100101 Firefox/72.0"
192.99.15.185 - - [04/Sep/2023:05:54:07 +0200] "GET /clock-bonhomme-p-50666.html HTTP/1.0" 200 76532 "-" "Mozilla/5.0 (compatible; MJ12bot/v1.4.8; http://mj12bot.com/)"
192.99.15.185 - - [04/Sep/2023:05:54:11 +0200] "GET /clock-bonhomme-p-50666.html HTTP/1.0" 200 76532 "-" "Mozilla/5.0 (compatible; MJ12bot/v1.4.8; http://mj12bot.com/)"
192.99.15.185 - - [04/Sep/2023:05:54:14 +0200] "GET /clock-greatest-happiness-p-47341.html HTTP/1.0" 200 76673 "-" "Mozilla/5.0 (compatible; MJ12bot/v1.4.8; http://mj12bot.com/)"
192.99.15.185 - - [04/Sep/2023:05:54:18 +0200] "GET /coasters-and-golden-monkey-in-resin-set-of-coasters-p-52748.html HTTP/1.0" 301 73860 "-" "Mozilla/5.0 (compatible; MJ12bot/v1.4.8; http://mj12bot.com/)"
124.221.161.96 - - [04/Sep/2023:05:54:19 +0200] "GET /contact_us.php HTTP/1.0" 200 26241 "-" "MSIE 7.0"
124.221.161.96 - - [04/Sep/2023:05:54:20 +0200] "GET /contact_us.php HTTP/1.0" 200 26241 "-" "MSIE 7.0"
192.99.15.185 - - [04/Sep/2023:05:54:20 +0200] "GET /coasters-golden-monkey-resin-coasters-p-52748.html HTTP/1.0" 200 73756 "-" "Mozilla/5.0 (compatible; MJ12bot/v1.4.8; http://mj12bot.com/)"
124.221.161.96 - - [04/Sep/2023:05:54:21 +0200] "GET /create_account.php HTTP/1.0" 200 33633 "-" "MSIE 7.0"
103.220.10.24 - - [04/Sep/2023:05:54:23 +0200] "GET /images/mini_prod/5050293802954.jpg HTTP/1.0" 200 269 "-" "Mozilla/5.0 (X11; Ubuntu; Linux x86_64; rv:72.0) Gecko/20100101 Firefox/72.0"
124.221.161.96 - - [04/Sep/2023:05:54:25 +0200] "GET /create_account.php HTTP/1.0" 200 33633 "-" "MSIE 7.0"
192.99.15.185 - - [04/Sep/2023:05:54:26 +0200] "GET /coasters-golden-monkey-resin-coasters-p-52748.html HTTP/1.0" 200 73756 "-" "Mozilla/5.0 (compatible; MJ12bot/v1.4.8; http://mj12bot.com/)"
192.99.15.185 - - [04/Sep/2023:05:54:29 +0200] "GET /coca-cola-mini-fridge-p-44015.html HTTP/1.0" 301 73649 "-" "Mozilla/5.0 (compatible; MJ12bot/v1.4.8; http://mj12bot.com/)"
124.221.161.96 - - [04/Sep/2023:05:54:30 +0200] "GET /checkout_shipping.php HTTP/1.0" 302 468 "-" "MSIE 7.0"
124.221.161.96 - - [04/Sep/2023:05:54:32 +0200] "GET /checkout_shipping.php HTTP/1.0" 302 468 "-" "MSIE 7.0"
192.99.15.185 - - [04/Sep/2023:05:54:32 +0200] "GET /-p-44015.html HTTP/1.0" 200 73582 "-" "Mozilla/5.0 (compatible; MJ12bot/v1.4.8; http://mj12bot.com/)"
95.217.115.6 - - [04/Sep/2023:05:54:35 +0200] "GET /robots.txt HTTP/1.0" 200 245 "-" "-"
124.221.161.96 - - [04/Sep/2023:05:54:35 +0200] "GET /shopping_cart.php HTTP/1.0" 200 13298 "-" "MSIE 7.0"
124.221.161.96 - - [04/Sep/2023:05:54:37 +0200] "GET /shopping_cart.php HTTP/1.0" 200 13298 "-" "MSIE 7.0"
192.99.15.185 - - [04/Sep/2023:05:54:37 +0200] "GET /coffee-and-tea-box-c-153.html HTTP/1.0" 301 93642 "-" "Mozilla/5.0 (compatible; MJ12bot/v1.4.8; http://mj12bot.com/)"
124.221.161.96 - - [04/Sep/2023:05:54:39 +0200] "GET /login.php HTTP/1.0" 200 17155 "-" "MSIE 7.0"
124.221.161.96 - - [04/Sep/2023:05:54:40 +0200] "GET /login.php HTTP/1.0" 200 17155 "-" "MSIE 7.0"
192.99.15.185 - - [04/Sep/2023:05:54:40 +0200] "GET /coffee-c-13_150_153.html HTTP/1.0" 200 93817 "-" "Mozilla/5.0 (compatible; MJ12bot/v1.4.8; http://mj12bot.com/)"
192.99.15.185 - - [04/Sep/2023:05:54:45 +0200] "GET /coffre-industriel-metal-vintage-55-cm-p-48074.html HTTP/1.0" 301 73774 "-" "Mozilla/5.0 (compatible; MJ12bot/v1.4.8; http://mj12bot.com/)"
124.221.161.96 - - [04/Sep/2023:05:54:43 +0200] "GET /index.php?language=fr HTTP/1.0" 200 160703 "-" "MSIE 7.0"
192.99.15.185 - - [04/Sep/2023:05:54:48 +0200] "GET /industrial-decorative-chest-p-48074.html HTTP/1.0" 200 73680 "-" "Mozilla/5.0 (compatible; MJ12bot/v1.4.8; http://mj12bot.com/)"
192.99.15.185 - - [04/Sep/2023:05:54:52 +0200] "GET /coffret-cadeau-serviettes-invites-burundi-p-51699.html HTTP/1.0" 301 73649 "-" "Mozilla/5.0 (compatible; MJ12bot/v1.4.8; http://mj12bot.com/)"
54.36.148.83 - - [04/Sep/2023:05:54:53 +0200] "GET /beyblade-blue-swimsuit-p-30445.html HTTP/1.0" 200 77087 "-" "Mozilla/5.0 (compatible; AhrefsBot/7.0; +http://ahrefs.com/robot/)"
192.99.15.185 - - [04/Sep/2023:05:54:56 +0200] "GET /-p-51699.html HTTP/1.0" 200 73582 "-" "Mozilla/5.0 (compatible; MJ12bot/v1.4.8; http://mj12bot.com/)"
124.221.161.96 - - [04/Sep/2023:05:54:54 +0200] "GET /index.php?language=fr HTTP/1.0" 200 160875 "-" "MSIE 7.0"
192.99.15.185 - - [04/Sep/2023:05:54:59 +0200] "GET /coffret-cadeau-sommelier-forme-livre-vins-france-p-54552.html HTTP/1.0" 301 77087 "-" "Mozilla/5.0 (compatible; MJ12bot/v1.4.8; http://mj12bot.com/)"
124.221.161.96 - - [04/Sep/2023:05:55:02 +0200] "GET /specials.php HTTP/1.0" 200 121632 "-" "MSIE 7.0"
192.99.15.185 - - [04/Sep/2023:05:55:03 +0200] "GET /small-sommelier-shape-book-p-54552.html HTTP/1.0" 200 76994 "-" "Mozilla/5.0 (compatible; MJ12bot/v1.4.8; http://mj12bot.com/)"
192.99.15.185 - - [04/Sep/2023:05:55:06 +0200] "GET /coffret-cadeau-whisky-p-60525.html HTTP/1.0" 301 77063 "-" "Mozilla/5.0 (compatible; MJ12bot/v1.4.8; http://mj12bot.com/)"
192.99.15.185 - - [04/Sep/2023:05:55:11 +0200] "GET /glasses-with-coaster-p-60525.html HTTP/1.0" 200 76976 "-" "Mozilla/5.0 (compatible; MJ12bot/v1.4.8; http://mj12bot.com/)"
124.221.161.96 - - [04/Sep/2023:05:55:13 +0200] "GET /specials.php HTTP/1.0" 200 121632 "-" "MSIE 7.0"
192.99.15.185 - - [04/Sep/2023:05:55:15 +0200] "GET /cogsworth-figure-collection-romero-britto-p-57481.html HTTP/1.0" 200 77277 "-" "Mozilla/5.0 (compatible; MJ12bot/v1.4.8; http://mj12bot.com/)"
192.99.15.185 - - [04/Sep/2023:05:55:20 +0200] "GET /collectible-disney-figures-c-290.html HTTP/1.0" 301 97673 "-" "Mozilla/5.0 (compatible; MJ12bot/v1.4.8; http://mj12bot.com/)"
192.99.15.185 - - [04/Sep/2023:05:55:23 +0200] "GET /collectible-disney-figures-c-292_290.html HTTP/1.0" 200 97785 "-" "Mozilla/5.0 (compatible; MJ12bot/v1.4.8; http://mj12bot.com/)"
192.99.15.185 - - [04/Sep/2023:05:55:27 +0200] "GET /collectible-disney-figures-c-292_290.html HTTP/1.0" 200 97785 "-" "Mozilla/5.0 (compatible; MJ12bot/v1.4.8; http://mj12bot.com/)"
91.201.7.254 - - [04/Sep/2023:05:55:30 +0200] "GET /images/mini_prod/9316188078269.jpg HTTP/1.0" 200 269 "-" "Mozilla/5.0 (X11; Ubuntu; Linux x86_64; rv:72.0) Gecko/20100101 Firefox/72.0"
124.221.161.96 - - [04/Sep/2023:05:55:31 +0200] "GET /products_new.php HTTP/1.0" 200 96706 "-" "MSIE 7.0"
192.99.15.185 - - [04/Sep/2023:05:55:32 +0200] "GET /containing-frida-khalo-coasters-p-57323.html HTTP/1.0" 200 76661 "-" "Mozilla/5.0 (compatible; MJ12bot/v1.4.8; http://mj12bot.com/)"
192.99.15.185 - - [04/Sep/2023:05:55:38 +0200] "GET /corbeille-papier-poubelle-de-bureau-c-129_184.html HTTP/1.0" 301 81343 "-" "Mozilla/5.0 (compatible; MJ12bot/v1.4.8; http://mj12bot.com/)"
192.99.15.185 - - [04/Sep/2023:05:55:41 +0200] "GET /wastebasket-c-184.html HTTP/1.0" 301 81207 "-" "Mozilla/5.0 (compatible; MJ12bot/v1.4.8; http://mj12bot.com/)"
124.221.161.96 - - [04/Sep/2023:05:55:43 +0200] "GET /products_new.php HTTP/1.0" 200 96706 "-" "MSIE 7.0"
192.99.15.185 - - [04/Sep/2023:05:55:45 +0200] "GET /wastebasket-c-129_184.html HTTP/1.0" 200 81267 "-" "Mozilla/5.0 (compatible; MJ12bot/v1.4.8; http://mj12bot.com/)"
192.99.15.185 - - [04/Sep/2023:05:55:50 +0200] "GET /corkscrew-bottle-opener-sommelier-kit-c-213.html HTTP/1.0" 301 93637 "-" "Mozilla/5.0 (compatible; MJ12bot/v1.4.8; http://mj12bot.com/)"
124.221.161.96 - - [04/Sep/2023:05:55:50 +0200] "GET /dishes-c-12.html HTTP/1.0" 200 94355 "-" "MSIE 7.0"
192.99.15.185 - - [04/Sep/2023:05:55:53 +0200] "GET /corkscrew-bottle-opener-sommelier-c-12_213.html HTTP/1.0" 200 93640 "-" "Mozilla/5.0 (compatible; MJ12bot/v1.4.8; http://mj12bot.com/)"
192.99.15.185 - - [04/Sep/2023:05:55:56 +0200] "GET /corset-black-shirt-size-p-60533.html HTTP/1.0" 200 76008 "-" "Mozilla/5.0 (compatible; MJ12bot/v1.4.8; http://mj12bot.com/)"
124.221.161.96 - - [04/Sep/2023:05:55:57 +0200] "GET /dishes-c-12.html HTTP/1.0" 200 94355 "-" "MSIE 7.0"
192.99.15.185 - - [04/Sep/2023:05:56:00 +0200] "GET /cotton-floor-cushion-adonis-p-60520.html HTTP/1.0" 200 77140 "-" "Mozilla/5.0 (compatible; MJ12bot/v1.4.8; http://mj12bot.com/)"
192.99.15.185 - - [04/Sep/2023:05:56:04 +0200] "GET /cotton-floor-cushion-amaryllis-p-58041.html HTTP/1.0" 200 76933 "-" "Mozilla/5.0 (compatible; MJ12bot/v1.4.8; http://mj12bot.com/)"
192.99.15.185 - - [04/Sep/2023:05:56:07 +0200] "GET /cotton-floor-cushion-amlia-p-56799.html HTTP/1.0" 200 77008 "-" "Mozilla/5.0 (compatible; MJ12bot/v1.4.8; http://mj12bot.com/)"
192.99.15.185 - - [04/Sep/2023:05:56:10 +0200] "GET /cotton-floor-cushion-bako-p-60536.html HTTP/1.0" 200 77116 "-" "Mozilla/5.0 (compatible; MJ12bot/v1.4.8; http://mj12bot.com/)"
192.99.15.185 - - [04/Sep/2023:05:56:13 +0200] "GET /cotton-floor-cushion-balares-p-60522.html HTTP/1.0" 200 73720 "-" "Mozilla/5.0 (compatible; MJ12bot/v1.4.8; http://mj12bot.com/)"
192.99.15.185 - - [04/Sep/2023:05:56:17 +0200] "GET /cotton-floor-cushion-brnice-p-60502.html HTTP/1.0" 200 76935 "-" "Mozilla/5.0 (compatible; MJ12bot/v1.4.8; http://mj12bot.com/)"
192.99.15.185 - - [04/Sep/2023:05:56:20 +0200] "GET /cotton-floor-cushion-clmence-p-60542.html HTTP/1.0" 200 73722 "-" "Mozilla/5.0 (compatible; MJ12bot/v1.4.8; http://mj12bot.com/)"
192.99.15.185 - - [04/Sep/2023:05:56:23 +0200] "GET /cotton-floor-cushion-goldy-p-57435.html HTTP/1.0" 200 73676 "-" "Mozilla/5.0 (compatible; MJ12bot/v1.4.8; http://mj12bot.com/)"
192.99.15.185 - - [04/Sep/2023:05:56:28 +0200] "GET /cotton-floor-cushion-hoffmann-p-56801.html HTTP/1.0" 200 73682 "-" "Mozilla/5.0 (compatible; MJ12bot/v1.4.8; http://mj12bot.com/)"
