157.90.182.25 - - [04/Sep/2023:19:20:44 +0200] "GET /bedding-protection-c-11_192.html?page=1 HTTP/1.0" 200 93630 "-" "Mozilla/5.0 (compatible; BLEXBot/1.0; +http://webmeup-crawler.com/)"
157.90.182.25 - - [04/Sep/2023:19:20:49 +0200] "GET /bamboo-fiber-plant-cover-p-54250.html HTTP/1.0" 200 75989 "-" "Mozilla/5.0 (compatible; BLEXBot/1.0; +http://webmeup-crawler.com/)"
157.90.182.25 - - [04/Sep/2023:19:20:59 +0200] "GET /bedside-tripod-p-39695.html HTTP/1.0" 200 76017 "-" "Mozilla/5.0 (compatible; BLEXBot/1.0; +http://webmeup-crawler.com/)"
157.90.182.25 - - [04/Sep/2023:19:21:01 +0200] "GET /bamboo-fiber-plant-cover-p-54252.html HTTP/1.0" 200 76611 "-" "Mozilla/5.0 (compatible; BLEXBot/1.0; +http://webmeup-crawler.com/)"
52.167.144.104 - - [04/Sep/2023:19:21:09 +0200] "GET /pink-flamingo-white-women-shirt-p-34207.html HTTP/1.0" 200 73704 "-" "Mozilla/5.0 AppleWebKit/537.36 (KHTML, like Gecko; compatible; bingbot/2.0; +http://www.bing.com/bingbot.htm) Chrome/103.0.5060.134 Safari/537.36"
157.90.182.25 - - [04/Sep/2023:19:21:13 +0200] "GET /beely-bedclothes-p-52086.html HTTP/1.0" 200 75979 "-" "Mozilla/5.0 (compatible; BLEXBot/1.0; +http://webmeup-crawler.com/)"
157.90.182.25 - - [04/Sep/2023:19:21:14 +0200] "GET /bamboo-fiber-plant-cover-p-54253.html HTTP/1.0" 200 75987 "-" "Mozilla/5.0 (compatible; BLEXBot/1.0; +http://webmeup-crawler.com/)"
47.128.26.74 - - [04/Sep/2023:19:21:14 +0200] "GET /-p-29167.html HTTP/1.0" 200 73582 "-" "Mozilla/5.0 (Linux; Android 5.0) AppleWebKit/537.36 (KHTML, like Gecko) Mobile Safari/537.36 (compatible; Bytespider; spider-feedback@bytedance.com)"
47.128.26.74 - - [04/Sep/2023:19:21:17 +0200] "GET /swfobject.js HTTP/1.0" 404 1308 "http://www.wonder-geek.com/-p-29167.html" "Mozilla/5.0 (Linux; Android 5.0) AppleWebKit/537.36 (KHTML, like Gecko) Mobile Safari/537.36 (compatible; Bytespider; spider-feedback@bytedance.com)"
47.128.16.231 - - [04/Sep/2023:19:21:23 +0200] "GET /bamboo-fiber-plant-cover-p-58900.html HTTP/1.0" 200 76733 "-" "Mozilla/5.0 (Linux; Android 5.0) AppleWebKit/537.36 (KHTML, like Gecko) Mobile Safari/537.36 (compatible; Bytespider; spider-feedback@bytedance.com)"
47.128.26.74 - - [04/Sep/2023:19:21:25 +0200] "GET /highslide/graphics/outlines/drop-shadow.png HTTP/1.0" 200 277 "http://www.wonder-geek.com/-p-29167.html" "Mozilla/5.0 (Linux; Android 5.0) AppleWebKit/537.36 (KHTML, like Gecko) Mobile Safari/537.36 (compatible; Bytespider; spider-feedback@bytedance.com)"
47.128.26.74 - - [04/Sep/2023:19:21:25 +0200] "GET /highslide/graphics/zoomout.cur HTTP/1.0" 200 614 "http://www.wonder-geek.com/-p-29167.html" "Mozilla/5.0 (Linux; Android 5.0) AppleWebKit/537.36 (KHTML, like Gecko) Mobile Safari/537.36 (compatible; Bytespider; spider-feedback@bytedance.com)"
47.128.16.231 - - [04/Sep/2023:19:21:26 +0200] "GET /swfobject.js HTTP/1.0" 404 1308 "http://www.wonder-geek.com/bamboo-fiber-plant-cover-p-58900.html" "Mozilla/5.0 (Linux; Android 5.0) AppleWebKit/537.36 (KHTML, like Gecko) Mobile Safari/537.36 (compatible; Bytespider; spider-feedback@bytedance.com)"
8.217.189.206 - - [04/Sep/2023:19:21:27 +0200] "GET /images/mini_prod/524352[2].jpg HTTP/1.0" 200 265 "-" "Mozilla/5.0 (X11; Ubuntu; Linux x86_64; rv:72.0) Gecko/20100101 Firefox/72.0"
157.90.182.25 - - [04/Sep/2023:19:21:26 +0200] "GET /bamboo-fiber-plant-cover-p-54353.html HTTP/1.0" 200 76611 "-" "Mozilla/5.0 (compatible; BLEXBot/1.0; +http://webmeup-crawler.com/)"
157.90.182.25 - - [04/Sep/2023:19:21:26 +0200] "GET /beer-capsule-coasters-p-52929.html HTTP/1.0" 200 75937 "-" "Mozilla/5.0 (compatible; BLEXBot/1.0; +http://webmeup-crawler.com/)"
47.128.16.231 - - [04/Sep/2023:19:21:30 +0200] "GET /highslide/graphics/zoomin.cur HTTP/1.0" 200 614 "http://www.wonder-geek.com/templates/Pixame_v1/stylesheet.css" "Mozilla/5.0 (Linux; Android 5.0) AppleWebKit/537.36 (KHTML, like Gecko) Mobile Safari/537.36 (compatible; Bytespider; spider-feedback@bytedance.com)"
47.128.16.231 - - [04/Sep/2023:19:21:31 +0200] "GET /images/big_prod_1/8422999488126B.jpg HTTP/1.0" 200 271 "http://www.wonder-geek.com/bamboo-fiber-plant-cover-p-58900.html" "Mozilla/5.0 (Linux; Android 5.0) AppleWebKit/537.36 (KHTML, like Gecko) Mobile Safari/537.36 (compatible; Bytespider; spider-feedback@bytedance.com)"
47.128.30.83 - - [04/Sep/2023:19:21:31 +0200] "GET /coconut-fibers-doormat-orla-p-56985.html HTTP/1.0" 200 76884 "-" "Mozilla/5.0 (Linux; Android 5.0) AppleWebKit/537.36 (KHTML, like Gecko) Mobile Safari/537.36 (compatible; Bytespider; spider-feedback@bytedance.com)"
47.128.30.83 - - [04/Sep/2023:19:21:33 +0200] "GET /swfobject.js HTTP/1.0" 404 1308 "http://www.wonder-geek.com/coconut-fibers-doormat-orla-p-56985.html" "Mozilla/5.0 (Linux; Android 5.0) AppleWebKit/537.36 (KHTML, like Gecko) Mobile Safari/537.36 (compatible; Bytespider; spider-feedback@bytedance.com)"
157.90.182.25 - - [04/Sep/2023:19:21:39 +0200] "GET /bamboo-fiber-plant-cover-p-54407.html HTTP/1.0" 200 76612 "-" "Mozilla/5.0 (compatible; BLEXBot/1.0; +http://webmeup-crawler.com/)"
157.90.182.25 - - [04/Sep/2023:19:21:42 +0200] "GET /beer-chope-metal-plate-deco-p-34328.html HTTP/1.0" 200 76005 "-" "Mozilla/5.0 (compatible; BLEXBot/1.0; +http://webmeup-crawler.com/)"
47.128.30.83 - - [04/Sep/2023:19:21:45 +0200] "GET /highslide/graphics/zoomin.cur HTTP/1.0" 200 614 "http://www.wonder-geek.com/templates/Pixame_v1/stylesheet.css" "Mozilla/5.0 (Linux; Android 5.0) AppleWebKit/537.36 (KHTML, like Gecko) Mobile Safari/537.36 (compatible; Bytespider; spider-feedback@bytedance.com)"
47.128.30.83 - - [04/Sep/2023:19:21:45 +0200] "GET /images/big_prod_1/8445148004596B.jpg HTTP/1.0" 200 271 "http://www.wonder-geek.com/coconut-fibers-doormat-orla-p-56985.html" "Mozilla/5.0 (Linux; Android 5.0) AppleWebKit/537.36 (KHTML, like Gecko) Mobile Safari/537.36 (compatible; Bytespider; spider-feedback@bytedance.com)"
157.90.182.25 - - [04/Sep/2023:19:21:51 +0200] "GET /bamboo-fiber-plant-cover-p-55173.html HTTP/1.0" 200 76613 "-" "Mozilla/5.0 (compatible; BLEXBot/1.0; +http://webmeup-crawler.com/)"
157.90.182.25 - - [04/Sep/2023:19:21:56 +0200] "GET /beer-glass-coaster-bottle-opener-p-60169.html HTTP/1.0" 200 77058 "-" "Mozilla/5.0 (compatible; BLEXBot/1.0; +http://webmeup-crawler.com/)"
157.90.182.25 - - [04/Sep/2023:19:22:04 +0200] "GET /bamboo-fiber-plant-cover-p-55182.html HTTP/1.0" 200 76611 "-" "Mozilla/5.0 (compatible; BLEXBot/1.0; +http://webmeup-crawler.com/)"
91.201.7.254 - - [04/Sep/2023:19:22:08 +0200] "GET /images/mini_prod/4036113830766.jpg HTTP/1.0" 200 269 "-" "Mozilla/5.0 (X11; Ubuntu; Linux x86_64; rv:72.0) Gecko/20100101 Firefox/72.0"
157.90.182.25 - - [04/Sep/2023:19:22:10 +0200] "GET /beer-glass-p-33911.html HTTP/1.0" 200 75844 "-" "Mozilla/5.0 (compatible; BLEXBot/1.0; +http://webmeup-crawler.com/)"
47.128.30.83 - - [04/Sep/2023:19:22:16 +0200] "GET /highslide/graphics/outlines/drop-shadow.png HTTP/1.0" 200 277 "http://www.wonder-geek.com/coconut-fibers-doormat-orla-p-56985.html" "Mozilla/5.0 (Linux; Android 5.0) AppleWebKit/537.36 (KHTML, like Gecko) Mobile Safari/537.36 (compatible; Bytespider; spider-feedback@bytedance.com)"
47.128.30.83 - - [04/Sep/2023:19:22:17 +0200] "GET /images/big_prod/8445148004596.jpg HTTP/1.0" 200 268 "http://www.wonder-geek.com/coconut-fibers-doormat-orla-p-56985.html" "Mozilla/5.0 (Linux; Android 5.0) AppleWebKit/537.36 (KHTML, like Gecko) Mobile Safari/537.36 (compatible; Bytespider; spider-feedback@bytedance.com)"
157.90.182.25 - - [04/Sep/2023:19:22:16 +0200] "GET /bamboo-fiber-plant-cover-p-55349.html HTTP/1.0" 200 76584 "-" "Mozilla/5.0 (compatible; BLEXBot/1.0; +http://webmeup-crawler.com/)"
157.90.182.25 - - [04/Sep/2023:19:22:24 +0200] "GET /beer-glasses-blacks-p-31410.html HTTP/1.0" 200 75981 "-" "Mozilla/5.0 (compatible; BLEXBot/1.0; +http://webmeup-crawler.com/)"
157.90.182.25 - - [04/Sep/2023:19:22:29 +0200] "GET /bamboo-fiber-plant-cover-p-55352.html HTTP/1.0" 200 76602 "-" "Mozilla/5.0 (compatible; BLEXBot/1.0; +http://webmeup-crawler.com/)"
157.90.182.25 - - [04/Sep/2023:19:22:39 +0200] "GET /beer-glasses-olympique-marseille-p-46526.html HTTP/1.0" 200 76720 "-" "Mozilla/5.0 (compatible; BLEXBot/1.0; +http://webmeup-crawler.com/)"
157.90.182.25 - - [04/Sep/2023:19:22:41 +0200] "GET /bamboo-fiber-plant-cover-p-57457.html HTTP/1.0" 200 76609 "-" "Mozilla/5.0 (compatible; BLEXBot/1.0; +http://webmeup-crawler.com/)"
157.90.182.25 - - [04/Sep/2023:19:22:53 +0200] "GET /beer-glasses-olympique-marseille-p-59695.html HTTP/1.0" 200 77195 "-" "Mozilla/5.0 (compatible; BLEXBot/1.0; +http://webmeup-crawler.com/)"
157.90.182.25 - - [04/Sep/2023:19:22:53 +0200] "GET /bamboo-fiber-plant-cover-p-57458.html HTTP/1.0" 200 76609 "-" "Mozilla/5.0 (compatible; BLEXBot/1.0; +http://webmeup-crawler.com/)"
157.90.182.25 - - [04/Sep/2023:19:23:06 +0200] "GET /bamboo-fiber-plant-cover-p-57459.html HTTP/1.0" 200 76735 "-" "Mozilla/5.0 (compatible; BLEXBot/1.0; +http://webmeup-crawler.com/)"
157.90.182.25 - - [04/Sep/2023:19:23:07 +0200] "GET /beer-glasses-rugby-club-toulonnais-p-59696.html HTTP/1.0" 200 77177 "-" "Mozilla/5.0 (compatible; BLEXBot/1.0; +http://webmeup-crawler.com/)"
157.90.182.25 - - [04/Sep/2023:19:23:18 +0200] "GET /bamboo-fiber-plant-cover-p-57460.html HTTP/1.0" 200 76609 "-" "Mozilla/5.0 (compatible; BLEXBot/1.0; +http://webmeup-crawler.com/)"
157.90.182.25 - - [04/Sep/2023:19:23:21 +0200] "GET /beer-glasses-stade-toulousain-p-52739.html HTTP/1.0" 200 77110 "-" "Mozilla/5.0 (compatible; BLEXBot/1.0; +http://webmeup-crawler.com/)"
157.90.182.25 - - [04/Sep/2023:19:23:31 +0200] "GET /bamboo-fiber-plant-cover-p-57462.html HTTP/1.0" 200 76611 "-" "Mozilla/5.0 (compatible; BLEXBot/1.0; +http://webmeup-crawler.com/)"
157.90.182.25 - - [04/Sep/2023:19:23:35 +0200] "GET /beer-large-metal-plate-deco-p-34319.html HTTP/1.0" 200 76005 "-" "Mozilla/5.0 (compatible; BLEXBot/1.0; +http://webmeup-crawler.com/)"
47.128.27.156 - - [04/Sep/2023:19:23:39 +0200] "GET /wooden-with-chiseled-brass-decoration-p-55077.html HTTP/1.0" 200 76998 "-" "Mozilla/5.0 (Linux; Android 5.0) AppleWebKit/537.36 (KHTML, like Gecko) Mobile Safari/537.36 (compatible; Bytespider; spider-feedback@bytedance.com)"
47.128.27.156 - - [04/Sep/2023:19:23:41 +0200] "GET /swfobject.js HTTP/1.0" 404 1308 "http://www.wonder-geek.com/wooden-with-chiseled-brass-decoration-p-55077.html" "Mozilla/5.0 (Linux; Android 5.0) AppleWebKit/537.36 (KHTML, like Gecko) Mobile Safari/537.36 (compatible; Bytespider; spider-feedback@bytedance.com)"
47.243.119.233 - - [04/Sep/2023:19:23:41 +0200] "GET /images/mini_prod/8435333842263.jpg HTTP/1.0" 200 269 "-" "Mozilla/5.0 (X11; Ubuntu; Linux x86_64; rv:72.0) Gecko/20100101 Firefox/72.0"
47.128.27.156 - - [04/Sep/2023:19:23:44 +0200] "GET /highslide/graphics/zoomin.cur HTTP/1.0" 200 614 "http://www.wonder-geek.com/templates/Pixame_v1/stylesheet.css" "Mozilla/5.0 (Linux; Android 5.0) AppleWebKit/537.36 (KHTML, like Gecko) Mobile Safari/537.36 (compatible; Bytespider; spider-feedback@bytedance.com)"
47.128.27.156 - - [04/Sep/2023:19:23:44 +0200] "GET /images/big_prod_1/8433933153154B.jpg HTTP/1.0" 200 271 "http://www.wonder-geek.com/wooden-with-chiseled-brass-decoration-p-55077.html" "Mozilla/5.0 (Linux; Android 5.0) AppleWebKit/537.36 (KHTML, like Gecko) Mobile Safari/537.36 (compatible; Bytespider; spider-feedback@bytedance.com)"
157.90.182.25 - - [04/Sep/2023:19:23:43 +0200] "GET /bamboo-fiber-plant-cover-p-57463.html HTTP/1.0" 200 76611 "-" "Mozilla/5.0 (compatible; BLEXBot/1.0; +http://webmeup-crawler.com/)"
157.90.182.25 - - [04/Sep/2023:19:23:49 +0200] "GET /beer-wine-stopper-collector-p-55556.html HTTP/1.0" 200 76970 "-" "Mozilla/5.0 (compatible; BLEXBot/1.0; +http://webmeup-crawler.com/)"
47.128.25.86 - - [04/Sep/2023:19:23:50 +0200] "GET /hanging-plate-disorder-p-55670.html HTTP/1.0" 200 76700 "-" "Mozilla/5.0 (Linux; Android 5.0) AppleWebKit/537.36 (KHTML, like Gecko) Mobile Safari/537.36 (compatible; Bytespider; spider-feedback@bytedance.com)"
157.90.182.25 - - [04/Sep/2023:19:23:56 +0200] "GET /bamboo-fiber-plant-cover-p-57464.html HTTP/1.0" 200 76589 "-" "Mozilla/5.0 (compatible; BLEXBot/1.0; +http://webmeup-crawler.com/)"
47.128.29.252 - - [04/Sep/2023:19:23:56 +0200] "GET /mala-rose-quartz-stone-quality-beads-p-51003.html HTTP/1.0" 200 79635 "-" "Mozilla/5.0 (Linux; Android 5.0) AppleWebKit/537.36 (KHTML, like Gecko) Mobile Safari/537.36 (compatible; Bytespider; spider-feedback@bytedance.com)"
47.128.27.156 - - [04/Sep/2023:19:23:59 +0200] "GET /highslide/graphics/outlines/drop-shadow.png HTTP/1.0" 200 277 "http://www.wonder-geek.com/wooden-with-chiseled-brass-decoration-p-55077.html" "Mozilla/5.0 (Linux; Android 5.0) AppleWebKit/537.36 (KHTML, like Gecko) Mobile Safari/537.36 (compatible; Bytespider; spider-feedback@bytedance.com)"
47.128.27.156 - - [04/Sep/2023:19:23:59 +0200] "GET /highslide/graphics/zoomout.cur HTTP/1.0" 200 614 "http://www.wonder-geek.com/wooden-with-chiseled-brass-decoration-p-55077.html" "Mozilla/5.0 (Linux; Android 5.0) AppleWebKit/537.36 (KHTML, like Gecko) Mobile Safari/537.36 (compatible; Bytespider; spider-feedback@bytedance.com)"
47.128.29.252 - - [04/Sep/2023:19:23:59 +0200] "GET /swfobject.js HTTP/1.0" 404 1308 "http://www.wonder-geek.com/mala-rose-quartz-stone-quality-beads-p-51003.html" "Mozilla/5.0 (Linux; Android 5.0) AppleWebKit/537.36 (KHTML, like Gecko) Mobile Safari/537.36 (compatible; Bytespider; spider-feedback@bytedance.com)"
47.128.25.86 - - [04/Sep/2023:19:23:59 +0200] "GET /images/big_prod_1/3700281652857a.jpg HTTP/1.0" 200 271 "http://www.wonder-geek.com/hanging-plate-disorder-p-55670.html" "Mozilla/5.0 (Linux; Android 5.0) AppleWebKit/537.36 (KHTML, like Gecko) Mobile Safari/537.36 (compatible; Bytespider; spider-feedback@bytedance.com)"
47.128.29.252 - - [04/Sep/2023:19:24:03 +0200] "GET /highslide/graphics/zoomin.cur HTTP/1.0" 200 614 "http://www.wonder-geek.com/templates/Pixame_v1/stylesheet.css" "Mozilla/5.0 (Linux; Android 5.0) AppleWebKit/537.36 (KHTML, like Gecko) Mobile Safari/537.36 (compatible; Bytespider; spider-feedback@bytedance.com)"
47.128.29.252 - - [04/Sep/2023:19:24:04 +0200] "GET /images/big_prod_1/8719497613922b.jpg HTTP/1.0" 200 271 "http://www.wonder-geek.com/mala-rose-quartz-stone-quality-beads-p-51003.html" "Mozilla/5.0 (Linux; Android 5.0) AppleWebKit/537.36 (KHTML, like Gecko) Mobile Safari/537.36 (compatible; Bytespider; spider-feedback@bytedance.com)"
157.90.182.25 - - [04/Sep/2023:19:24:03 +0200] "GET /beige-baskets-drawer-organizer-p-60493.html HTTP/1.0" 200 77168 "-" "Mozilla/5.0 (compatible; BLEXBot/1.0; +http://webmeup-crawler.com/)"
47.128.29.56 - - [04/Sep/2023:19:24:03 +0200] "GET /curiosity-mustard-chair-cushion-p-59261.html HTTP/1.0" 200 76869 "-" "Mozilla/5.0 (Linux; Android 5.0) AppleWebKit/537.36 (KHTML, like Gecko) Mobile Safari/537.36 (compatible; Bytespider; spider-feedback@bytedance.com)"
47.128.29.56 - - [04/Sep/2023:19:24:07 +0200] "GET /swfobject.js HTTP/1.0" 404 1308 "http://www.wonder-geek.com/curiosity-mustard-chair-cushion-p-59261.html" "Mozilla/5.0 (Linux; Android 5.0) AppleWebKit/537.36 (KHTML, like Gecko) Mobile Safari/537.36 (compatible; Bytespider; spider-feedback@bytedance.com)"
54.36.148.135 - - [04/Sep/2023:19:24:07 +0200] "GET /decoration-thermometers-c-13_145.html?page=4 HTTP/1.0" 200 86584 "-" "Mozilla/5.0 (compatible; AhrefsBot/7.0; +http://ahrefs.com/robot/)"
47.128.29.4 - - [04/Sep/2023:19:24:08 +0200] "GET /little-kitchen-saltshaker-pepper-p-41632.html HTTP/1.0" 200 76079 "-" "Mozilla/5.0 (Linux; Android 5.0) AppleWebKit/537.36 (KHTML, like Gecko) Mobile Safari/537.36 (compatible; Bytespider; spider-feedback@bytedance.com)"
157.90.182.25 - - [04/Sep/2023:19:24:08 +0200] "GET /bamboo-fiber-plant-cover-p-57465.html HTTP/1.0" 200 76589 "-" "Mozilla/5.0 (compatible; BLEXBot/1.0; +http://webmeup-crawler.com/)"
47.128.22.98 - - [04/Sep/2023:19:24:09 +0200] "GET /fancy-elastic-bracelet-buddha-p-43732.html HTTP/1.0" 200 75956 "-" "Mozilla/5.0 (Linux; Android 5.0) AppleWebKit/537.36 (KHTML, like Gecko) Mobile Safari/537.36 (compatible; Bytespider; spider-feedback@bytedance.com)"
47.128.29.4 - - [04/Sep/2023:19:24:11 +0200] "GET /swfobject.js HTTP/1.0" 404 1308 "http://www.wonder-geek.com/little-kitchen-saltshaker-pepper-p-41632.html" "Mozilla/5.0 (Linux; Android 5.0) AppleWebKit/537.36 (KHTML, like Gecko) Mobile Safari/537.36 (compatible; Bytespider; spider-feedback@bytedance.com)"
47.128.22.98 - - [04/Sep/2023:19:24:13 +0200] "GET /swfobject.js HTTP/1.0" 404 1308 "http://www.wonder-geek.com/fancy-elastic-bracelet-buddha-p-43732.html" "Mozilla/5.0 (Linux; Android 5.0) AppleWebKit/537.36 (KHTML, like Gecko) Mobile Safari/537.36 (compatible; Bytespider; spider-feedback@bytedance.com)"
47.128.29.4 - - [04/Sep/2023:19:24:17 +0200] "GET /highslide/graphics/zoomin.cur HTTP/1.0" 200 614 "http://www.wonder-geek.com/templates/Pixame_v1/stylesheet.css" "Mozilla/5.0 (Linux; Android 5.0) AppleWebKit/537.36 (KHTML, like Gecko) Mobile Safari/537.36 (compatible; Bytespider; spider-feedback@bytedance.com)"
47.128.29.56 - - [04/Sep/2023:19:24:17 +0200] "GET /highslide/graphics/zoomin.cur HTTP/1.0" 200 614 "http://www.wonder-geek.com/templates/Pixame_v1/stylesheet.css" "Mozilla/5.0 (Linux; Android 5.0) AppleWebKit/537.36 (KHTML, like Gecko) Mobile Safari/537.36 (compatible; Bytespider; spider-feedback@bytedance.com)"
47.128.29.56 - - [04/Sep/2023:19:24:17 +0200] "GET /images/big_prod_1/3665269230505a.jpg HTTP/1.0" 200 271 "http://www.wonder-geek.com/curiosity-mustard-chair-cushion-p-59261.html" "Mozilla/5.0 (Linux; Android 5.0) AppleWebKit/537.36 (KHTML, like Gecko) Mobile Safari/537.36 (compatible; Bytespider; spider-feedback@bytedance.com)"
47.128.29.56 - - [04/Sep/2023:19:24:17 +0200] "GET /images/big_prod_2/3665269230505b.jpg HTTP/1.0" 200 271 "http://www.wonder-geek.com/curiosity-mustard-chair-cushion-p-59261.html" "Mozilla/5.0 (Linux; Android 5.0) AppleWebKit/537.36 (KHTML, like Gecko) Mobile Safari/537.36 (compatible; Bytespider; spider-feedback@bytedance.com)"
47.128.29.4 - - [04/Sep/2023:19:24:17 +0200] "GET /highslide/graphics/outlines/drop-shadow.png HTTP/1.0" 200 277 "http://www.wonder-geek.com/little-kitchen-saltshaker-pepper-p-41632.html" "Mozilla/5.0 (Linux; Android 5.0) AppleWebKit/537.36 (KHTML, like Gecko) Mobile Safari/537.36 (compatible; Bytespider; spider-feedback@bytedance.com)"
47.128.29.4 - - [04/Sep/2023:19:24:17 +0200] "GET /highslide/graphics/zoomout.cur HTTP/1.0" 200 614 "http://www.wonder-geek.com/little-kitchen-saltshaker-pepper-p-41632.html" "Mozilla/5.0 (Linux; Android 5.0) AppleWebKit/537.36 (KHTML, like Gecko) Mobile Safari/537.36 (compatible; Bytespider; spider-feedback@bytedance.com)"
47.128.29.56 - - [04/Sep/2023:19:24:16 +0200] "GET /chantilly-fitted-sheet-p-43577.html HTTP/1.0" 200 76044 "-" "Mozilla/5.0 (Linux; Android 5.0) AppleWebKit/537.36 (KHTML, like Gecko) Mobile Safari/537.36 (compatible; Bytespider; spider-feedback@bytedance.com)"
157.90.182.25 - - [04/Sep/2023:19:24:16 +0200] "GET /beige-cement-cover-p-60724.html HTTP/1.0" 200 76543 "-" "Mozilla/5.0 (compatible; BLEXBot/1.0; +http://webmeup-crawler.com/)"
47.128.29.56 - - [04/Sep/2023:19:24:18 +0200] "GET /swfobject.js HTTP/1.0" 404 1308 "http://www.wonder-geek.com/chantilly-fitted-sheet-p-43577.html" "Mozilla/5.0 (Linux; Android 5.0) AppleWebKit/537.36 (KHTML, like Gecko) Mobile Safari/537.36 (compatible; Bytespider; spider-feedback@bytedance.com)"
47.128.29.4 - - [04/Sep/2023:19:24:19 +0200] "GET /images/big_prod/3560600293686.jpg HTTP/1.0" 200 268 "http://www.wonder-geek.com/little-kitchen-saltshaker-pepper-p-41632.html" "Mozilla/5.0 (Linux; Android 5.0) AppleWebKit/537.36 (KHTML, like Gecko) Mobile Safari/537.36 (compatible; Bytespider; spider-feedback@bytedance.com)"
157.90.182.25 - - [04/Sep/2023:19:24:22 +0200] "GET /bamboo-fiber-plant-cover-p-57466.html HTTP/1.0" 200 76589 "-" "Mozilla/5.0 (compatible; BLEXBot/1.0; +http://webmeup-crawler.com/)"
47.128.29.56 - - [04/Sep/2023:19:24:24 +0200] "GET /highslide/graphics/zoomin.cur HTTP/1.0" 200 614 "http://www.wonder-geek.com/templates/Pixame_v1/stylesheet.css" "Mozilla/5.0 (Linux; Android 5.0) AppleWebKit/537.36 (KHTML, like Gecko) Mobile Safari/537.36 (compatible; Bytespider; spider-feedback@bytedance.com)"
47.128.29.56 - - [04/Sep/2023:19:24:28 +0200] "GET /highslide/graphics/outlines/drop-shadow.png HTTP/1.0" 200 277 "http://www.wonder-geek.com/chantilly-fitted-sheet-p-43577.html" "Mozilla/5.0 (Linux; Android 5.0) AppleWebKit/537.36 (KHTML, like Gecko) Mobile Safari/537.36 (compatible; Bytespider; spider-feedback@bytedance.com)"
47.128.29.56 - - [04/Sep/2023:19:24:28 +0200] "GET /highslide/graphics/zoomout.cur HTTP/1.0" 200 614 "http://www.wonder-geek.com/chantilly-fitted-sheet-p-43577.html" "Mozilla/5.0 (Linux; Android 5.0) AppleWebKit/537.36 (KHTML, like Gecko) Mobile Safari/537.36 (compatible; Bytespider; spider-feedback@bytedance.com)"
47.128.29.56 - - [04/Sep/2023:19:24:28 +0200] "GET /images/big_prod/3574642012716.jpg HTTP/1.0" 200 268 "http://www.wonder-geek.com/chantilly-fitted-sheet-p-43577.html" "Mozilla/5.0 (Linux; Android 5.0) AppleWebKit/537.36 (KHTML, like Gecko) Mobile Safari/537.36 (compatible; Bytespider; spider-feedback@bytedance.com)"
47.128.22.98 - - [04/Sep/2023:19:24:28 +0200] "GET /highslide/graphics/zoomin.cur HTTP/1.0" 200 614 "http://www.wonder-geek.com/templates/Pixame_v1/stylesheet.css" "Mozilla/5.0 (Linux; Android 5.0) AppleWebKit/537.36 (KHTML, like Gecko) Mobile Safari/537.36 (compatible; Bytespider; spider-feedback@bytedance.com)"
47.128.22.65 - - [04/Sep/2023:19:24:30 +0200] "GET /birds-meeting-fine-bone-china-p-56865.html HTTP/1.0" 200 76136 "-" "Mozilla/5.0 (Linux; Android 5.0) AppleWebKit/537.36 (KHTML, like Gecko) Mobile Safari/537.36 (compatible; Bytespider; spider-feedback@bytedance.com)"
157.90.182.25 - - [04/Sep/2023:19:24:31 +0200] "GET /beige-cement-cover-p-60725.html HTTP/1.0" 200 76542 "-" "Mozilla/5.0 (compatible; BLEXBot/1.0; +http://webmeup-crawler.com/)"
47.128.22.65 - - [04/Sep/2023:19:24:34 +0200] "GET /swfobject.js HTTP/1.0" 404 1308 "http://www.wonder-geek.com/birds-meeting-fine-bone-china-p-56865.html" "Mozilla/5.0 (Linux; Android 5.0) AppleWebKit/537.36 (KHTML, like Gecko) Mobile Safari/537.36 (compatible; Bytespider; spider-feedback@bytedance.com)"
47.128.29.252 - - [04/Sep/2023:19:24:34 +0200] "GET /highslide/graphics/outlines/drop-shadow.png HTTP/1.0" 200 277 "http://www.wonder-geek.com/mala-rose-quartz-stone-quality-beads-p-51003.html" "Mozilla/5.0 (Linux; Android 5.0) AppleWebKit/537.36 (KHTML, like Gecko) Mobile Safari/537.36 (compatible; Bytespider; spider-feedback@bytedance.com)"
47.128.29.252 - - [04/Sep/2023:19:24:34 +0200] "GET /highslide/graphics/zoomout.cur HTTP/1.0" 200 614 "http://www.wonder-geek.com/mala-rose-quartz-stone-quality-beads-p-51003.html" "Mozilla/5.0 (Linux; Android 5.0) AppleWebKit/537.36 (KHTML, like Gecko) Mobile Safari/537.36 (compatible; Bytespider; spider-feedback@bytedance.com)"
157.90.182.25 - - [04/Sep/2023:19:24:35 +0200] "GET /bamboo-fiber-plant-cover-p-57467.html HTTP/1.0" 200 76589 "-" "Mozilla/5.0 (compatible; BLEXBot/1.0; +http://webmeup-crawler.com/)"
157.90.182.25 - - [04/Sep/2023:19:24:45 +0200] "GET /beige-ceramic-cover-p-58071.html HTTP/1.0" 200 76569 "-" "Mozilla/5.0 (compatible; BLEXBot/1.0; +http://webmeup-crawler.com/)"
47.128.29.56 - - [04/Sep/2023:19:24:48 +0200] "GET /highslide/graphics/outlines/drop-shadow.png HTTP/1.0" 200 277 "http://www.wonder-geek.com/curiosity-mustard-chair-cushion-p-59261.html" "Mozilla/5.0 (Linux; Android 5.0) AppleWebKit/537.36 (KHTML, like Gecko) Mobile Safari/537.36 (compatible; Bytespider; spider-feedback@bytedance.com)"
47.128.29.56 - - [04/Sep/2023:19:24:48 +0200] "GET /highslide/graphics/zoomout.cur HTTP/1.0" 200 614 "http://www.wonder-geek.com/curiosity-mustard-chair-cushion-p-59261.html" "Mozilla/5.0 (Linux; Android 5.0) AppleWebKit/537.36 (KHTML, like Gecko) Mobile Safari/537.36 (compatible; Bytespider; spider-feedback@bytedance.com)"
47.128.22.98 - - [04/Sep/2023:19:24:48 +0200] "GET /highslide/graphics/outlines/drop-shadow.png HTTP/1.0" 200 277 "http://www.wonder-geek.com/fancy-elastic-bracelet-buddha-p-43732.html" "Mozilla/5.0 (Linux; Android 5.0) AppleWebKit/537.36 (KHTML, like Gecko) Mobile Safari/537.36 (compatible; Bytespider; spider-feedback@bytedance.com)"
47.128.29.56 - - [04/Sep/2023:19:24:48 +0200] "GET /images/big_prod/3665269230505.jpg HTTP/1.0" 200 268 "http://www.wonder-geek.com/curiosity-mustard-chair-cushion-p-59261.html" "Mozilla/5.0 (Linux; Android 5.0) AppleWebKit/537.36 (KHTML, like Gecko) Mobile Safari/537.36 (compatible; Bytespider; spider-feedback@bytedance.com)"
47.128.22.98 - - [04/Sep/2023:19:24:49 +0200] "GET /highslide/graphics/zoomout.cur HTTP/1.0" 200 614 "http://www.wonder-geek.com/fancy-elastic-bracelet-buddha-p-43732.html" "Mozilla/5.0 (Linux; Android 5.0) AppleWebKit/537.36 (KHTML, like Gecko) Mobile Safari/537.36 (compatible; Bytespider; spider-feedback@bytedance.com)"
157.90.182.25 - - [04/Sep/2023:19:24:47 +0200] "GET /bamboo-fiber-plant-cover-p-57468.html HTTP/1.0" 200 76614 "-" "Mozilla/5.0 (compatible; BLEXBot/1.0; +http://webmeup-crawler.com/)"
47.128.22.65 - - [04/Sep/2023:19:24:51 +0200] "GET /highslide/graphics/zoomin.cur HTTP/1.0" 200 614 "http://www.wonder-geek.com/templates/Pixame_v1/stylesheet.css" "Mozilla/5.0 (Linux; Android 5.0) AppleWebKit/537.36 (KHTML, like Gecko) Mobile Safari/537.36 (compatible; Bytespider; spider-feedback@bytedance.com)"
47.128.22.65 - - [04/Sep/2023:19:24:51 +0200] "GET /highslide/graphics/zoomout.cur HTTP/1.0" 200 614 "http://www.wonder-geek.com/birds-meeting-fine-bone-china-p-56865.html" "Mozilla/5.0 (Linux; Android 5.0) AppleWebKit/537.36 (KHTML, like Gecko) Mobile Safari/537.36 (compatible; Bytespider; spider-feedback@bytedance.com)"
47.128.22.65 - - [04/Sep/2023:19:24:51 +0200] "GET /highslide/graphics/outlines/drop-shadow.png HTTP/1.0" 200 277 "http://www.wonder-geek.com/birds-meeting-fine-bone-china-p-56865.html" "Mozilla/5.0 (Linux; Android 5.0) AppleWebKit/537.36 (KHTML, like Gecko) Mobile Safari/537.36 (compatible; Bytespider; spider-feedback@bytedance.com)"
216.244.66.242 - - [04/Sep/2023:19:24:52 +0200] "GET /robots.txt HTTP/1.0" 200 245 "-" "Mozilla/5.0 (compatible; DotBot/1.2; +https://opensiteexplorer.org/dotbot; help@moz.com)"
157.90.182.25 - - [04/Sep/2023:19:24:59 +0200] "GET /beige-decorative-baskets-p-58372.html HTTP/1.0" 200 77236 "-" "Mozilla/5.0 (compatible; BLEXBot/1.0; +http://webmeup-crawler.com/)"
157.90.182.25 - - [04/Sep/2023:19:25:00 +0200] "GET /bamboo-fiber-plant-cover-p-57469.html HTTP/1.0" 200 76614 "-" "Mozilla/5.0 (compatible; BLEXBot/1.0; +http://webmeup-crawler.com/)"
157.90.182.25 - - [04/Sep/2023:19:25:12 +0200] "GET /bamboo-fiber-plant-cover-p-57470.html HTTP/1.0" 200 76614 "-" "Mozilla/5.0 (compatible; BLEXBot/1.0; +http://webmeup-crawler.com/)"
157.90.182.25 - - [04/Sep/2023:19:25:13 +0200] "GET /beige-ethnic-p-59414.html HTTP/1.0" 200 76926 "-" "Mozilla/5.0 (compatible; BLEXBot/1.0; +http://webmeup-crawler.com/)"
51.68.224.127 - - [04/Sep/2023:19:25:18 +0200] "GET /adminweb/export_orders_xml.php?token=256de2z6edz6ed2z6DFSFsed2zed6zeDSFDSGdzedezfzf&maxorders=10&orderstart=1&status=14&start_date=2018-10-01 HTTP/1.0" 200 285 "-" "GesCom CharlotteBoutik Serveur"
51.68.224.127 - - [04/Sep/2023:19:25:18 +0200] "GET /adminweb/export_orders_xml.php?token=256de2z6edz6ed2z6DFSFsed2zed6zeDSFDSGdzedezfzf&maxorders=10&orderstart=1&status=6&start_date=2018-10-01 HTTP/1.0" 200 33963 "-" "GesCom CharlotteBoutik Serveur"
157.90.182.25 - - [04/Sep/2023:19:25:25 +0200] "GET /bamboo-fiber-plant-cover-p-57471.html HTTP/1.0" 200 76614 "-" "Mozilla/5.0 (compatible; BLEXBot/1.0; +http://webmeup-crawler.com/)"
157.90.182.25 - - [04/Sep/2023:19:25:27 +0200] "GET /beige-lampshade-p-56505.html HTTP/1.0" 200 76796 "-" "Mozilla/5.0 (compatible; BLEXBot/1.0; +http://webmeup-crawler.com/)"
157.90.182.25 - - [04/Sep/2023:19:25:37 +0200] "GET /bamboo-fiber-plant-cover-p-57866.html HTTP/1.0" 200 76589 "-" "Mozilla/5.0 (compatible; BLEXBot/1.0; +http://webmeup-crawler.com/)"
157.90.182.25 - - [04/Sep/2023:19:25:41 +0200] "GET /beige-white-piggy-bank-p-34686.html HTTP/1.0" 200 76073 "-" "Mozilla/5.0 (compatible; BLEXBot/1.0; +http://webmeup-crawler.com/)"
157.90.182.25 - - [04/Sep/2023:19:25:50 +0200] "GET /bamboo-fiber-plant-cover-p-57867.html HTTP/1.0" 200 76589 "-" "Mozilla/5.0 (compatible; BLEXBot/1.0; +http://webmeup-crawler.com/)"
157.90.182.25 - - [04/Sep/2023:19:25:54 +0200] "GET /belgium-flag-p-38272.html HTTP/1.0" 200 75904 "-" "Mozilla/5.0 (compatible; BLEXBot/1.0; +http://webmeup-crawler.com/)"
157.90.182.25 - - [04/Sep/2023:19:26:02 +0200] "GET /bamboo-fiber-plant-cover-p-58255.html HTTP/1.0" 200 76609 "-" "Mozilla/5.0 (compatible; BLEXBot/1.0; +http://webmeup-crawler.com/)"
157.90.182.25 - - [04/Sep/2023:19:26:09 +0200] "GET /belize-clock-cbkreation-p-36824.html HTTP/1.0" 200 75955 "-" "Mozilla/5.0 (compatible; BLEXBot/1.0; +http://webmeup-crawler.com/)"
157.90.182.25 - - [04/Sep/2023:19:26:15 +0200] "GET /bamboo-fiber-plant-cover-p-58256.html HTTP/1.0" 200 76609 "-" "Mozilla/5.0 (compatible; BLEXBot/1.0; +http://webmeup-crawler.com/)"
157.90.182.25 - - [04/Sep/2023:19:26:23 +0200] "GET /bell-brass-buddha-p-37227.html HTTP/1.0" 200 75961 "-" "Mozilla/5.0 (compatible; BLEXBot/1.0; +http://webmeup-crawler.com/)"
157.90.182.25 - - [04/Sep/2023:19:26:27 +0200] "GET /bamboo-fiber-plant-cover-p-58257.html HTTP/1.0" 200 76609 "-" "Mozilla/5.0 (compatible; BLEXBot/1.0; +http://webmeup-crawler.com/)"
157.90.182.25 - - [04/Sep/2023:19:26:36 +0200] "GET /bell-golden-brass-wood-table-p-41447.html HTTP/1.0" 200 76093 "-" "Mozilla/5.0 (compatible; BLEXBot/1.0; +http://webmeup-crawler.com/)"
157.90.182.25 - - [04/Sep/2023:19:26:40 +0200] "GET /bamboo-fiber-plant-cover-p-58258.html HTTP/1.0" 200 76609 "-" "Mozilla/5.0 (compatible; BLEXBot/1.0; +http://webmeup-crawler.com/)"
157.90.182.25 - - [04/Sep/2023:19:26:50 +0200] "GET /bell-wall-bell-c-13_270.html?page=1 HTTP/1.0" 200 92567 "-" "Mozilla/5.0 (compatible; BLEXBot/1.0; +http://webmeup-crawler.com/)"
157.90.182.25 - - [04/Sep/2023:19:26:52 +0200] "GET /bamboo-fiber-plant-cover-p-58259.html HTTP/1.0" 200 76609 "-" "Mozilla/5.0 (compatible; BLEXBot/1.0; +http://webmeup-crawler.com/)"
101.33.78.87 - - [04/Sep/2023:19:26:57 +0200] "GET /images/mini_prod/1399984284612.jpg HTTP/1.0" 200 269 "-" "Mozilla/5.0 (X11; Ubuntu; Linux x86_64; rv:72.0) Gecko/20100101 Firefox/72.0"
157.90.182.25 - - [04/Sep/2023:19:27:04 +0200] "GET /bamboo-fiber-plant-cover-p-58260.html HTTP/1.0" 200 76609 "-" "Mozilla/5.0 (compatible; BLEXBot/1.0; +http://webmeup-crawler.com/)"
157.90.182.25 - - [04/Sep/2023:19:27:05 +0200] "GET /bella-candy-cloud-keychain-p-49756.html HTTP/1.0" 200 75971 "-" "Mozilla/5.0 (compatible; BLEXBot/1.0; +http://webmeup-crawler.com/)"
157.90.182.25 - - [04/Sep/2023:19:27:17 +0200] "GET /bamboo-fiber-plant-cover-p-58894.html HTTP/1.0" 200 76614 "-" "Mozilla/5.0 (compatible; BLEXBot/1.0; +http://webmeup-crawler.com/)"
157.90.182.25 - - [04/Sep/2023:19:27:18 +0200] "GET /bella-candy-cloud-keychain-p-49757.html HTTP/1.0" 200 75968 "-" "Mozilla/5.0 (compatible; BLEXBot/1.0; +http://webmeup-crawler.com/)"
69.28.236.4 - - [04/Sep/2023:19:27:20 +0200] "GET /images/mini_prod/3609810022287.jpg HTTP/1.0" 200 269 "-" "Mozilla/5.0 (X11; Ubuntu; Linux x86_64; rv:72.0) Gecko/20100101 Firefox/72.0"
47.128.29.14 - - [04/Sep/2023:19:27:28 +0200] "GET /mala-golden-quartz-aa-quality-108-beads-p-51002.html HTTP/1.0" 301 79259 "-" "Mozilla/5.0 (Linux; Android 5.0) AppleWebKit/537.36 (KHTML, like Gecko) Mobile Safari/537.36 (compatible; Bytespider; spider-feedback@bytedance.com)"
47.128.29.14 - - [04/Sep/2023:19:27:29 +0200] "GET /mala-golden-quartz-quality-beads-p-51002.html HTTP/1.0" 200 79160 "-" "Mozilla/5.0 (Linux; Android 5.0) AppleWebKit/537.36 (KHTML, like Gecko) Mobile Safari/537.36 (compatible; Bytespider; spider-feedback@bytedance.com)"
157.90.182.25 - - [04/Sep/2023:19:27:29 +0200] "GET /bamboo-fiber-plant-cover-p-58895.html HTTP/1.0" 200 76614 "-" "Mozilla/5.0 (compatible; BLEXBot/1.0; +http://webmeup-crawler.com/)"
47.128.29.14 - - [04/Sep/2023:19:27:31 +0200] "GET /swfobject.js HTTP/1.0" 404 1308 "http://www.wonder-geek.com/mala-golden-quartz-quality-beads-p-51002.html" "Mozilla/5.0 (Linux; Android 5.0) AppleWebKit/537.36 (KHTML, like Gecko) Mobile Safari/537.36 (compatible; Bytespider; spider-feedback@bytedance.com)"
157.90.182.25 - - [04/Sep/2023:19:27:31 +0200] "GET /belle-birthday-card-with-envelope-p-25263.html HTTP/1.0" 200 76006 "-" "Mozilla/5.0 (compatible; BLEXBot/1.0; +http://webmeup-crawler.com/)"
47.128.29.14 - - [04/Sep/2023:19:27:38 +0200] "GET /highslide/graphics/zoomin.cur HTTP/1.0" 200 614 "http://www.wonder-geek.com/templates/Pixame_v1/stylesheet.css" "Mozilla/5.0 (Linux; Android 5.0) AppleWebKit/537.36 (KHTML, like Gecko) Mobile Safari/537.36 (compatible; Bytespider; spider-feedback@bytedance.com)"
47.128.29.14 - - [04/Sep/2023:19:27:38 +0200] "GET /images/big_prod_1/8719497613922b.jpg HTTP/1.0" 200 271 "http://www.wonder-geek.com/mala-golden-quartz-quality-beads-p-51002.html" "Mozilla/5.0 (Linux; Android 5.0) AppleWebKit/537.36 (KHTML, like Gecko) Mobile Safari/537.36 (compatible; Bytespider; spider-feedback@bytedance.com)"
47.128.27.178 - - [04/Sep/2023:19:27:41 +0200] "GET /over-purse-michelle-allen-p-53362.html HTTP/1.0" 200 76053 "-" "Mozilla/5.0 (Linux; Android 5.0) AppleWebKit/537.36 (KHTML, like Gecko) Mobile Safari/537.36 (compatible; Bytespider; spider-feedback@bytedance.com)"
47.128.27.178 - - [04/Sep/2023:19:27:43 +0200] "GET /swfobject.js HTTP/1.0" 404 1308 "http://www.wonder-geek.com/over-purse-michelle-allen-p-53362.html" "Mozilla/5.0 (Linux; Android 5.0) AppleWebKit/537.36 (KHTML, like Gecko) Mobile Safari/537.36 (compatible; Bytespider; spider-feedback@bytedance.com)"
157.90.182.25 - - [04/Sep/2023:19:27:42 +0200] "GET /bamboo-fiber-plant-cover-p-58896.html HTTP/1.0" 200 76614 "-" "Mozilla/5.0 (compatible; BLEXBot/1.0; +http://webmeup-crawler.com/)"
157.90.182.25 - - [04/Sep/2023:19:27:44 +0200] "GET /belle-cups-espresso-p-37859.html HTTP/1.0" 200 76049 "-" "Mozilla/5.0 (compatible; BLEXBot/1.0; +http://webmeup-crawler.com/)"
47.128.27.178 - - [04/Sep/2023:19:27:47 +0200] "GET /highslide/graphics/zoomin.cur HTTP/1.0" 200 614 "http://www.wonder-geek.com/templates/Pixame_v1/stylesheet.css" "Mozilla/5.0 (Linux; Android 5.0) AppleWebKit/537.36 (KHTML, like Gecko) Mobile Safari/537.36 (compatible; Bytespider; spider-feedback@bytedance.com)"
47.128.27.178 - - [04/Sep/2023:19:27:48 +0200] "GET /highslide/graphics/outlines/drop-shadow.png HTTP/1.0" 200 277 "http://www.wonder-geek.com/over-purse-michelle-allen-p-53362.html" "Mozilla/5.0 (Linux; Android 5.0) AppleWebKit/537.36 (KHTML, like Gecko) Mobile Safari/537.36 (compatible; Bytespider; spider-feedback@bytedance.com)"
47.128.27.178 - - [04/Sep/2023:19:27:48 +0200] "GET /highslide/graphics/zoomout.cur HTTP/1.0" 200 614 "http://www.wonder-geek.com/over-purse-michelle-allen-p-53362.html" "Mozilla/5.0 (Linux; Android 5.0) AppleWebKit/537.36 (KHTML, like Gecko) Mobile Safari/537.36 (compatible; Bytespider; spider-feedback@bytedance.com)"
47.128.27.178 - - [04/Sep/2023:19:27:48 +0200] "GET /images/big_prod/3453131155168.jpg HTTP/1.0" 200 268 "http://www.wonder-geek.com/over-purse-michelle-allen-p-53362.html" "Mozilla/5.0 (Linux; Android 5.0) AppleWebKit/537.36 (KHTML, like Gecko) Mobile Safari/537.36 (compatible; Bytespider; spider-feedback@bytedance.com)"
43.134.229.100 - - [04/Sep/2023:19:27:53 +0200] "GET /darling-bedclothes-p-51591.html HTTP/1.0" 200 73654 "http://www.wonder-geek.com/darling-bedclothes-p-51591.html" "Mozilla/5.0 (Linux; Android 12; PGZ110 Build/SP1A.210812.016) AppleWebKit/537.36 (KHTML, like Gecko) Chrome/97.0.4692.98 Mobile Safari/537.36"
157.90.182.25 - - [04/Sep/2023:19:27:55 +0200] "GET /bamboo-fiber-plant-cover-p-58897.html HTTP/1.0" 200 76614 "-" "Mozilla/5.0 (compatible; BLEXBot/1.0; +http://webmeup-crawler.com/)"
157.90.182.25 - - [04/Sep/2023:19:27:57 +0200] "GET /belle-enchanted-figure-collection-p-41969.html HTTP/1.0" 200 76657 "-" "Mozilla/5.0 (compatible; BLEXBot/1.0; +http://webmeup-crawler.com/)"
47.128.30.14 - - [04/Sep/2023:19:27:58 +0200] "GET /wooden-wall-decoration-hang-paradis-p-49979.html HTTP/1.0" 200 76180 "-" "Mozilla/5.0 (Linux; Android 5.0) AppleWebKit/537.36 (KHTML, like Gecko) Mobile Safari/537.36 (compatible; Bytespider; spider-feedback@bytedance.com)"
47.128.30.14 - - [04/Sep/2023:19:28:00 +0200] "GET /swfobject.js HTTP/1.0" 404 1308 "http://www.wonder-geek.com/wooden-wall-decoration-hang-paradis-p-49979.html" "Mozilla/5.0 (Linux; Android 5.0) AppleWebKit/537.36 (KHTML, like Gecko) Mobile Safari/537.36 (compatible; Bytespider; spider-feedback@bytedance.com)"
47.128.30.14 - - [04/Sep/2023:19:28:01 +0200] "GET /highslide/graphics/zoomin.cur HTTP/1.0" 200 614 "http://www.wonder-geek.com/templates/Pixame_v1/stylesheet.css" "Mozilla/5.0 (Linux; Android 5.0) AppleWebKit/537.36 (KHTML, like Gecko) Mobile Safari/537.36 (compatible; Bytespider; spider-feedback@bytedance.com)"
47.128.30.14 - - [04/Sep/2023:19:28:02 +0200] "GET /highslide/graphics/outlines/drop-shadow.png HTTP/1.0" 200 277 "http://www.wonder-geek.com/wooden-wall-decoration-hang-paradis-p-49979.html" "Mozilla/5.0 (Linux; Android 5.0) AppleWebKit/537.36 (KHTML, like Gecko) Mobile Safari/537.36 (compatible; Bytespider; spider-feedback@bytedance.com)"
47.128.30.14 - - [04/Sep/2023:19:28:02 +0200] "GET /highslide/graphics/zoomout.cur HTTP/1.0" 200 614 "http://www.wonder-geek.com/wooden-wall-decoration-hang-paradis-p-49979.html" "Mozilla/5.0 (Linux; Android 5.0) AppleWebKit/537.36 (KHTML, like Gecko) Mobile Safari/537.36 (compatible; Bytespider; spider-feedback@bytedance.com)"
47.128.29.14 - - [04/Sep/2023:19:28:02 +0200] "GET /highslide/graphics/zoomout.cur HTTP/1.0" 200 614 "http://www.wonder-geek.com/mala-golden-quartz-quality-beads-p-51002.html" "Mozilla/5.0 (Linux; Android 5.0) AppleWebKit/537.36 (KHTML, like Gecko) Mobile Safari/537.36 (compatible; Bytespider; spider-feedback@bytedance.com)"
47.128.29.14 - - [04/Sep/2023:19:28:02 +0200] "GET /highslide/graphics/outlines/drop-shadow.png HTTP/1.0" 200 277 "http://www.wonder-geek.com/mala-golden-quartz-quality-beads-p-51002.html" "Mozilla/5.0 (Linux; Android 5.0) AppleWebKit/537.36 (KHTML, like Gecko) Mobile Safari/537.36 (compatible; Bytespider; spider-feedback@bytedance.com)"
47.128.29.14 - - [04/Sep/2023:19:28:03 +0200] "GET /images/big_prod/8718657465975.jpg HTTP/1.0" 200 268 "http://www.wonder-geek.com/mala-golden-quartz-quality-beads-p-51002.html" "Mozilla/5.0 (Linux; Android 5.0) AppleWebKit/537.36 (KHTML, like Gecko) Mobile Safari/537.36 (compatible; Bytespider; spider-feedback@bytedance.com)"
169.228.63.97 - - [04/Sep/2023:19:28:05 +0200] "GET /images/mini_prod/1384010202890.jpg HTTP/1.0" 200 269 "-" "Mozilla/5.0 (X11; Ubuntu; Linux x86_64; rv:72.0) Gecko/20100101 Firefox/72.0"
157.90.182.25 - - [04/Sep/2023:19:28:07 +0200] "GET /bamboo-fiber-plant-cover-p-58898.html HTTP/1.0" 200 76616 "-" "Mozilla/5.0 (compatible; BLEXBot/1.0; +http://webmeup-crawler.com/)"
157.90.182.25 - - [04/Sep/2023:19:28:09 +0200] "GET /bellis-mini-rectangular-tray-p-58510.html HTTP/1.0" 200 76670 "-" "Mozilla/5.0 (compatible; BLEXBot/1.0; +http://webmeup-crawler.com/)"
54.36.148.31 - - [04/Sep/2023:19:28:09 +0200] "GET /accessories-c-3.html?page=7 HTTP/1.0" 200 96047 "-" "Mozilla/5.0 (compatible; AhrefsBot/7.0; +http://ahrefs.com/robot/)"
157.90.182.25 - - [04/Sep/2023:19:28:20 +0200] "GET /bamboo-fiber-plant-cover-p-58899.html HTTP/1.0" 200 76733 "-" "Mozilla/5.0 (compatible; BLEXBot/1.0; +http://webmeup-crawler.com/)"
157.90.182.25 - - [04/Sep/2023:19:28:22 +0200] "GET /bells-metal-chime-p-42072.html HTTP/1.0" 200 76021 "-" "Mozilla/5.0 (compatible; BLEXBot/1.0; +http://webmeup-crawler.com/)"
157.90.182.25 - - [04/Sep/2023:19:28:32 +0200] "GET /bamboo-fiber-plant-cover-p-58900.html HTTP/1.0" 200 76733 "-" "Mozilla/5.0 (compatible; BLEXBot/1.0; +http://webmeup-crawler.com/)"
157.90.182.25 - - [04/Sep/2023:19:28:35 +0200] "GET /bells-metal-chime-p-42081.html HTTP/1.0" 200 76622 "-" "Mozilla/5.0 (compatible; BLEXBot/1.0; +http://webmeup-crawler.com/)"
47.128.20.135 - - [04/Sep/2023:19:28:35 +0200] "GET /barbecue-apron-torchon-manique-adult-p-48108.html HTTP/1.0" 200 76750 "-" "Mozilla/5.0 (Linux; Android 5.0) AppleWebKit/537.36 (KHTML, like Gecko) Mobile Safari/537.36 (compatible; Bytespider; spider-feedback@bytedance.com)"
47.128.24.249 - - [04/Sep/2023:19:28:36 +0200] "GET /bridget-large-bowl-p-50607.html HTTP/1.0" 301 73649 "-" "Mozilla/5.0 (Linux; Android 5.0) AppleWebKit/537.36 (KHTML, like Gecko) Mobile Safari/537.36 (compatible; Bytespider; spider-feedback@bytedance.com)"
47.128.20.135 - - [04/Sep/2023:19:28:37 +0200] "GET /swfobject.js HTTP/1.0" 404 1308 "http://www.wonder-geek.com/barbecue-apron-torchon-manique-adult-p-48108.html" "Mozilla/5.0 (Linux; Android 5.0) AppleWebKit/537.36 (KHTML, like Gecko) Mobile Safari/537.36 (compatible; Bytespider; spider-feedback@bytedance.com)"
47.128.24.249 - - [04/Sep/2023:19:28:38 +0200] "GET /-p-50607.html HTTP/1.0" 200 73582 "-" "Mozilla/5.0 (Linux; Android 5.0) AppleWebKit/537.36 (KHTML, like Gecko) Mobile Safari/537.36 (compatible; Bytespider; spider-feedback@bytedance.com)"
47.128.24.249 - - [04/Sep/2023:19:28:40 +0200] "GET /swfobject.js HTTP/1.0" 404 1308 "http://www.wonder-geek.com/-p-50607.html" "Mozilla/5.0 (Linux; Android 5.0) AppleWebKit/537.36 (KHTML, like Gecko) Mobile Safari/537.36 (compatible; Bytespider; spider-feedback@bytedance.com)"
47.128.24.249 - - [04/Sep/2023:19:28:45 +0200] "GET /highslide/graphics/zoomout.cur HTTP/1.0" 200 614 "http://www.wonder-geek.com/-p-50607.html" "Mozilla/5.0 (Linux; Android 5.0) AppleWebKit/537.36 (KHTML, like Gecko) Mobile Safari/537.36 (compatible; Bytespider; spider-feedback@bytedance.com)"
47.128.24.249 - - [04/Sep/2023:19:28:45 +0200] "GET /highslide/graphics/outlines/drop-shadow.png HTTP/1.0" 200 277 "http://www.wonder-geek.com/-p-50607.html" "Mozilla/5.0 (Linux; Android 5.0) AppleWebKit/537.36 (KHTML, like Gecko) Mobile Safari/537.36 (compatible; Bytespider; spider-feedback@bytedance.com)"
157.90.182.25 - - [04/Sep/2023:19:28:45 +0200] "GET /bamboo-fiber-plant-cover-p-58901.html HTTP/1.0" 200 76733 "-" "Mozilla/5.0 (compatible; BLEXBot/1.0; +http://webmeup-crawler.com/)"
157.90.182.25 - - [04/Sep/2023:19:28:47 +0200] "GET /bells-with-rudraksha-symbols-p-41664.html HTTP/1.0" 200 76696 "-" "Mozilla/5.0 (compatible; BLEXBot/1.0; +http://webmeup-crawler.com/)"
47.128.20.135 - - [04/Sep/2023:19:28:53 +0200] "GET /highslide/graphics/zoomin.cur HTTP/1.0" 200 614 "http://www.wonder-geek.com/templates/Pixame_v1/stylesheet.css" "Mozilla/5.0 (Linux; Android 5.0) AppleWebKit/537.36 (KHTML, like Gecko) Mobile Safari/537.36 (compatible; Bytespider; spider-feedback@bytedance.com)"
47.128.20.135 - - [04/Sep/2023:19:28:54 +0200] "GET /images/big_prod_1/3612875125114a.jpg HTTP/1.0" 200 271 "http://www.wonder-geek.com/barbecue-apron-torchon-manique-adult-p-48108.html" "Mozilla/5.0 (Linux; Android 5.0) AppleWebKit/537.36 (KHTML, like Gecko) Mobile Safari/537.36 (compatible; Bytespider; spider-feedback@bytedance.com)"
47.128.20.166 - - [04/Sep/2023:19:28:54 +0200] "GET /beatles-retro-multifunction-p-8085.html HTTP/1.0" 200 76235 "-" "Mozilla/5.0 (Linux; Android 5.0) AppleWebKit/537.36 (KHTML, like Gecko) Mobile Safari/537.36 (compatible; Bytespider; spider-feedback@bytedance.com)"
47.128.20.166 - - [04/Sep/2023:19:28:56 +0200] "GET /swfobject.js HTTP/1.0" 404 1308 "http://www.wonder-geek.com/beatles-retro-multifunction-p-8085.html" "Mozilla/5.0 (Linux; Android 5.0) AppleWebKit/537.36 (KHTML, like Gecko) Mobile Safari/537.36 (compatible; Bytespider; spider-feedback@bytedance.com)"
47.128.24.14 - - [04/Sep/2023:19:28:55 +0200] "GET /dinosaur-nightlight-p-53121.html HTTP/1.0" 200 77120 "-" "Mozilla/5.0 (Linux; Android 5.0) AppleWebKit/537.36 (KHTML, like Gecko) Mobile Safari/537.36 (compatible; Bytespider; spider-feedback@bytedance.com)"
47.128.24.14 - - [04/Sep/2023:19:28:57 +0200] "GET /swfobject.js HTTP/1.0" 404 1308 "http://www.wonder-geek.com/dinosaur-nightlight-p-53121.html" "Mozilla/5.0 (Linux; Android 5.0) AppleWebKit/537.36 (KHTML, like Gecko) Mobile Safari/537.36 (compatible; Bytespider; spider-feedback@bytedance.com)"
157.90.182.25 - - [04/Sep/2023:19:28:57 +0200] "GET /bamboo-fiber-plant-cover-p-58902.html HTTP/1.0" 200 76733 "-" "Mozilla/5.0 (compatible; BLEXBot/1.0; +http://webmeup-crawler.com/)"
47.128.20.166 - - [04/Sep/2023:19:29:00 +0200] "GET /highslide/graphics/zoomin.cur HTTP/1.0" 200 614 "http://www.wonder-geek.com/templates/Pixame_v1/stylesheet.css" "Mozilla/5.0 (Linux; Android 5.0) AppleWebKit/537.36 (KHTML, like Gecko) Mobile Safari/537.36 (compatible; Bytespider; spider-feedback@bytedance.com)"
47.128.20.166 - - [04/Sep/2023:19:29:00 +0200] "GET /highslide/graphics/zoomout.cur HTTP/1.0" 200 614 "http://www.wonder-geek.com/beatles-retro-multifunction-p-8085.html" "Mozilla/5.0 (Linux; Android 5.0) AppleWebKit/537.36 (KHTML, like Gecko) Mobile Safari/537.36 (compatible; Bytespider; spider-feedback@bytedance.com)"
47.128.20.166 - - [04/Sep/2023:19:29:00 +0200] "GET /highslide/graphics/outlines/drop-shadow.png HTTP/1.0" 200 277 "http://www.wonder-geek.com/beatles-retro-multifunction-p-8085.html" "Mozilla/5.0 (Linux; Android 5.0) AppleWebKit/537.36 (KHTML, like Gecko) Mobile Safari/537.36 (compatible; Bytespider; spider-feedback@bytedance.com)"
47.128.20.166 - - [04/Sep/2023:19:29:01 +0200] "GET /images/43365.jpg HTTP/1.0" 200 251 "http://www.wonder-geek.com/beatles-retro-multifunction-p-8085.html" "Mozilla/5.0 (Linux; Android 5.0) AppleWebKit/537.36 (KHTML, like Gecko) Mobile Safari/537.36 (compatible; Bytespider; spider-feedback@bytedance.com)"
157.90.182.25 - - [04/Sep/2023:19:29:00 +0200] "GET /bells-with-rudraksha-symbols-p-41665.html HTTP/1.0" 200 76076 "-" "Mozilla/5.0 (compatible; BLEXBot/1.0; +http://webmeup-crawler.com/)"
47.128.24.14 - - [04/Sep/2023:19:29:05 +0200] "GET /highslide/graphics/zoomin.cur HTTP/1.0" 200 614 "http://www.wonder-geek.com/templates/Pixame_v1/stylesheet.css" "Mozilla/5.0 (Linux; Android 5.0) AppleWebKit/537.36 (KHTML, like Gecko) Mobile Safari/537.36 (compatible; Bytespider; spider-feedback@bytedance.com)"
47.128.24.14 - - [04/Sep/2023:19:29:05 +0200] "GET /images/big_prod_1/5404006044573a.jpg HTTP/1.0" 200 271 "http://www.wonder-geek.com/dinosaur-nightlight-p-53121.html" "Mozilla/5.0 (Linux; Android 5.0) AppleWebKit/537.36 (KHTML, like Gecko) Mobile Safari/537.36 (compatible; Bytespider; spider-feedback@bytedance.com)"
47.128.24.14 - - [04/Sep/2023:19:29:05 +0200] "GET /images/big_prod_3/5404006044573c.jpg HTTP/1.0" 200 271 "http://www.wonder-geek.com/dinosaur-nightlight-p-53121.html" "Mozilla/5.0 (Linux; Android 5.0) AppleWebKit/537.36 (KHTML, like Gecko) Mobile Safari/537.36 (compatible; Bytespider; spider-feedback@bytedance.com)"
47.128.24.14 - - [04/Sep/2023:19:29:05 +0200] "GET /images/big_prod_2/5404006044573b.jpg HTTP/1.0" 200 271 "http://www.wonder-geek.com/dinosaur-nightlight-p-53121.html" "Mozilla/5.0 (Linux; Android 5.0) AppleWebKit/537.36 (KHTML, like Gecko) Mobile Safari/537.36 (compatible; Bytespider; spider-feedback@bytedance.com)"
157.90.182.25 - - [04/Sep/2023:19:29:10 +0200] "GET /bamboo-fiber-plant-cover-p-58903.html HTTP/1.0" 200 76733 "-" "Mozilla/5.0 (compatible; BLEXBot/1.0; +http://webmeup-crawler.com/)"
157.90.182.25 - - [04/Sep/2023:19:29:13 +0200] "GET /beloved-bear-winnie-pooh-personality-pose-figurine-p-54002.html HTTP/1.0" 200 78031 "-" "Mozilla/5.0 (compatible; BLEXBot/1.0; +http://webmeup-crawler.com/)"
47.128.20.135 - - [04/Sep/2023:19:29:20 +0200] "GET /highslide/graphics/outlines/drop-shadow.png HTTP/1.0" 200 277 "http://www.wonder-geek.com/barbecue-apron-torchon-manique-adult-p-48108.html" "Mozilla/5.0 (Linux; Android 5.0) AppleWebKit/537.36 (KHTML, like Gecko) Mobile Safari/537.36 (compatible; Bytespider; spider-feedback@bytedance.com)"
47.128.20.135 - - [04/Sep/2023:19:29:20 +0200] "GET /highslide/graphics/zoomout.cur HTTP/1.0" 200 614 "http://www.wonder-geek.com/barbecue-apron-torchon-manique-adult-p-48108.html" "Mozilla/5.0 (Linux; Android 5.0) AppleWebKit/537.36 (KHTML, like Gecko) Mobile Safari/537.36 (compatible; Bytespider; spider-feedback@bytedance.com)"
157.90.182.25 - - [04/Sep/2023:19:29:26 +0200] "GET /benito-cotton-jute-p-59919.html HTTP/1.0" 200 77024 "-" "Mozilla/5.0 (compatible; BLEXBot/1.0; +http://webmeup-crawler.com/)"
157.90.182.25 - - [04/Sep/2023:19:29:39 +0200] "GET /benzoin-aromatika-incense-sticks-p-58245.html HTTP/1.0" 200 76710 "-" "Mozilla/5.0 (compatible; BLEXBot/1.0; +http://webmeup-crawler.com/)"
157.90.182.25 - - [04/Sep/2023:19:29:52 +0200] "GET /bernard-figurine-p-58784.html HTTP/1.0" 200 77266 "-" "Mozilla/5.0 (compatible; BLEXBot/1.0; +http://webmeup-crawler.com/)"
157.90.182.25 - - [04/Sep/2023:19:30:04 +0200] "GET /bernese-mountain-keychain-p-26303.html HTTP/1.0" 200 76198 "-" "Mozilla/5.0 (compatible; BLEXBot/1.0; +http://webmeup-crawler.com/)"
157.90.182.25 - - [04/Sep/2023:19:30:17 +0200] "GET /best-friend-elliott-dragon-figurine-p-37696.html HTTP/1.0" 200 76738 "-" "Mozilla/5.0 (compatible; BLEXBot/1.0; +http://webmeup-crawler.com/)"
167.220.2.10 - - [04/Sep/2023:19:30:19 +0200] "GET /images/mini_prod/8033667001822.jpg HTTP/1.0" 200 269 "-" "Mozilla/5.0 (X11; Ubuntu; Linux x86_64; rv:72.0) Gecko/20100101 Firefox/72.0"
65.154.226.168 - - [04/Sep/2023:19:30:31 +0200] "GET /images/mini%5fprod/8033667001822.jpg HTTP/1.0" 200 269 "-" "Mozilla/5.0 (Windows NT 10.0) AppleWebKit/537.36 (KHTML, like Gecko) Chrome/106.0.0.0 Safari/537.36"
157.90.182.25 - - [04/Sep/2023:19:30:30 +0200] "GET /best-price-town-wodden-frame-p-39968.html HTTP/1.0" 200 76162 "-" "Mozilla/5.0 (compatible; BLEXBot/1.0; +http://webmeup-crawler.com/)"
