157.90.182.25 - - [04/Sep/2023:19:10:47 +0200] "GET /bart-homer-simpsons-oval-alarm-clock-p-14532.html HTTP/1.0" 200 76367 "-" "Mozilla/5.0 (compatible; BLEXBot/1.0; +http://webmeup-crawler.com/)"
40.77.167.7 - - [04/Sep/2023:19:10:51 +0200] "GET /cotton-bath-p-55256.html HTTP/1.0" 200 76644 "-" "Mozilla/5.0 AppleWebKit/537.36 (KHTML, like Gecko; compatible; bingbot/2.0; +http://www.bing.com/bingbot.htm) Chrome/103.0.5060.134 Safari/537.36"
157.90.182.25 - - [04/Sep/2023:19:10:58 +0200] "GET /audrey-hepburn-breakfast-tiffany-clock-p-6329.html HTTP/1.0" 200 76105 "-" "Mozilla/5.0 (compatible; BLEXBot/1.0; +http://webmeup-crawler.com/)"
157.90.182.25 - - [04/Sep/2023:19:11:00 +0200] "GET /bart-simpson-clock-p-12854.html HTTP/1.0" 200 75904 "-" "Mozilla/5.0 (compatible; BLEXBot/1.0; +http://webmeup-crawler.com/)"
169.228.63.97 - - [04/Sep/2023:19:11:03 +0200] "GET /images/mini_prod/3662468005507.jpg HTTP/1.0" 200 269 "-" "Mozilla/5.0 (X11; Ubuntu; Linux x86_64; rv:72.0) Gecko/20100101 Firefox/72.0"
157.90.182.25 - - [04/Sep/2023:19:11:10 +0200] "GET /aujourd-jour-card-p-20049.html HTTP/1.0" 200 76073 "-" "Mozilla/5.0 (compatible; BLEXBot/1.0; +http://webmeup-crawler.com/)"
157.90.182.25 - - [04/Sep/2023:19:11:14 +0200] "GET /bashful-figure-collection-romero-britto-p-53509.html HTTP/1.0" 200 77130 "-" "Mozilla/5.0 (compatible; BLEXBot/1.0; +http://webmeup-crawler.com/)"
157.90.182.25 - - [04/Sep/2023:19:11:23 +0200] "GET /austin-mini-british-beat-metal-plate-p-37149.html HTTP/1.0" 200 76134 "-" "Mozilla/5.0 (compatible; BLEXBot/1.0; +http://webmeup-crawler.com/)"
157.90.182.25 - - [04/Sep/2023:19:11:28 +0200] "GET /basket-black-natural-palm-leaves-p-48057.html HTTP/1.0" 200 76088 "-" "Mozilla/5.0 (compatible; BLEXBot/1.0; +http://webmeup-crawler.com/)"
157.90.182.25 - - [04/Sep/2023:19:11:35 +0200] "GET /austin-mini-cooper-large-metal-plate-deco-p-37104.html HTTP/1.0" 200 76083 "-" "Mozilla/5.0 (compatible; BLEXBot/1.0; +http://webmeup-crawler.com/)"
157.90.182.25 - - [04/Sep/2023:19:11:42 +0200] "GET /basket-black-natural-palm-leaves-p-48064.html HTTP/1.0" 200 76089 "-" "Mozilla/5.0 (compatible; BLEXBot/1.0; +http://webmeup-crawler.com/)"
157.90.182.25 - - [04/Sep/2023:19:11:47 +0200] "GET /austin-mini-cooper-mini-magnets-enamelled-p-38439.html HTTP/1.0" 200 76337 "-" "Mozilla/5.0 (compatible; BLEXBot/1.0; +http://webmeup-crawler.com/)"
157.90.182.25 - - [04/Sep/2023:19:11:56 +0200] "GET /basket-paris-pencil-case-p-39570.html HTTP/1.0" 200 76596 "-" "Mozilla/5.0 (compatible; BLEXBot/1.0; +http://webmeup-crawler.com/)"
157.90.182.25 - - [04/Sep/2023:19:12:00 +0200] "GET /austin-mini-metal-plate-p-33711.html HTTP/1.0" 200 76006 "-" "Mozilla/5.0 (compatible; BLEXBot/1.0; +http://webmeup-crawler.com/)"
157.90.182.25 - - [04/Sep/2023:19:12:10 +0200] "GET /baskets-c-13_289.html?page=1 HTTP/1.0" 200 94172 "-" "Mozilla/5.0 (compatible; BLEXBot/1.0; +http://webmeup-crawler.com/)"
157.90.182.25 - - [04/Sep/2023:19:12:14 +0200] "GET /austin-mini-parking-only-metal-plate-p-33712.html HTTP/1.0" 200 76110 "-" "Mozilla/5.0 (compatible; BLEXBot/1.0; +http://webmeup-crawler.com/)"
157.90.182.25 - - [04/Sep/2023:19:12:25 +0200] "GET /baskets-magazine-rack-p-50693.html HTTP/1.0" 200 77018 "-" "Mozilla/5.0 (compatible; BLEXBot/1.0; +http://webmeup-crawler.com/)"
157.90.182.25 - - [04/Sep/2023:19:12:27 +0200] "GET /australia-collectable-figurine-family-p-57415.html HTTP/1.0" 200 78281 "-" "Mozilla/5.0 (compatible; BLEXBot/1.0; +http://webmeup-crawler.com/)"
157.90.182.25 - - [04/Sep/2023:19:12:39 +0200] "GET /baskets-reed-fiber-corn-husk-p-59857.html HTTP/1.0" 200 77649 "-" "Mozilla/5.0 (compatible; BLEXBot/1.0; +http://webmeup-crawler.com/)"
47.128.30.112 - - [04/Sep/2023:19:12:40 +0200] "GET /-p-45782.html HTTP/1.0" 200 73582 "-" "Mozilla/5.0 (Linux; Android 5.0) AppleWebKit/537.36 (KHTML, like Gecko) Mobile Safari/537.36 (compatible; Bytespider; spider-feedback@bytedance.com)"
157.90.182.25 - - [04/Sep/2023:19:12:40 +0200] "GET /australia-gift-family-p-57402.html HTTP/1.0" 200 77677 "-" "Mozilla/5.0 (compatible; BLEXBot/1.0; +http://webmeup-crawler.com/)"
47.128.30.112 - - [04/Sep/2023:19:12:42 +0200] "GET /swfobject.js HTTP/1.0" 404 1308 "http://www.wonder-geek.com/-p-45782.html" "Mozilla/5.0 (Linux; Android 5.0) AppleWebKit/537.36 (KHTML, like Gecko) Mobile Safari/537.36 (compatible; Bytespider; spider-feedback@bytedance.com)"
47.128.18.50 - - [04/Sep/2023:19:12:44 +0200] "GET /cacao-large-bowl-p-50613.html HTTP/1.0" 200 73636 "-" "Mozilla/5.0 (Linux; Android 5.0) AppleWebKit/537.36 (KHTML, like Gecko) Mobile Safari/537.36 (compatible; Bytespider; spider-feedback@bytedance.com)"
47.128.18.50 - - [04/Sep/2023:19:12:46 +0200] "GET /swfobject.js HTTP/1.0" 404 1308 "http://www.wonder-geek.com/cacao-large-bowl-p-50613.html" "Mozilla/5.0 (Linux; Android 5.0) AppleWebKit/537.36 (KHTML, like Gecko) Mobile Safari/537.36 (compatible; Bytespider; spider-feedback@bytedance.com)"
47.128.17.52 - - [04/Sep/2023:19:12:47 +0200] "GET /specials.php HTTP/1.0" 200 121632 "-" "Mozilla/5.0 (Linux; Android 5.0) AppleWebKit/537.36 (KHTML, like Gecko) Mobile Safari/537.36 (compatible; Bytespider; spider-feedback@bytedance.com)"
47.128.30.112 - - [04/Sep/2023:19:12:51 +0200] "GET /highslide/graphics/outlines/drop-shadow.png HTTP/1.0" 200 277 "http://www.wonder-geek.com/-p-45782.html" "Mozilla/5.0 (Linux; Android 5.0) AppleWebKit/537.36 (KHTML, like Gecko) Mobile Safari/537.36 (compatible; Bytespider; spider-feedback@bytedance.com)"
47.128.30.112 - - [04/Sep/2023:19:12:51 +0200] "GET /highslide/graphics/zoomout.cur HTTP/1.0" 200 614 "http://www.wonder-geek.com/-p-45782.html" "Mozilla/5.0 (Linux; Android 5.0) AppleWebKit/537.36 (KHTML, like Gecko) Mobile Safari/537.36 (compatible; Bytespider; spider-feedback@bytedance.com)"
47.128.17.52 - - [04/Sep/2023:19:12:52 +0200] "GET /swfobject.js HTTP/1.0" 404 1308 "http://www.wonder-geek.com/specials.php" "Mozilla/5.0 (Linux; Android 5.0) AppleWebKit/537.36 (KHTML, like Gecko) Mobile Safari/537.36 (compatible; Bytespider; spider-feedback@bytedance.com)"
47.128.17.236 - - [04/Sep/2023:19:12:51 +0200] "GET /holiday-moneybox-p-55012.html HTTP/1.0" 200 76496 "-" "Mozilla/5.0 (Linux; Android 5.0) AppleWebKit/537.36 (KHTML, like Gecko) Mobile Safari/537.36 (compatible; Bytespider; spider-feedback@bytedance.com)"
47.128.17.236 - - [04/Sep/2023:19:12:53 +0200] "GET /swfobject.js HTTP/1.0" 404 1308 "http://www.wonder-geek.com/holiday-moneybox-p-55012.html" "Mozilla/5.0 (Linux; Android 5.0) AppleWebKit/537.36 (KHTML, like Gecko) Mobile Safari/537.36 (compatible; Bytespider; spider-feedback@bytedance.com)"
157.90.182.25 - - [04/Sep/2023:19:12:52 +0200] "GET /baskets-water-hyacinth-p-56043.html HTTP/1.0" 200 76741 "-" "Mozilla/5.0 (compatible; BLEXBot/1.0; +http://webmeup-crawler.com/)"
157.90.182.25 - - [04/Sep/2023:19:12:53 +0200] "GET /australia-keychain-family-p-57392.html HTTP/1.0" 200 77618 "-" "Mozilla/5.0 (compatible; BLEXBot/1.0; +http://webmeup-crawler.com/)"
47.128.18.50 - - [04/Sep/2023:19:12:56 +0200] "GET /highslide/graphics/outlines/drop-shadow.png HTTP/1.0" 200 277 "http://www.wonder-geek.com/cacao-large-bowl-p-50613.html" "Mozilla/5.0 (Linux; Android 5.0) AppleWebKit/537.36 (KHTML, like Gecko) Mobile Safari/537.36 (compatible; Bytespider; spider-feedback@bytedance.com)"
47.128.18.50 - - [04/Sep/2023:19:12:56 +0200] "GET /highslide/graphics/zoomout.cur HTTP/1.0" 200 614 "http://www.wonder-geek.com/cacao-large-bowl-p-50613.html" "Mozilla/5.0 (Linux; Android 5.0) AppleWebKit/537.36 (KHTML, like Gecko) Mobile Safari/537.36 (compatible; Bytespider; spider-feedback@bytedance.com)"
47.128.17.52 - - [04/Sep/2023:19:13:01 +0200] "GET /images/table_background_specials.gif HTTP/1.0" 200 1094 "http://www.wonder-geek.com/specials.php" "Mozilla/5.0 (Linux; Android 5.0) AppleWebKit/537.36 (KHTML, like Gecko) Mobile Safari/537.36 (compatible; Bytespider; spider-feedback@bytedance.com)"
47.128.17.236 - - [04/Sep/2023:19:13:01 +0200] "GET /images/big_prod_1/4029811408948a.jpg HTTP/1.0" 200 271 "http://www.wonder-geek.com/holiday-moneybox-p-55012.html" "Mozilla/5.0 (Linux; Android 5.0) AppleWebKit/537.36 (KHTML, like Gecko) Mobile Safari/537.36 (compatible; Bytespider; spider-feedback@bytedance.com)"
47.128.17.52 - - [04/Sep/2023:19:13:03 +0200] "GET /js/jquery.min.js HTTP/1.0" 404 1308 "http://www.wonder-geek.com/specials.php" "Mozilla/5.0 (Linux; Android 5.0) AppleWebKit/537.36 (KHTML, like Gecko) Mobile Safari/537.36 (compatible; Bytespider; spider-feedback@bytedance.com)"
157.90.182.25 - - [04/Sep/2023:19:13:05 +0200] "GET /austria-clock-cbkreation-p-36679.html HTTP/1.0" 200 75971 "-" "Mozilla/5.0 (compatible; BLEXBot/1.0; +http://webmeup-crawler.com/)"
157.90.182.25 - - [04/Sep/2023:19:13:06 +0200] "GET /baskets-wicker-baskets-p-50696.html HTTP/1.0" 200 77108 "-" "Mozilla/5.0 (compatible; BLEXBot/1.0; +http://webmeup-crawler.com/)"
157.90.182.25 - - [04/Sep/2023:19:13:18 +0200] "GET /austria-mousepad-cbkreation-p-36711.html HTTP/1.0" 200 76012 "-" "Mozilla/5.0 (compatible; BLEXBot/1.0; +http://webmeup-crawler.com/)"
157.90.182.25 - - [04/Sep/2023:19:13:20 +0200] "GET /baskets-with-handles-p-50701.html HTTP/1.0" 200 76895 "-" "Mozilla/5.0 (compatible; BLEXBot/1.0; +http://webmeup-crawler.com/)"
47.128.17.52 - - [04/Sep/2023:19:13:22 +0200] "GET /highslide/graphics/outlines/drop-shadow.png HTTP/1.0" 200 277 "http://www.wonder-geek.com/specials.php" "Mozilla/5.0 (Linux; Android 5.0) AppleWebKit/537.36 (KHTML, like Gecko) Mobile Safari/537.36 (compatible; Bytespider; spider-feedback@bytedance.com)"
47.128.17.52 - - [04/Sep/2023:19:13:22 +0200] "GET /highslide/graphics/zoomout.cur HTTP/1.0" 200 614 "http://www.wonder-geek.com/specials.php" "Mozilla/5.0 (Linux; Android 5.0) AppleWebKit/537.36 (KHTML, like Gecko) Mobile Safari/537.36 (compatible; Bytespider; spider-feedback@bytedance.com)"
157.90.182.25 - - [04/Sep/2023:19:13:30 +0200] "GET /authentic-bistro-adult-apron-p-59962.html HTTP/1.0" 200 76858 "-" "Mozilla/5.0 (compatible; BLEXBot/1.0; +http://webmeup-crawler.com/)"
157.90.182.25 - - [04/Sep/2023:19:13:33 +0200] "GET /baskets-with-water-hyacinth-handles-p-56041.html HTTP/1.0" 200 77105 "-" "Mozilla/5.0 (compatible; BLEXBot/1.0; +http://webmeup-crawler.com/)"
157.90.182.25 - - [04/Sep/2023:19:13:42 +0200] "GET /authentic-mini-melamine-tray-p-45168.html HTTP/1.0" 200 76083 "-" "Mozilla/5.0 (compatible; BLEXBot/1.0; +http://webmeup-crawler.com/)"
157.90.182.25 - - [04/Sep/2023:19:13:47 +0200] "GET /bathing-figurines-p-60106.html HTTP/1.0" 200 76605 "-" "Mozilla/5.0 (compatible; BLEXBot/1.0; +http://webmeup-crawler.com/)"
54.36.149.0 - - [04/Sep/2023:19:13:49 +0200] "GET /lighting-c-86.html?page=16 HTTP/1.0" 200 95148 "-" "Mozilla/5.0 (compatible; AhrefsBot/7.0; +http://ahrefs.com/robot/)"
157.90.182.25 - - [04/Sep/2023:19:13:55 +0200] "GET /autumn-oven-mitt-p-59782.html HTTP/1.0" 200 76574 "-" "Mozilla/5.0 (compatible; BLEXBot/1.0; +http://webmeup-crawler.com/)"
47.128.17.248 - - [04/Sep/2023:19:13:55 +0200] "GET /butane-lighter-insert-double-torch-p-51930.html HTTP/1.0" 200 77629 "-" "Mozilla/5.0 (Linux; Android 5.0) AppleWebKit/537.36 (KHTML, like Gecko) Mobile Safari/537.36 (compatible; Bytespider; spider-feedback@bytedance.com)"
47.128.17.248 - - [04/Sep/2023:19:13:57 +0200] "GET /swfobject.js HTTP/1.0" 404 1308 "http://www.wonder-geek.com/butane-lighter-insert-double-torch-p-51930.html" "Mozilla/5.0 (Linux; Android 5.0) AppleWebKit/537.36 (KHTML, like Gecko) Mobile Safari/537.36 (compatible; Bytespider; spider-feedback@bytedance.com)"
157.90.182.25 - - [04/Sep/2023:19:14:01 +0200] "GET /bathroom-accessories-c-13_172.html?page=1 HTTP/1.0" 200 93147 "-" "Mozilla/5.0 (compatible; BLEXBot/1.0; +http://webmeup-crawler.com/)"
47.128.17.248 - - [04/Sep/2023:19:14:05 +0200] "GET /images/big_prod_2/4045233029578B.jpg HTTP/1.0" 200 271 "http://www.wonder-geek.com/butane-lighter-insert-double-torch-p-51930.html" "Mozilla/5.0 (Linux; Android 5.0) AppleWebKit/537.36 (KHTML, like Gecko) Mobile Safari/537.36 (compatible; Bytespider; spider-feedback@bytedance.com)"
47.128.17.248 - - [04/Sep/2023:19:14:06 +0200] "GET /images/big_prod_1/4045233029578AB.jpg HTTP/1.0" 200 272 "http://www.wonder-geek.com/butane-lighter-insert-double-torch-p-51930.html" "Mozilla/5.0 (Linux; Android 5.0) AppleWebKit/537.36 (KHTML, like Gecko) Mobile Safari/537.36 (compatible; Bytespider; spider-feedback@bytedance.com)"
47.128.17.248 - - [04/Sep/2023:19:14:06 +0200] "GET /images/big_prod_3/4045233029578CB.jpg HTTP/1.0" 200 272 "http://www.wonder-geek.com/butane-lighter-insert-double-torch-p-51930.html" "Mozilla/5.0 (Linux; Android 5.0) AppleWebKit/537.36 (KHTML, like Gecko) Mobile Safari/537.36 (compatible; Bytespider; spider-feedback@bytedance.com)"
157.90.182.25 - - [04/Sep/2023:19:14:07 +0200] "GET /avengers-marvel-large-weekend-p-35541.html HTTP/1.0" 200 76136 "-" "Mozilla/5.0 (compatible; BLEXBot/1.0; +http://webmeup-crawler.com/)"
157.90.182.25 - - [04/Sep/2023:19:14:16 +0200] "GET /bathroom-nature-p-60203.html HTTP/1.0" 200 76939 "-" "Mozilla/5.0 (compatible; BLEXBot/1.0; +http://webmeup-crawler.com/)"
157.90.182.25 - - [04/Sep/2023:19:14:20 +0200] "GET /avengers-satchel-p-30371.html HTTP/1.0" 200 76034 "-" "Mozilla/5.0 (compatible; BLEXBot/1.0; +http://webmeup-crawler.com/)"
47.128.17.248 - - [04/Sep/2023:19:14:23 +0200] "GET /highslide/graphics/zoomout.cur HTTP/1.0" 200 614 "http://www.wonder-geek.com/butane-lighter-insert-double-torch-p-51930.html" "Mozilla/5.0 (Linux; Android 5.0) AppleWebKit/537.36 (KHTML, like Gecko) Mobile Safari/537.36 (compatible; Bytespider; spider-feedback@bytedance.com)"
157.90.182.25 - - [04/Sep/2023:19:14:30 +0200] "GET /batman-satchel-p-30369.html HTTP/1.0" 200 76015 "-" "Mozilla/5.0 (compatible; BLEXBot/1.0; +http://webmeup-crawler.com/)"
157.90.182.25 - - [04/Sep/2023:19:14:32 +0200] "GET /avengers-satchel-p-30372.html HTTP/1.0" 200 76187 "-" "Mozilla/5.0 (compatible; BLEXBot/1.0; +http://webmeup-crawler.com/)"
157.90.182.25 - - [04/Sep/2023:19:14:43 +0200] "GET /beach-cabin-mini-rectangular-tray-p-54911.html HTTP/1.0" 200 76083 "-" "Mozilla/5.0 (compatible; BLEXBot/1.0; +http://webmeup-crawler.com/)"
157.90.182.25 - - [04/Sep/2023:19:14:44 +0200] "GET /avignon-large-metal-plate-p-44864.html HTTP/1.0" 200 76042 "-" "Mozilla/5.0 (compatible; BLEXBot/1.0; +http://webmeup-crawler.com/)"
157.90.182.25 - - [04/Sep/2023:19:14:56 +0200] "GET /beach-cabin-tray-melamine-p-54920.html HTTP/1.0" 200 76109 "-" "Mozilla/5.0 (compatible; BLEXBot/1.0; +http://webmeup-crawler.com/)"
157.90.182.25 - - [04/Sep/2023:19:14:57 +0200] "GET /aztec-mini-ceramic-flower-p-55313.html HTTP/1.0" 200 76855 "-" "Mozilla/5.0 (compatible; BLEXBot/1.0; +http://webmeup-crawler.com/)"
157.90.182.25 - - [04/Sep/2023:19:15:08 +0200] "GET /beanie-babies-plush-little-pony-rarity-p-28131.html HTTP/1.0" 200 76289 "-" "Mozilla/5.0 (compatible; BLEXBot/1.0; +http://webmeup-crawler.com/)"
157.90.182.25 - - [04/Sep/2023:19:15:09 +0200] "GET /azur-thermos-p-48791.html HTTP/1.0" 200 76587 "-" "Mozilla/5.0 (compatible; BLEXBot/1.0; +http://webmeup-crawler.com/)"
47.128.29.170 - - [04/Sep/2023:19:15:10 +0200] "GET /isothermic-stainless-steel-bottle-buffalo-skullby-cbkreation-p-51047.html HTTP/1.0" 200 76949 "-" "Mozilla/5.0 (Linux; Android 5.0) AppleWebKit/537.36 (KHTML, like Gecko) Mobile Safari/537.36 (compatible; Bytespider; spider-feedback@bytedance.com)"
47.128.24.99 - - [04/Sep/2023:19:15:11 +0200] "GET /boho-wooden-tray-30-18-cm-white-p-44761.html HTTP/1.0" 301 73787 "-" "Mozilla/5.0 (Linux; Android 5.0) AppleWebKit/537.36 (KHTML, like Gecko) Mobile Safari/537.36 (compatible; Bytespider; spider-feedback@bytedance.com)"
47.128.29.170 - - [04/Sep/2023:19:15:13 +0200] "GET /swfobject.js HTTP/1.0" 404 1308 "http://www.wonder-geek.com/isothermic-stainless-steel-bottle-buffalo-skullby-cbkreation-p-51047.html" "Mozilla/5.0 (Linux; Android 5.0) AppleWebKit/537.36 (KHTML, like Gecko) Mobile Safari/537.36 (compatible; Bytespider; spider-feedback@bytedance.com)"
47.128.24.99 - - [04/Sep/2023:19:15:13 +0200] "GET /boho-wooden-tray-white-p-44761.html HTTP/1.0" 200 73698 "-" "Mozilla/5.0 (Linux; Android 5.0) AppleWebKit/537.36 (KHTML, like Gecko) Mobile Safari/537.36 (compatible; Bytespider; spider-feedback@bytedance.com)"
47.128.24.99 - - [04/Sep/2023:19:15:15 +0200] "GET /swfobject.js HTTP/1.0" 404 1308 "http://www.wonder-geek.com/boho-wooden-tray-white-p-44761.html" "Mozilla/5.0 (Linux; Android 5.0) AppleWebKit/537.36 (KHTML, like Gecko) Mobile Safari/537.36 (compatible; Bytespider; spider-feedback@bytedance.com)"
47.128.31.73 - - [04/Sep/2023:19:15:18 +0200] "GET /atlas-statue-p-46612.html HTTP/1.0" 200 75967 "-" "Mozilla/5.0 (Linux; Android 5.0) AppleWebKit/537.36 (KHTML, like Gecko) Mobile Safari/537.36 (compatible; Bytespider; spider-feedback@bytedance.com)"
47.128.31.73 - - [04/Sep/2023:19:15:20 +0200] "GET /swfobject.js HTTP/1.0" 404 1308 "http://www.wonder-geek.com/atlas-statue-p-46612.html" "Mozilla/5.0 (Linux; Android 5.0) AppleWebKit/537.36 (KHTML, like Gecko) Mobile Safari/537.36 (compatible; Bytespider; spider-feedback@bytedance.com)"
47.128.18.38 - - [04/Sep/2023:19:15:19 +0200] "GET /luxury-trees-black-fine-bone-china-p-59588.html HTTP/1.0" 200 77034 "-" "Mozilla/5.0 (Linux; Android 5.0) AppleWebKit/537.36 (KHTML, like Gecko) Mobile Safari/537.36 (compatible; Bytespider; spider-feedback@bytedance.com)"
47.128.24.183 - - [04/Sep/2023:19:15:20 +0200] "GET /sweet-black-women-shirt-p-30993.html HTTP/1.0" 200 73674 "-" "Mozilla/5.0 (Linux; Android 5.0) AppleWebKit/537.36 (KHTML, like Gecko) Mobile Safari/537.36 (compatible; Bytespider; spider-feedback@bytedance.com)"
47.128.18.38 - - [04/Sep/2023:19:15:21 +0200] "GET /swfobject.js HTTP/1.0" 404 1308 "http://www.wonder-geek.com/luxury-trees-black-fine-bone-china-p-59588.html" "Mozilla/5.0 (Linux; Android 5.0) AppleWebKit/537.36 (KHTML, like Gecko) Mobile Safari/537.36 (compatible; Bytespider; spider-feedback@bytedance.com)"
47.128.31.73 - - [04/Sep/2023:19:15:22 +0200] "GET /highslide/graphics/outlines/drop-shadow.png HTTP/1.0" 200 277 "http://www.wonder-geek.com/atlas-statue-p-46612.html" "Mozilla/5.0 (Linux; Android 5.0) AppleWebKit/537.36 (KHTML, like Gecko) Mobile Safari/537.36 (compatible; Bytespider; spider-feedback@bytedance.com)"
47.128.31.73 - - [04/Sep/2023:19:15:22 +0200] "GET /highslide/graphics/zoomout.cur HTTP/1.0" 200 614 "http://www.wonder-geek.com/atlas-statue-p-46612.html" "Mozilla/5.0 (Linux; Android 5.0) AppleWebKit/537.36 (KHTML, like Gecko) Mobile Safari/537.36 (compatible; Bytespider; spider-feedback@bytedance.com)"
47.128.24.183 - - [04/Sep/2023:19:15:22 +0200] "GET /swfobject.js HTTP/1.0" 404 1308 "http://www.wonder-geek.com/sweet-black-women-shirt-p-30993.html" "Mozilla/5.0 (Linux; Android 5.0) AppleWebKit/537.36 (KHTML, like Gecko) Mobile Safari/537.36 (compatible; Bytespider; spider-feedback@bytedance.com)"
47.128.29.170 - - [04/Sep/2023:19:15:22 +0200] "GET /images/big_prod_1/8422011475417D.jpg HTTP/1.0" 200 271 "http://www.wonder-geek.com/isothermic-stainless-steel-bottle-buffalo-skullby-cbkreation-p-51047.html" "Mozilla/5.0 (Linux; Android 5.0) AppleWebKit/537.36 (KHTML, like Gecko) Mobile Safari/537.36 (compatible; Bytespider; spider-feedback@bytedance.com)"
157.90.182.25 - - [04/Sep/2023:19:15:21 +0200] "GET /bear-cotton-adult-apron-laissez-lucie-faire-p-42222.html HTTP/1.0" 200 76030 "-" "Mozilla/5.0 (compatible; BLEXBot/1.0; +http://webmeup-crawler.com/)"
157.90.182.25 - - [04/Sep/2023:19:15:22 +0200] "GET /baby-dumbo-figure-collection-romero-britto-p-57488.html HTTP/1.0" 200 77924 "-" "Mozilla/5.0 (compatible; BLEXBot/1.0; +http://webmeup-crawler.com/)"
47.242.78.72 - - [04/Sep/2023:19:15:24 +0200] "GET /images/mini_prod/3585190639218.jpg HTTP/1.0" 200 269 "-" "Mozilla/5.0 (X11; Ubuntu; Linux x86_64; rv:72.0) Gecko/20100101 Firefox/72.0"
47.128.24.99 - - [04/Sep/2023:19:15:25 +0200] "GET /highslide/graphics/zoomout.cur HTTP/1.0" 200 614 "http://www.wonder-geek.com/boho-wooden-tray-white-p-44761.html" "Mozilla/5.0 (Linux; Android 5.0) AppleWebKit/537.36 (KHTML, like Gecko) Mobile Safari/537.36 (compatible; Bytespider; spider-feedback@bytedance.com)"
47.128.24.99 - - [04/Sep/2023:19:15:25 +0200] "GET /highslide/graphics/outlines/drop-shadow.png HTTP/1.0" 200 277 "http://www.wonder-geek.com/boho-wooden-tray-white-p-44761.html" "Mozilla/5.0 (Linux; Android 5.0) AppleWebKit/537.36 (KHTML, like Gecko) Mobile Safari/537.36 (compatible; Bytespider; spider-feedback@bytedance.com)"
47.128.18.38 - - [04/Sep/2023:19:15:29 +0200] "GET /images/big_prod_1/8712159182545a.jpg HTTP/1.0" 200 271 "http://www.wonder-geek.com/luxury-trees-black-fine-bone-china-p-59588.html" "Mozilla/5.0 (Linux; Android 5.0) AppleWebKit/537.36 (KHTML, like Gecko) Mobile Safari/537.36 (compatible; Bytespider; spider-feedback@bytedance.com)"
47.128.18.38 - - [04/Sep/2023:19:15:30 +0200] "GET /images/big_prod_2/8712159182545D.jpg HTTP/1.0" 200 271 "http://www.wonder-geek.com/luxury-trees-black-fine-bone-china-p-59588.html" "Mozilla/5.0 (Linux; Android 5.0) AppleWebKit/537.36 (KHTML, like Gecko) Mobile Safari/537.36 (compatible; Bytespider; spider-feedback@bytedance.com)"
47.128.24.183 - - [04/Sep/2023:19:15:30 +0200] "GET /highslide/graphics/outlines/drop-shadow.png HTTP/1.0" 200 277 "http://www.wonder-geek.com/sweet-black-women-shirt-p-30993.html" "Mozilla/5.0 (Linux; Android 5.0) AppleWebKit/537.36 (KHTML, like Gecko) Mobile Safari/537.36 (compatible; Bytespider; spider-feedback@bytedance.com)"
47.128.24.183 - - [04/Sep/2023:19:15:30 +0200] "GET /highslide/graphics/zoomout.cur HTTP/1.0" 200 614 "http://www.wonder-geek.com/sweet-black-women-shirt-p-30993.html" "Mozilla/5.0 (Linux; Android 5.0) AppleWebKit/537.36 (KHTML, like Gecko) Mobile Safari/537.36 (compatible; Bytespider; spider-feedback@bytedance.com)"
157.90.182.25 - - [04/Sep/2023:19:15:34 +0200] "GET /baby-footprint-photo-frame-p-53627.html HTTP/1.0" 200 76954 "-" "Mozilla/5.0 (compatible; BLEXBot/1.0; +http://webmeup-crawler.com/)"
157.90.182.25 - - [04/Sep/2023:19:15:34 +0200] "GET /bear-cushion-cherry-pits-p-46530.html HTTP/1.0" 200 76003 "-" "Mozilla/5.0 (compatible; BLEXBot/1.0; +http://webmeup-crawler.com/)"
157.90.182.25 - - [04/Sep/2023:19:15:47 +0200] "GET /baby-girl-angel-statue-angel-baptism-p-51136.html HTTP/1.0" 200 76773 "-" "Mozilla/5.0 (compatible; BLEXBot/1.0; +http://webmeup-crawler.com/)"
157.90.182.25 - - [04/Sep/2023:19:15:48 +0200] "GET /bear-money-p-55565.html HTTP/1.0" 200 75921 "-" "Mozilla/5.0 (compatible; BLEXBot/1.0; +http://webmeup-crawler.com/)"
47.128.29.170 - - [04/Sep/2023:19:15:52 +0200] "GET /highslide/graphics/outlines/drop-shadow.png HTTP/1.0" 200 277 "http://www.wonder-geek.com/isothermic-stainless-steel-bottle-buffalo-skullby-cbkreation-p-51047.html" "Mozilla/5.0 (Linux; Android 5.0) AppleWebKit/537.36 (KHTML, like Gecko) Mobile Safari/537.36 (compatible; Bytespider; spider-feedback@bytedance.com)"
47.128.29.170 - - [04/Sep/2023:19:15:52 +0200] "GET /images/big_prod/8422011475417.jpg HTTP/1.0" 200 268 "http://www.wonder-geek.com/isothermic-stainless-steel-bottle-buffalo-skullby-cbkreation-p-51047.html" "Mozilla/5.0 (Linux; Android 5.0) AppleWebKit/537.36 (KHTML, like Gecko) Mobile Safari/537.36 (compatible; Bytespider; spider-feedback@bytedance.com)"
47.128.29.170 - - [04/Sep/2023:19:15:53 +0200] "GET /highslide/graphics/zoomout.cur HTTP/1.0" 200 614 "http://www.wonder-geek.com/isothermic-stainless-steel-bottle-buffalo-skullby-cbkreation-p-51047.html" "Mozilla/5.0 (Linux; Android 5.0) AppleWebKit/537.36 (KHTML, like Gecko) Mobile Safari/537.36 (compatible; Bytespider; spider-feedback@bytedance.com)"
47.128.18.38 - - [04/Sep/2023:19:15:59 +0200] "GET /highslide/graphics/zoomout.cur HTTP/1.0" 200 614 "http://www.wonder-geek.com/luxury-trees-black-fine-bone-china-p-59588.html" "Mozilla/5.0 (Linux; Android 5.0) AppleWebKit/537.36 (KHTML, like Gecko) Mobile Safari/537.36 (compatible; Bytespider; spider-feedback@bytedance.com)"
47.128.18.38 - - [04/Sep/2023:19:16:00 +0200] "GET /highslide/graphics/outlines/drop-shadow.png HTTP/1.0" 200 277 "http://www.wonder-geek.com/luxury-trees-black-fine-bone-china-p-59588.html" "Mozilla/5.0 (Linux; Android 5.0) AppleWebKit/537.36 (KHTML, like Gecko) Mobile Safari/537.36 (compatible; Bytespider; spider-feedback@bytedance.com)"
47.128.18.38 - - [04/Sep/2023:19:16:00 +0200] "GET /images/big_prod/8712159182545B.jpg HTTP/1.0" 200 269 "http://www.wonder-geek.com/luxury-trees-black-fine-bone-china-p-59588.html" "Mozilla/5.0 (Linux; Android 5.0) AppleWebKit/537.36 (KHTML, like Gecko) Mobile Safari/537.36 (compatible; Bytespider; spider-feedback@bytedance.com)"
157.90.182.25 - - [04/Sep/2023:19:15:59 +0200] "GET /baby-girl-angel-statue-angel-baptism-p-54306.html HTTP/1.0" 200 76773 "-" "Mozilla/5.0 (compatible; BLEXBot/1.0; +http://webmeup-crawler.com/)"
157.90.182.25 - - [04/Sep/2023:19:16:02 +0200] "GET /bear-paris-small-mini-tray-p-45583.html HTTP/1.0" 200 76060 "-" "Mozilla/5.0 (compatible; BLEXBot/1.0; +http://webmeup-crawler.com/)"
157.90.182.25 - - [04/Sep/2023:19:16:12 +0200] "GET /baby-mine-figure-collection-disney-traditions-p-34165.html HTTP/1.0" 200 76249 "-" "Mozilla/5.0 (compatible; BLEXBot/1.0; +http://webmeup-crawler.com/)"
157.90.182.25 - - [04/Sep/2023:19:16:14 +0200] "GET /bear-plush-p-25888.html HTTP/1.0" 200 75986 "-" "Mozilla/5.0 (compatible; BLEXBot/1.0; +http://webmeup-crawler.com/)"
157.90.182.25 - - [04/Sep/2023:19:16:24 +0200] "GET /back-black-acdc-zippo-lighter-p-56222.html HTTP/1.0" 200 77073 "-" "Mozilla/5.0 (compatible; BLEXBot/1.0; +http://webmeup-crawler.com/)"
157.90.182.25 - - [04/Sep/2023:19:16:27 +0200] "GET /bear-table-p-45633.html HTTP/1.0" 200 75826 "-" "Mozilla/5.0 (compatible; BLEXBot/1.0; +http://webmeup-crawler.com/)"
157.90.182.25 - - [04/Sep/2023:19:16:36 +0200] "GET /backpack-angeles-lakers-p-55757.html HTTP/1.0" 200 77145 "-" "Mozilla/5.0 (compatible; BLEXBot/1.0; +http://webmeup-crawler.com/)"
8.217.208.176 - - [04/Sep/2023:19:16:39 +0200] "GET /images/mini_prod/8033667001174.jpg HTTP/1.0" 200 269 "-" "Mozilla/5.0 (X11; Ubuntu; Linux x86_64; rv:72.0) Gecko/20100101 Firefox/72.0"
157.90.182.25 - - [04/Sep/2023:19:16:40 +0200] "GET /beard-grooming-barber-bowl-p-59581.html HTTP/1.0" 200 76867 "-" "Mozilla/5.0 (compatible; BLEXBot/1.0; +http://webmeup-crawler.com/)"
157.90.182.25 - - [04/Sep/2023:19:16:49 +0200] "GET /backpack-p-55759.html HTTP/1.0" 200 76789 "-" "Mozilla/5.0 (compatible; BLEXBot/1.0; +http://webmeup-crawler.com/)"
157.90.182.25 - - [04/Sep/2023:19:16:54 +0200] "GET /beatles-apple-pink-cover-ipad-tablets-p-17620.html HTTP/1.0" 200 76322 "-" "Mozilla/5.0 (compatible; BLEXBot/1.0; +http://webmeup-crawler.com/)"
54.36.148.226 - - [04/Sep/2023:19:16:55 +0200] "GET /lighting-c-86.html?page=15 HTTP/1.0" 200 95853 "-" "Mozilla/5.0 (compatible; AhrefsBot/7.0; +http://ahrefs.com/robot/)"
157.90.182.25 - - [04/Sep/2023:19:17:01 +0200] "GET /backpacks-c-31_77.html?page=1 HTTP/1.0" 200 96684 "-" "Mozilla/5.0 (compatible; BLEXBot/1.0; +http://webmeup-crawler.com/)"
157.90.182.25 - - [04/Sep/2023:19:17:07 +0200] "GET /beatles-back-ussr-coin-purse-p-8087.html HTTP/1.0" 200 76176 "-" "Mozilla/5.0 (compatible; BLEXBot/1.0; +http://webmeup-crawler.com/)"
157.90.182.25 - - [04/Sep/2023:19:17:14 +0200] "GET /bagshandbags-shoulder-bags-c-31_81.html?page=1 HTTP/1.0" 200 99175 "-" "Mozilla/5.0 (compatible; BLEXBot/1.0; +http://webmeup-crawler.com/)"
157.90.182.25 - - [04/Sep/2023:19:17:22 +0200] "GET /beatles-back-ussr-large-coin-purse-p-8092.html HTTP/1.0" 200 76230 "-" "Mozilla/5.0 (compatible; BLEXBot/1.0; +http://webmeup-crawler.com/)"
95.108.213.200 - - [04/Sep/2023:19:17:25 +0200] "GET /league-sport-bag-p-24999.html HTTP/1.0" 301 73649 "-" "Mozilla/5.0 (compatible; YandexBot/3.0; +http://yandex.com/bots)"
87.250.224.249 - - [04/Sep/2023:19:17:26 +0200] "GET /-p-24999.html HTTP/1.0" 200 73582 "-" "Mozilla/5.0 (compatible; YandexBot/3.0; +http://yandex.com/bots)"
157.90.182.25 - - [04/Sep/2023:19:17:27 +0200] "GET /bahamas-clock-cbkreation-p-36825.html HTTP/1.0" 200 75962 "-" "Mozilla/5.0 (compatible; BLEXBot/1.0; +http://webmeup-crawler.com/)"
157.90.182.25 - - [04/Sep/2023:19:17:35 +0200] "GET /beatles-help-metal-magnet-p-10806.html HTTP/1.0" 200 75905 "-" "Mozilla/5.0 (compatible; BLEXBot/1.0; +http://webmeup-crawler.com/)"
157.90.182.25 - - [04/Sep/2023:19:17:41 +0200] "GET /bahamas-mousepad-cbkreation-p-36713.html HTTP/1.0" 200 76018 "-" "Mozilla/5.0 (compatible; BLEXBot/1.0; +http://webmeup-crawler.com/)"
157.90.182.25 - - [04/Sep/2023:19:17:49 +0200] "GET /beatles-logo-metal-magnet-p-10808.html HTTP/1.0" 200 75905 "-" "Mozilla/5.0 (compatible; BLEXBot/1.0; +http://webmeup-crawler.com/)"
157.90.182.25 - - [04/Sep/2023:19:17:53 +0200] "GET /ball-keyring-p-56637.html HTTP/1.0" 200 76676 "-" "Mozilla/5.0 (compatible; BLEXBot/1.0; +http://webmeup-crawler.com/)"
157.90.182.25 - - [04/Sep/2023:19:18:01 +0200] "GET /beatles-metal-keyring-p-19516.html HTTP/1.0" 200 75929 "-" "Mozilla/5.0 (compatible; BLEXBot/1.0; +http://webmeup-crawler.com/)"
157.90.182.25 - - [04/Sep/2023:19:18:05 +0200] "GET /ball-yarn-placemat-kiub-p-60028.html HTTP/1.0" 200 76000 "-" "Mozilla/5.0 (compatible; BLEXBot/1.0; +http://webmeup-crawler.com/)"
157.90.182.25 - - [04/Sep/2023:19:18:14 +0200] "GET /beatles-notebook-p-10273.html HTTP/1.0" 200 76060 "-" "Mozilla/5.0 (compatible; BLEXBot/1.0; +http://webmeup-crawler.com/)"
157.90.182.25 - - [04/Sep/2023:19:18:18 +0200] "GET /ballerina-backpack-p-59826.html HTTP/1.0" 200 76789 "-" "Mozilla/5.0 (compatible; BLEXBot/1.0; +http://webmeup-crawler.com/)"
157.90.182.25 - - [04/Sep/2023:19:18:26 +0200] "GET /beatles-paris-phone-cover-iphone-p-14159.html HTTP/1.0" 200 76910 "-" "Mozilla/5.0 (compatible; BLEXBot/1.0; +http://webmeup-crawler.com/)"
157.90.182.25 - - [04/Sep/2023:19:18:30 +0200] "GET /ballerina-musical-jewelry-glow-dark-p-57227.html HTTP/1.0" 200 77254 "-" "Mozilla/5.0 (compatible; BLEXBot/1.0; +http://webmeup-crawler.com/)"
8.218.181.179 - - [04/Sep/2023:19:18:40 +0200] "GET /images/mini_prod/3014627806386.jpg HTTP/1.0" 200 269 "-" "Mozilla/5.0 (X11; Ubuntu; Linux x86_64; rv:72.0) Gecko/20100101 Firefox/72.0"
157.90.182.25 - - [04/Sep/2023:19:18:40 +0200] "GET /beatles-sergent-peppers-black-cover-ipad-tablets-p-17618.html HTTP/1.0" 200 76412 "-" "Mozilla/5.0 (compatible; BLEXBot/1.0; +http://webmeup-crawler.com/)"
47.128.29.207 - - [04/Sep/2023:19:18:41 +0200] "GET /ceramic-flower-p-53368.html HTTP/1.0" 200 76529 "-" "Mozilla/5.0 (Linux; Android 5.0) AppleWebKit/537.36 (KHTML, like Gecko) Mobile Safari/537.36 (compatible; Bytespider; spider-feedback@bytedance.com)"
47.128.29.207 - - [04/Sep/2023:19:18:44 +0200] "GET /swfobject.js HTTP/1.0" 404 1308 "http://www.wonder-geek.com/ceramic-flower-p-53368.html" "Mozilla/5.0 (Linux; Android 5.0) AppleWebKit/537.36 (KHTML, like Gecko) Mobile Safari/537.36 (compatible; Bytespider; spider-feedback@bytedance.com)"
157.90.182.25 - - [04/Sep/2023:19:18:42 +0200] "GET /ballerina-pencil-case-p-40964.html HTTP/1.0" 200 75981 "-" "Mozilla/5.0 (compatible; BLEXBot/1.0; +http://webmeup-crawler.com/)"
47.128.24.19 - - [04/Sep/2023:19:18:45 +0200] "GET /white-rabbit-figurine-by-miss-mindy-p-44928.html HTTP/1.0" 301 73649 "-" "Mozilla/5.0 (Linux; Android 5.0) AppleWebKit/537.36 (KHTML, like Gecko) Mobile Safari/537.36 (compatible; Bytespider; spider-feedback@bytedance.com)"
47.128.24.19 - - [04/Sep/2023:19:18:47 +0200] "GET /-p-44928.html HTTP/1.0" 200 73582 "-" "Mozilla/5.0 (Linux; Android 5.0) AppleWebKit/537.36 (KHTML, like Gecko) Mobile Safari/537.36 (compatible; Bytespider; spider-feedback@bytedance.com)"
47.128.24.19 - - [04/Sep/2023:19:18:50 +0200] "GET /swfobject.js HTTP/1.0" 404 1308 "http://www.wonder-geek.com/-p-44928.html" "Mozilla/5.0 (Linux; Android 5.0) AppleWebKit/537.36 (KHTML, like Gecko) Mobile Safari/537.36 (compatible; Bytespider; spider-feedback@bytedance.com)"
47.128.25.54 - - [04/Sep/2023:19:18:48 +0200] "GET /petsy-terracotta-planter-grey-p-55326.html HTTP/1.0" 200 76748 "-" "Mozilla/5.0 (Linux; Android 5.0) AppleWebKit/537.36 (KHTML, like Gecko) Mobile Safari/537.36 (compatible; Bytespider; spider-feedback@bytedance.com)"
47.128.25.54 - - [04/Sep/2023:19:18:51 +0200] "GET /swfobject.js HTTP/1.0" 404 1308 "http://www.wonder-geek.com/petsy-terracotta-planter-grey-p-55326.html" "Mozilla/5.0 (Linux; Android 5.0) AppleWebKit/537.36 (KHTML, like Gecko) Mobile Safari/537.36 (compatible; Bytespider; spider-feedback@bytedance.com)"
47.128.29.207 - - [04/Sep/2023:19:18:51 +0200] "GET /images/big_prod_1/3520071688268a.jpg HTTP/1.0" 200 271 "http://www.wonder-geek.com/ceramic-flower-p-53368.html" "Mozilla/5.0 (Linux; Android 5.0) AppleWebKit/537.36 (KHTML, like Gecko) Mobile Safari/537.36 (compatible; Bytespider; spider-feedback@bytedance.com)"
47.128.24.0 - - [04/Sep/2023:19:18:52 +0200] "GET /dinosaur-nightlight-p-53121.html HTTP/1.0" 200 77120 "-" "Mozilla/5.0 (Linux; Android 5.0) AppleWebKit/537.36 (KHTML, like Gecko) Mobile Safari/537.36 (compatible; Bytespider; spider-feedback@bytedance.com)"
47.128.24.0 - - [04/Sep/2023:19:18:54 +0200] "GET /swfobject.js HTTP/1.0" 404 1308 "http://www.wonder-geek.com/dinosaur-nightlight-p-53121.html" "Mozilla/5.0 (Linux; Android 5.0) AppleWebKit/537.36 (KHTML, like Gecko) Mobile Safari/537.36 (compatible; Bytespider; spider-feedback@bytedance.com)"
157.90.182.25 - - [04/Sep/2023:19:18:54 +0200] "GET /beatles-story-phone-cover-iphone-p-14157.html HTTP/1.0" 200 76891 "-" "Mozilla/5.0 (compatible; BLEXBot/1.0; +http://webmeup-crawler.com/)"
47.128.27.18 - - [04/Sep/2023:19:18:56 +0200] "GET /wunzees-doll-65-cm-series-blossom-the-bee-p-45114.html HTTP/1.0" 301 76882 "-" "Mozilla/5.0 (Linux; Android 5.0) AppleWebKit/537.36 (KHTML, like Gecko) Mobile Safari/537.36 (compatible; Bytespider; spider-feedback@bytedance.com)"
157.90.182.25 - - [04/Sep/2023:19:18:56 +0200] "GET /ballerina-statue-collection-body-talk-p-40674.html HTTP/1.0" 200 76779 "-" "Mozilla/5.0 (compatible; BLEXBot/1.0; +http://webmeup-crawler.com/)"
47.128.24.19 - - [04/Sep/2023:19:18:59 +0200] "GET /highslide/graphics/outlines/drop-shadow.png HTTP/1.0" 200 277 "http://www.wonder-geek.com/-p-44928.html" "Mozilla/5.0 (Linux; Android 5.0) AppleWebKit/537.36 (KHTML, like Gecko) Mobile Safari/537.36 (compatible; Bytespider; spider-feedback@bytedance.com)"
47.128.24.19 - - [04/Sep/2023:19:18:59 +0200] "GET /highslide/graphics/zoomout.cur HTTP/1.0" 200 614 "http://www.wonder-geek.com/-p-44928.html" "Mozilla/5.0 (Linux; Android 5.0) AppleWebKit/537.36 (KHTML, like Gecko) Mobile Safari/537.36 (compatible; Bytespider; spider-feedback@bytedance.com)"
47.128.27.18 - - [04/Sep/2023:19:18:58 +0200] "GET /wunzees-doll-series-blossom-p-45114.html HTTP/1.0" 200 76788 "-" "Mozilla/5.0 (Linux; Android 5.0) AppleWebKit/537.36 (KHTML, like Gecko) Mobile Safari/537.36 (compatible; Bytespider; spider-feedback@bytedance.com)"
47.128.27.18 - - [04/Sep/2023:19:18:59 +0200] "GET /swfobject.js HTTP/1.0" 404 1308 "http://www.wonder-geek.com/wunzees-doll-series-blossom-p-45114.html" "Mozilla/5.0 (Linux; Android 5.0) AppleWebKit/537.36 (KHTML, like Gecko) Mobile Safari/537.36 (compatible; Bytespider; spider-feedback@bytedance.com)"
47.128.24.0 - - [04/Sep/2023:19:19:00 +0200] "GET /images/big_prod_1/5404006044573a.jpg HTTP/1.0" 200 271 "http://www.wonder-geek.com/dinosaur-nightlight-p-53121.html" "Mozilla/5.0 (Linux; Android 5.0) AppleWebKit/537.36 (KHTML, like Gecko) Mobile Safari/537.36 (compatible; Bytespider; spider-feedback@bytedance.com)"
47.128.25.54 - - [04/Sep/2023:19:19:00 +0200] "GET /images/big_prod_1/5055321765201a.jpg HTTP/1.0" 200 271 "http://www.wonder-geek.com/petsy-terracotta-planter-grey-p-55326.html" "Mozilla/5.0 (Linux; Android 5.0) AppleWebKit/537.36 (KHTML, like Gecko) Mobile Safari/537.36 (compatible; Bytespider; spider-feedback@bytedance.com)"
47.128.24.0 - - [04/Sep/2023:19:19:00 +0200] "GET /images/big_prod_2/5404006044573b.jpg HTTP/1.0" 200 271 "http://www.wonder-geek.com/dinosaur-nightlight-p-53121.html" "Mozilla/5.0 (Linux; Android 5.0) AppleWebKit/537.36 (KHTML, like Gecko) Mobile Safari/537.36 (compatible; Bytespider; spider-feedback@bytedance.com)"
47.128.24.0 - - [04/Sep/2023:19:19:00 +0200] "GET /images/big_prod_3/5404006044573c.jpg HTTP/1.0" 200 271 "http://www.wonder-geek.com/dinosaur-nightlight-p-53121.html" "Mozilla/5.0 (Linux; Android 5.0) AppleWebKit/537.36 (KHTML, like Gecko) Mobile Safari/537.36 (compatible; Bytespider; spider-feedback@bytedance.com)"
47.128.27.18 - - [04/Sep/2023:19:19:03 +0200] "GET /images/big_prod_1/wunzees.jpg HTTP/1.0" 200 264 "http://www.wonder-geek.com/wunzees-doll-series-blossom-p-45114.html" "Mozilla/5.0 (Linux; Android 5.0) AppleWebKit/537.36 (KHTML, like Gecko) Mobile Safari/537.36 (compatible; Bytespider; spider-feedback@bytedance.com)"
47.128.25.54 - - [04/Sep/2023:19:19:06 +0200] "GET /highslide/graphics/outlines/drop-shadow.png HTTP/1.0" 200 277 "http://www.wonder-geek.com/petsy-terracotta-planter-grey-p-55326.html" "Mozilla/5.0 (Linux; Android 5.0) AppleWebKit/537.36 (KHTML, like Gecko) Mobile Safari/537.36 (compatible; Bytespider; spider-feedback@bytedance.com)"
47.128.25.54 - - [04/Sep/2023:19:19:07 +0200] "GET /images/big_prod/5055321765201.jpg HTTP/1.0" 200 268 "http://www.wonder-geek.com/petsy-terracotta-planter-grey-p-55326.html" "Mozilla/5.0 (Linux; Android 5.0) AppleWebKit/537.36 (KHTML, like Gecko) Mobile Safari/537.36 (compatible; Bytespider; spider-feedback@bytedance.com)"
157.90.182.25 - - [04/Sep/2023:19:19:08 +0200] "GET /beatles-travel-p-12698.html HTTP/1.0" 200 76115 "-" "Mozilla/5.0 (compatible; BLEXBot/1.0; +http://webmeup-crawler.com/)"
157.90.182.25 - - [04/Sep/2023:19:19:09 +0200] "GET /ballpoint-easy-writer-p-37500.html HTTP/1.0" 200 76222 "-" "Mozilla/5.0 (compatible; BLEXBot/1.0; +http://webmeup-crawler.com/)"
47.128.29.207 - - [04/Sep/2023:19:19:16 +0200] "GET /highslide/graphics/outlines/drop-shadow.png HTTP/1.0" 200 277 "http://www.wonder-geek.com/ceramic-flower-p-53368.html" "Mozilla/5.0 (Linux; Android 5.0) AppleWebKit/537.36 (KHTML, like Gecko) Mobile Safari/537.36 (compatible; Bytespider; spider-feedback@bytedance.com)"
47.128.29.207 - - [04/Sep/2023:19:19:16 +0200] "GET /highslide/graphics/zoomout.cur HTTP/1.0" 200 614 "http://www.wonder-geek.com/ceramic-flower-p-53368.html" "Mozilla/5.0 (Linux; Android 5.0) AppleWebKit/537.36 (KHTML, like Gecko) Mobile Safari/537.36 (compatible; Bytespider; spider-feedback@bytedance.com)"
47.128.29.207 - - [04/Sep/2023:19:19:16 +0200] "GET /images/big_prod/3520071688268.jpg HTTP/1.0" 200 268 "http://www.wonder-geek.com/ceramic-flower-p-53368.html" "Mozilla/5.0 (Linux; Android 5.0) AppleWebKit/537.36 (KHTML, like Gecko) Mobile Safari/537.36 (compatible; Bytespider; spider-feedback@bytedance.com)"
157.90.182.25 - - [04/Sep/2023:19:19:22 +0200] "GET /beatles-union-jack-black-cover-ipad-tablets-p-17619.html HTTP/1.0" 200 76388 "-" "Mozilla/5.0 (compatible; BLEXBot/1.0; +http://webmeup-crawler.com/)"
157.90.182.25 - - [04/Sep/2023:19:19:22 +0200] "GET /bambi-mini-figurine-disney-traditions-p-59420.html HTTP/1.0" 200 77116 "-" "Mozilla/5.0 (compatible; BLEXBot/1.0; +http://webmeup-crawler.com/)"
47.128.27.18 - - [04/Sep/2023:19:19:27 +0200] "GET /highslide/graphics/zoomout.cur HTTP/1.0" 200 614 "http://www.wonder-geek.com/wunzees-doll-series-blossom-p-45114.html" "Mozilla/5.0 (Linux; Android 5.0) AppleWebKit/537.36 (KHTML, like Gecko) Mobile Safari/537.36 (compatible; Bytespider; spider-feedback@bytedance.com)"
52.167.144.116 - - [04/Sep/2023:19:19:31 +0200] "GET /images/mini_prod/8435382724046.jpg HTTP/1.0" 200 269 "-" "Mozilla/5.0 (Windows NT 6.1; WOW64) AppleWebKit/534+ (KHTML, like Gecko) BingPreview/1.0b"
157.90.182.25 - - [04/Sep/2023:19:19:34 +0200] "GET /bambi-thumper-figurine-romero-britto-p-37675.html HTTP/1.0" 200 77636 "-" "Mozilla/5.0 (compatible; BLEXBot/1.0; +http://webmeup-crawler.com/)"
157.90.182.25 - - [04/Sep/2023:19:19:36 +0200] "GET /beatles-vintage-metal-magnet-p-10809.html HTTP/1.0" 200 75948 "-" "Mozilla/5.0 (compatible; BLEXBot/1.0; +http://webmeup-crawler.com/)"
47.128.23.240 - - [04/Sep/2023:19:19:37 +0200] "GET /flower-embroidery-christmas-balls-p-59187.html HTTP/1.0" 200 76983 "-" "Mozilla/5.0 (Linux; Android 5.0) AppleWebKit/537.36 (KHTML, like Gecko) Mobile Safari/537.36 (compatible; Bytespider; spider-feedback@bytedance.com)"
47.128.23.240 - - [04/Sep/2023:19:19:39 +0200] "GET /templates/Pixame_v1/stylesheet.css HTTP/1.0" 200 267 "http://www.wonder-geek.com/flower-embroidery-christmas-balls-p-59187.html" "Mozilla/5.0 (Linux; Android 5.0) AppleWebKit/537.36 (KHTML, like Gecko) Mobile Safari/537.36 (compatible; Bytespider; spider-feedback@bytedance.com)"
47.128.23.240 - - [04/Sep/2023:19:19:42 +0200] "GET /swfobject.js HTTP/1.0" 404 1308 "http://www.wonder-geek.com/flower-embroidery-christmas-balls-p-59187.html" "Mozilla/5.0 (Linux; Android 5.0) AppleWebKit/537.36 (KHTML, like Gecko) Mobile Safari/537.36 (compatible; Bytespider; spider-feedback@bytedance.com)"
47.128.23.240 - - [04/Sep/2023:19:19:46 +0200] "GET /swfobject.js HTTP/1.0" 404 1308 "http://www.wonder-geek.com/flower-embroidery-christmas-balls-p-59187.html" "Mozilla/5.0 (Linux; Android 5.0) AppleWebKit/537.36 (KHTML, like Gecko) Mobile Safari/537.36 (compatible; Bytespider; spider-feedback@bytedance.com)"
47.128.23.240 - - [04/Sep/2023:19:19:47 +0200] "GET /highslide/graphics/zoomin.cur HTTP/1.0" 200 614 "http://www.wonder-geek.com/templates/Pixame_v1/stylesheet.css" "Mozilla/5.0 (Linux; Android 5.0) AppleWebKit/537.36 (KHTML, like Gecko) Mobile Safari/537.36 (compatible; Bytespider; spider-feedback@bytedance.com)"
47.128.23.240 - - [04/Sep/2023:19:19:47 +0200] "GET /images/big_prod_2/5400924173708b.jpg HTTP/1.0" 200 271 "http://www.wonder-geek.com/flower-embroidery-christmas-balls-p-59187.html" "Mozilla/5.0 (Linux; Android 5.0) AppleWebKit/537.36 (KHTML, like Gecko) Mobile Safari/537.36 (compatible; Bytespider; spider-feedback@bytedance.com)"
47.128.23.240 - - [04/Sep/2023:19:19:47 +0200] "GET /images/big_prod_1/5400924174064a.jpg HTTP/1.0" 200 271 "http://www.wonder-geek.com/flower-embroidery-christmas-balls-p-59187.html" "Mozilla/5.0 (Linux; Android 5.0) AppleWebKit/537.36 (KHTML, like Gecko) Mobile Safari/537.36 (compatible; Bytespider; spider-feedback@bytedance.com)"
157.90.182.25 - - [04/Sep/2023:19:19:46 +0200] "GET /bambi-wonders-spring-figure-collection-p-20181.html HTTP/1.0" 200 77098 "-" "Mozilla/5.0 (compatible; BLEXBot/1.0; +http://webmeup-crawler.com/)"
157.90.182.25 - - [04/Sep/2023:19:19:49 +0200] "GET /beautiful-babushka-kimmidoll-black-notebook-p-33221.html HTTP/1.0" 200 76230 "-" "Mozilla/5.0 (compatible; BLEXBot/1.0; +http://webmeup-crawler.com/)"
47.128.25.97 - - [04/Sep/2023:19:19:49 +0200] "GET /moki-bedspread-220-240-cm-jay-p-53238.html HTTP/1.0" 301 73751 "-" "Mozilla/5.0 (Linux; Android 5.0) AppleWebKit/537.36 (KHTML, like Gecko) Mobile Safari/537.36 (compatible; Bytespider; spider-feedback@bytedance.com)"
47.128.25.97 - - [04/Sep/2023:19:19:51 +0200] "GET /moki-bedspread-p-53238.html HTTP/1.0" 200 73670 "-" "Mozilla/5.0 (Linux; Android 5.0) AppleWebKit/537.36 (KHTML, like Gecko) Mobile Safari/537.36 (compatible; Bytespider; spider-feedback@bytedance.com)"
47.128.25.97 - - [04/Sep/2023:19:19:53 +0200] "GET /swfobject.js HTTP/1.0" 404 1308 "http://www.wonder-geek.com/moki-bedspread-p-53238.html" "Mozilla/5.0 (Linux; Android 5.0) AppleWebKit/537.36 (KHTML, like Gecko) Mobile Safari/537.36 (compatible; Bytespider; spider-feedback@bytedance.com)"
66.249.66.207 - - [04/Sep/2023:19:19:53 +0200] "GET /black-mustache-circle-coasters-cbkreation-p-16702.html HTTP/1.0" 200 76202 "-" "Mozilla/5.0 (Linux; Android 6.0.1; Nexus 5X Build/MMB29P) AppleWebKit/537.36 (KHTML, like Gecko) Chrome/116.0.5845.110 Mobile Safari/537.36 (compatible; Googlebot/2.1; +http://www.google.com/bot.html)"
47.128.21.84 - - [04/Sep/2023:19:19:54 +0200] "GET /coconut-fibers-doormat-cats-home-p-56272.html HTTP/1.0" 200 77375 "-" "Mozilla/5.0 (Linux; Android 5.0) AppleWebKit/537.36 (KHTML, like Gecko) Mobile Safari/537.36 (compatible; Bytespider; spider-feedback@bytedance.com)"
47.128.21.84 - - [04/Sep/2023:19:19:56 +0200] "GET /swfobject.js HTTP/1.0" 404 1308 "http://www.wonder-geek.com/coconut-fibers-doormat-cats-home-p-56272.html" "Mozilla/5.0 (Linux; Android 5.0) AppleWebKit/537.36 (KHTML, like Gecko) Mobile Safari/537.36 (compatible; Bytespider; spider-feedback@bytedance.com)"
157.90.182.25 - - [04/Sep/2023:19:19:59 +0200] "GET /bamboo-alarm-clock-p-47511.html HTTP/1.0" 200 77025 "-" "Mozilla/5.0 (compatible; BLEXBot/1.0; +http://webmeup-crawler.com/)"
47.128.25.97 - - [04/Sep/2023:19:20:01 +0200] "GET /highslide/graphics/zoomout.cur HTTP/1.0" 200 614 "http://www.wonder-geek.com/moki-bedspread-p-53238.html" "Mozilla/5.0 (Linux; Android 5.0) AppleWebKit/537.36 (KHTML, like Gecko) Mobile Safari/537.36 (compatible; Bytespider; spider-feedback@bytedance.com)"
47.128.25.97 - - [04/Sep/2023:19:20:01 +0200] "GET /highslide/graphics/outlines/drop-shadow.png HTTP/1.0" 200 277 "http://www.wonder-geek.com/moki-bedspread-p-53238.html" "Mozilla/5.0 (Linux; Android 5.0) AppleWebKit/537.36 (KHTML, like Gecko) Mobile Safari/537.36 (compatible; Bytespider; spider-feedback@bytedance.com)"
47.128.21.84 - - [04/Sep/2023:19:20:03 +0200] "GET /images/big_prod_1/8424345487562c.jpg HTTP/1.0" 200 271 "http://www.wonder-geek.com/coconut-fibers-doormat-cats-home-p-56272.html" "Mozilla/5.0 (Linux; Android 5.0) AppleWebKit/537.36 (KHTML, like Gecko) Mobile Safari/537.36 (compatible; Bytespider; spider-feedback@bytedance.com)"
47.128.21.84 - - [04/Sep/2023:19:20:04 +0200] "GET /images/big_prod_2/8424345487562b.jpg HTTP/1.0" 200 271 "http://www.wonder-geek.com/coconut-fibers-doormat-cats-home-p-56272.html" "Mozilla/5.0 (Linux; Android 5.0) AppleWebKit/537.36 (KHTML, like Gecko) Mobile Safari/537.36 (compatible; Bytespider; spider-feedback@bytedance.com)"
47.128.21.84 - - [04/Sep/2023:19:20:04 +0200] "GET /images/big_prod_3/8424345487562a.jpg HTTP/1.0" 200 271 "http://www.wonder-geek.com/coconut-fibers-doormat-cats-home-p-56272.html" "Mozilla/5.0 (Linux; Android 5.0) AppleWebKit/537.36 (KHTML, like Gecko) Mobile Safari/537.36 (compatible; Bytespider; spider-feedback@bytedance.com)"
157.90.182.25 - - [04/Sep/2023:19:20:03 +0200] "GET /beauty-terracotta-cache-p-55347.html HTTP/1.0" 200 76110 "-" "Mozilla/5.0 (compatible; BLEXBot/1.0; +http://webmeup-crawler.com/)"
157.90.182.25 - - [04/Sep/2023:19:20:11 +0200] "GET /bamboo-cats-p-49516.html HTTP/1.0" 200 75926 "-" "Mozilla/5.0 (compatible; BLEXBot/1.0; +http://webmeup-crawler.com/)"
47.128.23.240 - - [04/Sep/2023:19:20:17 +0200] "GET /highslide/graphics/zoomout.cur HTTP/1.0" 200 614 "http://www.wonder-geek.com/flower-embroidery-christmas-balls-p-59187.html" "Mozilla/5.0 (Linux; Android 5.0) AppleWebKit/537.36 (KHTML, like Gecko) Mobile Safari/537.36 (compatible; Bytespider; spider-feedback@bytedance.com)"
47.128.23.240 - - [04/Sep/2023:19:20:18 +0200] "GET /highslide/graphics/outlines/drop-shadow.png HTTP/1.0" 200 277 "http://www.wonder-geek.com/flower-embroidery-christmas-balls-p-59187.html" "Mozilla/5.0 (Linux; Android 5.0) AppleWebKit/537.36 (KHTML, like Gecko) Mobile Safari/537.36 (compatible; Bytespider; spider-feedback@bytedance.com)"
157.90.182.25 - - [04/Sep/2023:19:20:17 +0200] "GET /beauty-terracotta-cache-white-p-55339.html HTTP/1.0" 200 76128 "-" "Mozilla/5.0 (compatible; BLEXBot/1.0; +http://webmeup-crawler.com/)"
157.90.182.25 - - [04/Sep/2023:19:20:24 +0200] "GET /bamboo-fiber-jars-roule-pour-p-46516.html HTTP/1.0" 200 77329 "-" "Mozilla/5.0 (compatible; BLEXBot/1.0; +http://webmeup-crawler.com/)"
157.90.182.25 - - [04/Sep/2023:19:20:31 +0200] "GET /beauty-terracotta-cache-white-p-55346.html HTTP/1.0" 200 76128 "-" "Mozilla/5.0 (compatible; BLEXBot/1.0; +http://webmeup-crawler.com/)"
47.128.21.84 - - [04/Sep/2023:19:20:33 +0200] "GET /highslide/graphics/outlines/drop-shadow.png HTTP/1.0" 200 277 "http://www.wonder-geek.com/coconut-fibers-doormat-cats-home-p-56272.html" "Mozilla/5.0 (Linux; Android 5.0) AppleWebKit/537.36 (KHTML, like Gecko) Mobile Safari/537.36 (compatible; Bytespider; spider-feedback@bytedance.com)"
47.128.21.84 - - [04/Sep/2023:19:20:33 +0200] "GET /highslide/graphics/zoomout.cur HTTP/1.0" 200 614 "http://www.wonder-geek.com/coconut-fibers-doormat-cats-home-p-56272.html" "Mozilla/5.0 (Linux; Android 5.0) AppleWebKit/537.36 (KHTML, like Gecko) Mobile Safari/537.36 (compatible; Bytespider; spider-feedback@bytedance.com)"
47.128.21.84 - - [04/Sep/2023:19:20:33 +0200] "GET /images/big_prod/8424345487562.jpg HTTP/1.0" 200 268 "http://www.wonder-geek.com/coconut-fibers-doormat-cats-home-p-56272.html" "Mozilla/5.0 (Linux; Android 5.0) AppleWebKit/537.36 (KHTML, like Gecko) Mobile Safari/537.36 (compatible; Bytespider; spider-feedback@bytedance.com)"
52.167.144.221 - - [04/Sep/2023:19:20:35 +0200] "GET /images/1399984252475.jpg HTTP/1.0" 200 259 "-" "Mozilla/5.0 AppleWebKit/537.36 (KHTML, like Gecko; compatible; bingbot/2.0; +http://www.bing.com/bingbot.htm) Chrome/103.0.5060.134 Safari/537.36"
54.36.148.235 - - [04/Sep/2023:19:20:33 +0200] "GET /lighting-c-86.html?page=17 HTTP/1.0" 200 95502 "-" "Mozilla/5.0 (compatible; AhrefsBot/7.0; +http://ahrefs.com/robot/)"
52.167.144.221 - - [04/Sep/2023:19:20:35 +0200] "GET /wall-sticker-c-13_187.html HTTP/1.0" 200 97130 "-" "Mozilla/5.0 AppleWebKit/537.36 (KHTML, like Gecko; compatible; bingbot/2.0; +http://www.bing.com/bingbot.htm) Chrome/103.0.5060.134 Safari/537.36"
157.90.182.25 - - [04/Sep/2023:19:20:36 +0200] "GET /bamboo-fiber-plant-cover-bamboo-grove-p-57724.html HTTP/1.0" 200 76713 "-" "Mozilla/5.0 (compatible; BLEXBot/1.0; +http://webmeup-crawler.com/)"
52.167.144.221 - - [04/Sep/2023:19:20:38 +0200] "GET /mugs-mazagrans-c-12_57.html HTTP/1.0" 200 98230 "-" "Mozilla/5.0 AppleWebKit/537.36 (KHTML, like Gecko; compatible; bingbot/2.0; +http://www.bing.com/bingbot.htm) Chrome/103.0.5060.134 Safari/537.36"
