157.90.182.25 - - [04/Sep/2023:20:03:26 +0200] "GET /blue-retro-shoulder-p-48761.html HTTP/1.0" 200 76104 "-" "Mozilla/5.0 (compatible; BLEXBot/1.0; +http://webmeup-crawler.com/)"
66.249.66.206 - - [04/Sep/2023:20:03:39 +0200] "GET /images/big_prod_2/3442440300123b.jpg HTTP/1.0" 200 271 "-" "Googlebot-Image/1.0"
157.90.182.25 - - [04/Sep/2023:20:03:39 +0200] "GET /blue-sandstone-lamp-p-58980.html HTTP/1.0" 200 76632 "-" "Mozilla/5.0 (compatible; BLEXBot/1.0; +http://webmeup-crawler.com/)"
47.128.22.18 - - [04/Sep/2023:20:03:49 +0200] "GET /fish-wooden-p-35652.html HTTP/1.0" 200 76646 "-" "Mozilla/5.0 (Linux; Android 5.0) AppleWebKit/537.36 (KHTML, like Gecko) Mobile Safari/537.36 (compatible; Bytespider; spider-feedback@bytedance.com)"
47.128.22.18 - - [04/Sep/2023:20:03:51 +0200] "GET /swfobject.js HTTP/1.0" 404 1308 "http://www.wonder-geek.com/fish-wooden-p-35652.html" "Mozilla/5.0 (Linux; Android 5.0) AppleWebKit/537.36 (KHTML, like Gecko) Mobile Safari/537.36 (compatible; Bytespider; spider-feedback@bytedance.com)"
157.90.182.25 - - [04/Sep/2023:20:03:52 +0200] "GET /blue-star-money-p-47764.html HTTP/1.0" 200 75946 "-" "Mozilla/5.0 (compatible; BLEXBot/1.0; +http://webmeup-crawler.com/)"
47.128.22.18 - - [04/Sep/2023:20:03:59 +0200] "GET /highslide/graphics/zoomin.cur HTTP/1.0" 200 614 "http://www.wonder-geek.com/templates/Pixame_v1/stylesheet.css" "Mozilla/5.0 (Linux; Android 5.0) AppleWebKit/537.36 (KHTML, like Gecko) Mobile Safari/537.36 (compatible; Bytespider; spider-feedback@bytedance.com)"
47.128.23.39 - - [04/Sep/2023:20:04:04 +0200] "GET /luggages-schoolbags-leather-shop-c-31.html?page=31 HTTP/1.0" 200 96629 "-" "Mozilla/5.0 (Linux; Android 5.0) AppleWebKit/537.36 (KHTML, like Gecko) Mobile Safari/537.36 (compatible; Bytespider; spider-feedback@bytedance.com)"
47.128.23.39 - - [04/Sep/2023:20:04:06 +0200] "GET /swfobject.js HTTP/1.0" 404 1308 "http://www.wonder-geek.com/luggages-schoolbags-leather-shop-c-31.html?page=31" "Mozilla/5.0 (Linux; Android 5.0) AppleWebKit/537.36 (KHTML, like Gecko) Mobile Safari/537.36 (compatible; Bytespider; spider-feedback@bytedance.com)"
47.128.24.108 - - [04/Sep/2023:20:04:06 +0200] "GET /moki-bedspread-gold-p-56952.html HTTP/1.0" 200 76768 "-" "Mozilla/5.0 (Linux; Android 5.0) AppleWebKit/537.36 (KHTML, like Gecko) Mobile Safari/537.36 (compatible; Bytespider; spider-feedback@bytedance.com)"
47.128.24.129 - - [04/Sep/2023:20:04:06 +0200] "GET /letter-wall-decor-sticker-gray-p-57772.html HTTP/1.0" 200 76756 "-" "Mozilla/5.0 (Linux; Android 5.0) AppleWebKit/537.36 (KHTML, like Gecko) Mobile Safari/537.36 (compatible; Bytespider; spider-feedback@bytedance.com)"
47.128.24.108 - - [04/Sep/2023:20:04:08 +0200] "GET /swfobject.js HTTP/1.0" 404 1308 "http://www.wonder-geek.com/moki-bedspread-gold-p-56952.html" "Mozilla/5.0 (Linux; Android 5.0) AppleWebKit/537.36 (KHTML, like Gecko) Mobile Safari/537.36 (compatible; Bytespider; spider-feedback@bytedance.com)"
47.128.24.129 - - [04/Sep/2023:20:04:08 +0200] "GET /swfobject.js HTTP/1.0" 404 1308 "http://www.wonder-geek.com/letter-wall-decor-sticker-gray-p-57772.html" "Mozilla/5.0 (Linux; Android 5.0) AppleWebKit/537.36 (KHTML, like Gecko) Mobile Safari/537.36 (compatible; Bytespider; spider-feedback@bytedance.com)"
157.90.182.25 - - [04/Sep/2023:20:04:08 +0200] "GET /blue-vintage-motorcycle-coat-rack-p-46695.html HTTP/1.0" 200 76106 "-" "Mozilla/5.0 (compatible; BLEXBot/1.0; +http://webmeup-crawler.com/)"
47.128.23.39 - - [04/Sep/2023:20:04:11 +0200] "GET /js/jquery.min.js HTTP/1.0" 404 1308 "http://www.wonder-geek.com/luggages-schoolbags-leather-shop-c-31.html?page=31" "Mozilla/5.0 (Linux; Android 5.0) AppleWebKit/537.36 (KHTML, like Gecko) Mobile Safari/537.36 (compatible; Bytespider; spider-feedback@bytedance.com)"
47.128.23.39 - - [04/Sep/2023:20:04:11 +0200] "GET /js/modernizr-transitions.js HTTP/1.0" 200 267 "http://www.wonder-geek.com/luggages-schoolbags-leather-shop-c-31.html?page=31" "Mozilla/5.0 (Linux; Android 5.0) AppleWebKit/537.36 (KHTML, like Gecko) Mobile Safari/537.36 (compatible; Bytespider; spider-feedback@bytedance.com)"
47.128.23.39 - - [04/Sep/2023:20:04:12 +0200] "GET /highslide/graphics/zoomout.cur HTTP/1.0" 200 614 "http://www.wonder-geek.com/luggages-schoolbags-leather-shop-c-31.html?page=31" "Mozilla/5.0 (Linux; Android 5.0) AppleWebKit/537.36 (KHTML, like Gecko) Mobile Safari/537.36 (compatible; Bytespider; spider-feedback@bytedance.com)"
47.128.24.108 - - [04/Sep/2023:20:04:15 +0200] "GET /images/big_prod_1/3442440306507B.jpg HTTP/1.0" 200 271 "http://www.wonder-geek.com/moki-bedspread-gold-p-56952.html" "Mozilla/5.0 (Linux; Android 5.0) AppleWebKit/537.36 (KHTML, like Gecko) Mobile Safari/537.36 (compatible; Bytespider; spider-feedback@bytedance.com)"
47.128.24.129 - - [04/Sep/2023:20:04:17 +0200] "GET /highslide/graphics/zoomin.cur HTTP/1.0" 200 614 "http://www.wonder-geek.com/templates/Pixame_v1/stylesheet.css" "Mozilla/5.0 (Linux; Android 5.0) AppleWebKit/537.36 (KHTML, like Gecko) Mobile Safari/537.36 (compatible; Bytespider; spider-feedback@bytedance.com)"
47.128.24.129 - - [04/Sep/2023:20:04:17 +0200] "GET /images/big_prod_1/3700281666670a.jpg HTTP/1.0" 200 271 "http://www.wonder-geek.com/letter-wall-decor-sticker-gray-p-57772.html" "Mozilla/5.0 (Linux; Android 5.0) AppleWebKit/537.36 (KHTML, like Gecko) Mobile Safari/537.36 (compatible; Bytespider; spider-feedback@bytedance.com)"
47.128.23.226 - - [04/Sep/2023:20:04:19 +0200] "GET /cushions-c-11_71.html HTTP/1.0" 301 95743 "-" "Mozilla/5.0 (Linux; Android 5.0) AppleWebKit/537.36 (KHTML, like Gecko) Mobile Safari/537.36 (compatible; Bytespider; spider-feedback@bytedance.com)"
47.128.23.226 - - [04/Sep/2023:20:04:21 +0200] "GET /cushions-floor-cushions-cushion-covers-c-71.html HTTP/1.0" 301 95627 "-" "Mozilla/5.0 (Linux; Android 5.0) AppleWebKit/537.36 (KHTML, like Gecko) Mobile Safari/537.36 (compatible; Bytespider; spider-feedback@bytedance.com)"
157.90.182.25 - - [04/Sep/2023:20:04:22 +0200] "GET /blue-white-cement-tile-round-placemat-p-57744.html HTTP/1.0" 200 76662 "-" "Mozilla/5.0 (compatible; BLEXBot/1.0; +http://webmeup-crawler.com/)"
47.128.23.226 - - [04/Sep/2023:20:04:23 +0200] "GET /cushions-floor-cushions-cushion-covers-c-11_71.html HTTP/1.0" 200 95641 "-" "Mozilla/5.0 (Linux; Android 5.0) AppleWebKit/537.36 (KHTML, like Gecko) Mobile Safari/537.36 (compatible; Bytespider; spider-feedback@bytedance.com)"
47.128.23.226 - - [04/Sep/2023:20:04:26 +0200] "GET /swfobject.js HTTP/1.0" 404 1308 "http://www.wonder-geek.com/cushions-floor-cushions-cushion-covers-c-11_71.html" "Mozilla/5.0 (Linux; Android 5.0) AppleWebKit/537.36 (KHTML, like Gecko) Mobile Safari/537.36 (compatible; Bytespider; spider-feedback@bytedance.com)"
54.36.148.164 - - [04/Sep/2023:20:04:27 +0200] "GET /decorations-c-13_89.html HTTP/1.0" 200 94777 "-" "Mozilla/5.0 (compatible; AhrefsBot/7.0; +http://ahrefs.com/robot/)"
47.128.22.18 - - [04/Sep/2023:20:04:29 +0200] "GET /highslide/graphics/outlines/drop-shadow.png HTTP/1.0" 200 277 "http://www.wonder-geek.com/fish-wooden-p-35652.html" "Mozilla/5.0 (Linux; Android 5.0) AppleWebKit/537.36 (KHTML, like Gecko) Mobile Safari/537.36 (compatible; Bytespider; spider-feedback@bytedance.com)"
47.128.22.18 - - [04/Sep/2023:20:04:29 +0200] "GET /highslide/graphics/zoomout.cur HTTP/1.0" 200 614 "http://www.wonder-geek.com/fish-wooden-p-35652.html" "Mozilla/5.0 (Linux; Android 5.0) AppleWebKit/537.36 (KHTML, like Gecko) Mobile Safari/537.36 (compatible; Bytespider; spider-feedback@bytedance.com)"
47.128.23.226 - - [04/Sep/2023:20:04:30 +0200] "GET /js/jquery.min.js HTTP/1.0" 404 1308 "http://www.wonder-geek.com/cushions-floor-cushions-cushion-covers-c-11_71.html" "Mozilla/5.0 (Linux; Android 5.0) AppleWebKit/537.36 (KHTML, like Gecko) Mobile Safari/537.36 (compatible; Bytespider; spider-feedback@bytedance.com)"
47.128.22.18 - - [04/Sep/2023:20:04:30 +0200] "GET /images/big_prod/5415203601537.jpg HTTP/1.0" 200 268 "http://www.wonder-geek.com/fish-wooden-p-35652.html" "Mozilla/5.0 (Linux; Android 5.0) AppleWebKit/537.36 (KHTML, like Gecko) Mobile Safari/537.36 (compatible; Bytespider; spider-feedback@bytedance.com)"
157.90.182.25 - - [04/Sep/2023:20:04:36 +0200] "GET /bobbing-hugging-knees-phosphorescent-smiski-statuette-p-55924.html HTTP/1.0" 200 77567 "-" "Mozilla/5.0 (compatible; BLEXBot/1.0; +http://webmeup-crawler.com/)"
8.217.87.120 - - [04/Sep/2023:20:04:43 +0200] "GET /images/big_prod/3014627880140.jpg HTTP/1.0" 200 268 "-" "Mozilla/5.0 (X11; Ubuntu; Linux x86_64; rv:72.0) Gecko/20100101 Firefox/72.0"
47.128.24.108 - - [04/Sep/2023:20:04:45 +0200] "GET /highslide/graphics/zoomout.cur HTTP/1.0" 200 614 "http://www.wonder-geek.com/moki-bedspread-gold-p-56952.html" "Mozilla/5.0 (Linux; Android 5.0) AppleWebKit/537.36 (KHTML, like Gecko) Mobile Safari/537.36 (compatible; Bytespider; spider-feedback@bytedance.com)"
47.128.24.108 - - [04/Sep/2023:20:04:45 +0200] "GET /highslide/graphics/outlines/drop-shadow.png HTTP/1.0" 200 277 "http://www.wonder-geek.com/moki-bedspread-gold-p-56952.html" "Mozilla/5.0 (Linux; Android 5.0) AppleWebKit/537.36 (KHTML, like Gecko) Mobile Safari/537.36 (compatible; Bytespider; spider-feedback@bytedance.com)"
66.249.66.205 - - [04/Sep/2023:20:04:50 +0200] "GET /black-mustache-circle-coasters-cbkreation-p-16702.html HTTP/1.0" 200 76202 "-" "Mozilla/5.0 (compatible; Googlebot/2.1; +http://www.google.com/bot.html)"
157.90.182.25 - - [04/Sep/2023:20:04:55 +0200] "GET /bobbing-looking-back-phosphorescent-smiski-statuette-p-55925.html HTTP/1.0" 200 77542 "-" "Mozilla/5.0 (compatible; BLEXBot/1.0; +http://webmeup-crawler.com/)"
47.128.23.226 - - [04/Sep/2023:20:04:57 +0200] "GET /highslide/graphics/outlines/drop-shadow.png HTTP/1.0" 200 277 "http://www.wonder-geek.com/cushions-floor-cushions-cushion-covers-c-11_71.html" "Mozilla/5.0 (Linux; Android 5.0) AppleWebKit/537.36 (KHTML, like Gecko) Mobile Safari/537.36 (compatible; Bytespider; spider-feedback@bytedance.com)"
47.128.23.226 - - [04/Sep/2023:20:04:57 +0200] "GET /highslide/graphics/zoomout.cur HTTP/1.0" 200 614 "http://www.wonder-geek.com/cushions-floor-cushions-cushion-covers-c-11_71.html" "Mozilla/5.0 (Linux; Android 5.0) AppleWebKit/537.36 (KHTML, like Gecko) Mobile Safari/537.36 (compatible; Bytespider; spider-feedback@bytedance.com)"
157.90.182.25 - - [04/Sep/2023:20:05:10 +0200] "GET /bobtail-keychains-p-26289.html HTTP/1.0" 200 75947 "-" "Mozilla/5.0 (compatible; BLEXBot/1.0; +http://webmeup-crawler.com/)"
47.128.22.235 - - [04/Sep/2023:20:05:19 +0200] "GET /pillow-case-organic-cotton-curry-p-58618.html HTTP/1.0" 200 77358 "-" "Mozilla/5.0 (Linux; Android 5.0) AppleWebKit/537.36 (KHTML, like Gecko) Mobile Safari/537.36 (compatible; Bytespider; spider-feedback@bytedance.com)"
47.128.22.235 - - [04/Sep/2023:20:05:23 +0200] "GET /swfobject.js HTTP/1.0" 404 1308 "http://www.wonder-geek.com/pillow-case-organic-cotton-curry-p-58618.html" "Mozilla/5.0 (Linux; Android 5.0) AppleWebKit/537.36 (KHTML, like Gecko) Mobile Safari/537.36 (compatible; Bytespider; spider-feedback@bytedance.com)"
47.128.29.167 - - [04/Sep/2023:20:05:22 +0200] "GET /red-kitchen-towel-50-70-cm-p-44414.html HTTP/1.0" 301 76004 "-" "Mozilla/5.0 (Linux; Android 5.0) AppleWebKit/537.36 (KHTML, like Gecko) Mobile Safari/537.36 (compatible; Bytespider; spider-feedback@bytedance.com)"
47.128.29.167 - - [04/Sep/2023:20:05:23 +0200] "GET /kitchen-towel-p-44414.html HTTP/1.0" 200 75924 "-" "Mozilla/5.0 (Linux; Android 5.0) AppleWebKit/537.36 (KHTML, like Gecko) Mobile Safari/537.36 (compatible; Bytespider; spider-feedback@bytedance.com)"
47.128.29.167 - - [04/Sep/2023:20:05:25 +0200] "GET /swfobject.js HTTP/1.0" 404 1308 "http://www.wonder-geek.com/kitchen-towel-p-44414.html" "Mozilla/5.0 (Linux; Android 5.0) AppleWebKit/537.36 (KHTML, like Gecko) Mobile Safari/537.36 (compatible; Bytespider; spider-feedback@bytedance.com)"
157.90.182.25 - - [04/Sep/2023:20:05:24 +0200] "GET /bodega-adult-apron-p-40732.html HTTP/1.0" 200 75910 "-" "Mozilla/5.0 (compatible; BLEXBot/1.0; +http://webmeup-crawler.com/)"
47.128.17.101 - - [04/Sep/2023:20:05:25 +0200] "GET /wall-decoration-sticker-attendez-p-60168.html HTTP/1.0" 200 76808 "-" "Mozilla/5.0 (Linux; Android 5.0) AppleWebKit/537.36 (KHTML, like Gecko) Mobile Safari/537.36 (compatible; Bytespider; spider-feedback@bytedance.com)"
47.128.17.101 - - [04/Sep/2023:20:05:27 +0200] "GET /swfobject.js HTTP/1.0" 404 1308 "http://www.wonder-geek.com/wall-decoration-sticker-attendez-p-60168.html" "Mozilla/5.0 (Linux; Android 5.0) AppleWebKit/537.36 (KHTML, like Gecko) Mobile Safari/537.36 (compatible; Bytespider; spider-feedback@bytedance.com)"
47.128.29.167 - - [04/Sep/2023:20:05:30 +0200] "GET /highslide/graphics/zoomin.cur HTTP/1.0" 200 614 "http://www.wonder-geek.com/templates/Pixame_v1/stylesheet.css" "Mozilla/5.0 (Linux; Android 5.0) AppleWebKit/537.36 (KHTML, like Gecko) Mobile Safari/537.36 (compatible; Bytespider; spider-feedback@bytedance.com)"
47.128.29.167 - - [04/Sep/2023:20:05:30 +0200] "GET /highslide/graphics/outlines/drop-shadow.png HTTP/1.0" 200 277 "http://www.wonder-geek.com/kitchen-towel-p-44414.html" "Mozilla/5.0 (Linux; Android 5.0) AppleWebKit/537.36 (KHTML, like Gecko) Mobile Safari/537.36 (compatible; Bytespider; spider-feedback@bytedance.com)"
47.128.29.167 - - [04/Sep/2023:20:05:30 +0200] "GET /highslide/graphics/zoomout.cur HTTP/1.0" 200 614 "http://www.wonder-geek.com/kitchen-towel-p-44414.html" "Mozilla/5.0 (Linux; Android 5.0) AppleWebKit/537.36 (KHTML, like Gecko) Mobile Safari/537.36 (compatible; Bytespider; spider-feedback@bytedance.com)"
47.128.17.53 - - [04/Sep/2023:20:05:29 +0200] "GET /metal-beer-bucket-le-bistrot-des-amis-p-42680.html HTTP/1.0" 301 76169 "-" "Mozilla/5.0 (Linux; Android 5.0) AppleWebKit/537.36 (KHTML, like Gecko) Mobile Safari/537.36 (compatible; Bytespider; spider-feedback@bytedance.com)"
47.128.29.167 - - [04/Sep/2023:20:05:30 +0200] "GET /images/big_prod/3574642575815.jpg HTTP/1.0" 200 268 "http://www.wonder-geek.com/kitchen-towel-p-44414.html" "Mozilla/5.0 (Linux; Android 5.0) AppleWebKit/537.36 (KHTML, like Gecko) Mobile Safari/537.36 (compatible; Bytespider; spider-feedback@bytedance.com)"
47.128.17.101 - - [04/Sep/2023:20:05:32 +0200] "GET /highslide/graphics/zoomin.cur HTTP/1.0" 200 614 "http://www.wonder-geek.com/templates/Pixame_v1/stylesheet.css" "Mozilla/5.0 (Linux; Android 5.0) AppleWebKit/537.36 (KHTML, like Gecko) Mobile Safari/537.36 (compatible; Bytespider; spider-feedback@bytedance.com)"
47.128.17.101 - - [04/Sep/2023:20:05:32 +0200] "GET /images/big_prod_1/3700281683714B.jpg HTTP/1.0" 200 271 "http://www.wonder-geek.com/wall-decoration-sticker-attendez-p-60168.html" "Mozilla/5.0 (Linux; Android 5.0) AppleWebKit/537.36 (KHTML, like Gecko) Mobile Safari/537.36 (compatible; Bytespider; spider-feedback@bytedance.com)"
47.128.22.235 - - [04/Sep/2023:20:05:33 +0200] "GET /highslide/graphics/zoomin.cur HTTP/1.0" 200 614 "http://www.wonder-geek.com/templates/Pixame_v1/stylesheet.css" "Mozilla/5.0 (Linux; Android 5.0) AppleWebKit/537.36 (KHTML, like Gecko) Mobile Safari/537.36 (compatible; Bytespider; spider-feedback@bytedance.com)"
47.128.22.235 - - [04/Sep/2023:20:05:33 +0200] "GET /images/big_prod_2/3665269133905b.jpg HTTP/1.0" 200 271 "http://www.wonder-geek.com/pillow-case-organic-cotton-curry-p-58618.html" "Mozilla/5.0 (Linux; Android 5.0) AppleWebKit/537.36 (KHTML, like Gecko) Mobile Safari/537.36 (compatible; Bytespider; spider-feedback@bytedance.com)"
47.128.22.235 - - [04/Sep/2023:20:05:34 +0200] "GET /images/big_prod_1/3665269133905a.jpg HTTP/1.0" 200 271 "http://www.wonder-geek.com/pillow-case-organic-cotton-curry-p-58618.html" "Mozilla/5.0 (Linux; Android 5.0) AppleWebKit/537.36 (KHTML, like Gecko) Mobile Safari/537.36 (compatible; Bytespider; spider-feedback@bytedance.com)"
157.90.182.25 - - [04/Sep/2023:20:05:39 +0200] "GET /bodega-cbkreation-p-24118.html HTTP/1.0" 200 75929 "-" "Mozilla/5.0 (compatible; BLEXBot/1.0; +http://webmeup-crawler.com/)"
47.128.17.53 - - [04/Sep/2023:20:05:40 +0200] "GET /metal-beer-bucket-bistrot-amis-p-42680.html HTTP/1.0" 200 76072 "-" "Mozilla/5.0 (Linux; Android 5.0) AppleWebKit/537.36 (KHTML, like Gecko) Mobile Safari/537.36 (compatible; Bytespider; spider-feedback@bytedance.com)"
47.128.17.53 - - [04/Sep/2023:20:05:42 +0200] "GET /swfobject.js HTTP/1.0" 404 1308 "http://www.wonder-geek.com/metal-beer-bucket-bistrot-amis-p-42680.html" "Mozilla/5.0 (Linux; Android 5.0) AppleWebKit/537.36 (KHTML, like Gecko) Mobile Safari/537.36 (compatible; Bytespider; spider-feedback@bytedance.com)"
47.128.22.192 - - [04/Sep/2023:20:05:42 +0200] "GET /kitchen-towel-patisserie-collection-p-54752.html HTTP/1.0" 200 76004 "-" "Mozilla/5.0 (Linux; Android 5.0) AppleWebKit/537.36 (KHTML, like Gecko) Mobile Safari/537.36 (compatible; Bytespider; spider-feedback@bytedance.com)"
47.128.22.192 - - [04/Sep/2023:20:05:44 +0200] "GET /swfobject.js HTTP/1.0" 404 1308 "http://www.wonder-geek.com/kitchen-towel-patisserie-collection-p-54752.html" "Mozilla/5.0 (Linux; Android 5.0) AppleWebKit/537.36 (KHTML, like Gecko) Mobile Safari/537.36 (compatible; Bytespider; spider-feedback@bytedance.com)"
47.128.17.53 - - [04/Sep/2023:20:05:46 +0200] "GET /highslide/graphics/zoomin.cur HTTP/1.0" 200 614 "http://www.wonder-geek.com/templates/Pixame_v1/stylesheet.css" "Mozilla/5.0 (Linux; Android 5.0) AppleWebKit/537.36 (KHTML, like Gecko) Mobile Safari/537.36 (compatible; Bytespider; spider-feedback@bytedance.com)"
47.128.17.53 - - [04/Sep/2023:20:05:46 +0200] "GET /highslide/graphics/outlines/drop-shadow.png HTTP/1.0" 200 277 "http://www.wonder-geek.com/metal-beer-bucket-bistrot-amis-p-42680.html" "Mozilla/5.0 (Linux; Android 5.0) AppleWebKit/537.36 (KHTML, like Gecko) Mobile Safari/537.36 (compatible; Bytespider; spider-feedback@bytedance.com)"
47.128.17.53 - - [04/Sep/2023:20:05:46 +0200] "GET /highslide/graphics/zoomout.cur HTTP/1.0" 200 614 "http://www.wonder-geek.com/metal-beer-bucket-bistrot-amis-p-42680.html" "Mozilla/5.0 (Linux; Android 5.0) AppleWebKit/537.36 (KHTML, like Gecko) Mobile Safari/537.36 (compatible; Bytespider; spider-feedback@bytedance.com)"
47.128.20.127 - - [04/Sep/2023:20:05:49 +0200] "GET /wax-melt-coconut-escape-p-39897.html HTTP/1.0" 301 73772 "-" "Mozilla/5.0 (Linux; Android 5.0) AppleWebKit/537.36 (KHTML, like Gecko) Mobile Safari/537.36 (compatible; Bytespider; spider-feedback@bytedance.com)"
47.128.25.7 - - [04/Sep/2023:20:05:50 +0200] "GET /pourquoi-tant-de-haine-shirt-p-29580.html HTTP/1.0" 301 73774 "-" "Mozilla/5.0 (Linux; Android 5.0) AppleWebKit/537.36 (KHTML, like Gecko) Mobile Safari/537.36 (compatible; Bytespider; spider-feedback@bytedance.com)"
47.128.20.127 - - [04/Sep/2023:20:05:51 +0200] "GET /melt-coconut-escape-p-39897.html HTTP/1.0" 200 73686 "-" "Mozilla/5.0 (Linux; Android 5.0) AppleWebKit/537.36 (KHTML, like Gecko) Mobile Safari/537.36 (compatible; Bytespider; spider-feedback@bytedance.com)"
47.128.22.192 - - [04/Sep/2023:20:05:53 +0200] "GET /highslide/graphics/zoomin.cur HTTP/1.0" 200 614 "http://www.wonder-geek.com/templates/Pixame_v1/stylesheet.css" "Mozilla/5.0 (Linux; Android 5.0) AppleWebKit/537.36 (KHTML, like Gecko) Mobile Safari/537.36 (compatible; Bytespider; spider-feedback@bytedance.com)"
47.128.20.127 - - [04/Sep/2023:20:05:53 +0200] "GET /swfobject.js HTTP/1.0" 404 1308 "http://www.wonder-geek.com/melt-coconut-escape-p-39897.html" "Mozilla/5.0 (Linux; Android 5.0) AppleWebKit/537.36 (KHTML, like Gecko) Mobile Safari/537.36 (compatible; Bytespider; spider-feedback@bytedance.com)"
47.128.22.192 - - [04/Sep/2023:20:05:53 +0200] "GET /highslide/graphics/zoomout.cur HTTP/1.0" 200 614 "http://www.wonder-geek.com/kitchen-towel-patisserie-collection-p-54752.html" "Mozilla/5.0 (Linux; Android 5.0) AppleWebKit/537.36 (KHTML, like Gecko) Mobile Safari/537.36 (compatible; Bytespider; spider-feedback@bytedance.com)"
47.128.22.192 - - [04/Sep/2023:20:05:53 +0200] "GET /highslide/graphics/outlines/drop-shadow.png HTTP/1.0" 200 277 "http://www.wonder-geek.com/kitchen-towel-patisserie-collection-p-54752.html" "Mozilla/5.0 (Linux; Android 5.0) AppleWebKit/537.36 (KHTML, like Gecko) Mobile Safari/537.36 (compatible; Bytespider; spider-feedback@bytedance.com)"
47.128.22.192 - - [04/Sep/2023:20:05:53 +0200] "GET /images/big_prod/3503420170485.jpg HTTP/1.0" 200 268 "http://www.wonder-geek.com/kitchen-towel-patisserie-collection-p-54752.html" "Mozilla/5.0 (Linux; Android 5.0) AppleWebKit/537.36 (KHTML, like Gecko) Mobile Safari/537.36 (compatible; Bytespider; spider-feedback@bytedance.com)"
47.128.25.7 - - [04/Sep/2023:20:05:52 +0200] "GET /pourquoi-tant-haine-shirt-p-29580.html HTTP/1.0" 200 73682 "-" "Mozilla/5.0 (Linux; Android 5.0) AppleWebKit/537.36 (KHTML, like Gecko) Mobile Safari/537.36 (compatible; Bytespider; spider-feedback@bytedance.com)"
157.90.182.25 - - [04/Sep/2023:20:05:53 +0200] "GET /bodega-decorative-metal-plate-cbkreation-p-60623.html HTTP/1.0" 200 76733 "-" "Mozilla/5.0 (compatible; BLEXBot/1.0; +http://webmeup-crawler.com/)"
47.128.25.7 - - [04/Sep/2023:20:05:55 +0200] "GET /swfobject.js HTTP/1.0" 404 1308 "http://www.wonder-geek.com/pourquoi-tant-haine-shirt-p-29580.html" "Mozilla/5.0 (Linux; Android 5.0) AppleWebKit/537.36 (KHTML, like Gecko) Mobile Safari/537.36 (compatible; Bytespider; spider-feedback@bytedance.com)"
47.128.20.127 - - [04/Sep/2023:20:05:57 +0200] "GET /highslide/graphics/zoomout.cur HTTP/1.0" 200 614 "http://www.wonder-geek.com/melt-coconut-escape-p-39897.html" "Mozilla/5.0 (Linux; Android 5.0) AppleWebKit/537.36 (KHTML, like Gecko) Mobile Safari/537.36 (compatible; Bytespider; spider-feedback@bytedance.com)"
47.128.20.127 - - [04/Sep/2023:20:05:57 +0200] "GET /highslide/graphics/outlines/drop-shadow.png HTTP/1.0" 200 277 "http://www.wonder-geek.com/melt-coconut-escape-p-39897.html" "Mozilla/5.0 (Linux; Android 5.0) AppleWebKit/537.36 (KHTML, like Gecko) Mobile Safari/537.36 (compatible; Bytespider; spider-feedback@bytedance.com)"
47.128.22.235 - - [04/Sep/2023:20:05:57 +0200] "GET /highslide/graphics/outlines/drop-shadow.png HTTP/1.0" 200 277 "http://www.wonder-geek.com/pillow-case-organic-cotton-curry-p-58618.html" "Mozilla/5.0 (Linux; Android 5.0) AppleWebKit/537.36 (KHTML, like Gecko) Mobile Safari/537.36 (compatible; Bytespider; spider-feedback@bytedance.com)"
47.128.22.235 - - [04/Sep/2023:20:05:57 +0200] "GET /highslide/graphics/zoomout.cur HTTP/1.0" 200 614 "http://www.wonder-geek.com/pillow-case-organic-cotton-curry-p-58618.html" "Mozilla/5.0 (Linux; Android 5.0) AppleWebKit/537.36 (KHTML, like Gecko) Mobile Safari/537.36 (compatible; Bytespider; spider-feedback@bytedance.com)"
47.128.22.235 - - [04/Sep/2023:20:05:58 +0200] "GET /images/big_prod/3665269133905.jpg HTTP/1.0" 200 268 "http://www.wonder-geek.com/pillow-case-organic-cotton-curry-p-58618.html" "Mozilla/5.0 (Linux; Android 5.0) AppleWebKit/537.36 (KHTML, like Gecko) Mobile Safari/537.36 (compatible; Bytespider; spider-feedback@bytedance.com)"
47.128.25.7 - - [04/Sep/2023:20:06:00 +0200] "GET /highslide/graphics/outlines/drop-shadow.png HTTP/1.0" 200 277 "http://www.wonder-geek.com/pourquoi-tant-haine-shirt-p-29580.html" "Mozilla/5.0 (Linux; Android 5.0) AppleWebKit/537.36 (KHTML, like Gecko) Mobile Safari/537.36 (compatible; Bytespider; spider-feedback@bytedance.com)"
47.128.25.7 - - [04/Sep/2023:20:06:00 +0200] "GET /highslide/graphics/zoomout.cur HTTP/1.0" 200 614 "http://www.wonder-geek.com/pourquoi-tant-haine-shirt-p-29580.html" "Mozilla/5.0 (Linux; Android 5.0) AppleWebKit/537.36 (KHTML, like Gecko) Mobile Safari/537.36 (compatible; Bytespider; spider-feedback@bytedance.com)"
47.128.17.101 - - [04/Sep/2023:20:06:02 +0200] "GET /highslide/graphics/zoomout.cur HTTP/1.0" 200 614 "http://www.wonder-geek.com/wall-decoration-sticker-attendez-p-60168.html" "Mozilla/5.0 (Linux; Android 5.0) AppleWebKit/537.36 (KHTML, like Gecko) Mobile Safari/537.36 (compatible; Bytespider; spider-feedback@bytedance.com)"
47.128.17.101 - - [04/Sep/2023:20:06:02 +0200] "GET /highslide/graphics/outlines/drop-shadow.png HTTP/1.0" 200 277 "http://www.wonder-geek.com/wall-decoration-sticker-attendez-p-60168.html" "Mozilla/5.0 (Linux; Android 5.0) AppleWebKit/537.36 (KHTML, like Gecko) Mobile Safari/537.36 (compatible; Bytespider; spider-feedback@bytedance.com)"
47.128.17.101 - - [04/Sep/2023:20:06:03 +0200] "GET /images/big_prod/3700281683714.jpg HTTP/1.0" 200 268 "http://www.wonder-geek.com/wall-decoration-sticker-attendez-p-60168.html" "Mozilla/5.0 (Linux; Android 5.0) AppleWebKit/537.36 (KHTML, like Gecko) Mobile Safari/537.36 (compatible; Bytespider; spider-feedback@bytedance.com)"
157.90.182.25 - - [04/Sep/2023:20:06:07 +0200] "GET /bodega-p-37473.html HTTP/1.0" 200 75902 "-" "Mozilla/5.0 (compatible; BLEXBot/1.0; +http://webmeup-crawler.com/)"
47.128.30.205 - - [04/Sep/2023:20:06:11 +0200] "GET /laissez-lucie-faire-phenix-glasses-p-42669.html HTTP/1.0" 200 76134 "-" "Mozilla/5.0 (Linux; Android 5.0) AppleWebKit/537.36 (KHTML, like Gecko) Mobile Safari/537.36 (compatible; Bytespider; spider-feedback@bytedance.com)"
47.128.30.205 - - [04/Sep/2023:20:06:13 +0200] "GET /swfobject.js HTTP/1.0" 404 1308 "http://www.wonder-geek.com/laissez-lucie-faire-phenix-glasses-p-42669.html" "Mozilla/5.0 (Linux; Android 5.0) AppleWebKit/537.36 (KHTML, like Gecko) Mobile Safari/537.36 (compatible; Bytespider; spider-feedback@bytedance.com)"
47.128.22.16 - - [04/Sep/2023:20:06:15 +0200] "GET /cotton-kitchen-towel-bires-p-45132.html HTTP/1.0" 200 75983 "-" "Mozilla/5.0 (Linux; Android 5.0) AppleWebKit/537.36 (KHTML, like Gecko) Mobile Safari/537.36 (compatible; Bytespider; spider-feedback@bytedance.com)"
47.128.30.205 - - [04/Sep/2023:20:06:17 +0200] "GET /highslide/graphics/zoomin.cur HTTP/1.0" 200 614 "http://www.wonder-geek.com/templates/Pixame_v1/stylesheet.css" "Mozilla/5.0 (Linux; Android 5.0) AppleWebKit/537.36 (KHTML, like Gecko) Mobile Safari/537.36 (compatible; Bytespider; spider-feedback@bytedance.com)"
47.128.22.16 - - [04/Sep/2023:20:06:17 +0200] "GET /swfobject.js HTTP/1.0" 404 1308 "http://www.wonder-geek.com/cotton-kitchen-towel-bires-p-45132.html" "Mozilla/5.0 (Linux; Android 5.0) AppleWebKit/537.36 (KHTML, like Gecko) Mobile Safari/537.36 (compatible; Bytespider; spider-feedback@bytedance.com)"
40.77.167.7 - - [04/Sep/2023:20:06:17 +0200] "GET /bagshandbags-shoulder-bags-c-31_81.html HTTP/1.0" 200 99164 "-" "Mozilla/5.0 AppleWebKit/537.36 (KHTML, like Gecko; compatible; bingbot/2.0; +http://www.bing.com/bingbot.htm) Chrome/103.0.5060.134 Safari/537.36"
157.90.182.25 - - [04/Sep/2023:20:06:22 +0200] "GET /bodega-p-39533.html HTTP/1.0" 200 75812 "-" "Mozilla/5.0 (compatible; BLEXBot/1.0; +http://webmeup-crawler.com/)"
47.128.22.16 - - [04/Sep/2023:20:06:24 +0200] "GET /highslide/graphics/zoomin.cur HTTP/1.0" 200 614 "http://www.wonder-geek.com/templates/Pixame_v1/stylesheet.css" "Mozilla/5.0 (Linux; Android 5.0) AppleWebKit/537.36 (KHTML, like Gecko) Mobile Safari/537.36 (compatible; Bytespider; spider-feedback@bytedance.com)"
47.128.22.16 - - [04/Sep/2023:20:06:25 +0200] "GET /highslide/graphics/outlines/drop-shadow.png HTTP/1.0" 200 277 "http://www.wonder-geek.com/cotton-kitchen-towel-bires-p-45132.html" "Mozilla/5.0 (Linux; Android 5.0) AppleWebKit/537.36 (KHTML, like Gecko) Mobile Safari/537.36 (compatible; Bytespider; spider-feedback@bytedance.com)"
47.128.22.16 - - [04/Sep/2023:20:06:25 +0200] "GET /highslide/graphics/zoomout.cur HTTP/1.0" 200 614 "http://www.wonder-geek.com/cotton-kitchen-towel-bires-p-45132.html" "Mozilla/5.0 (Linux; Android 5.0) AppleWebKit/537.36 (KHTML, like Gecko) Mobile Safari/537.36 (compatible; Bytespider; spider-feedback@bytedance.com)"
157.90.182.25 - - [04/Sep/2023:20:06:36 +0200] "GET /bodega-placemat-p-39557.html HTTP/1.0" 200 76101 "-" "Mozilla/5.0 (compatible; BLEXBot/1.0; +http://webmeup-crawler.com/)"
69.28.236.4 - - [04/Sep/2023:20:06:43 +0200] "GET /images/mini_prod/3457019600467.jpg HTTP/1.0" 200 269 "-" "Mozilla/5.0 (X11; Ubuntu; Linux x86_64; rv:72.0) Gecko/20100101 Firefox/72.0"
47.128.30.205 - - [04/Sep/2023:20:06:44 +0200] "GET /highslide/graphics/outlines/drop-shadow.png HTTP/1.0" 200 277 "http://www.wonder-geek.com/laissez-lucie-faire-phenix-glasses-p-42669.html" "Mozilla/5.0 (Linux; Android 5.0) AppleWebKit/537.36 (KHTML, like Gecko) Mobile Safari/537.36 (compatible; Bytespider; spider-feedback@bytedance.com)"
47.128.30.205 - - [04/Sep/2023:20:06:44 +0200] "GET /highslide/graphics/zoomout.cur HTTP/1.0" 200 614 "http://www.wonder-geek.com/laissez-lucie-faire-phenix-glasses-p-42669.html" "Mozilla/5.0 (Linux; Android 5.0) AppleWebKit/537.36 (KHTML, like Gecko) Mobile Safari/537.36 (compatible; Bytespider; spider-feedback@bytedance.com)"
47.128.30.205 - - [04/Sep/2023:20:06:44 +0200] "GET /images/big_prod/3160704002377.jpg HTTP/1.0" 200 268 "http://www.wonder-geek.com/laissez-lucie-faire-phenix-glasses-p-42669.html" "Mozilla/5.0 (Linux; Android 5.0) AppleWebKit/537.36 (KHTML, like Gecko) Mobile Safari/537.36 (compatible; Bytespider; spider-feedback@bytedance.com)"
157.90.182.25 - - [04/Sep/2023:20:06:50 +0200] "GET /body-soul-wooden-wall-decoration-hang-p-42121.html HTTP/1.0" 200 76203 "-" "Mozilla/5.0 (compatible; BLEXBot/1.0; +http://webmeup-crawler.com/)"
69.28.236.4 - - [04/Sep/2023:20:06:53 +0200] "GET /images/mini_prod/Image91.jpg HTTP/1.0" 200 263 "-" "Mozilla/5.0 (X11; Ubuntu; Linux x86_64; rv:72.0) Gecko/20100101 Firefox/72.0"
157.90.182.25 - - [04/Sep/2023:20:07:05 +0200] "GET /body-stimulating-massage-p-43197.html HTTP/1.0" 200 79254 "-" "Mozilla/5.0 (compatible; BLEXBot/1.0; +http://webmeup-crawler.com/)"
157.90.182.25 - - [04/Sep/2023:20:07:19 +0200] "GET /bohemian-black-p-50879.html HTTP/1.0" 200 76977 "-" "Mozilla/5.0 (compatible; BLEXBot/1.0; +http://webmeup-crawler.com/)"
40.77.167.7 - - [04/Sep/2023:20:07:27 +0200] "GET /computer-briefcase-c-31_82.html HTTP/1.0" 200 85139 "-" "Mozilla/5.0 AppleWebKit/537.36 (KHTML, like Gecko; compatible; bingbot/2.0; +http://www.bing.com/bingbot.htm) Chrome/103.0.5060.134 Safari/537.36"
157.90.182.25 - - [04/Sep/2023:20:07:33 +0200] "GET /bohemian-blue-stoneware-trimmed-planter-p-58093.html HTTP/1.0" 200 76762 "-" "Mozilla/5.0 (compatible; BLEXBot/1.0; +http://webmeup-crawler.com/)"
157.90.182.25 - - [04/Sep/2023:20:07:50 +0200] "GET /bohemian-ethnic-carpet-p-50875.html HTTP/1.0" 200 77035 "-" "Mozilla/5.0 (compatible; BLEXBot/1.0; +http://webmeup-crawler.com/)"
157.90.182.25 - - [04/Sep/2023:20:08:07 +0200] "GET /bohemian-ethnic-carpet-p-50880.html HTTP/1.0" 200 77036 "-" "Mozilla/5.0 (compatible; BLEXBot/1.0; +http://webmeup-crawler.com/)"
54.36.148.130 - - [04/Sep/2023:20:08:17 +0200] "GET /shower-curtain-blue-bubbles-p-59790.html HTTP/1.0" 200 76821 "-" "Mozilla/5.0 (compatible; AhrefsBot/7.0; +http://ahrefs.com/robot/)"
157.90.182.25 - - [04/Sep/2023:20:08:21 +0200] "GET /bohemian-ethnic-lirette-carpet-p-50877.html HTTP/1.0" 200 76962 "-" "Mozilla/5.0 (compatible; BLEXBot/1.0; +http://webmeup-crawler.com/)"
59.82.76.177 - - [04/Sep/2023:20:08:32 +0200] "GET /images/mini_prod/8433933581667.jpg HTTP/1.0" 200 269 "-" "Mozilla/5.0 (X11; Ubuntu; Linux x86_64; rv:72.0) Gecko/20100101 Firefox/72.0"
157.90.182.25 - - [04/Sep/2023:20:08:35 +0200] "GET /bohemian-ethnic-lirette-carpet-p-56662.html HTTP/1.0" 200 77297 "-" "Mozilla/5.0 (compatible; BLEXBot/1.0; +http://webmeup-crawler.com/)"
17.241.75.86 - - [04/Sep/2023:20:08:40 +0200] "GET /images/big_prod_2/8712159183962b.jpg HTTP/1.0" 200 271 "-" "Mozilla/5.0 (Macintosh; Intel Mac OS X 10_15_5) AppleWebKit/605.1.15 (KHTML, like Gecko) Version/13.1.1 Safari/605.1.15 (Applebot/0.1; +http://www.apple.com/go/applebot)"
195.2.75.177 - - [04/Sep/2023:20:08:48 +0200] "GET /contact_us.php HTTP/1.0" 301 539 "http://wonder-geek.com/contact_us.php" "Mozilla/5.0 (Windows NT 6.1) AppleWebKit/537.36 (KHTML, like Gecko) Chrome/68.0.3440.106 Safari/537.36 Kinza/4.9.1"
195.2.75.177 - - [04/Sep/2023:20:08:48 +0200] "GET /contact_us.php HTTP/1.0" 200 26241 "http://www.wonder-geek.com/contact_us.php" "Mozilla/5.0 (Windows NT 6.1) AppleWebKit/537.36 (KHTML, like Gecko) Chrome/68.0.3440.106 Safari/537.36 Kinza/4.9.1"
195.2.75.177 - - [04/Sep/2023:20:08:49 +0200] "POST /contact_us.php?action=send HTTP/1.0" 200 26563 "http://www.wonder-geek.com/contact_us.php" "Mozilla/5.0 (Windows NT 6.1) AppleWebKit/537.36 (KHTML, like Gecko) Chrome/68.0.3440.106 Safari/537.36 Kinza/4.9.1"
195.2.75.177 - - [04/Sep/2023:20:08:49 +0200] "GET /login.php HTTP/1.0" 200 17155 "http://www.wonder-geek.com/login.php" "Mozilla/5.0 (Windows NT 6.1) AppleWebKit/537.36 (KHTML, like Gecko) Chrome/68.0.3440.106 Safari/537.36 Kinza/4.9.1"
195.2.75.177 - - [04/Sep/2023:20:08:50 +0200] "POST /login.php?action=process HTTP/1.0" 200 17658 "http://www.wonder-geek.com/login.php" "Mozilla/5.0 (Windows NT 6.1) AppleWebKit/537.36 (KHTML, like Gecko) Chrome/68.0.3440.106 Safari/537.36 Kinza/4.9.1"
195.2.75.177 - - [04/Sep/2023:20:08:50 +0200] "GET /contact_us.php HTTP/1.0" 200 26241 "http://www.wonder-geek.com/contact_us.php" "Mozilla/5.0 (Windows NT 6.1) AppleWebKit/537.36 (KHTML, like Gecko) Chrome/68.0.3440.106 Safari/537.36 Kinza/4.9.1"
157.90.182.25 - - [04/Sep/2023:20:08:49 +0200] "GET /bohemian-ethnic-style-burlap-table-p-47329.html HTTP/1.0" 200 76618 "-" "Mozilla/5.0 (compatible; BLEXBot/1.0; +http://webmeup-crawler.com/)"
129.247.247.240 - - [04/Sep/2023:20:08:56 +0200] "GET /images/mini_prod/3661611901550.jpg HTTP/1.0" 200 269 "-" "Python-urllib/3.9"
119.28.156.186 - - [04/Sep/2023:20:09:04 +0200] "GET /images/1399984257845.jpg HTTP/1.0" 200 259 "-" "Mozilla/5.0 (X11; Ubuntu; Linux x86_64; rv:72.0) Gecko/20100101 Firefox/72.0"
157.90.182.25 - - [04/Sep/2023:20:09:04 +0200] "GET /bohemian-pink-stoneware-trimmed-planter-p-58095.html HTTP/1.0" 200 76859 "-" "Mozilla/5.0 (compatible; BLEXBot/1.0; +http://webmeup-crawler.com/)"
157.90.182.25 - - [04/Sep/2023:20:09:18 +0200] "GET /bohemian-planter-with-resin-feet-p-58091.html HTTP/1.0" 200 76266 "-" "Mozilla/5.0 (compatible; BLEXBot/1.0; +http://webmeup-crawler.com/)"
40.77.167.7 - - [04/Sep/2023:20:09:27 +0200] "GET /bedding-protection-c-11_192.html HTTP/1.0" 200 93619 "-" "Mozilla/5.0 AppleWebKit/537.36 (KHTML, like Gecko; compatible; bingbot/2.0; +http://www.bing.com/bingbot.htm) Chrome/103.0.5060.134 Safari/537.36"
157.90.182.25 - - [04/Sep/2023:20:09:33 +0200] "GET /bohemian-planter-with-resin-feet-p-58092.html HTTP/1.0" 200 76260 "-" "Mozilla/5.0 (compatible; BLEXBot/1.0; +http://webmeup-crawler.com/)"
157.90.182.25 - - [04/Sep/2023:20:09:47 +0200] "GET /bohemian-yellow-stoneware-trimmed-planter-p-58094.html HTTP/1.0" 200 76782 "-" "Mozilla/5.0 (compatible; BLEXBot/1.0; +http://webmeup-crawler.com/)"
157.90.182.25 - - [04/Sep/2023:20:10:02 +0200] "GET /boho-canvas-frame-arrows-dreams-love-p-47307.html HTTP/1.0" 200 76123 "-" "Mozilla/5.0 (compatible; BLEXBot/1.0; +http://webmeup-crawler.com/)"
157.90.182.25 - - [04/Sep/2023:20:10:16 +0200] "GET /boho-canvas-frame-dream-catcher-p-41544.html HTTP/1.0" 200 76786 "-" "Mozilla/5.0 (compatible; BLEXBot/1.0; +http://webmeup-crawler.com/)"
17.241.219.91 - - [04/Sep/2023:20:10:21 +0200] "GET /images/big_prod/8422016503917.jpg HTTP/1.0" 200 268 "-" "Mozilla/5.0 (Macintosh; Intel Mac OS X 10_15_5) AppleWebKit/605.1.15 (KHTML, like Gecko) Version/13.1.1 Safari/605.1.15 (Applebot/0.1; +http://www.apple.com/go/applebot)"
157.90.182.25 - - [04/Sep/2023:20:10:30 +0200] "GET /boho-canvas-frame-p-41545.html HTTP/1.0" 200 76021 "-" "Mozilla/5.0 (compatible; BLEXBot/1.0; +http://webmeup-crawler.com/)"
157.90.182.25 - - [04/Sep/2023:20:10:45 +0200] "GET /boho-canvas-frame-p-41546.html HTTP/1.0" 200 76021 "-" "Mozilla/5.0 (compatible; BLEXBot/1.0; +http://webmeup-crawler.com/)"
157.90.182.25 - - [04/Sep/2023:20:11:00 +0200] "GET /boho-canvas-frame-p-41547.html HTTP/1.0" 200 76021 "-" "Mozilla/5.0 (compatible; BLEXBot/1.0; +http://webmeup-crawler.com/)"
157.90.182.25 - - [04/Sep/2023:20:11:14 +0200] "GET /boho-canvas-frame-p-41548.html HTTP/1.0" 200 76021 "-" "Mozilla/5.0 (compatible; BLEXBot/1.0; +http://webmeup-crawler.com/)"
47.128.20.243 - - [04/Sep/2023:20:11:21 +0200] "GET /figurines-statuettes-statues-decoration-collection-c-292.html?page=22 HTTP/1.0" 200 97884 "-" "Mozilla/5.0 (Linux; Android 5.0) AppleWebKit/537.36 (KHTML, like Gecko) Mobile Safari/537.36 (compatible; Bytespider; spider-feedback@bytedance.com)"
47.128.20.243 - - [04/Sep/2023:20:11:23 +0200] "GET /swfobject.js HTTP/1.0" 404 1308 "http://www.wonder-geek.com/figurines-statuettes-statues-decoration-collection-c-292.html?page=22" "Mozilla/5.0 (Linux; Android 5.0) AppleWebKit/537.36 (KHTML, like Gecko) Mobile Safari/537.36 (compatible; Bytespider; spider-feedback@bytedance.com)"
47.128.31.25 - - [04/Sep/2023:20:11:26 +0200] "GET /olaf-sven-frozen-poster-p-30918.html HTTP/1.0" 200 73670 "-" "Mozilla/5.0 (Linux; Android 5.0) AppleWebKit/537.36 (KHTML, like Gecko) Mobile Safari/537.36 (compatible; Bytespider; spider-feedback@bytedance.com)"
47.128.31.25 - - [04/Sep/2023:20:11:28 +0200] "GET /swfobject.js HTTP/1.0" 404 1308 "http://www.wonder-geek.com/olaf-sven-frozen-poster-p-30918.html" "Mozilla/5.0 (Linux; Android 5.0) AppleWebKit/537.36 (KHTML, like Gecko) Mobile Safari/537.36 (compatible; Bytespider; spider-feedback@bytedance.com)"
157.90.182.25 - - [04/Sep/2023:20:11:29 +0200] "GET /boho-canvas-frame-p-43002.html HTTP/1.0" 200 76021 "-" "Mozilla/5.0 (compatible; BLEXBot/1.0; +http://webmeup-crawler.com/)"
47.128.20.163 - - [04/Sep/2023:20:11:31 +0200] "GET /quenotte-marceau-tooth-p-60123.html HTTP/1.0" 200 76670 "-" "Mozilla/5.0 (Linux; Android 5.0) AppleWebKit/537.36 (KHTML, like Gecko) Mobile Safari/537.36 (compatible; Bytespider; spider-feedback@bytedance.com)"
47.128.20.243 - - [04/Sep/2023:20:11:33 +0200] "GET /js/jquery.min.js HTTP/1.0" 404 1308 "http://www.wonder-geek.com/figurines-statuettes-statues-decoration-collection-c-292.html?page=22" "Mozilla/5.0 (Linux; Android 5.0) AppleWebKit/537.36 (KHTML, like Gecko) Mobile Safari/537.36 (compatible; Bytespider; spider-feedback@bytedance.com)"
47.128.20.243 - - [04/Sep/2023:20:11:33 +0200] "GET /highslide/graphics/outlines/drop-shadow.png HTTP/1.0" 200 277 "http://www.wonder-geek.com/figurines-statuettes-statues-decoration-collection-c-292.html?page=22" "Mozilla/5.0 (Linux; Android 5.0) AppleWebKit/537.36 (KHTML, like Gecko) Mobile Safari/537.36 (compatible; Bytespider; spider-feedback@bytedance.com)"
47.128.20.243 - - [04/Sep/2023:20:11:33 +0200] "GET /highslide/graphics/zoomout.cur HTTP/1.0" 200 614 "http://www.wonder-geek.com/figurines-statuettes-statues-decoration-collection-c-292.html?page=22" "Mozilla/5.0 (Linux; Android 5.0) AppleWebKit/537.36 (KHTML, like Gecko) Mobile Safari/537.36 (compatible; Bytespider; spider-feedback@bytedance.com)"
47.128.20.163 - - [04/Sep/2023:20:11:34 +0200] "GET /swfobject.js HTTP/1.0" 404 1308 "http://www.wonder-geek.com/quenotte-marceau-tooth-p-60123.html" "Mozilla/5.0 (Linux; Android 5.0) AppleWebKit/537.36 (KHTML, like Gecko) Mobile Safari/537.36 (compatible; Bytespider; spider-feedback@bytedance.com)"
47.128.26.205 - - [04/Sep/2023:20:11:34 +0200] "GET /green-cushion-p-36804.html HTTP/1.0" 200 76043 "-" "Mozilla/5.0 (Linux; Android 5.0) AppleWebKit/537.36 (KHTML, like Gecko) Mobile Safari/537.36 (compatible; Bytespider; spider-feedback@bytedance.com)"
47.128.26.205 - - [04/Sep/2023:20:11:36 +0200] "GET /swfobject.js HTTP/1.0" 404 1308 "http://www.wonder-geek.com/green-cushion-p-36804.html" "Mozilla/5.0 (Linux; Android 5.0) AppleWebKit/537.36 (KHTML, like Gecko) Mobile Safari/537.36 (compatible; Bytespider; spider-feedback@bytedance.com)"
47.128.31.25 - - [04/Sep/2023:20:11:36 +0200] "GET /highslide/graphics/outlines/drop-shadow.png HTTP/1.0" 200 277 "http://www.wonder-geek.com/olaf-sven-frozen-poster-p-30918.html" "Mozilla/5.0 (Linux; Android 5.0) AppleWebKit/537.36 (KHTML, like Gecko) Mobile Safari/537.36 (compatible; Bytespider; spider-feedback@bytedance.com)"
47.128.31.25 - - [04/Sep/2023:20:11:36 +0200] "GET /highslide/graphics/zoomout.cur HTTP/1.0" 200 614 "http://www.wonder-geek.com/olaf-sven-frozen-poster-p-30918.html" "Mozilla/5.0 (Linux; Android 5.0) AppleWebKit/537.36 (KHTML, like Gecko) Mobile Safari/537.36 (compatible; Bytespider; spider-feedback@bytedance.com)"
47.128.30.105 - - [04/Sep/2023:20:11:36 +0200] "GET /angel-bell-metal-p-38732.html HTTP/1.0" 200 75937 "-" "Mozilla/5.0 (Linux; Android 5.0) AppleWebKit/537.36 (KHTML, like Gecko) Mobile Safari/537.36 (compatible; Bytespider; spider-feedback@bytedance.com)"
47.128.30.105 - - [04/Sep/2023:20:11:38 +0200] "GET /swfobject.js HTTP/1.0" 404 1308 "http://www.wonder-geek.com/angel-bell-metal-p-38732.html" "Mozilla/5.0 (Linux; Android 5.0) AppleWebKit/537.36 (KHTML, like Gecko) Mobile Safari/537.36 (compatible; Bytespider; spider-feedback@bytedance.com)"
47.128.20.163 - - [04/Sep/2023:20:11:40 +0200] "GET /highslide/graphics/zoomin.cur HTTP/1.0" 200 614 "http://www.wonder-geek.com/templates/Pixame_v1/stylesheet.css" "Mozilla/5.0 (Linux; Android 5.0) AppleWebKit/537.36 (KHTML, like Gecko) Mobile Safari/537.36 (compatible; Bytespider; spider-feedback@bytedance.com)"
47.128.30.105 - - [04/Sep/2023:20:11:41 +0200] "GET /highslide/graphics/zoomin.cur HTTP/1.0" 200 614 "http://www.wonder-geek.com/templates/Pixame_v1/stylesheet.css" "Mozilla/5.0 (Linux; Android 5.0) AppleWebKit/537.36 (KHTML, like Gecko) Mobile Safari/537.36 (compatible; Bytespider; spider-feedback@bytedance.com)"
47.128.20.163 - - [04/Sep/2023:20:11:41 +0200] "GET /images/big_prod_1/3520071865775B.jpg HTTP/1.0" 200 271 "http://www.wonder-geek.com/quenotte-marceau-tooth-p-60123.html" "Mozilla/5.0 (Linux; Android 5.0) AppleWebKit/537.36 (KHTML, like Gecko) Mobile Safari/537.36 (compatible; Bytespider; spider-feedback@bytedance.com)"
47.128.26.205 - - [04/Sep/2023:20:11:41 +0200] "GET /highslide/graphics/zoomin.cur HTTP/1.0" 200 614 "http://www.wonder-geek.com/templates/Pixame_v1/stylesheet.css" "Mozilla/5.0 (Linux; Android 5.0) AppleWebKit/537.36 (KHTML, like Gecko) Mobile Safari/537.36 (compatible; Bytespider; spider-feedback@bytedance.com)"
157.90.182.25 - - [04/Sep/2023:20:11:43 +0200] "GET /boho-clock-cbkreation-p-42910.html HTTP/1.0" 200 75925 "-" "Mozilla/5.0 (compatible; BLEXBot/1.0; +http://webmeup-crawler.com/)"
157.90.182.25 - - [04/Sep/2023:20:11:58 +0200] "GET /boho-coat-rack-wooden-supports-p-44784.html HTTP/1.0" 200 76672 "-" "Mozilla/5.0 (compatible; BLEXBot/1.0; +http://webmeup-crawler.com/)"
47.128.30.105 - - [04/Sep/2023:20:12:11 +0200] "GET /highslide/graphics/outlines/drop-shadow.png HTTP/1.0" 200 277 "http://www.wonder-geek.com/angel-bell-metal-p-38732.html" "Mozilla/5.0 (Linux; Android 5.0) AppleWebKit/537.36 (KHTML, like Gecko) Mobile Safari/537.36 (compatible; Bytespider; spider-feedback@bytedance.com)"
47.128.30.105 - - [04/Sep/2023:20:12:11 +0200] "GET /highslide/graphics/zoomout.cur HTTP/1.0" 200 614 "http://www.wonder-geek.com/angel-bell-metal-p-38732.html" "Mozilla/5.0 (Linux; Android 5.0) AppleWebKit/537.36 (KHTML, like Gecko) Mobile Safari/537.36 (compatible; Bytespider; spider-feedback@bytedance.com)"
47.128.26.205 - - [04/Sep/2023:20:12:11 +0200] "GET /highslide/graphics/outlines/drop-shadow.png HTTP/1.0" 200 277 "http://www.wonder-geek.com/green-cushion-p-36804.html" "Mozilla/5.0 (Linux; Android 5.0) AppleWebKit/537.36 (KHTML, like Gecko) Mobile Safari/537.36 (compatible; Bytespider; spider-feedback@bytedance.com)"
47.128.26.205 - - [04/Sep/2023:20:12:11 +0200] "GET /highslide/graphics/zoomout.cur HTTP/1.0" 200 614 "http://www.wonder-geek.com/green-cushion-p-36804.html" "Mozilla/5.0 (Linux; Android 5.0) AppleWebKit/537.36 (KHTML, like Gecko) Mobile Safari/537.36 (compatible; Bytespider; spider-feedback@bytedance.com)"
47.128.30.105 - - [04/Sep/2023:20:12:11 +0200] "GET /images/big_prod/5414451985017.jpg HTTP/1.0" 200 268 "http://www.wonder-geek.com/angel-bell-metal-p-38732.html" "Mozilla/5.0 (Linux; Android 5.0) AppleWebKit/537.36 (KHTML, like Gecko) Mobile Safari/537.36 (compatible; Bytespider; spider-feedback@bytedance.com)"
47.128.20.163 - - [04/Sep/2023:20:12:11 +0200] "GET /highslide/graphics/outlines/drop-shadow.png HTTP/1.0" 200 277 "http://www.wonder-geek.com/quenotte-marceau-tooth-p-60123.html" "Mozilla/5.0 (Linux; Android 5.0) AppleWebKit/537.36 (KHTML, like Gecko) Mobile Safari/537.36 (compatible; Bytespider; spider-feedback@bytedance.com)"
157.90.182.25 - - [04/Sep/2023:20:12:12 +0200] "GET /boho-decorative-metal-plate-p-52886.html HTTP/1.0" 200 76021 "-" "Mozilla/5.0 (compatible; BLEXBot/1.0; +http://webmeup-crawler.com/)"
54.36.148.84 - - [04/Sep/2023:20:12:13 +0200] "GET /chair-cushion-scratchs-jade-gray-p-60565.html HTTP/1.0" 200 76200 "-" "Mozilla/5.0 (compatible; AhrefsBot/7.0; +http://ahrefs.com/robot/)"
157.90.182.25 - - [04/Sep/2023:20:12:26 +0200] "GET /boho-wooden-frame-brave-p-45083.html HTTP/1.0" 200 76062 "-" "Mozilla/5.0 (compatible; BLEXBot/1.0; +http://webmeup-crawler.com/)"
157.90.182.25 - - [04/Sep/2023:20:12:39 +0200] "GET /boho-wooden-frame-wild-heart-p-45084.html HTTP/1.0" 200 76051 "-" "Mozilla/5.0 (compatible; BLEXBot/1.0; +http://webmeup-crawler.com/)"
157.90.182.25 - - [04/Sep/2023:20:12:52 +0200] "GET /bolster-case-cotton-percale-threads-p-48187.html HTTP/1.0" 200 76879 "-" "Mozilla/5.0 (compatible; BLEXBot/1.0; +http://webmeup-crawler.com/)"
157.90.182.25 - - [04/Sep/2023:20:13:05 +0200] "GET /bolster-case-cotton-percale-threads-p-48188.html HTTP/1.0" 200 76219 "-" "Mozilla/5.0 (compatible; BLEXBot/1.0; +http://webmeup-crawler.com/)"
157.90.182.25 - - [04/Sep/2023:20:13:19 +0200] "GET /bolster-case-cotton-percale-threads-p-48189.html HTTP/1.0" 200 76881 "-" "Mozilla/5.0 (compatible; BLEXBot/1.0; +http://webmeup-crawler.com/)"
17.241.75.247 - - [04/Sep/2023:20:13:27 +0200] "GET /images/big_prod/8422026123730.jpg HTTP/1.0" 200 268 "-" "Mozilla/5.0 (Macintosh; Intel Mac OS X 10_15_5) AppleWebKit/605.1.15 (KHTML, like Gecko) Version/13.1.1 Safari/605.1.15 (Applebot/0.1; +http://www.apple.com/go/applebot)"
157.90.182.25 - - [04/Sep/2023:20:13:35 +0200] "GET /bolster-case-cotton-percale-threads-p-51253.html HTTP/1.0" 200 76880 "-" "Mozilla/5.0 (compatible; BLEXBot/1.0; +http://webmeup-crawler.com/)"
91.201.7.254 - - [04/Sep/2023:20:13:42 +0200] "GET /images/mini_prod/1399984256374.jpg HTTP/1.0" 200 269 "-" "Mozilla/5.0 (X11; Ubuntu; Linux x86_64; rv:72.0) Gecko/20100101 Firefox/72.0"
157.90.182.25 - - [04/Sep/2023:20:13:48 +0200] "GET /bolster-case-cotton-percale-threads-p-51254.html HTTP/1.0" 200 77135 "-" "Mozilla/5.0 (compatible; BLEXBot/1.0; +http://webmeup-crawler.com/)"
157.90.182.25 - - [04/Sep/2023:20:14:02 +0200] "GET /bolster-case-cotton-percale-threads-p-53220.html HTTP/1.0" 200 76880 "-" "Mozilla/5.0 (compatible; BLEXBot/1.0; +http://webmeup-crawler.com/)"
203.185.131.166 - - [04/Sep/2023:20:14:08 +0200] "GET /images/mini_prod/1384010207550.jpg HTTP/1.0" 200 269 "-" "Mozilla/5.0 (X11; Ubuntu; Linux x86_64; rv:72.0) Gecko/20100101 Firefox/72.0"
157.90.182.25 - - [04/Sep/2023:20:14:15 +0200] "GET /bolster-case-cotton-percale-threads-p-54394.html HTTP/1.0" 200 76877 "-" "Mozilla/5.0 (compatible; BLEXBot/1.0; +http://webmeup-crawler.com/)"
51.68.224.127 - - [04/Sep/2023:20:14:19 +0200] "GET /adminweb/export_orders_xml.php?token=256de2z6edz6ed2z6DFSFsed2zed6zeDSFDSGdzedezfzf&maxorders=10&orderstart=1&status=14&start_date=2018-10-01 HTTP/1.0" 200 285 "-" "GesCom CharlotteBoutik Serveur"
51.68.224.127 - - [04/Sep/2023:20:14:19 +0200] "GET /adminweb/export_orders_xml.php?token=256de2z6edz6ed2z6DFSFsed2zed6zeDSFDSGdzedezfzf&maxorders=10&orderstart=1&status=6&start_date=2018-10-01 HTTP/1.0" 200 33963 "-" "GesCom CharlotteBoutik Serveur"
157.90.182.25 - - [04/Sep/2023:20:14:30 +0200] "GET /bolstercases-c-11_318.html?page=1 HTTP/1.0" 200 93129 "-" "Mozilla/5.0 (compatible; BLEXBot/1.0; +http://webmeup-crawler.com/)"
157.90.182.25 - - [04/Sep/2023:20:14:45 +0200] "GET /bonbons-fraise-p-24307.html HTTP/1.0" 200 75854 "-" "Mozilla/5.0 (compatible; BLEXBot/1.0; +http://webmeup-crawler.com/)"
157.90.182.25 - - [04/Sep/2023:20:14:59 +0200] "GET /bonheur-dream-wall-sticker-p-51529.html HTTP/1.0" 200 76884 "-" "Mozilla/5.0 (compatible; BLEXBot/1.0; +http://webmeup-crawler.com/)"
157.90.182.25 - - [04/Sep/2023:20:15:13 +0200] "GET /bonheur-stickers-p-39317.html HTTP/1.0" 200 76001 "-" "Mozilla/5.0 (compatible; BLEXBot/1.0; +http://webmeup-crawler.com/)"
157.90.182.25 - - [04/Sep/2023:20:15:28 +0200] "GET /bonheur-stickers-p-39320.html HTTP/1.0" 200 75993 "-" "Mozilla/5.0 (compatible; BLEXBot/1.0; +http://webmeup-crawler.com/)"
157.90.182.25 - - [04/Sep/2023:20:15:43 +0200] "GET /bonheur-wall-sticker-p-56821.html HTTP/1.0" 200 76798 "-" "Mozilla/5.0 (compatible; BLEXBot/1.0; +http://webmeup-crawler.com/)"
47.128.27.242 - - [04/Sep/2023:20:15:43 +0200] "GET /black-fancy-elastic-bracelet-p-43729.html HTTP/1.0" 200 75936 "-" "Mozilla/5.0 (Linux; Android 5.0) AppleWebKit/537.36 (KHTML, like Gecko) Mobile Safari/537.36 (compatible; Bytespider; spider-feedback@bytedance.com)"
47.128.27.242 - - [04/Sep/2023:20:15:46 +0200] "GET /swfobject.js HTTP/1.0" 404 1308 "http://www.wonder-geek.com/black-fancy-elastic-bracelet-p-43729.html" "Mozilla/5.0 (Linux; Android 5.0) AppleWebKit/537.36 (KHTML, like Gecko) Mobile Safari/537.36 (compatible; Bytespider; spider-feedback@bytedance.com)"
47.128.24.232 - - [04/Sep/2023:20:15:47 +0200] "GET /-c-97_196.html HTTP/1.0" 200 83423 "-" "Mozilla/5.0 (Linux; Android 5.0) AppleWebKit/537.36 (KHTML, like Gecko) Mobile Safari/537.36 (compatible; Bytespider; spider-feedback@bytedance.com)"
47.128.24.232 - - [04/Sep/2023:20:15:49 +0200] "GET /swfobject.js HTTP/1.0" 404 1308 "http://www.wonder-geek.com/-c-97_196.html" "Mozilla/5.0 (Linux; Android 5.0) AppleWebKit/537.36 (KHTML, like Gecko) Mobile Safari/537.36 (compatible; Bytespider; spider-feedback@bytedance.com)"
