47.128.20.1 - - [04/Sep/2023:15:50:34 +0200] "GET /yoga-mat-c-11_269_268.html HTTP/1.0" 301 85109 "-" "Mozilla/5.0 (Linux; Android 5.0) AppleWebKit/537.36 (KHTML, like Gecko) Mobile Safari/537.36 (compatible; Bytespider; spider-feedback@bytedance.com)"
47.128.20.1 - - [04/Sep/2023:15:50:36 +0200] "GET /yoga-c-268.html HTTP/1.0" 200 84820 "-" "Mozilla/5.0 (Linux; Android 5.0) AppleWebKit/537.36 (KHTML, like Gecko) Mobile Safari/537.36 (compatible; Bytespider; spider-feedback@bytedance.com)"
47.128.31.186 - - [04/Sep/2023:15:50:38 +0200] "GET /swfobject.js HTTP/1.0" 404 1308 "http://www.wonder-geek.com/cardmaking-c-129_128.html?page=6" "Mozilla/5.0 (Linux; Android 5.0) AppleWebKit/537.36 (KHTML, like Gecko) Mobile Safari/537.36 (compatible; Bytespider; spider-feedback@bytedance.com)"
188.165.215.206 - - [04/Sep/2023:15:50:37 +0200] "GET /bunch-violets-green-fine-porcelain-p-57994.html HTTP/1.0" 200 76852 "-" "Mozilla/5.0 (compatible; MJ12bot/v1.4.8; http://mj12bot.com/)"
47.128.31.186 - - [04/Sep/2023:15:50:38 +0200] "GET /highslide/graphics/outlines/drop-shadow.png HTTP/1.0" 200 277 "http://www.wonder-geek.com/cardmaking-c-129_128.html?page=6" "Mozilla/5.0 (Linux; Android 5.0) AppleWebKit/537.36 (KHTML, like Gecko) Mobile Safari/537.36 (compatible; Bytespider; spider-feedback@bytedance.com)"
47.128.20.1 - - [04/Sep/2023:15:50:38 +0200] "GET /swfobject.js HTTP/1.0" 404 1308 "http://www.wonder-geek.com/yoga-c-268.html" "Mozilla/5.0 (Linux; Android 5.0) AppleWebKit/537.36 (KHTML, like Gecko) Mobile Safari/537.36 (compatible; Bytespider; spider-feedback@bytedance.com)"
47.128.31.186 - - [04/Sep/2023:15:50:39 +0200] "GET /highslide/graphics/zoomout.cur HTTP/1.0" 200 614 "http://www.wonder-geek.com/cardmaking-c-129_128.html?page=6" "Mozilla/5.0 (Linux; Android 5.0) AppleWebKit/537.36 (KHTML, like Gecko) Mobile Safari/537.36 (compatible; Bytespider; spider-feedback@bytedance.com)"
47.128.19.131 - - [04/Sep/2023:15:50:39 +0200] "GET /swfobject.js HTTP/1.0" 404 1308 "http://www.wonder-geek.com/shower-curtain-c-11_168.html" "Mozilla/5.0 (Linux; Android 5.0) AppleWebKit/537.36 (KHTML, like Gecko) Mobile Safari/537.36 (compatible; Bytespider; spider-feedback@bytedance.com)"
47.128.23.39 - - [04/Sep/2023:15:50:37 +0200] "GET /chimes-and-suspensions-c-13_241.html HTTP/1.0" 301 93878 "-" "Mozilla/5.0 (Linux; Android 5.0) AppleWebKit/537.36 (KHTML, like Gecko) Mobile Safari/537.36 (compatible; Bytespider; spider-feedback@bytedance.com)"
47.128.19.131 - - [04/Sep/2023:15:50:39 +0200] "GET /js/jquery.min.js HTTP/1.0" 404 1308 "http://www.wonder-geek.com/shower-curtain-c-11_168.html" "Mozilla/5.0 (Linux; Android 5.0) AppleWebKit/537.36 (KHTML, like Gecko) Mobile Safari/537.36 (compatible; Bytespider; spider-feedback@bytedance.com)"
47.128.27.216 - - [04/Sep/2023:15:50:40 +0200] "GET /swfobject.js HTTP/1.0" 404 1308 "http://www.wonder-geek.com/cardmaking-c-129_128.html" "Mozilla/5.0 (Linux; Android 5.0) AppleWebKit/537.36 (KHTML, like Gecko) Mobile Safari/537.36 (compatible; Bytespider; spider-feedback@bytedance.com)"
188.165.215.206 - - [04/Sep/2023:15:50:42 +0200] "GET /butane-lighter-insert-double-torch-p-51930.html HTTP/1.0" 200 77629 "-" "Mozilla/5.0 (compatible; MJ12bot/v1.4.8; http://mj12bot.com/)"
188.165.215.206 - - [04/Sep/2023:15:50:45 +0200] "GET /butterfly-placemat-kiub-p-60036.html HTTP/1.0" 200 76636 "-" "Mozilla/5.0 (compatible; MJ12bot/v1.4.8; http://mj12bot.com/)"
47.128.19.76 - - [04/Sep/2023:15:50:47 +0200] "GET /trivet-and-boards-cut-c-12_158.html?page=5 HTTP/1.0" 301 96153 "-" "Mozilla/5.0 (Linux; Android 5.0) AppleWebKit/537.36 (KHTML, like Gecko) Mobile Safari/537.36 (compatible; Bytespider; spider-feedback@bytedance.com)"
188.165.215.206 - - [04/Sep/2023:15:50:48 +0200] "GET /calendar-workbook-organizer-c-129_189.html HTTP/1.0" 200 91767 "-" "Mozilla/5.0 (compatible; MJ12bot/v1.4.8; http://mj12bot.com/)"
47.128.25.241 - - [04/Sep/2023:15:50:51 +0200] "GET /highslide/graphics/zoomout.cur HTTP/1.0" 200 614 "http://www.wonder-geek.com/creative-hobbies-coloring-c-129_30.html?page=2" "Mozilla/5.0 (Linux; Android 5.0) AppleWebKit/537.36 (KHTML, like Gecko) Mobile Safari/537.36 (compatible; Bytespider; spider-feedback@bytedance.com)"
47.128.19.76 - - [04/Sep/2023:15:50:50 +0200] "GET /trivet-boards-c-158.html?page=5 HTTP/1.0" 301 96052 "-" "Mozilla/5.0 (Linux; Android 5.0) AppleWebKit/537.36 (KHTML, like Gecko) Mobile Safari/537.36 (compatible; Bytespider; spider-feedback@bytedance.com)"
188.165.215.206 - - [04/Sep/2023:15:50:51 +0200] "GET /calendar-workbook-organizer-c-189.html HTTP/1.0" 301 91723 "-" "Mozilla/5.0 (compatible; MJ12bot/v1.4.8; http://mj12bot.com/)"
47.128.19.76 - - [04/Sep/2023:15:50:52 +0200] "GET /trivet-boards-c-12_158.html?page=5 HTTP/1.0" 200 96068 "-" "Mozilla/5.0 (Linux; Android 5.0) AppleWebKit/537.36 (KHTML, like Gecko) Mobile Safari/537.36 (compatible; Bytespider; spider-feedback@bytedance.com)"
188.165.215.206 - - [04/Sep/2023:15:50:54 +0200] "GET /calendar-workbook-organizer-c-129_189.html HTTP/1.0" 200 91767 "-" "Mozilla/5.0 (compatible; MJ12bot/v1.4.8; http://mj12bot.com/)"
47.128.19.76 - - [04/Sep/2023:15:50:57 +0200] "GET /swfobject.js HTTP/1.0" 404 1308 "http://www.wonder-geek.com/trivet-boards-c-12_158.html?page=5" "Mozilla/5.0 (Linux; Android 5.0) AppleWebKit/537.36 (KHTML, like Gecko) Mobile Safari/537.36 (compatible; Bytespider; spider-feedback@bytedance.com)"
188.165.215.206 - - [04/Sep/2023:15:50:59 +0200] "GET /calimero-shooter-p-57453.html HTTP/1.0" 200 75889 "-" "Mozilla/5.0 (compatible; MJ12bot/v1.4.8; http://mj12bot.com/)"
47.128.19.76 - - [04/Sep/2023:15:51:01 +0200] "GET /js/jquery.min.js HTTP/1.0" 404 1308 "http://www.wonder-geek.com/trivet-boards-c-12_158.html?page=5" "Mozilla/5.0 (Linux; Android 5.0) AppleWebKit/537.36 (KHTML, like Gecko) Mobile Safari/537.36 (compatible; Bytespider; spider-feedback@bytedance.com)"
188.165.215.206 - - [04/Sep/2023:15:51:03 +0200] "GET /calimero-shooter-p-59724.html HTTP/1.0" 200 75889 "-" "Mozilla/5.0 (compatible; MJ12bot/v1.4.8; http://mj12bot.com/)"
188.165.215.206 - - [04/Sep/2023:15:51:07 +0200] "GET /camlia-teapot-glass-porcelain-p-58456.html HTTP/1.0" 200 77072 "-" "Mozilla/5.0 (compatible; MJ12bot/v1.4.8; http://mj12bot.com/)"
188.165.215.206 - - [04/Sep/2023:15:51:10 +0200] "GET /carpet-ethnic-berry-p-58174.html HTTP/1.0" 200 76954 "-" "Mozilla/5.0 (compatible; MJ12bot/v1.4.8; http://mj12bot.com/)"
188.165.215.206 - - [04/Sep/2023:15:51:13 +0200] "GET /carpet-jute-cotton-p-58107.html HTTP/1.0" 200 77141 "-" "Mozilla/5.0 (compatible; MJ12bot/v1.4.8; http://mj12bot.com/)"
188.165.215.206 - - [04/Sep/2023:15:51:16 +0200] "GET /cats-figurines-black-flocked-resin-cats-wisdom-p-56905.html HTTP/1.0" 200 77535 "-" "Mozilla/5.0 (compatible; MJ12bot/v1.4.8; http://mj12bot.com/)"
188.165.215.206 - - [04/Sep/2023:15:51:20 +0200] "GET /cement-tile-coasters-p-53114.html HTTP/1.0" 200 75943 "-" "Mozilla/5.0 (compatible; MJ12bot/v1.4.8; http://mj12bot.com/)"
188.165.215.206 - - [04/Sep/2023:15:51:23 +0200] "GET /cement-tile-coasters-p-53116.html HTTP/1.0" 200 75943 "-" "Mozilla/5.0 (compatible; MJ12bot/v1.4.8; http://mj12bot.com/)"
188.165.215.206 - - [04/Sep/2023:15:51:27 +0200] "GET /cement-tile-coasters-p-53118.html HTTP/1.0" 200 75943 "-" "Mozilla/5.0 (compatible; MJ12bot/v1.4.8; http://mj12bot.com/)"
188.165.215.206 - - [04/Sep/2023:15:51:29 +0200] "GET /cement-tile-coasters-p-56005.html HTTP/1.0" 200 73670 "-" "Mozilla/5.0 (compatible; MJ12bot/v1.4.8; http://mj12bot.com/)"
47.128.19.76 - - [04/Sep/2023:15:51:35 +0200] "GET /swfobject.js HTTP/1.0" 404 1308 "http://www.wonder-geek.com/trivet-boards-c-12_158.html?page=5" "Mozilla/5.0 (Linux; Android 5.0) AppleWebKit/537.36 (KHTML, like Gecko) Mobile Safari/537.36 (compatible; Bytespider; spider-feedback@bytedance.com)"
47.128.19.76 - - [04/Sep/2023:15:51:35 +0200] "GET /js/jquery.min.js HTTP/1.0" 404 1308 "http://www.wonder-geek.com/trivet-boards-c-12_158.html?page=5" "Mozilla/5.0 (Linux; Android 5.0) AppleWebKit/537.36 (KHTML, like Gecko) Mobile Safari/537.36 (compatible; Bytespider; spider-feedback@bytedance.com)"
188.165.215.206 - - [04/Sep/2023:15:51:34 +0200] "GET /cement-tile-stickers-p-58019.html HTTP/1.0" 200 76876 "-" "Mozilla/5.0 (compatible; MJ12bot/v1.4.8; http://mj12bot.com/)"
188.165.215.206 - - [04/Sep/2023:15:51:37 +0200] "GET /ceramic-bathroom-p-50735.html HTTP/1.0" 200 73664 "-" "Mozilla/5.0 (compatible; MJ12bot/v1.4.8; http://mj12bot.com/)"
188.165.215.206 - - [04/Sep/2023:15:51:40 +0200] "GET /ceramic-henette-collection-p-54468.html HTTP/1.0" 200 73696 "-" "Mozilla/5.0 (compatible; MJ12bot/v1.4.8; http://mj12bot.com/)"
188.165.215.206 - - [04/Sep/2023:15:51:43 +0200] "GET /ceramic-incense-burner-p-58433.html HTTP/1.0" 200 76698 "-" "Mozilla/5.0 (compatible; MJ12bot/v1.4.8; http://mj12bot.com/)"
188.165.215.206 - - [04/Sep/2023:15:51:46 +0200] "GET /ceramic-lamp-p-52413.html HTTP/1.0" 200 73632 "-" "Mozilla/5.0 (compatible; MJ12bot/v1.4.8; http://mj12bot.com/)"
188.165.215.206 - - [04/Sep/2023:15:51:49 +0200] "GET /ceramic-lamp-p-52602.html HTTP/1.0" 200 73632 "-" "Mozilla/5.0 (compatible; MJ12bot/v1.4.8; http://mj12bot.com/)"
188.165.215.206 - - [04/Sep/2023:15:51:52 +0200] "GET /ceramic-lamp-p-55535.html HTTP/1.0" 301 73649 "-" "Mozilla/5.0 (compatible; MJ12bot/v1.4.8; http://mj12bot.com/)"
188.165.215.206 - - [04/Sep/2023:15:51:55 +0200] "GET /-p-55535.html HTTP/1.0" 200 73582 "-" "Mozilla/5.0 (compatible; MJ12bot/v1.4.8; http://mj12bot.com/)"
188.165.215.206 - - [04/Sep/2023:15:51:58 +0200] "GET /ceramic-p-51155.html HTTP/1.0" 200 73616 "-" "Mozilla/5.0 (compatible; MJ12bot/v1.4.8; http://mj12bot.com/)"
188.165.215.206 - - [04/Sep/2023:15:52:02 +0200] "GET /ceramic-paula-collection-p-54470.html HTTP/1.0" 200 75955 "-" "Mozilla/5.0 (compatible; MJ12bot/v1.4.8; http://mj12bot.com/)"
188.165.215.206 - - [04/Sep/2023:15:52:05 +0200] "GET /ceramic-salt-selena-p-57243.html HTTP/1.0" 200 75950 "-" "Mozilla/5.0 (compatible; MJ12bot/v1.4.8; http://mj12bot.com/)"
188.165.215.206 - - [04/Sep/2023:15:52:08 +0200] "GET /ceramic-seasoning-set-paris-p-50688.html HTTP/1.0" 301 73766 "-" "Mozilla/5.0 (compatible; MJ12bot/v1.4.8; http://mj12bot.com/)"
188.165.215.206 - - [04/Sep/2023:15:52:11 +0200] "GET /ceramic-seasoning-paris-p-50688.html HTTP/1.0" 200 73676 "-" "Mozilla/5.0 (compatible; MJ12bot/v1.4.8; http://mj12bot.com/)"
188.165.215.206 - - [04/Sep/2023:15:52:14 +0200] "GET /ceramic-table-lamp-silver-p-52775.html HTTP/1.0" 200 76854 "-" "Mozilla/5.0 (compatible; MJ12bot/v1.4.8; http://mj12bot.com/)"
188.165.215.206 - - [04/Sep/2023:15:52:17 +0200] "GET /chair-cushion-sides-beige-terracotta-p-54647.html HTTP/1.0" 200 77237 "-" "Mozilla/5.0 (compatible; MJ12bot/v1.4.8; http://mj12bot.com/)"
188.165.215.206 - - [04/Sep/2023:15:52:20 +0200] "GET /chair-cushion-with-fringes-pink-p-48317.html HTTP/1.0" 200 73686 "-" "Mozilla/5.0 (compatible; MJ12bot/v1.4.8; http://mj12bot.com/)"
188.165.215.206 - - [04/Sep/2023:15:52:23 +0200] "GET /chair-cushion-with-fringes-terracotta-p-48319.html HTTP/1.0" 200 73698 "-" "Mozilla/5.0 (compatible; MJ12bot/v1.4.8; http://mj12bot.com/)"
188.165.215.206 - - [04/Sep/2023:15:52:27 +0200] "GET /chair-cushion-with-fringes-yellow-p-48320.html HTTP/1.0" 200 73690 "-" "Mozilla/5.0 (compatible; MJ12bot/v1.4.8; http://mj12bot.com/)"
188.165.215.206 - - [04/Sep/2023:15:52:30 +0200] "GET /chameleon-night-light-p-55544.html HTTP/1.0" 200 77104 "-" "Mozilla/5.0 (compatible; MJ12bot/v1.4.8; http://mj12bot.com/)"
188.165.215.206 - - [04/Sep/2023:15:52:33 +0200] "GET /characters-sculpture-natural-wood-aluminum-p-55478.html HTTP/1.0" 200 76278 "-" "Mozilla/5.0 (compatible; MJ12bot/v1.4.8; http://mj12bot.com/)"
188.165.215.206 - - [04/Sep/2023:15:52:36 +0200] "GET /chaton-noir-porcelaine-p-60024.html HTTP/1.0" 301 76594 "-" "Mozilla/5.0 (compatible; MJ12bot/v1.4.8; http://mj12bot.com/)"
188.165.215.206 - - [04/Sep/2023:15:52:39 +0200] "GET /black-porcelain-bowl-p-60024.html HTTP/1.0" 200 76507 "-" "Mozilla/5.0 (compatible; MJ12bot/v1.4.8; http://mj12bot.com/)"
188.165.215.206 - - [04/Sep/2023:15:52:44 +0200] "GET /chaud-bouillotte-water-bottle-p-56131.html HTTP/1.0" 200 73696 "-" "Mozilla/5.0 (compatible; MJ12bot/v1.4.8; http://mj12bot.com/)"
188.165.215.206 - - [04/Sep/2023:15:52:47 +0200] "GET /cherries-porcelain-bowl-p-38024.html HTTP/1.0" 301 73649 "-" "Mozilla/5.0 (compatible; MJ12bot/v1.4.8; http://mj12bot.com/)"
188.165.215.206 - - [04/Sep/2023:15:52:49 +0200] "GET /-p-38024.html HTTP/1.0" 200 73582 "-" "Mozilla/5.0 (compatible; MJ12bot/v1.4.8; http://mj12bot.com/)"
188.165.215.206 - - [04/Sep/2023:15:52:53 +0200] "GET /cheshire-tree-disney-traditions-p-58161.html HTTP/1.0" 200 77220 "-" "Mozilla/5.0 (compatible; MJ12bot/v1.4.8; http://mj12bot.com/)"
188.165.215.206 - - [04/Sep/2023:15:52:57 +0200] "GET /child-apron-the-little-prince-p-47662.html HTTP/1.0" 301 76163 "-" "Mozilla/5.0 (compatible; MJ12bot/v1.4.8; http://mj12bot.com/)"
188.165.215.206 - - [04/Sep/2023:15:53:01 +0200] "GET /child-apron-little-prince-p-47662.html HTTP/1.0" 200 76071 "-" "Mozilla/5.0 (compatible; MJ12bot/v1.4.8; http://mj12bot.com/)"
188.165.215.206 - - [04/Sep/2023:15:53:05 +0200] "GET /children-poncho-blanket-p-59743.html HTTP/1.0" 200 77358 "-" "Mozilla/5.0 (compatible; MJ12bot/v1.4.8; http://mj12bot.com/)"
188.165.215.206 - - [04/Sep/2023:15:53:11 +0200] "GET /chouchou-potholder-p-54732.html HTTP/1.0" 200 73656 "-" "Mozilla/5.0 (compatible; MJ12bot/v1.4.8; http://mj12bot.com/)"
188.165.215.206 - - [04/Sep/2023:15:53:14 +0200] "GET /christmas-carousel-large-p-38189.html HTTP/1.0" 200 73699 "-" "Mozilla/5.0 (compatible; MJ12bot/v1.4.8; http://mj12bot.com/)"
188.165.215.206 - - [04/Sep/2023:15:53:17 +0200] "GET /cinderella-kind-helper-suzy-figurine-p-58164.html HTTP/1.0" 200 77322 "-" "Mozilla/5.0 (compatible; MJ12bot/v1.4.8; http://mj12bot.com/)"
188.165.215.206 - - [04/Sep/2023:15:53:21 +0200] "GET /citron-miniature-vehicle-p-54629.html HTTP/1.0" 200 73678 "-" "Mozilla/5.0 (compatible; MJ12bot/v1.4.8; http://mj12bot.com/)"
51.68.224.127 - - [04/Sep/2023:15:53:27 +0200] "GET /adminweb/export_orders_xml.php?token=256de2z6edz6ed2z6DFSFsed2zed6zeDSFDSGdzedezfzf&maxorders=10&orderstart=1&status=14&start_date=2018-10-01 HTTP/1.0" 200 285 "-" "GesCom CharlotteBoutik Serveur"
188.165.215.206 - - [04/Sep/2023:15:53:26 +0200] "GET /classic-angel-fine-bone-china-p-58534.html HTTP/1.0" 200 76755 "-" "Mozilla/5.0 (compatible; MJ12bot/v1.4.8; http://mj12bot.com/)"
51.68.224.127 - - [04/Sep/2023:15:53:27 +0200] "GET /adminweb/export_orders_xml.php?token=256de2z6edz6ed2z6DFSFsed2zed6zeDSFDSGdzedezfzf&maxorders=10&orderstart=1&status=6&start_date=2018-10-01 HTTP/1.0" 200 33963 "-" "GesCom CharlotteBoutik Serveur"
188.165.215.206 - - [04/Sep/2023:15:53:29 +0200] "GET /claude-monet-poppies-little-tray-p-58396.html HTTP/1.0" 200 76804 "-" "Mozilla/5.0 (compatible; MJ12bot/v1.4.8; http://mj12bot.com/)"
188.165.215.206 - - [04/Sep/2023:15:53:34 +0200] "GET /clemence-charming-dekor-bedclothes-p-56824.html HTTP/1.0" 200 76843 "-" "Mozilla/5.0 (compatible; MJ12bot/v1.4.8; http://mj12bot.com/)"
188.165.215.206 - - [04/Sep/2023:15:53:37 +0200] "GET /clock-hang-owls-kiub-p-57975.html HTTP/1.0" 200 76611 "-" "Mozilla/5.0 (compatible; MJ12bot/v1.4.8; http://mj12bot.com/)"
188.165.215.206 - - [04/Sep/2023:15:53:41 +0200] "GET /coasters-c-12_157.html?page=10 HTTP/1.0" 200 85602 "-" "Mozilla/5.0 (compatible; MJ12bot/v1.4.8; http://mj12bot.com/)"
188.165.215.206 - - [04/Sep/2023:15:53:45 +0200] "GET /coasters-c-12_157.html?page=7 HTTP/1.0" 200 97863 "-" "Mozilla/5.0 (compatible; MJ12bot/v1.4.8; http://mj12bot.com/)"
188.165.215.206 - - [04/Sep/2023:15:53:48 +0200] "GET /coasters-c-12_157.html?page=8 HTTP/1.0" 200 96741 "-" "Mozilla/5.0 (compatible; MJ12bot/v1.4.8; http://mj12bot.com/)"
188.165.215.206 - - [04/Sep/2023:15:53:53 +0200] "GET /coasters-p-45663.html HTTP/1.0" 301 73649 "-" "Mozilla/5.0 (compatible; MJ12bot/v1.4.8; http://mj12bot.com/)"
188.165.215.206 - - [04/Sep/2023:15:53:57 +0200] "GET /-p-45663.html HTTP/1.0" 200 73582 "-" "Mozilla/5.0 (compatible; MJ12bot/v1.4.8; http://mj12bot.com/)"
188.165.215.206 - - [04/Sep/2023:15:54:01 +0200] "GET /coasters-silicone-p-38018.html HTTP/1.0" 200 75937 "-" "Mozilla/5.0 (compatible; MJ12bot/v1.4.8; http://mj12bot.com/)"
188.165.215.206 - - [04/Sep/2023:15:54:04 +0200] "GET /coasters-silicone-p-38019.html HTTP/1.0" 200 75937 "-" "Mozilla/5.0 (compatible; MJ12bot/v1.4.8; http://mj12bot.com/)"
188.165.215.206 - - [04/Sep/2023:15:54:08 +0200] "GET /coasters-silicone-p-38020.html HTTP/1.0" 200 75937 "-" "Mozilla/5.0 (compatible; MJ12bot/v1.4.8; http://mj12bot.com/)"
47.128.31.106 - - [04/Sep/2023:15:54:10 +0200] "GET /flower-pots-c-13_275.html?page=7 HTTP/1.0" 301 96667 "-" "Mozilla/5.0 (Linux; Android 5.0) AppleWebKit/537.36 (KHTML, like Gecko) Mobile Safari/537.36 (compatible; Bytespider; spider-feedback@bytedance.com)"
47.128.31.106 - - [04/Sep/2023:15:54:12 +0200] "GET /flower-pots-plant-accessories-c-275.html?page=7 HTTP/1.0" 301 96544 "-" "Mozilla/5.0 (Linux; Android 5.0) AppleWebKit/537.36 (KHTML, like Gecko) Mobile Safari/537.36 (compatible; Bytespider; spider-feedback@bytedance.com)"
188.165.215.206 - - [04/Sep/2023:15:54:13 +0200] "GET /coca-bottle-night-light-p-53132.html HTTP/1.0" 200 73664 "-" "Mozilla/5.0 (compatible; MJ12bot/v1.4.8; http://mj12bot.com/)"
47.128.31.106 - - [04/Sep/2023:15:54:14 +0200] "GET /flower-pots-plant-accessories-c-13_275.html?page=7 HTTP/1.0" 200 96566 "-" "Mozilla/5.0 (Linux; Android 5.0) AppleWebKit/537.36 (KHTML, like Gecko) Mobile Safari/537.36 (compatible; Bytespider; spider-feedback@bytedance.com)"
47.128.31.106 - - [04/Sep/2023:15:54:17 +0200] "GET /swfobject.js HTTP/1.0" 404 1308 "http://www.wonder-geek.com/flower-pots-plant-accessories-c-13_275.html?page=7" "Mozilla/5.0 (Linux; Android 5.0) AppleWebKit/537.36 (KHTML, like Gecko) Mobile Safari/537.36 (compatible; Bytespider; spider-feedback@bytedance.com)"
188.165.215.206 - - [04/Sep/2023:15:54:17 +0200] "GET /coca-cola-cork-coaster-p-37062.html HTTP/1.0" 301 73649 "-" "Mozilla/5.0 (compatible; MJ12bot/v1.4.8; http://mj12bot.com/)"
188.165.215.206 - - [04/Sep/2023:15:54:20 +0200] "GET /-p-37062.html HTTP/1.0" 200 73582 "-" "Mozilla/5.0 (compatible; MJ12bot/v1.4.8; http://mj12bot.com/)"
124.156.192.3 - - [04/Sep/2023:15:54:21 +0200] "GET /images/big_prod/1384010205525.jpg HTTP/1.0" 200 268 "-" "Mozilla/5.0 (X11; Ubuntu; Linux x86_64; rv:72.0) Gecko/20100101 Firefox/72.0"
47.128.31.106 - - [04/Sep/2023:15:54:22 +0200] "GET /swfobject.js HTTP/1.0" 404 1308 "http://www.wonder-geek.com/flower-pots-plant-accessories-c-13_275.html?page=7" "Mozilla/5.0 (Linux; Android 5.0) AppleWebKit/537.36 (KHTML, like Gecko) Mobile Safari/537.36 (compatible; Bytespider; spider-feedback@bytedance.com)"
188.165.215.206 - - [04/Sep/2023:15:54:23 +0200] "GET /coconut-fibers-doormat-palm-p-54567.html HTTP/1.0" 200 77108 "-" "Mozilla/5.0 (compatible; MJ12bot/v1.4.8; http://mj12bot.com/)"
188.165.215.206 - - [04/Sep/2023:15:54:27 +0200] "GET /coffee-cups-with-ceramic-saucers-p-60209.html HTTP/1.0" 200 77095 "-" "Mozilla/5.0 (compatible; MJ12bot/v1.4.8; http://mj12bot.com/)"
47.128.31.106 - - [04/Sep/2023:15:54:30 +0200] "GET /js/jquery.min.js HTTP/1.0" 404 1308 "http://www.wonder-geek.com/flower-pots-plant-accessories-c-13_275.html?page=7" "Mozilla/5.0 (Linux; Android 5.0) AppleWebKit/537.36 (KHTML, like Gecko) Mobile Safari/537.36 (compatible; Bytespider; spider-feedback@bytedance.com)"
188.165.215.206 - - [04/Sep/2023:15:54:30 +0200] "GET /coffret-bois-manguier-motif-arbre-sculpt-p-58554.html HTTP/1.0" 301 73698 "-" "Mozilla/5.0 (compatible; MJ12bot/v1.4.8; http://mj12bot.com/)"
54.36.149.3 - - [04/Sep/2023:15:54:31 +0200] "GET /flatwares-c-12_63.html HTTP/1.0" 200 93020 "-" "Mozilla/5.0 (compatible; AhrefsBot/7.0; +http://ahrefs.com/robot/)"
188.165.215.206 - - [04/Sep/2023:15:54:33 +0200] "GET /tree-life-p-58554.html HTTP/1.0" 200 73622 "-" "Mozilla/5.0 (compatible; MJ12bot/v1.4.8; http://mj12bot.com/)"
47.128.31.106 - - [04/Sep/2023:15:54:36 +0200] "GET /highslide/graphics/outlines/drop-shadow.png HTTP/1.0" 200 277 "http://www.wonder-geek.com/flower-pots-plant-accessories-c-13_275.html?page=7" "Mozilla/5.0 (Linux; Android 5.0) AppleWebKit/537.36 (KHTML, like Gecko) Mobile Safari/537.36 (compatible; Bytespider; spider-feedback@bytedance.com)"
47.128.31.106 - - [04/Sep/2023:15:54:36 +0200] "GET /highslide/graphics/zoomout.cur HTTP/1.0" 200 614 "http://www.wonder-geek.com/flower-pots-plant-accessories-c-13_275.html?page=7" "Mozilla/5.0 (Linux; Android 5.0) AppleWebKit/537.36 (KHTML, like Gecko) Mobile Safari/537.36 (compatible; Bytespider; spider-feedback@bytedance.com)"
188.165.215.206 - - [04/Sep/2023:15:54:36 +0200] "GET /coffret-cadeau-serviettes-invites-charline-p-51600.html HTTP/1.0" 301 73787 "-" "Mozilla/5.0 (compatible; MJ12bot/v1.4.8; http://mj12bot.com/)"
188.165.215.206 - - [04/Sep/2023:15:54:39 +0200] "GET /gift-wood-towels-p-51600.html HTTP/1.0" 200 73704 "-" "Mozilla/5.0 (compatible; MJ12bot/v1.4.8; http://mj12bot.com/)"
188.165.215.206 - - [04/Sep/2023:15:54:43 +0200] "GET /coffret-cadeau-tequila-p-58416.html HTTP/1.0" 301 77174 "-" "Mozilla/5.0 (compatible; MJ12bot/v1.4.8; http://mj12bot.com/)"
188.165.215.206 - - [04/Sep/2023:15:54:46 +0200] "GET /tequila-wooden-board-p-58416.html HTTP/1.0" 200 77087 "-" "Mozilla/5.0 (compatible; MJ12bot/v1.4.8; http://mj12bot.com/)"
47.128.28.196 - - [04/Sep/2023:15:54:46 +0200] "GET /scented-candles-novenas-c-231_227.html?page=12 HTTP/1.0" 200 97987 "-" "Mozilla/5.0 (Linux; Android 5.0) AppleWebKit/537.36 (KHTML, like Gecko) Mobile Safari/537.36 (compatible; Bytespider; spider-feedback@bytedance.com)"
47.128.28.196 - - [04/Sep/2023:15:54:48 +0200] "GET /swfobject.js HTTP/1.0" 404 1308 "http://www.wonder-geek.com/scented-candles-novenas-c-231_227.html?page=12" "Mozilla/5.0 (Linux; Android 5.0) AppleWebKit/537.36 (KHTML, like Gecko) Mobile Safari/537.36 (compatible; Bytespider; spider-feedback@bytedance.com)"
188.165.215.206 - - [04/Sep/2023:15:54:49 +0200] "GET /coffret-cadeau-verre-bire-dessous-verre-dcapsuleur-p-60169.html HTTP/1.0" 301 77157 "-" "Mozilla/5.0 (compatible; MJ12bot/v1.4.8; http://mj12bot.com/)"
188.165.215.206 - - [04/Sep/2023:15:54:52 +0200] "GET /beer-glass-coaster-bottle-opener-p-60169.html HTTP/1.0" 200 77058 "-" "Mozilla/5.0 (compatible; MJ12bot/v1.4.8; http://mj12bot.com/)"
47.128.28.196 - - [04/Sep/2023:15:54:53 +0200] "GET /swfobject.js HTTP/1.0" 404 1308 "http://www.wonder-geek.com/scented-candles-novenas-c-231_227.html?page=12" "Mozilla/5.0 (Linux; Android 5.0) AppleWebKit/537.36 (KHTML, like Gecko) Mobile Safari/537.36 (compatible; Bytespider; spider-feedback@bytedance.com)"
188.165.215.206 - - [04/Sep/2023:15:54:54 +0200] "GET /coffret-expresso-animaux-frida-boite-cadeau-p-56935.html HTTP/1.0" 301 77877 "-" "Mozilla/5.0 (compatible; MJ12bot/v1.4.8; http://mj12bot.com/)"
47.128.28.196 - - [04/Sep/2023:15:54:57 +0200] "GET /js/jquery.min.js HTTP/1.0" 404 1308 "http://www.wonder-geek.com/scented-candles-novenas-c-231_227.html?page=12" "Mozilla/5.0 (Linux; Android 5.0) AppleWebKit/537.36 (KHTML, like Gecko) Mobile Safari/537.36 (compatible; Bytespider; spider-feedback@bytedance.com)"
188.165.215.206 - - [04/Sep/2023:15:54:58 +0200] "GET /white-ceramic-espresso-cups-p-56935.html HTTP/1.0" 200 77783 "-" "Mozilla/5.0 (compatible; MJ12bot/v1.4.8; http://mj12bot.com/)"
47.128.28.196 - - [04/Sep/2023:15:55:02 +0200] "GET /highslide/graphics/zoomout.cur HTTP/1.0" 200 614 "http://www.wonder-geek.com/scented-candles-novenas-c-231_227.html?page=12" "Mozilla/5.0 (Linux; Android 5.0) AppleWebKit/537.36 (KHTML, like Gecko) Mobile Safari/537.36 (compatible; Bytespider; spider-feedback@bytedance.com)"
47.128.28.196 - - [04/Sep/2023:15:55:02 +0200] "GET /highslide/graphics/outlines/drop-shadow.png HTTP/1.0" 200 277 "http://www.wonder-geek.com/scented-candles-novenas-c-231_227.html?page=12" "Mozilla/5.0 (Linux; Android 5.0) AppleWebKit/537.36 (KHTML, like Gecko) Mobile Safari/537.36 (compatible; Bytespider; spider-feedback@bytedance.com)"
188.165.215.206 - - [04/Sep/2023:15:55:02 +0200] "GET /coffret-prestige-pastis-club-p-57476.html HTTP/1.0" 301 77004 "-" "Mozilla/5.0 (compatible; MJ12bot/v1.4.8; http://mj12bot.com/)"
188.165.215.206 - - [04/Sep/2023:15:55:05 +0200] "GET /pastis-club-aperitif-p-57476.html HTTP/1.0" 200 76917 "-" "Mozilla/5.0 (compatible; MJ12bot/v1.4.8; http://mj12bot.com/)"
188.165.215.206 - - [04/Sep/2023:15:55:13 +0200] "GET /coffrets-et-sets-petit-dejeuner-c-12_61.html HTTP/1.0" 301 94581 "-" "Mozilla/5.0 (compatible; MJ12bot/v1.4.8; http://mj12bot.com/)"
188.165.215.206 - - [04/Sep/2023:15:55:16 +0200] "GET /breakfast-c-61.html HTTP/1.0" 301 94480 "-" "Mozilla/5.0 (compatible; MJ12bot/v1.4.8; http://mj12bot.com/)"
188.165.215.206 - - [04/Sep/2023:15:55:21 +0200] "GET /breakfast-c-12_61.html HTTP/1.0" 200 94508 "-" "Mozilla/5.0 (compatible; MJ12bot/v1.4.8; http://mj12bot.com/)"
169.228.63.97 - - [04/Sep/2023:15:55:29 +0200] "GET /images/mini_prod/3700791200166.jpg HTTP/1.0" 200 269 "-" "Mozilla/5.0 (X11; Ubuntu; Linux x86_64; rv:72.0) Gecko/20100101 Firefox/72.0"
188.165.215.206 - - [04/Sep/2023:15:55:31 +0200] "GET /coffrets-sets-petit-djeuner-c-12_61.html HTTP/1.0" 301 94581 "-" "Mozilla/5.0 (compatible; MJ12bot/v1.4.8; http://mj12bot.com/)"
188.165.215.206 - - [04/Sep/2023:15:55:38 +0200] "GET /breakfast-c-61.html HTTP/1.0" 301 94480 "-" "Mozilla/5.0 (compatible; MJ12bot/v1.4.8; http://mj12bot.com/)"
188.165.215.206 - - [04/Sep/2023:15:55:43 +0200] "GET /breakfast-c-12_61.html HTTP/1.0" 200 94508 "-" "Mozilla/5.0 (compatible; MJ12bot/v1.4.8; http://mj12bot.com/)"
188.165.215.206 - - [04/Sep/2023:15:55:48 +0200] "GET /coin-purse-c-146.html HTTP/1.0" 301 72334 "-" "Mozilla/5.0 (compatible; MJ12bot/v1.4.8; http://mj12bot.com/)"
188.165.215.206 - - [04/Sep/2023:15:55:52 +0200] "GET /-c-146.html HTTP/1.0" 200 72269 "-" "Mozilla/5.0 (compatible; MJ12bot/v1.4.8; http://mj12bot.com/)"
188.165.215.206 - - [04/Sep/2023:15:55:57 +0200] "GET /coin-purse-c-31_146.html HTTP/1.0" 301 72492 "-" "Mozilla/5.0 (compatible; MJ12bot/v1.4.8; http://mj12bot.com/)"
188.165.215.206 - - [04/Sep/2023:15:56:01 +0200] "GET /-c-146.html HTTP/1.0" 200 72269 "-" "Mozilla/5.0 (compatible; MJ12bot/v1.4.8; http://mj12bot.com/)"
188.165.215.206 - - [04/Sep/2023:15:56:06 +0200] "GET /collants-c-1_48.html HTTP/1.0" 301 82596 "-" "Mozilla/5.0 (compatible; MJ12bot/v1.4.8; http://mj12bot.com/)"
188.165.215.206 - - [04/Sep/2023:15:56:12 +0200] "GET /tights-c-48.html HTTP/1.0" 301 82498 "-" "Mozilla/5.0 (compatible; MJ12bot/v1.4.8; http://mj12bot.com/)"
188.165.215.206 - - [04/Sep/2023:15:56:15 +0200] "GET /tights-c-1_48.html HTTP/1.0" 200 82526 "-" "Mozilla/5.0 (compatible; MJ12bot/v1.4.8; http://mj12bot.com/)"
188.165.215.206 - - [04/Sep/2023:15:56:29 +0200] "GET /collectible-statuette-jacky-zegers-hugo-elephant-p-59191.html HTTP/1.0" 200 78306 "-" "Mozilla/5.0 (compatible; MJ12bot/v1.4.8; http://mj12bot.com/)"
188.165.215.206 - - [04/Sep/2023:15:56:39 +0200] "GET /computer-bag-and-briefcase-c-82.html HTTP/1.0" 301 85066 "-" "Mozilla/5.0 (compatible; MJ12bot/v1.4.8; http://mj12bot.com/)"
188.165.215.206 - - [04/Sep/2023:15:56:49 +0200] "GET /computer-briefcase-c-31_82.html HTTP/1.0" 200 85139 "-" "Mozilla/5.0 (compatible; MJ12bot/v1.4.8; http://mj12bot.com/)"
188.165.215.206 - - [04/Sep/2023:15:56:54 +0200] "GET /confiture-picon-placemat-45-30-cm-p-49719.html HTTP/1.0" 301 76068 "-" "Mozilla/5.0 (compatible; MJ12bot/v1.4.8; http://mj12bot.com/)"
188.165.215.206 - - [04/Sep/2023:15:56:59 +0200] "GET /confiture-picon-placemat-p-49719.html HTTP/1.0" 200 75977 "-" "Mozilla/5.0 (compatible; MJ12bot/v1.4.8; http://mj12bot.com/)"
188.165.215.206 - - [04/Sep/2023:15:57:03 +0200] "GET /confiture-picon-placemat-p-49719.html HTTP/1.0" 200 75977 "-" "Mozilla/5.0 (compatible; MJ12bot/v1.4.8; http://mj12bot.com/)"
40.77.167.47 - - [04/Sep/2023:15:57:03 +0200] "GET /hello-kitty-m-35.html HTTP/1.0" 200 94456 "-" "Mozilla/5.0 AppleWebKit/537.36 (KHTML, like Gecko; compatible; bingbot/2.0; +http://www.bing.com/bingbot.htm) Chrome/103.0.5060.134 Safari/537.36"
188.165.215.206 - - [04/Sep/2023:15:57:09 +0200] "GET /cook-oven-glove-p-54728.html HTTP/1.0" 200 73632 "-" "Mozilla/5.0 (compatible; MJ12bot/v1.4.8; http://mj12bot.com/)"
188.165.215.206 - - [04/Sep/2023:15:57:15 +0200] "GET /cook-potholder-p-54734.html HTTP/1.0" 200 73640 "-" "Mozilla/5.0 (compatible; MJ12bot/v1.4.8; http://mj12bot.com/)"
188.165.215.206 - - [04/Sep/2023:15:57:19 +0200] "GET /copper-king-chess-piece-p-45487.html HTTP/1.0" 301 73649 "-" "Mozilla/5.0 (compatible; MJ12bot/v1.4.8; http://mj12bot.com/)"
188.165.215.206 - - [04/Sep/2023:15:57:25 +0200] "GET /-p-45487.html HTTP/1.0" 200 73582 "-" "Mozilla/5.0 (compatible; MJ12bot/v1.4.8; http://mj12bot.com/)"
188.165.215.206 - - [04/Sep/2023:15:57:31 +0200] "GET /coque-iphone-et-bump-silicone-chocolat-p-49441.html HTTP/1.0" 301 78614 "-" "Mozilla/5.0 (compatible; MJ12bot/v1.4.8; http://mj12bot.com/)"
188.165.215.206 - - [04/Sep/2023:15:57:36 +0200] "GET /iphone-case-bump-silicone-p-49441.html HTTP/1.0" 200 78522 "-" "Mozilla/5.0 (compatible; MJ12bot/v1.4.8; http://mj12bot.com/)"
188.165.215.206 - - [04/Sep/2023:15:57:43 +0200] "GET /coque-iphone-new-york-yankees-p-19097.html HTTP/1.0" 301 76350 "-" "Mozilla/5.0 (compatible; MJ12bot/v1.4.8; http://mj12bot.com/)"
188.165.215.206 - - [04/Sep/2023:15:57:48 +0200] "GET /york-yankees-cover-iphone-p-19097.html HTTP/1.0" 200 76258 "-" "Mozilla/5.0 (compatible; MJ12bot/v1.4.8; http://mj12bot.com/)"
188.165.215.206 - - [04/Sep/2023:15:57:54 +0200] "GET /coquetier-collection-henette-p-54468.html HTTP/1.0" 301 73789 "-" "Mozilla/5.0 (compatible; MJ12bot/v1.4.8; http://mj12bot.com/)"
188.165.215.206 - - [04/Sep/2023:15:57:58 +0200] "GET /ceramic-henette-collection-p-54468.html HTTP/1.0" 200 73696 "-" "Mozilla/5.0 (compatible; MJ12bot/v1.4.8; http://mj12bot.com/)"
188.165.215.206 - - [04/Sep/2023:15:58:04 +0200] "GET /coquetier-cramique-collection-paula-p-54470.html HTTP/1.0" 301 76046 "-" "Mozilla/5.0 (compatible; MJ12bot/v1.4.8; http://mj12bot.com/)"
188.165.215.206 - - [04/Sep/2023:15:58:07 +0200] "GET /ceramic-paula-collection-p-54470.html HTTP/1.0" 200 75955 "-" "Mozilla/5.0 (compatible; MJ12bot/v1.4.8; http://mj12bot.com/)"
188.165.215.206 - - [04/Sep/2023:15:58:16 +0200] "GET /coquetiers-c-12_248.html HTTP/1.0" 301 88801 "-" "Mozilla/5.0 (compatible; MJ12bot/v1.4.8; http://mj12bot.com/)"
188.165.215.206 - - [04/Sep/2023:15:58:19 +0200] "GET /cups-c-248.html HTTP/1.0" 200 88628 "-" "Mozilla/5.0 (compatible; MJ12bot/v1.4.8; http://mj12bot.com/)"
188.165.215.206 - - [04/Sep/2023:15:58:25 +0200] "GET /coral-tray-mango-wood-p-58549.html HTTP/1.0" 200 76638 "-" "Mozilla/5.0 (compatible; MJ12bot/v1.4.8; http://mj12bot.com/)"
188.165.215.206 - - [04/Sep/2023:15:58:33 +0200] "GET /corbeille-papier-poubelle-bureau-c-129_184.html HTTP/1.0" 301 81343 "-" "Mozilla/5.0 (compatible; MJ12bot/v1.4.8; http://mj12bot.com/)"
47.128.21.195 - - [04/Sep/2023:15:58:33 +0200] "GET /wall-decoration-wood-c-13_274.html?page=8 HTTP/1.0" 200 97879 "-" "Mozilla/5.0 (Linux; Android 5.0) AppleWebKit/537.36 (KHTML, like Gecko) Mobile Safari/537.36 (compatible; Bytespider; spider-feedback@bytedance.com)"
47.128.21.195 - - [04/Sep/2023:15:58:36 +0200] "GET /swfobject.js HTTP/1.0" 404 1308 "http://www.wonder-geek.com/wall-decoration-wood-c-13_274.html?page=8" "Mozilla/5.0 (Linux; Android 5.0) AppleWebKit/537.36 (KHTML, like Gecko) Mobile Safari/537.36 (compatible; Bytespider; spider-feedback@bytedance.com)"
188.165.215.206 - - [04/Sep/2023:15:58:38 +0200] "GET /wastebasket-c-184.html HTTP/1.0" 301 81207 "-" "Mozilla/5.0 (compatible; MJ12bot/v1.4.8; http://mj12bot.com/)"
47.128.25.209 - - [04/Sep/2023:15:58:39 +0200] "GET /mugs-mazagrans-c-12_57.html?page=10 HTTP/1.0" 200 99045 "-" "Mozilla/5.0 (Linux; Android 5.0) AppleWebKit/537.36 (KHTML, like Gecko) Mobile Safari/537.36 (compatible; Bytespider; spider-feedback@bytedance.com)"
47.128.25.209 - - [04/Sep/2023:15:58:42 +0200] "GET /swfobject.js HTTP/1.0" 404 1308 "http://www.wonder-geek.com/mugs-mazagrans-c-12_57.html?page=10" "Mozilla/5.0 (Linux; Android 5.0) AppleWebKit/537.36 (KHTML, like Gecko) Mobile Safari/537.36 (compatible; Bytespider; spider-feedback@bytedance.com)"
188.165.215.206 - - [04/Sep/2023:15:58:41 +0200] "GET /wastebasket-c-129_184.html HTTP/1.0" 200 81267 "-" "Mozilla/5.0 (compatible; MJ12bot/v1.4.8; http://mj12bot.com/)"
47.128.21.195 - - [04/Sep/2023:15:58:45 +0200] "GET /js/jquery.min.js HTTP/1.0" 404 1308 "http://www.wonder-geek.com/wall-decoration-wood-c-13_274.html?page=8" "Mozilla/5.0 (Linux; Android 5.0) AppleWebKit/537.36 (KHTML, like Gecko) Mobile Safari/537.36 (compatible; Bytespider; spider-feedback@bytedance.com)"
47.128.21.195 - - [04/Sep/2023:15:58:47 +0200] "GET /swfobject.js HTTP/1.0" 404 1308 "http://www.wonder-geek.com/wall-decoration-wood-c-13_274.html?page=8" "Mozilla/5.0 (Linux; Android 5.0) AppleWebKit/537.36 (KHTML, like Gecko) Mobile Safari/537.36 (compatible; Bytespider; spider-feedback@bytedance.com)"
47.128.25.209 - - [04/Sep/2023:15:58:47 +0200] "GET /js/jquery.min.js HTTP/1.0" 404 1308 "http://www.wonder-geek.com/mugs-mazagrans-c-12_57.html?page=10" "Mozilla/5.0 (Linux; Android 5.0) AppleWebKit/537.36 (KHTML, like Gecko) Mobile Safari/537.36 (compatible; Bytespider; spider-feedback@bytedance.com)"
47.128.21.195 - - [04/Sep/2023:15:58:48 +0200] "GET /js/jquery.min.js HTTP/1.0" 404 1308 "http://www.wonder-geek.com/wall-decoration-wood-c-13_274.html?page=8" "Mozilla/5.0 (Linux; Android 5.0) AppleWebKit/537.36 (KHTML, like Gecko) Mobile Safari/537.36 (compatible; Bytespider; spider-feedback@bytedance.com)"
188.165.215.206 - - [04/Sep/2023:15:58:48 +0200] "GET /corbeilles-sacs-pain-tartes-c-11_179.html HTTP/1.0" 301 84904 "-" "Mozilla/5.0 (compatible; MJ12bot/v1.4.8; http://mj12bot.com/)"
47.128.25.209 - - [04/Sep/2023:15:58:52 +0200] "GET /swfobject.js HTTP/1.0" 404 1308 "http://www.wonder-geek.com/mugs-mazagrans-c-12_57.html?page=10" "Mozilla/5.0 (Linux; Android 5.0) AppleWebKit/537.36 (KHTML, like Gecko) Mobile Safari/537.36 (compatible; Bytespider; spider-feedback@bytedance.com)"
47.128.25.209 - - [04/Sep/2023:15:58:52 +0200] "GET /js/jquery.min.js HTTP/1.0" 404 1308 "http://www.wonder-geek.com/mugs-mazagrans-c-12_57.html?page=10" "Mozilla/5.0 (Linux; Android 5.0) AppleWebKit/537.36 (KHTML, like Gecko) Mobile Safari/537.36 (compatible; Bytespider; spider-feedback@bytedance.com)"
47.128.18.21 - - [04/Sep/2023:15:58:52 +0200] "GET /bagshandbags-shoulder-bags-c-31_81.html HTTP/1.0" 200 99164 "-" "Mozilla/5.0 (Linux; Android 5.0) AppleWebKit/537.36 (KHTML, like Gecko) Mobile Safari/537.36 (compatible; Bytespider; spider-feedback@bytedance.com)"
47.128.18.21 - - [04/Sep/2023:15:58:54 +0200] "GET /swfobject.js HTTP/1.0" 404 1308 "http://www.wonder-geek.com/bagshandbags-shoulder-bags-c-31_81.html" "Mozilla/5.0 (Linux; Android 5.0) AppleWebKit/537.36 (KHTML, like Gecko) Mobile Safari/537.36 (compatible; Bytespider; spider-feedback@bytedance.com)"
188.165.215.206 - - [04/Sep/2023:15:58:55 +0200] "GET /bread-bags-c-179.html HTTP/1.0" 301 84785 "-" "Mozilla/5.0 (compatible; MJ12bot/v1.4.8; http://mj12bot.com/)"
47.128.25.209 - - [04/Sep/2023:15:58:58 +0200] "GET /highslide/graphics/outlines/drop-shadow.png HTTP/1.0" 200 277 "http://www.wonder-geek.com/mugs-mazagrans-c-12_57.html?page=10" "Mozilla/5.0 (Linux; Android 5.0) AppleWebKit/537.36 (KHTML, like Gecko) Mobile Safari/537.36 (compatible; Bytespider; spider-feedback@bytedance.com)"
47.128.25.209 - - [04/Sep/2023:15:58:58 +0200] "GET /highslide/graphics/zoomout.cur HTTP/1.0" 200 614 "http://www.wonder-geek.com/mugs-mazagrans-c-12_57.html?page=10" "Mozilla/5.0 (Linux; Android 5.0) AppleWebKit/537.36 (KHTML, like Gecko) Mobile Safari/537.36 (compatible; Bytespider; spider-feedback@bytedance.com)"
188.165.215.206 - - [04/Sep/2023:15:58:58 +0200] "GET /bread-bags-c-11_179.html HTTP/1.0" 200 84829 "-" "Mozilla/5.0 (compatible; MJ12bot/v1.4.8; http://mj12bot.com/)"
47.128.18.21 - - [04/Sep/2023:15:59:04 +0200] "GET /swfobject.js HTTP/1.0" 404 1308 "http://www.wonder-geek.com/bagshandbags-shoulder-bags-c-31_81.html" "Mozilla/5.0 (Linux; Android 5.0) AppleWebKit/537.36 (KHTML, like Gecko) Mobile Safari/537.36 (compatible; Bytespider; spider-feedback@bytedance.com)"
47.128.18.21 - - [04/Sep/2023:15:59:05 +0200] "GET /js/jquery.min.js HTTP/1.0" 404 1308 "http://www.wonder-geek.com/bagshandbags-shoulder-bags-c-31_81.html" "Mozilla/5.0 (Linux; Android 5.0) AppleWebKit/537.36 (KHTML, like Gecko) Mobile Safari/537.36 (compatible; Bytespider; spider-feedback@bytedance.com)"
188.165.215.206 - - [04/Sep/2023:15:59:05 +0200] "GET /cork-coaster-p-37068.html HTTP/1.0" 200 73628 "-" "Mozilla/5.0 (compatible; MJ12bot/v1.4.8; http://mj12bot.com/)"
47.128.21.195 - - [04/Sep/2023:15:59:08 +0200] "GET /highslide/graphics/outlines/drop-shadow.png HTTP/1.0" 200 277 "http://www.wonder-geek.com/wall-decoration-wood-c-13_274.html?page=8" "Mozilla/5.0 (Linux; Android 5.0) AppleWebKit/537.36 (KHTML, like Gecko) Mobile Safari/537.36 (compatible; Bytespider; spider-feedback@bytedance.com)"
47.128.21.195 - - [04/Sep/2023:15:59:08 +0200] "GET /highslide/graphics/zoomout.cur HTTP/1.0" 200 614 "http://www.wonder-geek.com/wall-decoration-wood-c-13_274.html?page=8" "Mozilla/5.0 (Linux; Android 5.0) AppleWebKit/537.36 (KHTML, like Gecko) Mobile Safari/537.36 (compatible; Bytespider; spider-feedback@bytedance.com)"
188.165.215.206 - - [04/Sep/2023:15:59:11 +0200] "GET /corsica-glass-cutting-board-30-20-cm-p-49741.html HTTP/1.0" 301 76394 "-" "Mozilla/5.0 (compatible; MJ12bot/v1.4.8; http://mj12bot.com/)"
47.128.18.21 - - [04/Sep/2023:15:59:18 +0200] "GET /highslide/graphics/zoomout.cur HTTP/1.0" 200 614 "http://www.wonder-geek.com/bagshandbags-shoulder-bags-c-31_81.html" "Mozilla/5.0 (Linux; Android 5.0) AppleWebKit/537.36 (KHTML, like Gecko) Mobile Safari/537.36 (compatible; Bytespider; spider-feedback@bytedance.com)"
47.128.18.21 - - [04/Sep/2023:15:59:18 +0200] "GET /highslide/graphics/outlines/drop-shadow.png HTTP/1.0" 200 277 "http://www.wonder-geek.com/bagshandbags-shoulder-bags-c-31_81.html" "Mozilla/5.0 (Linux; Android 5.0) AppleWebKit/537.36 (KHTML, like Gecko) Mobile Safari/537.36 (compatible; Bytespider; spider-feedback@bytedance.com)"
188.165.215.206 - - [04/Sep/2023:15:59:18 +0200] "GET /corsica-glass-cutting-board-p-49741.html HTTP/1.0" 200 76300 "-" "Mozilla/5.0 (compatible; MJ12bot/v1.4.8; http://mj12bot.com/)"
188.165.215.206 - - [04/Sep/2023:15:59:22 +0200] "GET /corsica-little-tray-20-14-cm-p-49742.html HTTP/1.0" 301 76131 "-" "Mozilla/5.0 (compatible; MJ12bot/v1.4.8; http://mj12bot.com/)"
188.165.215.206 - - [04/Sep/2023:15:59:25 +0200] "GET /corsica-little-tray-p-49742.html HTTP/1.0" 200 76045 "-" "Mozilla/5.0 (compatible; MJ12bot/v1.4.8; http://mj12bot.com/)"
47.128.24.102 - - [04/Sep/2023:15:59:28 +0200] "GET /figurines-statuettes-statues-decoration-collection-c-292.html HTTP/1.0" 200 96096 "-" "Mozilla/5.0 (Linux; Android 5.0) AppleWebKit/537.36 (KHTML, like Gecko) Mobile Safari/537.36 (compatible; Bytespider; spider-feedback@bytedance.com)"
188.165.215.206 - - [04/Sep/2023:15:59:29 +0200] "GET /corsica-little-tray-p-49742.html HTTP/1.0" 200 76045 "-" "Mozilla/5.0 (compatible; MJ12bot/v1.4.8; http://mj12bot.com/)"
47.128.24.102 - - [04/Sep/2023:15:59:31 +0200] "GET /swfobject.js HTTP/1.0" 404 1308 "http://www.wonder-geek.com/figurines-statuettes-statues-decoration-collection-c-292.html" "Mozilla/5.0 (Linux; Android 5.0) AppleWebKit/537.36 (KHTML, like Gecko) Mobile Safari/537.36 (compatible; Bytespider; spider-feedback@bytedance.com)"
54.36.149.77 - - [04/Sep/2023:15:59:32 +0200] "GET /isothermic-stainless-steel-bottle-capricorne-cbkreation-p-60713.html HTTP/1.0" 200 76895 "-" "Mozilla/5.0 (compatible; AhrefsBot/7.0; +http://ahrefs.com/robot/)"
188.165.215.206 - - [04/Sep/2023:15:59:36 +0200] "GET /corsica-post-card-10x15-p-43544.html HTTP/1.0" 200 75908 "-" "Mozilla/5.0 (compatible; MJ12bot/v1.4.8; http://mj12bot.com/)"
188.165.215.206 - - [04/Sep/2023:15:59:40 +0200] "GET /corsica-post-card-10x15-p-43549.html HTTP/1.0" 200 75908 "-" "Mozilla/5.0 (compatible; MJ12bot/v1.4.8; http://mj12bot.com/)"
47.128.24.102 - - [04/Sep/2023:15:59:41 +0200] "GET /swfobject.js HTTP/1.0" 404 1308 "http://www.wonder-geek.com/figurines-statuettes-statues-decoration-collection-c-292.html" "Mozilla/5.0 (Linux; Android 5.0) AppleWebKit/537.36 (KHTML, like Gecko) Mobile Safari/537.36 (compatible; Bytespider; spider-feedback@bytedance.com)"
188.165.215.206 - - [04/Sep/2023:15:59:43 +0200] "GET /corsica-retro-coasters-p-49725.html HTTP/1.0" 200 75943 "-" "Mozilla/5.0 (compatible; MJ12bot/v1.4.8; http://mj12bot.com/)"
47.128.24.102 - - [04/Sep/2023:15:59:45 +0200] "GET /js/jquery.min.js HTTP/1.0" 404 1308 "http://www.wonder-geek.com/figurines-statuettes-statues-decoration-collection-c-292.html" "Mozilla/5.0 (Linux; Android 5.0) AppleWebKit/537.36 (KHTML, like Gecko) Mobile Safari/537.36 (compatible; Bytespider; spider-feedback@bytedance.com)"
47.128.24.102 - - [04/Sep/2023:15:59:46 +0200] "GET /highslide/graphics/zoomout.cur HTTP/1.0" 200 614 "http://www.wonder-geek.com/figurines-statuettes-statues-decoration-collection-c-292.html" "Mozilla/5.0 (Linux; Android 5.0) AppleWebKit/537.36 (KHTML, like Gecko) Mobile Safari/537.36 (compatible; Bytespider; spider-feedback@bytedance.com)"
188.165.215.206 - - [04/Sep/2023:15:59:48 +0200] "GET /corsica-retro-set-of-coasters-p-49725.html HTTP/1.0" 301 76032 "-" "Mozilla/5.0 (compatible; MJ12bot/v1.4.8; http://mj12bot.com/)"
188.165.215.206 - - [04/Sep/2023:15:59:52 +0200] "GET /corsica-retro-coasters-p-49725.html HTTP/1.0" 200 75943 "-" "Mozilla/5.0 (compatible; MJ12bot/v1.4.8; http://mj12bot.com/)"
40.77.167.6 - - [04/Sep/2023:15:59:53 +0200] "GET /stone-lion-statue-indoors-outdoors-p-58666.html HTTP/1.0" 200 76825 "-" "Mozilla/5.0 AppleWebKit/537.36 (KHTML, like Gecko; compatible; bingbot/2.0; +http://www.bing.com/bingbot.htm) Chrome/103.0.5060.134 Safari/537.36"
47.128.18.54 - - [04/Sep/2023:15:59:55 +0200] "GET /collectible-figurines-decorative-c-13_135.html?page=9 HTTP/1.0" 200 98237 "-" "Mozilla/5.0 (Linux; Android 5.0) AppleWebKit/537.36 (KHTML, like Gecko) Mobile Safari/537.36 (compatible; Bytespider; spider-feedback@bytedance.com)"
114.119.130.147 - - [04/Sep/2023:15:59:55 +0200] "GET /rhinoceros-resin-statuette-p-48019.html HTTP/1.0" 200 76702 "http://www.wonder-geek.com/statuettes-animal-figurines-c-292_291.html?page=11" "Mozilla/5.0 (Linux; Android 7.0;) AppleWebKit/537.36 (KHTML, like Gecko) Mobile Safari/537.36 (compatible; PetalBot;+https://webmaster.petalsearch.com/site/petalbot)"
47.128.18.54 - - [04/Sep/2023:15:59:58 +0200] "GET /swfobject.js HTTP/1.0" 404 1308 "http://www.wonder-geek.com/collectible-figurines-decorative-c-13_135.html?page=9" "Mozilla/5.0 (Linux; Android 5.0) AppleWebKit/537.36 (KHTML, like Gecko) Mobile Safari/537.36 (compatible; Bytespider; spider-feedback@bytedance.com)"
188.165.215.206 - - [04/Sep/2023:15:59:56 +0200] "GET /cosmetic-bags-and-flat-purse-c-239.html HTTP/1.0" 301 96736 "-" "Mozilla/5.0 (compatible; MJ12bot/v1.4.8; http://mj12bot.com/)"
188.165.215.206 - - [04/Sep/2023:16:00:00 +0200] "GET /cosmetic-bags-flat-purse-c-31_239.html HTTP/1.0" 200 96802 "-" "Mozilla/5.0 (compatible; MJ12bot/v1.4.8; http://mj12bot.com/)"
47.128.24.65 - - [04/Sep/2023:16:00:01 +0200] "GET /games-toys-c-4.html?page=6 HTTP/1.0" 200 94749 "-" "Mozilla/5.0 (Linux; Android 5.0) AppleWebKit/537.36 (KHTML, like Gecko) Mobile Safari/537.36 (compatible; Bytespider; spider-feedback@bytedance.com)"
47.128.24.65 - - [04/Sep/2023:16:00:03 +0200] "GET /swfobject.js HTTP/1.0" 404 1308 "http://www.wonder-geek.com/games-toys-c-4.html?page=6" "Mozilla/5.0 (Linux; Android 5.0) AppleWebKit/537.36 (KHTML, like Gecko) Mobile Safari/537.36 (compatible; Bytespider; spider-feedback@bytedance.com)"
47.128.18.54 - - [04/Sep/2023:16:00:06 +0200] "GET /swfobject.js HTTP/1.0" 404 1308 "http://www.wonder-geek.com/collectible-figurines-decorative-c-13_135.html?page=9" "Mozilla/5.0 (Linux; Android 5.0) AppleWebKit/537.36 (KHTML, like Gecko) Mobile Safari/537.36 (compatible; Bytespider; spider-feedback@bytedance.com)"
188.165.215.206 - - [04/Sep/2023:16:00:05 +0200] "GET /cotton-base-cover-zinc-p-44230.html HTTP/1.0" 200 73684 "-" "Mozilla/5.0 (compatible; MJ12bot/v1.4.8; http://mj12bot.com/)"
47.128.18.54 - - [04/Sep/2023:16:00:08 +0200] "GET /js/jquery.min.js HTTP/1.0" 404 1308 "http://www.wonder-geek.com/collectible-figurines-decorative-c-13_135.html?page=9" "Mozilla/5.0 (Linux; Android 5.0) AppleWebKit/537.36 (KHTML, like Gecko) Mobile Safari/537.36 (compatible; Bytespider; spider-feedback@bytedance.com)"
47.128.18.54 - - [04/Sep/2023:16:00:09 +0200] "GET /highslide/graphics/outlines/drop-shadow.png HTTP/1.0" 200 277 "http://www.wonder-geek.com/collectible-figurines-decorative-c-13_135.html?page=9" "Mozilla/5.0 (Linux; Android 5.0) AppleWebKit/537.36 (KHTML, like Gecko) Mobile Safari/537.36 (compatible; Bytespider; spider-feedback@bytedance.com)"
47.128.18.54 - - [04/Sep/2023:16:00:09 +0200] "GET /highslide/graphics/zoomout.cur HTTP/1.0" 200 614 "http://www.wonder-geek.com/collectible-figurines-decorative-c-13_135.html?page=9" "Mozilla/5.0 (Linux; Android 5.0) AppleWebKit/537.36 (KHTML, like Gecko) Mobile Safari/537.36 (compatible; Bytespider; spider-feedback@bytedance.com)"
47.128.24.65 - - [04/Sep/2023:16:00:12 +0200] "GET /swfobject.js HTTP/1.0" 404 1308 "http://www.wonder-geek.com/games-toys-c-4.html?page=6" "Mozilla/5.0 (Linux; Android 5.0) AppleWebKit/537.36 (KHTML, like Gecko) Mobile Safari/537.36 (compatible; Bytespider; spider-feedback@bytedance.com)"
47.128.24.65 - - [04/Sep/2023:16:00:14 +0200] "GET /js/jquery.min.js HTTP/1.0" 404 1308 "http://www.wonder-geek.com/games-toys-c-4.html?page=6" "Mozilla/5.0 (Linux; Android 5.0) AppleWebKit/537.36 (KHTML, like Gecko) Mobile Safari/537.36 (compatible; Bytespider; spider-feedback@bytedance.com)"
47.128.24.65 - - [04/Sep/2023:16:00:14 +0200] "GET /highslide/graphics/zoomout.cur HTTP/1.0" 200 614 "http://www.wonder-geek.com/games-toys-c-4.html?page=6" "Mozilla/5.0 (Linux; Android 5.0) AppleWebKit/537.36 (KHTML, like Gecko) Mobile Safari/537.36 (compatible; Bytespider; spider-feedback@bytedance.com)"
188.165.215.206 - - [04/Sep/2023:16:00:13 +0200] "GET /cotton-bed-base-cover-160-200-cm-zinc-p-44230.html HTTP/1.0" 301 73773 "-" "Mozilla/5.0 (compatible; MJ12bot/v1.4.8; http://mj12bot.com/)"
188.165.215.206 - - [04/Sep/2023:16:00:16 +0200] "GET /cotton-base-cover-zinc-p-44230.html HTTP/1.0" 200 73684 "-" "Mozilla/5.0 (compatible; MJ12bot/v1.4.8; http://mj12bot.com/)"
188.165.215.206 - - [04/Sep/2023:16:00:23 +0200] "GET /cotton-floor-cushion-40-cm-albertine-p-51082.html HTTP/1.0" 301 73649 "-" "Mozilla/5.0 (compatible; MJ12bot/v1.4.8; http://mj12bot.com/)"
182.34.27.188 - - [04/Sep/2023:16:00:32 +0200] "GET /images/mini_prod/4036113830544.jpg HTTP/1.0" 404 1308 "-" "Mozilla/5.0 (Macintosh; Intel Mac OS X 10_13_5) AppleWebKit/537.36 (KHTML, like Gecko) Chrome/69.0.3497.100 Safari/537.36"
188.165.215.206 - - [04/Sep/2023:16:00:33 +0200] "GET /-p-51082.html HTTP/1.0" 200 73582 "-" "Mozilla/5.0 (compatible; MJ12bot/v1.4.8; http://mj12bot.com/)"
188.165.215.206 - - [04/Sep/2023:16:00:38 +0200] "GET /cotton-floor-cushion-40-cm-burundi-p-51051.html HTTP/1.0" 301 73649 "-" "Mozilla/5.0 (compatible; MJ12bot/v1.4.8; http://mj12bot.com/)"
188.165.215.206 - - [04/Sep/2023:16:00:42 +0200] "GET /-p-51051.html HTTP/1.0" 200 73582 "-" "Mozilla/5.0 (compatible; MJ12bot/v1.4.8; http://mj12bot.com/)"
188.165.215.206 - - [04/Sep/2023:16:00:49 +0200] "GET /cotton-floor-cushion-40-cm-charline-p-51084.html HTTP/1.0" 301 73649 "-" "Mozilla/5.0 (compatible; MJ12bot/v1.4.8; http://mj12bot.com/)"
17.241.227.61 - - [04/Sep/2023:16:00:50 +0200] "GET /images/mini_prod/8422023017803C.jpg HTTP/1.0" 200 270 "-" "Mozilla/5.0 (Macintosh; Intel Mac OS X 10_15_5) AppleWebKit/605.1.15 (KHTML, like Gecko) Version/13.1.1 Safari/605.1.15 (Applebot/0.1; +http://www.apple.com/go/applebot)"
188.165.215.206 - - [04/Sep/2023:16:00:58 +0200] "GET /-p-51084.html HTTP/1.0" 200 73582 "-" "Mozilla/5.0 (compatible; MJ12bot/v1.4.8; http://mj12bot.com/)"
188.165.215.206 - - [04/Sep/2023:16:01:01 +0200] "GET /cotton-floor-cushion-40-cm-guernezey-p-51660.html HTTP/1.0" 301 73649 "-" "Mozilla/5.0 (compatible; MJ12bot/v1.4.8; http://mj12bot.com/)"
188.165.215.206 - - [04/Sep/2023:16:01:04 +0200] "GET /-p-51660.html HTTP/1.0" 200 73582 "-" "Mozilla/5.0 (compatible; MJ12bot/v1.4.8; http://mj12bot.com/)"
188.165.215.206 - - [04/Sep/2023:16:01:07 +0200] "GET /cotton-floor-cushion-40-cm-monica-p-51085.html HTTP/1.0" 301 73649 "-" "Mozilla/5.0 (compatible; MJ12bot/v1.4.8; http://mj12bot.com/)"
114.119.130.210 - - [04/Sep/2023:16:01:08 +0200] "GET /vintage-notebook-with-leather-cover-p-60880.html HTTP/1.0" 200 76178 "http://www.wonder-geek.com/notebook-notebook-diary-c-129_185.html?page=5" "Mozilla/5.0 (Linux; Android 7.0;) AppleWebKit/537.36 (KHTML, like Gecko) Mobile Safari/537.36 (compatible; PetalBot;+https://webmaster.petalsearch.com/site/petalbot)"
188.165.215.206 - - [04/Sep/2023:16:01:14 +0200] "GET /-p-51085.html HTTP/1.0" 200 73582 "-" "Mozilla/5.0 (compatible; MJ12bot/v1.4.8; http://mj12bot.com/)"
114.119.131.68 - - [04/Sep/2023:16:01:18 +0200] "GET /pink-resin-girl-lamp-p-55243.html HTTP/1.0" 200 76833 "http://www.wonder-geek.com/lighting-c-13_86.html?page=18" "Mozilla/5.0 (Linux; Android 7.0;) AppleWebKit/537.36 (KHTML, like Gecko) Mobile Safari/537.36 (compatible; PetalBot;+https://webmaster.petalsearch.com/site/petalbot)"
188.165.215.206 - - [04/Sep/2023:16:01:18 +0200] "GET /cotton-floor-cushion-40-cm-st-maxime-p-51080.html HTTP/1.0" 301 73649 "-" "Mozilla/5.0 (compatible; MJ12bot/v1.4.8; http://mj12bot.com/)"
