47.128.19.227 - - [04/Sep/2023:17:39:06 +0200] "GET /retro-transistor-clock-p-56714.html HTTP/1.0" 200 76747 "-" "Mozilla/5.0 (Linux; Android 5.0) AppleWebKit/537.36 (KHTML, like Gecko) Mobile Safari/537.36 (compatible; Bytespider; spider-feedback@bytedance.com)"
47.128.19.245 - - [04/Sep/2023:17:39:06 +0200] "GET /door-bottom-cushion-maison-p-60757.html HTTP/1.0" 200 76808 "-" "Mozilla/5.0 (Linux; Android 5.0) AppleWebKit/537.36 (KHTML, like Gecko) Mobile Safari/537.36 (compatible; Bytespider; spider-feedback@bytedance.com)"
47.128.19.51 - - [04/Sep/2023:17:39:07 +0200] "GET /highslide/graphics/outlines/drop-shadow.png HTTP/1.0" 200 277 "http://www.wonder-geek.com/small-baby-teeth-beige-small-mouse-p-44658.html" "Mozilla/5.0 (Linux; Android 5.0) AppleWebKit/537.36 (KHTML, like Gecko) Mobile Safari/537.36 (compatible; Bytespider; spider-feedback@bytedance.com)"
47.128.19.51 - - [04/Sep/2023:17:39:07 +0200] "GET /highslide/graphics/zoomout.cur HTTP/1.0" 200 614 "http://www.wonder-geek.com/small-baby-teeth-beige-small-mouse-p-44658.html" "Mozilla/5.0 (Linux; Android 5.0) AppleWebKit/537.36 (KHTML, like Gecko) Mobile Safari/537.36 (compatible; Bytespider; spider-feedback@bytedance.com)"
47.128.19.227 - - [04/Sep/2023:17:39:08 +0200] "GET /swfobject.js HTTP/1.0" 404 1308 "http://www.wonder-geek.com/retro-transistor-clock-p-56714.html" "Mozilla/5.0 (Linux; Android 5.0) AppleWebKit/537.36 (KHTML, like Gecko) Mobile Safari/537.36 (compatible; Bytespider; spider-feedback@bytedance.com)"
47.128.19.245 - - [04/Sep/2023:17:39:08 +0200] "GET /swfobject.js HTTP/1.0" 404 1308 "http://www.wonder-geek.com/door-bottom-cushion-maison-p-60757.html" "Mozilla/5.0 (Linux; Android 5.0) AppleWebKit/537.36 (KHTML, like Gecko) Mobile Safari/537.36 (compatible; Bytespider; spider-feedback@bytedance.com)"
47.128.21.22 - - [04/Sep/2023:17:39:08 +0200] "GET /images/big_prod_1/3665269009538b.jpg HTTP/1.0" 200 271 "http://www.wonder-geek.com/happy-life-wall-decor-p-47925.html" "Mozilla/5.0 (Linux; Android 5.0) AppleWebKit/537.36 (KHTML, like Gecko) Mobile Safari/537.36 (compatible; Bytespider; spider-feedback@bytedance.com)"
47.128.19.209 - - [04/Sep/2023:17:39:10 +0200] "GET /highslide/graphics/zoomout.cur HTTP/1.0" 200 614 "http://www.wonder-geek.com/mango-wood-salad-bowl-p-56173.html" "Mozilla/5.0 (Linux; Android 5.0) AppleWebKit/537.36 (KHTML, like Gecko) Mobile Safari/537.36 (compatible; Bytespider; spider-feedback@bytedance.com)"
47.128.19.209 - - [04/Sep/2023:17:39:10 +0200] "GET /highslide/graphics/outlines/drop-shadow.png HTTP/1.0" 200 277 "http://www.wonder-geek.com/mango-wood-salad-bowl-p-56173.html" "Mozilla/5.0 (Linux; Android 5.0) AppleWebKit/537.36 (KHTML, like Gecko) Mobile Safari/537.36 (compatible; Bytespider; spider-feedback@bytedance.com)"
47.128.19.209 - - [04/Sep/2023:17:39:11 +0200] "GET /images/big_prod/5400924016197.jpg HTTP/1.0" 200 268 "http://www.wonder-geek.com/mango-wood-salad-bowl-p-56173.html" "Mozilla/5.0 (Linux; Android 5.0) AppleWebKit/537.36 (KHTML, like Gecko) Mobile Safari/537.36 (compatible; Bytespider; spider-feedback@bytedance.com)"
47.128.24.147 - - [04/Sep/2023:17:39:12 +0200] "GET /highslide/graphics/zoomout.cur HTTP/1.0" 200 614 "http://www.wonder-geek.com/small-bamboo-tray-fish-p-49576.html" "Mozilla/5.0 (Linux; Android 5.0) AppleWebKit/537.36 (KHTML, like Gecko) Mobile Safari/537.36 (compatible; Bytespider; spider-feedback@bytedance.com)"
47.128.24.147 - - [04/Sep/2023:17:39:12 +0200] "GET /highslide/graphics/outlines/drop-shadow.png HTTP/1.0" 200 277 "http://www.wonder-geek.com/small-bamboo-tray-fish-p-49576.html" "Mozilla/5.0 (Linux; Android 5.0) AppleWebKit/537.36 (KHTML, like Gecko) Mobile Safari/537.36 (compatible; Bytespider; spider-feedback@bytedance.com)"
47.128.24.147 - - [04/Sep/2023:17:39:12 +0200] "GET /images/big_prod/3560600314275.jpg HTTP/1.0" 200 268 "http://www.wonder-geek.com/small-bamboo-tray-fish-p-49576.html" "Mozilla/5.0 (Linux; Android 5.0) AppleWebKit/537.36 (KHTML, like Gecko) Mobile Safari/537.36 (compatible; Bytespider; spider-feedback@bytedance.com)"
47.128.16.254 - - [04/Sep/2023:17:39:14 +0200] "GET /round-seashell-mirror-p-56143.html HTTP/1.0" 200 76730 "-" "Mozilla/5.0 (Linux; Android 5.0) AppleWebKit/537.36 (KHTML, like Gecko) Mobile Safari/537.36 (compatible; Bytespider; spider-feedback@bytedance.com)"
47.128.16.254 - - [04/Sep/2023:17:39:16 +0200] "GET /swfobject.js HTTP/1.0" 404 1308 "http://www.wonder-geek.com/round-seashell-mirror-p-56143.html" "Mozilla/5.0 (Linux; Android 5.0) AppleWebKit/537.36 (KHTML, like Gecko) Mobile Safari/537.36 (compatible; Bytespider; spider-feedback@bytedance.com)"
45.141.123.138 - - [04/Sep/2023:17:39:17 +0200] "GET /templates/Pixame_v1/stylesheet.css HTTP/1.0" 200 267 "http://www.wonder-geek.com/" "Mozilla/5.0 (iPhone; CPU iPhone OS 16_5_1 like Mac OS X) AppleWebKit/605.1.15 (KHTML, like Gecko) Version/16.5.2 Mobile/15E148 Safari/604.1"
45.141.123.138 - - [04/Sep/2023:17:39:16 +0200] "GET /tweed-charger-alarm-clock-p-57861.html HTTP/1.0" 200 76911 "https://www.google.fr/" "Mozilla/5.0 (iPhone; CPU iPhone OS 16_5_1 like Mac OS X) AppleWebKit/605.1.15 (KHTML, like Gecko) Version/16.5.2 Mobile/15E148 Safari/604.1"
47.128.19.227 - - [04/Sep/2023:17:39:17 +0200] "GET /images/big_prod_2/8433933239230C.jpg HTTP/1.0" 200 271 "http://www.wonder-geek.com/retro-transistor-clock-p-56714.html" "Mozilla/5.0 (Linux; Android 5.0) AppleWebKit/537.36 (KHTML, like Gecko) Mobile Safari/537.36 (compatible; Bytespider; spider-feedback@bytedance.com)"
45.141.123.138 - - [04/Sep/2023:17:39:17 +0200] "GET /js/jquery.js HTTP/1.0" 200 252 "http://www.wonder-geek.com/" "Mozilla/5.0 (iPhone; CPU iPhone OS 16_5_1 like Mac OS X) AppleWebKit/605.1.15 (KHTML, like Gecko) Version/16.5.2 Mobile/15E148 Safari/604.1"
45.141.123.138 - - [04/Sep/2023:17:39:17 +0200] "GET /mondial_relay/js/jquery-1.3.2.min.js HTTP/1.0" 200 276 "http://www.wonder-geek.com/" "Mozilla/5.0 (iPhone; CPU iPhone OS 16_5_1 like Mac OS X) AppleWebKit/605.1.15 (KHTML, like Gecko) Version/16.5.2 Mobile/15E148 Safari/604.1"
45.141.123.138 - - [04/Sep/2023:17:39:17 +0200] "GET /highslide/highslide.js HTTP/1.0" 200 262 "http://www.wonder-geek.com/" "Mozilla/5.0 (iPhone; CPU iPhone OS 16_5_1 like Mac OS X) AppleWebKit/605.1.15 (KHTML, like Gecko) Version/16.5.2 Mobile/15E148 Safari/604.1"
45.141.123.138 - - [04/Sep/2023:17:39:17 +0200] "GET /js/jquery.jqzoom.js HTTP/1.0" 200 259 "http://www.wonder-geek.com/" "Mozilla/5.0 (iPhone; CPU iPhone OS 16_5_1 like Mac OS X) AppleWebKit/605.1.15 (KHTML, like Gecko) Version/16.5.2 Mobile/15E148 Safari/604.1"
45.141.123.138 - - [04/Sep/2023:17:39:17 +0200] "GET /swfobject.js HTTP/1.0" 404 1308 "http://www.wonder-geek.com/" "Mozilla/5.0 (iPhone; CPU iPhone OS 16_5_1 like Mac OS X) AppleWebKit/605.1.15 (KHTML, like Gecko) Version/16.5.2 Mobile/15E148 Safari/604.1"
45.141.123.138 - - [04/Sep/2023:17:39:18 +0200] "GET /templates/Pixame_v1/images/icon_accueil2.png HTTP/1.0" 200 278 "http://www.wonder-geek.com/" "Mozilla/5.0 (iPhone; CPU iPhone OS 16_5_1 like Mac OS X) AppleWebKit/605.1.15 (KHTML, like Gecko) Version/16.5.2 Mobile/15E148 Safari/604.1"
45.141.123.138 - - [04/Sep/2023:17:39:18 +0200] "GET /templates/Pixame_v1/images/infobox/pixel_trans.gif HTTP/1.0" 200 328 "http://www.wonder-geek.com/" "Mozilla/5.0 (iPhone; CPU iPhone OS 16_5_1 like Mac OS X) AppleWebKit/605.1.15 (KHTML, like Gecko) Version/16.5.2 Mobile/15E148 Safari/604.1"
47.128.19.227 - - [04/Sep/2023:17:39:18 +0200] "GET /images/big_prod_1/8433933239230B.jpg HTTP/1.0" 200 271 "http://www.wonder-geek.com/retro-transistor-clock-p-56714.html" "Mozilla/5.0 (Linux; Android 5.0) AppleWebKit/537.36 (KHTML, like Gecko) Mobile Safari/537.36 (compatible; Bytespider; spider-feedback@bytedance.com)"
45.141.123.138 - - [04/Sep/2023:17:39:18 +0200] "GET /templates/Pixame_v1/images/Bottom_texture.jpg HTTP/1.0" 200 280 "http://www.wonder-geek.com/" "Mozilla/5.0 (iPhone; CPU iPhone OS 16_5_1 like Mac OS X) AppleWebKit/605.1.15 (KHTML, like Gecko) Version/16.5.2 Mobile/15E148 Safari/604.1"
45.141.123.138 - - [04/Sep/2023:17:39:18 +0200] "GET /templates/Pixame_v1/images/nav.png HTTP/1.0" 200 268 "http://www.wonder-geek.com/" "Mozilla/5.0 (iPhone; CPU iPhone OS 16_5_1 like Mac OS X) AppleWebKit/605.1.15 (KHTML, like Gecko) Version/16.5.2 Mobile/15E148 Safari/604.1"
45.141.123.138 - - [04/Sep/2023:17:39:18 +0200] "GET /images/big_prod_1/3660173247083B.jpg HTTP/1.0" 200 271 "http://www.wonder-geek.com/" "Mozilla/5.0 (iPhone; CPU iPhone OS 16_5_1 like Mac OS X) AppleWebKit/605.1.15 (KHTML, like Gecko) Version/16.5.2 Mobile/15E148 Safari/604.1"
45.141.123.138 - - [04/Sep/2023:17:39:18 +0200] "GET /templates/Pixame_v1/images/pixel_trans.gif HTTP/1.0" 200 328 "http://www.wonder-geek.com/" "Mozilla/5.0 (iPhone; CPU iPhone OS 16_5_1 like Mac OS X) AppleWebKit/605.1.15 (KHTML, like Gecko) Version/16.5.2 Mobile/15E148 Safari/604.1"
45.141.123.138 - - [04/Sep/2023:17:39:18 +0200] "GET /images/big_prod/3660173247083.jpg HTTP/1.0" 200 268 "http://www.wonder-geek.com/" "Mozilla/5.0 (iPhone; CPU iPhone OS 16_5_1 like Mac OS X) AppleWebKit/605.1.15 (KHTML, like Gecko) Version/16.5.2 Mobile/15E148 Safari/604.1"
45.141.123.138 - - [04/Sep/2023:17:39:18 +0200] "GET /templates/Pixame_v1/images/Middle_texture.jpg HTTP/1.0" 200 280 "http://www.wonder-geek.com/" "Mozilla/5.0 (iPhone; CPU iPhone OS 16_5_1 like Mac OS X) AppleWebKit/605.1.15 (KHTML, like Gecko) Version/16.5.2 Mobile/15E148 Safari/604.1"
45.141.123.138 - - [04/Sep/2023:17:39:18 +0200] "GET /images/ecotaxe_on.jpg HTTP/1.0" 200 256 "http://www.wonder-geek.com/" "Mozilla/5.0 (iPhone; CPU iPhone OS 16_5_1 like Mac OS X) AppleWebKit/605.1.15 (KHTML, like Gecko) Version/16.5.2 Mobile/15E148 Safari/604.1"
45.141.123.138 - - [04/Sep/2023:17:39:18 +0200] "GET /templates/Pixame_v1/images/header.png HTTP/1.0" 200 271 "http://www.wonder-geek.com/" "Mozilla/5.0 (iPhone; CPU iPhone OS 16_5_1 like Mac OS X) AppleWebKit/605.1.15 (KHTML, like Gecko) Version/16.5.2 Mobile/15E148 Safari/604.1"
45.141.123.138 - - [04/Sep/2023:17:39:18 +0200] "GET /templates/Pixame_v1/images/buttons/english/button_in_cart.gif HTTP/1.0" 200 295 "http://www.wonder-geek.com/" "Mozilla/5.0 (iPhone; CPU iPhone OS 16_5_1 like Mac OS X) AppleWebKit/605.1.15 (KHTML, like Gecko) Version/16.5.2 Mobile/15E148 Safari/604.1"
45.141.123.138 - - [04/Sep/2023:17:39:18 +0200] "GET /templates/Pixame_v1/images/infobox/infobox_footer_middle.gif HTTP/1.0" 200 357 "http://www.wonder-geek.com/" "Mozilla/5.0 (iPhone; CPU iPhone OS 16_5_1 like Mac OS X) AppleWebKit/605.1.15 (KHTML, like Gecko) Version/16.5.2 Mobile/15E148 Safari/604.1"
45.141.123.138 - - [04/Sep/2023:17:39:18 +0200] "GET /templates/Pixame_v1/images/header-object.png HTTP/1.0" 200 278 "http://www.wonder-geek.com/" "Mozilla/5.0 (iPhone; CPU iPhone OS 16_5_1 like Mac OS X) AppleWebKit/605.1.15 (KHTML, like Gecko) Version/16.5.2 Mobile/15E148 Safari/604.1"
45.141.123.138 - - [04/Sep/2023:17:39:18 +0200] "GET /images/pixel_trans.gif HTTP/1.0" 200 328 "http://www.wonder-geek.com/" "Mozilla/5.0 (iPhone; CPU iPhone OS 16_5_1 like Mac OS X) AppleWebKit/605.1.15 (KHTML, like Gecko) Version/16.5.2 Mobile/15E148 Safari/604.1"
45.141.123.138 - - [04/Sep/2023:17:39:18 +0200] "GET /design/productsenstock.png HTTP/1.0" 200 260 "http://www.wonder-geek.com/" "Mozilla/5.0 (iPhone; CPU iPhone OS 16_5_1 like Mac OS X) AppleWebKit/605.1.15 (KHTML, like Gecko) Version/16.5.2 Mobile/15E148 Safari/604.1"
45.141.123.138 - - [04/Sep/2023:17:39:18 +0200] "GET /highslide/graphics/zoomin.cur HTTP/1.0" 200 614 "http://www.wonder-geek.com/" "Mozilla/5.0 (iPhone; CPU iPhone OS 16_5_1 like Mac OS X) AppleWebKit/605.1.15 (KHTML, like Gecko) Version/16.5.2 Mobile/15E148 Safari/604.1"
45.141.123.138 - - [04/Sep/2023:17:39:18 +0200] "GET /highslide/graphics/outlines/drop-shadow.png HTTP/1.0" 200 277 "http://www.wonder-geek.com/" "Mozilla/5.0 (iPhone; CPU iPhone OS 16_5_1 like Mac OS X) AppleWebKit/605.1.15 (KHTML, like Gecko) Version/16.5.2 Mobile/15E148 Safari/604.1"
45.141.123.138 - - [04/Sep/2023:17:39:18 +0200] "GET /highslide/graphics/zoomout.cur HTTP/1.0" 200 614 "http://www.wonder-geek.com/" "Mozilla/5.0 (iPhone; CPU iPhone OS 16_5_1 like Mac OS X) AppleWebKit/605.1.15 (KHTML, like Gecko) Version/16.5.2 Mobile/15E148 Safari/604.1"
45.141.123.138 - - [04/Sep/2023:17:39:18 +0200] "GET /highslide/graphics/loader.white.gif HTTP/1.0" 200 960 "http://www.wonder-geek.com/" "Mozilla/5.0 (iPhone; CPU iPhone OS 16_5_1 like Mac OS X) AppleWebKit/605.1.15 (KHTML, like Gecko) Version/16.5.2 Mobile/15E148 Safari/604.1"
45.141.123.138 - - [04/Sep/2023:17:39:18 +0200] "GET /favicon.ico HTTP/1.0" 200 260 "http://www.wonder-geek.com/" "Mozilla/5.0 (iPhone; CPU iPhone OS 16_5_1 like Mac OS X) AppleWebKit/605.1.15 (KHTML, like Gecko) Version/16.5.2 Mobile/15E148 Safari/604.1"
47.128.19.245 - - [04/Sep/2023:17:39:21 +0200] "GET /images/big_prod_1/3700287119002B.jpg HTTP/1.0" 200 271 "http://www.wonder-geek.com/door-bottom-cushion-maison-p-60757.html" "Mozilla/5.0 (Linux; Android 5.0) AppleWebKit/537.36 (KHTML, like Gecko) Mobile Safari/537.36 (compatible; Bytespider; spider-feedback@bytedance.com)"
47.128.16.254 - - [04/Sep/2023:17:39:22 +0200] "GET /images/big_prod_2/5400924113254a.jpg HTTP/1.0" 200 271 "http://www.wonder-geek.com/round-seashell-mirror-p-56143.html" "Mozilla/5.0 (Linux; Android 5.0) AppleWebKit/537.36 (KHTML, like Gecko) Mobile Safari/537.36 (compatible; Bytespider; spider-feedback@bytedance.com)"
47.128.16.254 - - [04/Sep/2023:17:39:22 +0200] "GET /images/big_prod_1/5400924113254b.jpg HTTP/1.0" 200 271 "http://www.wonder-geek.com/round-seashell-mirror-p-56143.html" "Mozilla/5.0 (Linux; Android 5.0) AppleWebKit/537.36 (KHTML, like Gecko) Mobile Safari/537.36 (compatible; Bytespider; spider-feedback@bytedance.com)"
47.128.21.22 - - [04/Sep/2023:17:39:33 +0200] "GET /highslide/graphics/zoomout.cur HTTP/1.0" 200 614 "http://www.wonder-geek.com/happy-life-wall-decor-p-47925.html" "Mozilla/5.0 (Linux; Android 5.0) AppleWebKit/537.36 (KHTML, like Gecko) Mobile Safari/537.36 (compatible; Bytespider; spider-feedback@bytedance.com)"
47.128.16.254 - - [04/Sep/2023:17:39:40 +0200] "GET /highslide/graphics/outlines/drop-shadow.png HTTP/1.0" 200 277 "http://www.wonder-geek.com/round-seashell-mirror-p-56143.html" "Mozilla/5.0 (Linux; Android 5.0) AppleWebKit/537.36 (KHTML, like Gecko) Mobile Safari/537.36 (compatible; Bytespider; spider-feedback@bytedance.com)"
47.128.16.254 - - [04/Sep/2023:17:39:40 +0200] "GET /highslide/graphics/zoomout.cur HTTP/1.0" 200 614 "http://www.wonder-geek.com/round-seashell-mirror-p-56143.html" "Mozilla/5.0 (Linux; Android 5.0) AppleWebKit/537.36 (KHTML, like Gecko) Mobile Safari/537.36 (compatible; Bytespider; spider-feedback@bytedance.com)"
47.128.19.227 - - [04/Sep/2023:17:39:47 +0200] "GET /highslide/graphics/outlines/drop-shadow.png HTTP/1.0" 200 277 "http://www.wonder-geek.com/retro-transistor-clock-p-56714.html" "Mozilla/5.0 (Linux; Android 5.0) AppleWebKit/537.36 (KHTML, like Gecko) Mobile Safari/537.36 (compatible; Bytespider; spider-feedback@bytedance.com)"
47.128.19.227 - - [04/Sep/2023:17:39:47 +0200] "GET /highslide/graphics/zoomout.cur HTTP/1.0" 200 614 "http://www.wonder-geek.com/retro-transistor-clock-p-56714.html" "Mozilla/5.0 (Linux; Android 5.0) AppleWebKit/537.36 (KHTML, like Gecko) Mobile Safari/537.36 (compatible; Bytespider; spider-feedback@bytedance.com)"
47.128.19.245 - - [04/Sep/2023:17:39:51 +0200] "GET /highslide/graphics/zoomout.cur HTTP/1.0" 200 614 "http://www.wonder-geek.com/door-bottom-cushion-maison-p-60757.html" "Mozilla/5.0 (Linux; Android 5.0) AppleWebKit/537.36 (KHTML, like Gecko) Mobile Safari/537.36 (compatible; Bytespider; spider-feedback@bytedance.com)"
47.128.19.245 - - [04/Sep/2023:17:39:51 +0200] "GET /highslide/graphics/outlines/drop-shadow.png HTTP/1.0" 200 277 "http://www.wonder-geek.com/door-bottom-cushion-maison-p-60757.html" "Mozilla/5.0 (Linux; Android 5.0) AppleWebKit/537.36 (KHTML, like Gecko) Mobile Safari/537.36 (compatible; Bytespider; spider-feedback@bytedance.com)"
47.128.19.245 - - [04/Sep/2023:17:39:52 +0200] "GET /images/big_prod/3700287119002.jpg HTTP/1.0" 200 268 "http://www.wonder-geek.com/door-bottom-cushion-maison-p-60757.html" "Mozilla/5.0 (Linux; Android 5.0) AppleWebKit/537.36 (KHTML, like Gecko) Mobile Safari/537.36 (compatible; Bytespider; spider-feedback@bytedance.com)"
40.77.167.73 - - [04/Sep/2023:17:40:13 +0200] "GET /mugs-mazagrans-c-12_57.html?page=17 HTTP/1.0" 200 99142 "-" "Mozilla/5.0 AppleWebKit/537.36 (KHTML, like Gecko; compatible; bingbot/2.0; +http://www.bing.com/bingbot.htm) Chrome/103.0.5060.134 Safari/537.36"
47.128.17.228 - - [04/Sep/2023:17:41:02 +0200] "GET /blossoms-watering-pendulum-clock-p-52389.html HTTP/1.0" 200 76801 "-" "Mozilla/5.0 (Linux; Android 5.0) AppleWebKit/537.36 (KHTML, like Gecko) Mobile Safari/537.36 (compatible; Bytespider; spider-feedback@bytedance.com)"
47.128.17.228 - - [04/Sep/2023:17:41:04 +0200] "GET /highslide/highslide.js HTTP/1.0" 200 262 "http://www.wonder-geek.com/blossoms-watering-pendulum-clock-p-52389.html" "Mozilla/5.0 (Linux; Android 5.0) AppleWebKit/537.36 (KHTML, like Gecko) Mobile Safari/537.36 (compatible; Bytespider; spider-feedback@bytedance.com)"
47.128.17.228 - - [04/Sep/2023:17:41:04 +0200] "GET /swfobject.js HTTP/1.0" 404 1308 "http://www.wonder-geek.com/blossoms-watering-pendulum-clock-p-52389.html" "Mozilla/5.0 (Linux; Android 5.0) AppleWebKit/537.36 (KHTML, like Gecko) Mobile Safari/537.36 (compatible; Bytespider; spider-feedback@bytedance.com)"
47.128.27.72 - - [04/Sep/2023:17:41:05 +0200] "GET /decorative-wooden-plate-fier-breton-brown-p-60218.html HTTP/1.0" 200 77045 "-" "Mozilla/5.0 (Linux; Android 5.0) AppleWebKit/537.36 (KHTML, like Gecko) Mobile Safari/537.36 (compatible; Bytespider; spider-feedback@bytedance.com)"
47.128.27.72 - - [04/Sep/2023:17:41:08 +0200] "GET /swfobject.js HTTP/1.0" 404 1308 "http://www.wonder-geek.com/decorative-wooden-plate-fier-breton-brown-p-60218.html" "Mozilla/5.0 (Linux; Android 5.0) AppleWebKit/537.36 (KHTML, like Gecko) Mobile Safari/537.36 (compatible; Bytespider; spider-feedback@bytedance.com)"
47.128.17.228 - - [04/Sep/2023:17:41:09 +0200] "GET /swfobject.js HTTP/1.0" 404 1308 "http://www.wonder-geek.com/blossoms-watering-pendulum-clock-p-52389.html" "Mozilla/5.0 (Linux; Android 5.0) AppleWebKit/537.36 (KHTML, like Gecko) Mobile Safari/537.36 (compatible; Bytespider; spider-feedback@bytedance.com)"
47.128.26.212 - - [04/Sep/2023:17:41:09 +0200] "GET /bouteilles-bordeaux-little-tray-p-44552.html HTTP/1.0" 200 76141 "-" "Mozilla/5.0 (Linux; Android 5.0) AppleWebKit/537.36 (KHTML, like Gecko) Mobile Safari/537.36 (compatible; Bytespider; spider-feedback@bytedance.com)"
47.128.26.212 - - [04/Sep/2023:17:41:11 +0200] "GET /swfobject.js HTTP/1.0" 404 1308 "http://www.wonder-geek.com/bouteilles-bordeaux-little-tray-p-44552.html" "Mozilla/5.0 (Linux; Android 5.0) AppleWebKit/537.36 (KHTML, like Gecko) Mobile Safari/537.36 (compatible; Bytespider; spider-feedback@bytedance.com)"
47.128.17.228 - - [04/Sep/2023:17:41:13 +0200] "GET /images/big_prod_1/3453131152440b.jpg HTTP/1.0" 200 271 "http://www.wonder-geek.com/blossoms-watering-pendulum-clock-p-52389.html" "Mozilla/5.0 (Linux; Android 5.0) AppleWebKit/537.36 (KHTML, like Gecko) Mobile Safari/537.36 (compatible; Bytespider; spider-feedback@bytedance.com)"
47.128.26.212 - - [04/Sep/2023:17:41:17 +0200] "GET /highslide/graphics/zoomout.cur HTTP/1.0" 200 614 "http://www.wonder-geek.com/bouteilles-bordeaux-little-tray-p-44552.html" "Mozilla/5.0 (Linux; Android 5.0) AppleWebKit/537.36 (KHTML, like Gecko) Mobile Safari/537.36 (compatible; Bytespider; spider-feedback@bytedance.com)"
47.128.26.212 - - [04/Sep/2023:17:41:17 +0200] "GET /highslide/graphics/outlines/drop-shadow.png HTTP/1.0" 200 277 "http://www.wonder-geek.com/bouteilles-bordeaux-little-tray-p-44552.html" "Mozilla/5.0 (Linux; Android 5.0) AppleWebKit/537.36 (KHTML, like Gecko) Mobile Safari/537.36 (compatible; Bytespider; spider-feedback@bytedance.com)"
47.128.27.72 - - [04/Sep/2023:17:41:18 +0200] "GET /images/big_prod_1/8445148204033B.jpg HTTP/1.0" 200 271 "http://www.wonder-geek.com/decorative-wooden-plate-fier-breton-brown-p-60218.html" "Mozilla/5.0 (Linux; Android 5.0) AppleWebKit/537.36 (KHTML, like Gecko) Mobile Safari/537.36 (compatible; Bytespider; spider-feedback@bytedance.com)"
47.128.26.188 - - [04/Sep/2023:17:41:20 +0200] "GET /pot-retro-glass-cleaning-day-happy-time-small-model-12-cm-p-41248.html HTTP/1.0" 301 73890 "-" "Mozilla/5.0 (Linux; Android 5.0) AppleWebKit/537.36 (KHTML, like Gecko) Mobile Safari/537.36 (compatible; Bytespider; spider-feedback@bytedance.com)"
47.128.26.188 - - [04/Sep/2023:17:41:22 +0200] "GET /retro-glass-cleaning-happy-time-small-model-p-41248.html HTTP/1.0" 200 73780 "-" "Mozilla/5.0 (Linux; Android 5.0) AppleWebKit/537.36 (KHTML, like Gecko) Mobile Safari/537.36 (compatible; Bytespider; spider-feedback@bytedance.com)"
47.128.26.188 - - [04/Sep/2023:17:41:24 +0200] "GET /swfobject.js HTTP/1.0" 404 1308 "http://www.wonder-geek.com/retro-glass-cleaning-happy-time-small-model-p-41248.html" "Mozilla/5.0 (Linux; Android 5.0) AppleWebKit/537.36 (KHTML, like Gecko) Mobile Safari/537.36 (compatible; Bytespider; spider-feedback@bytedance.com)"
47.128.26.188 - - [04/Sep/2023:17:41:30 +0200] "GET /highslide/graphics/outlines/drop-shadow.png HTTP/1.0" 200 277 "http://www.wonder-geek.com/retro-glass-cleaning-happy-time-small-model-p-41248.html" "Mozilla/5.0 (Linux; Android 5.0) AppleWebKit/537.36 (KHTML, like Gecko) Mobile Safari/537.36 (compatible; Bytespider; spider-feedback@bytedance.com)"
47.128.26.188 - - [04/Sep/2023:17:41:30 +0200] "GET /highslide/graphics/zoomout.cur HTTP/1.0" 200 614 "http://www.wonder-geek.com/retro-glass-cleaning-happy-time-small-model-p-41248.html" "Mozilla/5.0 (Linux; Android 5.0) AppleWebKit/537.36 (KHTML, like Gecko) Mobile Safari/537.36 (compatible; Bytespider; spider-feedback@bytedance.com)"
47.128.17.228 - - [04/Sep/2023:17:41:43 +0200] "GET /highslide/graphics/outlines/drop-shadow.png HTTP/1.0" 200 277 "http://www.wonder-geek.com/blossoms-watering-pendulum-clock-p-52389.html" "Mozilla/5.0 (Linux; Android 5.0) AppleWebKit/537.36 (KHTML, like Gecko) Mobile Safari/537.36 (compatible; Bytespider; spider-feedback@bytedance.com)"
47.128.27.72 - - [04/Sep/2023:17:41:48 +0200] "GET /highslide/graphics/zoomout.cur HTTP/1.0" 200 614 "http://www.wonder-geek.com/decorative-wooden-plate-fier-breton-brown-p-60218.html" "Mozilla/5.0 (Linux; Android 5.0) AppleWebKit/537.36 (KHTML, like Gecko) Mobile Safari/537.36 (compatible; Bytespider; spider-feedback@bytedance.com)"
47.128.27.72 - - [04/Sep/2023:17:41:48 +0200] "GET /highslide/graphics/outlines/drop-shadow.png HTTP/1.0" 200 277 "http://www.wonder-geek.com/decorative-wooden-plate-fier-breton-brown-p-60218.html" "Mozilla/5.0 (Linux; Android 5.0) AppleWebKit/537.36 (KHTML, like Gecko) Mobile Safari/537.36 (compatible; Bytespider; spider-feedback@bytedance.com)"
47.128.27.72 - - [04/Sep/2023:17:41:49 +0200] "GET /images/big_prod/8445148204033.jpg HTTP/1.0" 200 268 "http://www.wonder-geek.com/decorative-wooden-plate-fier-breton-brown-p-60218.html" "Mozilla/5.0 (Linux; Android 5.0) AppleWebKit/537.36 (KHTML, like Gecko) Mobile Safari/537.36 (compatible; Bytespider; spider-feedback@bytedance.com)"
47.128.28.7 - - [04/Sep/2023:17:43:33 +0200] "GET /aluminum-horse-bookends-p-59488.html HTTP/1.0" 200 76957 "-" "Mozilla/5.0 (Linux; Android 5.0) AppleWebKit/537.36 (KHTML, like Gecko) Mobile Safari/537.36 (compatible; Bytespider; spider-feedback@bytedance.com)"
47.128.28.7 - - [04/Sep/2023:17:43:36 +0200] "GET /swfobject.js HTTP/1.0" 404 1308 "http://www.wonder-geek.com/aluminum-horse-bookends-p-59488.html" "Mozilla/5.0 (Linux; Android 5.0) AppleWebKit/537.36 (KHTML, like Gecko) Mobile Safari/537.36 (compatible; Bytespider; spider-feedback@bytedance.com)"
47.128.20.247 - - [04/Sep/2023:17:43:35 +0200] "GET /little-prince-exupery-little-tray-p-55869.html HTTP/1.0" 200 76320 "-" "Mozilla/5.0 (Linux; Android 5.0) AppleWebKit/537.36 (KHTML, like Gecko) Mobile Safari/537.36 (compatible; Bytespider; spider-feedback@bytedance.com)"
47.128.20.247 - - [04/Sep/2023:17:43:37 +0200] "GET /swfobject.js HTTP/1.0" 404 1308 "http://www.wonder-geek.com/little-prince-exupery-little-tray-p-55869.html" "Mozilla/5.0 (Linux; Android 5.0) AppleWebKit/537.36 (KHTML, like Gecko) Mobile Safari/537.36 (compatible; Bytespider; spider-feedback@bytedance.com)"
47.128.21.238 - - [04/Sep/2023:17:43:37 +0200] "GET /led-princess-swan-with-crown-nightlight-p-53137.html HTTP/1.0" 301 73822 "-" "Mozilla/5.0 (Linux; Android 5.0) AppleWebKit/537.36 (KHTML, like Gecko) Mobile Safari/537.36 (compatible; Bytespider; spider-feedback@bytedance.com)"
47.128.21.238 - - [04/Sep/2023:17:43:39 +0200] "GET /princess-swan-with-crown-nightlight-p-53137.html HTTP/1.0" 200 73720 "-" "Mozilla/5.0 (Linux; Android 5.0) AppleWebKit/537.36 (KHTML, like Gecko) Mobile Safari/537.36 (compatible; Bytespider; spider-feedback@bytedance.com)"
47.128.21.238 - - [04/Sep/2023:17:43:41 +0200] "GET /swfobject.js HTTP/1.0" 404 1308 "http://www.wonder-geek.com/princess-swan-with-crown-nightlight-p-53137.html" "Mozilla/5.0 (Linux; Android 5.0) AppleWebKit/537.36 (KHTML, like Gecko) Mobile Safari/537.36 (compatible; Bytespider; spider-feedback@bytedance.com)"
47.128.19.60 - - [04/Sep/2023:17:43:42 +0200] "GET /exupry-petit-prince-money-rose-p-53860.html HTTP/1.0" 200 76744 "-" "Mozilla/5.0 (Linux; Android 5.0) AppleWebKit/537.36 (KHTML, like Gecko) Mobile Safari/537.36 (compatible; Bytespider; spider-feedback@bytedance.com)"
47.128.19.60 - - [04/Sep/2023:17:43:44 +0200] "GET /swfobject.js HTTP/1.0" 404 1308 "http://www.wonder-geek.com/exupry-petit-prince-money-rose-p-53860.html" "Mozilla/5.0 (Linux; Android 5.0) AppleWebKit/537.36 (KHTML, like Gecko) Mobile Safari/537.36 (compatible; Bytespider; spider-feedback@bytedance.com)"
47.128.28.7 - - [04/Sep/2023:17:43:46 +0200] "GET /images/big_prod_2/8435650611139C.jpg HTTP/1.0" 200 271 "http://www.wonder-geek.com/aluminum-horse-bookends-p-59488.html" "Mozilla/5.0 (Linux; Android 5.0) AppleWebKit/537.36 (KHTML, like Gecko) Mobile Safari/537.36 (compatible; Bytespider; spider-feedback@bytedance.com)"
47.128.28.7 - - [04/Sep/2023:17:43:46 +0200] "GET /images/big_prod_1/8435650611139B.jpg HTTP/1.0" 200 271 "http://www.wonder-geek.com/aluminum-horse-bookends-p-59488.html" "Mozilla/5.0 (Linux; Android 5.0) AppleWebKit/537.36 (KHTML, like Gecko) Mobile Safari/537.36 (compatible; Bytespider; spider-feedback@bytedance.com)"
47.128.28.7 - - [04/Sep/2023:17:43:46 +0200] "GET /images/big_prod_3/8435650611139D.jpg HTTP/1.0" 200 271 "http://www.wonder-geek.com/aluminum-horse-bookends-p-59488.html" "Mozilla/5.0 (Linux; Android 5.0) AppleWebKit/537.36 (KHTML, like Gecko) Mobile Safari/537.36 (compatible; Bytespider; spider-feedback@bytedance.com)"
47.128.21.238 - - [04/Sep/2023:17:43:47 +0200] "GET /highslide/graphics/zoomout.cur HTTP/1.0" 200 614 "http://www.wonder-geek.com/princess-swan-with-crown-nightlight-p-53137.html" "Mozilla/5.0 (Linux; Android 5.0) AppleWebKit/537.36 (KHTML, like Gecko) Mobile Safari/537.36 (compatible; Bytespider; spider-feedback@bytedance.com)"
47.128.21.238 - - [04/Sep/2023:17:43:47 +0200] "GET /highslide/graphics/outlines/drop-shadow.png HTTP/1.0" 200 277 "http://www.wonder-geek.com/princess-swan-with-crown-nightlight-p-53137.html" "Mozilla/5.0 (Linux; Android 5.0) AppleWebKit/537.36 (KHTML, like Gecko) Mobile Safari/537.36 (compatible; Bytespider; spider-feedback@bytedance.com)"
47.128.19.60 - - [04/Sep/2023:17:43:49 +0200] "GET /images/big_prod_1/3700572726168B.jpg HTTP/1.0" 200 271 "http://www.wonder-geek.com/exupry-petit-prince-money-rose-p-53860.html" "Mozilla/5.0 (Linux; Android 5.0) AppleWebKit/537.36 (KHTML, like Gecko) Mobile Safari/537.36 (compatible; Bytespider; spider-feedback@bytedance.com)"
47.128.19.122 - - [04/Sep/2023:17:43:50 +0200] "GET /mustache-women-shirt-p-31175.html HTTP/1.0" 200 77900 "-" "Mozilla/5.0 (Linux; Android 5.0) AppleWebKit/537.36 (KHTML, like Gecko) Mobile Safari/537.36 (compatible; Bytespider; spider-feedback@bytedance.com)"
47.128.19.122 - - [04/Sep/2023:17:43:52 +0200] "GET /swfobject.js HTTP/1.0" 404 1308 "http://www.wonder-geek.com/mustache-women-shirt-p-31175.html" "Mozilla/5.0 (Linux; Android 5.0) AppleWebKit/537.36 (KHTML, like Gecko) Mobile Safari/537.36 (compatible; Bytespider; spider-feedback@bytedance.com)"
47.128.23.163 - - [04/Sep/2023:17:43:55 +0200] "GET /industrial-pouf-storage-box-large-size-36-cm-only-p-45098.html HTTP/1.0" 301 73910 "-" "Mozilla/5.0 (Linux; Android 5.0) AppleWebKit/537.36 (KHTML, like Gecko) Mobile Safari/537.36 (compatible; Bytespider; spider-feedback@bytedance.com)"
47.128.23.163 - - [04/Sep/2023:17:43:57 +0200] "GET /industrial-pouf-storage-large-size-only-p-45098.html HTTP/1.0" 200 73804 "-" "Mozilla/5.0 (Linux; Android 5.0) AppleWebKit/537.36 (KHTML, like Gecko) Mobile Safari/537.36 (compatible; Bytespider; spider-feedback@bytedance.com)"
47.128.29.96 - - [04/Sep/2023:17:43:57 +0200] "GET /lola-shower-towel-white-p-41784.html HTTP/1.0" 200 76861 "-" "Mozilla/5.0 (Linux; Android 5.0) AppleWebKit/537.36 (KHTML, like Gecko) Mobile Safari/537.36 (compatible; Bytespider; spider-feedback@bytedance.com)"
47.128.19.60 - - [04/Sep/2023:17:43:58 +0200] "GET /highslide/graphics/outlines/drop-shadow.png HTTP/1.0" 200 277 "http://www.wonder-geek.com/exupry-petit-prince-money-rose-p-53860.html" "Mozilla/5.0 (Linux; Android 5.0) AppleWebKit/537.36 (KHTML, like Gecko) Mobile Safari/537.36 (compatible; Bytespider; spider-feedback@bytedance.com)"
47.128.19.60 - - [04/Sep/2023:17:43:58 +0200] "GET /highslide/graphics/zoomout.cur HTTP/1.0" 200 614 "http://www.wonder-geek.com/exupry-petit-prince-money-rose-p-53860.html" "Mozilla/5.0 (Linux; Android 5.0) AppleWebKit/537.36 (KHTML, like Gecko) Mobile Safari/537.36 (compatible; Bytespider; spider-feedback@bytedance.com)"
47.128.19.60 - - [04/Sep/2023:17:43:58 +0200] "GET /images/big_prod/3700572726168.jpg HTTP/1.0" 200 268 "http://www.wonder-geek.com/exupry-petit-prince-money-rose-p-53860.html" "Mozilla/5.0 (Linux; Android 5.0) AppleWebKit/537.36 (KHTML, like Gecko) Mobile Safari/537.36 (compatible; Bytespider; spider-feedback@bytedance.com)"
47.128.29.96 - - [04/Sep/2023:17:43:59 +0200] "GET /swfobject.js HTTP/1.0" 404 1308 "http://www.wonder-geek.com/lola-shower-towel-white-p-41784.html" "Mozilla/5.0 (Linux; Android 5.0) AppleWebKit/537.36 (KHTML, like Gecko) Mobile Safari/537.36 (compatible; Bytespider; spider-feedback@bytedance.com)"
47.128.23.163 - - [04/Sep/2023:17:44:00 +0200] "GET /swfobject.js HTTP/1.0" 404 1308 "http://www.wonder-geek.com/industrial-pouf-storage-large-size-only-p-45098.html" "Mozilla/5.0 (Linux; Android 5.0) AppleWebKit/537.36 (KHTML, like Gecko) Mobile Safari/537.36 (compatible; Bytespider; spider-feedback@bytedance.com)"
47.128.29.96 - - [04/Sep/2023:17:44:06 +0200] "GET /images/big_prod_1/3014627774395.jpg HTTP/1.0" 200 270 "http://www.wonder-geek.com/lola-shower-towel-white-p-41784.html" "Mozilla/5.0 (Linux; Android 5.0) AppleWebKit/537.36 (KHTML, like Gecko) Mobile Safari/537.36 (compatible; Bytespider; spider-feedback@bytedance.com)"
47.128.27.241 - - [04/Sep/2023:17:44:05 +0200] "GET /kimmidoll-nobuko-bangle-p-15854.html HTTP/1.0" 200 76972 "-" "Mozilla/5.0 (Linux; Android 5.0) AppleWebKit/537.36 (KHTML, like Gecko) Mobile Safari/537.36 (compatible; Bytespider; spider-feedback@bytedance.com)"
47.128.27.241 - - [04/Sep/2023:17:44:07 +0200] "GET /swfobject.js HTTP/1.0" 404 1308 "http://www.wonder-geek.com/kimmidoll-nobuko-bangle-p-15854.html" "Mozilla/5.0 (Linux; Android 5.0) AppleWebKit/537.36 (KHTML, like Gecko) Mobile Safari/537.36 (compatible; Bytespider; spider-feedback@bytedance.com)"
47.128.20.169 - - [04/Sep/2023:17:44:07 +0200] "GET /small-metallic-retro-welcome-surfing-p-38918.html HTTP/1.0" 200 73730 "-" "Mozilla/5.0 (Linux; Android 5.0) AppleWebKit/537.36 (KHTML, like Gecko) Mobile Safari/537.36 (compatible; Bytespider; spider-feedback@bytedance.com)"
47.128.20.169 - - [04/Sep/2023:17:44:09 +0200] "GET /swfobject.js HTTP/1.0" 404 1308 "http://www.wonder-geek.com/small-metallic-retro-welcome-surfing-p-38918.html" "Mozilla/5.0 (Linux; Android 5.0) AppleWebKit/537.36 (KHTML, like Gecko) Mobile Safari/537.36 (compatible; Bytespider; spider-feedback@bytedance.com)"
47.128.19.122 - - [04/Sep/2023:17:44:09 +0200] "GET /highslide/graphics/outlines/drop-shadow.png HTTP/1.0" 200 277 "http://www.wonder-geek.com/mustache-women-shirt-p-31175.html" "Mozilla/5.0 (Linux; Android 5.0) AppleWebKit/537.36 (KHTML, like Gecko) Mobile Safari/537.36 (compatible; Bytespider; spider-feedback@bytedance.com)"
47.128.19.122 - - [04/Sep/2023:17:44:09 +0200] "GET /highslide/graphics/zoomout.cur HTTP/1.0" 200 614 "http://www.wonder-geek.com/mustache-women-shirt-p-31175.html" "Mozilla/5.0 (Linux; Android 5.0) AppleWebKit/537.36 (KHTML, like Gecko) Mobile Safari/537.36 (compatible; Bytespider; spider-feedback@bytedance.com)"
47.128.19.122 - - [04/Sep/2023:17:44:10 +0200] "GET /images/med_prod/0000000moust.jpg HTTP/1.0" 200 267 "http://www.wonder-geek.com/mustache-women-shirt-p-31175.html" "Mozilla/5.0 (Linux; Android 5.0) AppleWebKit/537.36 (KHTML, like Gecko) Mobile Safari/537.36 (compatible; Bytespider; spider-feedback@bytedance.com)"
47.128.17.255 - - [04/Sep/2023:17:44:10 +0200] "GET /cats-small-melamine-tray-p-45157.html HTTP/1.0" 200 76022 "-" "Mozilla/5.0 (Linux; Android 5.0) AppleWebKit/537.36 (KHTML, like Gecko) Mobile Safari/537.36 (compatible; Bytespider; spider-feedback@bytedance.com)"
47.128.17.255 - - [04/Sep/2023:17:44:12 +0200] "GET /swfobject.js HTTP/1.0" 404 1308 "http://www.wonder-geek.com/cats-small-melamine-tray-p-45157.html" "Mozilla/5.0 (Linux; Android 5.0) AppleWebKit/537.36 (KHTML, like Gecko) Mobile Safari/537.36 (compatible; Bytespider; spider-feedback@bytedance.com)"
47.128.21.219 - - [04/Sep/2023:17:44:12 +0200] "GET /canvas-frame-rgles-toilettes-p-51268.html HTTP/1.0" 200 76707 "-" "Mozilla/5.0 (Linux; Android 5.0) AppleWebKit/537.36 (KHTML, like Gecko) Mobile Safari/537.36 (compatible; Bytespider; spider-feedback@bytedance.com)"
47.128.21.219 - - [04/Sep/2023:17:44:14 +0200] "GET /swfobject.js HTTP/1.0" 404 1308 "http://www.wonder-geek.com/canvas-frame-rgles-toilettes-p-51268.html" "Mozilla/5.0 (Linux; Android 5.0) AppleWebKit/537.36 (KHTML, like Gecko) Mobile Safari/537.36 (compatible; Bytespider; spider-feedback@bytedance.com)"
47.128.20.169 - - [04/Sep/2023:17:44:16 +0200] "GET /highslide/graphics/zoomout.cur HTTP/1.0" 200 614 "http://www.wonder-geek.com/small-metallic-retro-welcome-surfing-p-38918.html" "Mozilla/5.0 (Linux; Android 5.0) AppleWebKit/537.36 (KHTML, like Gecko) Mobile Safari/537.36 (compatible; Bytespider; spider-feedback@bytedance.com)"
47.128.20.169 - - [04/Sep/2023:17:44:16 +0200] "GET /highslide/graphics/outlines/drop-shadow.png HTTP/1.0" 200 277 "http://www.wonder-geek.com/small-metallic-retro-welcome-surfing-p-38918.html" "Mozilla/5.0 (Linux; Android 5.0) AppleWebKit/537.36 (KHTML, like Gecko) Mobile Safari/537.36 (compatible; Bytespider; spider-feedback@bytedance.com)"
47.128.28.7 - - [04/Sep/2023:17:44:16 +0200] "GET /highslide/graphics/outlines/drop-shadow.png HTTP/1.0" 200 277 "http://www.wonder-geek.com/aluminum-horse-bookends-p-59488.html" "Mozilla/5.0 (Linux; Android 5.0) AppleWebKit/537.36 (KHTML, like Gecko) Mobile Safari/537.36 (compatible; Bytespider; spider-feedback@bytedance.com)"
47.128.28.7 - - [04/Sep/2023:17:44:16 +0200] "GET /highslide/graphics/zoomout.cur HTTP/1.0" 200 614 "http://www.wonder-geek.com/aluminum-horse-bookends-p-59488.html" "Mozilla/5.0 (Linux; Android 5.0) AppleWebKit/537.36 (KHTML, like Gecko) Mobile Safari/537.36 (compatible; Bytespider; spider-feedback@bytedance.com)"
47.128.28.7 - - [04/Sep/2023:17:44:17 +0200] "GET /images/big_prod/8435650611139.jpg HTTP/1.0" 200 268 "http://www.wonder-geek.com/aluminum-horse-bookends-p-59488.html" "Mozilla/5.0 (Linux; Android 5.0) AppleWebKit/537.36 (KHTML, like Gecko) Mobile Safari/537.36 (compatible; Bytespider; spider-feedback@bytedance.com)"
47.128.19.119 - - [04/Sep/2023:17:44:16 +0200] "GET /mini-motsu-keel-toys-plush-p-46191.html HTTP/1.0" 200 73703 "-" "Mozilla/5.0 (Linux; Android 5.0) AppleWebKit/537.36 (KHTML, like Gecko) Mobile Safari/537.36 (compatible; Bytespider; spider-feedback@bytedance.com)"
47.128.17.255 - - [04/Sep/2023:17:44:18 +0200] "GET /highslide/graphics/outlines/drop-shadow.png HTTP/1.0" 200 277 "http://www.wonder-geek.com/cats-small-melamine-tray-p-45157.html" "Mozilla/5.0 (Linux; Android 5.0) AppleWebKit/537.36 (KHTML, like Gecko) Mobile Safari/537.36 (compatible; Bytespider; spider-feedback@bytedance.com)"
47.128.17.255 - - [04/Sep/2023:17:44:18 +0200] "GET /highslide/graphics/zoomout.cur HTTP/1.0" 200 614 "http://www.wonder-geek.com/cats-small-melamine-tray-p-45157.html" "Mozilla/5.0 (Linux; Android 5.0) AppleWebKit/537.36 (KHTML, like Gecko) Mobile Safari/537.36 (compatible; Bytespider; spider-feedback@bytedance.com)"
47.128.17.255 - - [04/Sep/2023:17:44:18 +0200] "GET /images/big_prod/3560600262538.jpg HTTP/1.0" 200 268 "http://www.wonder-geek.com/cats-small-melamine-tray-p-45157.html" "Mozilla/5.0 (Linux; Android 5.0) AppleWebKit/537.36 (KHTML, like Gecko) Mobile Safari/537.36 (compatible; Bytespider; spider-feedback@bytedance.com)"
54.36.148.45 - - [04/Sep/2023:17:44:18 +0200] "GET /incense-stick-holder-p-59079.html HTTP/1.0" 200 76702 "-" "Mozilla/5.0 (compatible; AhrefsBot/7.0; +http://ahrefs.com/robot/)"
47.128.19.119 - - [04/Sep/2023:17:44:19 +0200] "GET /swfobject.js HTTP/1.0" 404 1308 "http://www.wonder-geek.com/mini-motsu-keel-toys-plush-p-46191.html" "Mozilla/5.0 (Linux; Android 5.0) AppleWebKit/537.36 (KHTML, like Gecko) Mobile Safari/537.36 (compatible; Bytespider; spider-feedback@bytedance.com)"
47.128.21.219 - - [04/Sep/2023:17:44:23 +0200] "GET /images/big_prod_1/3609810095076a.jpg HTTP/1.0" 200 271 "http://www.wonder-geek.com/canvas-frame-rgles-toilettes-p-51268.html" "Mozilla/5.0 (Linux; Android 5.0) AppleWebKit/537.36 (KHTML, like Gecko) Mobile Safari/537.36 (compatible; Bytespider; spider-feedback@bytedance.com)"
47.128.29.96 - - [04/Sep/2023:17:44:29 +0200] "GET /highslide/graphics/zoomout.cur HTTP/1.0" 200 614 "http://www.wonder-geek.com/lola-shower-towel-white-p-41784.html" "Mozilla/5.0 (Linux; Android 5.0) AppleWebKit/537.36 (KHTML, like Gecko) Mobile Safari/537.36 (compatible; Bytespider; spider-feedback@bytedance.com)"
47.128.29.96 - - [04/Sep/2023:17:44:29 +0200] "GET /highslide/graphics/outlines/drop-shadow.png HTTP/1.0" 200 277 "http://www.wonder-geek.com/lola-shower-towel-white-p-41784.html" "Mozilla/5.0 (Linux; Android 5.0) AppleWebKit/537.36 (KHTML, like Gecko) Mobile Safari/537.36 (compatible; Bytespider; spider-feedback@bytedance.com)"
47.128.23.163 - - [04/Sep/2023:17:44:30 +0200] "GET /highslide/graphics/outlines/drop-shadow.png HTTP/1.0" 200 277 "http://www.wonder-geek.com/industrial-pouf-storage-large-size-only-p-45098.html" "Mozilla/5.0 (Linux; Android 5.0) AppleWebKit/537.36 (KHTML, like Gecko) Mobile Safari/537.36 (compatible; Bytespider; spider-feedback@bytedance.com)"
47.128.23.163 - - [04/Sep/2023:17:44:30 +0200] "GET /highslide/graphics/zoomout.cur HTTP/1.0" 200 614 "http://www.wonder-geek.com/industrial-pouf-storage-large-size-only-p-45098.html" "Mozilla/5.0 (Linux; Android 5.0) AppleWebKit/537.36 (KHTML, like Gecko) Mobile Safari/537.36 (compatible; Bytespider; spider-feedback@bytedance.com)"
47.128.19.119 - - [04/Sep/2023:17:44:35 +0200] "GET /highslide/graphics/zoomout.cur HTTP/1.0" 200 614 "http://www.wonder-geek.com/mini-motsu-keel-toys-plush-p-46191.html" "Mozilla/5.0 (Linux; Android 5.0) AppleWebKit/537.36 (KHTML, like Gecko) Mobile Safari/537.36 (compatible; Bytespider; spider-feedback@bytedance.com)"
47.128.27.241 - - [04/Sep/2023:17:44:41 +0200] "GET /highslide/graphics/zoomout.cur HTTP/1.0" 200 614 "http://www.wonder-geek.com/kimmidoll-nobuko-bangle-p-15854.html" "Mozilla/5.0 (Linux; Android 5.0) AppleWebKit/537.36 (KHTML, like Gecko) Mobile Safari/537.36 (compatible; Bytespider; spider-feedback@bytedance.com)"
47.128.27.241 - - [04/Sep/2023:17:44:41 +0200] "GET /highslide/graphics/outlines/drop-shadow.png HTTP/1.0" 200 277 "http://www.wonder-geek.com/kimmidoll-nobuko-bangle-p-15854.html" "Mozilla/5.0 (Linux; Android 5.0) AppleWebKit/537.36 (KHTML, like Gecko) Mobile Safari/537.36 (compatible; Bytespider; spider-feedback@bytedance.com)"
47.128.27.241 - - [04/Sep/2023:17:44:43 +0200] "GET /images/9316188038959.jpg HTTP/1.0" 200 259 "http://www.wonder-geek.com/kimmidoll-nobuko-bangle-p-15854.html" "Mozilla/5.0 (Linux; Android 5.0) AppleWebKit/537.36 (KHTML, like Gecko) Mobile Safari/537.36 (compatible; Bytespider; spider-feedback@bytedance.com)"
47.128.21.219 - - [04/Sep/2023:17:44:45 +0200] "GET /highslide/graphics/zoomout.cur HTTP/1.0" 200 614 "http://www.wonder-geek.com/canvas-frame-rgles-toilettes-p-51268.html" "Mozilla/5.0 (Linux; Android 5.0) AppleWebKit/537.36 (KHTML, like Gecko) Mobile Safari/537.36 (compatible; Bytespider; spider-feedback@bytedance.com)"
47.128.21.219 - - [04/Sep/2023:17:44:45 +0200] "GET /highslide/graphics/outlines/drop-shadow.png HTTP/1.0" 200 277 "http://www.wonder-geek.com/canvas-frame-rgles-toilettes-p-51268.html" "Mozilla/5.0 (Linux; Android 5.0) AppleWebKit/537.36 (KHTML, like Gecko) Mobile Safari/537.36 (compatible; Bytespider; spider-feedback@bytedance.com)"
47.128.21.219 - - [04/Sep/2023:17:44:46 +0200] "GET /images/big_prod/3609810095076.jpg HTTP/1.0" 200 268 "http://www.wonder-geek.com/canvas-frame-rgles-toilettes-p-51268.html" "Mozilla/5.0 (Linux; Android 5.0) AppleWebKit/537.36 (KHTML, like Gecko) Mobile Safari/537.36 (compatible; Bytespider; spider-feedback@bytedance.com)"
141.147.65.190 - - [04/Sep/2023:17:45:37 +0200] "GET /images/big_prod_2/c8719497610501.jpg HTTP/1.0" 200 271 "-" "Mozilla/5.0 (X11; Ubuntu; Linux x86_64; rv:72.0) Gecko/20100101 Firefox/72.0"
40.77.167.241 - - [04/Sep/2023:17:46:04 +0200] "GET /isothermic-stainless-steel-bottle-buddha-cbkreation-p-60747.html HTTP/1.0" 200 76174 "-" "Mozilla/5.0 AppleWebKit/537.36 (KHTML, like Gecko; compatible; bingbot/2.0; +http://www.bing.com/bingbot.htm) Chrome/103.0.5060.134 Safari/537.36"
51.68.224.127 - - [04/Sep/2023:17:47:42 +0200] "GET /adminweb/export_orders_xml.php?token=256de2z6edz6ed2z6DFSFsed2zed6zeDSFDSGdzedezfzf&maxorders=10&orderstart=1&status=14&start_date=2018-10-01 HTTP/1.0" 200 285 "-" "GesCom CharlotteBoutik Serveur"
51.68.224.127 - - [04/Sep/2023:17:47:42 +0200] "GET /adminweb/export_orders_xml.php?token=256de2z6edz6ed2z6DFSFsed2zed6zeDSFDSGdzedezfzf&maxorders=10&orderstart=1&status=6&start_date=2018-10-01 HTTP/1.0" 200 33963 "-" "GesCom CharlotteBoutik Serveur"
47.128.27.163 - - [04/Sep/2023:17:47:49 +0200] "GET /wooden-sticker-strips-p-54620.html HTTP/1.0" 200 77066 "-" "Mozilla/5.0 (Linux; Android 5.0) AppleWebKit/537.36 (KHTML, like Gecko) Mobile Safari/537.36 (compatible; Bytespider; spider-feedback@bytedance.com)"
47.128.27.163 - - [04/Sep/2023:17:47:51 +0200] "GET /swfobject.js HTTP/1.0" 404 1308 "http://www.wonder-geek.com/wooden-sticker-strips-p-54620.html" "Mozilla/5.0 (Linux; Android 5.0) AppleWebKit/537.36 (KHTML, like Gecko) Mobile Safari/537.36 (compatible; Bytespider; spider-feedback@bytedance.com)"
47.128.27.163 - - [04/Sep/2023:17:47:55 +0200] "GET /images/big_prod_1/3609810091245a.jpg HTTP/1.0" 200 271 "http://www.wonder-geek.com/wooden-sticker-strips-p-54620.html" "Mozilla/5.0 (Linux; Android 5.0) AppleWebKit/537.36 (KHTML, like Gecko) Mobile Safari/537.36 (compatible; Bytespider; spider-feedback@bytedance.com)"
47.128.27.163 - - [04/Sep/2023:17:47:55 +0200] "GET /images/big_prod_2/3609810091245b.jpg HTTP/1.0" 200 271 "http://www.wonder-geek.com/wooden-sticker-strips-p-54620.html" "Mozilla/5.0 (Linux; Android 5.0) AppleWebKit/537.36 (KHTML, like Gecko) Mobile Safari/537.36 (compatible; Bytespider; spider-feedback@bytedance.com)"
216.244.66.242 - - [04/Sep/2023:17:47:59 +0200] "GET /small-baby-teeth-p-60183.html HTTP/1.0" 200 76645 "-" "Mozilla/5.0 (compatible; DotBot/1.2; +https://opensiteexplorer.org/dotbot; help@moz.com)"
47.128.27.163 - - [04/Sep/2023:17:48:05 +0200] "GET /highslide/graphics/outlines/drop-shadow.png HTTP/1.0" 200 277 "http://www.wonder-geek.com/wooden-sticker-strips-p-54620.html" "Mozilla/5.0 (Linux; Android 5.0) AppleWebKit/537.36 (KHTML, like Gecko) Mobile Safari/537.36 (compatible; Bytespider; spider-feedback@bytedance.com)"
47.128.27.163 - - [04/Sep/2023:17:48:05 +0200] "GET /highslide/graphics/zoomout.cur HTTP/1.0" 200 614 "http://www.wonder-geek.com/wooden-sticker-strips-p-54620.html" "Mozilla/5.0 (Linux; Android 5.0) AppleWebKit/537.36 (KHTML, like Gecko) Mobile Safari/537.36 (compatible; Bytespider; spider-feedback@bytedance.com)"
216.244.66.242 - - [04/Sep/2023:17:48:05 +0200] "GET /small-baby-teeth-p-60188.html HTTP/1.0" 200 76042 "-" "Mozilla/5.0 (compatible; DotBot/1.2; +https://opensiteexplorer.org/dotbot; help@moz.com)"
87.250.224.218 - - [04/Sep/2023:17:48:20 +0200] "GET /large-maxi-trays-c-12_159_262.html?page=1 HTTP/1.0" 200 92958 "-" "Mozilla/5.0 (compatible; YandexBot/3.0; +http://yandex.com/bots)"
54.36.149.32 - - [04/Sep/2023:17:49:02 +0200] "GET /accessories-c-3.html?page=9 HTTP/1.0" 200 95950 "-" "Mozilla/5.0 (compatible; AhrefsBot/7.0; +http://ahrefs.com/robot/)"
69.28.236.4 - - [04/Sep/2023:17:49:41 +0200] "GET /images/mini_prod/8033667001174.jpg HTTP/1.0" 200 269 "-" "Mozilla/5.0 (X11; Ubuntu; Linux x86_64; rv:72.0) Gecko/20100101 Firefox/72.0"
66.249.66.205 - - [04/Sep/2023:17:49:52 +0200] "GET /ads.txt HTTP/1.0" 404 1308 "-" "Mozilla/5.0 (compatible; Googlebot/2.1; +http://www.google.com/bot.html)"
17.241.75.45 - - [04/Sep/2023:17:50:37 +0200] "GET /images/big_prod_3/8712159183962B.jpg HTTP/1.0" 200 271 "-" "Mozilla/5.0 (Macintosh; Intel Mac OS X 10_15_5) AppleWebKit/605.1.15 (KHTML, like Gecko) Version/13.1.1 Safari/605.1.15 (Applebot/0.1; +http://www.apple.com/go/applebot)"
52.167.144.22 - - [04/Sep/2023:17:50:45 +0200] "GET /decorations/money-boxes/wwe-batista-and-randy-orton-metal-money-box-p-13891.html HTTP/1.0" 301 73649 "-" "Mozilla/5.0 AppleWebKit/537.36 (KHTML, like Gecko; compatible; bingbot/2.0; +http://www.bing.com/bingbot.htm) Chrome/103.0.5060.134 Safari/537.36"
17.241.227.88 - - [04/Sep/2023:17:50:58 +0200] "GET /images/mini_prod/8433933118740.jpg HTTP/1.0" 200 269 "-" "Mozilla/5.0 (Macintosh; Intel Mac OS X 10_15_5) AppleWebKit/605.1.15 (KHTML, like Gecko) Version/13.1.1 Safari/605.1.15 (Applebot/0.1; +http://www.apple.com/go/applebot)"
66.249.66.207 - - [04/Sep/2023:17:52:52 +0200] "GET /meditation-cushion-organic-cotton-p-51650.html HTTP/1.0" 200 77762 "-" "Mozilla/5.0 (Linux; Android 6.0.1; Nexus 5X Build/MMB29P) AppleWebKit/537.36 (KHTML, like Gecko) Chrome/116.0.5845.110 Mobile Safari/537.36 (compatible; Googlebot/2.1; +http://www.google.com/bot.html)"
101.33.78.87 - - [04/Sep/2023:17:53:05 +0200] "GET /images/mini_prod/3661443610439.jpg HTTP/1.0" 200 269 "-" "Mozilla/5.0 (X11; Ubuntu; Linux x86_64; rv:72.0) Gecko/20100101 Firefox/72.0"
17.241.227.35 - - [04/Sep/2023:17:53:09 +0200] "GET /images/mini_prod/3453131158701.jpg HTTP/1.0" 200 269 "-" "Mozilla/5.0 (Macintosh; Intel Mac OS X 10_15_5) AppleWebKit/605.1.15 (KHTML, like Gecko) Version/13.1.1 Safari/605.1.15 (Applebot/0.1; +http://www.apple.com/go/applebot)"
47.128.20.7 - - [04/Sep/2023:17:53:28 +0200] "GET /espresso-cups-bistro-p-59567.html HTTP/1.0" 200 75973 "-" "Mozilla/5.0 (Linux; Android 5.0) AppleWebKit/537.36 (KHTML, like Gecko) Mobile Safari/537.36 (compatible; Bytespider; spider-feedback@bytedance.com)"
47.128.20.7 - - [04/Sep/2023:17:53:31 +0200] "GET /swfobject.js HTTP/1.0" 404 1308 "http://www.wonder-geek.com/espresso-cups-bistro-p-59567.html" "Mozilla/5.0 (Linux; Android 5.0) AppleWebKit/537.36 (KHTML, like Gecko) Mobile Safari/537.36 (compatible; Bytespider; spider-feedback@bytedance.com)"
47.128.20.7 - - [04/Sep/2023:17:53:35 +0200] "GET /highslide/graphics/zoomout.cur HTTP/1.0" 200 614 "http://www.wonder-geek.com/espresso-cups-bistro-p-59567.html" "Mozilla/5.0 (Linux; Android 5.0) AppleWebKit/537.36 (KHTML, like Gecko) Mobile Safari/537.36 (compatible; Bytespider; spider-feedback@bytedance.com)"
114.119.157.112 - - [04/Sep/2023:17:53:52 +0200] "GET /table-lamps-c-86_286.html?page=4 HTTP/1.0" 200 96137 "http://www.wonder-geek.com/table-lamps-c-86_286.html?page=7" "Mozilla/5.0 (Linux; Android 7.0;) AppleWebKit/537.36 (KHTML, like Gecko) Mobile Safari/537.36 (compatible; PetalBot;+https://webmaster.petalsearch.com/site/petalbot)"
54.36.149.12 - - [04/Sep/2023:17:54:10 +0200] "GET /girls-c-1.html HTTP/1.0" 200 94811 "-" "Mozilla/5.0 (compatible; AhrefsBot/7.0; +http://ahrefs.com/robot/)"
17.241.75.27 - - [04/Sep/2023:17:54:20 +0200] "GET /images/mini_prod/3660173208367.jpg HTTP/1.0" 200 269 "-" "Mozilla/5.0 (Macintosh; Intel Mac OS X 10_15_5) AppleWebKit/605.1.15 (KHTML, like Gecko) Version/13.1.1 Safari/605.1.15 (Applebot/0.1; +http://www.apple.com/go/applebot)"
141.147.65.190 - - [04/Sep/2023:17:54:22 +0200] "GET /images/big_prod_1/8424001544387B.jpg HTTP/1.0" 200 271 "-" "Mozilla/5.0 (X11; Ubuntu; Linux x86_64; rv:72.0) Gecko/20100101 Firefox/72.0"
114.119.159.16 - - [04/Sep/2023:17:54:43 +0200] "GET /marshmallow-chain-and-pendant-p-49971.html HTTP/1.0" 301 76283 "http://www.wonder-geek.com/pendants-and-necklaces-c-3_214.html" "Mozilla/5.0 (Linux; Android 7.0;) AppleWebKit/537.36 (KHTML, like Gecko) Mobile Safari/537.36 (compatible; PetalBot;+https://webmaster.petalsearch.com/site/petalbot)"
114.119.159.16 - - [04/Sep/2023:17:54:45 +0200] "GET /marshmallow-chain-pendant-p-49971.html HTTP/1.0" 200 76191 "http://www.wonder-geek.com/pendants-and-necklaces-c-3_214.html" "Mozilla/5.0 (Linux; Android 7.0;) AppleWebKit/537.36 (KHTML, like Gecko) Mobile Safari/537.36 (compatible; PetalBot;+https://webmaster.petalsearch.com/site/petalbot)"
