47.128.21.125 - - [04/Sep/2023:20:25:27 +0200] "GET /-p-34871.html HTTP/1.0" 200 73582 "-" "Mozilla/5.0 (Linux; Android 5.0) AppleWebKit/537.36 (KHTML, like Gecko) Mobile Safari/537.36 (compatible; Bytespider; spider-feedback@bytedance.com)"
47.128.17.132 - - [04/Sep/2023:20:25:29 +0200] "GET /swfobject.js HTTP/1.0" 404 1308 "http://www.wonder-geek.com/tarot-dreamcatcher-p-43802.html" "Mozilla/5.0 (Linux; Android 5.0) AppleWebKit/537.36 (KHTML, like Gecko) Mobile Safari/537.36 (compatible; Bytespider; spider-feedback@bytedance.com)"
47.128.28.64 - - [04/Sep/2023:20:25:29 +0200] "GET /highslide/graphics/zoomin.cur HTTP/1.0" 200 614 "http://www.wonder-geek.com/templates/Pixame_v1/stylesheet.css" "Mozilla/5.0 (Linux; Android 5.0) AppleWebKit/537.36 (KHTML, like Gecko) Mobile Safari/537.36 (compatible; Bytespider; spider-feedback@bytedance.com)"
47.128.21.125 - - [04/Sep/2023:20:25:29 +0200] "GET /swfobject.js HTTP/1.0" 404 1308 "http://www.wonder-geek.com/-p-34871.html" "Mozilla/5.0 (Linux; Android 5.0) AppleWebKit/537.36 (KHTML, like Gecko) Mobile Safari/537.36 (compatible; Bytespider; spider-feedback@bytedance.com)"
47.128.28.64 - - [04/Sep/2023:20:25:30 +0200] "GET /images/big_prod_1/5400924304287B.jpg HTTP/1.0" 200 271 "http://www.wonder-geek.com/blue-jellyfish-glass-paperweight-p-60004.html" "Mozilla/5.0 (Linux; Android 5.0) AppleWebKit/537.36 (KHTML, like Gecko) Mobile Safari/537.36 (compatible; Bytespider; spider-feedback@bytedance.com)"
47.128.20.81 - - [04/Sep/2023:20:25:29 +0200] "GET /coca-cola-large-metal-plate-deco-p-27961.html HTTP/1.0" 200 75993 "-" "Mozilla/5.0 (Linux; Android 5.0) AppleWebKit/537.36 (KHTML, like Gecko) Mobile Safari/537.36 (compatible; Bytespider; spider-feedback@bytedance.com)"
47.128.16.91 - - [04/Sep/2023:20:25:30 +0200] "GET /highslide/graphics/outlines/drop-shadow.png HTTP/1.0" 200 277 "http://www.wonder-geek.com/holiday-hunny-winnie-pooh-figurine-p-56115.html" "Mozilla/5.0 (Linux; Android 5.0) AppleWebKit/537.36 (KHTML, like Gecko) Mobile Safari/537.36 (compatible; Bytespider; spider-feedback@bytedance.com)"
47.128.16.91 - - [04/Sep/2023:20:25:31 +0200] "GET /images/big_prod/1328399138470.jpg HTTP/1.0" 200 268 "http://www.wonder-geek.com/holiday-hunny-winnie-pooh-figurine-p-56115.html" "Mozilla/5.0 (Linux; Android 5.0) AppleWebKit/537.36 (KHTML, like Gecko) Mobile Safari/537.36 (compatible; Bytespider; spider-feedback@bytedance.com)"
47.128.20.81 - - [04/Sep/2023:20:25:31 +0200] "GET /swfobject.js HTTP/1.0" 404 1308 "http://www.wonder-geek.com/coca-cola-large-metal-plate-deco-p-27961.html" "Mozilla/5.0 (Linux; Android 5.0) AppleWebKit/537.36 (KHTML, like Gecko) Mobile Safari/537.36 (compatible; Bytespider; spider-feedback@bytedance.com)"
40.77.167.41 - - [04/Sep/2023:20:25:30 +0200] "GET /christmas-tree-ornament-christmas-balls-c-13_271.html HTTP/1.0" 200 93985 "-" "Mozilla/5.0 AppleWebKit/537.36 (KHTML, like Gecko; compatible; bingbot/2.0; +http://www.bing.com/bingbot.htm) Chrome/103.0.5060.134 Safari/537.36"
157.90.182.25 - - [04/Sep/2023:20:25:30 +0200] "GET /bowl-laughing-mint-made-germany-p-53825.html HTTP/1.0" 200 76645 "-" "Mozilla/5.0 (compatible; BLEXBot/1.0; +http://webmeup-crawler.com/)"
47.128.20.253 - - [04/Sep/2023:20:25:34 +0200] "GET /highslide/graphics/zoomin.cur HTTP/1.0" 200 614 "http://www.wonder-geek.com/templates/Pixame_v1/stylesheet.css" "Mozilla/5.0 (Linux; Android 5.0) AppleWebKit/537.36 (KHTML, like Gecko) Mobile Safari/537.36 (compatible; Bytespider; spider-feedback@bytedance.com)"
47.128.20.253 - - [04/Sep/2023:20:25:34 +0200] "GET /images/big_prod_1/3442440234060.jpg HTTP/1.0" 200 270 "http://www.wonder-geek.com/bolster-case-cotton-percale-threads-p-43862.html" "Mozilla/5.0 (Linux; Android 5.0) AppleWebKit/537.36 (KHTML, like Gecko) Mobile Safari/537.36 (compatible; Bytespider; spider-feedback@bytedance.com)"
47.128.17.132 - - [04/Sep/2023:20:25:34 +0200] "GET /highslide/graphics/zoomin.cur HTTP/1.0" 200 614 "http://www.wonder-geek.com/templates/Pixame_v1/stylesheet.css" "Mozilla/5.0 (Linux; Android 5.0) AppleWebKit/537.36 (KHTML, like Gecko) Mobile Safari/537.36 (compatible; Bytespider; spider-feedback@bytedance.com)"
47.128.26.146 - - [04/Sep/2023:20:25:34 +0200] "GET /highslide/graphics/zoomin.cur HTTP/1.0" 200 614 "http://www.wonder-geek.com/templates/Pixame_v1/stylesheet.css" "Mozilla/5.0 (Linux; Android 5.0) AppleWebKit/537.36 (KHTML, like Gecko) Mobile Safari/537.36 (compatible; Bytespider; spider-feedback@bytedance.com)"
47.128.17.132 - - [04/Sep/2023:20:25:35 +0200] "GET /highslide/graphics/outlines/drop-shadow.png HTTP/1.0" 200 277 "http://www.wonder-geek.com/tarot-dreamcatcher-p-43802.html" "Mozilla/5.0 (Linux; Android 5.0) AppleWebKit/537.36 (KHTML, like Gecko) Mobile Safari/537.36 (compatible; Bytespider; spider-feedback@bytedance.com)"
47.128.17.132 - - [04/Sep/2023:20:25:35 +0200] "GET /highslide/graphics/zoomout.cur HTTP/1.0" 200 614 "http://www.wonder-geek.com/tarot-dreamcatcher-p-43802.html" "Mozilla/5.0 (Linux; Android 5.0) AppleWebKit/537.36 (KHTML, like Gecko) Mobile Safari/537.36 (compatible; Bytespider; spider-feedback@bytedance.com)"
47.128.26.146 - - [04/Sep/2023:20:25:35 +0200] "GET /highslide/graphics/outlines/drop-shadow.png HTTP/1.0" 200 277 "http://www.wonder-geek.com/disney-princess-christmas-ball-filled-p-11525.html" "Mozilla/5.0 (Linux; Android 5.0) AppleWebKit/537.36 (KHTML, like Gecko) Mobile Safari/537.36 (compatible; Bytespider; spider-feedback@bytedance.com)"
47.128.26.146 - - [04/Sep/2023:20:25:35 +0200] "GET /highslide/graphics/zoomout.cur HTTP/1.0" 200 614 "http://www.wonder-geek.com/disney-princess-christmas-ball-filled-p-11525.html" "Mozilla/5.0 (Linux; Android 5.0) AppleWebKit/537.36 (KHTML, like Gecko) Mobile Safari/537.36 (compatible; Bytespider; spider-feedback@bytedance.com)"
47.128.17.132 - - [04/Sep/2023:20:25:35 +0200] "GET /images/big_prod/8719075395295.jpg HTTP/1.0" 200 268 "http://www.wonder-geek.com/tarot-dreamcatcher-p-43802.html" "Mozilla/5.0 (Linux; Android 5.0) AppleWebKit/537.36 (KHTML, like Gecko) Mobile Safari/537.36 (compatible; Bytespider; spider-feedback@bytedance.com)"
47.128.21.125 - - [04/Sep/2023:20:25:36 +0200] "GET /highslide/graphics/outlines/drop-shadow.png HTTP/1.0" 200 277 "http://www.wonder-geek.com/-p-34871.html" "Mozilla/5.0 (Linux; Android 5.0) AppleWebKit/537.36 (KHTML, like Gecko) Mobile Safari/537.36 (compatible; Bytespider; spider-feedback@bytedance.com)"
47.128.21.125 - - [04/Sep/2023:20:25:36 +0200] "GET /highslide/graphics/zoomout.cur HTTP/1.0" 200 614 "http://www.wonder-geek.com/-p-34871.html" "Mozilla/5.0 (Linux; Android 5.0) AppleWebKit/537.36 (KHTML, like Gecko) Mobile Safari/537.36 (compatible; Bytespider; spider-feedback@bytedance.com)"
47.128.20.237 - - [04/Sep/2023:20:25:36 +0200] "GET /paperweight-oiseau-ciel-magritte-p-53583.html HTTP/1.0" 200 77551 "-" "Mozilla/5.0 (Linux; Android 5.0) AppleWebKit/537.36 (KHTML, like Gecko) Mobile Safari/537.36 (compatible; Bytespider; spider-feedback@bytedance.com)"
47.128.20.237 - - [04/Sep/2023:20:25:38 +0200] "GET /swfobject.js HTTP/1.0" 404 1308 "http://www.wonder-geek.com/paperweight-oiseau-ciel-magritte-p-53583.html" "Mozilla/5.0 (Linux; Android 5.0) AppleWebKit/537.36 (KHTML, like Gecko) Mobile Safari/537.36 (compatible; Bytespider; spider-feedback@bytedance.com)"
47.128.20.81 - - [04/Sep/2023:20:25:39 +0200] "GET /highslide/graphics/zoomin.cur HTTP/1.0" 200 614 "http://www.wonder-geek.com/templates/Pixame_v1/stylesheet.css" "Mozilla/5.0 (Linux; Android 5.0) AppleWebKit/537.36 (KHTML, like Gecko) Mobile Safari/537.36 (compatible; Bytespider; spider-feedback@bytedance.com)"
47.128.20.81 - - [04/Sep/2023:20:25:39 +0200] "GET /highslide/graphics/zoomout.cur HTTP/1.0" 200 614 "http://www.wonder-geek.com/coca-cola-large-metal-plate-deco-p-27961.html" "Mozilla/5.0 (Linux; Android 5.0) AppleWebKit/537.36 (KHTML, like Gecko) Mobile Safari/537.36 (compatible; Bytespider; spider-feedback@bytedance.com)"
47.128.20.81 - - [04/Sep/2023:20:25:39 +0200] "GET /highslide/graphics/outlines/drop-shadow.png HTTP/1.0" 200 277 "http://www.wonder-geek.com/coca-cola-large-metal-plate-deco-p-27961.html" "Mozilla/5.0 (Linux; Android 5.0) AppleWebKit/537.36 (KHTML, like Gecko) Mobile Safari/537.36 (compatible; Bytespider; spider-feedback@bytedance.com)"
47.128.20.81 - - [04/Sep/2023:20:25:40 +0200] "GET /images/4036113231938.jpg HTTP/1.0" 200 259 "http://www.wonder-geek.com/coca-cola-large-metal-plate-deco-p-27961.html" "Mozilla/5.0 (Linux; Android 5.0) AppleWebKit/537.36 (KHTML, like Gecko) Mobile Safari/537.36 (compatible; Bytespider; spider-feedback@bytedance.com)"
47.128.20.253 - - [04/Sep/2023:20:25:44 +0200] "GET /highslide/graphics/zoomout.cur HTTP/1.0" 200 614 "http://www.wonder-geek.com/bolster-case-cotton-percale-threads-p-43862.html" "Mozilla/5.0 (Linux; Android 5.0) AppleWebKit/537.36 (KHTML, like Gecko) Mobile Safari/537.36 (compatible; Bytespider; spider-feedback@bytedance.com)"
47.128.20.253 - - [04/Sep/2023:20:25:44 +0200] "GET /highslide/graphics/outlines/drop-shadow.png HTTP/1.0" 200 277 "http://www.wonder-geek.com/bolster-case-cotton-percale-threads-p-43862.html" "Mozilla/5.0 (Linux; Android 5.0) AppleWebKit/537.36 (KHTML, like Gecko) Mobile Safari/537.36 (compatible; Bytespider; spider-feedback@bytedance.com)"
47.128.20.253 - - [04/Sep/2023:20:25:44 +0200] "GET /images/big_prod/3442440232028A.jpg HTTP/1.0" 200 269 "http://www.wonder-geek.com/bolster-case-cotton-percale-threads-p-43862.html" "Mozilla/5.0 (Linux; Android 5.0) AppleWebKit/537.36 (KHTML, like Gecko) Mobile Safari/537.36 (compatible; Bytespider; spider-feedback@bytedance.com)"
47.128.20.237 - - [04/Sep/2023:20:25:45 +0200] "GET /images/big_prod_2/8718375755594b.jpg HTTP/1.0" 200 271 "http://www.wonder-geek.com/paperweight-oiseau-ciel-magritte-p-53583.html" "Mozilla/5.0 (Linux; Android 5.0) AppleWebKit/537.36 (KHTML, like Gecko) Mobile Safari/537.36 (compatible; Bytespider; spider-feedback@bytedance.com)"
47.128.20.237 - - [04/Sep/2023:20:25:45 +0200] "GET /highslide/graphics/zoomin.cur HTTP/1.0" 200 614 "http://www.wonder-geek.com/templates/Pixame_v1/stylesheet.css" "Mozilla/5.0 (Linux; Android 5.0) AppleWebKit/537.36 (KHTML, like Gecko) Mobile Safari/537.36 (compatible; Bytespider; spider-feedback@bytedance.com)"
47.128.20.237 - - [04/Sep/2023:20:25:46 +0200] "GET /images/big_prod_1/8718375753545a.jpg HTTP/1.0" 200 271 "http://www.wonder-geek.com/paperweight-oiseau-ciel-magritte-p-53583.html" "Mozilla/5.0 (Linux; Android 5.0) AppleWebKit/537.36 (KHTML, like Gecko) Mobile Safari/537.36 (compatible; Bytespider; spider-feedback@bytedance.com)"
157.90.182.25 - - [04/Sep/2023:20:25:45 +0200] "GET /bowl-laughing-white-porcelain-1000-made-germany-p-47552.html HTTP/1.0" 200 78282 "-" "Mozilla/5.0 (compatible; BLEXBot/1.0; +http://webmeup-crawler.com/)"
47.128.28.64 - - [04/Sep/2023:20:25:59 +0200] "GET /highslide/graphics/zoomout.cur HTTP/1.0" 200 614 "http://www.wonder-geek.com/blue-jellyfish-glass-paperweight-p-60004.html" "Mozilla/5.0 (Linux; Android 5.0) AppleWebKit/537.36 (KHTML, like Gecko) Mobile Safari/537.36 (compatible; Bytespider; spider-feedback@bytedance.com)"
47.128.28.64 - - [04/Sep/2023:20:25:59 +0200] "GET /highslide/graphics/outlines/drop-shadow.png HTTP/1.0" 200 277 "http://www.wonder-geek.com/blue-jellyfish-glass-paperweight-p-60004.html" "Mozilla/5.0 (Linux; Android 5.0) AppleWebKit/537.36 (KHTML, like Gecko) Mobile Safari/537.36 (compatible; Bytespider; spider-feedback@bytedance.com)"
47.128.28.64 - - [04/Sep/2023:20:26:00 +0200] "GET /images/big_prod/5400924304287.jpg HTTP/1.0" 200 268 "http://www.wonder-geek.com/blue-jellyfish-glass-paperweight-p-60004.html" "Mozilla/5.0 (Linux; Android 5.0) AppleWebKit/537.36 (KHTML, like Gecko) Mobile Safari/537.36 (compatible; Bytespider; spider-feedback@bytedance.com)"
47.128.28.249 - - [04/Sep/2023:20:25:58 +0200] "GET /wall-sticker-c-13_187.html?page=9 HTTP/1.0" 200 97178 "-" "Mozilla/5.0 (Linux; Android 5.0) AppleWebKit/537.36 (KHTML, like Gecko) Mobile Safari/537.36 (compatible; Bytespider; spider-feedback@bytedance.com)"
157.90.182.25 - - [04/Sep/2023:20:25:59 +0200] "GET /bowl-please-sand-inside-made-germany-p-53184.html HTTP/1.0" 200 77418 "-" "Mozilla/5.0 (compatible; BLEXBot/1.0; +http://webmeup-crawler.com/)"
47.128.28.249 - - [04/Sep/2023:20:26:02 +0200] "GET /swfobject.js HTTP/1.0" 404 1308 "http://www.wonder-geek.com/wall-sticker-c-13_187.html?page=9" "Mozilla/5.0 (Linux; Android 5.0) AppleWebKit/537.36 (KHTML, like Gecko) Mobile Safari/537.36 (compatible; Bytespider; spider-feedback@bytedance.com)"
47.128.20.237 - - [04/Sep/2023:20:26:05 +0200] "GET /highslide/graphics/outlines/drop-shadow.png HTTP/1.0" 200 277 "http://www.wonder-geek.com/paperweight-oiseau-ciel-magritte-p-53583.html" "Mozilla/5.0 (Linux; Android 5.0) AppleWebKit/537.36 (KHTML, like Gecko) Mobile Safari/537.36 (compatible; Bytespider; spider-feedback@bytedance.com)"
47.128.20.237 - - [04/Sep/2023:20:26:05 +0200] "GET /highslide/graphics/zoomout.cur HTTP/1.0" 200 614 "http://www.wonder-geek.com/paperweight-oiseau-ciel-magritte-p-53583.html" "Mozilla/5.0 (Linux; Android 5.0) AppleWebKit/537.36 (KHTML, like Gecko) Mobile Safari/537.36 (compatible; Bytespider; spider-feedback@bytedance.com)"
47.128.20.237 - - [04/Sep/2023:20:26:06 +0200] "GET /images/big_prod/8718375753545.jpg HTTP/1.0" 200 268 "http://www.wonder-geek.com/paperweight-oiseau-ciel-magritte-p-53583.html" "Mozilla/5.0 (Linux; Android 5.0) AppleWebKit/537.36 (KHTML, like Gecko) Mobile Safari/537.36 (compatible; Bytespider; spider-feedback@bytedance.com)"
47.128.28.249 - - [04/Sep/2023:20:26:10 +0200] "GET /js/jquery.min.js HTTP/1.0" 404 1308 "http://www.wonder-geek.com/wall-sticker-c-13_187.html?page=9" "Mozilla/5.0 (Linux; Android 5.0) AppleWebKit/537.36 (KHTML, like Gecko) Mobile Safari/537.36 (compatible; Bytespider; spider-feedback@bytedance.com)"
47.128.28.249 - - [04/Sep/2023:20:26:10 +0200] "GET /highslide/graphics/zoomout.cur HTTP/1.0" 200 614 "http://www.wonder-geek.com/wall-sticker-c-13_187.html?page=9" "Mozilla/5.0 (Linux; Android 5.0) AppleWebKit/537.36 (KHTML, like Gecko) Mobile Safari/537.36 (compatible; Bytespider; spider-feedback@bytedance.com)"
47.128.28.249 - - [04/Sep/2023:20:26:10 +0200] "GET /highslide/graphics/outlines/drop-shadow.png HTTP/1.0" 200 277 "http://www.wonder-geek.com/wall-sticker-c-13_187.html?page=9" "Mozilla/5.0 (Linux; Android 5.0) AppleWebKit/537.36 (KHTML, like Gecko) Mobile Safari/537.36 (compatible; Bytespider; spider-feedback@bytedance.com)"
157.90.182.25 - - [04/Sep/2023:20:26:14 +0200] "GET /bowl-sulking-blue-made-germany-p-48476.html HTTP/1.0" 200 77495 "-" "Mozilla/5.0 (compatible; BLEXBot/1.0; +http://webmeup-crawler.com/)"
157.90.182.25 - - [04/Sep/2023:20:26:28 +0200] "GET /bowl-tasty-inside-made-germany-p-53187.html HTTP/1.0" 200 77336 "-" "Mozilla/5.0 (compatible; BLEXBot/1.0; +http://webmeup-crawler.com/)"
47.128.28.193 - - [04/Sep/2023:20:26:30 +0200] "GET /jeans-navy-blue-pencil-case-p-41317.html HTTP/1.0" 200 76065 "-" "Mozilla/5.0 (Linux; Android 5.0) AppleWebKit/537.36 (KHTML, like Gecko) Mobile Safari/537.36 (compatible; Bytespider; spider-feedback@bytedance.com)"
47.128.28.193 - - [04/Sep/2023:20:26:32 +0200] "GET /swfobject.js HTTP/1.0" 404 1308 "http://www.wonder-geek.com/jeans-navy-blue-pencil-case-p-41317.html" "Mozilla/5.0 (Linux; Android 5.0) AppleWebKit/537.36 (KHTML, like Gecko) Mobile Safari/537.36 (compatible; Bytespider; spider-feedback@bytedance.com)"
47.128.28.193 - - [04/Sep/2023:20:26:41 +0200] "GET /highslide/graphics/zoomin.cur HTTP/1.0" 200 614 "http://www.wonder-geek.com/templates/Pixame_v1/stylesheet.css" "Mozilla/5.0 (Linux; Android 5.0) AppleWebKit/537.36 (KHTML, like Gecko) Mobile Safari/537.36 (compatible; Bytespider; spider-feedback@bytedance.com)"
47.128.28.193 - - [04/Sep/2023:20:26:41 +0200] "GET /highslide/graphics/outlines/drop-shadow.png HTTP/1.0" 200 277 "http://www.wonder-geek.com/jeans-navy-blue-pencil-case-p-41317.html" "Mozilla/5.0 (Linux; Android 5.0) AppleWebKit/537.36 (KHTML, like Gecko) Mobile Safari/537.36 (compatible; Bytespider; spider-feedback@bytedance.com)"
47.128.28.193 - - [04/Sep/2023:20:26:41 +0200] "GET /highslide/graphics/zoomout.cur HTTP/1.0" 200 614 "http://www.wonder-geek.com/jeans-navy-blue-pencil-case-p-41317.html" "Mozilla/5.0 (Linux; Android 5.0) AppleWebKit/537.36 (KHTML, like Gecko) Mobile Safari/537.36 (compatible; Bytespider; spider-feedback@bytedance.com)"
157.90.182.25 - - [04/Sep/2023:20:26:43 +0200] "GET /bowl-tasty-white-porcelain-1000-made-germany-p-47553.html HTTP/1.0" 200 78243 "-" "Mozilla/5.0 (compatible; BLEXBot/1.0; +http://webmeup-crawler.com/)"
47.128.28.186 - - [04/Sep/2023:20:26:45 +0200] "GET /route-case-lenticulaire-iphone-sries-p-20657.html HTTP/1.0" 200 78636 "-" "Mozilla/5.0 (Linux; Android 5.0) AppleWebKit/537.36 (KHTML, like Gecko) Mobile Safari/537.36 (compatible; Bytespider; spider-feedback@bytedance.com)"
47.128.28.162 - - [04/Sep/2023:20:26:46 +0200] "GET /white-cotton-kitchen-towel-45-70-cm-corsica-p-52483.html HTTP/1.0" 301 76177 "-" "Mozilla/5.0 (Linux; Android 5.0) AppleWebKit/537.36 (KHTML, like Gecko) Mobile Safari/537.36 (compatible; Bytespider; spider-feedback@bytedance.com)"
47.128.28.186 - - [04/Sep/2023:20:26:48 +0200] "GET /swfobject.js HTTP/1.0" 404 1308 "http://www.wonder-geek.com/route-case-lenticulaire-iphone-sries-p-20657.html" "Mozilla/5.0 (Linux; Android 5.0) AppleWebKit/537.36 (KHTML, like Gecko) Mobile Safari/537.36 (compatible; Bytespider; spider-feedback@bytedance.com)"
47.128.24.31 - - [04/Sep/2023:20:26:47 +0200] "GET /small-baby-teeth-pink-unicorn-p-51937.html HTTP/1.0" 200 76794 "-" "Mozilla/5.0 (Linux; Android 5.0) AppleWebKit/537.36 (KHTML, like Gecko) Mobile Safari/537.36 (compatible; Bytespider; spider-feedback@bytedance.com)"
47.128.28.162 - - [04/Sep/2023:20:26:48 +0200] "GET /white-cotton-kitchen-towel-corsica-p-52483.html HTTP/1.0" 200 76076 "-" "Mozilla/5.0 (Linux; Android 5.0) AppleWebKit/537.36 (KHTML, like Gecko) Mobile Safari/537.36 (compatible; Bytespider; spider-feedback@bytedance.com)"
47.128.28.162 - - [04/Sep/2023:20:26:50 +0200] "GET /swfobject.js HTTP/1.0" 404 1308 "http://www.wonder-geek.com/white-cotton-kitchen-towel-corsica-p-52483.html" "Mozilla/5.0 (Linux; Android 5.0) AppleWebKit/537.36 (KHTML, like Gecko) Mobile Safari/537.36 (compatible; Bytespider; spider-feedback@bytedance.com)"
47.128.24.31 - - [04/Sep/2023:20:26:50 +0200] "GET /swfobject.js HTTP/1.0" 404 1308 "http://www.wonder-geek.com/small-baby-teeth-pink-unicorn-p-51937.html" "Mozilla/5.0 (Linux; Android 5.0) AppleWebKit/537.36 (KHTML, like Gecko) Mobile Safari/537.36 (compatible; Bytespider; spider-feedback@bytedance.com)"
207.46.13.212 - - [04/Sep/2023:20:26:49 +0200] "GET / HTTP/1.0" 200 154083 "-" "Mozilla/5.0 AppleWebKit/537.36 (KHTML, like Gecko; compatible; bingbot/2.0; +http://www.bing.com/bingbot.htm) Chrome/103.0.5060.134 Safari/537.36"
47.128.28.186 - - [04/Sep/2023:20:26:55 +0200] "GET /highslide/graphics/zoomin.cur HTTP/1.0" 200 614 "http://www.wonder-geek.com/templates/Pixame_v1/stylesheet.css" "Mozilla/5.0 (Linux; Android 5.0) AppleWebKit/537.36 (KHTML, like Gecko) Mobile Safari/537.36 (compatible; Bytespider; spider-feedback@bytedance.com)"
47.128.28.162 - - [04/Sep/2023:20:26:55 +0200] "GET /highslide/graphics/zoomin.cur HTTP/1.0" 200 614 "http://www.wonder-geek.com/templates/Pixame_v1/stylesheet.css" "Mozilla/5.0 (Linux; Android 5.0) AppleWebKit/537.36 (KHTML, like Gecko) Mobile Safari/537.36 (compatible; Bytespider; spider-feedback@bytedance.com)"
47.128.28.162 - - [04/Sep/2023:20:26:55 +0200] "GET /highslide/graphics/zoomout.cur HTTP/1.0" 200 614 "http://www.wonder-geek.com/white-cotton-kitchen-towel-corsica-p-52483.html" "Mozilla/5.0 (Linux; Android 5.0) AppleWebKit/537.36 (KHTML, like Gecko) Mobile Safari/537.36 (compatible; Bytespider; spider-feedback@bytedance.com)"
47.128.28.18 - - [04/Sep/2023:20:26:53 +0200] "GET /lighting-c-13_86.html?page=21 HTTP/1.0" 200 92738 "-" "Mozilla/5.0 (Linux; Android 5.0) AppleWebKit/537.36 (KHTML, like Gecko) Mobile Safari/537.36 (compatible; Bytespider; spider-feedback@bytedance.com)"
47.128.28.162 - - [04/Sep/2023:20:26:55 +0200] "GET /highslide/graphics/outlines/drop-shadow.png HTTP/1.0" 200 277 "http://www.wonder-geek.com/white-cotton-kitchen-towel-corsica-p-52483.html" "Mozilla/5.0 (Linux; Android 5.0) AppleWebKit/537.36 (KHTML, like Gecko) Mobile Safari/537.36 (compatible; Bytespider; spider-feedback@bytedance.com)"
47.128.28.186 - - [04/Sep/2023:20:26:55 +0200] "GET /highslide/graphics/outlines/drop-shadow.png HTTP/1.0" 200 277 "http://www.wonder-geek.com/route-case-lenticulaire-iphone-sries-p-20657.html" "Mozilla/5.0 (Linux; Android 5.0) AppleWebKit/537.36 (KHTML, like Gecko) Mobile Safari/537.36 (compatible; Bytespider; spider-feedback@bytedance.com)"
47.128.28.186 - - [04/Sep/2023:20:26:55 +0200] "GET /highslide/graphics/zoomout.cur HTTP/1.0" 200 614 "http://www.wonder-geek.com/route-case-lenticulaire-iphone-sries-p-20657.html" "Mozilla/5.0 (Linux; Android 5.0) AppleWebKit/537.36 (KHTML, like Gecko) Mobile Safari/537.36 (compatible; Bytespider; spider-feedback@bytedance.com)"
47.128.28.186 - - [04/Sep/2023:20:26:56 +0200] "GET /images/3609810015364.jpg HTTP/1.0" 200 259 "http://www.wonder-geek.com/route-case-lenticulaire-iphone-sries-p-20657.html" "Mozilla/5.0 (Linux; Android 5.0) AppleWebKit/537.36 (KHTML, like Gecko) Mobile Safari/537.36 (compatible; Bytespider; spider-feedback@bytedance.com)"
47.128.28.18 - - [04/Sep/2023:20:26:56 +0200] "GET /swfobject.js HTTP/1.0" 404 1308 "http://www.wonder-geek.com/lighting-c-13_86.html?page=21" "Mozilla/5.0 (Linux; Android 5.0) AppleWebKit/537.36 (KHTML, like Gecko) Mobile Safari/537.36 (compatible; Bytespider; spider-feedback@bytedance.com)"
114.119.157.36 - - [04/Sep/2023:20:26:55 +0200] "GET /hourglass-decoration-olive-wood-p-50862.html HTTP/1.0" 200 76057 "http://www.wonder-geek.com/home-decoration-c-13.html?page=138" "Mozilla/5.0 (Linux; Android 7.0;) AppleWebKit/537.36 (KHTML, like Gecko) Mobile Safari/537.36 (compatible; PetalBot;+https://webmaster.petalsearch.com/site/petalbot)"
47.128.24.31 - - [04/Sep/2023:20:26:58 +0200] "GET /highslide/graphics/zoomin.cur HTTP/1.0" 200 614 "http://www.wonder-geek.com/templates/Pixame_v1/stylesheet.css" "Mozilla/5.0 (Linux; Android 5.0) AppleWebKit/537.36 (KHTML, like Gecko) Mobile Safari/537.36 (compatible; Bytespider; spider-feedback@bytedance.com)"
47.128.24.31 - - [04/Sep/2023:20:26:58 +0200] "GET /images/big_prod_1/3609810083301a.jpg HTTP/1.0" 200 271 "http://www.wonder-geek.com/small-baby-teeth-pink-unicorn-p-51937.html" "Mozilla/5.0 (Linux; Android 5.0) AppleWebKit/537.36 (KHTML, like Gecko) Mobile Safari/537.36 (compatible; Bytespider; spider-feedback@bytedance.com)"
157.90.182.25 - - [04/Sep/2023:20:26:57 +0200] "GET /bowl-tasty-yellow-made-germany-p-48477.html HTTP/1.0" 200 77495 "-" "Mozilla/5.0 (compatible; BLEXBot/1.0; +http://webmeup-crawler.com/)"
54.36.148.152 - - [04/Sep/2023:20:26:58 +0200] "GET /crystal-mint-150g-p-45717.html HTTP/1.0" 200 76125 "-" "Mozilla/5.0 (compatible; AhrefsBot/7.0; +http://ahrefs.com/robot/)"
47.128.31.25 - - [04/Sep/2023:20:26:59 +0200] "GET /cbkreation-p-36581.html HTTP/1.0" 200 75929 "-" "Mozilla/5.0 (Linux; Android 5.0) AppleWebKit/537.36 (KHTML, like Gecko) Mobile Safari/537.36 (compatible; Bytespider; spider-feedback@bytedance.com)"
47.128.31.25 - - [04/Sep/2023:20:27:01 +0200] "GET /swfobject.js HTTP/1.0" 404 1308 "http://www.wonder-geek.com/cbkreation-p-36581.html" "Mozilla/5.0 (Linux; Android 5.0) AppleWebKit/537.36 (KHTML, like Gecko) Mobile Safari/537.36 (compatible; Bytespider; spider-feedback@bytedance.com)"
47.128.28.194 - - [04/Sep/2023:20:27:01 +0200] "GET /fragrance-sachet-true-enchantment-p-40554.html HTTP/1.0" 200 76988 "-" "Mozilla/5.0 (Linux; Android 5.0) AppleWebKit/537.36 (KHTML, like Gecko) Mobile Safari/537.36 (compatible; Bytespider; spider-feedback@bytedance.com)"
47.128.28.194 - - [04/Sep/2023:20:27:03 +0200] "GET /swfobject.js HTTP/1.0" 404 1308 "http://www.wonder-geek.com/fragrance-sachet-true-enchantment-p-40554.html" "Mozilla/5.0 (Linux; Android 5.0) AppleWebKit/537.36 (KHTML, like Gecko) Mobile Safari/537.36 (compatible; Bytespider; spider-feedback@bytedance.com)"
47.128.28.18 - - [04/Sep/2023:20:27:04 +0200] "GET /js/jquery.min.js HTTP/1.0" 404 1308 "http://www.wonder-geek.com/lighting-c-13_86.html?page=21" "Mozilla/5.0 (Linux; Android 5.0) AppleWebKit/537.36 (KHTML, like Gecko) Mobile Safari/537.36 (compatible; Bytespider; spider-feedback@bytedance.com)"
47.128.28.18 - - [04/Sep/2023:20:27:05 +0200] "GET /highslide/graphics/zoomout.cur HTTP/1.0" 200 614 "http://www.wonder-geek.com/lighting-c-13_86.html?page=21" "Mozilla/5.0 (Linux; Android 5.0) AppleWebKit/537.36 (KHTML, like Gecko) Mobile Safari/537.36 (compatible; Bytespider; spider-feedback@bytedance.com)"
47.128.28.18 - - [04/Sep/2023:20:27:05 +0200] "GET /highslide/graphics/outlines/drop-shadow.png HTTP/1.0" 200 277 "http://www.wonder-geek.com/lighting-c-13_86.html?page=21" "Mozilla/5.0 (Linux; Android 5.0) AppleWebKit/537.36 (KHTML, like Gecko) Mobile Safari/537.36 (compatible; Bytespider; spider-feedback@bytedance.com)"
47.128.17.174 - - [04/Sep/2023:20:27:04 +0200] "GET /espresso-allen-desing-p-59739.html HTTP/1.0" 200 76577 "-" "Mozilla/5.0 (Linux; Android 5.0) AppleWebKit/537.36 (KHTML, like Gecko) Mobile Safari/537.36 (compatible; Bytespider; spider-feedback@bytedance.com)"
47.128.17.174 - - [04/Sep/2023:20:27:06 +0200] "GET /swfobject.js HTTP/1.0" 404 1308 "http://www.wonder-geek.com/espresso-allen-desing-p-59739.html" "Mozilla/5.0 (Linux; Android 5.0) AppleWebKit/537.36 (KHTML, like Gecko) Mobile Safari/537.36 (compatible; Bytespider; spider-feedback@bytedance.com)"
47.128.31.47 - - [04/Sep/2023:20:27:07 +0200] "GET /bamboo-fiber-plant-cover-p-58918.html HTTP/1.0" 200 76735 "-" "Mozilla/5.0 (Linux; Android 5.0) AppleWebKit/537.36 (KHTML, like Gecko) Mobile Safari/537.36 (compatible; Bytespider; spider-feedback@bytedance.com)"
47.128.31.47 - - [04/Sep/2023:20:27:09 +0200] "GET /swfobject.js HTTP/1.0" 404 1308 "http://www.wonder-geek.com/bamboo-fiber-plant-cover-p-58918.html" "Mozilla/5.0 (Linux; Android 5.0) AppleWebKit/537.36 (KHTML, like Gecko) Mobile Safari/537.36 (compatible; Bytespider; spider-feedback@bytedance.com)"
47.128.28.194 - - [04/Sep/2023:20:27:11 +0200] "GET /highslide/graphics/zoomin.cur HTTP/1.0" 200 614 "http://www.wonder-geek.com/templates/Pixame_v1/stylesheet.css" "Mozilla/5.0 (Linux; Android 5.0) AppleWebKit/537.36 (KHTML, like Gecko) Mobile Safari/537.36 (compatible; Bytespider; spider-feedback@bytedance.com)"
47.128.28.194 - - [04/Sep/2023:20:27:11 +0200] "GET /images/big_prod_1/b5051276247670.jpg HTTP/1.0" 200 271 "http://www.wonder-geek.com/fragrance-sachet-true-enchantment-p-40554.html" "Mozilla/5.0 (Linux; Android 5.0) AppleWebKit/537.36 (KHTML, like Gecko) Mobile Safari/537.36 (compatible; Bytespider; spider-feedback@bytedance.com)"
47.128.31.25 - - [04/Sep/2023:20:27:13 +0200] "GET /highslide/graphics/zoomin.cur HTTP/1.0" 200 614 "http://www.wonder-geek.com/templates/Pixame_v1/stylesheet.css" "Mozilla/5.0 (Linux; Android 5.0) AppleWebKit/537.36 (KHTML, like Gecko) Mobile Safari/537.36 (compatible; Bytespider; spider-feedback@bytedance.com)"
157.90.182.25 - - [04/Sep/2023:20:27:12 +0200] "GET /bowl-white-ceramic-feathers-p-45765.html HTTP/1.0" 200 75945 "-" "Mozilla/5.0 (compatible; BLEXBot/1.0; +http://webmeup-crawler.com/)"
47.128.17.174 - - [04/Sep/2023:20:27:14 +0200] "GET /highslide/graphics/zoomin.cur HTTP/1.0" 200 614 "http://www.wonder-geek.com/templates/Pixame_v1/stylesheet.css" "Mozilla/5.0 (Linux; Android 5.0) AppleWebKit/537.36 (KHTML, like Gecko) Mobile Safari/537.36 (compatible; Bytespider; spider-feedback@bytedance.com)"
47.128.17.174 - - [04/Sep/2023:20:27:15 +0200] "GET /images/big_prod_1/8422002441544B.jpg HTTP/1.0" 200 271 "http://www.wonder-geek.com/espresso-allen-desing-p-59739.html" "Mozilla/5.0 (Linux; Android 5.0) AppleWebKit/537.36 (KHTML, like Gecko) Mobile Safari/537.36 (compatible; Bytespider; spider-feedback@bytedance.com)"
47.128.31.47 - - [04/Sep/2023:20:27:15 +0200] "GET /highslide/graphics/zoomin.cur HTTP/1.0" 200 614 "http://www.wonder-geek.com/templates/Pixame_v1/stylesheet.css" "Mozilla/5.0 (Linux; Android 5.0) AppleWebKit/537.36 (KHTML, like Gecko) Mobile Safari/537.36 (compatible; Bytespider; spider-feedback@bytedance.com)"
47.128.31.47 - - [04/Sep/2023:20:27:15 +0200] "GET /images/big_prod_1/8422048832146B.jpg HTTP/1.0" 200 271 "http://www.wonder-geek.com/bamboo-fiber-plant-cover-p-58918.html" "Mozilla/5.0 (Linux; Android 5.0) AppleWebKit/537.36 (KHTML, like Gecko) Mobile Safari/537.36 (compatible; Bytespider; spider-feedback@bytedance.com)"
47.128.20.91 - - [04/Sep/2023:20:27:17 +0200] "GET /decorative-wooden-plate-entre-interdite-rleurs-anthracite-p-47815.html HTTP/1.0" 200 77146 "-" "Mozilla/5.0 (Linux; Android 5.0) AppleWebKit/537.36 (KHTML, like Gecko) Mobile Safari/537.36 (compatible; Bytespider; spider-feedback@bytedance.com)"
47.128.24.31 - - [04/Sep/2023:20:27:19 +0200] "GET /highslide/graphics/zoomout.cur HTTP/1.0" 200 614 "http://www.wonder-geek.com/small-baby-teeth-pink-unicorn-p-51937.html" "Mozilla/5.0 (Linux; Android 5.0) AppleWebKit/537.36 (KHTML, like Gecko) Mobile Safari/537.36 (compatible; Bytespider; spider-feedback@bytedance.com)"
47.128.24.31 - - [04/Sep/2023:20:27:19 +0200] "GET /highslide/graphics/outlines/drop-shadow.png HTTP/1.0" 200 277 "http://www.wonder-geek.com/small-baby-teeth-pink-unicorn-p-51937.html" "Mozilla/5.0 (Linux; Android 5.0) AppleWebKit/537.36 (KHTML, like Gecko) Mobile Safari/537.36 (compatible; Bytespider; spider-feedback@bytedance.com)"
47.128.20.91 - - [04/Sep/2023:20:27:19 +0200] "GET /swfobject.js HTTP/1.0" 404 1308 "http://www.wonder-geek.com/decorative-wooden-plate-entre-interdite-rleurs-anthracite-p-47815.html" "Mozilla/5.0 (Linux; Android 5.0) AppleWebKit/537.36 (KHTML, like Gecko) Mobile Safari/537.36 (compatible; Bytespider; spider-feedback@bytedance.com)"
47.128.24.31 - - [04/Sep/2023:20:27:19 +0200] "GET /images/big_prod/3609810083301.jpg HTTP/1.0" 200 268 "http://www.wonder-geek.com/small-baby-teeth-pink-unicorn-p-51937.html" "Mozilla/5.0 (Linux; Android 5.0) AppleWebKit/537.36 (KHTML, like Gecko) Mobile Safari/537.36 (compatible; Bytespider; spider-feedback@bytedance.com)"
66.249.66.207 - - [04/Sep/2023:20:27:21 +0200] "GET /black-mustache-circle-coasters-cbkreation-p-16702.html HTTP/1.0" 200 76202 "-" "Mozilla/5.0 (Linux; Android 6.0.1; Nexus 5X Build/MMB29P) AppleWebKit/537.36 (KHTML, like Gecko) Chrome/116.0.5845.110 Mobile Safari/537.36 (compatible; Googlebot/2.1; +http://www.google.com/bot.html)"
47.128.20.91 - - [04/Sep/2023:20:27:23 +0200] "GET /highslide/graphics/zoomin.cur HTTP/1.0" 200 614 "http://www.wonder-geek.com/templates/Pixame_v1/stylesheet.css" "Mozilla/5.0 (Linux; Android 5.0) AppleWebKit/537.36 (KHTML, like Gecko) Mobile Safari/537.36 (compatible; Bytespider; spider-feedback@bytedance.com)"
47.128.20.91 - - [04/Sep/2023:20:27:23 +0200] "GET /images/big_prod_1/8422099381211B.jpg HTTP/1.0" 200 271 "http://www.wonder-geek.com/decorative-wooden-plate-entre-interdite-rleurs-anthracite-p-47815.html" "Mozilla/5.0 (Linux; Android 5.0) AppleWebKit/537.36 (KHTML, like Gecko) Mobile Safari/537.36 (compatible; Bytespider; spider-feedback@bytedance.com)"
157.90.182.25 - - [04/Sep/2023:20:27:27 +0200] "GET /bowl-white-porcelain-chouchou-collection-p-52620.html HTTP/1.0" 200 76055 "-" "Mozilla/5.0 (compatible; BLEXBot/1.0; +http://webmeup-crawler.com/)"
20.62.224.44 - - [04/Sep/2023:20:27:41 +0200] "GET /images/big_prod/1304038301153.jpg HTTP/1.0" 200 268 "-" "DuckDuckBot/1.1; (+http://duckduckgo.com/duckduckbot.html)"
157.90.182.25 - - [04/Sep/2023:20:27:41 +0200] "GET /bowl-white-porcelain-choupy-collection-p-54572.html HTTP/1.0" 200 76024 "-" "Mozilla/5.0 (compatible; BLEXBot/1.0; +http://webmeup-crawler.com/)"
47.128.31.25 - - [04/Sep/2023:20:27:43 +0200] "GET /highslide/graphics/outlines/drop-shadow.png HTTP/1.0" 200 277 "http://www.wonder-geek.com/cbkreation-p-36581.html" "Mozilla/5.0 (Linux; Android 5.0) AppleWebKit/537.36 (KHTML, like Gecko) Mobile Safari/537.36 (compatible; Bytespider; spider-feedback@bytedance.com)"
47.128.31.25 - - [04/Sep/2023:20:27:43 +0200] "GET /highslide/graphics/zoomout.cur HTTP/1.0" 200 614 "http://www.wonder-geek.com/cbkreation-p-36581.html" "Mozilla/5.0 (Linux; Android 5.0) AppleWebKit/537.36 (KHTML, like Gecko) Mobile Safari/537.36 (compatible; Bytespider; spider-feedback@bytedance.com)"
47.128.31.25 - - [04/Sep/2023:20:27:43 +0200] "GET /images/big_prod/boudha1384010190999.jpg HTTP/1.0" 200 274 "http://www.wonder-geek.com/cbkreation-p-36581.html" "Mozilla/5.0 (Linux; Android 5.0) AppleWebKit/537.36 (KHTML, like Gecko) Mobile Safari/537.36 (compatible; Bytespider; spider-feedback@bytedance.com)"
47.128.17.174 - - [04/Sep/2023:20:27:45 +0200] "GET /highslide/graphics/outlines/drop-shadow.png HTTP/1.0" 200 277 "http://www.wonder-geek.com/espresso-allen-desing-p-59739.html" "Mozilla/5.0 (Linux; Android 5.0) AppleWebKit/537.36 (KHTML, like Gecko) Mobile Safari/537.36 (compatible; Bytespider; spider-feedback@bytedance.com)"
47.128.17.174 - - [04/Sep/2023:20:27:45 +0200] "GET /highslide/graphics/zoomout.cur HTTP/1.0" 200 614 "http://www.wonder-geek.com/espresso-allen-desing-p-59739.html" "Mozilla/5.0 (Linux; Android 5.0) AppleWebKit/537.36 (KHTML, like Gecko) Mobile Safari/537.36 (compatible; Bytespider; spider-feedback@bytedance.com)"
47.128.17.174 - - [04/Sep/2023:20:27:45 +0200] "GET /images/big_prod/8422002441544.jpg HTTP/1.0" 200 268 "http://www.wonder-geek.com/espresso-allen-desing-p-59739.html" "Mozilla/5.0 (Linux; Android 5.0) AppleWebKit/537.36 (KHTML, like Gecko) Mobile Safari/537.36 (compatible; Bytespider; spider-feedback@bytedance.com)"
47.128.31.47 - - [04/Sep/2023:20:27:45 +0200] "GET /highslide/graphics/outlines/drop-shadow.png HTTP/1.0" 200 277 "http://www.wonder-geek.com/bamboo-fiber-plant-cover-p-58918.html" "Mozilla/5.0 (Linux; Android 5.0) AppleWebKit/537.36 (KHTML, like Gecko) Mobile Safari/537.36 (compatible; Bytespider; spider-feedback@bytedance.com)"
47.128.31.47 - - [04/Sep/2023:20:27:45 +0200] "GET /highslide/graphics/zoomout.cur HTTP/1.0" 200 614 "http://www.wonder-geek.com/bamboo-fiber-plant-cover-p-58918.html" "Mozilla/5.0 (Linux; Android 5.0) AppleWebKit/537.36 (KHTML, like Gecko) Mobile Safari/537.36 (compatible; Bytespider; spider-feedback@bytedance.com)"
47.128.17.174 - - [04/Sep/2023:20:27:46 +0200] "GET /espresso-allen-desing-p-59739.html HTTP/1.0" 200 76577 "-" "Mozilla/5.0 (Linux; Android 5.0) AppleWebKit/537.36 (KHTML, like Gecko) Mobile Safari/537.36 (compatible; Bytespider; spider-feedback@bytedance.com)"
47.128.17.174 - - [04/Sep/2023:20:27:48 +0200] "GET /swfobject.js HTTP/1.0" 404 1308 "http://www.wonder-geek.com/espresso-allen-desing-p-59739.html" "Mozilla/5.0 (Linux; Android 5.0) AppleWebKit/537.36 (KHTML, like Gecko) Mobile Safari/537.36 (compatible; Bytespider; spider-feedback@bytedance.com)"
47.128.20.91 - - [04/Sep/2023:20:27:53 +0200] "GET /highslide/graphics/outlines/drop-shadow.png HTTP/1.0" 200 277 "http://www.wonder-geek.com/decorative-wooden-plate-entre-interdite-rleurs-anthracite-p-47815.html" "Mozilla/5.0 (Linux; Android 5.0) AppleWebKit/537.36 (KHTML, like Gecko) Mobile Safari/537.36 (compatible; Bytespider; spider-feedback@bytedance.com)"
114.119.141.80 - - [04/Sep/2023:20:27:54 +0200] "GET /%20images/big_prod/8718375751343.jpg HTTP/1.0" 404 1308 "http://www.wonder-geek.com/paperweight-three-ages-woman-klimt-p-53584.html" "Mozilla/5.0 (Linux; Android 7.0;) AppleWebKit/537.36 (KHTML, like Gecko) Mobile Safari/537.36 (compatible; PetalBot;+https://webmaster.petalsearch.com/site/petalbot)"
47.128.20.91 - - [04/Sep/2023:20:27:54 +0200] "GET /highslide/graphics/zoomout.cur HTTP/1.0" 200 614 "http://www.wonder-geek.com/decorative-wooden-plate-entre-interdite-rleurs-anthracite-p-47815.html" "Mozilla/5.0 (Linux; Android 5.0) AppleWebKit/537.36 (KHTML, like Gecko) Mobile Safari/537.36 (compatible; Bytespider; spider-feedback@bytedance.com)"
47.128.20.91 - - [04/Sep/2023:20:27:54 +0200] "GET /images/big_prod/8422099381211N.jpg HTTP/1.0" 200 269 "http://www.wonder-geek.com/decorative-wooden-plate-entre-interdite-rleurs-anthracite-p-47815.html" "Mozilla/5.0 (Linux; Android 5.0) AppleWebKit/537.36 (KHTML, like Gecko) Mobile Safari/537.36 (compatible; Bytespider; spider-feedback@bytedance.com)"
47.128.17.174 - - [04/Sep/2023:20:27:56 +0200] "GET /images/big_prod_1/8422002441544B.jpg HTTP/1.0" 200 271 "http://www.wonder-geek.com/espresso-allen-desing-p-59739.html" "Mozilla/5.0 (Linux; Android 5.0) AppleWebKit/537.36 (KHTML, like Gecko) Mobile Safari/537.36 (compatible; Bytespider; spider-feedback@bytedance.com)"
157.90.182.25 - - [04/Sep/2023:20:27:55 +0200] "GET /bowl-white-porcelain-springy-collection-p-54573.html HTTP/1.0" 200 76020 "-" "Mozilla/5.0 (compatible; BLEXBot/1.0; +http://webmeup-crawler.com/)"
47.128.17.174 - - [04/Sep/2023:20:27:57 +0200] "GET /images/big_prod_1/8422002441544B.jpg HTTP/1.0" 200 271 "http://www.wonder-geek.com/espresso-allen-desing-p-59739.html" "Mozilla/5.0 (Linux; Android 5.0) AppleWebKit/537.36 (KHTML, like Gecko) Mobile Safari/537.36 (compatible; Bytespider; spider-feedback@bytedance.com)"
157.90.182.25 - - [04/Sep/2023:20:28:10 +0200] "GET /bowl-with-hole-barfing-white-1000-made-germany-p-57646.html HTTP/1.0" 200 78750 "-" "Mozilla/5.0 (compatible; BLEXBot/1.0; +http://webmeup-crawler.com/)"
157.90.182.25 - - [04/Sep/2023:20:28:24 +0200] "GET /bowl-with-ridged-patterns-porcelain-p-56189.html HTTP/1.0" 200 76124 "-" "Mozilla/5.0 (compatible; BLEXBot/1.0; +http://webmeup-crawler.com/)"
157.90.182.25 - - [04/Sep/2023:20:28:39 +0200] "GET /bowl-with-white-patterns-porcelain-p-56185.html HTTP/1.0" 200 76041 "-" "Mozilla/5.0 (compatible; BLEXBot/1.0; +http://webmeup-crawler.com/)"
157.90.182.25 - - [04/Sep/2023:20:28:53 +0200] "GET /bowl-with-white-porcelain-grid-p-56188.html HTTP/1.0" 200 76068 "-" "Mozilla/5.0 (compatible; BLEXBot/1.0; +http://webmeup-crawler.com/)"
157.90.182.25 - - [04/Sep/2023:20:29:08 +0200] "GET /bowls-c-12_60.html?page=1 HTTP/1.0" 200 94408 "-" "Mozilla/5.0 (compatible; BLEXBot/1.0; +http://webmeup-crawler.com/)"
66.249.66.206 - - [04/Sep/2023:20:29:18 +0200] "GET /images/big_prod_3/3442440300123c.jpg HTTP/1.0" 200 271 "-" "Googlebot-Image/1.0"
157.90.182.25 - - [04/Sep/2023:20:29:23 +0200] "GET /bowls-mini-melamine-tray-p-55860.html HTTP/1.0" 200 76047 "-" "Mozilla/5.0 (compatible; BLEXBot/1.0; +http://webmeup-crawler.com/)"
157.90.182.25 - - [04/Sep/2023:20:29:38 +0200] "GET /bowls-p-55552.html HTTP/1.0" 200 76611 "-" "Mozilla/5.0 (compatible; BLEXBot/1.0; +http://webmeup-crawler.com/)"
157.90.182.25 - - [04/Sep/2023:20:29:52 +0200] "GET /boxer-keychain-p-26272.html HTTP/1.0" 200 75934 "-" "Mozilla/5.0 (compatible; BLEXBot/1.0; +http://webmeup-crawler.com/)"
157.90.182.25 - - [04/Sep/2023:20:30:07 +0200] "GET /boxes-cones-champa-backflow-incence-cones-p-54735.html HTTP/1.0" 200 77972 "-" "Mozilla/5.0 (compatible; BLEXBot/1.0; +http://webmeup-crawler.com/)"
54.36.148.221 - - [04/Sep/2023:20:30:11 +0200] "GET /robots.txt HTTP/1.0" 200 245 "-" "Mozilla/5.0 (compatible; AhrefsBot/7.0; +http://ahrefs.com/robot/)"
40.77.167.41 - - [04/Sep/2023:20:30:10 +0200] "GET /towel-bath-towels-c-11_70.html?page=2 HTTP/1.0" 200 90753 "-" "Mozilla/5.0 AppleWebKit/537.36 (KHTML, like Gecko; compatible; bingbot/2.0; +http://www.bing.com/bingbot.htm) Chrome/103.0.5060.134 Safari/537.36"
54.36.148.11 - - [04/Sep/2023:20:30:13 +0200] "GET /shower-curtain-cactus-p-59788.html HTTP/1.0" 200 76776 "-" "Mozilla/5.0 (compatible; AhrefsBot/7.0; +http://ahrefs.com/robot/)"
157.90.182.25 - - [04/Sep/2023:20:30:22 +0200] "GET /boxes-cones-champa-backflow-incence-cones-p-54738.html HTTP/1.0" 200 77950 "-" "Mozilla/5.0 (compatible; BLEXBot/1.0; +http://webmeup-crawler.com/)"
157.90.182.25 - - [04/Sep/2023:20:30:36 +0200] "GET /boxes-cones-champa-backflow-incence-cones-p-57301.html HTTP/1.0" 200 77200 "-" "Mozilla/5.0 (compatible; BLEXBot/1.0; +http://webmeup-crawler.com/)"
51.68.224.127 - - [04/Sep/2023:20:30:48 +0200] "GET /adminweb/export_orders_xml.php?token=256de2z6edz6ed2z6DFSFsed2zed6zeDSFDSGdzedezfzf&maxorders=10&orderstart=1&status=14&start_date=2018-10-01 HTTP/1.0" 200 285 "-" "GesCom CharlotteBoutik Serveur"
51.68.224.127 - - [04/Sep/2023:20:30:49 +0200] "GET /adminweb/export_orders_xml.php?token=256de2z6edz6ed2z6DFSFsed2zed6zeDSFDSGdzedezfzf&maxorders=10&orderstart=1&status=6&start_date=2018-10-01 HTTP/1.0" 200 33963 "-" "GesCom CharlotteBoutik Serveur"
157.90.182.25 - - [04/Sep/2023:20:30:50 +0200] "GET /boxes-cones-champa-white-sage-incence-cones-p-55202.html HTTP/1.0" 200 77946 "-" "Mozilla/5.0 (compatible; BLEXBot/1.0; +http://webmeup-crawler.com/)"
157.90.182.25 - - [04/Sep/2023:20:31:04 +0200] "GET /boxes-shape-buddha-books-p-59931.html HTTP/1.0" 200 77434 "-" "Mozilla/5.0 (compatible; BLEXBot/1.0; +http://webmeup-crawler.com/)"
157.90.182.25 - - [04/Sep/2023:20:31:18 +0200] "GET /boxes-storage-c-13_150.html?page=1 HTTP/1.0" 200 97891 "-" "Mozilla/5.0 (compatible; BLEXBot/1.0; +http://webmeup-crawler.com/)"
157.90.182.25 - - [04/Sep/2023:20:31:32 +0200] "GET /boxes-storage-c-13_150.html?page=12 HTTP/1.0" 200 97250 "-" "Mozilla/5.0 (compatible; BLEXBot/1.0; +http://webmeup-crawler.com/)"
157.90.182.25 - - [04/Sep/2023:20:31:46 +0200] "GET /boxes-storage-c-13_150.html?page=13 HTTP/1.0" 200 97574 "-" "Mozilla/5.0 (compatible; BLEXBot/1.0; +http://webmeup-crawler.com/)"
169.228.63.97 - - [04/Sep/2023:20:31:49 +0200] "GET /images/mini_prod/1384010182741.jpg HTTP/1.0" 200 269 "-" "Mozilla/5.0 (X11; Ubuntu; Linux x86_64; rv:72.0) Gecko/20100101 Firefox/72.0"
157.90.182.25 - - [04/Sep/2023:20:32:01 +0200] "GET /boxes-storage-c-13_150.html?page=14 HTTP/1.0" 200 97445 "-" "Mozilla/5.0 (compatible; BLEXBot/1.0; +http://webmeup-crawler.com/)"
157.90.182.25 - - [04/Sep/2023:20:32:16 +0200] "GET /boxes-storage-c-13_150.html?page=15 HTTP/1.0" 200 97324 "-" "Mozilla/5.0 (compatible; BLEXBot/1.0; +http://webmeup-crawler.com/)"
157.90.182.25 - - [04/Sep/2023:20:32:30 +0200] "GET /boxes-storage-c-13_150.html?page=16 HTTP/1.0" 200 97765 "-" "Mozilla/5.0 (compatible; BLEXBot/1.0; +http://webmeup-crawler.com/)"
157.90.182.25 - - [04/Sep/2023:20:32:45 +0200] "GET /boxes-storage-c-13_150.html?page=17 HTTP/1.0" 200 97492 "-" "Mozilla/5.0 (compatible; BLEXBot/1.0; +http://webmeup-crawler.com/)"
157.90.182.25 - - [04/Sep/2023:20:33:00 +0200] "GET /boxes-storage-c-13_150.html?page=18 HTTP/1.0" 200 97786 "-" "Mozilla/5.0 (compatible; BLEXBot/1.0; +http://webmeup-crawler.com/)"
141.147.65.190 - - [04/Sep/2023:20:33:09 +0200] "GET /images/mini_prod/3457019604168.jpg HTTP/1.0" 200 269 "-" "Mozilla/5.0 (X11; Ubuntu; Linux x86_64; rv:72.0) Gecko/20100101 Firefox/72.0"
157.90.182.25 - - [04/Sep/2023:20:33:14 +0200] "GET /boxes-storage-c-13_150.html?page=19 HTTP/1.0" 200 98034 "-" "Mozilla/5.0 (compatible; BLEXBot/1.0; +http://webmeup-crawler.com/)"
157.90.182.25 - - [04/Sep/2023:20:33:29 +0200] "GET /boxes-storage-c-13_150.html?page=20 HTTP/1.0" 200 98436 "-" "Mozilla/5.0 (compatible; BLEXBot/1.0; +http://webmeup-crawler.com/)"
54.36.149.17 - - [04/Sep/2023:20:33:39 +0200] "GET /crystal-pearl-150g-p-45715.html HTTP/1.0" 200 76115 "-" "Mozilla/5.0 (compatible; AhrefsBot/7.0; +http://ahrefs.com/robot/)"
157.90.182.25 - - [04/Sep/2023:20:33:43 +0200] "GET /boxes-storage-c-13_150.html?page=21 HTTP/1.0" 200 90165 "-" "Mozilla/5.0 (compatible; BLEXBot/1.0; +http://webmeup-crawler.com/)"
157.90.182.25 - - [04/Sep/2023:20:33:57 +0200] "GET /boys-c-2.html?page=1 HTTP/1.0" 200 94031 "-" "Mozilla/5.0 (compatible; BLEXBot/1.0; +http://webmeup-crawler.com/)"
157.90.182.25 - - [04/Sep/2023:20:34:11 +0200] "GET /boys-power-cbkreation-p-14990.html HTTP/1.0" 200 75943 "-" "Mozilla/5.0 (compatible; BLEXBot/1.0; +http://webmeup-crawler.com/)"
66.249.66.207 - - [04/Sep/2023:20:34:16 +0200] "GET /ginkgo-biloba-wall-stickers-p-52226.html HTTP/1.0" 200 76703 "-" "Mozilla/5.0 (Linux; Android 6.0.1; Nexus 5X Build/MMB29P) AppleWebKit/537.36 (KHTML, like Gecko) Chrome/116.0.5845.110 Mobile Safari/537.36 (compatible; Googlebot/2.1; +http://www.google.com/bot.html)"
157.90.182.25 - - [04/Sep/2023:20:34:26 +0200] "GET /boys-power-small-cbkreation-p-14991.html HTTP/1.0" 200 76048 "-" "Mozilla/5.0 (compatible; BLEXBot/1.0; +http://webmeup-crawler.com/)"
157.90.182.25 - - [04/Sep/2023:20:34:40 +0200] "GET /bracelet-amazonite-oval-beads-elastic-p-48645.html HTTP/1.0" 200 76160 "-" "Mozilla/5.0 (compatible; BLEXBot/1.0; +http://webmeup-crawler.com/)"
216.244.66.242 - - [04/Sep/2023:20:34:43 +0200] "GET /tinker-bell-figurine-collection-disney-crafty-tink-p-31423.html HTTP/1.0" 200 76466 "-" "Mozilla/5.0 (compatible; DotBot/1.2; +https://opensiteexplorer.org/dotbot; help@moz.com)"
157.90.182.25 - - [04/Sep/2023:20:34:55 +0200] "GET /bracelet-amber-p-48650.html HTTP/1.0" 200 76427 "-" "Mozilla/5.0 (compatible; BLEXBot/1.0; +http://webmeup-crawler.com/)"
157.90.182.25 - - [04/Sep/2023:20:35:10 +0200] "GET /bracelet-amethyst-facet-p-48649.html HTTP/1.0" 200 76295 "-" "Mozilla/5.0 (compatible; BLEXBot/1.0; +http://webmeup-crawler.com/)"
157.90.182.25 - - [04/Sep/2023:20:35:25 +0200] "GET /bracelet-amethyst-p-52241.html HTTP/1.0" 200 76819 "-" "Mozilla/5.0 (compatible; BLEXBot/1.0; +http://webmeup-crawler.com/)"
157.90.182.25 - - [04/Sep/2023:20:35:39 +0200] "GET /bracelet-amethyst-palo-santo-elastic-p-54110.html HTTP/1.0" 200 77430 "-" "Mozilla/5.0 (compatible; BLEXBot/1.0; +http://webmeup-crawler.com/)"
47.128.23.162 - - [04/Sep/2023:20:35:42 +0200] "GET /paris-saint-germain-water-glasses-p-46521.html HTTP/1.0" 200 76811 "-" "Mozilla/5.0 (Linux; Android 5.0) AppleWebKit/537.36 (KHTML, like Gecko) Mobile Safari/537.36 (compatible; Bytespider; spider-feedback@bytedance.com)"
47.128.23.162 - - [04/Sep/2023:20:35:45 +0200] "GET /swfobject.js HTTP/1.0" 404 1308 "http://www.wonder-geek.com/paris-saint-germain-water-glasses-p-46521.html" "Mozilla/5.0 (Linux; Android 5.0) AppleWebKit/537.36 (KHTML, like Gecko) Mobile Safari/537.36 (compatible; Bytespider; spider-feedback@bytedance.com)"
47.128.31.174 - - [04/Sep/2023:20:35:46 +0200] "GET /little-miss-sunshine-pink-wallet-p-2682.html HTTP/1.0" 200 77106 "-" "Mozilla/5.0 (Linux; Android 5.0) AppleWebKit/537.36 (KHTML, like Gecko) Mobile Safari/537.36 (compatible; Bytespider; spider-feedback@bytedance.com)"
47.128.31.174 - - [04/Sep/2023:20:35:48 +0200] "GET /swfobject.js HTTP/1.0" 404 1308 "http://www.wonder-geek.com/little-miss-sunshine-pink-wallet-p-2682.html" "Mozilla/5.0 (Linux; Android 5.0) AppleWebKit/537.36 (KHTML, like Gecko) Mobile Safari/537.36 (compatible; Bytespider; spider-feedback@bytedance.com)"
47.128.23.162 - - [04/Sep/2023:20:35:50 +0200] "GET /highslide/graphics/zoomin.cur HTTP/1.0" 200 614 "http://www.wonder-geek.com/templates/Pixame_v1/stylesheet.css" "Mozilla/5.0 (Linux; Android 5.0) AppleWebKit/537.36 (KHTML, like Gecko) Mobile Safari/537.36 (compatible; Bytespider; spider-feedback@bytedance.com)"
47.128.23.162 - - [04/Sep/2023:20:35:51 +0200] "GET /images/big_prod_1/3700516262271B.jpg HTTP/1.0" 200 271 "http://www.wonder-geek.com/paris-saint-germain-water-glasses-p-46521.html" "Mozilla/5.0 (Linux; Android 5.0) AppleWebKit/537.36 (KHTML, like Gecko) Mobile Safari/537.36 (compatible; Bytespider; spider-feedback@bytedance.com)"
47.128.31.174 - - [04/Sep/2023:20:35:54 +0200] "GET /images/big_prod_2/3438100301050B.jpg HTTP/1.0" 200 271 "http://www.wonder-geek.com/little-miss-sunshine-pink-wallet-p-2682.html" "Mozilla/5.0 (Linux; Android 5.0) AppleWebKit/537.36 (KHTML, like Gecko) Mobile Safari/537.36 (compatible; Bytespider; spider-feedback@bytedance.com)"
47.128.31.174 - - [04/Sep/2023:20:35:54 +0200] "GET /images/big_prod_1/3438100301050C.jpg HTTP/1.0" 200 271 "http://www.wonder-geek.com/little-miss-sunshine-pink-wallet-p-2682.html" "Mozilla/5.0 (Linux; Android 5.0) AppleWebKit/537.36 (KHTML, like Gecko) Mobile Safari/537.36 (compatible; Bytespider; spider-feedback@bytedance.com)"
47.128.21.14 - - [04/Sep/2023:20:35:53 +0200] "GET /allen-buzz-clock-p-58678.html HTTP/1.0" 200 76554 "-" "Mozilla/5.0 (Linux; Android 5.0) AppleWebKit/537.36 (KHTML, like Gecko) Mobile Safari/537.36 (compatible; Bytespider; spider-feedback@bytedance.com)"
47.128.31.174 - - [04/Sep/2023:20:35:54 +0200] "GET /highslide/graphics/zoomin.cur HTTP/1.0" 200 614 "http://www.wonder-geek.com/templates/Pixame_v1/stylesheet.css" "Mozilla/5.0 (Linux; Android 5.0) AppleWebKit/537.36 (KHTML, like Gecko) Mobile Safari/537.36 (compatible; Bytespider; spider-feedback@bytedance.com)"
47.128.21.14 - - [04/Sep/2023:20:35:55 +0200] "GET /swfobject.js HTTP/1.0" 404 1308 "http://www.wonder-geek.com/allen-buzz-clock-p-58678.html" "Mozilla/5.0 (Linux; Android 5.0) AppleWebKit/537.36 (KHTML, like Gecko) Mobile Safari/537.36 (compatible; Bytespider; spider-feedback@bytedance.com)"
157.90.182.25 - - [04/Sep/2023:20:35:54 +0200] "GET /bracelet-aquamarine-p-48651.html HTTP/1.0" 200 76898 "-" "Mozilla/5.0 (compatible; BLEXBot/1.0; +http://webmeup-crawler.com/)"
47.128.21.14 - - [04/Sep/2023:20:35:59 +0200] "GET /highslide/graphics/zoomin.cur HTTP/1.0" 200 614 "http://www.wonder-geek.com/templates/Pixame_v1/stylesheet.css" "Mozilla/5.0 (Linux; Android 5.0) AppleWebKit/537.36 (KHTML, like Gecko) Mobile Safari/537.36 (compatible; Bytespider; spider-feedback@bytedance.com)"
47.128.23.131 - - [04/Sep/2023:20:35:58 +0200] "GET /placemats-salvador-dali-in-wood-kneeling-woman-29-21-cm-p-39747.html HTTP/1.0" 301 73886 "-" "Mozilla/5.0 (Linux; Android 5.0) AppleWebKit/537.36 (KHTML, like Gecko) Mobile Safari/537.36 (compatible; Bytespider; spider-feedback@bytedance.com)"
