37.187.94.3 - - [04/Sep/2023:15:42:45 +0200] "GET /water-bottles-heaters-c-13_288.html?page=5 HTTP/1.0" 200 88467 "-" "Mozilla/5.0 (compatible; MJ12bot/v1.4.8; http://mj12bot.com/)"
188.165.215.206 - - [04/Sep/2023:15:42:48 +0200] "GET /artisan-plaster-thermometer-handcrafted-p-58025.html HTTP/1.0" 200 77173 "-" "Mozilla/5.0 (compatible; MJ12bot/v1.4.8; http://mj12bot.com/)"
37.187.94.3 - - [04/Sep/2023:15:42:49 +0200] "GET /water-bottles-heaters-c-288.html HTTP/1.0" 301 93640 "-" "Mozilla/5.0 (compatible; MJ12bot/v1.4.8; http://mj12bot.com/)"
37.187.94.3 - - [04/Sep/2023:15:42:52 +0200] "GET /water-bottles-heaters-c-13_288.html HTTP/1.0" 200 93677 "-" "Mozilla/5.0 (compatible; MJ12bot/v1.4.8; http://mj12bot.com/)"
188.165.215.206 - - [04/Sep/2023:15:42:54 +0200] "GET /artisan-plaster-thermometer-handcrafted-p-58026.html HTTP/1.0" 200 77177 "-" "Mozilla/5.0 (compatible; MJ12bot/v1.4.8; http://mj12bot.com/)"
37.187.94.3 - - [04/Sep/2023:15:42:56 +0200] "GET /water-hyacinth-table-lamp-p-57490.html HTTP/1.0" 200 77037 "-" "Mozilla/5.0 (compatible; MJ12bot/v1.4.8; http://mj12bot.com/)"
188.165.215.206 - - [04/Sep/2023:15:42:59 +0200] "GET /artisan-plaster-thermometer-handcrafted-p-58034.html HTTP/1.0" 200 77189 "-" "Mozilla/5.0 (compatible; MJ12bot/v1.4.8; http://mj12bot.com/)"
37.187.94.3 - - [04/Sep/2023:15:43:01 +0200] "GET /water-hyacinth-table-lamp-p-57497.html HTTP/1.0" 200 73672 "-" "Mozilla/5.0 (compatible; MJ12bot/v1.4.8; http://mj12bot.com/)"
37.187.94.3 - - [04/Sep/2023:15:43:04 +0200] "GET /white-ceramic-lamp-p-60487.html HTTP/1.0" 200 73644 "-" "Mozilla/5.0 (compatible; MJ12bot/v1.4.8; http://mj12bot.com/)"
188.165.215.206 - - [04/Sep/2023:15:43:06 +0200] "GET /artisan-plaster-thermometer-handcrafted-p-58035.html HTTP/1.0" 200 77189 "-" "Mozilla/5.0 (compatible; MJ12bot/v1.4.8; http://mj12bot.com/)"
37.187.94.3 - - [04/Sep/2023:15:43:08 +0200] "GET /white-ceramic-striped-gift-p-56932.html HTTP/1.0" 200 77117 "-" "Mozilla/5.0 (compatible; MJ12bot/v1.4.8; http://mj12bot.com/)"
37.187.94.3 - - [04/Sep/2023:15:43:11 +0200] "GET /willow-tree-collection-mother-daughter-p-55500.html HTTP/1.0" 200 77683 "-" "Mozilla/5.0 (compatible; MJ12bot/v1.4.8; http://mj12bot.com/)"
37.187.94.3 - - [04/Sep/2023:15:43:14 +0200] "GET /wood-trays-p-60492.html HTTP/1.0" 200 77183 "-" "Mozilla/5.0 (compatible; MJ12bot/v1.4.8; http://mj12bot.com/)"
188.165.215.206 - - [04/Sep/2023:15:43:16 +0200] "GET /artisan-plaster-thermometer-handcrafted-p-58036.html HTTP/1.0" 200 77071 "-" "Mozilla/5.0 (compatible; MJ12bot/v1.4.8; http://mj12bot.com/)"
188.165.215.206 - - [04/Sep/2023:15:43:24 +0200] "GET /artisan-plaster-thermometer-handcrafted-p-58037.html HTTP/1.0" 200 77071 "-" "Mozilla/5.0 (compatible; MJ12bot/v1.4.8; http://mj12bot.com/)"
114.119.147.32 - - [04/Sep/2023:15:43:29 +0200] "GET /despicable-me-backpack-p-36312.html HTTP/1.0" 301 73649 "http://www.wonder-geek.com/backpacks-c-31_77.html?page=3" "Mozilla/5.0 (Linux; Android 7.0;) AppleWebKit/537.36 (KHTML, like Gecko) Mobile Safari/537.36 (compatible; PetalBot;+https://webmaster.petalsearch.com/site/petalbot)"
188.165.215.206 - - [04/Sep/2023:15:43:31 +0200] "GET /ashtray-with-handle-p-56753.html HTTP/1.0" 301 73649 "-" "Mozilla/5.0 (compatible; MJ12bot/v1.4.8; http://mj12bot.com/)"
114.119.159.123 - - [04/Sep/2023:15:43:34 +0200] "GET /%20images/3565750201055.jpg HTTP/1.0" 404 1308 "http://www.wonder-geek.com/the-little-prince-tour-eiffel-box-p-27376.html" "Mozilla/5.0 (Linux; Android 7.0;) AppleWebKit/537.36 (KHTML, like Gecko) Mobile Safari/537.36 (compatible; PetalBot;+https://webmaster.petalsearch.com/site/petalbot)"
114.119.147.32 - - [04/Sep/2023:15:43:33 +0200] "GET /-p-36312.html HTTP/1.0" 200 73582 "http://www.wonder-geek.com/backpacks-c-31_77.html?page=3" "Mozilla/5.0 (Linux; Android 7.0;) AppleWebKit/537.36 (KHTML, like Gecko) Mobile Safari/537.36 (compatible; PetalBot;+https://webmaster.petalsearch.com/site/petalbot)"
188.165.215.206 - - [04/Sep/2023:15:43:39 +0200] "GET /-p-56753.html HTTP/1.0" 200 73582 "-" "Mozilla/5.0 (compatible; MJ12bot/v1.4.8; http://mj12bot.com/)"
188.165.215.206 - - [04/Sep/2023:15:43:44 +0200] "GET /ashtrays-c-13_240.html?page=1 HTTP/1.0" 200 93449 "-" "Mozilla/5.0 (compatible; MJ12bot/v1.4.8; http://mj12bot.com/)"
188.165.215.206 - - [04/Sep/2023:15:43:50 +0200] "GET /ashtrays-c-13_240.html?page=2 HTTP/1.0" 200 93966 "-" "Mozilla/5.0 (compatible; MJ12bot/v1.4.8; http://mj12bot.com/)"
188.165.215.206 - - [04/Sep/2023:15:44:01 +0200] "GET /ashtrays-c-13_240.html?page=3 HTTP/1.0" 200 93865 "-" "Mozilla/5.0 (compatible; MJ12bot/v1.4.8; http://mj12bot.com/)"
47.128.28.34 - - [04/Sep/2023:15:44:04 +0200] "GET /scented-candles-novenas-c-231_227.html?page=10 HTTP/1.0" 200 97501 "-" "Mozilla/5.0 (Linux; Android 5.0) AppleWebKit/537.36 (KHTML, like Gecko) Mobile Safari/537.36 (compatible; Bytespider; spider-feedback@bytedance.com)"
47.128.28.34 - - [04/Sep/2023:15:44:06 +0200] "GET /swfobject.js HTTP/1.0" 404 1308 "http://www.wonder-geek.com/scented-candles-novenas-c-231_227.html?page=10" "Mozilla/5.0 (Linux; Android 5.0) AppleWebKit/537.36 (KHTML, like Gecko) Mobile Safari/537.36 (compatible; Bytespider; spider-feedback@bytedance.com)"
188.165.215.206 - - [04/Sep/2023:15:44:07 +0200] "GET /ashtrays-c-13_240.html?page=4 HTTP/1.0" 200 94004 "-" "Mozilla/5.0 (compatible; MJ12bot/v1.4.8; http://mj12bot.com/)"
188.165.215.206 - - [04/Sep/2023:15:44:14 +0200] "GET /ashtrays-c-13_240.html?page=5 HTTP/1.0" 200 94268 "-" "Mozilla/5.0 (compatible; MJ12bot/v1.4.8; http://mj12bot.com/)"
188.165.215.206 - - [04/Sep/2023:15:44:22 +0200] "GET /ashtrays-c-13_240.html?page=6 HTTP/1.0" 200 89448 "-" "Mozilla/5.0 (compatible; MJ12bot/v1.4.8; http://mj12bot.com/)"
47.128.28.34 - - [04/Sep/2023:15:44:27 +0200] "GET /js/jquery.min.js HTTP/1.0" 404 1308 "http://www.wonder-geek.com/scented-candles-novenas-c-231_227.html?page=10" "Mozilla/5.0 (Linux; Android 5.0) AppleWebKit/537.36 (KHTML, like Gecko) Mobile Safari/537.36 (compatible; Bytespider; spider-feedback@bytedance.com)"
47.128.28.34 - - [04/Sep/2023:15:44:29 +0200] "GET /swfobject.js HTTP/1.0" 404 1308 "http://www.wonder-geek.com/scented-candles-novenas-c-231_227.html?page=10" "Mozilla/5.0 (Linux; Android 5.0) AppleWebKit/537.36 (KHTML, like Gecko) Mobile Safari/537.36 (compatible; Bytespider; spider-feedback@bytedance.com)"
188.165.215.206 - - [04/Sep/2023:15:44:33 +0200] "GET /ashtrays-c-13_240.html?page=7 HTTP/1.0" 200 89448 "-" "Mozilla/5.0 (compatible; MJ12bot/v1.4.8; http://mj12bot.com/)"
54.36.148.126 - - [04/Sep/2023:15:44:35 +0200] "GET /canada-alarm-clock-cbkreation-p-60709.html HTTP/1.0" 200 76065 "-" "Mozilla/5.0 (compatible; AhrefsBot/7.0; +http://ahrefs.com/robot/)"
47.128.28.34 - - [04/Sep/2023:15:44:38 +0200] "GET /js/jquery.min.js HTTP/1.0" 404 1308 "http://www.wonder-geek.com/scented-candles-novenas-c-231_227.html?page=10" "Mozilla/5.0 (Linux; Android 5.0) AppleWebKit/537.36 (KHTML, like Gecko) Mobile Safari/537.36 (compatible; Bytespider; spider-feedback@bytedance.com)"
47.128.28.34 - - [04/Sep/2023:15:44:38 +0200] "GET /highslide/graphics/outlines/drop-shadow.png HTTP/1.0" 200 277 "http://www.wonder-geek.com/scented-candles-novenas-c-231_227.html?page=10" "Mozilla/5.0 (Linux; Android 5.0) AppleWebKit/537.36 (KHTML, like Gecko) Mobile Safari/537.36 (compatible; Bytespider; spider-feedback@bytedance.com)"
47.128.16.192 - - [04/Sep/2023:15:44:37 +0200] "GET /frames-flags-decorative-paintings-c-13_148.html?page=5 HTTP/1.0" 200 97017 "-" "Mozilla/5.0 (Linux; Android 5.0) AppleWebKit/537.36 (KHTML, like Gecko) Mobile Safari/537.36 (compatible; Bytespider; spider-feedback@bytedance.com)"
47.128.16.192 - - [04/Sep/2023:15:44:39 +0200] "GET /swfobject.js HTTP/1.0" 404 1308 "http://www.wonder-geek.com/frames-flags-decorative-paintings-c-13_148.html?page=5" "Mozilla/5.0 (Linux; Android 5.0) AppleWebKit/537.36 (KHTML, like Gecko) Mobile Safari/537.36 (compatible; Bytespider; spider-feedback@bytedance.com)"
47.128.28.34 - - [04/Sep/2023:15:44:41 +0200] "GET /swfobject.js HTTP/1.0" 404 1308 "http://www.wonder-geek.com/scented-candles-novenas-c-231_227.html?page=10" "Mozilla/5.0 (Linux; Android 5.0) AppleWebKit/537.36 (KHTML, like Gecko) Mobile Safari/537.36 (compatible; Bytespider; spider-feedback@bytedance.com)"
47.128.28.34 - - [04/Sep/2023:15:44:40 +0200] "GET /scented-candles-novenas-c-231_227.html?page=10 HTTP/1.0" 200 97501 "-" "Mozilla/5.0 (Linux; Android 5.0) AppleWebKit/537.36 (KHTML, like Gecko) Mobile Safari/537.36 (compatible; Bytespider; spider-feedback@bytedance.com)"
47.128.24.19 - - [04/Sep/2023:15:44:41 +0200] "GET /keyrings-c-3_52.html HTTP/1.0" 200 97020 "-" "Mozilla/5.0 (Linux; Android 5.0) AppleWebKit/537.36 (KHTML, like Gecko) Mobile Safari/537.36 (compatible; Bytespider; spider-feedback@bytedance.com)"
47.128.24.19 - - [04/Sep/2023:15:44:43 +0200] "GET /swfobject.js HTTP/1.0" 404 1308 "http://www.wonder-geek.com/keyrings-c-3_52.html" "Mozilla/5.0 (Linux; Android 5.0) AppleWebKit/537.36 (KHTML, like Gecko) Mobile Safari/537.36 (compatible; Bytespider; spider-feedback@bytedance.com)"
188.165.215.206 - - [04/Sep/2023:15:44:44 +0200] "GET /ashtrays-c-13_240.html?page=8 HTTP/1.0" 200 89448 "-" "Mozilla/5.0 (compatible; MJ12bot/v1.4.8; http://mj12bot.com/)"
188.165.215.206 - - [04/Sep/2023:15:44:48 +0200] "GET /assiettes-coupelles-c-12_58.html HTTP/1.0" 301 81605 "-" "Mozilla/5.0 (compatible; MJ12bot/v1.4.8; http://mj12bot.com/)"
47.128.22.46 - - [04/Sep/2023:15:44:53 +0200] "GET /dishes-c-12.html?page=11 HTTP/1.0" 200 95453 "-" "Mozilla/5.0 (Linux; Android 5.0) AppleWebKit/537.36 (KHTML, like Gecko) Mobile Safari/537.36 (compatible; Bytespider; spider-feedback@bytedance.com)"
47.128.22.46 - - [04/Sep/2023:15:44:55 +0200] "GET /swfobject.js HTTP/1.0" 404 1308 "http://www.wonder-geek.com/dishes-c-12.html?page=11" "Mozilla/5.0 (Linux; Android 5.0) AppleWebKit/537.36 (KHTML, like Gecko) Mobile Safari/537.36 (compatible; Bytespider; spider-feedback@bytedance.com)"
188.165.215.206 - - [04/Sep/2023:15:44:55 +0200] "GET /plates-cups-c-58.html HTTP/1.0" 301 81504 "-" "Mozilla/5.0 (compatible; MJ12bot/v1.4.8; http://mj12bot.com/)"
47.128.28.34 - - [04/Sep/2023:15:45:00 +0200] "GET /js/jquery.min.js HTTP/1.0" 404 1308 "http://www.wonder-geek.com/scented-candles-novenas-c-231_227.html?page=10" "Mozilla/5.0 (Linux; Android 5.0) AppleWebKit/537.36 (KHTML, like Gecko) Mobile Safari/537.36 (compatible; Bytespider; spider-feedback@bytedance.com)"
47.128.16.192 - - [04/Sep/2023:15:45:01 +0200] "GET /swfobject.js HTTP/1.0" 404 1308 "http://www.wonder-geek.com/frames-flags-decorative-paintings-c-13_148.html?page=5" "Mozilla/5.0 (Linux; Android 5.0) AppleWebKit/537.36 (KHTML, like Gecko) Mobile Safari/537.36 (compatible; Bytespider; spider-feedback@bytedance.com)"
47.128.24.19 - - [04/Sep/2023:15:45:02 +0200] "GET /js/jquery.min.js HTTP/1.0" 404 1308 "http://www.wonder-geek.com/keyrings-c-3_52.html" "Mozilla/5.0 (Linux; Android 5.0) AppleWebKit/537.36 (KHTML, like Gecko) Mobile Safari/537.36 (compatible; Bytespider; spider-feedback@bytedance.com)"
47.128.16.192 - - [04/Sep/2023:15:45:03 +0200] "GET /js/jquery.min.js HTTP/1.0" 404 1308 "http://www.wonder-geek.com/frames-flags-decorative-paintings-c-13_148.html?page=5" "Mozilla/5.0 (Linux; Android 5.0) AppleWebKit/537.36 (KHTML, like Gecko) Mobile Safari/537.36 (compatible; Bytespider; spider-feedback@bytedance.com)"
188.165.215.206 - - [04/Sep/2023:15:45:02 +0200] "GET /plates-cups-c-12_58.html HTTP/1.0" 200 81530 "-" "Mozilla/5.0 (compatible; MJ12bot/v1.4.8; http://mj12bot.com/)"
47.128.24.19 - - [04/Sep/2023:15:45:04 +0200] "GET /swfobject.js HTTP/1.0" 404 1308 "http://www.wonder-geek.com/keyrings-c-3_52.html" "Mozilla/5.0 (Linux; Android 5.0) AppleWebKit/537.36 (KHTML, like Gecko) Mobile Safari/537.36 (compatible; Bytespider; spider-feedback@bytedance.com)"
47.128.16.192 - - [04/Sep/2023:15:45:05 +0200] "GET /highslide/graphics/zoomout.cur HTTP/1.0" 200 614 "http://www.wonder-geek.com/frames-flags-decorative-paintings-c-13_148.html?page=5" "Mozilla/5.0 (Linux; Android 5.0) AppleWebKit/537.36 (KHTML, like Gecko) Mobile Safari/537.36 (compatible; Bytespider; spider-feedback@bytedance.com)"
188.165.215.206 - - [04/Sep/2023:15:45:09 +0200] "GET /assorted-potholders-p-57965.html HTTP/1.0" 200 77243 "-" "Mozilla/5.0 (compatible; MJ12bot/v1.4.8; http://mj12bot.com/)"
47.128.24.19 - - [04/Sep/2023:15:45:14 +0200] "GET /js/jquery.min.js HTTP/1.0" 404 1308 "http://www.wonder-geek.com/keyrings-c-3_52.html" "Mozilla/5.0 (Linux; Android 5.0) AppleWebKit/537.36 (KHTML, like Gecko) Mobile Safari/537.36 (compatible; Bytespider; spider-feedback@bytedance.com)"
188.165.215.206 - - [04/Sep/2023:15:45:13 +0200] "GET /assorted-potholders-p-57966.html HTTP/1.0" 200 77243 "-" "Mozilla/5.0 (compatible; MJ12bot/v1.4.8; http://mj12bot.com/)"
47.128.22.46 - - [04/Sep/2023:15:45:15 +0200] "GET /js/jquery.min.js HTTP/1.0" 404 1308 "http://www.wonder-geek.com/dishes-c-12.html?page=11" "Mozilla/5.0 (Linux; Android 5.0) AppleWebKit/537.36 (KHTML, like Gecko) Mobile Safari/537.36 (compatible; Bytespider; spider-feedback@bytedance.com)"
47.128.22.46 - - [04/Sep/2023:15:45:20 +0200] "GET /swfobject.js HTTP/1.0" 404 1308 "http://www.wonder-geek.com/dishes-c-12.html?page=11" "Mozilla/5.0 (Linux; Android 5.0) AppleWebKit/537.36 (KHTML, like Gecko) Mobile Safari/537.36 (compatible; Bytespider; spider-feedback@bytedance.com)"
47.128.18.129 - - [04/Sep/2023:15:45:25 +0200] "GET /pillowcases-bolstercases-c-166.html HTTP/1.0" 301 92960 "-" "Mozilla/5.0 (Linux; Android 5.0) AppleWebKit/537.36 (KHTML, like Gecko) Mobile Safari/537.36 (compatible; Bytespider; spider-feedback@bytedance.com)"
188.165.215.206 - - [04/Sep/2023:15:45:26 +0200] "GET /australia-gift-family-p-57402.html HTTP/1.0" 200 77677 "-" "Mozilla/5.0 (compatible; MJ12bot/v1.4.8; http://mj12bot.com/)"
47.128.18.129 - - [04/Sep/2023:15:45:29 +0200] "GET /pillowcases-c-11_166.html HTTP/1.0" 200 93003 "-" "Mozilla/5.0 (Linux; Android 5.0) AppleWebKit/537.36 (KHTML, like Gecko) Mobile Safari/537.36 (compatible; Bytespider; spider-feedback@bytedance.com)"
47.128.22.46 - - [04/Sep/2023:15:45:31 +0200] "GET /js/jquery.min.js HTTP/1.0" 404 1308 "http://www.wonder-geek.com/dishes-c-12.html?page=11" "Mozilla/5.0 (Linux; Android 5.0) AppleWebKit/537.36 (KHTML, like Gecko) Mobile Safari/537.36 (compatible; Bytespider; spider-feedback@bytedance.com)"
47.128.22.46 - - [04/Sep/2023:15:45:32 +0200] "GET /highslide/graphics/zoomout.cur HTTP/1.0" 200 614 "http://www.wonder-geek.com/dishes-c-12.html?page=11" "Mozilla/5.0 (Linux; Android 5.0) AppleWebKit/537.36 (KHTML, like Gecko) Mobile Safari/537.36 (compatible; Bytespider; spider-feedback@bytedance.com)"
47.128.20.159 - - [04/Sep/2023:15:45:30 +0200] "GET /table-lamps-c-86_286.html?page=11 HTTP/1.0" 200 94542 "-" "Mozilla/5.0 (Linux; Android 5.0) AppleWebKit/537.36 (KHTML, like Gecko) Mobile Safari/537.36 (compatible; Bytespider; spider-feedback@bytedance.com)"
47.128.18.129 - - [04/Sep/2023:15:45:32 +0200] "GET /swfobject.js HTTP/1.0" 404 1308 "http://www.wonder-geek.com/pillowcases-c-11_166.html" "Mozilla/5.0 (Linux; Android 5.0) AppleWebKit/537.36 (KHTML, like Gecko) Mobile Safari/537.36 (compatible; Bytespider; spider-feedback@bytedance.com)"
47.128.20.159 - - [04/Sep/2023:15:45:32 +0200] "GET /swfobject.js HTTP/1.0" 404 1308 "http://www.wonder-geek.com/table-lamps-c-86_286.html?page=11" "Mozilla/5.0 (Linux; Android 5.0) AppleWebKit/537.36 (KHTML, like Gecko) Mobile Safari/537.36 (compatible; Bytespider; spider-feedback@bytedance.com)"
188.165.215.206 - - [04/Sep/2023:15:45:39 +0200] "GET /authentic-denim-round-side-table-p-50228.html HTTP/1.0" 200 76623 "-" "Mozilla/5.0 (compatible; MJ12bot/v1.4.8; http://mj12bot.com/)"
188.165.215.206 - - [04/Sep/2023:15:45:50 +0200] "GET /avec-cuillre-claude-monet-nymphas-p-58119.html HTTP/1.0" 301 76907 "-" "Mozilla/5.0 (compatible; MJ12bot/v1.4.8; http://mj12bot.com/)"
47.128.20.159 - - [04/Sep/2023:15:45:53 +0200] "GET /js/jquery.min.js HTTP/1.0" 404 1308 "http://www.wonder-geek.com/table-lamps-c-86_286.html?page=11" "Mozilla/5.0 (Linux; Android 5.0) AppleWebKit/537.36 (KHTML, like Gecko) Mobile Safari/537.36 (compatible; Bytespider; spider-feedback@bytedance.com)"
47.128.18.129 - - [04/Sep/2023:15:45:54 +0200] "GET /js/jquery.min.js HTTP/1.0" 404 1308 "http://www.wonder-geek.com/pillowcases-c-11_166.html" "Mozilla/5.0 (Linux; Android 5.0) AppleWebKit/537.36 (KHTML, like Gecko) Mobile Safari/537.36 (compatible; Bytespider; spider-feedback@bytedance.com)"
188.165.215.206 - - [04/Sep/2023:15:45:56 +0200] "GET /with-spoon-monet-nymphas-p-58119.html HTTP/1.0" 200 76816 "-" "Mozilla/5.0 (compatible; MJ12bot/v1.4.8; http://mj12bot.com/)"
47.128.18.129 - - [04/Sep/2023:15:45:58 +0200] "GET /swfobject.js HTTP/1.0" 404 1308 "http://www.wonder-geek.com/pillowcases-c-11_166.html" "Mozilla/5.0 (Linux; Android 5.0) AppleWebKit/537.36 (KHTML, like Gecko) Mobile Safari/537.36 (compatible; Bytespider; spider-feedback@bytedance.com)"
47.128.20.159 - - [04/Sep/2023:15:45:59 +0200] "GET /swfobject.js HTTP/1.0" 404 1308 "http://www.wonder-geek.com/table-lamps-c-86_286.html?page=11" "Mozilla/5.0 (Linux; Android 5.0) AppleWebKit/537.36 (KHTML, like Gecko) Mobile Safari/537.36 (compatible; Bytespider; spider-feedback@bytedance.com)"
188.165.215.206 - - [04/Sep/2023:15:46:00 +0200] "GET /avec-cuillre-hiboux-michelle-allen-boite-cadeau-p-56939.html HTTP/1.0" 301 76758 "-" "Mozilla/5.0 (compatible; MJ12bot/v1.4.8; http://mj12bot.com/)"
188.165.215.206 - - [04/Sep/2023:15:46:06 +0200] "GET /with-spoon-michelle-allen-owls-p-56939.html HTTP/1.0" 200 76661 "-" "Mozilla/5.0 (compatible; MJ12bot/v1.4.8; http://mj12bot.com/)"
47.128.20.159 - - [04/Sep/2023:15:46:09 +0200] "GET /js/jquery.min.js HTTP/1.0" 404 1308 "http://www.wonder-geek.com/table-lamps-c-86_286.html?page=11" "Mozilla/5.0 (Linux; Android 5.0) AppleWebKit/537.36 (KHTML, like Gecko) Mobile Safari/537.36 (compatible; Bytespider; spider-feedback@bytedance.com)"
47.128.20.159 - - [04/Sep/2023:15:46:09 +0200] "GET /highslide/graphics/outlines/drop-shadow.png HTTP/1.0" 200 277 "http://www.wonder-geek.com/table-lamps-c-86_286.html?page=11" "Mozilla/5.0 (Linux; Android 5.0) AppleWebKit/537.36 (KHTML, like Gecko) Mobile Safari/537.36 (compatible; Bytespider; spider-feedback@bytedance.com)"
52.167.144.196 - - [04/Sep/2023:15:46:13 +0200] "GET /postcard-without-envelope-tassen-p-60801.html HTTP/1.0" 200 76681 "-" "Mozilla/5.0 AppleWebKit/537.36 (KHTML, like Gecko; compatible; bingbot/2.0; +http://www.bing.com/bingbot.htm) Chrome/103.0.5060.134 Safari/537.36"
188.165.215.206 - - [04/Sep/2023:15:46:12 +0200] "GET /bagagerie-cartables-maroquinerie-c-31.html HTTP/1.0" 301 95919 "-" "Mozilla/5.0 (compatible; MJ12bot/v1.4.8; http://mj12bot.com/)"
188.165.215.206 - - [04/Sep/2023:15:46:17 +0200] "GET /luggages-schoolbags-leather-shop-c-31.html HTTP/1.0" 200 95823 "-" "Mozilla/5.0 (compatible; MJ12bot/v1.4.8; http://mj12bot.com/)"
188.165.215.206 - - [04/Sep/2023:15:46:26 +0200] "GET /bagagerie-decembre-2022-c-95_315.html HTTP/1.0" 301 72515 "-" "Mozilla/5.0 (compatible; MJ12bot/v1.4.8; http://mj12bot.com/)"
188.165.215.206 - - [04/Sep/2023:15:46:30 +0200] "GET /-c-315.html HTTP/1.0" 200 72361 "-" "Mozilla/5.0 (compatible; MJ12bot/v1.4.8; http://mj12bot.com/)"
216.244.66.242 - - [04/Sep/2023:15:46:42 +0200] "GET /protective-cover-cotton-fleece-p-42596.html HTTP/1.0" 301 73649 "-" "Mozilla/5.0 (compatible; DotBot/1.2; +https://opensiteexplorer.org/dotbot; help@moz.com)"
188.165.215.206 - - [04/Sep/2023:15:46:43 +0200] "GET /bague-laiton-cristal-roche-taille-ajustable-p-57282.html HTTP/1.0" 301 76985 "-" "Mozilla/5.0 (compatible; MJ12bot/v1.4.8; http://mj12bot.com/)"
188.165.215.206 - - [04/Sep/2023:15:46:47 +0200] "GET /brass-rock-crystal-adjustable-ring-p-57282.html HTTP/1.0" 200 76884 "-" "Mozilla/5.0 (compatible; MJ12bot/v1.4.8; http://mj12bot.com/)"
188.165.215.206 - - [04/Sep/2023:15:46:55 +0200] "GET /bagues-c-3_257.html HTTP/1.0" 301 89425 "-" "Mozilla/5.0 (compatible; MJ12bot/v1.4.8; http://mj12bot.com/)"
54.236.1.11 - - [04/Sep/2023:15:47:00 +0200] "GET /dishes/suitcase-lunch-and-lunch-box/barbapapa-vertical-lunch-bag-p-13768.html HTTP/1.0" 301 73649 "-" "Mozilla/5.0 (compatible; Pinterestbot/1.0; +http://www.pinterest.com/bot.html)"
54.236.1.11 - - [04/Sep/2023:15:47:02 +0200] "GET /-p-13768.html HTTP/1.0" 200 73582 "-" "Mozilla/5.0 (compatible; Pinterestbot/1.0; +http://www.pinterest.com/bot.html)"
188.165.215.206 - - [04/Sep/2023:15:47:02 +0200] "GET /rings-c-257.html HTTP/1.0" 301 89315 "-" "Mozilla/5.0 (compatible; MJ12bot/v1.4.8; http://mj12bot.com/)"
188.165.215.206 - - [04/Sep/2023:15:47:10 +0200] "GET /rings-c-3_257.html HTTP/1.0" 200 89355 "-" "Mozilla/5.0 (compatible; MJ12bot/v1.4.8; http://mj12bot.com/)"
188.165.215.206 - - [04/Sep/2023:15:47:17 +0200] "GET /ball-yarn-placemat-kiub-p-60028.html HTTP/1.0" 200 76000 "-" "Mozilla/5.0 (compatible; MJ12bot/v1.4.8; http://mj12bot.com/)"
188.165.215.206 - - [04/Sep/2023:15:47:21 +0200] "GET /bamboo-fiber-plant-cover-hummingbird-p-49555.html HTTP/1.0" 301 73649 "-" "Mozilla/5.0 (compatible; MJ12bot/v1.4.8; http://mj12bot.com/)"
188.165.215.206 - - [04/Sep/2023:15:47:28 +0200] "GET /-p-49555.html HTTP/1.0" 200 73582 "-" "Mozilla/5.0 (compatible; MJ12bot/v1.4.8; http://mj12bot.com/)"
47.128.30.143 - - [04/Sep/2023:15:47:35 +0200] "GET /umbrellas-c-3_16.html HTTP/1.0" 200 88550 "-" "Mozilla/5.0 (Linux; Android 5.0) AppleWebKit/537.36 (KHTML, like Gecko) Mobile Safari/537.36 (compatible; Bytespider; spider-feedback@bytedance.com)"
47.128.30.143 - - [04/Sep/2023:15:47:37 +0200] "GET /swfobject.js HTTP/1.0" 404 1308 "http://www.wonder-geek.com/umbrellas-c-3_16.html" "Mozilla/5.0 (Linux; Android 5.0) AppleWebKit/537.36 (KHTML, like Gecko) Mobile Safari/537.36 (compatible; Bytespider; spider-feedback@bytedance.com)"
47.128.28.227 - - [04/Sep/2023:15:47:36 +0200] "GET /wall-decoration-in-wood-and-mdf-c-13_274.html HTTP/1.0" 301 96226 "-" "Mozilla/5.0 (Linux; Android 5.0) AppleWebKit/537.36 (KHTML, like Gecko) Mobile Safari/537.36 (compatible; Bytespider; spider-feedback@bytedance.com)"
47.128.28.227 - - [04/Sep/2023:15:47:38 +0200] "GET /wall-decoration-wood-c-274.html HTTP/1.0" 301 96103 "-" "Mozilla/5.0 (Linux; Android 5.0) AppleWebKit/537.36 (KHTML, like Gecko) Mobile Safari/537.36 (compatible; Bytespider; spider-feedback@bytedance.com)"
47.128.28.9 - - [04/Sep/2023:15:47:38 +0200] "GET /personalized-products-c-97.html HTTP/1.0" 200 93491 "-" "Mozilla/5.0 (Linux; Android 5.0) AppleWebKit/537.36 (KHTML, like Gecko) Mobile Safari/537.36 (compatible; Bytespider; spider-feedback@bytedance.com)"
47.128.28.9 - - [04/Sep/2023:15:47:41 +0200] "GET /swfobject.js HTTP/1.0" 404 1308 "http://www.wonder-geek.com/personalized-products-c-97.html" "Mozilla/5.0 (Linux; Android 5.0) AppleWebKit/537.36 (KHTML, like Gecko) Mobile Safari/537.36 (compatible; Bytespider; spider-feedback@bytedance.com)"
188.165.215.206 - - [04/Sep/2023:15:47:39 +0200] "GET /bamboo-fiber-plant-cover-hummingbird-p-49557.html HTTP/1.0" 301 73649 "-" "Mozilla/5.0 (compatible; MJ12bot/v1.4.8; http://mj12bot.com/)"
47.128.28.227 - - [04/Sep/2023:15:47:40 +0200] "GET /wall-decoration-wood-c-13_274.html HTTP/1.0" 200 96141 "-" "Mozilla/5.0 (Linux; Android 5.0) AppleWebKit/537.36 (KHTML, like Gecko) Mobile Safari/537.36 (compatible; Bytespider; spider-feedback@bytedance.com)"
47.128.28.227 - - [04/Sep/2023:15:47:42 +0200] "GET /swfobject.js HTTP/1.0" 404 1308 "http://www.wonder-geek.com/wall-decoration-wood-c-13_274.html" "Mozilla/5.0 (Linux; Android 5.0) AppleWebKit/537.36 (KHTML, like Gecko) Mobile Safari/537.36 (compatible; Bytespider; spider-feedback@bytedance.com)"
188.165.215.206 - - [04/Sep/2023:15:47:45 +0200] "GET /-p-49557.html HTTP/1.0" 200 73582 "-" "Mozilla/5.0 (compatible; MJ12bot/v1.4.8; http://mj12bot.com/)"
188.165.215.206 - - [04/Sep/2023:15:47:49 +0200] "GET /bamboo-mirror-p-58097.html HTTP/1.0" 200 76674 "-" "Mozilla/5.0 (compatible; MJ12bot/v1.4.8; http://mj12bot.com/)"
47.128.28.9 - - [04/Sep/2023:15:47:55 +0200] "GET /js/jquery.min.js HTTP/1.0" 404 1308 "http://www.wonder-geek.com/personalized-products-c-97.html" "Mozilla/5.0 (Linux; Android 5.0) AppleWebKit/537.36 (KHTML, like Gecko) Mobile Safari/537.36 (compatible; Bytespider; spider-feedback@bytedance.com)"
47.128.28.227 - - [04/Sep/2023:15:47:56 +0200] "GET /js/jquery.min.js HTTP/1.0" 404 1308 "http://www.wonder-geek.com/wall-decoration-wood-c-13_274.html" "Mozilla/5.0 (Linux; Android 5.0) AppleWebKit/537.36 (KHTML, like Gecko) Mobile Safari/537.36 (compatible; Bytespider; spider-feedback@bytedance.com)"
47.128.30.143 - - [04/Sep/2023:15:47:56 +0200] "GET /js/jquery.min.js HTTP/1.0" 404 1308 "http://www.wonder-geek.com/umbrellas-c-3_16.html" "Mozilla/5.0 (Linux; Android 5.0) AppleWebKit/537.36 (KHTML, like Gecko) Mobile Safari/537.36 (compatible; Bytespider; spider-feedback@bytedance.com)"
188.165.215.206 - - [04/Sep/2023:15:48:00 +0200] "GET /bath-sarong-cotton-p-60269.html HTTP/1.0" 200 73658 "-" "Mozilla/5.0 (compatible; MJ12bot/v1.4.8; http://mj12bot.com/)"
47.128.31.95 - - [04/Sep/2023:15:48:03 +0200] "GET /decorative-canvas-vieuw-world-hang-p-56046.html HTTP/1.0" 200 77045 "-" "Mozilla/5.0 (Linux; Android 5.0) AppleWebKit/537.36 (KHTML, like Gecko) Mobile Safari/537.36 (compatible; Bytespider; spider-feedback@bytedance.com)"
47.128.31.95 - - [04/Sep/2023:15:48:05 +0200] "GET /swfobject.js HTTP/1.0" 404 1308 "http://www.wonder-geek.com/decorative-canvas-vieuw-world-hang-p-56046.html" "Mozilla/5.0 (Linux; Android 5.0) AppleWebKit/537.36 (KHTML, like Gecko) Mobile Safari/537.36 (compatible; Bytespider; spider-feedback@bytedance.com)"
47.128.19.67 - - [04/Sep/2023:15:48:04 +0200] "GET /aprons-c-74.html HTTP/1.0" 301 94477 "-" "Mozilla/5.0 (Linux; Android 5.0) AppleWebKit/537.36 (KHTML, like Gecko) Mobile Safari/537.36 (compatible; Bytespider; spider-feedback@bytedance.com)"
47.128.30.143 - - [04/Sep/2023:15:48:07 +0200] "GET /swfobject.js HTTP/1.0" 404 1308 "http://www.wonder-geek.com/umbrellas-c-3_16.html" "Mozilla/5.0 (Linux; Android 5.0) AppleWebKit/537.36 (KHTML, like Gecko) Mobile Safari/537.36 (compatible; Bytespider; spider-feedback@bytedance.com)"
47.128.30.23 - - [04/Sep/2023:15:48:06 +0200] "GET /chakra-banner-p-46291.html HTTP/1.0" 200 76936 "-" "Mozilla/5.0 (Linux; Android 5.0) AppleWebKit/537.36 (KHTML, like Gecko) Mobile Safari/537.36 (compatible; Bytespider; spider-feedback@bytedance.com)"
47.128.30.23 - - [04/Sep/2023:15:48:08 +0200] "GET /swfobject.js HTTP/1.0" 404 1308 "http://www.wonder-geek.com/chakra-banner-p-46291.html" "Mozilla/5.0 (Linux; Android 5.0) AppleWebKit/537.36 (KHTML, like Gecko) Mobile Safari/537.36 (compatible; Bytespider; spider-feedback@bytedance.com)"
47.128.28.9 - - [04/Sep/2023:15:48:10 +0200] "GET /swfobject.js HTTP/1.0" 404 1308 "http://www.wonder-geek.com/personalized-products-c-97.html" "Mozilla/5.0 (Linux; Android 5.0) AppleWebKit/537.36 (KHTML, like Gecko) Mobile Safari/537.36 (compatible; Bytespider; spider-feedback@bytedance.com)"
188.165.215.206 - - [04/Sep/2023:15:48:09 +0200] "GET /bathing-figurines-p-60106.html HTTP/1.0" 200 76605 "-" "Mozilla/5.0 (compatible; MJ12bot/v1.4.8; http://mj12bot.com/)"
52.167.144.196 - - [04/Sep/2023:15:48:11 +0200] "GET /images/3760116328203.jpg HTTP/1.0" 200 259 "-" "Mozilla/5.0 AppleWebKit/537.36 (KHTML, like Gecko; compatible; bingbot/2.0; +http://www.bing.com/bingbot.htm) Chrome/103.0.5060.134 Safari/537.36"
47.128.28.227 - - [04/Sep/2023:15:48:12 +0200] "GET /swfobject.js HTTP/1.0" 404 1308 "http://www.wonder-geek.com/wall-decoration-wood-c-13_274.html" "Mozilla/5.0 (Linux; Android 5.0) AppleWebKit/537.36 (KHTML, like Gecko) Mobile Safari/537.36 (compatible; Bytespider; spider-feedback@bytedance.com)"
47.128.30.143 - - [04/Sep/2023:15:48:14 +0200] "GET /js/jquery.min.js HTTP/1.0" 404 1308 "http://www.wonder-geek.com/umbrellas-c-3_16.html" "Mozilla/5.0 (Linux; Android 5.0) AppleWebKit/537.36 (KHTML, like Gecko) Mobile Safari/537.36 (compatible; Bytespider; spider-feedback@bytedance.com)"
47.128.28.9 - - [04/Sep/2023:15:48:18 +0200] "GET /js/jquery.min.js HTTP/1.0" 404 1308 "http://www.wonder-geek.com/personalized-products-c-97.html" "Mozilla/5.0 (Linux; Android 5.0) AppleWebKit/537.36 (KHTML, like Gecko) Mobile Safari/537.36 (compatible; Bytespider; spider-feedback@bytedance.com)"
47.128.28.227 - - [04/Sep/2023:15:48:19 +0200] "GET /js/jquery.min.js HTTP/1.0" 404 1308 "http://www.wonder-geek.com/wall-decoration-wood-c-13_274.html" "Mozilla/5.0 (Linux; Android 5.0) AppleWebKit/537.36 (KHTML, like Gecko) Mobile Safari/537.36 (compatible; Bytespider; spider-feedback@bytedance.com)"
188.165.215.206 - - [04/Sep/2023:15:48:18 +0200] "GET /beer-glass-coaster-bottle-opener-p-60169.html HTTP/1.0" 200 77058 "-" "Mozilla/5.0 (compatible; MJ12bot/v1.4.8; http://mj12bot.com/)"
188.165.215.206 - - [04/Sep/2023:15:48:23 +0200] "GET /bird-blossom-fine-bone-china-p-58527.html HTTP/1.0" 200 76777 "-" "Mozilla/5.0 (compatible; MJ12bot/v1.4.8; http://mj12bot.com/)"
47.128.22.107 - - [04/Sep/2023:15:48:25 +0200] "GET /marilyn-monroe-quadriptych-p-35719.html HTTP/1.0" 200 76111 "-" "Mozilla/5.0 (Linux; Android 5.0) AppleWebKit/537.36 (KHTML, like Gecko) Mobile Safari/537.36 (compatible; Bytespider; spider-feedback@bytedance.com)"
47.128.22.107 - - [04/Sep/2023:15:48:27 +0200] "GET /swfobject.js HTTP/1.0" 404 1308 "http://www.wonder-geek.com/marilyn-monroe-quadriptych-p-35719.html" "Mozilla/5.0 (Linux; Android 5.0) AppleWebKit/537.36 (KHTML, like Gecko) Mobile Safari/537.36 (compatible; Bytespider; spider-feedback@bytedance.com)"
47.128.31.95 - - [04/Sep/2023:15:48:32 +0200] "GET /swfobject.js HTTP/1.0" 404 1308 "http://www.wonder-geek.com/decorative-canvas-vieuw-world-hang-p-56046.html" "Mozilla/5.0 (Linux; Android 5.0) AppleWebKit/537.36 (KHTML, like Gecko) Mobile Safari/537.36 (compatible; Bytespider; spider-feedback@bytedance.com)"
47.128.31.95 - - [04/Sep/2023:15:48:33 +0200] "GET /images/big_prod_1/8433933248447B.jpg HTTP/1.0" 200 271 "http://www.wonder-geek.com/decorative-canvas-vieuw-world-hang-p-56046.html" "Mozilla/5.0 (Linux; Android 5.0) AppleWebKit/537.36 (KHTML, like Gecko) Mobile Safari/537.36 (compatible; Bytespider; spider-feedback@bytedance.com)"
47.128.30.23 - - [04/Sep/2023:15:48:35 +0200] "GET /swfobject.js HTTP/1.0" 404 1308 "http://www.wonder-geek.com/chakra-banner-p-46291.html" "Mozilla/5.0 (Linux; Android 5.0) AppleWebKit/537.36 (KHTML, like Gecko) Mobile Safari/537.36 (compatible; Bytespider; spider-feedback@bytedance.com)"
47.128.30.23 - - [04/Sep/2023:15:48:35 +0200] "GET /images/big_prod_1/8718969170277a.jpg HTTP/1.0" 200 271 "http://www.wonder-geek.com/chakra-banner-p-46291.html" "Mozilla/5.0 (Linux; Android 5.0) AppleWebKit/537.36 (KHTML, like Gecko) Mobile Safari/537.36 (compatible; Bytespider; spider-feedback@bytedance.com)"
188.165.215.206 - - [04/Sep/2023:15:48:35 +0200] "GET /birds-meeting-mini-rectangular-tray-p-58505.html HTTP/1.0" 200 76740 "-" "Mozilla/5.0 (compatible; MJ12bot/v1.4.8; http://mj12bot.com/)"
188.165.215.206 - - [04/Sep/2023:15:48:41 +0200] "GET /black-ceramic-wine-p-45684.html HTTP/1.0" 200 73687 "-" "Mozilla/5.0 (compatible; MJ12bot/v1.4.8; http://mj12bot.com/)"
47.128.27.149 - - [04/Sep/2023:15:48:43 +0200] "GET /vintage-botanical-kakemono-canvas-hanging-p-58639.html HTTP/1.0" 200 76929 "-" "Mozilla/5.0 (Linux; Android 5.0) AppleWebKit/537.36 (KHTML, like Gecko) Mobile Safari/537.36 (compatible; Bytespider; spider-feedback@bytedance.com)"
188.165.215.206 - - [04/Sep/2023:15:48:50 +0200] "GET /black-origami-giraffe-statue-p-60148.html HTTP/1.0" 200 77195 "-" "Mozilla/5.0 (compatible; MJ12bot/v1.4.8; http://mj12bot.com/)"
47.128.22.107 - - [04/Sep/2023:15:48:57 +0200] "GET /highslide/graphics/outlines/drop-shadow.png HTTP/1.0" 200 277 "http://www.wonder-geek.com/marilyn-monroe-quadriptych-p-35719.html" "Mozilla/5.0 (Linux; Android 5.0) AppleWebKit/537.36 (KHTML, like Gecko) Mobile Safari/537.36 (compatible; Bytespider; spider-feedback@bytedance.com)"
47.128.22.107 - - [04/Sep/2023:15:48:57 +0200] "GET /highslide/graphics/zoomout.cur HTTP/1.0" 200 614 "http://www.wonder-geek.com/marilyn-monroe-quadriptych-p-35719.html" "Mozilla/5.0 (Linux; Android 5.0) AppleWebKit/537.36 (KHTML, like Gecko) Mobile Safari/537.36 (compatible; Bytespider; spider-feedback@bytedance.com)"
188.165.215.206 - - [04/Sep/2023:15:48:56 +0200] "GET /black-porcelain-bowl-p-60024.html HTTP/1.0" 200 76507 "-" "Mozilla/5.0 (compatible; MJ12bot/v1.4.8; http://mj12bot.com/)"
47.128.22.107 - - [04/Sep/2023:15:48:57 +0200] "GET /images/big_prod/1384010187319.jpg HTTP/1.0" 200 268 "http://www.wonder-geek.com/marilyn-monroe-quadriptych-p-35719.html" "Mozilla/5.0 (Linux; Android 5.0) AppleWebKit/537.36 (KHTML, like Gecko) Mobile Safari/537.36 (compatible; Bytespider; spider-feedback@bytedance.com)"
188.165.215.206 - - [04/Sep/2023:15:49:02 +0200] "GET /black-zippo-candle-utility-lighter-p-51931.html HTTP/1.0" 200 76932 "-" "Mozilla/5.0 (compatible; MJ12bot/v1.4.8; http://mj12bot.com/)"
47.128.27.149 - - [04/Sep/2023:15:49:08 +0200] "GET /images/big_prod_1/3520071849744B.jpg HTTP/1.0" 200 271 "http://www.wonder-geek.com/vintage-botanical-kakemono-canvas-hanging-p-58639.html" "Mozilla/5.0 (Linux; Android 5.0) AppleWebKit/537.36 (KHTML, like Gecko) Mobile Safari/537.36 (compatible; Bytespider; spider-feedback@bytedance.com)"
52.167.144.196 - - [04/Sep/2023:15:49:11 +0200] "GET /meditation-yoga-cushions-c-11_71_317.html HTTP/1.0" 200 91347 "-" "Mozilla/5.0 AppleWebKit/537.36 (KHTML, like Gecko; compatible; bingbot/2.0; +http://www.bing.com/bingbot.htm) Chrome/103.0.5060.134 Safari/537.36"
188.165.215.206 - - [04/Sep/2023:15:49:13 +0200] "GET /bolstercases-c-11_318.html HTTP/1.0" 200 93118 "-" "Mozilla/5.0 (compatible; MJ12bot/v1.4.8; http://mj12bot.com/)"
47.128.22.204 - - [04/Sep/2023:15:49:17 +0200] "GET /scented-candles-novenas-c-231_227.html?page=14 HTTP/1.0" 200 97707 "-" "Mozilla/5.0 (Linux; Android 5.0) AppleWebKit/537.36 (KHTML, like Gecko) Mobile Safari/537.36 (compatible; Bytespider; spider-feedback@bytedance.com)"
188.165.215.206 - - [04/Sep/2023:15:49:19 +0200] "GET /bolstercases-c-318.html HTTP/1.0" 301 93076 "-" "Mozilla/5.0 (compatible; MJ12bot/v1.4.8; http://mj12bot.com/)"
188.165.215.206 - - [04/Sep/2023:15:49:24 +0200] "GET /bolstercases-c-11_318.html HTTP/1.0" 200 93118 "-" "Mozilla/5.0 (compatible; MJ12bot/v1.4.8; http://mj12bot.com/)"
188.165.215.206 - - [04/Sep/2023:15:49:27 +0200] "GET /bonhomme-maurice-marble-look-resin-p-60095.html HTTP/1.0" 200 76150 "-" "Mozilla/5.0 (compatible; MJ12bot/v1.4.8; http://mj12bot.com/)"
47.128.18.20 - - [04/Sep/2023:15:49:31 +0200] "GET /coffee-and-tea-box-c-13_150_153.html HTTP/1.0" 301 93888 "-" "Mozilla/5.0 (Linux; Android 5.0) AppleWebKit/537.36 (KHTML, like Gecko) Mobile Safari/537.36 (compatible; Bytespider; spider-feedback@bytedance.com)"
47.128.23.68 - - [04/Sep/2023:15:49:31 +0200] "GET /dishes-c-12.html?page=12 HTTP/1.0" 200 95817 "-" "Mozilla/5.0 (Linux; Android 5.0) AppleWebKit/537.36 (KHTML, like Gecko) Mobile Safari/537.36 (compatible; Bytespider; spider-feedback@bytedance.com)"
188.165.215.206 - - [04/Sep/2023:15:49:32 +0200] "GET /bookend-c-13_202.html HTTP/1.0" 200 92618 "-" "Mozilla/5.0 (compatible; MJ12bot/v1.4.8; http://mj12bot.com/)"
47.128.23.68 - - [04/Sep/2023:15:49:34 +0200] "GET /swfobject.js HTTP/1.0" 404 1308 "http://www.wonder-geek.com/dishes-c-12.html?page=12" "Mozilla/5.0 (Linux; Android 5.0) AppleWebKit/537.36 (KHTML, like Gecko) Mobile Safari/537.36 (compatible; Bytespider; spider-feedback@bytedance.com)"
47.128.22.107 - - [04/Sep/2023:15:49:33 +0200] "GET /glasses-case-c-31_164.html HTTP/1.0" 200 93217 "-" "Mozilla/5.0 (Linux; Android 5.0) AppleWebKit/537.36 (KHTML, like Gecko) Mobile Safari/537.36 (compatible; Bytespider; spider-feedback@bytedance.com)"
47.128.18.20 - - [04/Sep/2023:15:49:33 +0200] "GET /coffee-c-153.html HTTP/1.0" 301 93642 "-" "Mozilla/5.0 (Linux; Android 5.0) AppleWebKit/537.36 (KHTML, like Gecko) Mobile Safari/537.36 (compatible; Bytespider; spider-feedback@bytedance.com)"
54.36.149.44 - - [04/Sep/2023:15:49:37 +0200] "GET /door-bottom-cushion-welcome-home-p-60752.html HTTP/1.0" 200 76795 "-" "Mozilla/5.0 (compatible; AhrefsBot/7.0; +http://ahrefs.com/robot/)"
169.228.63.97 - - [04/Sep/2023:15:49:39 +0200] "GET /images/mini_prod/8433933436172.jpg HTTP/1.0" 200 269 "-" "Mozilla/5.0 (X11; Ubuntu; Linux x86_64; rv:72.0) Gecko/20100101 Firefox/72.0"
47.128.21.173 - - [04/Sep/2023:15:49:40 +0200] "GET /cardboard-boxes-storage-c-13_150_216.html HTTP/1.0" 200 81022 "-" "Mozilla/5.0 (Linux; Android 5.0) AppleWebKit/537.36 (KHTML, like Gecko) Mobile Safari/537.36 (compatible; Bytespider; spider-feedback@bytedance.com)"
47.128.21.173 - - [04/Sep/2023:15:49:42 +0200] "GET /swfobject.js HTTP/1.0" 404 1308 "http://www.wonder-geek.com/cardboard-boxes-storage-c-13_150_216.html" "Mozilla/5.0 (Linux; Android 5.0) AppleWebKit/537.36 (KHTML, like Gecko) Mobile Safari/537.36 (compatible; Bytespider; spider-feedback@bytedance.com)"
47.128.23.123 - - [04/Sep/2023:15:49:40 +0200] "GET /frames-flags-decorative-paintings-c-13_148.html?page=4 HTTP/1.0" 200 96748 "-" "Mozilla/5.0 (Linux; Android 5.0) AppleWebKit/537.36 (KHTML, like Gecko) Mobile Safari/537.36 (compatible; Bytespider; spider-feedback@bytedance.com)"
188.165.215.206 - - [04/Sep/2023:15:49:41 +0200] "GET /bookend-c-202.html HTTP/1.0" 301 92567 "-" "Mozilla/5.0 (compatible; MJ12bot/v1.4.8; http://mj12bot.com/)"
47.128.20.94 - - [04/Sep/2023:15:49:44 +0200] "GET /games-toys-c-4.html?page=4 HTTP/1.0" 200 95569 "-" "Mozilla/5.0 (Linux; Android 5.0) AppleWebKit/537.36 (KHTML, like Gecko) Mobile Safari/537.36 (compatible; Bytespider; spider-feedback@bytedance.com)"
47.128.20.94 - - [04/Sep/2023:15:49:47 +0200] "GET /swfobject.js HTTP/1.0" 404 1308 "http://www.wonder-geek.com/games-toys-c-4.html?page=4" "Mozilla/5.0 (Linux; Android 5.0) AppleWebKit/537.36 (KHTML, like Gecko) Mobile Safari/537.36 (compatible; Bytespider; spider-feedback@bytedance.com)"
188.165.215.206 - - [04/Sep/2023:15:49:46 +0200] "GET /bookend-c-13_202.html HTTP/1.0" 200 92618 "-" "Mozilla/5.0 (compatible; MJ12bot/v1.4.8; http://mj12bot.com/)"
188.165.215.206 - - [04/Sep/2023:15:49:50 +0200] "GET /bookend-cats-p-56152.html HTTP/1.0" 200 76442 "-" "Mozilla/5.0 (compatible; MJ12bot/v1.4.8; http://mj12bot.com/)"
188.165.215.206 - - [04/Sep/2023:15:49:53 +0200] "GET /bookend-monkeys-p-51565.html HTTP/1.0" 200 73632 "-" "Mozilla/5.0 (compatible; MJ12bot/v1.4.8; http://mj12bot.com/)"
47.128.23.68 - - [04/Sep/2023:15:49:56 +0200] "GET /swfobject.js HTTP/1.0" 404 1308 "http://www.wonder-geek.com/dishes-c-12.html?page=12" "Mozilla/5.0 (Linux; Android 5.0) AppleWebKit/537.36 (KHTML, like Gecko) Mobile Safari/537.36 (compatible; Bytespider; spider-feedback@bytedance.com)"
188.165.215.206 - - [04/Sep/2023:15:49:56 +0200] "GET /bookend-wood-petit-prince-exupry-p-54551.html HTTP/1.0" 200 73724 "-" "Mozilla/5.0 (compatible; MJ12bot/v1.4.8; http://mj12bot.com/)"
47.128.25.241 - - [04/Sep/2023:15:49:56 +0200] "GET /creative-hobbies-coloring-c-30.html?page=2 HTTP/1.0" 301 88103 "-" "Mozilla/5.0 (Linux; Android 5.0) AppleWebKit/537.36 (KHTML, like Gecko) Mobile Safari/537.36 (compatible; Bytespider; spider-feedback@bytedance.com)"
47.128.24.122 - - [04/Sep/2023:15:49:56 +0200] "GET /companion-wallet-c-31_238.html?page=2 HTTP/1.0" 200 89914 "-" "Mozilla/5.0 (Linux; Android 5.0) AppleWebKit/537.36 (KHTML, like Gecko) Mobile Safari/537.36 (compatible; Bytespider; spider-feedback@bytedance.com)"
47.128.24.122 - - [04/Sep/2023:15:49:58 +0200] "GET /swfobject.js HTTP/1.0" 404 1308 "http://www.wonder-geek.com/companion-wallet-c-31_238.html?page=2" "Mozilla/5.0 (Linux; Android 5.0) AppleWebKit/537.36 (KHTML, like Gecko) Mobile Safari/537.36 (compatible; Bytespider; spider-feedback@bytedance.com)"
47.128.30.20 - - [04/Sep/2023:15:49:58 +0200] "GET /court-sleeves-shirts-c-2_39.html HTTP/1.0" 200 79797 "-" "Mozilla/5.0 (Linux; Android 5.0) AppleWebKit/537.36 (KHTML, like Gecko) Mobile Safari/537.36 (compatible; Bytespider; spider-feedback@bytedance.com)"
47.128.25.241 - - [04/Sep/2023:15:49:58 +0200] "GET /creative-hobbies-coloring-c-129_30.html?page=2 HTTP/1.0" 200 88143 "-" "Mozilla/5.0 (Linux; Android 5.0) AppleWebKit/537.36 (KHTML, like Gecko) Mobile Safari/537.36 (compatible; Bytespider; spider-feedback@bytedance.com)"
47.128.30.20 - - [04/Sep/2023:15:50:00 +0200] "GET /swfobject.js HTTP/1.0" 404 1308 "http://www.wonder-geek.com/court-sleeves-shirts-c-2_39.html" "Mozilla/5.0 (Linux; Android 5.0) AppleWebKit/537.36 (KHTML, like Gecko) Mobile Safari/537.36 (compatible; Bytespider; spider-feedback@bytedance.com)"
188.165.215.206 - - [04/Sep/2023:15:49:59 +0200] "GET /boxes-cones-champa-backflow-incence-cones-p-54735.html HTTP/1.0" 200 77972 "-" "Mozilla/5.0 (compatible; MJ12bot/v1.4.8; http://mj12bot.com/)"
47.128.25.241 - - [04/Sep/2023:15:50:01 +0200] "GET /swfobject.js HTTP/1.0" 404 1308 "http://www.wonder-geek.com/creative-hobbies-coloring-c-129_30.html?page=2" "Mozilla/5.0 (Linux; Android 5.0) AppleWebKit/537.36 (KHTML, like Gecko) Mobile Safari/537.36 (compatible; Bytespider; spider-feedback@bytedance.com)"
188.165.215.206 - - [04/Sep/2023:15:50:02 +0200] "GET /boxes-cones-champa-backflow-incence-cones-p-54738.html HTTP/1.0" 200 77950 "-" "Mozilla/5.0 (compatible; MJ12bot/v1.4.8; http://mj12bot.com/)"
47.128.23.68 - - [04/Sep/2023:15:50:04 +0200] "GET /highslide/graphics/zoomout.cur HTTP/1.0" 200 614 "http://www.wonder-geek.com/dishes-c-12.html?page=12" "Mozilla/5.0 (Linux; Android 5.0) AppleWebKit/537.36 (KHTML, like Gecko) Mobile Safari/537.36 (compatible; Bytespider; spider-feedback@bytedance.com)"
47.128.23.68 - - [04/Sep/2023:15:50:04 +0200] "GET /highslide/graphics/outlines/drop-shadow.png HTTP/1.0" 200 277 "http://www.wonder-geek.com/dishes-c-12.html?page=12" "Mozilla/5.0 (Linux; Android 5.0) AppleWebKit/537.36 (KHTML, like Gecko) Mobile Safari/537.36 (compatible; Bytespider; spider-feedback@bytedance.com)"
47.128.21.188 - - [04/Sep/2023:15:50:03 +0200] "GET /figurines-sonny-angel-c-292_293.html HTTP/1.0" 200 90791 "-" "Mozilla/5.0 (Linux; Android 5.0) AppleWebKit/537.36 (KHTML, like Gecko) Mobile Safari/537.36 (compatible; Bytespider; spider-feedback@bytedance.com)"
47.128.21.188 - - [04/Sep/2023:15:50:05 +0200] "GET /swfobject.js HTTP/1.0" 404 1308 "http://www.wonder-geek.com/figurines-sonny-angel-c-292_293.html" "Mozilla/5.0 (Linux; Android 5.0) AppleWebKit/537.36 (KHTML, like Gecko) Mobile Safari/537.36 (compatible; Bytespider; spider-feedback@bytedance.com)"
47.128.21.173 - - [04/Sep/2023:15:50:06 +0200] "GET /swfobject.js HTTP/1.0" 404 1308 "http://www.wonder-geek.com/cardboard-boxes-storage-c-13_150_216.html" "Mozilla/5.0 (Linux; Android 5.0) AppleWebKit/537.36 (KHTML, like Gecko) Mobile Safari/537.36 (compatible; Bytespider; spider-feedback@bytedance.com)"
47.128.22.107 - - [04/Sep/2023:15:50:06 +0200] "GET /highslide/graphics/zoomout.cur HTTP/1.0" 200 614 "http://www.wonder-geek.com/glasses-case-c-31_164.html" "Mozilla/5.0 (Linux; Android 5.0) AppleWebKit/537.36 (KHTML, like Gecko) Mobile Safari/537.36 (compatible; Bytespider; spider-feedback@bytedance.com)"
47.128.21.173 - - [04/Sep/2023:15:50:07 +0200] "GET /highslide/graphics/zoomout.cur HTTP/1.0" 200 614 "http://www.wonder-geek.com/cardboard-boxes-storage-c-13_150_216.html" "Mozilla/5.0 (Linux; Android 5.0) AppleWebKit/537.36 (KHTML, like Gecko) Mobile Safari/537.36 (compatible; Bytespider; spider-feedback@bytedance.com)"
47.128.21.173 - - [04/Sep/2023:15:50:07 +0200] "GET /highslide/graphics/outlines/drop-shadow.png HTTP/1.0" 200 277 "http://www.wonder-geek.com/cardboard-boxes-storage-c-13_150_216.html" "Mozilla/5.0 (Linux; Android 5.0) AppleWebKit/537.36 (KHTML, like Gecko) Mobile Safari/537.36 (compatible; Bytespider; spider-feedback@bytedance.com)"
188.165.215.206 - - [04/Sep/2023:15:50:06 +0200] "GET /brass-rock-crystal-adjustable-ring-p-57282.html HTTP/1.0" 200 76884 "-" "Mozilla/5.0 (compatible; MJ12bot/v1.4.8; http://mj12bot.com/)"
47.128.23.123 - - [04/Sep/2023:15:50:07 +0200] "GET /highslide/graphics/zoomout.cur HTTP/1.0" 200 614 "http://www.wonder-geek.com/frames-flags-decorative-paintings-c-13_148.html?page=4" "Mozilla/5.0 (Linux; Android 5.0) AppleWebKit/537.36 (KHTML, like Gecko) Mobile Safari/537.36 (compatible; Bytespider; spider-feedback@bytedance.com)"
188.165.215.206 - - [04/Sep/2023:15:50:09 +0200] "GET /brnice-lampshade-p-57963.html HTTP/1.0" 200 73640 "-" "Mozilla/5.0 (compatible; MJ12bot/v1.4.8; http://mj12bot.com/)"
47.128.31.186 - - [04/Sep/2023:15:50:09 +0200] "GET /cardmaking-c-129_128.html?page=6 HTTP/1.0" 200 92831 "-" "Mozilla/5.0 (Linux; Android 5.0) AppleWebKit/537.36 (KHTML, like Gecko) Mobile Safari/537.36 (compatible; Bytespider; spider-feedback@bytedance.com)"
47.128.31.186 - - [04/Sep/2023:15:50:11 +0200] "GET /swfobject.js HTTP/1.0" 404 1308 "http://www.wonder-geek.com/cardmaking-c-129_128.html?page=6" "Mozilla/5.0 (Linux; Android 5.0) AppleWebKit/537.36 (KHTML, like Gecko) Mobile Safari/537.36 (compatible; Bytespider; spider-feedback@bytedance.com)"
47.128.19.131 - - [04/Sep/2023:15:50:10 +0200] "GET /shower-curtain-c-11_168.html HTTP/1.0" 200 93186 "-" "Mozilla/5.0 (Linux; Android 5.0) AppleWebKit/537.36 (KHTML, like Gecko) Mobile Safari/537.36 (compatible; Bytespider; spider-feedback@bytedance.com)"
47.128.20.94 - - [04/Sep/2023:15:50:12 +0200] "GET /swfobject.js HTTP/1.0" 404 1308 "http://www.wonder-geek.com/games-toys-c-4.html?page=4" "Mozilla/5.0 (Linux; Android 5.0) AppleWebKit/537.36 (KHTML, like Gecko) Mobile Safari/537.36 (compatible; Bytespider; spider-feedback@bytedance.com)"
47.128.20.94 - - [04/Sep/2023:15:50:13 +0200] "GET /highslide/graphics/zoomout.cur HTTP/1.0" 200 614 "http://www.wonder-geek.com/games-toys-c-4.html?page=4" "Mozilla/5.0 (Linux; Android 5.0) AppleWebKit/537.36 (KHTML, like Gecko) Mobile Safari/537.36 (compatible; Bytespider; spider-feedback@bytedance.com)"
47.128.19.131 - - [04/Sep/2023:15:50:13 +0200] "GET /swfobject.js HTTP/1.0" 404 1308 "http://www.wonder-geek.com/shower-curtain-c-11_168.html" "Mozilla/5.0 (Linux; Android 5.0) AppleWebKit/537.36 (KHTML, like Gecko) Mobile Safari/537.36 (compatible; Bytespider; spider-feedback@bytedance.com)"
47.128.27.216 - - [04/Sep/2023:15:50:12 +0200] "GET /cardmaking-c-129_128.html HTTP/1.0" 200 94724 "-" "Mozilla/5.0 (Linux; Android 5.0) AppleWebKit/537.36 (KHTML, like Gecko) Mobile Safari/537.36 (compatible; Bytespider; spider-feedback@bytedance.com)"
47.128.27.216 - - [04/Sep/2023:15:50:14 +0200] "GET /swfobject.js HTTP/1.0" 404 1308 "http://www.wonder-geek.com/cardmaking-c-129_128.html" "Mozilla/5.0 (Linux; Android 5.0) AppleWebKit/537.36 (KHTML, like Gecko) Mobile Safari/537.36 (compatible; Bytespider; spider-feedback@bytedance.com)"
47.128.31.251 - - [04/Sep/2023:15:50:13 +0200] "GET /pots-and-cookie-jars-c-12_250.html HTTP/1.0" 301 93657 "-" "Mozilla/5.0 (Linux; Android 5.0) AppleWebKit/537.36 (KHTML, like Gecko) Mobile Safari/537.36 (compatible; Bytespider; spider-feedback@bytedance.com)"
188.165.215.206 - - [04/Sep/2023:15:50:14 +0200] "GET /brown-door-cushion-p-60151.html HTTP/1.0" 200 77244 "-" "Mozilla/5.0 (compatible; MJ12bot/v1.4.8; http://mj12bot.com/)"
188.165.215.206 - - [04/Sep/2023:15:50:17 +0200] "GET /brown-glass-sand-decoration-hourglass-p-60050.html HTTP/1.0" 200 77167 "-" "Mozilla/5.0 (compatible; MJ12bot/v1.4.8; http://mj12bot.com/)"
188.165.215.206 - - [04/Sep/2023:15:50:20 +0200] "GET /brown-metal-wood-lotus-mobile-p-56751.html HTTP/1.0" 200 76864 "-" "Mozilla/5.0 (compatible; MJ12bot/v1.4.8; http://mj12bot.com/)"
47.128.19.131 - - [04/Sep/2023:15:50:25 +0200] "GET /js/jquery.min.js HTTP/1.0" 404 1308 "http://www.wonder-geek.com/shower-curtain-c-11_168.html" "Mozilla/5.0 (Linux; Android 5.0) AppleWebKit/537.36 (KHTML, like Gecko) Mobile Safari/537.36 (compatible; Bytespider; spider-feedback@bytedance.com)"
188.165.215.206 - - [04/Sep/2023:15:50:24 +0200] "GET /brush-placemat-kiub-p-57960.html HTTP/1.0" 200 75974 "-" "Mozilla/5.0 (compatible; MJ12bot/v1.4.8; http://mj12bot.com/)"
47.128.24.122 - - [04/Sep/2023:15:50:27 +0200] "GET /swfobject.js HTTP/1.0" 404 1308 "http://www.wonder-geek.com/companion-wallet-c-31_238.html?page=2" "Mozilla/5.0 (Linux; Android 5.0) AppleWebKit/537.36 (KHTML, like Gecko) Mobile Safari/537.36 (compatible; Bytespider; spider-feedback@bytedance.com)"
188.165.215.206 - - [04/Sep/2023:15:50:27 +0200] "GET /bulbs-c-287.html HTTP/1.0" 301 79630 "-" "Mozilla/5.0 (compatible; MJ12bot/v1.4.8; http://mj12bot.com/)"
47.128.30.20 - - [04/Sep/2023:15:50:29 +0200] "GET /swfobject.js HTTP/1.0" 404 1308 "http://www.wonder-geek.com/court-sleeves-shirts-c-2_39.html" "Mozilla/5.0 (Linux; Android 5.0) AppleWebKit/537.36 (KHTML, like Gecko) Mobile Safari/537.36 (compatible; Bytespider; spider-feedback@bytedance.com)"
47.128.25.241 - - [04/Sep/2023:15:50:29 +0200] "GET /swfobject.js HTTP/1.0" 404 1308 "http://www.wonder-geek.com/creative-hobbies-coloring-c-129_30.html?page=2" "Mozilla/5.0 (Linux; Android 5.0) AppleWebKit/537.36 (KHTML, like Gecko) Mobile Safari/537.36 (compatible; Bytespider; spider-feedback@bytedance.com)"
188.165.215.206 - - [04/Sep/2023:15:50:30 +0200] "GET /bulbs-c-86_287.html HTTP/1.0" 200 79662 "-" "Mozilla/5.0 (compatible; MJ12bot/v1.4.8; http://mj12bot.com/)"
47.128.21.188 - - [04/Sep/2023:15:50:33 +0200] "GET /swfobject.js HTTP/1.0" 404 1308 "http://www.wonder-geek.com/figurines-sonny-angel-c-292_293.html" "Mozilla/5.0 (Linux; Android 5.0) AppleWebKit/537.36 (KHTML, like Gecko) Mobile Safari/537.36 (compatible; Bytespider; spider-feedback@bytedance.com)"
188.165.215.206 - - [04/Sep/2023:15:50:33 +0200] "GET /bulbs-c-86_287.html HTTP/1.0" 200 79662 "-" "Mozilla/5.0 (compatible; MJ12bot/v1.4.8; http://mj12bot.com/)"
