206.189.40.199 - - [04/Sep/2023:18:13:44 +0200] "GET //site/wp-includes/wlwmanifest.xml HTTP/1.0" 404 1308 "-" "Mozilla/5.0 (Windows NT 10.0; Win64; x64) AppleWebKit/537.36 (KHTML, like Gecko) Chrome/95.0.4638.69 Safari/537.36"
206.189.40.199 - - [04/Sep/2023:18:13:44 +0200] "GET //cms/wp-includes/wlwmanifest.xml HTTP/1.0" 404 1308 "-" "Mozilla/5.0 (Windows NT 10.0; Win64; x64) AppleWebKit/537.36 (KHTML, like Gecko) Chrome/95.0.4638.69 Safari/537.36"
54.36.148.66 - - [04/Sep/2023:18:14:45 +0200] "GET /penguin-jewelry-holder-statuette-p-57765.html HTTP/1.0" 200 76165 "-" "Mozilla/5.0 (compatible; AhrefsBot/7.0; +http://ahrefs.com/robot/)"
17.241.227.61 - - [04/Sep/2023:18:15:02 +0200] "GET /images/big_prod_1/4260082938233a.jpg HTTP/1.0" 200 271 "-" "Mozilla/5.0 (Macintosh; Intel Mac OS X 10_15_5) AppleWebKit/605.1.15 (KHTML, like Gecko) Version/13.1.1 Safari/605.1.15 (Applebot/0.1; +http://www.apple.com/go/applebot)"
40.77.167.6 - - [04/Sep/2023:18:16:44 +0200] "GET /images/B1300010237892.jpg HTTP/1.0" 200 260 "-" "Mozilla/5.0 AppleWebKit/537.36 (KHTML, like Gecko; compatible; bingbot/2.0; +http://www.bing.com/bingbot.htm) Chrome/103.0.5060.134 Safari/537.36"
47.128.23.61 - - [04/Sep/2023:18:16:53 +0200] "GET /emoticon-cushion-emoji-p-42822.html HTTP/1.0" 200 76225 "-" "Mozilla/5.0 (Linux; Android 5.0) AppleWebKit/537.36 (KHTML, like Gecko) Mobile Safari/537.36 (compatible; Bytespider; spider-feedback@bytedance.com)"
47.128.23.61 - - [04/Sep/2023:18:16:55 +0200] "GET /swfobject.js HTTP/1.0" 404 1308 "http://www.wonder-geek.com/emoticon-cushion-emoji-p-42822.html" "Mozilla/5.0 (Linux; Android 5.0) AppleWebKit/537.36 (KHTML, like Gecko) Mobile Safari/537.36 (compatible; Bytespider; spider-feedback@bytedance.com)"
47.128.17.82 - - [04/Sep/2023:18:17:11 +0200] "GET /cork-dart-board-p-52638.html HTTP/1.0" 200 76471 "-" "Mozilla/5.0 (Linux; Android 5.0) AppleWebKit/537.36 (KHTML, like Gecko) Mobile Safari/537.36 (compatible; Bytespider; spider-feedback@bytedance.com)"
47.128.17.82 - - [04/Sep/2023:18:17:14 +0200] "GET /swfobject.js HTTP/1.0" 404 1308 "http://www.wonder-geek.com/cork-dart-board-p-52638.html" "Mozilla/5.0 (Linux; Android 5.0) AppleWebKit/537.36 (KHTML, like Gecko) Mobile Safari/537.36 (compatible; Bytespider; spider-feedback@bytedance.com)"
47.128.16.197 - - [04/Sep/2023:18:17:13 +0200] "GET /fancy-elastic-bracelet-buddha-p-43735.html HTTP/1.0" 200 75960 "-" "Mozilla/5.0 (Linux; Android 5.0) AppleWebKit/537.36 (KHTML, like Gecko) Mobile Safari/537.36 (compatible; Bytespider; spider-feedback@bytedance.com)"
47.128.16.197 - - [04/Sep/2023:18:17:15 +0200] "GET /swfobject.js HTTP/1.0" 404 1308 "http://www.wonder-geek.com/fancy-elastic-bracelet-buddha-p-43735.html" "Mozilla/5.0 (Linux; Android 5.0) AppleWebKit/537.36 (KHTML, like Gecko) Mobile Safari/537.36 (compatible; Bytespider; spider-feedback@bytedance.com)"
47.128.25.32 - - [04/Sep/2023:18:17:14 +0200] "GET /-p-24883.html HTTP/1.0" 200 73582 "-" "Mozilla/5.0 (Linux; Android 5.0) AppleWebKit/537.36 (KHTML, like Gecko) Mobile Safari/537.36 (compatible; Bytespider; spider-feedback@bytedance.com)"
47.128.25.32 - - [04/Sep/2023:18:17:16 +0200] "GET /swfobject.js HTTP/1.0" 404 1308 "http://www.wonder-geek.com/-p-24883.html" "Mozilla/5.0 (Linux; Android 5.0) AppleWebKit/537.36 (KHTML, like Gecko) Mobile Safari/537.36 (compatible; Bytespider; spider-feedback@bytedance.com)"
47.128.17.30 - - [04/Sep/2023:18:17:17 +0200] "GET /champa-dragon-blood-backflow-incense-cones-p-54736.html HTTP/1.0" 200 77188 "-" "Mozilla/5.0 (Linux; Android 5.0) AppleWebKit/537.36 (KHTML, like Gecko) Mobile Safari/537.36 (compatible; Bytespider; spider-feedback@bytedance.com)"
47.128.17.30 - - [04/Sep/2023:18:17:19 +0200] "GET /mondial_relay/js/jquery-1.3.2.min.js HTTP/1.0" 200 276 "http://www.wonder-geek.com/champa-dragon-blood-backflow-incense-cones-p-54736.html" "Mozilla/5.0 (Linux; Android 5.0) AppleWebKit/537.36 (KHTML, like Gecko) Mobile Safari/537.36 (compatible; Bytespider; spider-feedback@bytedance.com)"
47.128.17.30 - - [04/Sep/2023:18:17:19 +0200] "GET /swfobject.js HTTP/1.0" 404 1308 "http://www.wonder-geek.com/champa-dragon-blood-backflow-incense-cones-p-54736.html" "Mozilla/5.0 (Linux; Android 5.0) AppleWebKit/537.36 (KHTML, like Gecko) Mobile Safari/537.36 (compatible; Bytespider; spider-feedback@bytedance.com)"
47.128.21.92 - - [04/Sep/2023:18:17:21 +0200] "GET /bamboo-laundry-basket-p-52484.html HTTP/1.0" 200 76764 "-" "Mozilla/5.0 (Linux; Android 5.0) AppleWebKit/537.36 (KHTML, like Gecko) Mobile Safari/537.36 (compatible; Bytespider; spider-feedback@bytedance.com)"
47.128.17.82 - - [04/Sep/2023:18:17:22 +0200] "GET /images/big_prod_1/3660173231273B.jpg HTTP/1.0" 200 271 "http://www.wonder-geek.com/cork-dart-board-p-52638.html" "Mozilla/5.0 (Linux; Android 5.0) AppleWebKit/537.36 (KHTML, like Gecko) Mobile Safari/537.36 (compatible; Bytespider; spider-feedback@bytedance.com)"
47.128.17.30 - - [04/Sep/2023:18:17:23 +0200] "GET /swfobject.js HTTP/1.0" 404 1308 "http://www.wonder-geek.com/champa-dragon-blood-backflow-incense-cones-p-54736.html" "Mozilla/5.0 (Linux; Android 5.0) AppleWebKit/537.36 (KHTML, like Gecko) Mobile Safari/537.36 (compatible; Bytespider; spider-feedback@bytedance.com)"
47.128.21.92 - - [04/Sep/2023:18:17:24 +0200] "GET /swfobject.js HTTP/1.0" 404 1308 "http://www.wonder-geek.com/bamboo-laundry-basket-p-52484.html" "Mozilla/5.0 (Linux; Android 5.0) AppleWebKit/537.36 (KHTML, like Gecko) Mobile Safari/537.36 (compatible; Bytespider; spider-feedback@bytedance.com)"
47.128.29.100 - - [04/Sep/2023:18:17:24 +0200] "GET /black-horse-moneybox-p-25021.html HTTP/1.0" 200 76531 "-" "Mozilla/5.0 (Linux; Android 5.0) AppleWebKit/537.36 (KHTML, like Gecko) Mobile Safari/537.36 (compatible; Bytespider; spider-feedback@bytedance.com)"
47.128.23.61 - - [04/Sep/2023:18:17:25 +0200] "GET /highslide/graphics/zoomout.cur HTTP/1.0" 200 614 "http://www.wonder-geek.com/emoticon-cushion-emoji-p-42822.html" "Mozilla/5.0 (Linux; Android 5.0) AppleWebKit/537.36 (KHTML, like Gecko) Mobile Safari/537.36 (compatible; Bytespider; spider-feedback@bytedance.com)"
47.128.23.61 - - [04/Sep/2023:18:17:25 +0200] "GET /highslide/graphics/outlines/drop-shadow.png HTTP/1.0" 200 277 "http://www.wonder-geek.com/emoticon-cushion-emoji-p-42822.html" "Mozilla/5.0 (Linux; Android 5.0) AppleWebKit/537.36 (KHTML, like Gecko) Mobile Safari/537.36 (compatible; Bytespider; spider-feedback@bytedance.com)"
47.128.29.100 - - [04/Sep/2023:18:17:26 +0200] "GET /swfobject.js HTTP/1.0" 404 1308 "http://www.wonder-geek.com/black-horse-moneybox-p-25021.html" "Mozilla/5.0 (Linux; Android 5.0) AppleWebKit/537.36 (KHTML, like Gecko) Mobile Safari/537.36 (compatible; Bytespider; spider-feedback@bytedance.com)"
47.128.23.61 - - [04/Sep/2023:18:17:26 +0200] "GET /images/big_prod/5052282085973.jpg HTTP/1.0" 200 268 "http://www.wonder-geek.com/emoticon-cushion-emoji-p-42822.html" "Mozilla/5.0 (Linux; Android 5.0) AppleWebKit/537.36 (KHTML, like Gecko) Mobile Safari/537.36 (compatible; Bytespider; spider-feedback@bytedance.com)"
47.128.17.30 - - [04/Sep/2023:18:17:28 +0200] "GET /images/big_prod_1/8422145403089a.jpg HTTP/1.0" 200 271 "http://www.wonder-geek.com/champa-dragon-blood-backflow-incense-cones-p-54736.html" "Mozilla/5.0 (Linux; Android 5.0) AppleWebKit/537.36 (KHTML, like Gecko) Mobile Safari/537.36 (compatible; Bytespider; spider-feedback@bytedance.com)"
47.128.16.66 - - [04/Sep/2023:18:17:28 +0200] "GET /jasmine-genie-lamp-figurine-p-58587.html HTTP/1.0" 200 77254 "-" "Mozilla/5.0 (Linux; Android 5.0) AppleWebKit/537.36 (KHTML, like Gecko) Mobile Safari/537.36 (compatible; Bytespider; spider-feedback@bytedance.com)"
47.128.21.92 - - [04/Sep/2023:18:17:30 +0200] "GET /images/big_prod_2/8424346258017C.jpg HTTP/1.0" 200 271 "http://www.wonder-geek.com/bamboo-laundry-basket-p-52484.html" "Mozilla/5.0 (Linux; Android 5.0) AppleWebKit/537.36 (KHTML, like Gecko) Mobile Safari/537.36 (compatible; Bytespider; spider-feedback@bytedance.com)"
47.128.21.92 - - [04/Sep/2023:18:17:30 +0200] "GET /images/big_prod_1/8424346258017B.jpg HTTP/1.0" 200 271 "http://www.wonder-geek.com/bamboo-laundry-basket-p-52484.html" "Mozilla/5.0 (Linux; Android 5.0) AppleWebKit/537.36 (KHTML, like Gecko) Mobile Safari/537.36 (compatible; Bytespider; spider-feedback@bytedance.com)"
47.128.16.66 - - [04/Sep/2023:18:17:30 +0200] "GET /swfobject.js HTTP/1.0" 404 1308 "http://www.wonder-geek.com/jasmine-genie-lamp-figurine-p-58587.html" "Mozilla/5.0 (Linux; Android 5.0) AppleWebKit/537.36 (KHTML, like Gecko) Mobile Safari/537.36 (compatible; Bytespider; spider-feedback@bytedance.com)"
47.128.23.127 - - [04/Sep/2023:18:17:31 +0200] "GET /decorative-hanging-plate-p-59544.html HTTP/1.0" 200 76559 "-" "Mozilla/5.0 (Linux; Android 5.0) AppleWebKit/537.36 (KHTML, like Gecko) Mobile Safari/537.36 (compatible; Bytespider; spider-feedback@bytedance.com)"
47.128.23.127 - - [04/Sep/2023:18:17:33 +0200] "GET /swfobject.js HTTP/1.0" 404 1308 "http://www.wonder-geek.com/decorative-hanging-plate-p-59544.html" "Mozilla/5.0 (Linux; Android 5.0) AppleWebKit/537.36 (KHTML, like Gecko) Mobile Safari/537.36 (compatible; Bytespider; spider-feedback@bytedance.com)"
47.128.17.82 - - [04/Sep/2023:18:17:34 +0200] "GET /highslide/graphics/zoomout.cur HTTP/1.0" 200 614 "http://www.wonder-geek.com/cork-dart-board-p-52638.html" "Mozilla/5.0 (Linux; Android 5.0) AppleWebKit/537.36 (KHTML, like Gecko) Mobile Safari/537.36 (compatible; Bytespider; spider-feedback@bytedance.com)"
47.128.17.82 - - [04/Sep/2023:18:17:34 +0200] "GET /highslide/graphics/outlines/drop-shadow.png HTTP/1.0" 200 277 "http://www.wonder-geek.com/cork-dart-board-p-52638.html" "Mozilla/5.0 (Linux; Android 5.0) AppleWebKit/537.36 (KHTML, like Gecko) Mobile Safari/537.36 (compatible; Bytespider; spider-feedback@bytedance.com)"
47.128.29.100 - - [04/Sep/2023:18:17:34 +0200] "GET /images/big_prod_1/1399984242902C.jpg HTTP/1.0" 200 271 "http://www.wonder-geek.com/black-horse-moneybox-p-25021.html" "Mozilla/5.0 (Linux; Android 5.0) AppleWebKit/537.36 (KHTML, like Gecko) Mobile Safari/537.36 (compatible; Bytespider; spider-feedback@bytedance.com)"
47.128.16.66 - - [04/Sep/2023:18:17:36 +0200] "GET /images/big_prod_2/1328399302673C.jpg HTTP/1.0" 200 271 "http://www.wonder-geek.com/jasmine-genie-lamp-figurine-p-58587.html" "Mozilla/5.0 (Linux; Android 5.0) AppleWebKit/537.36 (KHTML, like Gecko) Mobile Safari/537.36 (compatible; Bytespider; spider-feedback@bytedance.com)"
47.128.16.66 - - [04/Sep/2023:18:17:37 +0200] "GET /images/big_prod_1/1328399302673B.jpg HTTP/1.0" 200 271 "http://www.wonder-geek.com/jasmine-genie-lamp-figurine-p-58587.html" "Mozilla/5.0 (Linux; Android 5.0) AppleWebKit/537.36 (KHTML, like Gecko) Mobile Safari/537.36 (compatible; Bytespider; spider-feedback@bytedance.com)"
47.128.25.32 - - [04/Sep/2023:18:17:43 +0200] "GET /highslide/graphics/zoomout.cur HTTP/1.0" 200 614 "http://www.wonder-geek.com/-p-24883.html" "Mozilla/5.0 (Linux; Android 5.0) AppleWebKit/537.36 (KHTML, like Gecko) Mobile Safari/537.36 (compatible; Bytespider; spider-feedback@bytedance.com)"
47.128.25.32 - - [04/Sep/2023:18:17:43 +0200] "GET /highslide/graphics/outlines/drop-shadow.png HTTP/1.0" 200 277 "http://www.wonder-geek.com/-p-24883.html" "Mozilla/5.0 (Linux; Android 5.0) AppleWebKit/537.36 (KHTML, like Gecko) Mobile Safari/537.36 (compatible; Bytespider; spider-feedback@bytedance.com)"
47.128.31.40 - - [04/Sep/2023:18:17:42 +0200] "GET /artist-halloween-rabbit-figure-2017-p-46394.html HTTP/1.0" 200 73712 "-" "Mozilla/5.0 (Linux; Android 5.0) AppleWebKit/537.36 (KHTML, like Gecko) Mobile Safari/537.36 (compatible; Bytespider; spider-feedback@bytedance.com)"
47.128.31.40 - - [04/Sep/2023:18:17:44 +0200] "GET /swfobject.js HTTP/1.0" 404 1308 "http://www.wonder-geek.com/artist-halloween-rabbit-figure-2017-p-46394.html" "Mozilla/5.0 (Linux; Android 5.0) AppleWebKit/537.36 (KHTML, like Gecko) Mobile Safari/537.36 (compatible; Bytespider; spider-feedback@bytedance.com)"
47.128.17.30 - - [04/Sep/2023:18:17:46 +0200] "GET /highslide/graphics/outlines/drop-shadow.png HTTP/1.0" 200 277 "http://www.wonder-geek.com/champa-dragon-blood-backflow-incense-cones-p-54736.html" "Mozilla/5.0 (Linux; Android 5.0) AppleWebKit/537.36 (KHTML, like Gecko) Mobile Safari/537.36 (compatible; Bytespider; spider-feedback@bytedance.com)"
47.128.17.30 - - [04/Sep/2023:18:17:46 +0200] "GET /highslide/graphics/zoomout.cur HTTP/1.0" 200 614 "http://www.wonder-geek.com/champa-dragon-blood-backflow-incense-cones-p-54736.html" "Mozilla/5.0 (Linux; Android 5.0) AppleWebKit/537.36 (KHTML, like Gecko) Mobile Safari/537.36 (compatible; Bytespider; spider-feedback@bytedance.com)"
47.128.22.247 - - [04/Sep/2023:18:17:47 +0200] "GET /statue-the-white-bear-of-francois-pompon-anthracite-p-53533.html HTTP/1.0" 301 77049 "-" "Mozilla/5.0 (Linux; Android 5.0) AppleWebKit/537.36 (KHTML, like Gecko) Mobile Safari/537.36 (compatible; Bytespider; spider-feedback@bytedance.com)"
47.128.31.40 - - [04/Sep/2023:18:17:50 +0200] "GET /highslide/graphics/zoomout.cur HTTP/1.0" 200 614 "http://www.wonder-geek.com/artist-halloween-rabbit-figure-2017-p-46394.html" "Mozilla/5.0 (Linux; Android 5.0) AppleWebKit/537.36 (KHTML, like Gecko) Mobile Safari/537.36 (compatible; Bytespider; spider-feedback@bytedance.com)"
47.128.31.40 - - [04/Sep/2023:18:17:50 +0200] "GET /highslide/graphics/outlines/drop-shadow.png HTTP/1.0" 200 277 "http://www.wonder-geek.com/artist-halloween-rabbit-figure-2017-p-46394.html" "Mozilla/5.0 (Linux; Android 5.0) AppleWebKit/537.36 (KHTML, like Gecko) Mobile Safari/537.36 (compatible; Bytespider; spider-feedback@bytedance.com)"
47.128.22.247 - - [04/Sep/2023:18:17:49 +0200] "GET /statue-white-bear-franois-pompon-anthracite-p-53533.html HTTP/1.0" 200 76939 "-" "Mozilla/5.0 (Linux; Android 5.0) AppleWebKit/537.36 (KHTML, like Gecko) Mobile Safari/537.36 (compatible; Bytespider; spider-feedback@bytedance.com)"
47.128.16.66 - - [04/Sep/2023:18:17:51 +0200] "GET /highslide/graphics/outlines/drop-shadow.png HTTP/1.0" 200 277 "http://www.wonder-geek.com/jasmine-genie-lamp-figurine-p-58587.html" "Mozilla/5.0 (Linux; Android 5.0) AppleWebKit/537.36 (KHTML, like Gecko) Mobile Safari/537.36 (compatible; Bytespider; spider-feedback@bytedance.com)"
47.128.16.66 - - [04/Sep/2023:18:17:51 +0200] "GET /highslide/graphics/zoomout.cur HTTP/1.0" 200 614 "http://www.wonder-geek.com/jasmine-genie-lamp-figurine-p-58587.html" "Mozilla/5.0 (Linux; Android 5.0) AppleWebKit/537.36 (KHTML, like Gecko) Mobile Safari/537.36 (compatible; Bytespider; spider-feedback@bytedance.com)"
47.128.16.197 - - [04/Sep/2023:18:17:51 +0200] "GET /highslide/graphics/zoomout.cur HTTP/1.0" 200 614 "http://www.wonder-geek.com/fancy-elastic-bracelet-buddha-p-43735.html" "Mozilla/5.0 (Linux; Android 5.0) AppleWebKit/537.36 (KHTML, like Gecko) Mobile Safari/537.36 (compatible; Bytespider; spider-feedback@bytedance.com)"
47.128.16.197 - - [04/Sep/2023:18:17:51 +0200] "GET /highslide/graphics/outlines/drop-shadow.png HTTP/1.0" 200 277 "http://www.wonder-geek.com/fancy-elastic-bracelet-buddha-p-43735.html" "Mozilla/5.0 (Linux; Android 5.0) AppleWebKit/537.36 (KHTML, like Gecko) Mobile Safari/537.36 (compatible; Bytespider; spider-feedback@bytedance.com)"
47.128.22.247 - - [04/Sep/2023:18:17:51 +0200] "GET /swfobject.js HTTP/1.0" 404 1308 "http://www.wonder-geek.com/statue-white-bear-franois-pompon-anthracite-p-53533.html" "Mozilla/5.0 (Linux; Android 5.0) AppleWebKit/537.36 (KHTML, like Gecko) Mobile Safari/537.36 (compatible; Bytespider; spider-feedback@bytedance.com)"
47.128.16.66 - - [04/Sep/2023:18:17:51 +0200] "GET /images/big_prod/1328399302673.jpg HTTP/1.0" 200 268 "http://www.wonder-geek.com/jasmine-genie-lamp-figurine-p-58587.html" "Mozilla/5.0 (Linux; Android 5.0) AppleWebKit/537.36 (KHTML, like Gecko) Mobile Safari/537.36 (compatible; Bytespider; spider-feedback@bytedance.com)"
47.128.22.247 - - [04/Sep/2023:18:17:52 +0200] "GET /images/big_prod_1/8718375750865a.jpg HTTP/1.0" 200 271 "http://www.wonder-geek.com/statue-white-bear-franois-pompon-anthracite-p-53533.html" "Mozilla/5.0 (Linux; Android 5.0) AppleWebKit/537.36 (KHTML, like Gecko) Mobile Safari/537.36 (compatible; Bytespider; spider-feedback@bytedance.com)"
47.128.25.40 - - [04/Sep/2023:18:17:51 +0200] "GET /-p-42703.html HTTP/1.0" 200 73582 "-" "Mozilla/5.0 (Linux; Android 5.0) AppleWebKit/537.36 (KHTML, like Gecko) Mobile Safari/537.36 (compatible; Bytespider; spider-feedback@bytedance.com)"
47.128.25.40 - - [04/Sep/2023:18:17:53 +0200] "GET /swfobject.js HTTP/1.0" 404 1308 "http://www.wonder-geek.com/-p-42703.html" "Mozilla/5.0 (Linux; Android 5.0) AppleWebKit/537.36 (KHTML, like Gecko) Mobile Safari/537.36 (compatible; Bytespider; spider-feedback@bytedance.com)"
47.128.20.180 - - [04/Sep/2023:18:17:53 +0200] "GET /bench-stool-p-51608.html HTTP/1.0" 200 76731 "-" "Mozilla/5.0 (Linux; Android 5.0) AppleWebKit/537.36 (KHTML, like Gecko) Mobile Safari/537.36 (compatible; Bytespider; spider-feedback@bytedance.com)"
47.128.20.180 - - [04/Sep/2023:18:17:56 +0200] "GET /swfobject.js HTTP/1.0" 404 1308 "http://www.wonder-geek.com/bench-stool-p-51608.html" "Mozilla/5.0 (Linux; Android 5.0) AppleWebKit/537.36 (KHTML, like Gecko) Mobile Safari/537.36 (compatible; Bytespider; spider-feedback@bytedance.com)"
47.128.31.4 - - [04/Sep/2023:18:17:56 +0200] "GET /bamboo-fiber-plant-cover-p-58922.html HTTP/1.0" 200 76735 "-" "Mozilla/5.0 (Linux; Android 5.0) AppleWebKit/537.36 (KHTML, like Gecko) Mobile Safari/537.36 (compatible; Bytespider; spider-feedback@bytedance.com)"
47.128.22.247 - - [04/Sep/2023:18:17:57 +0200] "GET /highslide/graphics/outlines/drop-shadow.png HTTP/1.0" 200 277 "http://www.wonder-geek.com/statue-white-bear-franois-pompon-anthracite-p-53533.html" "Mozilla/5.0 (Linux; Android 5.0) AppleWebKit/537.36 (KHTML, like Gecko) Mobile Safari/537.36 (compatible; Bytespider; spider-feedback@bytedance.com)"
47.128.22.247 - - [04/Sep/2023:18:17:57 +0200] "GET /highslide/graphics/zoomout.cur HTTP/1.0" 200 614 "http://www.wonder-geek.com/statue-white-bear-franois-pompon-anthracite-p-53533.html" "Mozilla/5.0 (Linux; Android 5.0) AppleWebKit/537.36 (KHTML, like Gecko) Mobile Safari/537.36 (compatible; Bytespider; spider-feedback@bytedance.com)"
47.128.31.4 - - [04/Sep/2023:18:17:58 +0200] "GET /swfobject.js HTTP/1.0" 404 1308 "http://www.wonder-geek.com/bamboo-fiber-plant-cover-p-58922.html" "Mozilla/5.0 (Linux; Android 5.0) AppleWebKit/537.36 (KHTML, like Gecko) Mobile Safari/537.36 (compatible; Bytespider; spider-feedback@bytedance.com)"
47.128.21.25 - - [04/Sep/2023:18:17:57 +0200] "GET /nici-bear-phone-case-p-23181.html HTTP/1.0" 200 76010 "-" "Mozilla/5.0 (Linux; Android 5.0) AppleWebKit/537.36 (KHTML, like Gecko) Mobile Safari/537.36 (compatible; Bytespider; spider-feedback@bytedance.com)"
47.128.21.92 - - [04/Sep/2023:18:18:00 +0200] "GET /highslide/graphics/zoomout.cur HTTP/1.0" 200 614 "http://www.wonder-geek.com/bamboo-laundry-basket-p-52484.html" "Mozilla/5.0 (Linux; Android 5.0) AppleWebKit/537.36 (KHTML, like Gecko) Mobile Safari/537.36 (compatible; Bytespider; spider-feedback@bytedance.com)"
47.128.21.25 - - [04/Sep/2023:18:18:00 +0200] "GET /swfobject.js HTTP/1.0" 404 1308 "http://www.wonder-geek.com/nici-bear-phone-case-p-23181.html" "Mozilla/5.0 (Linux; Android 5.0) AppleWebKit/537.36 (KHTML, like Gecko) Mobile Safari/537.36 (compatible; Bytespider; spider-feedback@bytedance.com)"
47.128.25.40 - - [04/Sep/2023:18:18:01 +0200] "GET /highslide/graphics/zoomout.cur HTTP/1.0" 200 614 "http://www.wonder-geek.com/-p-42703.html" "Mozilla/5.0 (Linux; Android 5.0) AppleWebKit/537.36 (KHTML, like Gecko) Mobile Safari/537.36 (compatible; Bytespider; spider-feedback@bytedance.com)"
47.128.25.40 - - [04/Sep/2023:18:18:01 +0200] "GET /highslide/graphics/outlines/drop-shadow.png HTTP/1.0" 200 277 "http://www.wonder-geek.com/-p-42703.html" "Mozilla/5.0 (Linux; Android 5.0) AppleWebKit/537.36 (KHTML, like Gecko) Mobile Safari/537.36 (compatible; Bytespider; spider-feedback@bytedance.com)"
47.128.21.244 - - [04/Sep/2023:18:18:01 +0200] "GET /brushed-metal-look-decorative-adhesive-p-59629.html HTTP/1.0" 301 73649 "-" "Mozilla/5.0 (Linux; Android 5.0) AppleWebKit/537.36 (KHTML, like Gecko) Mobile Safari/537.36 (compatible; Bytespider; spider-feedback@bytedance.com)"
47.128.20.180 - - [04/Sep/2023:18:18:04 +0200] "GET /images/big_prod_1/3665269059434a.jpg HTTP/1.0" 200 271 "http://www.wonder-geek.com/bench-stool-p-51608.html" "Mozilla/5.0 (Linux; Android 5.0) AppleWebKit/537.36 (KHTML, like Gecko) Mobile Safari/537.36 (compatible; Bytespider; spider-feedback@bytedance.com)"
47.128.20.180 - - [04/Sep/2023:18:18:04 +0200] "GET /images/big_prod_2/3665269059434B.jpg HTTP/1.0" 200 271 "http://www.wonder-geek.com/bench-stool-p-51608.html" "Mozilla/5.0 (Linux; Android 5.0) AppleWebKit/537.36 (KHTML, like Gecko) Mobile Safari/537.36 (compatible; Bytespider; spider-feedback@bytedance.com)"
47.128.29.100 - - [04/Sep/2023:18:18:04 +0200] "GET /highslide/graphics/outlines/drop-shadow.png HTTP/1.0" 200 277 "http://www.wonder-geek.com/black-horse-moneybox-p-25021.html" "Mozilla/5.0 (Linux; Android 5.0) AppleWebKit/537.36 (KHTML, like Gecko) Mobile Safari/537.36 (compatible; Bytespider; spider-feedback@bytedance.com)"
47.128.29.100 - - [04/Sep/2023:18:18:04 +0200] "GET /highslide/graphics/zoomout.cur HTTP/1.0" 200 614 "http://www.wonder-geek.com/black-horse-moneybox-p-25021.html" "Mozilla/5.0 (Linux; Android 5.0) AppleWebKit/537.36 (KHTML, like Gecko) Mobile Safari/537.36 (compatible; Bytespider; spider-feedback@bytedance.com)"
47.128.21.244 - - [04/Sep/2023:18:18:03 +0200] "GET /-p-59629.html HTTP/1.0" 200 73582 "-" "Mozilla/5.0 (Linux; Android 5.0) AppleWebKit/537.36 (KHTML, like Gecko) Mobile Safari/537.36 (compatible; Bytespider; spider-feedback@bytedance.com)"
47.128.29.100 - - [04/Sep/2023:18:18:05 +0200] "GET /images/big_prod/1399984242902B.jpg HTTP/1.0" 200 269 "http://www.wonder-geek.com/black-horse-moneybox-p-25021.html" "Mozilla/5.0 (Linux; Android 5.0) AppleWebKit/537.36 (KHTML, like Gecko) Mobile Safari/537.36 (compatible; Bytespider; spider-feedback@bytedance.com)"
47.128.21.244 - - [04/Sep/2023:18:18:06 +0200] "GET /swfobject.js HTTP/1.0" 404 1308 "http://www.wonder-geek.com/-p-59629.html" "Mozilla/5.0 (Linux; Android 5.0) AppleWebKit/537.36 (KHTML, like Gecko) Mobile Safari/537.36 (compatible; Bytespider; spider-feedback@bytedance.com)"
47.128.31.4 - - [04/Sep/2023:18:18:09 +0200] "GET /images/big_prod_1/8422048832047B.jpg HTTP/1.0" 200 271 "http://www.wonder-geek.com/bamboo-fiber-plant-cover-p-58922.html" "Mozilla/5.0 (Linux; Android 5.0) AppleWebKit/537.36 (KHTML, like Gecko) Mobile Safari/537.36 (compatible; Bytespider; spider-feedback@bytedance.com)"
47.128.21.25 - - [04/Sep/2023:18:18:09 +0200] "GET /highslide/graphics/zoomout.cur HTTP/1.0" 200 614 "http://www.wonder-geek.com/nici-bear-phone-case-p-23181.html" "Mozilla/5.0 (Linux; Android 5.0) AppleWebKit/537.36 (KHTML, like Gecko) Mobile Safari/537.36 (compatible; Bytespider; spider-feedback@bytedance.com)"
47.128.21.25 - - [04/Sep/2023:18:18:09 +0200] "GET /highslide/graphics/outlines/drop-shadow.png HTTP/1.0" 200 277 "http://www.wonder-geek.com/nici-bear-phone-case-p-23181.html" "Mozilla/5.0 (Linux; Android 5.0) AppleWebKit/537.36 (KHTML, like Gecko) Mobile Safari/537.36 (compatible; Bytespider; spider-feedback@bytedance.com)"
47.128.25.59 - - [04/Sep/2023:18:18:08 +0200] "GET /braided-polypropylene-decorative-basket-p-58196.html HTTP/1.0" 200 76979 "-" "Mozilla/5.0 (Linux; Android 5.0) AppleWebKit/537.36 (KHTML, like Gecko) Mobile Safari/537.36 (compatible; Bytespider; spider-feedback@bytedance.com)"
47.128.25.59 - - [04/Sep/2023:18:18:10 +0200] "GET /swfobject.js HTTP/1.0" 404 1308 "http://www.wonder-geek.com/braided-polypropylene-decorative-basket-p-58196.html" "Mozilla/5.0 (Linux; Android 5.0) AppleWebKit/537.36 (KHTML, like Gecko) Mobile Safari/537.36 (compatible; Bytespider; spider-feedback@bytedance.com)"
47.128.21.25 - - [04/Sep/2023:18:18:10 +0200] "GET /images/4012390362688.jpg HTTP/1.0" 200 259 "http://www.wonder-geek.com/nici-bear-phone-case-p-23181.html" "Mozilla/5.0 (Linux; Android 5.0) AppleWebKit/537.36 (KHTML, like Gecko) Mobile Safari/537.36 (compatible; Bytespider; spider-feedback@bytedance.com)"
47.128.23.127 - - [04/Sep/2023:18:18:11 +0200] "GET /highslide/graphics/zoomout.cur HTTP/1.0" 200 614 "http://www.wonder-geek.com/decorative-hanging-plate-p-59544.html" "Mozilla/5.0 (Linux; Android 5.0) AppleWebKit/537.36 (KHTML, like Gecko) Mobile Safari/537.36 (compatible; Bytespider; spider-feedback@bytedance.com)"
47.128.23.127 - - [04/Sep/2023:18:18:11 +0200] "GET /highslide/graphics/outlines/drop-shadow.png HTTP/1.0" 200 277 "http://www.wonder-geek.com/decorative-hanging-plate-p-59544.html" "Mozilla/5.0 (Linux; Android 5.0) AppleWebKit/537.36 (KHTML, like Gecko) Mobile Safari/537.36 (compatible; Bytespider; spider-feedback@bytedance.com)"
47.128.25.236 - - [04/Sep/2023:18:18:11 +0200] "GET /fine-bone-china-fresh-herbs-p-60476.html HTTP/1.0" 200 77141 "-" "Mozilla/5.0 (Linux; Android 5.0) AppleWebKit/537.36 (KHTML, like Gecko) Mobile Safari/537.36 (compatible; Bytespider; spider-feedback@bytedance.com)"
47.128.25.59 - - [04/Sep/2023:18:18:13 +0200] "GET /images/big_prod_1/8424345003236A.jpg HTTP/1.0" 200 271 "http://www.wonder-geek.com/braided-polypropylene-decorative-basket-p-58196.html" "Mozilla/5.0 (Linux; Android 5.0) AppleWebKit/537.36 (KHTML, like Gecko) Mobile Safari/537.36 (compatible; Bytespider; spider-feedback@bytedance.com)"
47.128.25.59 - - [04/Sep/2023:18:18:13 +0200] "GET /images/big_prod_2/8424345003250B.jpg HTTP/1.0" 200 271 "http://www.wonder-geek.com/braided-polypropylene-decorative-basket-p-58196.html" "Mozilla/5.0 (Linux; Android 5.0) AppleWebKit/537.36 (KHTML, like Gecko) Mobile Safari/537.36 (compatible; Bytespider; spider-feedback@bytedance.com)"
47.128.25.236 - - [04/Sep/2023:18:18:14 +0200] "GET /swfobject.js HTTP/1.0" 404 1308 "http://www.wonder-geek.com/fine-bone-china-fresh-herbs-p-60476.html" "Mozilla/5.0 (Linux; Android 5.0) AppleWebKit/537.36 (KHTML, like Gecko) Mobile Safari/537.36 (compatible; Bytespider; spider-feedback@bytedance.com)"
47.128.31.254 - - [04/Sep/2023:18:18:15 +0200] "GET /wine-with-cookware-p-45711.html HTTP/1.0" 200 76112 "-" "Mozilla/5.0 (Linux; Android 5.0) AppleWebKit/537.36 (KHTML, like Gecko) Mobile Safari/537.36 (compatible; Bytespider; spider-feedback@bytedance.com)"
47.128.31.254 - - [04/Sep/2023:18:18:17 +0200] "GET /swfobject.js HTTP/1.0" 404 1308 "http://www.wonder-geek.com/wine-with-cookware-p-45711.html" "Mozilla/5.0 (Linux; Android 5.0) AppleWebKit/537.36 (KHTML, like Gecko) Mobile Safari/537.36 (compatible; Bytespider; spider-feedback@bytedance.com)"
47.128.25.236 - - [04/Sep/2023:18:18:23 +0200] "GET /images/big_prod_2/8712159177947B.jpg HTTP/1.0" 200 271 "http://www.wonder-geek.com/fine-bone-china-fresh-herbs-p-60476.html" "Mozilla/5.0 (Linux; Android 5.0) AppleWebKit/537.36 (KHTML, like Gecko) Mobile Safari/537.36 (compatible; Bytespider; spider-feedback@bytedance.com)"
47.128.25.236 - - [04/Sep/2023:18:18:23 +0200] "GET /images/big_prod_3/8712159177947C.jpg HTTP/1.0" 200 271 "http://www.wonder-geek.com/fine-bone-china-fresh-herbs-p-60476.html" "Mozilla/5.0 (Linux; Android 5.0) AppleWebKit/537.36 (KHTML, like Gecko) Mobile Safari/537.36 (compatible; Bytespider; spider-feedback@bytedance.com)"
47.128.25.236 - - [04/Sep/2023:18:18:23 +0200] "GET /images/big_prod_1/8712159177947a.jpg HTTP/1.0" 200 271 "http://www.wonder-geek.com/fine-bone-china-fresh-herbs-p-60476.html" "Mozilla/5.0 (Linux; Android 5.0) AppleWebKit/537.36 (KHTML, like Gecko) Mobile Safari/537.36 (compatible; Bytespider; spider-feedback@bytedance.com)"
47.128.19.68 - - [04/Sep/2023:18:18:30 +0200] "GET /fireflower-metal-tin-for-tea-capacity-500-gr-p-52993.html HTTP/1.0" 301 76991 "-" "Mozilla/5.0 (Linux; Android 5.0) AppleWebKit/537.36 (KHTML, like Gecko) Mobile Safari/537.36 (compatible; Bytespider; spider-feedback@bytedance.com)"
47.128.19.68 - - [04/Sep/2023:18:18:32 +0200] "GET /fireflower-metal-capacity-p-52993.html HTTP/1.0" 200 76899 "-" "Mozilla/5.0 (Linux; Android 5.0) AppleWebKit/537.36 (KHTML, like Gecko) Mobile Safari/537.36 (compatible; Bytespider; spider-feedback@bytedance.com)"
47.128.19.68 - - [04/Sep/2023:18:18:33 +0200] "GET /swfobject.js HTTP/1.0" 404 1308 "http://www.wonder-geek.com/fireflower-metal-capacity-p-52993.html" "Mozilla/5.0 (Linux; Android 5.0) AppleWebKit/537.36 (KHTML, like Gecko) Mobile Safari/537.36 (compatible; Bytespider; spider-feedback@bytedance.com)"
47.128.20.180 - - [04/Sep/2023:18:18:34 +0200] "GET /highslide/graphics/zoomout.cur HTTP/1.0" 200 614 "http://www.wonder-geek.com/bench-stool-p-51608.html" "Mozilla/5.0 (Linux; Android 5.0) AppleWebKit/537.36 (KHTML, like Gecko) Mobile Safari/537.36 (compatible; Bytespider; spider-feedback@bytedance.com)"
47.128.20.180 - - [04/Sep/2023:18:18:34 +0200] "GET /highslide/graphics/outlines/drop-shadow.png HTTP/1.0" 200 277 "http://www.wonder-geek.com/bench-stool-p-51608.html" "Mozilla/5.0 (Linux; Android 5.0) AppleWebKit/537.36 (KHTML, like Gecko) Mobile Safari/537.36 (compatible; Bytespider; spider-feedback@bytedance.com)"
47.128.21.244 - - [04/Sep/2023:18:18:36 +0200] "GET /highslide/graphics/outlines/drop-shadow.png HTTP/1.0" 200 277 "http://www.wonder-geek.com/-p-59629.html" "Mozilla/5.0 (Linux; Android 5.0) AppleWebKit/537.36 (KHTML, like Gecko) Mobile Safari/537.36 (compatible; Bytespider; spider-feedback@bytedance.com)"
47.128.31.4 - - [04/Sep/2023:18:18:39 +0200] "GET /highslide/graphics/outlines/drop-shadow.png HTTP/1.0" 200 277 "http://www.wonder-geek.com/bamboo-fiber-plant-cover-p-58922.html" "Mozilla/5.0 (Linux; Android 5.0) AppleWebKit/537.36 (KHTML, like Gecko) Mobile Safari/537.36 (compatible; Bytespider; spider-feedback@bytedance.com)"
47.128.19.68 - - [04/Sep/2023:18:18:39 +0200] "GET /images/big_prod_1/4260082937854a.jpg HTTP/1.0" 200 271 "http://www.wonder-geek.com/fireflower-metal-capacity-p-52993.html" "Mozilla/5.0 (Linux; Android 5.0) AppleWebKit/537.36 (KHTML, like Gecko) Mobile Safari/537.36 (compatible; Bytespider; spider-feedback@bytedance.com)"
47.128.31.4 - - [04/Sep/2023:18:18:39 +0200] "GET /highslide/graphics/zoomout.cur HTTP/1.0" 200 614 "http://www.wonder-geek.com/bamboo-fiber-plant-cover-p-58922.html" "Mozilla/5.0 (Linux; Android 5.0) AppleWebKit/537.36 (KHTML, like Gecko) Mobile Safari/537.36 (compatible; Bytespider; spider-feedback@bytedance.com)"
47.128.31.4 - - [04/Sep/2023:18:18:39 +0200] "GET /images/big_prod/8422048832047.jpg HTTP/1.0" 200 268 "http://www.wonder-geek.com/bamboo-fiber-plant-cover-p-58922.html" "Mozilla/5.0 (Linux; Android 5.0) AppleWebKit/537.36 (KHTML, like Gecko) Mobile Safari/537.36 (compatible; Bytespider; spider-feedback@bytedance.com)"
47.128.25.59 - - [04/Sep/2023:18:18:44 +0200] "GET /highslide/graphics/zoomout.cur HTTP/1.0" 200 614 "http://www.wonder-geek.com/braided-polypropylene-decorative-basket-p-58196.html" "Mozilla/5.0 (Linux; Android 5.0) AppleWebKit/537.36 (KHTML, like Gecko) Mobile Safari/537.36 (compatible; Bytespider; spider-feedback@bytedance.com)"
47.128.25.59 - - [04/Sep/2023:18:18:44 +0200] "GET /highslide/graphics/outlines/drop-shadow.png HTTP/1.0" 200 277 "http://www.wonder-geek.com/braided-polypropylene-decorative-basket-p-58196.html" "Mozilla/5.0 (Linux; Android 5.0) AppleWebKit/537.36 (KHTML, like Gecko) Mobile Safari/537.36 (compatible; Bytespider; spider-feedback@bytedance.com)"
47.128.25.236 - - [04/Sep/2023:18:18:53 +0200] "GET /highslide/graphics/zoomout.cur HTTP/1.0" 200 614 "http://www.wonder-geek.com/fine-bone-china-fresh-herbs-p-60476.html" "Mozilla/5.0 (Linux; Android 5.0) AppleWebKit/537.36 (KHTML, like Gecko) Mobile Safari/537.36 (compatible; Bytespider; spider-feedback@bytedance.com)"
47.128.25.236 - - [04/Sep/2023:18:18:53 +0200] "GET /highslide/graphics/outlines/drop-shadow.png HTTP/1.0" 200 277 "http://www.wonder-geek.com/fine-bone-china-fresh-herbs-p-60476.html" "Mozilla/5.0 (Linux; Android 5.0) AppleWebKit/537.36 (KHTML, like Gecko) Mobile Safari/537.36 (compatible; Bytespider; spider-feedback@bytedance.com)"
47.128.19.68 - - [04/Sep/2023:18:19:01 +0200] "GET /highslide/graphics/outlines/drop-shadow.png HTTP/1.0" 200 277 "http://www.wonder-geek.com/fireflower-metal-capacity-p-52993.html" "Mozilla/5.0 (Linux; Android 5.0) AppleWebKit/537.36 (KHTML, like Gecko) Mobile Safari/537.36 (compatible; Bytespider; spider-feedback@bytedance.com)"
47.128.19.68 - - [04/Sep/2023:18:19:01 +0200] "GET /highslide/graphics/zoomout.cur HTTP/1.0" 200 614 "http://www.wonder-geek.com/fireflower-metal-capacity-p-52993.html" "Mozilla/5.0 (Linux; Android 5.0) AppleWebKit/537.36 (KHTML, like Gecko) Mobile Safari/537.36 (compatible; Bytespider; spider-feedback@bytedance.com)"
47.128.28.8 - - [04/Sep/2023:18:19:00 +0200] "GET /espresso-cups-restaurant-mustache-p-26483.html HTTP/1.0" 200 73712 "-" "Mozilla/5.0 (Linux; Android 5.0) AppleWebKit/537.36 (KHTML, like Gecko) Mobile Safari/537.36 (compatible; Bytespider; spider-feedback@bytedance.com)"
47.128.19.68 - - [04/Sep/2023:18:19:01 +0200] "GET /images/big_prod/4260082937854.jpg HTTP/1.0" 200 268 "http://www.wonder-geek.com/fireflower-metal-capacity-p-52993.html" "Mozilla/5.0 (Linux; Android 5.0) AppleWebKit/537.36 (KHTML, like Gecko) Mobile Safari/537.36 (compatible; Bytespider; spider-feedback@bytedance.com)"
47.128.28.8 - - [04/Sep/2023:18:19:03 +0200] "GET /swfobject.js HTTP/1.0" 404 1308 "http://www.wonder-geek.com/espresso-cups-restaurant-mustache-p-26483.html" "Mozilla/5.0 (Linux; Android 5.0) AppleWebKit/537.36 (KHTML, like Gecko) Mobile Safari/537.36 (compatible; Bytespider; spider-feedback@bytedance.com)"
47.128.25.85 - - [04/Sep/2023:18:19:04 +0200] "GET /duvet-cover-cotton-percale-threads-p-48210.html HTTP/1.0" 200 76239 "-" "Mozilla/5.0 (Linux; Android 5.0) AppleWebKit/537.36 (KHTML, like Gecko) Mobile Safari/537.36 (compatible; Bytespider; spider-feedback@bytedance.com)"
47.128.29.101 - - [04/Sep/2023:18:19:08 +0200] "GET /batik-wall-hanging-meditator-p-49455.html HTTP/1.0" 200 73716 "-" "Mozilla/5.0 (Linux; Android 5.0) AppleWebKit/537.36 (KHTML, like Gecko) Mobile Safari/537.36 (compatible; Bytespider; spider-feedback@bytedance.com)"
47.128.29.101 - - [04/Sep/2023:18:19:11 +0200] "GET /swfobject.js HTTP/1.0" 404 1308 "http://www.wonder-geek.com/batik-wall-hanging-meditator-p-49455.html" "Mozilla/5.0 (Linux; Android 5.0) AppleWebKit/537.36 (KHTML, like Gecko) Mobile Safari/537.36 (compatible; Bytespider; spider-feedback@bytedance.com)"
47.128.29.12 - - [04/Sep/2023:18:19:14 +0200] "GET /exotic-spirit-potholder-and-glove-set-p-39863.html HTTP/1.0" 301 73649 "-" "Mozilla/5.0 (Linux; Android 5.0) AppleWebKit/537.36 (KHTML, like Gecko) Mobile Safari/537.36 (compatible; Bytespider; spider-feedback@bytedance.com)"
47.128.29.12 - - [04/Sep/2023:18:19:16 +0200] "GET /-p-39863.html HTTP/1.0" 200 73582 "-" "Mozilla/5.0 (Linux; Android 5.0) AppleWebKit/537.36 (KHTML, like Gecko) Mobile Safari/537.36 (compatible; Bytespider; spider-feedback@bytedance.com)"
47.128.29.101 - - [04/Sep/2023:18:19:17 +0200] "GET /highslide/graphics/outlines/drop-shadow.png HTTP/1.0" 200 277 "http://www.wonder-geek.com/batik-wall-hanging-meditator-p-49455.html" "Mozilla/5.0 (Linux; Android 5.0) AppleWebKit/537.36 (KHTML, like Gecko) Mobile Safari/537.36 (compatible; Bytespider; spider-feedback@bytedance.com)"
47.128.29.101 - - [04/Sep/2023:18:19:17 +0200] "GET /highslide/graphics/zoomout.cur HTTP/1.0" 200 614 "http://www.wonder-geek.com/batik-wall-hanging-meditator-p-49455.html" "Mozilla/5.0 (Linux; Android 5.0) AppleWebKit/537.36 (KHTML, like Gecko) Mobile Safari/537.36 (compatible; Bytespider; spider-feedback@bytedance.com)"
47.128.29.12 - - [04/Sep/2023:18:19:17 +0200] "GET /swfobject.js HTTP/1.0" 404 1308 "http://www.wonder-geek.com/-p-39863.html" "Mozilla/5.0 (Linux; Android 5.0) AppleWebKit/537.36 (KHTML, like Gecko) Mobile Safari/537.36 (compatible; Bytespider; spider-feedback@bytedance.com)"
59.82.77.32 - - [04/Sep/2023:18:19:18 +0200] "GET /images/mini_prod/9316188078269.jpg HTTP/1.0" 200 269 "-" "Mozilla/5.0 (X11; Ubuntu; Linux x86_64; rv:72.0) Gecko/20100101 Firefox/72.0"
47.128.29.12 - - [04/Sep/2023:18:19:23 +0200] "GET /highslide/graphics/outlines/drop-shadow.png HTTP/1.0" 200 277 "http://www.wonder-geek.com/-p-39863.html" "Mozilla/5.0 (Linux; Android 5.0) AppleWebKit/537.36 (KHTML, like Gecko) Mobile Safari/537.36 (compatible; Bytespider; spider-feedback@bytedance.com)"
47.128.29.12 - - [04/Sep/2023:18:19:23 +0200] "GET /highslide/graphics/zoomout.cur HTTP/1.0" 200 614 "http://www.wonder-geek.com/-p-39863.html" "Mozilla/5.0 (Linux; Android 5.0) AppleWebKit/537.36 (KHTML, like Gecko) Mobile Safari/537.36 (compatible; Bytespider; spider-feedback@bytedance.com)"
47.128.28.8 - - [04/Sep/2023:18:19:37 +0200] "GET /highslide/graphics/outlines/drop-shadow.png HTTP/1.0" 200 277 "http://www.wonder-geek.com/espresso-cups-restaurant-mustache-p-26483.html" "Mozilla/5.0 (Linux; Android 5.0) AppleWebKit/537.36 (KHTML, like Gecko) Mobile Safari/537.36 (compatible; Bytespider; spider-feedback@bytedance.com)"
47.128.28.8 - - [04/Sep/2023:18:19:37 +0200] "GET /highslide/graphics/zoomout.cur HTTP/1.0" 200 614 "http://www.wonder-geek.com/espresso-cups-restaurant-mustache-p-26483.html" "Mozilla/5.0 (Linux; Android 5.0) AppleWebKit/537.36 (KHTML, like Gecko) Mobile Safari/537.36 (compatible; Bytespider; spider-feedback@bytedance.com)"
47.128.29.141 - - [04/Sep/2023:18:19:48 +0200] "GET /calimero-shooter-p-57455.html HTTP/1.0" 200 75889 "-" "Mozilla/5.0 (Linux; Android 5.0) AppleWebKit/537.36 (KHTML, like Gecko) Mobile Safari/537.36 (compatible; Bytespider; spider-feedback@bytedance.com)"
52.167.144.104 - - [04/Sep/2023:18:19:50 +0200] "GET /images/3565750158564.jpg HTTP/1.0" 200 259 "-" "Mozilla/5.0 AppleWebKit/537.36 (KHTML, like Gecko; compatible; bingbot/2.0; +http://www.bing.com/bingbot.htm) Chrome/103.0.5060.134 Safari/537.36"
47.128.29.141 - - [04/Sep/2023:18:19:51 +0200] "GET /swfobject.js HTTP/1.0" 404 1308 "http://www.wonder-geek.com/calimero-shooter-p-57455.html" "Mozilla/5.0 (Linux; Android 5.0) AppleWebKit/537.36 (KHTML, like Gecko) Mobile Safari/537.36 (compatible; Bytespider; spider-feedback@bytedance.com)"
77.75.79.54 - - [04/Sep/2023:18:19:55 +0200] "GET /robots.txt HTTP/1.0" 200 245 "-" "Mozilla/5.0 (compatible; SeznamBot/4.0; +http://napoveda.seznam.cz/seznambot-intro/)"
77.75.79.54 - - [04/Sep/2023:18:19:55 +0200] "GET /luxury-trees-black-fine-bone-china-p-59588.html HTTP/1.0" 200 77034 "-" "Mozilla/5.0 (compatible; SeznamBot/4.0; +http://napoveda.seznam.cz/seznambot-intro/)"
94.134.121.187 - - [04/Sep/2023:18:19:57 +0200] "GET /images/mini_prod/8435333835166.jpg HTTP/1.0" 200 269 "-" "Mozilla/5.0 (X11; Ubuntu; Linux x86_64; rv:72.0) Gecko/20100101 Firefox/72.0"
47.128.29.141 - - [04/Sep/2023:18:19:58 +0200] "GET /highslide/graphics/outlines/drop-shadow.png HTTP/1.0" 200 277 "http://www.wonder-geek.com/calimero-shooter-p-57455.html" "Mozilla/5.0 (Linux; Android 5.0) AppleWebKit/537.36 (KHTML, like Gecko) Mobile Safari/537.36 (compatible; Bytespider; spider-feedback@bytedance.com)"
47.128.29.141 - - [04/Sep/2023:18:19:58 +0200] "GET /highslide/graphics/zoomout.cur HTTP/1.0" 200 614 "http://www.wonder-geek.com/calimero-shooter-p-57455.html" "Mozilla/5.0 (Linux; Android 5.0) AppleWebKit/537.36 (KHTML, like Gecko) Mobile Safari/537.36 (compatible; Bytespider; spider-feedback@bytedance.com)"
47.128.29.141 - - [04/Sep/2023:18:19:58 +0200] "GET /images/big_prod/8422076294794.jpg HTTP/1.0" 200 268 "http://www.wonder-geek.com/calimero-shooter-p-57455.html" "Mozilla/5.0 (Linux; Android 5.0) AppleWebKit/537.36 (KHTML, like Gecko) Mobile Safari/537.36 (compatible; Bytespider; spider-feedback@bytedance.com)"
51.68.224.127 - - [04/Sep/2023:18:20:14 +0200] "GET /adminweb/export_orders_xml.php?token=256de2z6edz6ed2z6DFSFsed2zed6zeDSFDSGdzedezfzf&maxorders=10&orderstart=1&status=14&start_date=2018-10-01 HTTP/1.0" 200 285 "-" "GesCom CharlotteBoutik Serveur"
51.68.224.127 - - [04/Sep/2023:18:20:14 +0200] "GET /adminweb/export_orders_xml.php?token=256de2z6edz6ed2z6DFSFsed2zed6zeDSFDSGdzedezfzf&maxorders=10&orderstart=1&status=6&start_date=2018-10-01 HTTP/1.0" 200 33963 "-" "GesCom CharlotteBoutik Serveur"
40.77.167.6 - - [04/Sep/2023:18:20:33 +0200] "GET /smasha-ballz-mandroid-plush-p-25055.html HTTP/1.0" 301 73649 "-" "Mozilla/5.0 AppleWebKit/537.36 (KHTML, like Gecko; compatible; bingbot/2.0; +http://www.bing.com/bingbot.htm) Chrome/103.0.5060.134 Safari/537.36"
54.36.148.55 - - [04/Sep/2023:18:20:39 +0200] "GET /tree-paper-towel-holder-p-59529.html HTTP/1.0" 200 75950 "-" "Mozilla/5.0 (compatible; AhrefsBot/7.0; +http://ahrefs.com/robot/)"
66.249.66.205 - - [04/Sep/2023:18:21:15 +0200] "GET /brown-terrestrial-globe-p-60870.html HTTP/1.0" 200 76641 "-" "Mozilla/5.0 (compatible; Googlebot/2.1; +http://www.google.com/bot.html)"
47.128.20.28 - - [04/Sep/2023:18:22:45 +0200] "GET /oscar-wilde-quote-wall-stickers-p-42957.html HTTP/1.0" 200 76785 "-" "Mozilla/5.0 (Linux; Android 5.0) AppleWebKit/537.36 (KHTML, like Gecko) Mobile Safari/537.36 (compatible; Bytespider; spider-feedback@bytedance.com)"
47.128.20.28 - - [04/Sep/2023:18:22:48 +0200] "GET /js/jquery.jqzoom.js HTTP/1.0" 200 259 "http://www.wonder-geek.com/oscar-wilde-quote-wall-stickers-p-42957.html" "Mozilla/5.0 (Linux; Android 5.0) AppleWebKit/537.36 (KHTML, like Gecko) Mobile Safari/537.36 (compatible; Bytespider; spider-feedback@bytedance.com)"
47.128.20.28 - - [04/Sep/2023:18:22:48 +0200] "GET /swfobject.js HTTP/1.0" 404 1308 "http://www.wonder-geek.com/oscar-wilde-quote-wall-stickers-p-42957.html" "Mozilla/5.0 (Linux; Android 5.0) AppleWebKit/537.36 (KHTML, like Gecko) Mobile Safari/537.36 (compatible; Bytespider; spider-feedback@bytedance.com)"
47.128.20.28 - - [04/Sep/2023:18:22:50 +0200] "GET /swfobject.js HTTP/1.0" 404 1308 "http://www.wonder-geek.com/oscar-wilde-quote-wall-stickers-p-42957.html" "Mozilla/5.0 (Linux; Android 5.0) AppleWebKit/537.36 (KHTML, like Gecko) Mobile Safari/537.36 (compatible; Bytespider; spider-feedback@bytedance.com)"
47.128.28.255 - - [04/Sep/2023:18:22:52 +0200] "GET /-p-50607.html HTTP/1.0" 200 73582 "-" "Mozilla/5.0 (Linux; Android 5.0) AppleWebKit/537.36 (KHTML, like Gecko) Mobile Safari/537.36 (compatible; Bytespider; spider-feedback@bytedance.com)"
47.128.21.10 - - [04/Sep/2023:18:22:53 +0200] "GET /cinderella-money-p-8420.html HTTP/1.0" 200 75974 "-" "Mozilla/5.0 (Linux; Android 5.0) AppleWebKit/537.36 (KHTML, like Gecko) Mobile Safari/537.36 (compatible; Bytespider; spider-feedback@bytedance.com)"
47.128.29.131 - - [04/Sep/2023:18:22:57 +0200] "GET /jasmin-saucer-p-37959.html HTTP/1.0" 200 75954 "-" "Mozilla/5.0 (Linux; Android 5.0) AppleWebKit/537.36 (KHTML, like Gecko) Mobile Safari/537.36 (compatible; Bytespider; spider-feedback@bytedance.com)"
47.128.29.131 - - [04/Sep/2023:18:22:59 +0200] "GET /swfobject.js HTTP/1.0" 404 1308 "http://www.wonder-geek.com/jasmin-saucer-p-37959.html" "Mozilla/5.0 (Linux; Android 5.0) AppleWebKit/537.36 (KHTML, like Gecko) Mobile Safari/537.36 (compatible; Bytespider; spider-feedback@bytedance.com)"
47.128.20.28 - - [04/Sep/2023:18:23:00 +0200] "GET /images/big_prod_1/3609810035935a.jpg HTTP/1.0" 200 271 "http://www.wonder-geek.com/oscar-wilde-quote-wall-stickers-p-42957.html" "Mozilla/5.0 (Linux; Android 5.0) AppleWebKit/537.36 (KHTML, like Gecko) Mobile Safari/537.36 (compatible; Bytespider; spider-feedback@bytedance.com)"
47.128.29.131 - - [04/Sep/2023:18:23:10 +0200] "GET /highslide/graphics/outlines/drop-shadow.png HTTP/1.0" 200 277 "http://www.wonder-geek.com/jasmin-saucer-p-37959.html" "Mozilla/5.0 (Linux; Android 5.0) AppleWebKit/537.36 (KHTML, like Gecko) Mobile Safari/537.36 (compatible; Bytespider; spider-feedback@bytedance.com)"
47.128.29.131 - - [04/Sep/2023:18:23:10 +0200] "GET /highslide/graphics/zoomout.cur HTTP/1.0" 200 614 "http://www.wonder-geek.com/jasmin-saucer-p-37959.html" "Mozilla/5.0 (Linux; Android 5.0) AppleWebKit/537.36 (KHTML, like Gecko) Mobile Safari/537.36 (compatible; Bytespider; spider-feedback@bytedance.com)"
47.128.29.131 - - [04/Sep/2023:18:23:10 +0200] "GET /images/big_prod/3281640422996.jpg HTTP/1.0" 200 268 "http://www.wonder-geek.com/jasmin-saucer-p-37959.html" "Mozilla/5.0 (Linux; Android 5.0) AppleWebKit/537.36 (KHTML, like Gecko) Mobile Safari/537.36 (compatible; Bytespider; spider-feedback@bytedance.com)"
47.128.21.10 - - [04/Sep/2023:18:23:13 +0200] "GET /highslide/graphics/zoomout.cur HTTP/1.0" 200 614 "http://www.wonder-geek.com/cinderella-money-p-8420.html" "Mozilla/5.0 (Linux; Android 5.0) AppleWebKit/537.36 (KHTML, like Gecko) Mobile Safari/537.36 (compatible; Bytespider; spider-feedback@bytedance.com)"
47.128.20.28 - - [04/Sep/2023:18:23:28 +0200] "GET /highslide/graphics/outlines/drop-shadow.png HTTP/1.0" 200 277 "http://www.wonder-geek.com/oscar-wilde-quote-wall-stickers-p-42957.html" "Mozilla/5.0 (Linux; Android 5.0) AppleWebKit/537.36 (KHTML, like Gecko) Mobile Safari/537.36 (compatible; Bytespider; spider-feedback@bytedance.com)"
47.128.20.28 - - [04/Sep/2023:18:23:28 +0200] "GET /highslide/graphics/zoomout.cur HTTP/1.0" 200 614 "http://www.wonder-geek.com/oscar-wilde-quote-wall-stickers-p-42957.html" "Mozilla/5.0 (Linux; Android 5.0) AppleWebKit/537.36 (KHTML, like Gecko) Mobile Safari/537.36 (compatible; Bytespider; spider-feedback@bytedance.com)"
47.128.20.28 - - [04/Sep/2023:18:23:29 +0200] "GET /images/big_prod/3609810035935Y.jpg HTTP/1.0" 200 269 "http://www.wonder-geek.com/oscar-wilde-quote-wall-stickers-p-42957.html" "Mozilla/5.0 (Linux; Android 5.0) AppleWebKit/537.36 (KHTML, like Gecko) Mobile Safari/537.36 (compatible; Bytespider; spider-feedback@bytedance.com)"
52.167.144.104 - - [04/Sep/2023:18:25:01 +0200] "GET /backpacks-c-31_77.html?page=4 HTTP/1.0" 200 96461 "-" "Mozilla/5.0 AppleWebKit/537.36 (KHTML, like Gecko; compatible; bingbot/2.0; +http://www.bing.com/bingbot.htm) Chrome/103.0.5060.134 Safari/537.36"
54.36.148.146 - - [04/Sep/2023:18:25:05 +0200] "GET /large-reed-fiber-vase-p-60519.html HTTP/1.0" 200 76960 "-" "Mozilla/5.0 (compatible; AhrefsBot/7.0; +http://ahrefs.com/robot/)"
216.244.66.242 - - [04/Sep/2023:18:26:02 +0200] "GET /robots.txt HTTP/1.0" 200 245 "-" "Mozilla/5.0 (compatible; DotBot/1.2; +https://opensiteexplorer.org/dotbot; help@moz.com)"
47.128.24.95 - - [04/Sep/2023:18:27:05 +0200] "GET /pitcher-collection-boho-p-57342.html HTTP/1.0" 200 76529 "-" "Mozilla/5.0 (Linux; Android 5.0) AppleWebKit/537.36 (KHTML, like Gecko) Mobile Safari/537.36 (compatible; Bytespider; spider-feedback@bytedance.com)"
47.128.24.95 - - [04/Sep/2023:18:27:07 +0200] "GET /swfobject.js HTTP/1.0" 404 1308 "http://www.wonder-geek.com/pitcher-collection-boho-p-57342.html" "Mozilla/5.0 (Linux; Android 5.0) AppleWebKit/537.36 (KHTML, like Gecko) Mobile Safari/537.36 (compatible; Bytespider; spider-feedback@bytedance.com)"
157.90.182.25 - - [04/Sep/2023:18:27:10 +0200] "GET /robots.txt HTTP/1.0" 301 531 "-" "Mozilla/5.0 (compatible; BLEXBot/1.0; +http://webmeup-crawler.com/)"
157.90.182.25 - - [04/Sep/2023:18:27:10 +0200] "GET /robots.txt HTTP/1.0" 200 245 "-" "Mozilla/5.0 (compatible; BLEXBot/1.0; +http://webmeup-crawler.com/)"
157.90.182.25 - - [04/Sep/2023:18:27:10 +0200] "GET /sitemap HTTP/1.0" 301 525 "-" "Mozilla/5.0 (compatible; BLEXBot/1.0; +http://webmeup-crawler.com/)"
157.90.182.25 - - [04/Sep/2023:18:27:10 +0200] "GET /robots.txt HTTP/1.0" 200 245 "-" "Mozilla/5.0 (compatible; BLEXBot/1.0; +http://webmeup-crawler.com/)"
157.90.182.25 - - [04/Sep/2023:18:27:10 +0200] "GET /sitemap HTTP/1.0" 404 1308 "-" "Mozilla/5.0 (compatible; BLEXBot/1.0; +http://webmeup-crawler.com/)"
47.128.18.80 - - [04/Sep/2023:18:27:09 +0200] "GET /locomotive-clock-p-38095.html HTTP/1.0" 200 75966 "-" "Mozilla/5.0 (Linux; Android 5.0) AppleWebKit/537.36 (KHTML, like Gecko) Mobile Safari/537.36 (compatible; Bytespider; spider-feedback@bytedance.com)"
47.128.18.80 - - [04/Sep/2023:18:27:11 +0200] "GET /swfobject.js HTTP/1.0" 404 1308 "http://www.wonder-geek.com/locomotive-clock-p-38095.html" "Mozilla/5.0 (Linux; Android 5.0) AppleWebKit/537.36 (KHTML, like Gecko) Mobile Safari/537.36 (compatible; Bytespider; spider-feedback@bytedance.com)"
157.90.182.25 - - [04/Sep/2023:18:27:10 +0200] "GET /angel-figurine-moon-p-58770.html HTTP/1.0" 200 77646 "-" "Mozilla/5.0 (compatible; BLEXBot/1.0; +http://webmeup-crawler.com/)"
47.128.26.57 - - [04/Sep/2023:18:27:12 +0200] "GET /nici-horse-club-stationery-p-20586.html HTTP/1.0" 200 76000 "-" "Mozilla/5.0 (Linux; Android 5.0) AppleWebKit/537.36 (KHTML, like Gecko) Mobile Safari/537.36 (compatible; Bytespider; spider-feedback@bytedance.com)"
47.128.24.95 - - [04/Sep/2023:18:27:15 +0200] "GET /images/big_prod_1/3503420055300D.jpg HTTP/1.0" 200 271 "http://www.wonder-geek.com/pitcher-collection-boho-p-57342.html" "Mozilla/5.0 (Linux; Android 5.0) AppleWebKit/537.36 (KHTML, like Gecko) Mobile Safari/537.36 (compatible; Bytespider; spider-feedback@bytedance.com)"
47.128.26.57 - - [04/Sep/2023:18:27:15 +0200] "GET /swfobject.js HTTP/1.0" 404 1308 "http://www.wonder-geek.com/nici-horse-club-stationery-p-20586.html" "Mozilla/5.0 (Linux; Android 5.0) AppleWebKit/537.36 (KHTML, like Gecko) Mobile Safari/537.36 (compatible; Bytespider; spider-feedback@bytedance.com)"
47.128.25.54 - - [04/Sep/2023:18:27:15 +0200] "GET /disney-mickey-fantasia-glitter-ball-p-53251.html HTTP/1.0" 200 76753 "-" "Mozilla/5.0 (Linux; Android 5.0) AppleWebKit/537.36 (KHTML, like Gecko) Mobile Safari/537.36 (compatible; Bytespider; spider-feedback@bytedance.com)"
47.128.25.54 - - [04/Sep/2023:18:27:17 +0200] "GET /swfobject.js HTTP/1.0" 404 1308 "http://www.wonder-geek.com/disney-mickey-fantasia-glitter-ball-p-53251.html" "Mozilla/5.0 (Linux; Android 5.0) AppleWebKit/537.36 (KHTML, like Gecko) Mobile Safari/537.36 (compatible; Bytespider; spider-feedback@bytedance.com)"
