157.90.182.25 - - [04/Sep/2023:20:45:03 +0200] "GET /brass-lotus-carbon-incense-holder-p-42043.html HTTP/1.0" 200 76168 "-" "Mozilla/5.0 (compatible; BLEXBot/1.0; +http://webmeup-crawler.com/)"
157.90.182.25 - - [04/Sep/2023:20:45:18 +0200] "GET /brass-patinated-handing-bells-ganesh-p-37218.html HTTP/1.0" 200 76709 "-" "Mozilla/5.0 (compatible; BLEXBot/1.0; +http://webmeup-crawler.com/)"
157.90.182.25 - - [04/Sep/2023:20:45:32 +0200] "GET /brass-patinated-handing-bells-ganesh-p-42002.html HTTP/1.0" 200 76710 "-" "Mozilla/5.0 (compatible; BLEXBot/1.0; +http://webmeup-crawler.com/)"
157.90.182.25 - - [04/Sep/2023:20:45:47 +0200] "GET /brass-solar-clock-p-52852.html HTTP/1.0" 200 75955 "-" "Mozilla/5.0 (compatible; BLEXBot/1.0; +http://webmeup-crawler.com/)"
66.249.66.207 - - [04/Sep/2023:20:45:54 +0200] "GET /book-lamp-real-wood-color-walnut-size-p-54335.html HTTP/1.0" 200 77722 "-" "Mozilla/5.0 (compatible; Googlebot/2.1; +http://www.google.com/bot.html)"
157.90.182.25 - - [04/Sep/2023:20:46:01 +0200] "GET /brasserie-bons-vivants-adult-apron-p-59963.html HTTP/1.0" 200 76930 "-" "Mozilla/5.0 (compatible; BLEXBot/1.0; +http://webmeup-crawler.com/)"
47.128.31.150 - - [04/Sep/2023:20:46:04 +0200] "GET /cats-love-p-39645.html HTTP/1.0" 200 73630 "-" "Mozilla/5.0 (Linux; Android 5.0) AppleWebKit/537.36 (KHTML, like Gecko) Mobile Safari/537.36 (compatible; Bytespider; spider-feedback@bytedance.com)"
47.128.31.150 - - [04/Sep/2023:20:46:13 +0200] "GET /swfobject.js HTTP/1.0" 404 1308 "http://www.wonder-geek.com/cats-love-p-39645.html" "Mozilla/5.0 (Linux; Android 5.0) AppleWebKit/537.36 (KHTML, like Gecko) Mobile Safari/537.36 (compatible; Bytespider; spider-feedback@bytedance.com)"
157.90.182.25 - - [04/Sep/2023:20:46:14 +0200] "GET /brave-mrida-straw-glass-p-17158.html HTTP/1.0" 200 76136 "-" "Mozilla/5.0 (compatible; BLEXBot/1.0; +http://webmeup-crawler.com/)"
157.90.182.25 - - [04/Sep/2023:20:46:27 +0200] "GET /bravo-card-p-20037.html HTTP/1.0" 200 75912 "-" "Mozilla/5.0 (compatible; BLEXBot/1.0; +http://webmeup-crawler.com/)"
47.128.31.150 - - [04/Sep/2023:20:46:35 +0200] "GET /swfobject.js HTTP/1.0" 404 1308 "http://www.wonder-geek.com/cats-love-p-39645.html" "Mozilla/5.0 (Linux; Android 5.0) AppleWebKit/537.36 (KHTML, like Gecko) Mobile Safari/537.36 (compatible; Bytespider; spider-feedback@bytedance.com)"
157.90.182.25 - - [04/Sep/2023:20:46:41 +0200] "GET /bravo-gnial-super-card-p-20051.html HTTP/1.0" 200 75987 "-" "Mozilla/5.0 (compatible; BLEXBot/1.0; +http://webmeup-crawler.com/)"
54.36.149.101 - - [04/Sep/2023:20:46:43 +0200] "GET /tree-decoration-star-p-58867.html HTTP/1.0" 200 76763 "-" "Mozilla/5.0 (compatible; AhrefsBot/7.0; +http://ahrefs.com/robot/)"
157.90.182.25 - - [04/Sep/2023:20:46:56 +0200] "GET /bravo-gnial-super-card-p-20052.html HTTP/1.0" 200 75987 "-" "Mozilla/5.0 (compatible; BLEXBot/1.0; +http://webmeup-crawler.com/)"
52.167.144.172 - - [04/Sep/2023:20:47:01 +0200] "GET /images/5060021930942.jpg HTTP/1.0" 200 259 "-" "Mozilla/5.0 AppleWebKit/537.36 (KHTML, like Gecko; compatible; bingbot/2.0; +http://www.bing.com/bingbot.htm) Chrome/103.0.5060.134 Safari/537.36"
51.68.224.127 - - [04/Sep/2023:20:47:07 +0200] "GET /adminweb/export_orders_xml.php?token=256de2z6edz6ed2z6DFSFsed2zed6zeDSFDSGdzedezfzf&maxorders=10&orderstart=1&status=14&start_date=2018-10-01 HTTP/1.0" 200 285 "-" "GesCom CharlotteBoutik Serveur"
51.68.224.127 - - [04/Sep/2023:20:47:08 +0200] "GET /adminweb/export_orders_xml.php?token=256de2z6edz6ed2z6DFSFsed2zed6zeDSFDSGdzedezfzf&maxorders=10&orderstart=1&status=6&start_date=2018-10-01 HTTP/1.0" 200 33963 "-" "GesCom CharlotteBoutik Serveur"
157.90.182.25 - - [04/Sep/2023:20:47:10 +0200] "GET /brazil-cbkreation-p-24119.html HTTP/1.0" 200 75903 "-" "Mozilla/5.0 (compatible; BLEXBot/1.0; +http://webmeup-crawler.com/)"
66.249.66.206 - - [04/Sep/2023:20:47:21 +0200] "GET /teetering-tower-goofy-donald-duck-and-mickey-mouse-figurine-p-45588.html HTTP/1.0" 301 76998 "-" "Mozilla/5.0 (compatible; Googlebot/2.1; +http://www.google.com/bot.html)"
66.249.66.206 - - [04/Sep/2023:20:47:22 +0200] "GET /teetering-tower-goofy-donald-duck-mickey-mouse-figurine-p-45588.html HTTP/1.0" 200 76876 "-" "Mozilla/5.0 (compatible; Googlebot/2.1; +http://www.google.com/bot.html)"
157.90.182.25 - - [04/Sep/2023:20:47:26 +0200] "GET /brazil-mouse-cbkreation-p-13983.html HTTP/1.0" 200 75924 "-" "Mozilla/5.0 (compatible; BLEXBot/1.0; +http://webmeup-crawler.com/)"
157.90.182.25 - - [04/Sep/2023:20:47:41 +0200] "GET /breakfast-board-bang-tassen-made-germany-p-57147.html HTTP/1.0" 200 77022 "-" "Mozilla/5.0 (compatible; BLEXBot/1.0; +http://webmeup-crawler.com/)"
108.181.45.51 - - [04/Sep/2023:20:47:51 +0200] "GET /images/mini_prod/3453131139199.jpg HTTP/1.0" 200 269 "-" "Mozilla/5.0 (X11; Ubuntu; Linux x86_64; rv:72.0) Gecko/20100101 Firefox/72.0"
157.90.182.25 - - [04/Sep/2023:20:47:55 +0200] "GET /breakfast-board-chef-tassen-made-germany-p-59958.html HTTP/1.0" 200 76971 "-" "Mozilla/5.0 (compatible; BLEXBot/1.0; +http://webmeup-crawler.com/)"
157.90.182.25 - - [04/Sep/2023:20:48:10 +0200] "GET /breakfast-board-chef-tassen-made-germany-p-59959.html HTTP/1.0" 200 76971 "-" "Mozilla/5.0 (compatible; BLEXBot/1.0; +http://webmeup-crawler.com/)"
17.241.227.136 - - [04/Sep/2023:20:48:14 +0200] "GET /images/big_prod_1/8420327448224B.jpg HTTP/1.0" 200 271 "-" "Mozilla/5.0 (Macintosh; Intel Mac OS X 10_15_5) AppleWebKit/605.1.15 (KHTML, like Gecko) Version/13.1.1 Safari/605.1.15 (Applebot/0.1; +http://www.apple.com/go/applebot)"
157.90.182.25 - - [04/Sep/2023:20:48:25 +0200] "GET /breakfast-board-cinnamon-star-massacre-tassen-made-germany-p-53188.html HTTP/1.0" 200 77110 "-" "Mozilla/5.0 (compatible; BLEXBot/1.0; +http://webmeup-crawler.com/)"
114.119.138.111 - - [04/Sep/2023:20:48:26 +0200] "GET /luggages-schoolbags-leather-shop-c-31.html?page=54 HTTP/1.0" 200 94997 "http://www.wonder-geek.com/luggages-schoolbags-leather-shop-c-31.html?page=61" "Mozilla/5.0 (Linux; Android 7.0;) AppleWebKit/537.36 (KHTML, like Gecko) Mobile Safari/537.36 (compatible; PetalBot;+https://webmaster.petalsearch.com/site/petalbot)"
157.90.182.25 - - [04/Sep/2023:20:48:40 +0200] "GET /breakfast-board-half-tassen-made-germany-p-53190.html HTTP/1.0" 200 77043 "-" "Mozilla/5.0 (compatible; BLEXBot/1.0; +http://webmeup-crawler.com/)"
157.90.182.25 - - [04/Sep/2023:20:48:54 +0200] "GET /breakfast-board-half-tassen-made-germany-p-53732.html HTTP/1.0" 200 77292 "-" "Mozilla/5.0 (compatible; BLEXBot/1.0; +http://webmeup-crawler.com/)"
47.128.17.167 - - [04/Sep/2023:20:49:03 +0200] "GET /mani-lucky-glasses-case-p-49902.html HTTP/1.0" 200 76052 "-" "Mozilla/5.0 (Linux; Android 5.0) AppleWebKit/537.36 (KHTML, like Gecko) Mobile Safari/537.36 (compatible; Bytespider; spider-feedback@bytedance.com)"
47.128.23.190 - - [04/Sep/2023:20:49:04 +0200] "GET /bowls-toutous-flingueurs-p-46829.html HTTP/1.0" 200 73646 "-" "Mozilla/5.0 (Linux; Android 5.0) AppleWebKit/537.36 (KHTML, like Gecko) Mobile Safari/537.36 (compatible; Bytespider; spider-feedback@bytedance.com)"
47.128.23.58 - - [04/Sep/2023:20:49:06 +0200] "GET /-p-44293.html HTTP/1.0" 200 73582 "-" "Mozilla/5.0 (Linux; Android 5.0) AppleWebKit/537.36 (KHTML, like Gecko) Mobile Safari/537.36 (compatible; Bytespider; spider-feedback@bytedance.com)"
47.128.21.87 - - [04/Sep/2023:20:49:06 +0200] "GET /round-side-table-with-wooden-top-50-cm-p-49686.html HTTP/1.0" 301 73649 "-" "Mozilla/5.0 (Linux; Android 5.0) AppleWebKit/537.36 (KHTML, like Gecko) Mobile Safari/537.36 (compatible; Bytespider; spider-feedback@bytedance.com)"
47.128.23.190 - - [04/Sep/2023:20:49:10 +0200] "GET /swfobject.js HTTP/1.0" 404 1308 "http://www.wonder-geek.com/bowls-toutous-flingueurs-p-46829.html" "Mozilla/5.0 (Linux; Android 5.0) AppleWebKit/537.36 (KHTML, like Gecko) Mobile Safari/537.36 (compatible; Bytespider; spider-feedback@bytedance.com)"
157.90.182.25 - - [04/Sep/2023:20:49:09 +0200] "GET /breakfast-board-happy-birthday-tassen-made-germany-p-53939.html HTTP/1.0" 200 77196 "-" "Mozilla/5.0 (compatible; BLEXBot/1.0; +http://webmeup-crawler.com/)"
47.128.21.87 - - [04/Sep/2023:20:49:09 +0200] "GET /-p-49686.html HTTP/1.0" 200 73582 "-" "Mozilla/5.0 (Linux; Android 5.0) AppleWebKit/537.36 (KHTML, like Gecko) Mobile Safari/537.36 (compatible; Bytespider; spider-feedback@bytedance.com)"
47.128.23.58 - - [04/Sep/2023:20:49:11 +0200] "GET /swfobject.js HTTP/1.0" 404 1308 "http://www.wonder-geek.com/-p-44293.html" "Mozilla/5.0 (Linux; Android 5.0) AppleWebKit/537.36 (KHTML, like Gecko) Mobile Safari/537.36 (compatible; Bytespider; spider-feedback@bytedance.com)"
47.128.21.87 - - [04/Sep/2023:20:49:14 +0200] "GET /swfobject.js HTTP/1.0" 404 1308 "http://www.wonder-geek.com/-p-49686.html" "Mozilla/5.0 (Linux; Android 5.0) AppleWebKit/537.36 (KHTML, like Gecko) Mobile Safari/537.36 (compatible; Bytespider; spider-feedback@bytedance.com)"
114.119.151.83 - - [04/Sep/2023:20:49:20 +0200] "GET /le-chat-noir-large-metal-plate-30-40-cm-p-26835.html HTTP/1.0" 301 73802 "http://www.wonder-geek.com/home-and-decoration-c-13.html?page=165" "Mozilla/5.0 (Linux; Android 7.0;) AppleWebKit/537.36 (KHTML, like Gecko) Mobile Safari/537.36 (compatible; PetalBot;+https://webmaster.petalsearch.com/site/petalbot)"
47.128.24.220 - - [04/Sep/2023:20:49:22 +0200] "GET /experts-mousepad-p-18072.html HTTP/1.0" 200 76076 "-" "Mozilla/5.0 (Linux; Android 5.0) AppleWebKit/537.36 (KHTML, like Gecko) Mobile Safari/537.36 (compatible; Bytespider; spider-feedback@bytedance.com)"
114.119.151.83 - - [04/Sep/2023:20:49:23 +0200] "GET /chat-noir-large-metal-plate-p-26835.html HTTP/1.0" 200 73708 "http://www.wonder-geek.com/home-and-decoration-c-13.html?page=165" "Mozilla/5.0 (Linux; Android 7.0;) AppleWebKit/537.36 (KHTML, like Gecko) Mobile Safari/537.36 (compatible; PetalBot;+https://webmaster.petalsearch.com/site/petalbot)"
157.90.182.25 - - [04/Sep/2023:20:49:23 +0200] "GET /breakfast-board-love-home-tassen-made-germany-p-53189.html HTTP/1.0" 200 77082 "-" "Mozilla/5.0 (compatible; BLEXBot/1.0; +http://webmeup-crawler.com/)"
47.128.24.220 - - [04/Sep/2023:20:49:25 +0200] "GET /swfobject.js HTTP/1.0" 404 1308 "http://www.wonder-geek.com/experts-mousepad-p-18072.html" "Mozilla/5.0 (Linux; Android 5.0) AppleWebKit/537.36 (KHTML, like Gecko) Mobile Safari/537.36 (compatible; Bytespider; spider-feedback@bytedance.com)"
47.128.24.220 - - [04/Sep/2023:20:49:30 +0200] "GET /highslide/graphics/zoomin.cur HTTP/1.0" 200 614 "http://www.wonder-geek.com/templates/Pixame_v1/stylesheet.css" "Mozilla/5.0 (Linux; Android 5.0) AppleWebKit/537.36 (KHTML, like Gecko) Mobile Safari/537.36 (compatible; Bytespider; spider-feedback@bytedance.com)"
47.128.23.58 - - [04/Sep/2023:20:49:32 +0200] "GET /highslide/graphics/outlines/drop-shadow.png HTTP/1.0" 200 277 "http://www.wonder-geek.com/-p-44293.html" "Mozilla/5.0 (Linux; Android 5.0) AppleWebKit/537.36 (KHTML, like Gecko) Mobile Safari/537.36 (compatible; Bytespider; spider-feedback@bytedance.com)"
47.128.23.58 - - [04/Sep/2023:20:49:33 +0200] "GET /highslide/graphics/zoomout.cur HTTP/1.0" 200 614 "http://www.wonder-geek.com/-p-44293.html" "Mozilla/5.0 (Linux; Android 5.0) AppleWebKit/537.36 (KHTML, like Gecko) Mobile Safari/537.36 (compatible; Bytespider; spider-feedback@bytedance.com)"
157.90.182.25 - - [04/Sep/2023:20:49:38 +0200] "GET /breakfast-board-sweet-life-tassen-made-germany-p-53191.html HTTP/1.0" 200 77083 "-" "Mozilla/5.0 (compatible; BLEXBot/1.0; +http://webmeup-crawler.com/)"
47.128.27.207 - - [04/Sep/2023:20:49:38 +0200] "GET /salt-pepper-shaker-p-40795.html HTTP/1.0" 200 76052 "-" "Mozilla/5.0 (Linux; Android 5.0) AppleWebKit/537.36 (KHTML, like Gecko) Mobile Safari/537.36 (compatible; Bytespider; spider-feedback@bytedance.com)"
47.128.27.207 - - [04/Sep/2023:20:49:40 +0200] "GET /swfobject.js HTTP/1.0" 404 1308 "http://www.wonder-geek.com/salt-pepper-shaker-p-40795.html" "Mozilla/5.0 (Linux; Android 5.0) AppleWebKit/537.36 (KHTML, like Gecko) Mobile Safari/537.36 (compatible; Bytespider; spider-feedback@bytedance.com)"
47.128.23.190 - - [04/Sep/2023:20:49:42 +0200] "GET /highslide/graphics/zoomout.cur HTTP/1.0" 200 614 "http://www.wonder-geek.com/bowls-toutous-flingueurs-p-46829.html" "Mozilla/5.0 (Linux; Android 5.0) AppleWebKit/537.36 (KHTML, like Gecko) Mobile Safari/537.36 (compatible; Bytespider; spider-feedback@bytedance.com)"
47.128.23.190 - - [04/Sep/2023:20:49:43 +0200] "GET /highslide/graphics/outlines/drop-shadow.png HTTP/1.0" 200 277 "http://www.wonder-geek.com/bowls-toutous-flingueurs-p-46829.html" "Mozilla/5.0 (Linux; Android 5.0) AppleWebKit/537.36 (KHTML, like Gecko) Mobile Safari/537.36 (compatible; Bytespider; spider-feedback@bytedance.com)"
59.82.77.40 - - [04/Sep/2023:20:49:44 +0200] "GET /images/mini_prod/4500315900003.jpg HTTP/1.0" 200 269 "-" "Mozilla/5.0 (X11; Ubuntu; Linux x86_64; rv:72.0) Gecko/20100101 Firefox/72.0"
66.249.66.205 - - [04/Sep/2023:20:49:45 +0200] "GET /deco-thermometer-pump-p-50185.html HTTP/1.0" 200 76025 "-" "Mozilla/5.0 (Linux; Android 6.0.1; Nexus 5X Build/MMB29P) AppleWebKit/537.36 (KHTML, like Gecko) Chrome/116.0.5845.110 Mobile Safari/537.36 (compatible; Googlebot/2.1; +http://www.google.com/bot.html)"
47.128.21.87 - - [04/Sep/2023:20:49:48 +0200] "GET /highslide/graphics/outlines/drop-shadow.png HTTP/1.0" 200 277 "http://www.wonder-geek.com/-p-49686.html" "Mozilla/5.0 (Linux; Android 5.0) AppleWebKit/537.36 (KHTML, like Gecko) Mobile Safari/537.36 (compatible; Bytespider; spider-feedback@bytedance.com)"
47.128.21.87 - - [04/Sep/2023:20:49:49 +0200] "GET /highslide/graphics/zoomout.cur HTTP/1.0" 200 614 "http://www.wonder-geek.com/-p-49686.html" "Mozilla/5.0 (Linux; Android 5.0) AppleWebKit/537.36 (KHTML, like Gecko) Mobile Safari/537.36 (compatible; Bytespider; spider-feedback@bytedance.com)"
66.249.66.206 - - [04/Sep/2023:20:49:50 +0200] "GET /himalayan-mood-saltlamp-orange-leds-p-44959.html HTTP/1.0" 200 73720 "-" "Mozilla/5.0 (Linux; Android 6.0.1; Nexus 5X Build/MMB29P) AppleWebKit/537.36 (KHTML, like Gecko) Chrome/116.0.5845.110 Mobile Safari/537.36 (compatible; Googlebot/2.1; +http://www.google.com/bot.html)"
47.128.24.220 - - [04/Sep/2023:20:49:53 +0200] "GET /highslide/graphics/zoomout.cur HTTP/1.0" 200 614 "http://www.wonder-geek.com/experts-mousepad-p-18072.html" "Mozilla/5.0 (Linux; Android 5.0) AppleWebKit/537.36 (KHTML, like Gecko) Mobile Safari/537.36 (compatible; Bytespider; spider-feedback@bytedance.com)"
47.128.24.220 - - [04/Sep/2023:20:49:54 +0200] "GET /highslide/graphics/outlines/drop-shadow.png HTTP/1.0" 200 277 "http://www.wonder-geek.com/experts-mousepad-p-18072.html" "Mozilla/5.0 (Linux; Android 5.0) AppleWebKit/537.36 (KHTML, like Gecko) Mobile Safari/537.36 (compatible; Bytespider; spider-feedback@bytedance.com)"
157.90.182.25 - - [04/Sep/2023:20:49:53 +0200] "GET /breakfast-board-tassen-made-germany-p-54702.html HTTP/1.0" 200 77286 "-" "Mozilla/5.0 (compatible; BLEXBot/1.0; +http://webmeup-crawler.com/)"
47.128.27.207 - - [04/Sep/2023:20:49:54 +0200] "GET /highslide/graphics/zoomin.cur HTTP/1.0" 200 614 "http://www.wonder-geek.com/templates/Pixame_v1/stylesheet.css" "Mozilla/5.0 (Linux; Android 5.0) AppleWebKit/537.36 (KHTML, like Gecko) Mobile Safari/537.36 (compatible; Bytespider; spider-feedback@bytedance.com)"
47.128.27.207 - - [04/Sep/2023:20:49:55 +0200] "GET /highslide/graphics/zoomout.cur HTTP/1.0" 200 614 "http://www.wonder-geek.com/salt-pepper-shaker-p-40795.html" "Mozilla/5.0 (Linux; Android 5.0) AppleWebKit/537.36 (KHTML, like Gecko) Mobile Safari/537.36 (compatible; Bytespider; spider-feedback@bytedance.com)"
47.128.27.207 - - [04/Sep/2023:20:49:55 +0200] "GET /highslide/graphics/outlines/drop-shadow.png HTTP/1.0" 200 277 "http://www.wonder-geek.com/salt-pepper-shaker-p-40795.html" "Mozilla/5.0 (Linux; Android 5.0) AppleWebKit/537.36 (KHTML, like Gecko) Mobile Safari/537.36 (compatible; Bytespider; spider-feedback@bytedance.com)"
114.119.148.94 - - [04/Sep/2023:20:49:56 +0200] "GET /fitted-sheet-red-p-27502.html HTTP/1.0" 301 76534 "http://www.wonder-geek.com/fitted-sheet-c-11_193.html" "Mozilla/5.0 (Linux; Android 7.0;) AppleWebKit/537.36 (KHTML, like Gecko) Mobile Safari/537.36 (compatible; PetalBot;+https://webmaster.petalsearch.com/site/petalbot)"
114.119.148.94 - - [04/Sep/2023:20:49:58 +0200] "GET /fitted-sheet-p-27502.html HTTP/1.0" 200 76455 "http://www.wonder-geek.com/fitted-sheet-c-11_193.html" "Mozilla/5.0 (Linux; Android 7.0;) AppleWebKit/537.36 (KHTML, like Gecko) Mobile Safari/537.36 (compatible; PetalBot;+https://webmaster.petalsearch.com/site/petalbot)"
157.90.182.25 - - [04/Sep/2023:20:50:07 +0200] "GET /breakfast-board-tasty-cookie-tassen-made-germany-p-59957.html HTTP/1.0" 200 77027 "-" "Mozilla/5.0 (compatible; BLEXBot/1.0; +http://webmeup-crawler.com/)"
54.36.148.84 - - [04/Sep/2023:20:50:09 +0200] "GET /cushion-cover-cement-tiles-p-56315.html HTTP/1.0" 200 76882 "-" "Mozilla/5.0 (compatible; AhrefsBot/7.0; +http://ahrefs.com/robot/)"
216.244.66.242 - - [04/Sep/2023:20:50:20 +0200] "GET /decorative-sundial-compass-brass-gilbert-sons-p-52859.html HTTP/1.0" 200 76181 "-" "Mozilla/5.0 (compatible; DotBot/1.2; +https://opensiteexplorer.org/dotbot; help@moz.com)"
157.90.182.25 - - [04/Sep/2023:20:50:22 +0200] "GET /breakfast-board-thank-tassen-made-germany-p-56282.html HTTP/1.0" 200 77518 "-" "Mozilla/5.0 (compatible; BLEXBot/1.0; +http://webmeup-crawler.com/)"
213.180.203.58 - - [04/Sep/2023:20:50:24 +0200] "GET /robots.txt HTTP/1.0" 200 245 "-" "Mozilla/5.0 (compatible; YandexBot/3.0; +http://yandex.com/bots)"
157.90.182.25 - - [04/Sep/2023:20:50:37 +0200] "GET /breakfast-c-12_61.html?page=1 HTTP/1.0" 200 94519 "-" "Mozilla/5.0 (compatible; BLEXBot/1.0; +http://webmeup-crawler.com/)"
157.90.182.25 - - [04/Sep/2023:20:50:52 +0200] "GET /bretagne-white-women-shirt-p-31094.html HTTP/1.0" 200 80399 "-" "Mozilla/5.0 (compatible; BLEXBot/1.0; +http://webmeup-crawler.com/)"
52.167.144.172 - - [04/Sep/2023:20:51:01 +0200] "GET /bamboo-fiber-plant-cover-p-58925.html HTTP/1.0" 200 76735 "-" "Mozilla/5.0 AppleWebKit/537.36 (KHTML, like Gecko; compatible; bingbot/2.0; +http://www.bing.com/bingbot.htm) Chrome/103.0.5060.134 Safari/537.36"
157.90.182.25 - - [04/Sep/2023:20:51:06 +0200] "GET /breton-clock-cbkreation-p-24413.html HTTP/1.0" 200 75924 "-" "Mozilla/5.0 (compatible; BLEXBot/1.0; +http://webmeup-crawler.com/)"
114.119.128.56 - - [04/Sep/2023:20:51:14 +0200] "GET /dubout-cats-compact-double-mirror-p-37047.html HTTP/1.0" 200 73704 "http://www.wonder-geek.com/bag-hung-and-bag-mirrors-c-31_258.html" "Mozilla/5.0 (Linux; Android 7.0;) AppleWebKit/537.36 (KHTML, like Gecko) Mobile Safari/537.36 (compatible; PetalBot;+https://webmaster.petalsearch.com/site/petalbot)"
157.90.182.25 - - [04/Sep/2023:20:51:22 +0200] "GET /breton-kitchen-towel-p-38787.html HTTP/1.0" 200 75896 "-" "Mozilla/5.0 (compatible; BLEXBot/1.0; +http://webmeup-crawler.com/)"
91.201.7.254 - - [04/Sep/2023:20:51:31 +0200] "GET /images/mini_prod/1399984259849.jpg HTTP/1.0" 200 269 "-" "Mozilla/5.0 (X11; Ubuntu; Linux x86_64; rv:72.0) Gecko/20100101 Firefox/72.0"
47.128.26.204 - - [04/Sep/2023:20:51:33 +0200] "GET /boxes-cones-champa-backflow-incence-cones-p-54738.html HTTP/1.0" 200 77950 "-" "Mozilla/5.0 (Linux; Android 5.0) AppleWebKit/537.36 (KHTML, like Gecko) Mobile Safari/537.36 (compatible; Bytespider; spider-feedback@bytedance.com)"
47.128.28.247 - - [04/Sep/2023:20:51:35 +0200] "GET /atlas-statuette-patinated-bronze-resin-p-49337.html HTTP/1.0" 200 73754 "-" "Mozilla/5.0 (Linux; Android 5.0) AppleWebKit/537.36 (KHTML, like Gecko) Mobile Safari/537.36 (compatible; Bytespider; spider-feedback@bytedance.com)"
47.128.26.204 - - [04/Sep/2023:20:51:37 +0200] "GET /swfobject.js HTTP/1.0" 404 1308 "http://www.wonder-geek.com/boxes-cones-champa-backflow-incence-cones-p-54738.html" "Mozilla/5.0 (Linux; Android 5.0) AppleWebKit/537.36 (KHTML, like Gecko) Mobile Safari/537.36 (compatible; Bytespider; spider-feedback@bytedance.com)"
157.90.182.25 - - [04/Sep/2023:20:51:36 +0200] "GET /brezil-cbkreation-p-13968.html HTTP/1.0" 200 75907 "-" "Mozilla/5.0 (compatible; BLEXBot/1.0; +http://webmeup-crawler.com/)"
47.128.28.247 - - [04/Sep/2023:20:51:38 +0200] "GET /swfobject.js HTTP/1.0" 404 1308 "http://www.wonder-geek.com/atlas-statuette-patinated-bronze-resin-p-49337.html" "Mozilla/5.0 (Linux; Android 5.0) AppleWebKit/537.36 (KHTML, like Gecko) Mobile Safari/537.36 (compatible; Bytespider; spider-feedback@bytedance.com)"
47.128.28.247 - - [04/Sep/2023:20:51:44 +0200] "GET /highslide/graphics/zoomout.cur HTTP/1.0" 200 614 "http://www.wonder-geek.com/atlas-statuette-patinated-bronze-resin-p-49337.html" "Mozilla/5.0 (Linux; Android 5.0) AppleWebKit/537.36 (KHTML, like Gecko) Mobile Safari/537.36 (compatible; Bytespider; spider-feedback@bytedance.com)"
47.128.26.204 - - [04/Sep/2023:20:51:45 +0200] "GET /highslide/graphics/zoomin.cur HTTP/1.0" 200 614 "http://www.wonder-geek.com/templates/Pixame_v1/stylesheet.css" "Mozilla/5.0 (Linux; Android 5.0) AppleWebKit/537.36 (KHTML, like Gecko) Mobile Safari/537.36 (compatible; Bytespider; spider-feedback@bytedance.com)"
47.128.27.221 - - [04/Sep/2023:20:51:44 +0200] "GET /-p-44965.html HTTP/1.0" 200 73582 "-" "Mozilla/5.0 (Linux; Android 5.0) AppleWebKit/537.36 (KHTML, like Gecko) Mobile Safari/537.36 (compatible; Bytespider; spider-feedback@bytedance.com)"
47.128.28.247 - - [04/Sep/2023:20:51:45 +0200] "GET /highslide/graphics/outlines/drop-shadow.png HTTP/1.0" 200 277 "http://www.wonder-geek.com/atlas-statuette-patinated-bronze-resin-p-49337.html" "Mozilla/5.0 (Linux; Android 5.0) AppleWebKit/537.36 (KHTML, like Gecko) Mobile Safari/537.36 (compatible; Bytespider; spider-feedback@bytedance.com)"
47.128.26.204 - - [04/Sep/2023:20:51:45 +0200] "GET /images/big_prod_1/8422145403027a.jpg HTTP/1.0" 200 271 "http://www.wonder-geek.com/boxes-cones-champa-backflow-incence-cones-p-54738.html" "Mozilla/5.0 (Linux; Android 5.0) AppleWebKit/537.36 (KHTML, like Gecko) Mobile Safari/537.36 (compatible; Bytespider; spider-feedback@bytedance.com)"
47.128.26.204 - - [04/Sep/2023:20:51:45 +0200] "GET /images/big_prod_2/8422145403027b.jpg HTTP/1.0" 200 271 "http://www.wonder-geek.com/boxes-cones-champa-backflow-incence-cones-p-54738.html" "Mozilla/5.0 (Linux; Android 5.0) AppleWebKit/537.36 (KHTML, like Gecko) Mobile Safari/537.36 (compatible; Bytespider; spider-feedback@bytedance.com)"
47.128.27.221 - - [04/Sep/2023:20:51:45 +0200] "GET /swfobject.js HTTP/1.0" 404 1308 "http://www.wonder-geek.com/-p-44965.html" "Mozilla/5.0 (Linux; Android 5.0) AppleWebKit/537.36 (KHTML, like Gecko) Mobile Safari/537.36 (compatible; Bytespider; spider-feedback@bytedance.com)"
52.167.144.104 - - [04/Sep/2023:20:51:46 +0200] "GET /images/8422360068315.jpg HTTP/1.0" 200 259 "-" "Mozilla/5.0 (Windows NT 6.1; WOW64) AppleWebKit/534+ (KHTML, like Gecko) BingPreview/1.0b"
47.128.27.221 - - [04/Sep/2023:20:51:47 +0200] "GET /swfobject.js HTTP/1.0" 404 1308 "http://www.wonder-geek.com/-p-44965.html" "Mozilla/5.0 (Linux; Android 5.0) AppleWebKit/537.36 (KHTML, like Gecko) Mobile Safari/537.36 (compatible; Bytespider; spider-feedback@bytedance.com)"
157.90.182.25 - - [04/Sep/2023:20:51:49 +0200] "GET /brian-bear-plush-beige-water-bottle-p-57520.html HTTP/1.0" 200 76883 "-" "Mozilla/5.0 (compatible; BLEXBot/1.0; +http://webmeup-crawler.com/)"
47.128.27.221 - - [04/Sep/2023:20:51:51 +0200] "GET /highslide/graphics/outlines/drop-shadow.png HTTP/1.0" 200 277 "http://www.wonder-geek.com/-p-44965.html" "Mozilla/5.0 (Linux; Android 5.0) AppleWebKit/537.36 (KHTML, like Gecko) Mobile Safari/537.36 (compatible; Bytespider; spider-feedback@bytedance.com)"
47.128.18.157 - - [04/Sep/2023:20:51:51 +0200] "GET /barbapapa-family-placemat-p-13309.html HTTP/1.0" 301 73649 "-" "Mozilla/5.0 (Linux; Android 5.0) AppleWebKit/537.36 (KHTML, like Gecko) Mobile Safari/537.36 (compatible; Bytespider; spider-feedback@bytedance.com)"
47.128.18.157 - - [04/Sep/2023:20:51:53 +0200] "GET /-p-13309.html HTTP/1.0" 200 73582 "-" "Mozilla/5.0 (Linux; Android 5.0) AppleWebKit/537.36 (KHTML, like Gecko) Mobile Safari/537.36 (compatible; Bytespider; spider-feedback@bytedance.com)"
47.128.18.157 - - [04/Sep/2023:20:51:56 +0200] "GET /swfobject.js HTTP/1.0" 404 1308 "http://www.wonder-geek.com/-p-13309.html" "Mozilla/5.0 (Linux; Android 5.0) AppleWebKit/537.36 (KHTML, like Gecko) Mobile Safari/537.36 (compatible; Bytespider; spider-feedback@bytedance.com)"
47.128.18.157 - - [04/Sep/2023:20:51:57 +0200] "GET /swfobject.js HTTP/1.0" 404 1308 "http://www.wonder-geek.com/-p-13309.html" "Mozilla/5.0 (Linux; Android 5.0) AppleWebKit/537.36 (KHTML, like Gecko) Mobile Safari/537.36 (compatible; Bytespider; spider-feedback@bytedance.com)"
114.119.156.175 - - [04/Sep/2023:20:52:01 +0200] "GET /chakra-round-pebble-gems-p-47214.html HTTP/1.0" 301 73649 "http://www.wonder-geek.com/esotericism-lithotherapy-c-174.html?page=6" "Mozilla/5.0 (Linux; Android 7.0;) AppleWebKit/537.36 (KHTML, like Gecko) Mobile Safari/537.36 (compatible; PetalBot;+https://webmaster.petalsearch.com/site/petalbot)"
157.90.182.25 - - [04/Sep/2023:20:52:02 +0200] "GET /brianonnais-ring-p-50007.html HTTP/1.0" 200 75976 "-" "Mozilla/5.0 (compatible; BLEXBot/1.0; +http://webmeup-crawler.com/)"
114.119.156.175 - - [04/Sep/2023:20:52:03 +0200] "GET /-p-47214.html HTTP/1.0" 200 73582 "http://www.wonder-geek.com/esotericism-lithotherapy-c-174.html?page=6" "Mozilla/5.0 (Linux; Android 7.0;) AppleWebKit/537.36 (KHTML, like Gecko) Mobile Safari/537.36 (compatible; PetalBot;+https://webmaster.petalsearch.com/site/petalbot)"
47.128.18.157 - - [04/Sep/2023:20:52:09 +0200] "GET /highslide/graphics/outlines/drop-shadow.png HTTP/1.0" 200 277 "http://www.wonder-geek.com/-p-13309.html" "Mozilla/5.0 (Linux; Android 5.0) AppleWebKit/537.36 (KHTML, like Gecko) Mobile Safari/537.36 (compatible; Bytespider; spider-feedback@bytedance.com)"
47.128.18.157 - - [04/Sep/2023:20:52:09 +0200] "GET /highslide/graphics/zoomout.cur HTTP/1.0" 200 614 "http://www.wonder-geek.com/-p-13309.html" "Mozilla/5.0 (Linux; Android 5.0) AppleWebKit/537.36 (KHTML, like Gecko) Mobile Safari/537.36 (compatible; Bytespider; spider-feedback@bytedance.com)"
157.90.182.25 - - [04/Sep/2023:20:52:16 +0200] "GET /bright-home-canvas-frame-p-37741.html HTTP/1.0" 200 76672 "-" "Mozilla/5.0 (compatible; BLEXBot/1.0; +http://webmeup-crawler.com/)"
157.90.182.25 - - [04/Sep/2023:20:52:30 +0200] "GET /brioche-charm-ball-p-54940.html HTTP/1.0" 200 76750 "-" "Mozilla/5.0 (compatible; BLEXBot/1.0; +http://webmeup-crawler.com/)"
69.28.236.4 - - [04/Sep/2023:20:52:33 +0200] "GET /images/mini_prod/8424001278909.jpg HTTP/1.0" 200 269 "-" "Mozilla/5.0 (X11; Ubuntu; Linux x86_64; rv:72.0) Gecko/20100101 Firefox/72.0"
157.90.182.25 - - [04/Sep/2023:20:52:44 +0200] "GET /britain-p-28662.html HTTP/1.0" 200 75796 "-" "Mozilla/5.0 (compatible; BLEXBot/1.0; +http://webmeup-crawler.com/)"
157.90.182.25 - - [04/Sep/2023:20:52:57 +0200] "GET /british-elasticated-notebook-p-17102.html HTTP/1.0" 200 76080 "-" "Mozilla/5.0 (compatible; BLEXBot/1.0; +http://webmeup-crawler.com/)"
114.119.149.173 - - [04/Sep/2023:20:53:00 +0200] "GET /ceramic-flower-pot-p-53368.html HTTP/1.0" 301 76610 "http://www.wonder-geek.com/home-and-decoration-c-13.html?page=85" "Mozilla/5.0 (Linux; Android 7.0;) AppleWebKit/537.36 (KHTML, like Gecko) Mobile Safari/537.36 (compatible; PetalBot;+https://webmaster.petalsearch.com/site/petalbot)"
114.119.149.173 - - [04/Sep/2023:20:53:01 +0200] "GET /ceramic-flower-p-53368.html HTTP/1.0" 200 76529 "http://www.wonder-geek.com/home-and-decoration-c-13.html?page=85" "Mozilla/5.0 (Linux; Android 7.0;) AppleWebKit/537.36 (KHTML, like Gecko) Mobile Safari/537.36 (compatible; PetalBot;+https://webmaster.petalsearch.com/site/petalbot)"
157.90.182.25 - - [04/Sep/2023:20:53:10 +0200] "GET /british-phone-cover-iphone-p-12676.html HTTP/1.0" 200 76091 "-" "Mozilla/5.0 (compatible; BLEXBot/1.0; +http://webmeup-crawler.com/)"
52.167.144.172 - - [04/Sep/2023:20:53:12 +0200] "GET /personalized-products-c-97.html HTTP/1.0" 200 93491 "-" "Mozilla/5.0 AppleWebKit/537.36 (KHTML, like Gecko; compatible; bingbot/2.0; +http://www.bing.com/bingbot.htm) Chrome/103.0.5060.134 Safari/537.36"
54.36.148.71 - - [04/Sep/2023:20:53:18 +0200] "GET /cushion-cover-cement-tiles-p-56313.html HTTP/1.0" 200 76872 "-" "Mozilla/5.0 (compatible; AhrefsBot/7.0; +http://ahrefs.com/robot/)"
157.90.182.25 - - [04/Sep/2023:20:53:24 +0200] "GET /bronze-color-guanyin-wall-decoration-p-59229.html HTTP/1.0" 200 76775 "-" "Mozilla/5.0 (compatible; BLEXBot/1.0; +http://webmeup-crawler.com/)"
157.90.182.25 - - [04/Sep/2023:20:53:37 +0200] "GET /bronze-patinated-brown-lion-statue-p-58086.html HTTP/1.0" 200 76266 "-" "Mozilla/5.0 (compatible; BLEXBot/1.0; +http://webmeup-crawler.com/)"
157.90.182.25 - - [04/Sep/2023:20:53:51 +0200] "GET /brown-elephant-statuette-with-white-patina-p-59227.html HTTP/1.0" 200 76908 "-" "Mozilla/5.0 (compatible; BLEXBot/1.0; +http://webmeup-crawler.com/)"
91.201.7.254 - - [04/Sep/2023:20:53:57 +0200] "GET /images/mini_prod/1399984242568.jpg HTTP/1.0" 200 269 "-" "Mozilla/5.0 (X11; Ubuntu; Linux x86_64; rv:72.0) Gecko/20100101 Firefox/72.0"
157.90.182.25 - - [04/Sep/2023:20:54:05 +0200] "GET /brown-glass-jellyfish-paperweight-p-60731.html HTTP/1.0" 200 76911 "-" "Mozilla/5.0 (compatible; BLEXBot/1.0; +http://webmeup-crawler.com/)"
157.90.182.25 - - [04/Sep/2023:20:54:18 +0200] "GET /brown-glass-sand-decoration-hourglass-p-60050.html HTTP/1.0" 200 77167 "-" "Mozilla/5.0 (compatible; BLEXBot/1.0; +http://webmeup-crawler.com/)"
114.119.143.68 - - [04/Sep/2023:20:54:25 +0200] "GET /gorjuss-lockable-journal-with-heart-shaped-lock-autumn-leave-p-50950.html HTTP/1.0" 200 73822 "http://www.wonder-geek.com/stationery-cardmaking-c-129.html?page=34" "Mozilla/5.0 (Linux; Android 7.0;) AppleWebKit/537.36 (KHTML, like Gecko) Mobile Safari/537.36 (compatible; PetalBot;+https://webmaster.petalsearch.com/site/petalbot)"
157.90.182.25 - - [04/Sep/2023:20:54:32 +0200] "GET /brown-japanese-cast-iron-teapot-liter-p-56744.html HTTP/1.0" 200 76875 "-" "Mozilla/5.0 (compatible; BLEXBot/1.0; +http://webmeup-crawler.com/)"
101.33.78.87 - - [04/Sep/2023:20:54:38 +0200] "GET /images/mini_prod/3503420096426.jpg HTTP/1.0" 200 269 "-" "Mozilla/5.0 (X11; Ubuntu; Linux x86_64; rv:72.0) Gecko/20100101 Firefox/72.0"
69.28.236.4 - - [04/Sep/2023:20:54:48 +0200] "GET /images/mini_prod/5051265800374.jpg HTTP/1.0" 200 269 "-" "Mozilla/5.0 (X11; Ubuntu; Linux x86_64; rv:72.0) Gecko/20100101 Firefox/72.0"
157.90.182.25 - - [04/Sep/2023:20:54:47 +0200] "GET /brown-lampshade-p-56062.html HTTP/1.0" 200 76810 "-" "Mozilla/5.0 (compatible; BLEXBot/1.0; +http://webmeup-crawler.com/)"
59.82.77.79 - - [04/Sep/2023:20:54:57 +0200] "GET /images/mini_prod/8424001497430.jpg HTTP/1.0" 200 269 "-" "Mozilla/5.0 (X11; Ubuntu; Linux x86_64; rv:72.0) Gecko/20100101 Firefox/72.0"
157.90.182.25 - - [04/Sep/2023:20:55:01 +0200] "GET /brown-leopard-decorative-statue-resin-p-52339.html HTTP/1.0" 200 77035 "-" "Mozilla/5.0 (compatible; BLEXBot/1.0; +http://webmeup-crawler.com/)"
52.167.144.172 - - [04/Sep/2023:20:55:01 +0200] "GET /bamboo-fiber-plant-cover-p-58887.html HTTP/1.0" 200 76615 "-" "Mozilla/5.0 AppleWebKit/537.36 (KHTML, like Gecko; compatible; bingbot/2.0; +http://www.bing.com/bingbot.htm) Chrome/103.0.5060.134 Safari/537.36"
157.90.182.25 - - [04/Sep/2023:20:55:15 +0200] "GET /brown-metal-wood-lotus-mobile-p-56751.html HTTP/1.0" 200 76864 "-" "Mozilla/5.0 (compatible; BLEXBot/1.0; +http://webmeup-crawler.com/)"
157.90.182.25 - - [04/Sep/2023:20:55:30 +0200] "GET /brown-ocher-sandstone-lamp-p-58976.html HTTP/1.0" 200 76807 "-" "Mozilla/5.0 (compatible; BLEXBot/1.0; +http://webmeup-crawler.com/)"
157.90.182.25 - - [04/Sep/2023:20:55:45 +0200] "GET /brown-resin-elephant-bookend-p-60874.html HTTP/1.0" 200 76802 "-" "Mozilla/5.0 (compatible; BLEXBot/1.0; +http://webmeup-crawler.com/)"
3.93.189.86 - - [04/Sep/2023:20:55:50 +0200] "GET /images/mini_prod/MISES-EN-SITUATION-03.jpg HTTP/1.0" 200 277 "-" "Mozilla/5.0 (X11; Ubuntu; Linux x86_64; rv:72.0) Gecko/20100101 Firefox/72.0"
157.90.182.25 - - [04/Sep/2023:20:56:00 +0200] "GET /brown-resin-figurine-monkey-sees-nothing-p-59372.html HTTP/1.0" 200 76866 "-" "Mozilla/5.0 (compatible; BLEXBot/1.0; +http://webmeup-crawler.com/)"
157.90.182.25 - - [04/Sep/2023:20:56:15 +0200] "GET /brown-resin-horse-bust-statue-p-59138.html HTTP/1.0" 200 76937 "-" "Mozilla/5.0 (compatible; BLEXBot/1.0; +http://webmeup-crawler.com/)"
114.119.130.116 - - [04/Sep/2023:20:56:16 +0200] "GET /%20images/big_prod/1384010204443.jpg HTTP/1.0" 404 1308 "http://www.wonder-geek.com/canvas-frame-p-38505.html" "Mozilla/5.0 (Linux; Android 7.0;) AppleWebKit/537.36 (KHTML, like Gecko) Mobile Safari/537.36 (compatible; PetalBot;+https://webmaster.petalsearch.com/site/petalbot)"
157.90.182.25 - - [04/Sep/2023:20:56:29 +0200] "GET /brown-resin-monkey-figurine-p-59371.html HTTP/1.0" 200 76734 "-" "Mozilla/5.0 (compatible; BLEXBot/1.0; +http://webmeup-crawler.com/)"
54.36.148.230 - - [04/Sep/2023:20:56:32 +0200] "GET /barbapapa-beauty-p-3318.html HTTP/1.0" 200 76746 "-" "Mozilla/5.0 (compatible; AhrefsBot/7.0; +http://ahrefs.com/robot/)"
157.90.182.25 - - [04/Sep/2023:20:56:45 +0200] "GET /brown-russian-doll-metal-keychain-cbkreation-p-23492.html HTTP/1.0" 200 77637 "-" "Mozilla/5.0 (compatible; BLEXBot/1.0; +http://webmeup-crawler.com/)"
69.28.236.4 - - [04/Sep/2023:20:57:00 +0200] "GET /images/mini_prod/9316188013291.jpg HTTP/1.0" 200 269 "-" "Mozilla/5.0 (X11; Ubuntu; Linux x86_64; rv:72.0) Gecko/20100101 Firefox/72.0"
157.90.182.25 - - [04/Sep/2023:20:56:59 +0200] "GET /brush-placemat-kiub-p-57960.html HTTP/1.0" 200 75974 "-" "Mozilla/5.0 (compatible; BLEXBot/1.0; +http://webmeup-crawler.com/)"
157.90.182.25 - - [04/Sep/2023:20:57:14 +0200] "GET /brushed-metal-look-decorative-adhesive-p-58313.html HTTP/1.0" 200 77000 "-" "Mozilla/5.0 (compatible; BLEXBot/1.0; +http://webmeup-crawler.com/)"
40.77.167.65 - - [04/Sep/2023:20:57:23 +0200] "GET /images/3388761924573.jpg HTTP/1.0" 200 259 "-" "Mozilla/5.0 AppleWebKit/537.36 (KHTML, like Gecko; compatible; bingbot/2.0; +http://www.bing.com/bingbot.htm) Chrome/103.0.5060.134 Safari/537.36"
157.90.182.25 - - [04/Sep/2023:20:57:29 +0200] "GET /bubbles-candy-cloud-keychain-p-49754.html HTTP/1.0" 200 75981 "-" "Mozilla/5.0 (compatible; BLEXBot/1.0; +http://webmeup-crawler.com/)"
157.90.182.25 - - [04/Sep/2023:20:57:44 +0200] "GET /bubbles-candy-cloud-keychain-p-49763.html HTTP/1.0" 200 75978 "-" "Mozilla/5.0 (compatible; BLEXBot/1.0; +http://webmeup-crawler.com/)"
157.90.182.25 - - [04/Sep/2023:20:57:58 +0200] "GET /bucket-with-shovel-p-48471.html HTTP/1.0" 200 76721 "-" "Mozilla/5.0 (compatible; BLEXBot/1.0; +http://webmeup-crawler.com/)"
40.77.167.65 - - [04/Sep/2023:20:58:12 +0200] "GET /images/5010994734862.jpg HTTP/1.0" 200 259 "-" "Mozilla/5.0 AppleWebKit/537.36 (KHTML, like Gecko; compatible; bingbot/2.0; +http://www.bing.com/bingbot.htm) Chrome/103.0.5060.134 Safari/537.36"
157.90.182.25 - - [04/Sep/2023:20:58:13 +0200] "GET /buddha-backflow-incense-burner-p-51744.html HTTP/1.0" 200 76835 "-" "Mozilla/5.0 (compatible; BLEXBot/1.0; +http://webmeup-crawler.com/)"
47.128.20.68 - - [04/Sep/2023:20:58:21 +0200] "GET /small-box-for-baby-teeth-the-beige-small-mouse-p-44658.html HTTP/1.0" 301 73825 "-" "Mozilla/5.0 (Linux; Android 5.0) AppleWebKit/537.36 (KHTML, like Gecko) Mobile Safari/537.36 (compatible; Bytespider; spider-feedback@bytedance.com)"
47.128.20.68 - - [04/Sep/2023:20:58:27 +0200] "GET /small-baby-teeth-beige-small-mouse-p-44658.html HTTP/1.0" 200 73724 "-" "Mozilla/5.0 (Linux; Android 5.0) AppleWebKit/537.36 (KHTML, like Gecko) Mobile Safari/537.36 (compatible; Bytespider; spider-feedback@bytedance.com)"
47.128.20.68 - - [04/Sep/2023:20:58:30 +0200] "GET /swfobject.js HTTP/1.0" 404 1308 "http://www.wonder-geek.com/small-baby-teeth-beige-small-mouse-p-44658.html" "Mozilla/5.0 (Linux; Android 5.0) AppleWebKit/537.36 (KHTML, like Gecko) Mobile Safari/537.36 (compatible; Bytespider; spider-feedback@bytedance.com)"
157.90.182.25 - - [04/Sep/2023:20:58:28 +0200] "GET /buddha-canvas-frame-p-34003.html HTTP/1.0" 200 76032 "-" "Mozilla/5.0 (compatible; BLEXBot/1.0; +http://webmeup-crawler.com/)"
47.128.21.143 - - [04/Sep/2023:20:58:29 +0200] "GET /to-the-rescue-bernard-and-bianca-40th-anniversary-piece-p-39574.html HTTP/1.0" 301 73885 "-" "Mozilla/5.0 (Linux; Android 5.0) AppleWebKit/537.36 (KHTML, like Gecko) Mobile Safari/537.36 (compatible; Bytespider; spider-feedback@bytedance.com)"
47.128.21.143 - - [04/Sep/2023:20:58:32 +0200] "GET /rescue-bernard-bianca-40th-anniversary-piece-p-39574.html HTTP/1.0" 200 73774 "-" "Mozilla/5.0 (Linux; Android 5.0) AppleWebKit/537.36 (KHTML, like Gecko) Mobile Safari/537.36 (compatible; Bytespider; spider-feedback@bytedance.com)"
47.128.21.143 - - [04/Sep/2023:20:58:34 +0200] "GET /swfobject.js HTTP/1.0" 404 1308 "http://www.wonder-geek.com/rescue-bernard-bianca-40th-anniversary-piece-p-39574.html" "Mozilla/5.0 (Linux; Android 5.0) AppleWebKit/537.36 (KHTML, like Gecko) Mobile Safari/537.36 (compatible; Bytespider; spider-feedback@bytedance.com)"
47.128.21.162 - - [04/Sep/2023:20:58:35 +0200] "GET /only-etienne-boyer-white-shirt-p-33852.html HTTP/1.0" 200 73756 "-" "Mozilla/5.0 (Linux; Android 5.0) AppleWebKit/537.36 (KHTML, like Gecko) Mobile Safari/537.36 (compatible; Bytespider; spider-feedback@bytedance.com)"
47.128.21.162 - - [04/Sep/2023:20:58:37 +0200] "GET /swfobject.js HTTP/1.0" 404 1308 "http://www.wonder-geek.com/only-etienne-boyer-white-shirt-p-33852.html" "Mozilla/5.0 (Linux; Android 5.0) AppleWebKit/537.36 (KHTML, like Gecko) Mobile Safari/537.36 (compatible; Bytespider; spider-feedback@bytedance.com)"
47.128.20.96 - - [04/Sep/2023:20:58:35 +0200] "GET /ceramic-statues-trio-small-buddhist-monks-p-60357.html HTTP/1.0" 200 77447 "-" "Mozilla/5.0 (Linux; Android 5.0) AppleWebKit/537.36 (KHTML, like Gecko) Mobile Safari/537.36 (compatible; Bytespider; spider-feedback@bytedance.com)"
47.128.27.65 - - [04/Sep/2023:20:58:37 +0200] "GET /earth-globe-moneybox-p-52311.html HTTP/1.0" 200 75901 "-" "Mozilla/5.0 (Linux; Android 5.0) AppleWebKit/537.36 (KHTML, like Gecko) Mobile Safari/537.36 (compatible; Bytespider; spider-feedback@bytedance.com)"
47.128.20.96 - - [04/Sep/2023:20:58:40 +0200] "GET /swfobject.js HTTP/1.0" 404 1308 "http://www.wonder-geek.com/ceramic-statues-trio-small-buddhist-monks-p-60357.html" "Mozilla/5.0 (Linux; Android 5.0) AppleWebKit/537.36 (KHTML, like Gecko) Mobile Safari/537.36 (compatible; Bytespider; spider-feedback@bytedance.com)"
47.128.21.162 - - [04/Sep/2023:20:58:40 +0200] "GET /highslide/graphics/outlines/drop-shadow.png HTTP/1.0" 200 277 "http://www.wonder-geek.com/only-etienne-boyer-white-shirt-p-33852.html" "Mozilla/5.0 (Linux; Android 5.0) AppleWebKit/537.36 (KHTML, like Gecko) Mobile Safari/537.36 (compatible; Bytespider; spider-feedback@bytedance.com)"
47.128.21.162 - - [04/Sep/2023:20:58:40 +0200] "GET /highslide/graphics/zoomout.cur HTTP/1.0" 200 614 "http://www.wonder-geek.com/only-etienne-boyer-white-shirt-p-33852.html" "Mozilla/5.0 (Linux; Android 5.0) AppleWebKit/537.36 (KHTML, like Gecko) Mobile Safari/537.36 (compatible; Bytespider; spider-feedback@bytedance.com)"
47.128.27.65 - - [04/Sep/2023:20:58:40 +0200] "GET /swfobject.js HTTP/1.0" 404 1308 "http://www.wonder-geek.com/earth-globe-moneybox-p-52311.html" "Mozilla/5.0 (Linux; Android 5.0) AppleWebKit/537.36 (KHTML, like Gecko) Mobile Safari/537.36 (compatible; Bytespider; spider-feedback@bytedance.com)"
47.128.27.65 - - [04/Sep/2023:20:58:42 +0200] "GET /highslide/graphics/zoomin.cur HTTP/1.0" 200 614 "http://www.wonder-geek.com/templates/Pixame_v1/stylesheet.css" "Mozilla/5.0 (Linux; Android 5.0) AppleWebKit/537.36 (KHTML, like Gecko) Mobile Safari/537.36 (compatible; Bytespider; spider-feedback@bytedance.com)"
47.128.27.65 - - [04/Sep/2023:20:58:43 +0200] "GET /highslide/graphics/outlines/drop-shadow.png HTTP/1.0" 200 277 "http://www.wonder-geek.com/earth-globe-moneybox-p-52311.html" "Mozilla/5.0 (Linux; Android 5.0) AppleWebKit/537.36 (KHTML, like Gecko) Mobile Safari/537.36 (compatible; Bytespider; spider-feedback@bytedance.com)"
47.128.27.65 - - [04/Sep/2023:20:58:43 +0200] "GET /highslide/graphics/zoomout.cur HTTP/1.0" 200 614 "http://www.wonder-geek.com/earth-globe-moneybox-p-52311.html" "Mozilla/5.0 (Linux; Android 5.0) AppleWebKit/537.36 (KHTML, like Gecko) Mobile Safari/537.36 (compatible; Bytespider; spider-feedback@bytedance.com)"
47.128.27.65 - - [04/Sep/2023:20:58:43 +0200] "GET /images/big_prod/8422078590313.jpg HTTP/1.0" 200 268 "http://www.wonder-geek.com/earth-globe-moneybox-p-52311.html" "Mozilla/5.0 (Linux; Android 5.0) AppleWebKit/537.36 (KHTML, like Gecko) Mobile Safari/537.36 (compatible; Bytespider; spider-feedback@bytedance.com)"
157.90.182.25 - - [04/Sep/2023:20:58:43 +0200] "GET /buddha-canvas-frame-p-35923.html HTTP/1.0" 200 76031 "-" "Mozilla/5.0 (compatible; BLEXBot/1.0; +http://webmeup-crawler.com/)"
47.128.20.68 - - [04/Sep/2023:20:58:45 +0200] "GET /highslide/graphics/outlines/drop-shadow.png HTTP/1.0" 200 277 "http://www.wonder-geek.com/small-baby-teeth-beige-small-mouse-p-44658.html" "Mozilla/5.0 (Linux; Android 5.0) AppleWebKit/537.36 (KHTML, like Gecko) Mobile Safari/537.36 (compatible; Bytespider; spider-feedback@bytedance.com)"
47.128.20.68 - - [04/Sep/2023:20:58:45 +0200] "GET /highslide/graphics/zoomout.cur HTTP/1.0" 200 614 "http://www.wonder-geek.com/small-baby-teeth-beige-small-mouse-p-44658.html" "Mozilla/5.0 (Linux; Android 5.0) AppleWebKit/537.36 (KHTML, like Gecko) Mobile Safari/537.36 (compatible; Bytespider; spider-feedback@bytedance.com)"
47.128.18.95 - - [04/Sep/2023:20:58:49 +0200] "GET /urss-mouse-cbkreation-p-13992.html HTTP/1.0" 200 76527 "-" "Mozilla/5.0 (Linux; Android 5.0) AppleWebKit/537.36 (KHTML, like Gecko) Mobile Safari/537.36 (compatible; Bytespider; spider-feedback@bytedance.com)"
47.128.18.95 - - [04/Sep/2023:20:58:51 +0200] "GET /swfobject.js HTTP/1.0" 404 1308 "http://www.wonder-geek.com/urss-mouse-cbkreation-p-13992.html" "Mozilla/5.0 (Linux; Android 5.0) AppleWebKit/537.36 (KHTML, like Gecko) Mobile Safari/537.36 (compatible; Bytespider; spider-feedback@bytedance.com)"
47.128.20.96 - - [04/Sep/2023:20:58:55 +0200] "GET /highslide/graphics/zoomin.cur HTTP/1.0" 200 614 "http://www.wonder-geek.com/templates/Pixame_v1/stylesheet.css" "Mozilla/5.0 (Linux; Android 5.0) AppleWebKit/537.36 (KHTML, like Gecko) Mobile Safari/537.36 (compatible; Bytespider; spider-feedback@bytedance.com)"
47.128.20.96 - - [04/Sep/2023:20:58:55 +0200] "GET /images/big_prod_2/8435684220918C.jpg HTTP/1.0" 200 271 "http://www.wonder-geek.com/ceramic-statues-trio-small-buddhist-monks-p-60357.html" "Mozilla/5.0 (Linux; Android 5.0) AppleWebKit/537.36 (KHTML, like Gecko) Mobile Safari/537.36 (compatible; Bytespider; spider-feedback@bytedance.com)"
47.128.20.96 - - [04/Sep/2023:20:58:56 +0200] "GET /images/big_prod_1/8435684220918B.jpg HTTP/1.0" 200 271 "http://www.wonder-geek.com/ceramic-statues-trio-small-buddhist-monks-p-60357.html" "Mozilla/5.0 (Linux; Android 5.0) AppleWebKit/537.36 (KHTML, like Gecko) Mobile Safari/537.36 (compatible; Bytespider; spider-feedback@bytedance.com)"
47.128.18.95 - - [04/Sep/2023:20:58:59 +0200] "GET /images/big_prod_1/7601019990585E.jpg HTTP/1.0" 200 271 "http://www.wonder-geek.com/urss-mouse-cbkreation-p-13992.html" "Mozilla/5.0 (Linux; Android 5.0) AppleWebKit/537.36 (KHTML, like Gecko) Mobile Safari/537.36 (compatible; Bytespider; spider-feedback@bytedance.com)"
47.128.18.95 - - [04/Sep/2023:20:58:59 +0200] "GET /highslide/graphics/zoomin.cur HTTP/1.0" 200 614 "http://www.wonder-geek.com/templates/Pixame_v1/stylesheet.css" "Mozilla/5.0 (Linux; Android 5.0) AppleWebKit/537.36 (KHTML, like Gecko) Mobile Safari/537.36 (compatible; Bytespider; spider-feedback@bytedance.com)"
157.90.182.25 - - [04/Sep/2023:20:58:58 +0200] "GET /buddha-canvas-frame-p-38503.html HTTP/1.0" 200 76032 "-" "Mozilla/5.0 (compatible; BLEXBot/1.0; +http://webmeup-crawler.com/)"
47.128.21.143 - - [04/Sep/2023:20:59:06 +0200] "GET /highslide/graphics/outlines/drop-shadow.png HTTP/1.0" 200 277 "http://www.wonder-geek.com/rescue-bernard-bianca-40th-anniversary-piece-p-39574.html" "Mozilla/5.0 (Linux; Android 5.0) AppleWebKit/537.36 (KHTML, like Gecko) Mobile Safari/537.36 (compatible; Bytespider; spider-feedback@bytedance.com)"
47.128.21.143 - - [04/Sep/2023:20:59:06 +0200] "GET /highslide/graphics/zoomout.cur HTTP/1.0" 200 614 "http://www.wonder-geek.com/rescue-bernard-bianca-40th-anniversary-piece-p-39574.html" "Mozilla/5.0 (Linux; Android 5.0) AppleWebKit/537.36 (KHTML, like Gecko) Mobile Safari/537.36 (compatible; Bytespider; spider-feedback@bytedance.com)"
157.90.182.25 - - [04/Sep/2023:20:59:13 +0200] "GET /buddha-canvas-frame-p-38506.html HTTP/1.0" 200 76032 "-" "Mozilla/5.0 (compatible; BLEXBot/1.0; +http://webmeup-crawler.com/)"
66.249.66.205 - - [04/Sep/2023:20:59:18 +0200] "GET /images/big_prod/8422059532301.jpg HTTP/1.0" 200 268 "-" "Googlebot-Image/1.0"
47.128.20.96 - - [04/Sep/2023:20:59:26 +0200] "GET /highslide/graphics/outlines/drop-shadow.png HTTP/1.0" 200 277 "http://www.wonder-geek.com/ceramic-statues-trio-small-buddhist-monks-p-60357.html" "Mozilla/5.0 (Linux; Android 5.0) AppleWebKit/537.36 (KHTML, like Gecko) Mobile Safari/537.36 (compatible; Bytespider; spider-feedback@bytedance.com)"
47.128.20.96 - - [04/Sep/2023:20:59:26 +0200] "GET /highslide/graphics/zoomout.cur HTTP/1.0" 200 614 "http://www.wonder-geek.com/ceramic-statues-trio-small-buddhist-monks-p-60357.html" "Mozilla/5.0 (Linux; Android 5.0) AppleWebKit/537.36 (KHTML, like Gecko) Mobile Safari/537.36 (compatible; Bytespider; spider-feedback@bytedance.com)"
157.90.182.25 - - [04/Sep/2023:20:59:27 +0200] "GET /buddha-canvas-frame-p-38507.html HTTP/1.0" 200 76033 "-" "Mozilla/5.0 (compatible; BLEXBot/1.0; +http://webmeup-crawler.com/)"
47.128.18.95 - - [04/Sep/2023:20:59:29 +0200] "GET /highslide/graphics/zoomout.cur HTTP/1.0" 200 614 "http://www.wonder-geek.com/urss-mouse-cbkreation-p-13992.html" "Mozilla/5.0 (Linux; Android 5.0) AppleWebKit/537.36 (KHTML, like Gecko) Mobile Safari/537.36 (compatible; Bytespider; spider-feedback@bytedance.com)"
47.128.18.95 - - [04/Sep/2023:20:59:29 +0200] "GET /highslide/graphics/outlines/drop-shadow.png HTTP/1.0" 200 277 "http://www.wonder-geek.com/urss-mouse-cbkreation-p-13992.html" "Mozilla/5.0 (Linux; Android 5.0) AppleWebKit/537.36 (KHTML, like Gecko) Mobile Safari/537.36 (compatible; Bytespider; spider-feedback@bytedance.com)"
47.128.18.95 - - [04/Sep/2023:20:59:30 +0200] "GET /images/big_prod/7601019990585T.jpg HTTP/1.0" 200 269 "http://www.wonder-geek.com/urss-mouse-cbkreation-p-13992.html" "Mozilla/5.0 (Linux; Android 5.0) AppleWebKit/537.36 (KHTML, like Gecko) Mobile Safari/537.36 (compatible; Bytespider; spider-feedback@bytedance.com)"
157.90.182.25 - - [04/Sep/2023:20:59:41 +0200] "GET /buddha-canvas-frame-p-39962.html HTTP/1.0" 200 76031 "-" "Mozilla/5.0 (compatible; BLEXBot/1.0; +http://webmeup-crawler.com/)"
54.36.149.7 - - [04/Sep/2023:20:59:45 +0200] "GET /antilles-bedclothes-p-60535.html HTTP/1.0" 200 76076 "-" "Mozilla/5.0 (compatible; AhrefsBot/7.0; +http://ahrefs.com/robot/)"
157.90.182.25 - - [04/Sep/2023:20:59:55 +0200] "GET /buddha-clock-cbkreation-p-36682.html HTTP/1.0" 200 75963 "-" "Mozilla/5.0 (compatible; BLEXBot/1.0; +http://webmeup-crawler.com/)"
157.90.182.25 - - [04/Sep/2023:21:00:09 +0200] "GET /buddha-clock-cbkreation-p-36683.html HTTP/1.0" 200 75962 "-" "Mozilla/5.0 (compatible; BLEXBot/1.0; +http://webmeup-crawler.com/)"
157.90.182.25 - - [04/Sep/2023:21:00:23 +0200] "GET /buddha-decorative-statue-p-42791.html HTTP/1.0" 200 76061 "-" "Mozilla/5.0 (compatible; BLEXBot/1.0; +http://webmeup-crawler.com/)"
47.128.29.44 - - [04/Sep/2023:21:00:25 +0200] "GET /cbkreation-p-17734.html HTTP/1.0" 200 75864 "-" "Mozilla/5.0 (Linux; Android 5.0) AppleWebKit/537.36 (KHTML, like Gecko) Mobile Safari/537.36 (compatible; Bytespider; spider-feedback@bytedance.com)"
47.128.29.44 - - [04/Sep/2023:21:00:27 +0200] "GET /swfobject.js HTTP/1.0" 404 1308 "http://www.wonder-geek.com/cbkreation-p-17734.html" "Mozilla/5.0 (Linux; Android 5.0) AppleWebKit/537.36 (KHTML, like Gecko) Mobile Safari/537.36 (compatible; Bytespider; spider-feedback@bytedance.com)"
47.128.16.74 - - [04/Sep/2023:21:00:31 +0200] "GET /resin-statuette-the-chinese-with-the-umbrella-p-42954.html HTTP/1.0" 301 73649 "-" "Mozilla/5.0 (Linux; Android 5.0) AppleWebKit/537.36 (KHTML, like Gecko) Mobile Safari/537.36 (compatible; Bytespider; spider-feedback@bytedance.com)"
47.128.29.44 - - [04/Sep/2023:21:00:33 +0200] "GET /highslide/graphics/zoomin.cur HTTP/1.0" 200 614 "http://www.wonder-geek.com/templates/Pixame_v1/stylesheet.css" "Mozilla/5.0 (Linux; Android 5.0) AppleWebKit/537.36 (KHTML, like Gecko) Mobile Safari/537.36 (compatible; Bytespider; spider-feedback@bytedance.com)"
47.128.29.44 - - [04/Sep/2023:21:00:33 +0200] "GET /highslide/graphics/zoomout.cur HTTP/1.0" 200 614 "http://www.wonder-geek.com/cbkreation-p-17734.html" "Mozilla/5.0 (Linux; Android 5.0) AppleWebKit/537.36 (KHTML, like Gecko) Mobile Safari/537.36 (compatible; Bytespider; spider-feedback@bytedance.com)"
47.128.29.44 - - [04/Sep/2023:21:00:33 +0200] "GET /highslide/graphics/outlines/drop-shadow.png HTTP/1.0" 200 277 "http://www.wonder-geek.com/cbkreation-p-17734.html" "Mozilla/5.0 (Linux; Android 5.0) AppleWebKit/537.36 (KHTML, like Gecko) Mobile Safari/537.36 (compatible; Bytespider; spider-feedback@bytedance.com)"
47.128.29.44 - - [04/Sep/2023:21:00:34 +0200] "GET /images/7601019993784.jpg HTTP/1.0" 200 259 "http://www.wonder-geek.com/cbkreation-p-17734.html" "Mozilla/5.0 (Linux; Android 5.0) AppleWebKit/537.36 (KHTML, like Gecko) Mobile Safari/537.36 (compatible; Bytespider; spider-feedback@bytedance.com)"
