47.128.20.73 - - [04/Sep/2023:19:44:58 +0200] "GET /black-fancy-elastic-bracelet-p-43725.html HTTP/1.0" 200 75940 "-" "Mozilla/5.0 (Linux; Android 5.0) AppleWebKit/537.36 (KHTML, like Gecko) Mobile Safari/537.36 (compatible; Bytespider; spider-feedback@bytedance.com)"
47.128.20.73 - - [04/Sep/2023:19:45:00 +0200] "GET /swfobject.js HTTP/1.0" 404 1308 "http://www.wonder-geek.com/black-fancy-elastic-bracelet-p-43725.html" "Mozilla/5.0 (Linux; Android 5.0) AppleWebKit/537.36 (KHTML, like Gecko) Mobile Safari/537.36 (compatible; Bytespider; spider-feedback@bytedance.com)"
157.90.182.25 - - [04/Sep/2023:19:45:00 +0200] "GET /black-glass-christmas-balls-p-59189.html HTTP/1.0" 200 76684 "-" "Mozilla/5.0 (compatible; BLEXBot/1.0; +http://webmeup-crawler.com/)"
47.128.20.70 - - [04/Sep/2023:19:45:01 +0200] "GET /sentiment-towel-kitchen-towel-p-43651.html HTTP/1.0" 200 76695 "-" "Mozilla/5.0 (Linux; Android 5.0) AppleWebKit/537.36 (KHTML, like Gecko) Mobile Safari/537.36 (compatible; Bytespider; spider-feedback@bytedance.com)"
47.128.20.70 - - [04/Sep/2023:19:45:05 +0200] "GET /swfobject.js HTTP/1.0" 404 1308 "http://www.wonder-geek.com/sentiment-towel-kitchen-towel-p-43651.html" "Mozilla/5.0 (Linux; Android 5.0) AppleWebKit/537.36 (KHTML, like Gecko) Mobile Safari/537.36 (compatible; Bytespider; spider-feedback@bytedance.com)"
47.128.20.40 - - [04/Sep/2023:19:45:06 +0200] "GET /corsica-black-shirt-p-31091.html HTTP/1.0" 200 77888 "-" "Mozilla/5.0 (Linux; Android 5.0) AppleWebKit/537.36 (KHTML, like Gecko) Mobile Safari/537.36 (compatible; Bytespider; spider-feedback@bytedance.com)"
47.128.20.40 - - [04/Sep/2023:19:45:08 +0200] "GET /swfobject.js HTTP/1.0" 404 1308 "http://www.wonder-geek.com/corsica-black-shirt-p-31091.html" "Mozilla/5.0 (Linux; Android 5.0) AppleWebKit/537.36 (KHTML, like Gecko) Mobile Safari/537.36 (compatible; Bytespider; spider-feedback@bytedance.com)"
47.128.20.73 - - [04/Sep/2023:19:45:09 +0200] "GET /highslide/graphics/zoomin.cur HTTP/1.0" 200 614 "http://www.wonder-geek.com/templates/Pixame_v1/stylesheet.css" "Mozilla/5.0 (Linux; Android 5.0) AppleWebKit/537.36 (KHTML, like Gecko) Mobile Safari/537.36 (compatible; Bytespider; spider-feedback@bytedance.com)"
47.128.20.73 - - [04/Sep/2023:19:45:10 +0200] "GET /highslide/graphics/outlines/drop-shadow.png HTTP/1.0" 200 277 "http://www.wonder-geek.com/black-fancy-elastic-bracelet-p-43725.html" "Mozilla/5.0 (Linux; Android 5.0) AppleWebKit/537.36 (KHTML, like Gecko) Mobile Safari/537.36 (compatible; Bytespider; spider-feedback@bytedance.com)"
47.128.20.73 - - [04/Sep/2023:19:45:10 +0200] "GET /highslide/graphics/zoomout.cur HTTP/1.0" 200 614 "http://www.wonder-geek.com/black-fancy-elastic-bracelet-p-43725.html" "Mozilla/5.0 (Linux; Android 5.0) AppleWebKit/537.36 (KHTML, like Gecko) Mobile Safari/537.36 (compatible; Bytespider; spider-feedback@bytedance.com)"
47.128.20.73 - - [04/Sep/2023:19:45:10 +0200] "GET /images/big_prod/1300000023948NN.jpg HTTP/1.0" 200 270 "http://www.wonder-geek.com/black-fancy-elastic-bracelet-p-43725.html" "Mozilla/5.0 (Linux; Android 5.0) AppleWebKit/537.36 (KHTML, like Gecko) Mobile Safari/537.36 (compatible; Bytespider; spider-feedback@bytedance.com)"
47.128.20.72 - - [04/Sep/2023:19:45:09 +0200] "GET /with-infuser-britanny-p-60443.html HTTP/1.0" 200 76823 "-" "Mozilla/5.0 (Linux; Android 5.0) AppleWebKit/537.36 (KHTML, like Gecko) Mobile Safari/537.36 (compatible; Bytespider; spider-feedback@bytedance.com)"
47.128.20.72 - - [04/Sep/2023:19:45:12 +0200] "GET /swfobject.js HTTP/1.0" 404 1308 "http://www.wonder-geek.com/with-infuser-britanny-p-60443.html" "Mozilla/5.0 (Linux; Android 5.0) AppleWebKit/537.36 (KHTML, like Gecko) Mobile Safari/537.36 (compatible; Bytespider; spider-feedback@bytedance.com)"
47.128.20.40 - - [04/Sep/2023:19:45:12 +0200] "GET /highslide/graphics/zoomin.cur HTTP/1.0" 200 614 "http://www.wonder-geek.com/templates/Pixame_v1/stylesheet.css" "Mozilla/5.0 (Linux; Android 5.0) AppleWebKit/537.36 (KHTML, like Gecko) Mobile Safari/537.36 (compatible; Bytespider; spider-feedback@bytedance.com)"
47.128.20.40 - - [04/Sep/2023:19:45:13 +0200] "GET /highslide/graphics/outlines/drop-shadow.png HTTP/1.0" 200 277 "http://www.wonder-geek.com/corsica-black-shirt-p-31091.html" "Mozilla/5.0 (Linux; Android 5.0) AppleWebKit/537.36 (KHTML, like Gecko) Mobile Safari/537.36 (compatible; Bytespider; spider-feedback@bytedance.com)"
47.128.20.75 - - [04/Sep/2023:19:45:12 +0200] "GET /blue-bowl-with-white-patterns-porcelain-p-56190.html HTTP/1.0" 200 76056 "-" "Mozilla/5.0 (Linux; Android 5.0) AppleWebKit/537.36 (KHTML, like Gecko) Mobile Safari/537.36 (compatible; Bytespider; spider-feedback@bytedance.com)"
47.128.20.40 - - [04/Sep/2023:19:45:13 +0200] "GET /images/med_prod/000000000000corse.jpg HTTP/1.0" 200 272 "http://www.wonder-geek.com/corsica-black-shirt-p-31091.html" "Mozilla/5.0 (Linux; Android 5.0) AppleWebKit/537.36 (KHTML, like Gecko) Mobile Safari/537.36 (compatible; Bytespider; spider-feedback@bytedance.com)"
47.128.20.70 - - [04/Sep/2023:19:45:14 +0200] "GET /highslide/graphics/zoomin.cur HTTP/1.0" 200 614 "http://www.wonder-geek.com/templates/Pixame_v1/stylesheet.css" "Mozilla/5.0 (Linux; Android 5.0) AppleWebKit/537.36 (KHTML, like Gecko) Mobile Safari/537.36 (compatible; Bytespider; spider-feedback@bytedance.com)"
47.128.20.70 - - [04/Sep/2023:19:45:14 +0200] "GET /images/big_prod_1/message.jpg HTTP/1.0" 200 264 "http://www.wonder-geek.com/sentiment-towel-kitchen-towel-p-43651.html" "Mozilla/5.0 (Linux; Android 5.0) AppleWebKit/537.36 (KHTML, like Gecko) Mobile Safari/537.36 (compatible; Bytespider; spider-feedback@bytedance.com)"
47.128.20.75 - - [04/Sep/2023:19:45:15 +0200] "GET /swfobject.js HTTP/1.0" 404 1308 "http://www.wonder-geek.com/blue-bowl-with-white-patterns-porcelain-p-56190.html" "Mozilla/5.0 (Linux; Android 5.0) AppleWebKit/537.36 (KHTML, like Gecko) Mobile Safari/537.36 (compatible; Bytespider; spider-feedback@bytedance.com)"
157.90.182.25 - - [04/Sep/2023:19:45:14 +0200] "GET /black-glass-vase-p-58087.html HTTP/1.0" 200 76782 "-" "Mozilla/5.0 (compatible; BLEXBot/1.0; +http://webmeup-crawler.com/)"
47.128.20.72 - - [04/Sep/2023:19:45:23 +0200] "GET /highslide/graphics/zoomin.cur HTTP/1.0" 200 614 "http://www.wonder-geek.com/templates/Pixame_v1/stylesheet.css" "Mozilla/5.0 (Linux; Android 5.0) AppleWebKit/537.36 (KHTML, like Gecko) Mobile Safari/537.36 (compatible; Bytespider; spider-feedback@bytedance.com)"
47.128.20.72 - - [04/Sep/2023:19:45:23 +0200] "GET /images/big_prod_2/3503420011160C.jpg HTTP/1.0" 200 271 "http://www.wonder-geek.com/with-infuser-britanny-p-60443.html" "Mozilla/5.0 (Linux; Android 5.0) AppleWebKit/537.36 (KHTML, like Gecko) Mobile Safari/537.36 (compatible; Bytespider; spider-feedback@bytedance.com)"
47.128.20.72 - - [04/Sep/2023:19:45:23 +0200] "GET /images/big_prod_1/3503420011160B.jpg HTTP/1.0" 200 271 "http://www.wonder-geek.com/with-infuser-britanny-p-60443.html" "Mozilla/5.0 (Linux; Android 5.0) AppleWebKit/537.36 (KHTML, like Gecko) Mobile Safari/537.36 (compatible; Bytespider; spider-feedback@bytedance.com)"
47.128.20.75 - - [04/Sep/2023:19:45:24 +0200] "GET /highslide/graphics/zoomin.cur HTTP/1.0" 200 614 "http://www.wonder-geek.com/templates/Pixame_v1/stylesheet.css" "Mozilla/5.0 (Linux; Android 5.0) AppleWebKit/537.36 (KHTML, like Gecko) Mobile Safari/537.36 (compatible; Bytespider; spider-feedback@bytedance.com)"
47.128.20.75 - - [04/Sep/2023:19:45:24 +0200] "GET /highslide/graphics/zoomout.cur HTTP/1.0" 200 614 "http://www.wonder-geek.com/blue-bowl-with-white-patterns-porcelain-p-56190.html" "Mozilla/5.0 (Linux; Android 5.0) AppleWebKit/537.36 (KHTML, like Gecko) Mobile Safari/537.36 (compatible; Bytespider; spider-feedback@bytedance.com)"
47.128.20.75 - - [04/Sep/2023:19:45:24 +0200] "GET /highslide/graphics/outlines/drop-shadow.png HTTP/1.0" 200 277 "http://www.wonder-geek.com/blue-bowl-with-white-patterns-porcelain-p-56190.html" "Mozilla/5.0 (Linux; Android 5.0) AppleWebKit/537.36 (KHTML, like Gecko) Mobile Safari/537.36 (compatible; Bytespider; spider-feedback@bytedance.com)"
47.128.20.75 - - [04/Sep/2023:19:45:24 +0200] "GET /images/big_prod/8422019440714.jpg HTTP/1.0" 200 268 "http://www.wonder-geek.com/blue-bowl-with-white-patterns-porcelain-p-56190.html" "Mozilla/5.0 (Linux; Android 5.0) AppleWebKit/537.36 (KHTML, like Gecko) Mobile Safari/537.36 (compatible; Bytespider; spider-feedback@bytedance.com)"
157.90.182.25 - - [04/Sep/2023:19:45:27 +0200] "GET /black-gold-ciment-flower-p-60825.html HTTP/1.0" 200 76750 "-" "Mozilla/5.0 (compatible; BLEXBot/1.0; +http://webmeup-crawler.com/)"
47.128.30.140 - - [04/Sep/2023:19:45:32 +0200] "GET /pokemon-pikachu-backpack-p-60197.html HTTP/1.0" 200 76823 "-" "Mozilla/5.0 (Linux; Android 5.0) AppleWebKit/537.36 (KHTML, like Gecko) Mobile Safari/537.36 (compatible; Bytespider; spider-feedback@bytedance.com)"
47.128.30.140 - - [04/Sep/2023:19:45:35 +0200] "GET /swfobject.js HTTP/1.0" 404 1308 "http://www.wonder-geek.com/pokemon-pikachu-backpack-p-60197.html" "Mozilla/5.0 (Linux; Android 5.0) AppleWebKit/537.36 (KHTML, like Gecko) Mobile Safari/537.36 (compatible; Bytespider; spider-feedback@bytedance.com)"
47.128.20.70 - - [04/Sep/2023:19:45:40 +0200] "GET /highslide/graphics/zoomout.cur HTTP/1.0" 200 614 "http://www.wonder-geek.com/sentiment-towel-kitchen-towel-p-43651.html" "Mozilla/5.0 (Linux; Android 5.0) AppleWebKit/537.36 (KHTML, like Gecko) Mobile Safari/537.36 (compatible; Bytespider; spider-feedback@bytedance.com)"
47.128.20.70 - - [04/Sep/2023:19:45:40 +0200] "GET /highslide/graphics/outlines/drop-shadow.png HTTP/1.0" 200 277 "http://www.wonder-geek.com/sentiment-towel-kitchen-towel-p-43651.html" "Mozilla/5.0 (Linux; Android 5.0) AppleWebKit/537.36 (KHTML, like Gecko) Mobile Safari/537.36 (compatible; Bytespider; spider-feedback@bytedance.com)"
47.128.26.218 - - [04/Sep/2023:19:45:39 +0200] "GET /mickey-mouse-swimming-ring-p-19968.html HTTP/1.0" 200 73676 "-" "Mozilla/5.0 (Linux; Android 5.0) AppleWebKit/537.36 (KHTML, like Gecko) Mobile Safari/537.36 (compatible; Bytespider; spider-feedback@bytedance.com)"
47.128.20.70 - - [04/Sep/2023:19:45:40 +0200] "GET /images/big_prod/5051276275284.jpg HTTP/1.0" 200 268 "http://www.wonder-geek.com/sentiment-towel-kitchen-towel-p-43651.html" "Mozilla/5.0 (Linux; Android 5.0) AppleWebKit/537.36 (KHTML, like Gecko) Mobile Safari/537.36 (compatible; Bytespider; spider-feedback@bytedance.com)"
47.128.26.218 - - [04/Sep/2023:19:45:40 +0200] "GET /swfobject.js HTTP/1.0" 404 1308 "http://www.wonder-geek.com/mickey-mouse-swimming-ring-p-19968.html" "Mozilla/5.0 (Linux; Android 5.0) AppleWebKit/537.36 (KHTML, like Gecko) Mobile Safari/537.36 (compatible; Bytespider; spider-feedback@bytedance.com)"
157.90.182.25 - - [04/Sep/2023:19:45:40 +0200] "GET /black-gold-deco-table-lamp-p-59493.html HTTP/1.0" 200 77205 "-" "Mozilla/5.0 (compatible; BLEXBot/1.0; +http://webmeup-crawler.com/)"
47.128.30.140 - - [04/Sep/2023:19:45:46 +0200] "GET /highslide/graphics/zoomin.cur HTTP/1.0" 200 614 "http://www.wonder-geek.com/templates/Pixame_v1/stylesheet.css" "Mozilla/5.0 (Linux; Android 5.0) AppleWebKit/537.36 (KHTML, like Gecko) Mobile Safari/537.36 (compatible; Bytespider; spider-feedback@bytedance.com)"
47.128.30.140 - - [04/Sep/2023:19:45:47 +0200] "GET /images/big_prod_1/3700516288738B.jpg HTTP/1.0" 200 271 "http://www.wonder-geek.com/pokemon-pikachu-backpack-p-60197.html" "Mozilla/5.0 (Linux; Android 5.0) AppleWebKit/537.36 (KHTML, like Gecko) Mobile Safari/537.36 (compatible; Bytespider; spider-feedback@bytedance.com)"
47.128.30.140 - - [04/Sep/2023:19:45:47 +0200] "GET /images/big_prod_2/3700516288738C.jpg HTTP/1.0" 200 271 "http://www.wonder-geek.com/pokemon-pikachu-backpack-p-60197.html" "Mozilla/5.0 (Linux; Android 5.0) AppleWebKit/537.36 (KHTML, like Gecko) Mobile Safari/537.36 (compatible; Bytespider; spider-feedback@bytedance.com)"
216.244.66.242 - - [04/Sep/2023:19:45:46 +0200] "GET /gogh-nuit-toile-little-cord-made-france-p-47443.html HTTP/1.0" 200 76981 "-" "Mozilla/5.0 (compatible; DotBot/1.2; +https://opensiteexplorer.org/dotbot; help@moz.com)"
47.128.20.72 - - [04/Sep/2023:19:45:53 +0200] "GET /highslide/graphics/zoomout.cur HTTP/1.0" 200 614 "http://www.wonder-geek.com/with-infuser-britanny-p-60443.html" "Mozilla/5.0 (Linux; Android 5.0) AppleWebKit/537.36 (KHTML, like Gecko) Mobile Safari/537.36 (compatible; Bytespider; spider-feedback@bytedance.com)"
47.128.20.72 - - [04/Sep/2023:19:45:53 +0200] "GET /highslide/graphics/outlines/drop-shadow.png HTTP/1.0" 200 277 "http://www.wonder-geek.com/with-infuser-britanny-p-60443.html" "Mozilla/5.0 (Linux; Android 5.0) AppleWebKit/537.36 (KHTML, like Gecko) Mobile Safari/537.36 (compatible; Bytespider; spider-feedback@bytedance.com)"
47.128.20.72 - - [04/Sep/2023:19:45:54 +0200] "GET /images/big_prod/3503420011160.jpg HTTP/1.0" 200 268 "http://www.wonder-geek.com/with-infuser-britanny-p-60443.html" "Mozilla/5.0 (Linux; Android 5.0) AppleWebKit/537.36 (KHTML, like Gecko) Mobile Safari/537.36 (compatible; Bytespider; spider-feedback@bytedance.com)"
157.90.182.25 - - [04/Sep/2023:19:45:53 +0200] "GET /black-gold-porcelain-mugs-p-59614.html HTTP/1.0" 200 77181 "-" "Mozilla/5.0 (compatible; BLEXBot/1.0; +http://webmeup-crawler.com/)"
157.90.182.25 - - [04/Sep/2023:19:46:06 +0200] "GET /black-grey-globe-decoration-p-59338.html HTTP/1.0" 200 76060 "-" "Mozilla/5.0 (compatible; BLEXBot/1.0; +http://webmeup-crawler.com/)"
47.128.26.218 - - [04/Sep/2023:19:46:08 +0200] "GET /highslide/graphics/zoomout.cur HTTP/1.0" 200 614 "http://www.wonder-geek.com/mickey-mouse-swimming-ring-p-19968.html" "Mozilla/5.0 (Linux; Android 5.0) AppleWebKit/537.36 (KHTML, like Gecko) Mobile Safari/537.36 (compatible; Bytespider; spider-feedback@bytedance.com)"
47.128.26.218 - - [04/Sep/2023:19:46:08 +0200] "GET /highslide/graphics/outlines/drop-shadow.png HTTP/1.0" 200 277 "http://www.wonder-geek.com/mickey-mouse-swimming-ring-p-19968.html" "Mozilla/5.0 (Linux; Android 5.0) AppleWebKit/537.36 (KHTML, like Gecko) Mobile Safari/537.36 (compatible; Bytespider; spider-feedback@bytedance.com)"
47.128.30.140 - - [04/Sep/2023:19:46:17 +0200] "GET /highslide/graphics/zoomout.cur HTTP/1.0" 200 614 "http://www.wonder-geek.com/pokemon-pikachu-backpack-p-60197.html" "Mozilla/5.0 (Linux; Android 5.0) AppleWebKit/537.36 (KHTML, like Gecko) Mobile Safari/537.36 (compatible; Bytespider; spider-feedback@bytedance.com)"
47.128.30.140 - - [04/Sep/2023:19:46:17 +0200] "GET /highslide/graphics/outlines/drop-shadow.png HTTP/1.0" 200 277 "http://www.wonder-geek.com/pokemon-pikachu-backpack-p-60197.html" "Mozilla/5.0 (Linux; Android 5.0) AppleWebKit/537.36 (KHTML, like Gecko) Mobile Safari/537.36 (compatible; Bytespider; spider-feedback@bytedance.com)"
157.90.182.25 - - [04/Sep/2023:19:46:20 +0200] "GET /black-horse-moneybox-p-25021.html HTTP/1.0" 200 76531 "-" "Mozilla/5.0 (compatible; BLEXBot/1.0; +http://webmeup-crawler.com/)"
157.90.182.25 - - [04/Sep/2023:19:46:33 +0200] "GET /black-industrial-retro-aged-metal-p-44886.html HTTP/1.0" 200 77204 "-" "Mozilla/5.0 (compatible; BLEXBot/1.0; +http://webmeup-crawler.com/)"
157.90.182.25 - - [04/Sep/2023:19:46:46 +0200] "GET /black-japanese-enameled-cast-iron-teapot-liters-p-57679.html HTTP/1.0" 200 77146 "-" "Mozilla/5.0 (compatible; BLEXBot/1.0; +http://webmeup-crawler.com/)"
157.90.182.25 - - [04/Sep/2023:19:47:00 +0200] "GET /black-jellyfish-glass-paperweight-p-60042.html HTTP/1.0" 200 76690 "-" "Mozilla/5.0 (compatible; BLEXBot/1.0; +http://webmeup-crawler.com/)"
157.90.182.25 - - [04/Sep/2023:19:47:12 +0200] "GET /black-kooks-saucer-p-59036.html HTTP/1.0" 200 76640 "-" "Mozilla/5.0 (compatible; BLEXBot/1.0; +http://webmeup-crawler.com/)"
52.167.144.196 - - [04/Sep/2023:19:47:16 +0200] "GET /soft-toys-security-blanket-c-4_46.html?page=4 HTTP/1.0" 200 95059 "-" "Mozilla/5.0 AppleWebKit/537.36 (KHTML, like Gecko; compatible; bingbot/2.0; +http://www.bing.com/bingbot.htm) Chrome/103.0.5060.134 Safari/537.36"
216.244.66.242 - - [04/Sep/2023:19:47:22 +0200] "GET /cats-dubout-figurine-kitty-wash-p-32713.html HTTP/1.0" 200 77061 "-" "Mozilla/5.0 (compatible; DotBot/1.2; +https://opensiteexplorer.org/dotbot; help@moz.com)"
157.90.182.25 - - [04/Sep/2023:19:47:27 +0200] "GET /black-liberty-black-strawberry-bracelet-p-16748.html HTTP/1.0" 200 76260 "-" "Mozilla/5.0 (compatible; BLEXBot/1.0; +http://webmeup-crawler.com/)"
157.90.182.25 - - [04/Sep/2023:19:47:41 +0200] "GET /black-lines-paperweight-p-53619.html HTTP/1.0" 200 76603 "-" "Mozilla/5.0 (compatible; BLEXBot/1.0; +http://webmeup-crawler.com/)"
8.217.181.189 - - [04/Sep/2023:19:47:47 +0200] "GET /images/mini_prod/3609810045200.jpg HTTP/1.0" 200 269 "-" "Mozilla/5.0 (X11; Ubuntu; Linux x86_64; rv:72.0) Gecko/20100101 Firefox/72.0"
157.90.182.25 - - [04/Sep/2023:19:47:55 +0200] "GET /black-madonna-aromatika-incense-sticks-p-53428.html HTTP/1.0" 200 76101 "-" "Mozilla/5.0 (compatible; BLEXBot/1.0; +http://webmeup-crawler.com/)"
157.90.182.25 - - [04/Sep/2023:19:48:09 +0200] "GET /black-metal-lamp-p-56582.html HTTP/1.0" 200 76714 "-" "Mozilla/5.0 (compatible; BLEXBot/1.0; +http://webmeup-crawler.com/)"
213.55.223.37 - - [04/Sep/2023:19:48:24 +0200] "GET /images/mini_prod/8422019282000.jpg HTTP/1.0" 200 269 "-" "Mozilla/5.0 (Macintosh; Intel Mac OS X 10_15_7) AppleWebKit/605.1.15 (KHTML, like Gecko) Version/16.6 Safari/605.1.15"
157.90.182.25 - - [04/Sep/2023:19:48:23 +0200] "GET /black-metal-table-lamp-p-50113.html HTTP/1.0" 200 75971 "-" "Mozilla/5.0 (compatible; BLEXBot/1.0; +http://webmeup-crawler.com/)"
157.90.182.25 - - [04/Sep/2023:19:48:37 +0200] "GET /black-mini-melamine-tray-p-55859.html HTTP/1.0" 200 76045 "-" "Mozilla/5.0 (compatible; BLEXBot/1.0; +http://webmeup-crawler.com/)"
157.90.182.25 - - [04/Sep/2023:19:48:52 +0200] "GET /black-multicolored-ceramic-statue-p-60334.html HTTP/1.0" 200 76994 "-" "Mozilla/5.0 (compatible; BLEXBot/1.0; +http://webmeup-crawler.com/)"
52.167.144.196 - - [04/Sep/2023:19:48:56 +0200] "GET /musical-c-13_150_149.html HTTP/1.0" 200 94504 "-" "Mozilla/5.0 AppleWebKit/537.36 (KHTML, like Gecko; compatible; bingbot/2.0; +http://www.bing.com/bingbot.htm) Chrome/103.0.5060.134 Safari/537.36"
54.36.148.96 - - [04/Sep/2023:19:48:58 +0200] "GET /large-round-pineapple-wooden-bowl-allen-designs-p-60526.html HTTP/1.0" 200 77596 "-" "Mozilla/5.0 (compatible; AhrefsBot/7.0; +http://ahrefs.com/robot/)"
157.90.182.25 - - [04/Sep/2023:19:49:06 +0200] "GET /black-multicolored-coarse-ceramic-statue-p-60337.html HTTP/1.0" 200 77237 "-" "Mozilla/5.0 (compatible; BLEXBot/1.0; +http://webmeup-crawler.com/)"
157.90.182.25 - - [04/Sep/2023:19:49:20 +0200] "GET /black-mustache-circle-coasters-cbkreation-p-16702.html HTTP/1.0" 200 76202 "-" "Mozilla/5.0 (compatible; BLEXBot/1.0; +http://webmeup-crawler.com/)"
66.249.66.205 - - [04/Sep/2023:19:49:27 +0200] "GET /jellyfish-glass-paperweight-p-60838.html HTTP/1.0" 200 76008 "-" "Mozilla/5.0 (compatible; Googlebot/2.1; +http://www.google.com/bot.html)"
157.90.182.25 - - [04/Sep/2023:19:49:36 +0200] "GET /black-mustache-square-coasters-cbkreation-p-16698.html HTTP/1.0" 200 76246 "-" "Mozilla/5.0 (compatible; BLEXBot/1.0; +http://webmeup-crawler.com/)"
221.194.152.169 - - [04/Sep/2023:19:49:48 +0200] "GET /images/med_prod/8435306285295.jpg HTTP/1.0" 200 268 "-" "Googlebot-Image/1.0"
157.90.182.25 - - [04/Sep/2023:19:49:50 +0200] "GET /black-origami-giraffe-statue-p-60148.html HTTP/1.0" 200 77195 "-" "Mozilla/5.0 (compatible; BLEXBot/1.0; +http://webmeup-crawler.com/)"
47.128.21.208 - - [04/Sep/2023:19:49:52 +0200] "GET /box-of-12-sonny-angel-birthday-figurines-p-49374.html HTTP/1.0" 301 73809 "-" "Mozilla/5.0 (Linux; Android 5.0) AppleWebKit/537.36 (KHTML, like Gecko) Mobile Safari/537.36 (compatible; Bytespider; spider-feedback@bytedance.com)"
47.128.21.208 - - [04/Sep/2023:19:49:54 +0200] "GET /sonny-angel-birthday-figurines-p-49374.html HTTP/1.0" 200 73712 "-" "Mozilla/5.0 (Linux; Android 5.0) AppleWebKit/537.36 (KHTML, like Gecko) Mobile Safari/537.36 (compatible; Bytespider; spider-feedback@bytedance.com)"
47.128.21.208 - - [04/Sep/2023:19:49:56 +0200] "GET /swfobject.js HTTP/1.0" 404 1308 "http://www.wonder-geek.com/sonny-angel-birthday-figurines-p-49374.html" "Mozilla/5.0 (Linux; Android 5.0) AppleWebKit/537.36 (KHTML, like Gecko) Mobile Safari/537.36 (compatible; Bytespider; spider-feedback@bytedance.com)"
47.128.31.93 - - [04/Sep/2023:19:49:55 +0200] "GET /padma-blue-p-54308.html HTTP/1.0" 200 76663 "-" "Mozilla/5.0 (Linux; Android 5.0) AppleWebKit/537.36 (KHTML, like Gecko) Mobile Safari/537.36 (compatible; Bytespider; spider-feedback@bytedance.com)"
47.128.31.93 - - [04/Sep/2023:19:49:57 +0200] "GET /swfobject.js HTTP/1.0" 404 1308 "http://www.wonder-geek.com/padma-blue-p-54308.html" "Mozilla/5.0 (Linux; Android 5.0) AppleWebKit/537.36 (KHTML, like Gecko) Mobile Safari/537.36 (compatible; Bytespider; spider-feedback@bytedance.com)"
47.128.21.208 - - [04/Sep/2023:19:50:02 +0200] "GET /highslide/graphics/outlines/drop-shadow.png HTTP/1.0" 200 277 "http://www.wonder-geek.com/sonny-angel-birthday-figurines-p-49374.html" "Mozilla/5.0 (Linux; Android 5.0) AppleWebKit/537.36 (KHTML, like Gecko) Mobile Safari/537.36 (compatible; Bytespider; spider-feedback@bytedance.com)"
47.128.21.208 - - [04/Sep/2023:19:50:02 +0200] "GET /highslide/graphics/zoomout.cur HTTP/1.0" 200 614 "http://www.wonder-geek.com/sonny-angel-birthday-figurines-p-49374.html" "Mozilla/5.0 (Linux; Android 5.0) AppleWebKit/537.36 (KHTML, like Gecko) Mobile Safari/537.36 (compatible; Bytespider; spider-feedback@bytedance.com)"
157.90.182.25 - - [04/Sep/2023:19:50:04 +0200] "GET /black-panther-statue-franois-pompon-p-53534.html HTTP/1.0" 200 77041 "-" "Mozilla/5.0 (compatible; BLEXBot/1.0; +http://webmeup-crawler.com/)"
47.128.31.93 - - [04/Sep/2023:19:50:07 +0200] "GET /highslide/graphics/zoomin.cur HTTP/1.0" 200 614 "http://www.wonder-geek.com/templates/Pixame_v1/stylesheet.css" "Mozilla/5.0 (Linux; Android 5.0) AppleWebKit/537.36 (KHTML, like Gecko) Mobile Safari/537.36 (compatible; Bytespider; spider-feedback@bytedance.com)"
47.128.26.18 - - [04/Sep/2023:19:50:06 +0200] "GET /saint-georges-aromatika-incense-sticks-p-52658.html HTTP/1.0" 200 76773 "-" "Mozilla/5.0 (Linux; Android 5.0) AppleWebKit/537.36 (KHTML, like Gecko) Mobile Safari/537.36 (compatible; Bytespider; spider-feedback@bytedance.com)"
47.128.31.93 - - [04/Sep/2023:19:50:08 +0200] "GET /images/big_prod_1/4260082937908a.jpg HTTP/1.0" 200 271 "http://www.wonder-geek.com/padma-blue-p-54308.html" "Mozilla/5.0 (Linux; Android 5.0) AppleWebKit/537.36 (KHTML, like Gecko) Mobile Safari/537.36 (compatible; Bytespider; spider-feedback@bytedance.com)"
47.128.26.18 - - [04/Sep/2023:19:50:08 +0200] "GET /swfobject.js HTTP/1.0" 404 1308 "http://www.wonder-geek.com/saint-georges-aromatika-incense-sticks-p-52658.html" "Mozilla/5.0 (Linux; Android 5.0) AppleWebKit/537.36 (KHTML, like Gecko) Mobile Safari/537.36 (compatible; Bytespider; spider-feedback@bytedance.com)"
47.128.20.79 - - [04/Sep/2023:19:50:10 +0200] "GET /placemat-unicorn-p-53602.html HTTP/1.0" 200 76458 "-" "Mozilla/5.0 (Linux; Android 5.0) AppleWebKit/537.36 (KHTML, like Gecko) Mobile Safari/537.36 (compatible; Bytespider; spider-feedback@bytedance.com)"
47.128.20.79 - - [04/Sep/2023:19:50:12 +0200] "GET /swfobject.js HTTP/1.0" 404 1308 "http://www.wonder-geek.com/placemat-unicorn-p-53602.html" "Mozilla/5.0 (Linux; Android 5.0) AppleWebKit/537.36 (KHTML, like Gecko) Mobile Safari/537.36 (compatible; Bytespider; spider-feedback@bytedance.com)"
47.128.26.18 - - [04/Sep/2023:19:50:15 +0200] "GET /highslide/graphics/zoomin.cur HTTP/1.0" 200 614 "http://www.wonder-geek.com/templates/Pixame_v1/stylesheet.css" "Mozilla/5.0 (Linux; Android 5.0) AppleWebKit/537.36 (KHTML, like Gecko) Mobile Safari/537.36 (compatible; Bytespider; spider-feedback@bytedance.com)"
47.128.16.35 - - [04/Sep/2023:19:50:16 +0200] "GET /novena-candle-nativity-p-59342.html HTTP/1.0" 200 76716 "-" "Mozilla/5.0 (Linux; Android 5.0) AppleWebKit/537.36 (KHTML, like Gecko) Mobile Safari/537.36 (compatible; Bytespider; spider-feedback@bytedance.com)"
47.128.16.35 - - [04/Sep/2023:19:50:18 +0200] "GET /swfobject.js HTTP/1.0" 404 1308 "http://www.wonder-geek.com/novena-candle-nativity-p-59342.html" "Mozilla/5.0 (Linux; Android 5.0) AppleWebKit/537.36 (KHTML, like Gecko) Mobile Safari/537.36 (compatible; Bytespider; spider-feedback@bytedance.com)"
157.90.182.25 - - [04/Sep/2023:19:50:18 +0200] "GET /black-paris-mini-melamine-tray-p-55861.html HTTP/1.0" 200 76111 "-" "Mozilla/5.0 (compatible; BLEXBot/1.0; +http://webmeup-crawler.com/)"
47.128.20.79 - - [04/Sep/2023:19:50:21 +0200] "GET /highslide/graphics/zoomin.cur HTTP/1.0" 200 614 "http://www.wonder-geek.com/templates/Pixame_v1/stylesheet.css" "Mozilla/5.0 (Linux; Android 5.0) AppleWebKit/537.36 (KHTML, like Gecko) Mobile Safari/537.36 (compatible; Bytespider; spider-feedback@bytedance.com)"
47.128.20.79 - - [04/Sep/2023:19:50:21 +0200] "GET /images/big_prod_1/3700281648331a.jpg HTTP/1.0" 200 271 "http://www.wonder-geek.com/placemat-unicorn-p-53602.html" "Mozilla/5.0 (Linux; Android 5.0) AppleWebKit/537.36 (KHTML, like Gecko) Mobile Safari/537.36 (compatible; Bytespider; spider-feedback@bytedance.com)"
47.128.16.35 - - [04/Sep/2023:19:50:22 +0200] "GET /highslide/graphics/zoomin.cur HTTP/1.0" 200 614 "http://www.wonder-geek.com/templates/Pixame_v1/stylesheet.css" "Mozilla/5.0 (Linux; Android 5.0) AppleWebKit/537.36 (KHTML, like Gecko) Mobile Safari/537.36 (compatible; Bytespider; spider-feedback@bytedance.com)"
47.128.16.35 - - [04/Sep/2023:19:50:23 +0200] "GET /highslide/graphics/zoomout.cur HTTP/1.0" 200 614 "http://www.wonder-geek.com/novena-candle-nativity-p-59342.html" "Mozilla/5.0 (Linux; Android 5.0) AppleWebKit/537.36 (KHTML, like Gecko) Mobile Safari/537.36 (compatible; Bytespider; spider-feedback@bytedance.com)"
47.128.16.35 - - [04/Sep/2023:19:50:23 +0200] "GET /highslide/graphics/outlines/drop-shadow.png HTTP/1.0" 200 277 "http://www.wonder-geek.com/novena-candle-nativity-p-59342.html" "Mozilla/5.0 (Linux; Android 5.0) AppleWebKit/537.36 (KHTML, like Gecko) Mobile Safari/537.36 (compatible; Bytespider; spider-feedback@bytedance.com)"
47.128.16.35 - - [04/Sep/2023:19:50:23 +0200] "GET /images/big_prod/3700344875551B.jpg HTTP/1.0" 200 269 "http://www.wonder-geek.com/novena-candle-nativity-p-59342.html" "Mozilla/5.0 (Linux; Android 5.0) AppleWebKit/537.36 (KHTML, like Gecko) Mobile Safari/537.36 (compatible; Bytespider; spider-feedback@bytedance.com)"
47.128.21.5 - - [04/Sep/2023:19:50:22 +0200] "GET /adult-cotton-apron-manoir-collection-p-39043.html HTTP/1.0" 200 76025 "-" "Mozilla/5.0 (Linux; Android 5.0) AppleWebKit/537.36 (KHTML, like Gecko) Mobile Safari/537.36 (compatible; Bytespider; spider-feedback@bytedance.com)"
47.128.21.5 - - [04/Sep/2023:19:50:24 +0200] "GET /swfobject.js HTTP/1.0" 404 1308 "http://www.wonder-geek.com/adult-cotton-apron-manoir-collection-p-39043.html" "Mozilla/5.0 (Linux; Android 5.0) AppleWebKit/537.36 (KHTML, like Gecko) Mobile Safari/537.36 (compatible; Bytespider; spider-feedback@bytedance.com)"
47.128.21.5 - - [04/Sep/2023:19:50:28 +0200] "GET /highslide/graphics/zoomin.cur HTTP/1.0" 200 614 "http://www.wonder-geek.com/templates/Pixame_v1/stylesheet.css" "Mozilla/5.0 (Linux; Android 5.0) AppleWebKit/537.36 (KHTML, like Gecko) Mobile Safari/537.36 (compatible; Bytespider; spider-feedback@bytedance.com)"
47.128.21.5 - - [04/Sep/2023:19:50:29 +0200] "GET /highslide/graphics/outlines/drop-shadow.png HTTP/1.0" 200 277 "http://www.wonder-geek.com/adult-cotton-apron-manoir-collection-p-39043.html" "Mozilla/5.0 (Linux; Android 5.0) AppleWebKit/537.36 (KHTML, like Gecko) Mobile Safari/537.36 (compatible; Bytespider; spider-feedback@bytedance.com)"
47.128.31.93 - - [04/Sep/2023:19:50:29 +0200] "GET /highslide/graphics/outlines/drop-shadow.png HTTP/1.0" 200 277 "http://www.wonder-geek.com/padma-blue-p-54308.html" "Mozilla/5.0 (Linux; Android 5.0) AppleWebKit/537.36 (KHTML, like Gecko) Mobile Safari/537.36 (compatible; Bytespider; spider-feedback@bytedance.com)"
47.128.31.93 - - [04/Sep/2023:19:50:29 +0200] "GET /highslide/graphics/zoomout.cur HTTP/1.0" 200 614 "http://www.wonder-geek.com/padma-blue-p-54308.html" "Mozilla/5.0 (Linux; Android 5.0) AppleWebKit/537.36 (KHTML, like Gecko) Mobile Safari/537.36 (compatible; Bytespider; spider-feedback@bytedance.com)"
47.128.31.93 - - [04/Sep/2023:19:50:29 +0200] "GET /images/big_prod/4260082937908.jpg HTTP/1.0" 200 268 "http://www.wonder-geek.com/padma-blue-p-54308.html" "Mozilla/5.0 (Linux; Android 5.0) AppleWebKit/537.36 (KHTML, like Gecko) Mobile Safari/537.36 (compatible; Bytespider; spider-feedback@bytedance.com)"
157.90.182.25 - - [04/Sep/2023:19:50:33 +0200] "GET /black-piggy-bank-p-54797.html HTTP/1.0" 200 75977 "-" "Mozilla/5.0 (compatible; BLEXBot/1.0; +http://webmeup-crawler.com/)"
47.128.20.79 - - [04/Sep/2023:19:50:35 +0200] "GET /highslide/graphics/outlines/drop-shadow.png HTTP/1.0" 200 277 "http://www.wonder-geek.com/placemat-unicorn-p-53602.html" "Mozilla/5.0 (Linux; Android 5.0) AppleWebKit/537.36 (KHTML, like Gecko) Mobile Safari/537.36 (compatible; Bytespider; spider-feedback@bytedance.com)"
47.128.20.79 - - [04/Sep/2023:19:50:35 +0200] "GET /highslide/graphics/zoomout.cur HTTP/1.0" 200 614 "http://www.wonder-geek.com/placemat-unicorn-p-53602.html" "Mozilla/5.0 (Linux; Android 5.0) AppleWebKit/537.36 (KHTML, like Gecko) Mobile Safari/537.36 (compatible; Bytespider; spider-feedback@bytedance.com)"
47.128.20.79 - - [04/Sep/2023:19:50:35 +0200] "GET /images/big_prod/3700281648331.jpg HTTP/1.0" 200 268 "http://www.wonder-geek.com/placemat-unicorn-p-53602.html" "Mozilla/5.0 (Linux; Android 5.0) AppleWebKit/537.36 (KHTML, like Gecko) Mobile Safari/537.36 (compatible; Bytespider; spider-feedback@bytedance.com)"
47.128.26.18 - - [04/Sep/2023:19:50:45 +0200] "GET /images/big_prod_1/batonencens.jpg HTTP/1.0" 200 268 "http://www.wonder-geek.com/saint-georges-aromatika-incense-sticks-p-52658.html" "Mozilla/5.0 (Linux; Android 5.0) AppleWebKit/537.36 (KHTML, like Gecko) Mobile Safari/537.36 (compatible; Bytespider; spider-feedback@bytedance.com)"
47.128.26.253 - - [04/Sep/2023:19:50:45 +0200] "GET /nativity-statuette-under-star-shepherd-p-49522.html HTTP/1.0" 200 76205 "-" "Mozilla/5.0 (Linux; Android 5.0) AppleWebKit/537.36 (KHTML, like Gecko) Mobile Safari/537.36 (compatible; Bytespider; spider-feedback@bytedance.com)"
47.128.26.253 - - [04/Sep/2023:19:50:47 +0200] "GET /swfobject.js HTTP/1.0" 404 1308 "http://www.wonder-geek.com/nativity-statuette-under-star-shepherd-p-49522.html" "Mozilla/5.0 (Linux; Android 5.0) AppleWebKit/537.36 (KHTML, like Gecko) Mobile Safari/537.36 (compatible; Bytespider; spider-feedback@bytedance.com)"
157.90.182.25 - - [04/Sep/2023:19:50:47 +0200] "GET /black-piggy-bank-premire-tirelire-p-45400.html HTTP/1.0" 200 75962 "-" "Mozilla/5.0 (compatible; BLEXBot/1.0; +http://webmeup-crawler.com/)"
47.128.26.253 - - [04/Sep/2023:19:50:53 +0200] "GET /highslide/graphics/zoomin.cur HTTP/1.0" 200 614 "http://www.wonder-geek.com/templates/Pixame_v1/stylesheet.css" "Mozilla/5.0 (Linux; Android 5.0) AppleWebKit/537.36 (KHTML, like Gecko) Mobile Safari/537.36 (compatible; Bytespider; spider-feedback@bytedance.com)"
47.243.141.108 - - [04/Sep/2023:19:50:56 +0200] "GET /images/mini_prod/270607_001746_PEEL_G78R4h.jpg HTTP/1.0" 200 281 "-" "Mozilla/5.0 (X11; Ubuntu; Linux x86_64; rv:72.0) Gecko/20100101 Firefox/72.0"
157.90.182.25 - - [04/Sep/2023:19:51:01 +0200] "GET /black-porcelain-bowl-p-60024.html HTTP/1.0" 200 76507 "-" "Mozilla/5.0 (compatible; BLEXBot/1.0; +http://webmeup-crawler.com/)"
157.90.182.25 - - [04/Sep/2023:19:51:15 +0200] "GET /black-porcelain-bowl-p-60025.html HTTP/1.0" 200 76704 "-" "Mozilla/5.0 (compatible; BLEXBot/1.0; +http://webmeup-crawler.com/)"
47.128.26.253 - - [04/Sep/2023:19:51:18 +0200] "GET /highslide/graphics/outlines/drop-shadow.png HTTP/1.0" 200 277 "http://www.wonder-geek.com/nativity-statuette-under-star-shepherd-p-49522.html" "Mozilla/5.0 (Linux; Android 5.0) AppleWebKit/537.36 (KHTML, like Gecko) Mobile Safari/537.36 (compatible; Bytespider; spider-feedback@bytedance.com)"
47.128.26.253 - - [04/Sep/2023:19:51:18 +0200] "GET /highslide/graphics/zoomout.cur HTTP/1.0" 200 614 "http://www.wonder-geek.com/nativity-statuette-under-star-shepherd-p-49522.html" "Mozilla/5.0 (Linux; Android 5.0) AppleWebKit/537.36 (KHTML, like Gecko) Mobile Safari/537.36 (compatible; Bytespider; spider-feedback@bytedance.com)"
47.128.26.253 - - [04/Sep/2023:19:51:18 +0200] "GET /images/big_prod/8433933185094.jpg HTTP/1.0" 200 268 "http://www.wonder-geek.com/nativity-statuette-under-star-shepherd-p-49522.html" "Mozilla/5.0 (Linux; Android 5.0) AppleWebKit/537.36 (KHTML, like Gecko) Mobile Safari/537.36 (compatible; Bytespider; spider-feedback@bytedance.com)"
47.128.20.67 - - [04/Sep/2023:19:51:21 +0200] "GET /mirror-to-hang-mosaics-p-46274.html HTTP/1.0" 301 73740 "-" "Mozilla/5.0 (Linux; Android 5.0) AppleWebKit/537.36 (KHTML, like Gecko) Mobile Safari/537.36 (compatible; Bytespider; spider-feedback@bytedance.com)"
47.128.20.67 - - [04/Sep/2023:19:51:23 +0200] "GET /mirror-hang-mosaics-p-46274.html HTTP/1.0" 200 73654 "-" "Mozilla/5.0 (Linux; Android 5.0) AppleWebKit/537.36 (KHTML, like Gecko) Mobile Safari/537.36 (compatible; Bytespider; spider-feedback@bytedance.com)"
47.128.20.67 - - [04/Sep/2023:19:51:26 +0200] "GET /swfobject.js HTTP/1.0" 404 1308 "http://www.wonder-geek.com/mirror-hang-mosaics-p-46274.html" "Mozilla/5.0 (Linux; Android 5.0) AppleWebKit/537.36 (KHTML, like Gecko) Mobile Safari/537.36 (compatible; Bytespider; spider-feedback@bytedance.com)"
47.128.27.144 - - [04/Sep/2023:19:51:26 +0200] "GET /fantasy-watch-women-fowers-p-49960.html HTTP/1.0" 200 76640 "-" "Mozilla/5.0 (Linux; Android 5.0) AppleWebKit/537.36 (KHTML, like Gecko) Mobile Safari/537.36 (compatible; Bytespider; spider-feedback@bytedance.com)"
47.128.27.144 - - [04/Sep/2023:19:51:29 +0200] "GET /swfobject.js HTTP/1.0" 404 1308 "http://www.wonder-geek.com/fantasy-watch-women-fowers-p-49960.html" "Mozilla/5.0 (Linux; Android 5.0) AppleWebKit/537.36 (KHTML, like Gecko) Mobile Safari/537.36 (compatible; Bytespider; spider-feedback@bytedance.com)"
157.90.182.25 - - [04/Sep/2023:19:51:29 +0200] "GET /black-record-player-speaker-alarm-clock-p-56948.html HTTP/1.0" 200 77402 "-" "Mozilla/5.0 (compatible; BLEXBot/1.0; +http://webmeup-crawler.com/)"
47.128.18.3 - - [04/Sep/2023:19:51:30 +0200] "GET /decorative-wooden-plate-wifi-p-60254.html HTTP/1.0" 200 77091 "-" "Mozilla/5.0 (Linux; Android 5.0) AppleWebKit/537.36 (KHTML, like Gecko) Mobile Safari/537.36 (compatible; Bytespider; spider-feedback@bytedance.com)"
47.128.18.3 - - [04/Sep/2023:19:51:33 +0200] "GET /swfobject.js HTTP/1.0" 404 1308 "http://www.wonder-geek.com/decorative-wooden-plate-wifi-p-60254.html" "Mozilla/5.0 (Linux; Android 5.0) AppleWebKit/537.36 (KHTML, like Gecko) Mobile Safari/537.36 (compatible; Bytespider; spider-feedback@bytedance.com)"
47.128.21.255 - - [04/Sep/2023:19:51:32 +0200] "GET /rectangular-signboard-arrow-wood-model-p-45477.html HTTP/1.0" 200 76123 "-" "Mozilla/5.0 (Linux; Android 5.0) AppleWebKit/537.36 (KHTML, like Gecko) Mobile Safari/537.36 (compatible; Bytespider; spider-feedback@bytedance.com)"
47.128.21.255 - - [04/Sep/2023:19:51:34 +0200] "GET /swfobject.js HTTP/1.0" 404 1308 "http://www.wonder-geek.com/rectangular-signboard-arrow-wood-model-p-45477.html" "Mozilla/5.0 (Linux; Android 5.0) AppleWebKit/537.36 (KHTML, like Gecko) Mobile Safari/537.36 (compatible; Bytespider; spider-feedback@bytedance.com)"
47.128.27.144 - - [04/Sep/2023:19:51:35 +0200] "GET /highslide/graphics/zoomin.cur HTTP/1.0" 200 614 "http://www.wonder-geek.com/templates/Pixame_v1/stylesheet.css" "Mozilla/5.0 (Linux; Android 5.0) AppleWebKit/537.36 (KHTML, like Gecko) Mobile Safari/537.36 (compatible; Bytespider; spider-feedback@bytedance.com)"
47.128.20.67 - - [04/Sep/2023:19:51:35 +0200] "GET /highslide/graphics/outlines/drop-shadow.png HTTP/1.0" 200 277 "http://www.wonder-geek.com/mirror-hang-mosaics-p-46274.html" "Mozilla/5.0 (Linux; Android 5.0) AppleWebKit/537.36 (KHTML, like Gecko) Mobile Safari/537.36 (compatible; Bytespider; spider-feedback@bytedance.com)"
47.128.20.67 - - [04/Sep/2023:19:51:35 +0200] "GET /highslide/graphics/zoomout.cur HTTP/1.0" 200 614 "http://www.wonder-geek.com/mirror-hang-mosaics-p-46274.html" "Mozilla/5.0 (Linux; Android 5.0) AppleWebKit/537.36 (KHTML, like Gecko) Mobile Safari/537.36 (compatible; Bytespider; spider-feedback@bytedance.com)"
47.128.27.144 - - [04/Sep/2023:19:51:36 +0200] "GET /images/big_prod_1/3609810084056B.jpg HTTP/1.0" 200 271 "http://www.wonder-geek.com/fantasy-watch-women-fowers-p-49960.html" "Mozilla/5.0 (Linux; Android 5.0) AppleWebKit/537.36 (KHTML, like Gecko) Mobile Safari/537.36 (compatible; Bytespider; spider-feedback@bytedance.com)"
47.128.18.3 - - [04/Sep/2023:19:51:37 +0200] "GET /highslide/graphics/zoomin.cur HTTP/1.0" 200 614 "http://www.wonder-geek.com/templates/Pixame_v1/stylesheet.css" "Mozilla/5.0 (Linux; Android 5.0) AppleWebKit/537.36 (KHTML, like Gecko) Mobile Safari/537.36 (compatible; Bytespider; spider-feedback@bytedance.com)"
47.128.18.3 - - [04/Sep/2023:19:51:38 +0200] "GET /images/big_prod_1/8445148204309B.jpg HTTP/1.0" 200 271 "http://www.wonder-geek.com/decorative-wooden-plate-wifi-p-60254.html" "Mozilla/5.0 (Linux; Android 5.0) AppleWebKit/537.36 (KHTML, like Gecko) Mobile Safari/537.36 (compatible; Bytespider; spider-feedback@bytedance.com)"
47.128.21.255 - - [04/Sep/2023:19:51:44 +0200] "GET /highslide/graphics/zoomin.cur HTTP/1.0" 200 614 "http://www.wonder-geek.com/templates/Pixame_v1/stylesheet.css" "Mozilla/5.0 (Linux; Android 5.0) AppleWebKit/537.36 (KHTML, like Gecko) Mobile Safari/537.36 (compatible; Bytespider; spider-feedback@bytedance.com)"
157.90.182.25 - - [04/Sep/2023:19:51:43 +0200] "GET /black-retro-shoulder-p-48762.html HTTP/1.0" 200 76112 "-" "Mozilla/5.0 (compatible; BLEXBot/1.0; +http://webmeup-crawler.com/)"
47.128.27.144 - - [04/Sep/2023:19:51:46 +0200] "GET /highslide/graphics/outlines/drop-shadow.png HTTP/1.0" 200 277 "http://www.wonder-geek.com/fantasy-watch-women-fowers-p-49960.html" "Mozilla/5.0 (Linux; Android 5.0) AppleWebKit/537.36 (KHTML, like Gecko) Mobile Safari/537.36 (compatible; Bytespider; spider-feedback@bytedance.com)"
47.128.27.144 - - [04/Sep/2023:19:51:46 +0200] "GET /highslide/graphics/zoomout.cur HTTP/1.0" 200 614 "http://www.wonder-geek.com/fantasy-watch-women-fowers-p-49960.html" "Mozilla/5.0 (Linux; Android 5.0) AppleWebKit/537.36 (KHTML, like Gecko) Mobile Safari/537.36 (compatible; Bytespider; spider-feedback@bytedance.com)"
47.128.27.144 - - [04/Sep/2023:19:51:47 +0200] "GET /images/big_prod/3609810084056.jpg HTTP/1.0" 200 268 "http://www.wonder-geek.com/fantasy-watch-women-fowers-p-49960.html" "Mozilla/5.0 (Linux; Android 5.0) AppleWebKit/537.36 (KHTML, like Gecko) Mobile Safari/537.36 (compatible; Bytespider; spider-feedback@bytedance.com)"
157.90.182.25 - - [04/Sep/2023:19:51:57 +0200] "GET /black-russian-doll-metal-keychain-cbkreation-p-23491.html HTTP/1.0" 200 77637 "-" "Mozilla/5.0 (compatible; BLEXBot/1.0; +http://webmeup-crawler.com/)"
47.128.18.3 - - [04/Sep/2023:19:52:08 +0200] "GET /highslide/graphics/outlines/drop-shadow.png HTTP/1.0" 200 277 "http://www.wonder-geek.com/decorative-wooden-plate-wifi-p-60254.html" "Mozilla/5.0 (Linux; Android 5.0) AppleWebKit/537.36 (KHTML, like Gecko) Mobile Safari/537.36 (compatible; Bytespider; spider-feedback@bytedance.com)"
47.128.18.3 - - [04/Sep/2023:19:52:08 +0200] "GET /highslide/graphics/zoomout.cur HTTP/1.0" 200 614 "http://www.wonder-geek.com/decorative-wooden-plate-wifi-p-60254.html" "Mozilla/5.0 (Linux; Android 5.0) AppleWebKit/537.36 (KHTML, like Gecko) Mobile Safari/537.36 (compatible; Bytespider; spider-feedback@bytedance.com)"
47.128.18.3 - - [04/Sep/2023:19:52:08 +0200] "GET /images/big_prod/8445148204309.jpg HTTP/1.0" 200 268 "http://www.wonder-geek.com/decorative-wooden-plate-wifi-p-60254.html" "Mozilla/5.0 (Linux; Android 5.0) AppleWebKit/537.36 (KHTML, like Gecko) Mobile Safari/537.36 (compatible; Bytespider; spider-feedback@bytedance.com)"
47.128.21.255 - - [04/Sep/2023:19:52:10 +0200] "GET /highslide/graphics/outlines/drop-shadow.png HTTP/1.0" 200 277 "http://www.wonder-geek.com/rectangular-signboard-arrow-wood-model-p-45477.html" "Mozilla/5.0 (Linux; Android 5.0) AppleWebKit/537.36 (KHTML, like Gecko) Mobile Safari/537.36 (compatible; Bytespider; spider-feedback@bytedance.com)"
47.128.21.255 - - [04/Sep/2023:19:52:10 +0200] "GET /highslide/graphics/zoomout.cur HTTP/1.0" 200 614 "http://www.wonder-geek.com/rectangular-signboard-arrow-wood-model-p-45477.html" "Mozilla/5.0 (Linux; Android 5.0) AppleWebKit/537.36 (KHTML, like Gecko) Mobile Safari/537.36 (compatible; Bytespider; spider-feedback@bytedance.com)"
47.128.21.255 - - [04/Sep/2023:19:52:11 +0200] "GET /images/big_prod/1399986106509.jpg HTTP/1.0" 200 268 "http://www.wonder-geek.com/rectangular-signboard-arrow-wood-model-p-45477.html" "Mozilla/5.0 (Linux; Android 5.0) AppleWebKit/537.36 (KHTML, like Gecko) Mobile Safari/537.36 (compatible; Bytespider; spider-feedback@bytedance.com)"
157.90.182.25 - - [04/Sep/2023:19:52:10 +0200] "GET /black-savings-bank-p-58415.html HTTP/1.0" 200 76816 "-" "Mozilla/5.0 (compatible; BLEXBot/1.0; +http://webmeup-crawler.com/)"
157.90.182.25 - - [04/Sep/2023:19:52:23 +0200] "GET /black-scooter-clock-p-46084.html HTTP/1.0" 200 76794 "-" "Mozilla/5.0 (compatible; BLEXBot/1.0; +http://webmeup-crawler.com/)"
108.181.45.51 - - [04/Sep/2023:19:52:34 +0200] "GET /images/mini_prod/3700276281826050720122.jpg HTTP/1.0" 200 278 "-" "Mozilla/5.0 (X11; Ubuntu; Linux x86_64; rv:72.0) Gecko/20100101 Firefox/72.0"
157.90.182.25 - - [04/Sep/2023:19:52:37 +0200] "GET /black-table-lamp-p-58987.html HTTP/1.0" 200 76661 "-" "Mozilla/5.0 (compatible; BLEXBot/1.0; +http://webmeup-crawler.com/)"
157.90.182.25 - - [04/Sep/2023:19:52:49 +0200] "GET /black-tourmaline-crystal-point-pyramid-with-flower-life-p-54366.html HTTP/1.0" 200 77788 "-" "Mozilla/5.0 (compatible; BLEXBot/1.0; +http://webmeup-crawler.com/)"
157.90.182.25 - - [04/Sep/2023:19:53:02 +0200] "GET /black-tourmaline-sphere-p-46294.html HTTP/1.0" 200 76128 "-" "Mozilla/5.0 (compatible; BLEXBot/1.0; +http://webmeup-crawler.com/)"
157.90.182.25 - - [04/Sep/2023:19:53:16 +0200] "GET /black-vintage-alarm-clock-p-38260.html HTTP/1.0" 200 76032 "-" "Mozilla/5.0 (compatible; BLEXBot/1.0; +http://webmeup-crawler.com/)"
157.90.182.25 - - [04/Sep/2023:19:53:29 +0200] "GET /black-wallet-p-37137.html HTTP/1.0" 200 77443 "-" "Mozilla/5.0 (compatible; BLEXBot/1.0; +http://webmeup-crawler.com/)"
157.90.182.25 - - [04/Sep/2023:19:53:42 +0200] "GET /black-white-waves-p-50770.html HTTP/1.0" 200 77044 "-" "Mozilla/5.0 (compatible; BLEXBot/1.0; +http://webmeup-crawler.com/)"
157.90.182.25 - - [04/Sep/2023:19:53:55 +0200] "GET /blackout-curtain-antelina-p-56790.html HTTP/1.0" 200 76905 "-" "Mozilla/5.0 (compatible; BLEXBot/1.0; +http://webmeup-crawler.com/)"
64.233.173.102 - - [04/Sep/2023:19:54:05 +0200] "GET /images/8420406800547.jpg HTTP/1.0" 200 259 "-" "Mozilla/5.0 (Windows NT 5.1; rv:11.0) Gecko Firefox/11.0 (via ggpht.com GoogleImageProxy)"
157.90.182.25 - - [04/Sep/2023:19:54:08 +0200] "GET /blackout-curtain-antelina-p-57540.html HTTP/1.0" 200 76905 "-" "Mozilla/5.0 (compatible; BLEXBot/1.0; +http://webmeup-crawler.com/)"
117.136.138.24 - - [04/Sep/2023:19:54:22 +0200] "GET /images/mini_prod/3388761924573.jpg HTTP/1.0" 200 269 "-" "Mozilla/5.0 (X11; Ubuntu; Linux x86_64; rv:72.0) Gecko/20100101 Firefox/72.0"
157.90.182.25 - - [04/Sep/2023:19:54:21 +0200] "GET /blackout-curtain-antelina-p-57541.html HTTP/1.0" 200 76905 "-" "Mozilla/5.0 (compatible; BLEXBot/1.0; +http://webmeup-crawler.com/)"
157.90.182.25 - - [04/Sep/2023:19:54:35 +0200] "GET /bline-wall-decor-p-47075.html HTTP/1.0" 200 76066 "-" "Mozilla/5.0 (compatible; BLEXBot/1.0; +http://webmeup-crawler.com/)"
157.90.182.25 - - [04/Sep/2023:19:54:48 +0200] "GET /bloom-allen-desings-adult-apron-p-54534.html HTTP/1.0" 200 76612 "-" "Mozilla/5.0 (compatible; BLEXBot/1.0; +http://webmeup-crawler.com/)"
157.90.182.25 - - [04/Sep/2023:19:55:00 +0200] "GET /blooms-isothermic-stainless-steel-bottle-allen-p-52006.html HTTP/1.0" 200 76827 "-" "Mozilla/5.0 (compatible; BLEXBot/1.0; +http://webmeup-crawler.com/)"
157.90.182.25 - - [04/Sep/2023:19:55:13 +0200] "GET /blooms-michelle-allen-designs-coasters-p-54545.html HTTP/1.0" 200 76853 "-" "Mozilla/5.0 (compatible; BLEXBot/1.0; +http://webmeup-crawler.com/)"
47.128.17.138 - - [04/Sep/2023:19:55:25 +0200] "GET /zodiac-white-women-shirt-p-30800.html HTTP/1.0" 200 77971 "-" "Mozilla/5.0 (Linux; Android 5.0) AppleWebKit/537.36 (KHTML, like Gecko) Mobile Safari/537.36 (compatible; Bytespider; spider-feedback@bytedance.com)"
47.128.17.138 - - [04/Sep/2023:19:55:27 +0200] "GET /swfobject.js HTTP/1.0" 404 1308 "http://www.wonder-geek.com/zodiac-white-women-shirt-p-30800.html" "Mozilla/5.0 (Linux; Android 5.0) AppleWebKit/537.36 (KHTML, like Gecko) Mobile Safari/537.36 (compatible; Bytespider; spider-feedback@bytedance.com)"
157.90.182.25 - - [04/Sep/2023:19:55:27 +0200] "GET /blue-artisanal-p-60309.html HTTP/1.0" 200 76730 "-" "Mozilla/5.0 (compatible; BLEXBot/1.0; +http://webmeup-crawler.com/)"
47.128.17.138 - - [04/Sep/2023:19:55:33 +0200] "GET /highslide/graphics/zoomin.cur HTTP/1.0" 200 614 "http://www.wonder-geek.com/templates/Pixame_v1/stylesheet.css" "Mozilla/5.0 (Linux; Android 5.0) AppleWebKit/537.36 (KHTML, like Gecko) Mobile Safari/537.36 (compatible; Bytespider; spider-feedback@bytedance.com)"
47.128.17.138 - - [04/Sep/2023:19:55:34 +0200] "GET /highslide/graphics/zoomout.cur HTTP/1.0" 200 614 "http://www.wonder-geek.com/zodiac-white-women-shirt-p-30800.html" "Mozilla/5.0 (Linux; Android 5.0) AppleWebKit/537.36 (KHTML, like Gecko) Mobile Safari/537.36 (compatible; Bytespider; spider-feedback@bytedance.com)"
47.128.17.138 - - [04/Sep/2023:19:55:34 +0200] "GET /highslide/graphics/outlines/drop-shadow.png HTTP/1.0" 200 277 "http://www.wonder-geek.com/zodiac-white-women-shirt-p-30800.html" "Mozilla/5.0 (Linux; Android 5.0) AppleWebKit/537.36 (KHTML, like Gecko) Mobile Safari/537.36 (compatible; Bytespider; spider-feedback@bytedance.com)"
47.128.17.138 - - [04/Sep/2023:19:55:34 +0200] "GET /images/med_prod/039897677330ehh.jpg HTTP/1.0" 200 270 "http://www.wonder-geek.com/zodiac-white-women-shirt-p-30800.html" "Mozilla/5.0 (Linux; Android 5.0) AppleWebKit/537.36 (KHTML, like Gecko) Mobile Safari/537.36 (compatible; Bytespider; spider-feedback@bytedance.com)"
47.128.28.30 - - [04/Sep/2023:19:55:34 +0200] "GET /thinker-statue-deep-contemplation-rodin-p-43679.html HTTP/1.0" 200 76891 "-" "Mozilla/5.0 (Linux; Android 5.0) AppleWebKit/537.36 (KHTML, like Gecko) Mobile Safari/537.36 (compatible; Bytespider; spider-feedback@bytedance.com)"
47.128.28.30 - - [04/Sep/2023:19:55:36 +0200] "GET /swfobject.js HTTP/1.0" 404 1308 "http://www.wonder-geek.com/thinker-statue-deep-contemplation-rodin-p-43679.html" "Mozilla/5.0 (Linux; Android 5.0) AppleWebKit/537.36 (KHTML, like Gecko) Mobile Safari/537.36 (compatible; Bytespider; spider-feedback@bytedance.com)"
47.128.27.135 - - [04/Sep/2023:19:55:35 +0200] "GET /porcelain-with-infuser-p-48054.html HTTP/1.0" 200 75957 "-" "Mozilla/5.0 (Linux; Android 5.0) AppleWebKit/537.36 (KHTML, like Gecko) Mobile Safari/537.36 (compatible; Bytespider; spider-feedback@bytedance.com)"
47.128.27.135 - - [04/Sep/2023:19:55:39 +0200] "GET /swfobject.js HTTP/1.0" 404 1308 "http://www.wonder-geek.com/porcelain-with-infuser-p-48054.html" "Mozilla/5.0 (Linux; Android 5.0) AppleWebKit/537.36 (KHTML, like Gecko) Mobile Safari/537.36 (compatible; Bytespider; spider-feedback@bytedance.com)"
157.90.182.25 - - [04/Sep/2023:19:55:40 +0200] "GET /blue-bekley-polar-blanket-p-59759.html HTTP/1.0" 200 76896 "-" "Mozilla/5.0 (compatible; BLEXBot/1.0; +http://webmeup-crawler.com/)"
47.128.28.156 - - [04/Sep/2023:19:55:42 +0200] "GET /superman-cork-coaster-p-10032.html HTTP/1.0" 200 75911 "-" "Mozilla/5.0 (Linux; Android 5.0) AppleWebKit/537.36 (KHTML, like Gecko) Mobile Safari/537.36 (compatible; Bytespider; spider-feedback@bytedance.com)"
47.128.28.156 - - [04/Sep/2023:19:55:44 +0200] "GET /swfobject.js HTTP/1.0" 404 1308 "http://www.wonder-geek.com/superman-cork-coaster-p-10032.html" "Mozilla/5.0 (Linux; Android 5.0) AppleWebKit/537.36 (KHTML, like Gecko) Mobile Safari/537.36 (compatible; Bytespider; spider-feedback@bytedance.com)"
47.128.25.12 - - [04/Sep/2023:19:55:44 +0200] "GET /white-cats-salt-pepper-p-52793.html HTTP/1.0" 200 76579 "-" "Mozilla/5.0 (Linux; Android 5.0) AppleWebKit/537.36 (KHTML, like Gecko) Mobile Safari/537.36 (compatible; Bytespider; spider-feedback@bytedance.com)"
47.128.28.30 - - [04/Sep/2023:19:55:46 +0200] "GET /highslide/graphics/zoomin.cur HTTP/1.0" 200 614 "http://www.wonder-geek.com/templates/Pixame_v1/stylesheet.css" "Mozilla/5.0 (Linux; Android 5.0) AppleWebKit/537.36 (KHTML, like Gecko) Mobile Safari/537.36 (compatible; Bytespider; spider-feedback@bytedance.com)"
47.128.28.30 - - [04/Sep/2023:19:55:46 +0200] "GET /images/big_prod_1/8717202552535N.jpg HTTP/1.0" 200 271 "http://www.wonder-geek.com/thinker-statue-deep-contemplation-rodin-p-43679.html" "Mozilla/5.0 (Linux; Android 5.0) AppleWebKit/537.36 (KHTML, like Gecko) Mobile Safari/537.36 (compatible; Bytespider; spider-feedback@bytedance.com)"
47.128.25.12 - - [04/Sep/2023:19:55:46 +0200] "GET /swfobject.js HTTP/1.0" 404 1308 "http://www.wonder-geek.com/white-cats-salt-pepper-p-52793.html" "Mozilla/5.0 (Linux; Android 5.0) AppleWebKit/537.36 (KHTML, like Gecko) Mobile Safari/537.36 (compatible; Bytespider; spider-feedback@bytedance.com)"
