95.217.109.26 - - [04/Sep/2023:04:41:30 +0200] "GET /bols-c-12_60.html HTTP/1.0" 301 94466 "-" "Mozilla/5.0 (compatible; MJ12bot/v1.4.8; http://mj12bot.com/)"
95.217.109.26 - - [04/Sep/2023:04:41:32 +0200] "GET /bowls-c-60.html HTTP/1.0" 301 94365 "-" "Mozilla/5.0 (compatible; MJ12bot/v1.4.8; http://mj12bot.com/)"
95.217.109.26 - - [04/Sep/2023:04:41:35 +0200] "GET /bowls-c-12_60.html HTTP/1.0" 200 94397 "-" "Mozilla/5.0 (compatible; MJ12bot/v1.4.8; http://mj12bot.com/)"
95.217.109.26 - - [04/Sep/2023:04:41:39 +0200] "GET /bonnets-casquettes-chapeaux-c-1_44.html HTTP/1.0" 301 94992 "-" "Mozilla/5.0 (compatible; MJ12bot/v1.4.8; http://mj12bot.com/)"
95.217.109.26 - - [04/Sep/2023:04:41:41 +0200] "GET /hats-caps-c-44.html HTTP/1.0" 301 94894 "-" "Mozilla/5.0 (compatible; MJ12bot/v1.4.8; http://mj12bot.com/)"
95.217.109.26 - - [04/Sep/2023:04:41:44 +0200] "GET /hats-caps-c-1_44.html HTTP/1.0" 200 94919 "-" "Mozilla/5.0 (compatible; MJ12bot/v1.4.8; http://mj12bot.com/)"
95.217.109.26 - - [04/Sep/2023:04:41:47 +0200] "GET /bonnets-casquettes-chapeaux-c-2_43.html HTTP/1.0" 301 72430 "-" "Mozilla/5.0 (compatible; MJ12bot/v1.4.8; http://mj12bot.com/)"
95.217.109.26 - - [04/Sep/2023:04:41:50 +0200] "GET /-c-43.html HTTP/1.0" 200 72268 "-" "Mozilla/5.0 (compatible; MJ12bot/v1.4.8; http://mj12bot.com/)"
95.217.109.26 - - [04/Sep/2023:04:41:53 +0200] "GET /book-lamp-in-real-wood-led-colors-size-p-52968.html HTTP/1.0" 301 73649 "-" "Mozilla/5.0 (compatible; MJ12bot/v1.4.8; http://mj12bot.com/)"
95.217.109.26 - - [04/Sep/2023:04:41:56 +0200] "GET /-p-52968.html HTTP/1.0" 200 73582 "-" "Mozilla/5.0 (compatible; MJ12bot/v1.4.8; http://mj12bot.com/)"
95.217.109.26 - - [04/Sep/2023:04:41:58 +0200] "GET /book-lamp-real-wood-colors-size-p-52968.html HTTP/1.0" 301 73649 "-" "Mozilla/5.0 (compatible; MJ12bot/v1.4.8; http://mj12bot.com/)"
95.217.109.26 - - [04/Sep/2023:04:42:01 +0200] "GET /-p-52968.html HTTP/1.0" 200 73582 "-" "Mozilla/5.0 (compatible; MJ12bot/v1.4.8; http://mj12bot.com/)"
95.217.109.26 - - [04/Sep/2023:04:42:04 +0200] "GET /book-rectangular-box-with-card-games-jack-of-spades-p-36768.html HTTP/1.0" 301 73649 "-" "Mozilla/5.0 (compatible; MJ12bot/v1.4.8; http://mj12bot.com/)"
52.167.144.182 - - [04/Sep/2023:04:42:05 +0200] "GET /isothermic-stainless-steel-bottle-vierge-cbkreation-p-60736.html HTTP/1.0" 200 76194 "-" "Mozilla/5.0 AppleWebKit/537.36 (KHTML, like Gecko; compatible; bingbot/2.0; +http://www.bing.com/bingbot.htm) Chrome/103.0.5060.134 Safari/537.36"
95.217.109.26 - - [04/Sep/2023:04:42:07 +0200] "GET /-p-36768.html HTTP/1.0" 200 73582 "-" "Mozilla/5.0 (compatible; MJ12bot/v1.4.8; http://mj12bot.com/)"
52.167.144.182 - - [04/Sep/2023:04:42:07 +0200] "GET /flatwares-c-12_63.html HTTP/1.0" 200 93020 "-" "Mozilla/5.0 AppleWebKit/537.36 (KHTML, like Gecko; compatible; bingbot/2.0; +http://www.bing.com/bingbot.htm) Chrome/103.0.5060.134 Safari/537.36"
52.167.144.182 - - [04/Sep/2023:04:42:10 +0200] "GET /bagshandbags-shoulder-bags-c-31_81.html?page=2 HTTP/1.0" 200 98912 "-" "Mozilla/5.0 AppleWebKit/537.36 (KHTML, like Gecko; compatible; bingbot/2.0; +http://www.bing.com/bingbot.htm) Chrome/103.0.5060.134 Safari/537.36"
95.217.109.26 - - [04/Sep/2023:04:42:10 +0200] "GET /bookend-peacocks-gold-resin-p-59181.html HTTP/1.0" 200 76623 "-" "Mozilla/5.0 (compatible; MJ12bot/v1.4.8; http://mj12bot.com/)"
52.167.144.182 - - [04/Sep/2023:04:42:11 +0200] "GET /furnishings-c-13_87.html HTTP/1.0" 301 85641 "-" "Mozilla/5.0 AppleWebKit/537.36 (KHTML, like Gecko; compatible; bingbot/2.0; +http://www.bing.com/bingbot.htm) Chrome/103.0.5060.134 Safari/537.36"
95.217.109.26 - - [04/Sep/2023:04:42:13 +0200] "GET /bottle-opener-au-bistrot-p-45614.html HTTP/1.0" 301 76083 "-" "Mozilla/5.0 (compatible; MJ12bot/v1.4.8; http://mj12bot.com/)"
95.217.109.26 - - [04/Sep/2023:04:42:16 +0200] "GET /bottle-opener-bistrot-p-45614.html HTTP/1.0" 200 75995 "-" "Mozilla/5.0 (compatible; MJ12bot/v1.4.8; http://mj12bot.com/)"
95.217.109.26 - - [04/Sep/2023:04:42:19 +0200] "GET /bottle-opener-bistrot-p-45614.html HTTP/1.0" 200 75995 "-" "Mozilla/5.0 (compatible; MJ12bot/v1.4.8; http://mj12bot.com/)"
95.217.109.26 - - [04/Sep/2023:04:42:22 +0200] "GET /bottle-rack-au-bistrot-p-47933.html HTTP/1.0" 301 73740 "-" "Mozilla/5.0 (compatible; MJ12bot/v1.4.8; http://mj12bot.com/)"
95.217.109.26 - - [04/Sep/2023:04:42:24 +0200] "GET /bottle-rack-bistrot-p-47933.html HTTP/1.0" 200 73654 "-" "Mozilla/5.0 (compatible; MJ12bot/v1.4.8; http://mj12bot.com/)"
95.217.109.26 - - [04/Sep/2023:04:42:27 +0200] "GET /bouchons-dcoratifs-adaptables-c-12_249.html HTTP/1.0" 301 82279 "-" "Mozilla/5.0 (compatible; MJ12bot/v1.4.8; http://mj12bot.com/)"
95.217.109.26 - - [04/Sep/2023:04:42:30 +0200] "GET /adaptable-decorative-caps-c-249.html HTTP/1.0" 301 82178 "-" "Mozilla/5.0 (compatible; MJ12bot/v1.4.8; http://mj12bot.com/)"
95.217.109.26 - - [04/Sep/2023:04:42:33 +0200] "GET /adaptable-decorative-caps-c-12_249.html HTTP/1.0" 200 82189 "-" "Mozilla/5.0 (compatible; MJ12bot/v1.4.8; http://mj12bot.com/)"
95.217.109.26 - - [04/Sep/2023:04:42:36 +0200] "GET /bouchons-decoratifs-adaptables-c-12_249.html HTTP/1.0" 301 82279 "-" "Mozilla/5.0 (compatible; MJ12bot/v1.4.8; http://mj12bot.com/)"
95.217.109.26 - - [04/Sep/2023:04:42:39 +0200] "GET /adaptable-decorative-caps-c-249.html HTTP/1.0" 301 82178 "-" "Mozilla/5.0 (compatible; MJ12bot/v1.4.8; http://mj12bot.com/)"
95.217.109.26 - - [04/Sep/2023:04:42:42 +0200] "GET /adaptable-decorative-caps-c-12_249.html HTTP/1.0" 200 82189 "-" "Mozilla/5.0 (compatible; MJ12bot/v1.4.8; http://mj12bot.com/)"
95.217.109.26 - - [04/Sep/2023:04:42:45 +0200] "GET /boucles-doreilles-c-3_242.html HTTP/1.0" 301 86594 "-" "Mozilla/5.0 (compatible; MJ12bot/v1.4.8; http://mj12bot.com/)"
95.217.109.26 - - [04/Sep/2023:04:42:48 +0200] "GET /earrings-c-242.html HTTP/1.0" 301 86484 "-" "Mozilla/5.0 (compatible; MJ12bot/v1.4.8; http://mj12bot.com/)"
95.217.109.26 - - [04/Sep/2023:04:42:50 +0200] "GET /earrings-c-3_242.html HTTP/1.0" 200 86521 "-" "Mozilla/5.0 (compatible; MJ12bot/v1.4.8; http://mj12bot.com/)"
95.217.109.26 - - [04/Sep/2023:04:42:53 +0200] "GET /bouddha-antique-intrieur-extrieur-p-60484.html HTTP/1.0" 301 77148 "-" "Mozilla/5.0 (compatible; MJ12bot/v1.4.8; http://mj12bot.com/)"
95.217.109.26 - - [04/Sep/2023:04:42:56 +0200] "GET /antique-buddha-statue-p-60484.html HTTP/1.0" 200 77060 "-" "Mozilla/5.0 (compatible; MJ12bot/v1.4.8; http://mj12bot.com/)"
95.217.109.26 - - [04/Sep/2023:04:42:59 +0200] "GET /bouddha-rsine-aspect-rouille-p-56155.html HTTP/1.0" 301 76867 "-" "Mozilla/5.0 (compatible; MJ12bot/v1.4.8; http://mj12bot.com/)"
54.36.148.227 - - [04/Sep/2023:04:43:01 +0200] "GET /green-ceramic-flowerpot-p-60741.html HTTP/1.0" 200 76613 "-" "Mozilla/5.0 (compatible; AhrefsBot/7.0; +http://ahrefs.com/robot/)"
95.217.109.26 - - [04/Sep/2023:04:43:02 +0200] "GET /buddha-head-resin-statue-p-56155.html HTTP/1.0" 200 76776 "-" "Mozilla/5.0 (compatible; MJ12bot/v1.4.8; http://mj12bot.com/)"
95.217.109.26 - - [04/Sep/2023:04:43:05 +0200] "GET /bouddha-turquoise-p-60485.html HTTP/1.0" 301 77072 "-" "Mozilla/5.0 (compatible; MJ12bot/v1.4.8; http://mj12bot.com/)"
95.217.109.26 - - [04/Sep/2023:04:43:08 +0200] "GET /gold-turquoise-buddha-statue-p-60485.html HTTP/1.0" 200 76977 "-" "Mozilla/5.0 (compatible; MJ12bot/v1.4.8; http://mj12bot.com/)"
114.119.150.29 - - [04/Sep/2023:04:43:08 +0200] "GET /gormiti-cushion-p-6320.html HTTP/1.0" 200 76227 "http://www.wonder-geek.com/cushions-c-11_71_283.html" "Mozilla/5.0 (Linux; Android 7.0;) AppleWebKit/537.36 (KHTML, like Gecko) Mobile Safari/537.36 (compatible; PetalBot;+https://webmaster.petalsearch.com/site/petalbot)"
95.217.109.26 - - [04/Sep/2023:04:43:11 +0200] "GET /bouee-star-wars-trooper-gonflable-91-cm-p-50680.html HTTP/1.0" 301 76208 "-" "Mozilla/5.0 (compatible; MJ12bot/v1.4.8; http://mj12bot.com/)"
95.217.109.26 - - [04/Sep/2023:04:43:13 +0200] "GET /star-wars-inflatable-swimming-ring-p-50680.html HTTP/1.0" 200 76107 "-" "Mozilla/5.0 (compatible; MJ12bot/v1.4.8; http://mj12bot.com/)"
95.217.109.26 - - [04/Sep/2023:04:43:16 +0200] "GET /bougeoir-dambiance-bouddha-en-resine-doree-aspect-patine-24-cm-p-47988.html HTTP/1.0" 301 73874 "-" "Mozilla/5.0 (compatible; MJ12bot/v1.4.8; http://mj12bot.com/)"
95.217.109.26 - - [04/Sep/2023:04:43:19 +0200] "GET /buddha-candle-holder-gold-patina-resin-p-47988.html HTTP/1.0" 200 73769 "-" "Mozilla/5.0 (compatible; MJ12bot/v1.4.8; http://mj12bot.com/)"
95.217.109.26 - - [04/Sep/2023:04:43:22 +0200] "GET /bougeoir-dore-femme-en-meditation-yoga-13-cm-p-50861.html HTTP/1.0" 301 76238 "-" "Mozilla/5.0 (compatible; MJ12bot/v1.4.8; http://mj12bot.com/)"
95.217.109.26 - - [04/Sep/2023:04:43:24 +0200] "GET /candlestick-statuette-yoga-meditation-p-50861.html HTTP/1.0" 200 76134 "-" "Mozilla/5.0 (compatible; MJ12bot/v1.4.8; http://mj12bot.com/)"
95.217.109.26 - - [04/Sep/2023:04:43:27 +0200] "GET /bougeoir-van-gogh-nuit-etoilee-145-cm-p-53527.html HTTP/1.0" 301 77554 "-" "Mozilla/5.0 (compatible; MJ12bot/v1.4.8; http://mj12bot.com/)"
91.201.7.254 - - [04/Sep/2023:04:43:30 +0200] "GET /images/mini_prod/B8422666661524B.jpg HTTP/1.0" 200 271 "-" "Mozilla/5.0 (X11; Ubuntu; Linux x86_64; rv:72.0) Gecko/20100101 Firefox/72.0"
95.217.109.26 - - [04/Sep/2023:04:43:30 +0200] "GET /gogh-starry-night-candle-holder-p-53527.html HTTP/1.0" 200 77456 "-" "Mozilla/5.0 (compatible; MJ12bot/v1.4.8; http://mj12bot.com/)"
95.217.109.26 - - [04/Sep/2023:04:43:33 +0200] "GET /bougeoirs-photophores-et-porte-bougies-c-231_230.html HTTP/1.0" 301 95513 "-" "Mozilla/5.0 (compatible; MJ12bot/v1.4.8; http://mj12bot.com/)"
95.217.109.26 - - [04/Sep/2023:04:43:36 +0200] "GET /tealight-holders-candle-holders-c-230.html HTTP/1.0" 301 95382 "-" "Mozilla/5.0 (compatible; MJ12bot/v1.4.8; http://mj12bot.com/)"
95.217.109.26 - - [04/Sep/2023:04:43:39 +0200] "GET /tealight-holders-candle-holders-c-231_230.html HTTP/1.0" 200 95417 "-" "Mozilla/5.0 (compatible; MJ12bot/v1.4.8; http://mj12bot.com/)"
95.217.109.26 - - [04/Sep/2023:04:43:42 +0200] "GET /bougeoirs-photophores-porte-bougies-c-231_230.html HTTP/1.0" 301 95513 "-" "Mozilla/5.0 (compatible; MJ12bot/v1.4.8; http://mj12bot.com/)"
95.217.109.26 - - [04/Sep/2023:04:43:45 +0200] "GET /tealight-holders-candle-holders-c-230.html HTTP/1.0" 301 95382 "-" "Mozilla/5.0 (compatible; MJ12bot/v1.4.8; http://mj12bot.com/)"
95.217.109.26 - - [04/Sep/2023:04:43:56 +0200] "GET /tealight-holders-candle-holders-c-231_230.html HTTP/1.0" 200 95417 "-" "Mozilla/5.0 (compatible; MJ12bot/v1.4.8; http://mj12bot.com/)"
95.217.109.26 - - [04/Sep/2023:04:44:00 +0200] "GET /bougie-dcorative-heures-p-56871.html HTTP/1.0" 301 73803 "-" "Mozilla/5.0 (compatible; MJ12bot/v1.4.8; http://mj12bot.com/)"
95.217.109.26 - - [04/Sep/2023:04:44:02 +0200] "GET /decorative-candle-santa-interior-p-56871.html HTTP/1.0" 200 73704 "-" "Mozilla/5.0 (compatible; MJ12bot/v1.4.8; http://mj12bot.com/)"
95.217.109.26 - - [04/Sep/2023:04:44:05 +0200] "GET /bougie-meches-heart-and-home-heures-ange-gardien-p-51068.html HTTP/1.0" 301 73880 "-" "Mozilla/5.0 (compatible; MJ12bot/v1.4.8; http://mj12bot.com/)"
95.217.109.26 - - [04/Sep/2023:04:44:08 +0200] "GET /wick-ellipse-candle-heart-home-guardian-angel-p-51068.html HTTP/1.0" 200 73768 "-" "Mozilla/5.0 (compatible; MJ12bot/v1.4.8; http://mj12bot.com/)"
95.217.109.26 - - [04/Sep/2023:04:44:11 +0200] "GET /bougie-teinte-dans-masse-lilas-p-56103.html HTTP/1.0" 301 76094 "-" "Mozilla/5.0 (compatible; MJ12bot/v1.4.8; http://mj12bot.com/)"
95.217.109.26 - - [04/Sep/2023:04:44:13 +0200] "GET /tinted-candle-mass-lilac-p-56103.html HTTP/1.0" 200 76003 "-" "Mozilla/5.0 (compatible; MJ12bot/v1.4.8; http://mj12bot.com/)"
95.217.109.26 - - [04/Sep/2023:04:44:16 +0200] "GET /bougie-teinte-dans-masse-marron-p-56105.html HTTP/1.0" 301 76094 "-" "Mozilla/5.0 (compatible; MJ12bot/v1.4.8; http://mj12bot.com/)"
95.217.109.26 - - [04/Sep/2023:04:44:19 +0200] "GET /tinted-candle-mass-brown-p-56105.html HTTP/1.0" 200 76003 "-" "Mozilla/5.0 (compatible; MJ12bot/v1.4.8; http://mj12bot.com/)"
95.217.109.26 - - [04/Sep/2023:04:44:21 +0200] "GET /bougie-teinte-dans-masse-orange-p-56098.html HTTP/1.0" 301 76100 "-" "Mozilla/5.0 (compatible; MJ12bot/v1.4.8; http://mj12bot.com/)"
95.217.109.26 - - [04/Sep/2023:04:44:24 +0200] "GET /tinted-candle-mass-orange-p-56098.html HTTP/1.0" 200 76008 "-" "Mozilla/5.0 (compatible; MJ12bot/v1.4.8; http://mj12bot.com/)"
95.217.109.26 - - [04/Sep/2023:04:44:27 +0200] "GET /bougie-teinte-dans-masse-rouge-p-56093.html HTTP/1.0" 301 76070 "-" "Mozilla/5.0 (compatible; MJ12bot/v1.4.8; http://mj12bot.com/)"
95.217.109.26 - - [04/Sep/2023:04:44:30 +0200] "GET /tinted-candle-mass-p-56093.html HTTP/1.0" 200 75985 "-" "Mozilla/5.0 (compatible; MJ12bot/v1.4.8; http://mj12bot.com/)"
95.217.109.26 - - [04/Sep/2023:04:44:33 +0200] "GET /bougie-teinte-dans-masse-safran-p-56097.html HTTP/1.0" 301 76106 "-" "Mozilla/5.0 (compatible; MJ12bot/v1.4.8; http://mj12bot.com/)"
216.244.66.242 - - [04/Sep/2023:04:44:35 +0200] "GET /images/280420.jpg HTTP/1.0" 200 252 "-" "Mozilla/5.0 (compatible; DotBot/1.2; +https://opensiteexplorer.org/dotbot; help@moz.com)"
95.217.109.26 - - [04/Sep/2023:04:44:35 +0200] "GET /tinted-candle-mass-saffron-p-56097.html HTTP/1.0" 200 76013 "-" "Mozilla/5.0 (compatible; MJ12bot/v1.4.8; http://mj12bot.com/)"
95.217.109.26 - - [04/Sep/2023:04:44:38 +0200] "GET /bougie-teinte-dans-masse-vert-fonc-p-56100.html HTTP/1.0" 301 76124 "-" "Mozilla/5.0 (compatible; MJ12bot/v1.4.8; http://mj12bot.com/)"
216.244.66.242 - - [04/Sep/2023:04:44:42 +0200] "GET /images/3609810014541.jpg HTTP/1.0" 200 259 "-" "Mozilla/5.0 (compatible; DotBot/1.2; +https://opensiteexplorer.org/dotbot; help@moz.com)"
95.217.109.26 - - [04/Sep/2023:04:44:41 +0200] "GET /tinted-candle-mass-dark-green-p-56100.html HTTP/1.0" 200 76028 "-" "Mozilla/5.0 (compatible; MJ12bot/v1.4.8; http://mj12bot.com/)"
95.217.109.26 - - [04/Sep/2023:04:44:44 +0200] "GET /bougie-votive-heart-home-heures-cachemire-p-57273.html HTTP/1.0" 301 77282 "-" "Mozilla/5.0 (compatible; MJ12bot/v1.4.8; http://mj12bot.com/)"
95.217.109.26 - - [04/Sep/2023:04:44:47 +0200] "GET /small-heart-home-candle-cashmere-p-57273.html HTTP/1.0" 200 77183 "-" "Mozilla/5.0 (compatible; MJ12bot/v1.4.8; http://mj12bot.com/)"
216.244.66.242 - - [04/Sep/2023:04:44:50 +0200] "GET /images/4007176124895.jpg HTTP/1.0" 200 259 "-" "Mozilla/5.0 (compatible; DotBot/1.2; +https://opensiteexplorer.org/dotbot; help@moz.com)"
95.217.109.26 - - [04/Sep/2023:04:44:50 +0200] "GET /bougie-votive-heart-home-heures-enchantement-p-57269.html HTTP/1.0" 301 77393 "-" "Mozilla/5.0 (compatible; MJ12bot/v1.4.8; http://mj12bot.com/)"
95.217.109.26 - - [04/Sep/2023:04:44:52 +0200] "GET /small-heart-home-candle-true-enchantment-p-57269.html HTTP/1.0" 200 77286 "-" "Mozilla/5.0 (compatible; MJ12bot/v1.4.8; http://mj12bot.com/)"
216.244.66.242 - - [04/Sep/2023:04:44:55 +0200] "GET /images/5018997519554.jpg HTTP/1.0" 200 259 "-" "Mozilla/5.0 (compatible; DotBot/1.2; +https://opensiteexplorer.org/dotbot; help@moz.com)"
95.217.109.26 - - [04/Sep/2023:04:44:55 +0200] "GET /bougie-votive-heart-home-heures-linge-frais-p-57270.html HTTP/1.0" 301 77318 "-" "Mozilla/5.0 (compatible; MJ12bot/v1.4.8; http://mj12bot.com/)"
216.244.66.242 - - [04/Sep/2023:04:44:59 +0200] "GET /images/5050293380452.jpg HTTP/1.0" 200 259 "-" "Mozilla/5.0 (compatible; DotBot/1.2; +https://opensiteexplorer.org/dotbot; help@moz.com)"
95.217.109.26 - - [04/Sep/2023:04:44:58 +0200] "GET /small-heart-home-candle-fresh-line-p-57270.html HTTP/1.0" 200 77217 "-" "Mozilla/5.0 (compatible; MJ12bot/v1.4.8; http://mj12bot.com/)"
95.217.109.26 - - [04/Sep/2023:04:45:01 +0200] "GET /bougie-votive-heart-home-heures-pois-senteur-p-55373.html HTTP/1.0" 301 77202 "-" "Mozilla/5.0 (compatible; MJ12bot/v1.4.8; http://mj12bot.com/)"
95.217.109.26 - - [04/Sep/2023:04:45:04 +0200] "GET /heart-home-votive-candle-hours-sweet-peas-p-55373.html HTTP/1.0" 200 77094 "-" "Mozilla/5.0 (compatible; MJ12bot/v1.4.8; http://mj12bot.com/)"
95.217.109.26 - - [04/Sep/2023:04:45:08 +0200] "GET /bougie-votive-heart-home-heures-vanille-bois-santal-p-57271.html HTTP/1.0" 301 77503 "-" "Mozilla/5.0 (compatible; MJ12bot/v1.4.8; http://mj12bot.com/)"
95.217.109.26 - - [04/Sep/2023:04:45:11 +0200] "GET /small-heart-home-candle-sandalwood-vanilla-p-57271.html HTTP/1.0" 200 77394 "-" "Mozilla/5.0 (compatible; MJ12bot/v1.4.8; http://mj12bot.com/)"
95.217.109.26 - - [04/Sep/2023:04:45:16 +0200] "GET /bougie-votive-parfume-chakra-cdre-epica-romarin-p-55353.html HTTP/1.0" 301 73787 "-" "Mozilla/5.0 (compatible; MJ12bot/v1.4.8; http://mj12bot.com/)"
95.217.109.26 - - [04/Sep/2023:04:45:19 +0200] "GET /scented-votive-candle-chakra-p-55353.html HTTP/1.0" 200 73692 "-" "Mozilla/5.0 (compatible; MJ12bot/v1.4.8; http://mj12bot.com/)"
95.217.109.26 - - [04/Sep/2023:04:45:23 +0200] "GET /bouillotte-biche-orange-moment-douceur-p-56128.html HTTP/1.0" 301 76852 "-" "Mozilla/5.0 (compatible; MJ12bot/v1.4.8; http://mj12bot.com/)"
95.217.109.26 - - [04/Sep/2023:04:45:26 +0200] "GET /water-bottle-moment-douceur-biche-p-56128.html HTTP/1.0" 200 76752 "-" "Mozilla/5.0 (compatible; MJ12bot/v1.4.8; http://mj12bot.com/)"
95.217.109.26 - - [04/Sep/2023:04:45:30 +0200] "GET /bouillotte-biche-tricot-coton-caoutchouc-naturel-p-56877.html HTTP/1.0" 301 73799 "-" "Mozilla/5.0 (compatible; MJ12bot/v1.4.8; http://mj12bot.com/)"
216.244.66.242 - - [04/Sep/2023:04:45:30 +0200] "GET /cats-dubout-salt-pepper-p-32698.html HTTP/1.0" 200 76827 "-" "Mozilla/5.0 (compatible; DotBot/1.2; +https://opensiteexplorer.org/dotbot; help@moz.com)"
95.217.109.26 - - [04/Sep/2023:04:45:34 +0200] "GET /water-bottle-liters-knitting-p-56877.html HTTP/1.0" 200 73704 "-" "Mozilla/5.0 (compatible; MJ12bot/v1.4.8; http://mj12bot.com/)"
95.217.109.26 - - [04/Sep/2023:04:45:37 +0200] "GET /bouillotte-bouledogue-francais-07-litres-27-17-cm-p-45353.html HTTP/1.0" 301 73649 "-" "Mozilla/5.0 (compatible; MJ12bot/v1.4.8; http://mj12bot.com/)"
95.217.109.26 - - [04/Sep/2023:04:45:41 +0200] "GET /-p-45353.html HTTP/1.0" 200 73582 "-" "Mozilla/5.0 (compatible; MJ12bot/v1.4.8; http://mj12bot.com/)"
95.217.109.26 - - [04/Sep/2023:04:45:44 +0200] "GET /bouillotte-fourrure-froid-pche-p-56130.html HTTP/1.0" 301 73755 "-" "Mozilla/5.0 (compatible; MJ12bot/v1.4.8; http://mj12bot.com/)"
66.249.66.207 - - [04/Sep/2023:04:45:47 +0200] "GET /jane-crowther-ziggy-bowl-p-53865.html HTTP/1.0" 200 73692 "-" "Mozilla/5.0 (Linux; Android 6.0.1; Nexus 5X Build/MMB29P) AppleWebKit/537.36 (KHTML, like Gecko) Chrome/116.0.5845.110 Mobile Safari/537.36 (compatible; Googlebot/2.1; +http://www.google.com/bot.html)"
95.217.109.26 - - [04/Sep/2023:04:45:48 +0200] "GET /froid-water-bottle-p-56130.html HTTP/1.0" 200 73670 "-" "Mozilla/5.0 (compatible; MJ12bot/v1.4.8; http://mj12bot.com/)"
66.249.66.206 - - [04/Sep/2023:04:45:51 +0200] "GET /swfobject.js HTTP/1.0" 404 1308 "http://www.wonder-geek.com/jane-crowther-ziggy-bowl-p-53865.html" "Mozilla/5.0 (Linux; Android 6.0.1; Nexus 5X Build/MMB29P) AppleWebKit/537.36 (KHTML, like Gecko) Chrome/116.0.5845.110 Mobile Safari/537.36 (compatible; Googlebot/2.1; +http://www.google.com/bot.html)"
95.217.109.26 - - [04/Sep/2023:04:45:51 +0200] "GET /bouillotte-fourrure-mode-cocooning-blanche-p-56133.html HTTP/1.0" 301 73788 "-" "Mozilla/5.0 (compatible; MJ12bot/v1.4.8; http://mj12bot.com/)"
95.217.109.26 - - [04/Sep/2023:04:45:55 +0200] "GET /mode-cocooning-water-bottle-p-56133.html HTTP/1.0" 200 73694 "-" "Mozilla/5.0 (compatible; MJ12bot/v1.4.8; http://mj12bot.com/)"
95.217.109.26 - - [04/Sep/2023:04:45:58 +0200] "GET /bouillotte-fourrure-peux-trop-froid-p-56132.html HTTP/1.0" 301 73809 "-" "Mozilla/5.0 (compatible; MJ12bot/v1.4.8; http://mj12bot.com/)"
95.217.109.26 - - [04/Sep/2023:04:46:01 +0200] "GET /peux-trop-froid-water-bottle-p-56132.html HTTP/1.0" 200 73714 "-" "Mozilla/5.0 (compatible; MJ12bot/v1.4.8; http://mj12bot.com/)"
95.217.109.26 - - [04/Sep/2023:04:46:04 +0200] "GET /bouillotte-marron-pois-caoutchouc-naturel-p-56875.html HTTP/1.0" 301 73860 "-" "Mozilla/5.0 (compatible; MJ12bot/v1.4.8; http://mj12bot.com/)"
95.217.109.26 - - [04/Sep/2023:04:46:07 +0200] "GET /water-bottle-liters-brown-with-polka-dots-p-56875.html HTTP/1.0" 200 73752 "-" "Mozilla/5.0 (compatible; MJ12bot/v1.4.8; http://mj12bot.com/)"
54.36.148.180 - - [04/Sep/2023:04:46:11 +0200] "GET /green-ceramic-flowerpot-p-60742.html HTTP/1.0" 200 76613 "-" "Mozilla/5.0 (compatible; AhrefsBot/7.0; +http://ahrefs.com/robot/)"
95.217.109.26 - - [04/Sep/2023:04:46:11 +0200] "GET /bouillottes-chaufferettes-c-13_288.html HTTP/1.0" 301 93763 "-" "Mozilla/5.0 (compatible; MJ12bot/v1.4.8; http://mj12bot.com/)"
95.217.109.26 - - [04/Sep/2023:04:46:22 +0200] "GET /water-bottles-heaters-c-288.html HTTP/1.0" 301 93640 "-" "Mozilla/5.0 (compatible; MJ12bot/v1.4.8; http://mj12bot.com/)"
64.124.8.52 - - [04/Sep/2023:04:46:32 +0200] "GET /images/big_prod_1/8424001731985A.jpg HTTP/1.0" 200 271 "-" "Mozilla/5.0 (Macintosh; Intel Mac OS X 10_15_7) AppleWebKit/537.36 (KHTML, like Gecko) Chrome/107.0.0.0 Safari/537.36"
64.124.8.52 - - [04/Sep/2023:04:46:33 +0200] "GET /images/big_prod/8720088295816.jpg HTTP/1.0" 200 268 "-" "Mozilla/5.0 (Macintosh; Intel Mac OS X 10_15_7) AppleWebKit/537.36 (KHTML, like Gecko) Chrome/107.0.0.0 Safari/537.36"
64.124.8.52 - - [04/Sep/2023:04:46:33 +0200] "GET /images/big_prod_1/3700572722481B.jpg HTTP/1.0" 200 271 "-" "Mozilla/5.0 (Macintosh; Intel Mac OS X 10_15_7) AppleWebKit/537.36 (KHTML, like Gecko) Chrome/107.0.0.0 Safari/537.36"
64.124.8.52 - - [04/Sep/2023:04:46:34 +0200] "GET /images/1341689653248.jpg HTTP/1.0" 200 259 "-" "Mozilla/5.0 (Macintosh; Intel Mac OS X 10_15_7) AppleWebKit/537.36 (KHTML, like Gecko) Chrome/107.0.0.0 Safari/537.36"
64.124.8.52 - - [04/Sep/2023:04:46:41 +0200] "GET /images/big_prod/3701206602698.jpg HTTP/1.0" 200 268 "-" "Mozilla/5.0 (Macintosh; Intel Mac OS X 10_15_7) AppleWebKit/537.36 (KHTML, like Gecko) Chrome/107.0.0.0 Safari/537.36"
95.217.109.26 - - [04/Sep/2023:04:46:25 +0200] "GET /water-bottles-heaters-c-13_288.html HTTP/1.0" 200 93677 "-" "Mozilla/5.0 (compatible; MJ12bot/v1.4.8; http://mj12bot.com/)"
64.124.8.52 - - [04/Sep/2023:04:46:45 +0200] "GET /images/big_prod/152581328399138951.jpg HTTP/1.0" 200 273 "-" "Mozilla/5.0 (Macintosh; Intel Mac OS X 10_15_7) AppleWebKit/537.36 (KHTML, like Gecko) Chrome/107.0.0.0 Safari/537.36"
85.208.96.207 - - [04/Sep/2023:04:46:46 +0200] "GET /moroccan-ashtray-p-40628.html HTTP/1.0" 200 73636 "-" "Mozilla/5.0 (compatible; SemrushBot/7~bl; +http://www.semrush.com/bot.html)"
95.217.109.26 - - [04/Sep/2023:04:46:44 +0200] "GET /boule-neige-et-paillettes-c-13_259.html HTTP/1.0" 301 94043 "-" "Mozilla/5.0 (compatible; MJ12bot/v1.4.8; http://mj12bot.com/)"
95.217.109.26 - - [04/Sep/2023:04:46:55 +0200] "GET /snow-glitter-ball-c-259.html HTTP/1.0" 301 93920 "-" "Mozilla/5.0 (compatible; MJ12bot/v1.4.8; http://mj12bot.com/)"
95.217.109.26 - - [04/Sep/2023:04:46:58 +0200] "GET /snow-glitter-ball-c-13_259.html HTTP/1.0" 200 93961 "-" "Mozilla/5.0 (compatible; MJ12bot/v1.4.8; http://mj12bot.com/)"
95.217.109.26 - - [04/Sep/2023:04:47:14 +0200] "GET /boule-neige-paillettes-c-13_259.html HTTP/1.0" 301 94043 "-" "Mozilla/5.0 (compatible; MJ12bot/v1.4.8; http://mj12bot.com/)"
95.217.109.26 - - [04/Sep/2023:04:47:25 +0200] "GET /snow-glitter-ball-c-259.html HTTP/1.0" 301 93920 "-" "Mozilla/5.0 (compatible; MJ12bot/v1.4.8; http://mj12bot.com/)"
95.217.109.26 - - [04/Sep/2023:04:47:28 +0200] "GET /snow-glitter-ball-c-13_259.html HTTP/1.0" 200 93961 "-" "Mozilla/5.0 (compatible; MJ12bot/v1.4.8; http://mj12bot.com/)"
95.217.109.26 - - [04/Sep/2023:04:47:45 +0200] "GET /boule-paillettes-mickey-minnie-mariage-disney-traditions-p-57242.html HTTP/1.0" 301 77681 "-" "Mozilla/5.0 (compatible; MJ12bot/v1.4.8; http://mj12bot.com/)"
95.217.109.26 - - [04/Sep/2023:04:47:48 +0200] "GET /mickey-minnie-wedding-waterball-p-57242.html HTTP/1.0" 200 77583 "-" "Mozilla/5.0 (compatible; MJ12bot/v1.4.8; http://mj12bot.com/)"
95.217.109.26 - - [04/Sep/2023:04:47:52 +0200] "GET /boule-paillettes-stitch-collection-disney-traditions-p-53512.html HTTP/1.0" 301 76593 "-" "Mozilla/5.0 (compatible; MJ12bot/v1.4.8; http://mj12bot.com/)"
95.217.109.26 - - [04/Sep/2023:04:47:56 +0200] "GET /stitch-waterball-collection-p-53512.html HTTP/1.0" 200 76499 "-" "Mozilla/5.0 (compatible; MJ12bot/v1.4.8; http://mj12bot.com/)"
95.217.109.26 - - [04/Sep/2023:04:48:00 +0200] "GET /boussole-decorative-et-utilitaire-en-laiton-jrr-tolkien-p-52854.html HTTP/1.0" 301 73704 "-" "Mozilla/5.0 (compatible; MJ12bot/v1.4.8; http://mj12bot.com/)"
95.217.109.26 - - [04/Sep/2023:04:48:03 +0200] "GET /brass-compass-p-52854.html HTTP/1.0" 200 73624 "-" "Mozilla/5.0 (compatible; MJ12bot/v1.4.8; http://mj12bot.com/)"
95.217.109.26 - - [04/Sep/2023:04:48:06 +0200] "GET /boussole-decorative-et-utilitaire-en-laiton-p-52853.html HTTP/1.0" 301 73734 "-" "Mozilla/5.0 (compatible; MJ12bot/v1.4.8; http://mj12bot.com/)"
95.217.109.26 - - [04/Sep/2023:04:48:11 +0200] "GET /black-brass-compass-p-52853.html HTTP/1.0" 200 73648 "-" "Mozilla/5.0 (compatible; MJ12bot/v1.4.8; http://mj12bot.com/)"
95.217.109.26 - - [04/Sep/2023:04:48:15 +0200] "GET /boussole-decorative-et-utilitaire-en-laiton-p-52856.html HTTP/1.0" 301 76145 "-" "Mozilla/5.0 (compatible; MJ12bot/v1.4.8; http://mj12bot.com/)"
95.217.109.26 - - [04/Sep/2023:04:48:18 +0200] "GET /decorative-utility-compass-brass-p-52856.html HTTP/1.0" 200 76046 "-" "Mozilla/5.0 (compatible; MJ12bot/v1.4.8; http://mj12bot.com/)"
95.217.109.26 - - [04/Sep/2023:04:48:22 +0200] "GET /boutis-c-11_194.html HTTP/1.0" 301 93786 "-" "Mozilla/5.0 (compatible; MJ12bot/v1.4.8; http://mj12bot.com/)"
95.217.109.26 - - [04/Sep/2023:04:48:30 +0200] "GET /boutis-quilt-bedspread-c-194.html HTTP/1.0" 301 93667 "-" "Mozilla/5.0 (compatible; MJ12bot/v1.4.8; http://mj12bot.com/)"
95.217.109.26 - - [04/Sep/2023:04:48:33 +0200] "GET /boutis-quilt-bedspread-c-11_194.html HTTP/1.0" 200 93699 "-" "Mozilla/5.0 (compatible; MJ12bot/v1.4.8; http://mj12bot.com/)"
95.217.109.26 - - [04/Sep/2023:04:48:47 +0200] "GET /boutis-edredon-couvre-lit-c-11_194.html HTTP/1.0" 301 93786 "-" "Mozilla/5.0 (compatible; MJ12bot/v1.4.8; http://mj12bot.com/)"
54.36.148.62 - - [04/Sep/2023:04:48:58 +0200] "GET /isothermic-stainless-steel-bottle-flower-life-cbkreation-p-60718.html HTTP/1.0" 200 76244 "-" "Mozilla/5.0 (compatible; AhrefsBot/7.0; +http://ahrefs.com/robot/)"
95.217.109.26 - - [04/Sep/2023:04:48:55 +0200] "GET /boutis-quilt-bedspread-c-194.html HTTP/1.0" 301 93667 "-" "Mozilla/5.0 (compatible; MJ12bot/v1.4.8; http://mj12bot.com/)"
95.217.109.26 - - [04/Sep/2023:04:48:58 +0200] "GET /boutis-quilt-bedspread-c-11_194.html HTTP/1.0" 200 93699 "-" "Mozilla/5.0 (compatible; MJ12bot/v1.4.8; http://mj12bot.com/)"
17.241.219.247 - - [04/Sep/2023:04:49:10 +0200] "GET /images/big_prod/8422135410080.jpg HTTP/1.0" 200 268 "-" "Mozilla/5.0 (Macintosh; Intel Mac OS X 10_15_5) AppleWebKit/605.1.15 (KHTML, like Gecko) Version/13.1.1 Safari/605.1.15 (Applebot/0.1; +http://www.apple.com/go/applebot)"
95.217.109.26 - - [04/Sep/2023:04:49:12 +0200] "GET /bouton-meuble-cramique-vendu-unit-bonheur-p-55985.html HTTP/1.0" 301 73799 "-" "Mozilla/5.0 (compatible; MJ12bot/v1.4.8; http://mj12bot.com/)"
95.217.109.26 - - [04/Sep/2023:04:49:15 +0200] "GET /furniture-knob-sold-individually-p-55985.html HTTP/1.0" 200 73700 "-" "Mozilla/5.0 (compatible; MJ12bot/v1.4.8; http://mj12bot.com/)"
95.217.109.26 - - [04/Sep/2023:04:49:19 +0200] "GET /bouton-meuble-cramique-vendu-unit-carreau-noir-p-55984.html HTTP/1.0" 301 73799 "-" "Mozilla/5.0 (compatible; MJ12bot/v1.4.8; http://mj12bot.com/)"
95.217.109.26 - - [04/Sep/2023:04:49:22 +0200] "GET /furniture-knob-sold-individually-p-55984.html HTTP/1.0" 200 73700 "-" "Mozilla/5.0 (compatible; MJ12bot/v1.4.8; http://mj12bot.com/)"
95.217.109.26 - - [04/Sep/2023:04:49:26 +0200] "GET /bouton-meuble-cramique-vendu-unit-famille-p-55980.html HTTP/1.0" 301 73799 "-" "Mozilla/5.0 (compatible; MJ12bot/v1.4.8; http://mj12bot.com/)"
95.217.109.26 - - [04/Sep/2023:04:49:29 +0200] "GET /furniture-knob-sold-individually-p-55980.html HTTP/1.0" 200 73700 "-" "Mozilla/5.0 (compatible; MJ12bot/v1.4.8; http://mj12bot.com/)"
95.217.109.26 - - [04/Sep/2023:04:49:32 +0200] "GET /bouton-meuble-cramique-vendu-unit-fleurs-bleues-p-55981.html HTTP/1.0" 301 73799 "-" "Mozilla/5.0 (compatible; MJ12bot/v1.4.8; http://mj12bot.com/)"
95.217.109.26 - - [04/Sep/2023:04:49:36 +0200] "GET /furniture-knob-sold-individually-p-55981.html HTTP/1.0" 200 73700 "-" "Mozilla/5.0 (compatible; MJ12bot/v1.4.8; http://mj12bot.com/)"
95.217.109.26 - - [04/Sep/2023:04:49:39 +0200] "GET /bouton-meuble-cramique-vendu-unit-graphique-p-55988.html HTTP/1.0" 301 73799 "-" "Mozilla/5.0 (compatible; MJ12bot/v1.4.8; http://mj12bot.com/)"
95.217.109.26 - - [04/Sep/2023:04:49:43 +0200] "GET /furniture-knob-sold-individually-p-55988.html HTTP/1.0" 200 73700 "-" "Mozilla/5.0 (compatible; MJ12bot/v1.4.8; http://mj12bot.com/)"
95.217.109.26 - - [04/Sep/2023:04:49:46 +0200] "GET /bouton-meuble-cramique-vendu-unit-palmier-gris-p-55976.html HTTP/1.0" 301 73799 "-" "Mozilla/5.0 (compatible; MJ12bot/v1.4.8; http://mj12bot.com/)"
66.249.66.207 - - [04/Sep/2023:04:49:47 +0200] "GET /cake-dish-morello-cherries-p-54512.html HTTP/1.0" 200 76128 "-" "Mozilla/5.0 (compatible; Googlebot/2.1; +http://www.google.com/bot.html)"
51.68.224.127 - - [04/Sep/2023:04:49:49 +0200] "GET /adminweb/export_orders_xml.php?token=256de2z6edz6ed2z6DFSFsed2zed6zeDSFDSGdzedezfzf&maxorders=10&orderstart=1&status=14&start_date=2018-10-01 HTTP/1.0" 200 285 "-" "GesCom CharlotteBoutik Serveur"
95.217.109.26 - - [04/Sep/2023:04:49:49 +0200] "GET /furniture-knob-sold-individually-p-55976.html HTTP/1.0" 200 73700 "-" "Mozilla/5.0 (compatible; MJ12bot/v1.4.8; http://mj12bot.com/)"
209.141.35.254 - - [04/Sep/2023:04:49:53 +0200] "GET /images/mini_prod/3503420107825.jpg HTTP/1.0" 200 269 "-" "Mozilla/5.0 (X11; Ubuntu; Linux x86_64; rv:72.0) Gecko/20100101 Firefox/72.0"
51.68.224.127 - - [04/Sep/2023:04:49:49 +0200] "GET /adminweb/export_orders_xml.php?token=256de2z6edz6ed2z6DFSFsed2zed6zeDSFDSGdzedezfzf&maxorders=10&orderstart=1&status=6&start_date=2018-10-01 HTTP/1.0" 200 33963 "-" "GesCom CharlotteBoutik Serveur"
95.217.109.26 - - [04/Sep/2023:04:49:52 +0200] "GET /bowls-c-12_255.html HTTP/1.0" 200 81461 "-" "Mozilla/5.0 (compatible; MJ12bot/v1.4.8; http://mj12bot.com/)"
95.217.109.26 - - [04/Sep/2023:04:50:02 +0200] "GET /bowls-c-12_60.html HTTP/1.0" 200 94397 "-" "Mozilla/5.0 (compatible; MJ12bot/v1.4.8; http://mj12bot.com/)"
87.250.224.244 - - [04/Sep/2023:04:50:23 +0200] "GET /robots.txt HTTP/1.0" 200 245 "-" "Mozilla/5.0 (compatible; YandexBot/3.0; +http://yandex.com/bots)"
95.217.109.26 - - [04/Sep/2023:04:50:20 +0200] "GET /bowls-c-255.html HTTP/1.0" 301 81430 "-" "Mozilla/5.0 (compatible; MJ12bot/v1.4.8; http://mj12bot.com/)"
213.180.203.94 - - [04/Sep/2023:04:50:23 +0200] "GET /cement-planter-rings-pink-p-60729.html HTTP/1.0" 200 76687 "-" "Mozilla/5.0 (compatible; YandexBot/3.0; +http://yandex.com/bots)"
5.255.231.46 - - [04/Sep/2023:04:50:26 +0200] "GET /chakras-massage-stick-p-48361.html HTTP/1.0" 200 73672 "-" "Mozilla/5.0 (compatible; YandexBot/3.0; +http://yandex.com/bots)"
95.217.109.26 - - [04/Sep/2023:04:50:22 +0200] "GET /bowls-c-12_255.html HTTP/1.0" 200 81461 "-" "Mozilla/5.0 (compatible; MJ12bot/v1.4.8; http://mj12bot.com/)"
95.217.109.26 - - [04/Sep/2023:04:50:33 +0200] "GET /bowls-c-60.html HTTP/1.0" 301 94365 "-" "Mozilla/5.0 (compatible; MJ12bot/v1.4.8; http://mj12bot.com/)"
95.217.109.26 - - [04/Sep/2023:04:50:36 +0200] "GET /bowls-c-12_60.html HTTP/1.0" 200 94397 "-" "Mozilla/5.0 (compatible; MJ12bot/v1.4.8; http://mj12bot.com/)"
95.217.109.26 - - [04/Sep/2023:04:50:52 +0200] "GET /boxers-c-139.html HTTP/1.0" 301 72334 "-" "Mozilla/5.0 (compatible; MJ12bot/v1.4.8; http://mj12bot.com/)"
95.217.109.26 - - [04/Sep/2023:04:50:54 +0200] "GET /-c-139.html HTTP/1.0" 200 72269 "-" "Mozilla/5.0 (compatible; MJ12bot/v1.4.8; http://mj12bot.com/)"
47.128.19.245 - - [04/Sep/2023:04:50:59 +0200] "GET /images/3760194999883.jpg HTTP/1.0" 200 259 "-" "Mozilla/5.0 (Linux; Android 5.0) AppleWebKit/537.36 (KHTML, like Gecko) Mobile Safari/537.36 (compatible; Bytespider; spider-feedback@bytedance.com)"
95.217.109.26 - - [04/Sep/2023:04:50:57 +0200] "GET /boxers-c-53_139.html HTTP/1.0" 301 72438 "-" "Mozilla/5.0 (compatible; MJ12bot/v1.4.8; http://mj12bot.com/)"
95.217.109.26 - - [04/Sep/2023:04:51:00 +0200] "GET /-c-139.html HTTP/1.0" 200 72269 "-" "Mozilla/5.0 (compatible; MJ12bot/v1.4.8; http://mj12bot.com/)"
95.217.109.26 - - [04/Sep/2023:04:51:03 +0200] "GET /boys-c-2.html HTTP/1.0" 200 94020 "-" "Mozilla/5.0 (compatible; MJ12bot/v1.4.8; http://mj12bot.com/)"
95.217.109.26 - - [04/Sep/2023:04:51:13 +0200] "GET /braided-paper-fiber-basket-beige-p-58188.html HTTP/1.0" 200 76665 "-" "Mozilla/5.0 (compatible; MJ12bot/v1.4.8; http://mj12bot.com/)"
95.217.109.26 - - [04/Sep/2023:04:51:17 +0200] "GET /braided-paper-fiber-basket-beige-p-58195.html HTTP/1.0" 200 76986 "-" "Mozilla/5.0 (compatible; MJ12bot/v1.4.8; http://mj12bot.com/)"
95.217.109.26 - - [04/Sep/2023:04:51:21 +0200] "GET /braided-polypropylene-decorative-basket-p-58198.html HTTP/1.0" 200 76979 "-" "Mozilla/5.0 (compatible; MJ12bot/v1.4.8; http://mj12bot.com/)"
95.217.109.26 - - [04/Sep/2023:04:51:25 +0200] "GET /branch-orchids-adhesive-decoration-board-p-55495.html HTTP/1.0" 301 73649 "-" "Mozilla/5.0 (compatible; MJ12bot/v1.4.8; http://mj12bot.com/)"
95.217.109.26 - - [04/Sep/2023:04:51:28 +0200] "GET /-p-55495.html HTTP/1.0" 200 73582 "-" "Mozilla/5.0 (compatible; MJ12bot/v1.4.8; http://mj12bot.com/)"
95.217.109.26 - - [04/Sep/2023:04:51:32 +0200] "GET /brass-compass-and-sundial-p-52855.html HTTP/1.0" 301 76633 "-" "Mozilla/5.0 (compatible; MJ12bot/v1.4.8; http://mj12bot.com/)"
95.217.109.26 - - [04/Sep/2023:04:51:35 +0200] "GET /brass-compass-sundial-p-52855.html HTTP/1.0" 200 76545 "-" "Mozilla/5.0 (compatible; MJ12bot/v1.4.8; http://mj12bot.com/)"
95.217.109.26 - - [04/Sep/2023:04:51:39 +0200] "GET /brass-compass-p-52854.html HTTP/1.0" 200 73624 "-" "Mozilla/5.0 (compatible; MJ12bot/v1.4.8; http://mj12bot.com/)"
95.217.109.26 - - [04/Sep/2023:04:51:42 +0200] "GET /bread-bags-pie-bag-c-179.html HTTP/1.0" 301 84785 "-" "Mozilla/5.0 (compatible; MJ12bot/v1.4.8; http://mj12bot.com/)"
54.36.149.5 - - [04/Sep/2023:04:51:49 +0200] "GET /isothermic-stainless-steel-bottle-corsican-flag-cbkreation-p-60715.html HTTP/1.0" 200 76922 "-" "Mozilla/5.0 (compatible; AhrefsBot/7.0; +http://ahrefs.com/robot/)"
95.217.109.26 - - [04/Sep/2023:04:51:44 +0200] "GET /bread-bags-c-11_179.html HTTP/1.0" 200 84829 "-" "Mozilla/5.0 (compatible; MJ12bot/v1.4.8; http://mj12bot.com/)"
95.217.109.26 - - [04/Sep/2023:04:51:56 +0200] "GET /bread-box-c-211.html HTTP/1.0" 301 80438 "-" "Mozilla/5.0 (compatible; MJ12bot/v1.4.8; http://mj12bot.com/)"
52.167.144.177 - - [04/Sep/2023:04:52:07 +0200] "GET /secret-garden-bedclothes-220-240-cm-p-39068.html HTTP/1.0" 301 73649 "-" "Mozilla/5.0 AppleWebKit/537.36 (KHTML, like Gecko; compatible; bingbot/2.0; +http://www.bing.com/bingbot.htm) Chrome/103.0.5060.134 Safari/537.36"
95.217.109.26 - - [04/Sep/2023:04:51:59 +0200] "GET /bread-c-13_150_211.html HTTP/1.0" 200 80607 "-" "Mozilla/5.0 (compatible; MJ12bot/v1.4.8; http://mj12bot.com/)"
95.217.109.26 - - [04/Sep/2023:04:52:11 +0200] "GET /breakfast-board-cinnamon-star-massacre-tassen-made-in-germany-p-53188.html HTTP/1.0" 301 77235 "-" "Mozilla/5.0 (compatible; MJ12bot/v1.4.8; http://mj12bot.com/)"
95.217.109.26 - - [04/Sep/2023:04:52:14 +0200] "GET /breakfast-board-cinnamon-star-massacre-tassen-made-germany-p-53188.html HTTP/1.0" 200 77110 "-" "Mozilla/5.0 (compatible; MJ12bot/v1.4.8; http://mj12bot.com/)"
95.217.109.26 - - [04/Sep/2023:04:52:18 +0200] "GET /breakfast-board-half-as-bad-tassen-made-in-germany-p-53190.html HTTP/1.0" 301 77150 "-" "Mozilla/5.0 (compatible; MJ12bot/v1.4.8; http://mj12bot.com/)"
95.217.109.26 - - [04/Sep/2023:04:52:21 +0200] "GET /breakfast-board-half-tassen-made-germany-p-53190.html HTTP/1.0" 200 77043 "-" "Mozilla/5.0 (compatible; MJ12bot/v1.4.8; http://mj12bot.com/)"
95.217.109.26 - - [04/Sep/2023:04:52:25 +0200] "GET /bright-wooden-frame-little-prince-exupery-p-49745.html HTTP/1.0" 200 73756 "-" "Mozilla/5.0 (compatible; MJ12bot/v1.4.8; http://mj12bot.com/)"
95.217.109.26 - - [04/Sep/2023:04:52:28 +0200] "GET /bright-wooden-frame-little-prince-exupery-p-49746.html HTTP/1.0" 200 76257 "-" "Mozilla/5.0 (compatible; MJ12bot/v1.4.8; http://mj12bot.com/)"
95.217.109.26 - - [04/Sep/2023:04:52:32 +0200] "GET /bright-wooden-frame-the-little-prince-of-st-exupery-p-49745.html HTTP/1.0" 301 73864 "-" "Mozilla/5.0 (compatible; MJ12bot/v1.4.8; http://mj12bot.com/)"
213.180.203.211 - - [04/Sep/2023:04:52:35 +0200] "GET /checkout_shipping.php HTTP/1.0" 302 468 "-" "Mozilla/5.0 (compatible; YandexBot/3.0; +http://yandex.com/bots)"
213.180.203.231 - - [04/Sep/2023:04:52:33 +0200] "GET /socks-c-1_141.html HTTP/1.0" 200 80946 "-" "Mozilla/5.0 (compatible; YandexBot/3.0; +http://yandex.com/bots)"
95.108.213.126 - - [04/Sep/2023:04:52:34 +0200] "GET /set-c-2_34.html HTTP/1.0" 200 79902 "-" "Mozilla/5.0 (compatible; YandexBot/3.0; +http://yandex.com/bots)"
3.93.189.86 - - [04/Sep/2023:04:52:38 +0200] "GET /images/mini_prod/3660173163628.jpg HTTP/1.0" 200 269 "-" "Mozilla/5.0 (X11; Ubuntu; Linux x86_64; rv:72.0) Gecko/20100101 Firefox/72.0"
95.217.109.26 - - [04/Sep/2023:04:52:36 +0200] "GET /bright-wooden-frame-little-prince-exupery-p-49745.html HTTP/1.0" 200 73756 "-" "Mozilla/5.0 (compatible; MJ12bot/v1.4.8; http://mj12bot.com/)"
95.108.213.237 - - [04/Sep/2023:04:52:33 +0200] "GET /esotericism-lithotherapy-c-174.html HTTP/1.0" 200 93115 "-" "Mozilla/5.0 (compatible; YandexBot/3.0; +http://yandex.com/bots)"
95.217.109.26 - - [04/Sep/2023:04:52:40 +0200] "GET /bright-wooden-frame-the-little-prince-of-st-exupery-p-49746.html HTTP/1.0" 301 76365 "-" "Mozilla/5.0 (compatible; MJ12bot/v1.4.8; http://mj12bot.com/)"
5.255.231.57 - - [04/Sep/2023:04:52:34 +0200] "GET /chandeliers-suspensions-c-86_280.html HTTP/1.0" 200 93381 "-" "Mozilla/5.0 (compatible; YandexBot/3.0; +http://yandex.com/bots)"
5.255.231.245 - - [04/Sep/2023:04:52:34 +0200] "GET /plates-cups-c-12_58.html HTTP/1.0" 200 81530 "-" "Mozilla/5.0 (compatible; YandexBot/3.0; +http://yandex.com/bots)"
87.250.224.74 - - [04/Sep/2023:04:52:32 +0200] "GET /cups-c-12_248.html HTTP/1.0" 200 88732 "-" "Mozilla/5.0 (compatible; YandexBot/3.0; +http://yandex.com/bots)"
5.255.231.169 - - [04/Sep/2023:04:52:34 +0200] "GET /wallet-c-31_237.html HTTP/1.0" 200 94344 "-" "Mozilla/5.0 (compatible; YandexBot/3.0; +http://yandex.com/bots)"
95.217.109.26 - - [04/Sep/2023:04:52:43 +0200] "GET /bright-wooden-frame-little-prince-exupery-p-49746.html HTTP/1.0" 200 76257 "-" "Mozilla/5.0 (compatible; MJ12bot/v1.4.8; http://mj12bot.com/)"
87.250.224.218 - - [04/Sep/2023:04:52:34 +0200] "GET /towel-bath-towels-c-11_70.html HTTP/1.0" 200 90742 "-" "Mozilla/5.0 (compatible; YandexBot/3.0; +http://yandex.com/bots)"
87.250.224.249 - - [04/Sep/2023:04:52:36 +0200] "GET /backpacks-c-31_77.html HTTP/1.0" 200 96673 "-" "Mozilla/5.0 (compatible; YandexBot/3.0; +http://yandex.com/bots)"
95.217.109.26 - - [04/Sep/2023:04:52:48 +0200] "GET /buddha-candle-holder-gold-patina-resin-p-47988.html HTTP/1.0" 200 73769 "-" "Mozilla/5.0 (compatible; MJ12bot/v1.4.8; http://mj12bot.com/)"
95.217.109.26 - - [04/Sep/2023:04:52:51 +0200] "GET /buddha-cushion-p-38295.html HTTP/1.0" 301 73649 "-" "Mozilla/5.0 (compatible; MJ12bot/v1.4.8; http://mj12bot.com/)"
95.217.109.26 - - [04/Sep/2023:04:52:55 +0200] "GET /-p-38295.html HTTP/1.0" 200 73582 "-" "Mozilla/5.0 (compatible; MJ12bot/v1.4.8; http://mj12bot.com/)"
95.108.213.200 - - [04/Sep/2023:04:52:36 +0200] "GET / HTTP/1.0" 200 154016 "-" "Mozilla/5.0 (compatible; YandexBot/3.0; +http://yandex.com/bots)"
95.217.109.26 - - [04/Sep/2023:04:52:58 +0200] "GET /buddha-cushion-p-38296.html HTTP/1.0" 301 73649 "-" "Mozilla/5.0 (compatible; MJ12bot/v1.4.8; http://mj12bot.com/)"
95.217.109.26 - - [04/Sep/2023:04:53:01 +0200] "GET /-p-38296.html HTTP/1.0" 200 73582 "-" "Mozilla/5.0 (compatible; MJ12bot/v1.4.8; http://mj12bot.com/)"
95.217.109.26 - - [04/Sep/2023:04:53:04 +0200] "GET /buddha-cushion-p-38322.html HTTP/1.0" 301 73649 "-" "Mozilla/5.0 (compatible; MJ12bot/v1.4.8; http://mj12bot.com/)"
95.217.109.26 - - [04/Sep/2023:04:53:08 +0200] "GET /-p-38322.html HTTP/1.0" 200 73582 "-" "Mozilla/5.0 (compatible; MJ12bot/v1.4.8; http://mj12bot.com/)"
95.217.109.26 - - [04/Sep/2023:04:53:11 +0200] "GET /buddha-decorative-candle-p-37828.html HTTP/1.0" 301 73649 "-" "Mozilla/5.0 (compatible; MJ12bot/v1.4.8; http://mj12bot.com/)"
95.217.109.26 - - [04/Sep/2023:04:53:14 +0200] "GET /-p-37828.html HTTP/1.0" 200 73582 "-" "Mozilla/5.0 (compatible; MJ12bot/v1.4.8; http://mj12bot.com/)"
114.119.150.228 - - [04/Sep/2023:04:53:17 +0200] "GET /images/big_prod_2/8718375754559C.jpg HTTP/1.0" 200 271 "http://www.wonder-geek.com/almond-blossom-pill-gogh-p-60070.html" "Mozilla/5.0 (Linux; Android 7.0;) AppleWebKit/537.36 (KHTML, like Gecko) Mobile Safari/537.36 (compatible; PetalBot;+https://webmaster.petalsearch.com/site/petalbot)"
95.217.109.26 - - [04/Sep/2023:04:53:18 +0200] "GET /buddha-head-resin-statue-p-56155.html HTTP/1.0" 200 76776 "-" "Mozilla/5.0 (compatible; MJ12bot/v1.4.8; http://mj12bot.com/)"
95.217.109.26 - - [04/Sep/2023:04:53:22 +0200] "GET /buddha-resin-patina-gold-statue-p-38072.html HTTP/1.0" 200 73758 "-" "Mozilla/5.0 (compatible; MJ12bot/v1.4.8; http://mj12bot.com/)"
95.217.109.26 - - [04/Sep/2023:04:53:25 +0200] "GET /buddha-resin-patina-old-gold-statue-28-cm-p-38072.html HTTP/1.0" 301 73856 "-" "Mozilla/5.0 (compatible; MJ12bot/v1.4.8; http://mj12bot.com/)"
95.217.109.26 - - [04/Sep/2023:04:53:28 +0200] "GET /buddha-resin-patina-gold-statue-p-38072.html HTTP/1.0" 200 73758 "-" "Mozilla/5.0 (compatible; MJ12bot/v1.4.8; http://mj12bot.com/)"
59.82.77.9 - - [04/Sep/2023:04:53:31 +0200] "GET /images/mini_prod/1384010208410.jpg HTTP/1.0" 200 269 "-" "Mozilla/5.0 (X11; Ubuntu; Linux x86_64; rv:72.0) Gecko/20100101 Firefox/72.0"
95.217.109.26 - - [04/Sep/2023:04:53:32 +0200] "GET /buddha-resin-patina-old-statue-42-cm-p-38068.html HTTP/1.0" 301 73826 "-" "Mozilla/5.0 (compatible; MJ12bot/v1.4.8; http://mj12bot.com/)"
95.217.109.26 - - [04/Sep/2023:04:53:35 +0200] "GET /buddha-resin-patina-statue-p-38068.html HTTP/1.0" 200 73733 "-" "Mozilla/5.0 (compatible; MJ12bot/v1.4.8; http://mj12bot.com/)"
95.217.109.26 - - [04/Sep/2023:04:53:38 +0200] "GET /buddha-resin-patina-statue-p-38068.html HTTP/1.0" 200 73733 "-" "Mozilla/5.0 (compatible; MJ12bot/v1.4.8; http://mj12bot.com/)"
95.217.109.26 - - [04/Sep/2023:04:53:41 +0200] "GET /buddha-statue-polyresin-60-cm-p-38065.html HTTP/1.0" 301 73649 "-" "Mozilla/5.0 (compatible; MJ12bot/v1.4.8; http://mj12bot.com/)"
95.217.109.26 - - [04/Sep/2023:04:53:45 +0200] "GET /-p-38065.html HTTP/1.0" 200 73582 "-" "Mozilla/5.0 (compatible; MJ12bot/v1.4.8; http://mj12bot.com/)"
95.217.109.26 - - [04/Sep/2023:04:53:48 +0200] "GET /burlap-round-table-p-53082.html HTTP/1.0" 200 76482 "-" "Mozilla/5.0 (compatible; MJ12bot/v1.4.8; http://mj12bot.com/)"
95.217.109.26 - - [04/Sep/2023:04:53:52 +0200] "GET /burlap-round-table-set-p-53082.html HTTP/1.0" 301 76567 "-" "Mozilla/5.0 (compatible; MJ12bot/v1.4.8; http://mj12bot.com/)"
95.217.109.26 - - [04/Sep/2023:04:53:55 +0200] "GET /burlap-round-table-p-53082.html HTTP/1.0" 200 76482 "-" "Mozilla/5.0 (compatible; MJ12bot/v1.4.8; http://mj12bot.com/)"
95.217.109.26 - - [04/Sep/2023:04:53:59 +0200] "GET /butterfly-cast-iron-wall-gate-bell-p-58637.html HTTP/1.0" 200 73708 "-" "Mozilla/5.0 (compatible; MJ12bot/v1.4.8; http://mj12bot.com/)"
95.217.109.26 - - [04/Sep/2023:04:54:02 +0200] "GET /cache-octobre-2022-c-95_301.html HTTP/1.0" 301 72515 "-" "Mozilla/5.0 (compatible; MJ12bot/v1.4.8; http://mj12bot.com/)"
95.217.109.26 - - [04/Sep/2023:04:54:08 +0200] "GET /-c-301.html HTTP/1.0" 200 72361 "-" "Mozilla/5.0 (compatible; MJ12bot/v1.4.8; http://mj12bot.com/)"
95.217.109.26 - - [04/Sep/2023:04:54:11 +0200] "GET /cactus-lamp-turquoise-porcelain-p-46360.html HTTP/1.0" 200 73714 "-" "Mozilla/5.0 (compatible; MJ12bot/v1.4.8; http://mj12bot.com/)"
95.217.109.26 - - [04/Sep/2023:04:54:15 +0200] "GET /cactus-salt-and-pepper-shakers-p-52313.html HTTP/1.0" 301 73777 "-" "Mozilla/5.0 (compatible; MJ12bot/v1.4.8; http://mj12bot.com/)"
95.217.109.26 - - [04/Sep/2023:04:54:18 +0200] "GET /cactus-salt-pepper-shakers-p-52313.html HTTP/1.0" 200 73684 "-" "Mozilla/5.0 (compatible; MJ12bot/v1.4.8; http://mj12bot.com/)"
95.217.109.26 - - [04/Sep/2023:04:54:24 +0200] "GET /cactus-salt-pepper-shakers-p-52313.html HTTP/1.0" 200 73684 "-" "Mozilla/5.0 (compatible; MJ12bot/v1.4.8; http://mj12bot.com/)"
95.217.109.26 - - [04/Sep/2023:04:54:27 +0200] "GET /cactus-shooter-at-the-unit-p-45493.html HTTP/1.0" 301 73752 "-" "Mozilla/5.0 (compatible; MJ12bot/v1.4.8; http://mj12bot.com/)"
95.217.109.26 - - [04/Sep/2023:04:54:31 +0200] "GET /cactus-shooter-unit-p-45493.html HTTP/1.0" 200 73666 "-" "Mozilla/5.0 (compatible; MJ12bot/v1.4.8; http://mj12bot.com/)"
52.167.144.177 - - [04/Sep/2023:04:54:19 +0200] "GET /bowls-c-12_60.html?page=5 HTTP/1.0" 200 94930 "-" "Mozilla/5.0 AppleWebKit/537.36 (KHTML, like Gecko; compatible; bingbot/2.0; +http://www.bing.com/bingbot.htm) Chrome/103.0.5060.134 Safari/537.36"
95.217.109.26 - - [04/Sep/2023:04:54:34 +0200] "GET /cake-molds-ice-cube-molds-c-246.html HTTP/1.0" 301 89110 "-" "Mozilla/5.0 (compatible; MJ12bot/v1.4.8; http://mj12bot.com/)"
95.217.109.26 - - [04/Sep/2023:04:54:37 +0200] "GET /cake-molds-cube-molds-c-12_246.html HTTP/1.0" 200 89125 "-" "Mozilla/5.0 (compatible; MJ12bot/v1.4.8; http://mj12bot.com/)"
54.36.149.64 - - [04/Sep/2023:04:54:46 +0200] "GET /illuminated-decorations-c-86_282.html HTTP/1.0" 200 85126 "-" "Mozilla/5.0 (compatible; AhrefsBot/7.0; +http://ahrefs.com/robot/)"
95.217.109.26 - - [04/Sep/2023:04:54:50 +0200] "GET /calecons-c-53_139.html HTTP/1.0" 301 72438 "-" "Mozilla/5.0 (compatible; MJ12bot/v1.4.8; http://mj12bot.com/)"
95.217.109.26 - - [04/Sep/2023:04:54:53 +0200] "GET /-c-139.html HTTP/1.0" 200 72269 "-" "Mozilla/5.0 (compatible; MJ12bot/v1.4.8; http://mj12bot.com/)"
95.217.109.26 - - [04/Sep/2023:04:54:56 +0200] "GET /calendar-bookmarks-year-2017-16-cm-p-36812.html HTTP/1.0" 301 73649 "-" "Mozilla/5.0 (compatible; MJ12bot/v1.4.8; http://mj12bot.com/)"
95.217.109.26 - - [04/Sep/2023:04:54:59 +0200] "GET /-p-36812.html HTTP/1.0" 200 73582 "-" "Mozilla/5.0 (compatible; MJ12bot/v1.4.8; http://mj12bot.com/)"
95.217.109.26 - - [04/Sep/2023:04:55:03 +0200] "GET /calendar-bookmarks-year-2018-16-cm-p-41806.html HTTP/1.0" 301 73649 "-" "Mozilla/5.0 (compatible; MJ12bot/v1.4.8; http://mj12bot.com/)"
95.217.109.26 - - [04/Sep/2023:04:55:06 +0200] "GET /-p-41806.html HTTP/1.0" 200 73582 "-" "Mozilla/5.0 (compatible; MJ12bot/v1.4.8; http://mj12bot.com/)"
95.217.109.26 - - [04/Sep/2023:04:55:10 +0200] "GET /calendrier-marque-pages-annee-2018-16-cm-fleurs-p-41806.html HTTP/1.0" 301 73649 "-" "Mozilla/5.0 (compatible; MJ12bot/v1.4.8; http://mj12bot.com/)"
95.217.109.26 - - [04/Sep/2023:04:55:13 +0200] "GET /-p-41806.html HTTP/1.0" 200 73582 "-" "Mozilla/5.0 (compatible; MJ12bot/v1.4.8; http://mj12bot.com/)"
95.217.109.26 - - [04/Sep/2023:04:55:17 +0200] "GET /calendrier-mirabelle-annee-2016-p-31180.html HTTP/1.0" 301 76261 "-" "Mozilla/5.0 (compatible; MJ12bot/v1.4.8; http://mj12bot.com/)"
95.217.109.26 - - [04/Sep/2023:04:55:20 +0200] "GET /mirabelle-calendar-year-2016-p-31180.html HTTP/1.0" 200 76166 "-" "Mozilla/5.0 (compatible; MJ12bot/v1.4.8; http://mj12bot.com/)"
95.217.109.26 - - [04/Sep/2023:04:55:24 +0200] "GET /caleons-c-53_139.html HTTP/1.0" 301 72438 "-" "Mozilla/5.0 (compatible; MJ12bot/v1.4.8; http://mj12bot.com/)"
95.217.109.26 - - [04/Sep/2023:04:55:27 +0200] "GET /-c-139.html HTTP/1.0" 200 72269 "-" "Mozilla/5.0 (compatible; MJ12bot/v1.4.8; http://mj12bot.com/)"
95.217.109.26 - - [04/Sep/2023:04:55:30 +0200] "GET /camorra-white-shirt-p-30679.html HTTP/1.0" 200 73656 "-" "Mozilla/5.0 (compatible; MJ12bot/v1.4.8; http://mj12bot.com/)"
95.217.109.26 - - [04/Sep/2023:04:55:33 +0200] "GET /camorra-white-tee-shirt-p-30679.html HTTP/1.0" 301 73742 "-" "Mozilla/5.0 (compatible; MJ12bot/v1.4.8; http://mj12bot.com/)"
95.217.109.26 - - [04/Sep/2023:04:55:36 +0200] "GET /camorra-white-shirt-p-30679.html HTTP/1.0" 200 73656 "-" "Mozilla/5.0 (compatible; MJ12bot/v1.4.8; http://mj12bot.com/)"
52.167.144.177 - - [04/Sep/2023:04:55:41 +0200] "GET /wick-ellipse-candle-heart-home-spices-cinnamon-p-58950.html HTTP/1.0" 200 77324 "-" "Mozilla/5.0 AppleWebKit/537.36 (KHTML, like Gecko; compatible; bingbot/2.0; +http://www.bing.com/bingbot.htm) Chrome/103.0.5060.134 Safari/537.36"
95.217.109.26 - - [04/Sep/2023:04:55:40 +0200] "GET /candles-and-scents-c-13_162.html HTTP/1.0" 301 94192 "-" "Mozilla/5.0 (compatible; MJ12bot/v1.4.8; http://mj12bot.com/)"
95.217.109.26 - - [04/Sep/2023:04:55:51 +0200] "GET /diffuser-perfume-essential-oils-c-162.html HTTP/1.0" 301 94082 "-" "Mozilla/5.0 (compatible; MJ12bot/v1.4.8; http://mj12bot.com/)"
95.217.109.26 - - [04/Sep/2023:04:55:54 +0200] "GET /diffuser-perfume-essential-oils-c-231_162.html HTTP/1.0" 200 94117 "-" "Mozilla/5.0 (compatible; MJ12bot/v1.4.8; http://mj12bot.com/)"
211.130.63.227 - - [04/Sep/2023:04:56:08 +0200] "GET /images/big_prod/1384010203583.jpg HTTP/1.0" 200 268 "-" "Mozilla/5.0 (X11; Ubuntu; Linux x86_64; rv:72.0) Gecko/20100101 Firefox/72.0"
95.217.109.26 - - [04/Sep/2023:04:56:04 +0200] "GET /candles-and-scents-c-162.html HTTP/1.0" 301 94082 "-" "Mozilla/5.0 (compatible; MJ12bot/v1.4.8; http://mj12bot.com/)"
95.217.109.26 - - [04/Sep/2023:04:56:07 +0200] "GET /diffuser-perfume-essential-oils-c-231_162.html HTTP/1.0" 200 94117 "-" "Mozilla/5.0 (compatible; MJ12bot/v1.4.8; http://mj12bot.com/)"
