188.165.215.206 - - [04/Sep/2023:15:31:26 +0200] "GET /-p-43968.html HTTP/1.0" 200 73582 "-" "Mozilla/5.0 (compatible; MJ12bot/v1.4.8; http://mj12bot.com/)"
37.187.94.3 - - [04/Sep/2023:15:31:27 +0200] "GET /pouf-coussin-coton-brnice-p-60502.html HTTP/1.0" 301 77029 "-" "Mozilla/5.0 (compatible; MJ12bot/v1.4.8; http://mj12bot.com/)"
37.187.94.3 - - [04/Sep/2023:15:31:31 +0200] "GET /cotton-floor-cushion-brnice-p-60502.html HTTP/1.0" 200 76935 "-" "Mozilla/5.0 (compatible; MJ12bot/v1.4.8; http://mj12bot.com/)"
188.165.215.206 - - [04/Sep/2023:15:31:32 +0200] "GET /-p-44028.html HTTP/1.0" 200 73582 "-" "Mozilla/5.0 (compatible; MJ12bot/v1.4.8; http://mj12bot.com/)"
37.187.94.3 - - [04/Sep/2023:15:31:37 +0200] "GET /pouf-coussin-coton-chaumont-p-60540.html HTTP/1.0" 301 77250 "-" "Mozilla/5.0 (compatible; MJ12bot/v1.4.8; http://mj12bot.com/)"
188.165.215.206 - - [04/Sep/2023:15:31:43 +0200] "GET /-p-44465.html HTTP/1.0" 200 73582 "-" "Mozilla/5.0 (compatible; MJ12bot/v1.4.8; http://mj12bot.com/)"
37.187.94.3 - - [04/Sep/2023:15:31:44 +0200] "GET /cotton-floor-cushion-pauline-p-60540.html HTTP/1.0" 200 77155 "-" "Mozilla/5.0 (compatible; MJ12bot/v1.4.8; http://mj12bot.com/)"
188.165.215.206 - - [04/Sep/2023:15:31:50 +0200] "GET /-p-45387.html HTTP/1.0" 200 73582 "-" "Mozilla/5.0 (compatible; MJ12bot/v1.4.8; http://mj12bot.com/)"
37.187.94.3 - - [04/Sep/2023:15:31:51 +0200] "GET /pouf-coussin-coton-clmence-p-60542.html HTTP/1.0" 301 73817 "-" "Mozilla/5.0 (compatible; MJ12bot/v1.4.8; http://mj12bot.com/)"
37.187.94.3 - - [04/Sep/2023:15:31:54 +0200] "GET /cotton-floor-cushion-clmence-p-60542.html HTTP/1.0" 200 73722 "-" "Mozilla/5.0 (compatible; MJ12bot/v1.4.8; http://mj12bot.com/)"
37.187.94.3 - - [04/Sep/2023:15:31:59 +0200] "GET /pouf-coussin-coton-pauline-p-60538.html HTTP/1.0" 301 77250 "-" "Mozilla/5.0 (compatible; MJ12bot/v1.4.8; http://mj12bot.com/)"
188.165.215.206 - - [04/Sep/2023:15:32:02 +0200] "GET /-p-45698.html HTTP/1.0" 200 73582 "-" "Mozilla/5.0 (compatible; MJ12bot/v1.4.8; http://mj12bot.com/)"
37.187.94.3 - - [04/Sep/2023:15:32:04 +0200] "GET /cotton-floor-cushion-pauline-p-60538.html HTTP/1.0" 200 77155 "-" "Mozilla/5.0 (compatible; MJ12bot/v1.4.8; http://mj12bot.com/)"
91.201.7.254 - - [04/Sep/2023:15:32:09 +0200] "GET /images/mini_prod/3453131031912.jpg HTTP/1.0" 200 269 "-" "Mozilla/5.0 (X11; Ubuntu; Linux x86_64; rv:72.0) Gecko/20100101 Firefox/72.0"
188.165.215.206 - - [04/Sep/2023:15:32:09 +0200] "GET /-p-45704.html HTTP/1.0" 200 73582 "-" "Mozilla/5.0 (compatible; MJ12bot/v1.4.8; http://mj12bot.com/)"
37.187.94.3 - - [04/Sep/2023:15:32:09 +0200] "GET /pouf-coussin-coton-pauline-p-60539.html HTTP/1.0" 301 77250 "-" "Mozilla/5.0 (compatible; MJ12bot/v1.4.8; http://mj12bot.com/)"
37.187.94.3 - - [04/Sep/2023:15:32:13 +0200] "GET /cotton-floor-cushion-pauline-p-60539.html HTTP/1.0" 200 77155 "-" "Mozilla/5.0 (compatible; MJ12bot/v1.4.8; http://mj12bot.com/)"
37.187.94.3 - - [04/Sep/2023:15:32:17 +0200] "GET /pouf-coussin-coton-valserine-p-60543.html HTTP/1.0" 301 77276 "-" "Mozilla/5.0 (compatible; MJ12bot/v1.4.8; http://mj12bot.com/)"
188.165.215.206 - - [04/Sep/2023:15:32:18 +0200] "GET /-p-45746.html HTTP/1.0" 200 73582 "-" "Mozilla/5.0 (compatible; MJ12bot/v1.4.8; http://mj12bot.com/)"
37.187.94.3 - - [04/Sep/2023:15:32:23 +0200] "GET /cotton-floor-cushion-valserine-p-60543.html HTTP/1.0" 200 77179 "-" "Mozilla/5.0 (compatible; MJ12bot/v1.4.8; http://mj12bot.com/)"
37.187.94.3 - - [04/Sep/2023:15:32:29 +0200] "GET /poufs-poufs-rangement-c-13_209.html HTTP/1.0" 301 93908 "-" "Mozilla/5.0 (compatible; MJ12bot/v1.4.8; http://mj12bot.com/)"
188.165.215.206 - - [04/Sep/2023:15:32:31 +0200] "GET /-p-46849.html HTTP/1.0" 200 73582 "-" "Mozilla/5.0 (compatible; MJ12bot/v1.4.8; http://mj12bot.com/)"
37.187.94.3 - - [04/Sep/2023:15:32:33 +0200] "GET /ottomans-storage-ottomans-c-209.html HTTP/1.0" 301 93785 "-" "Mozilla/5.0 (compatible; MJ12bot/v1.4.8; http://mj12bot.com/)"
37.187.94.3 - - [04/Sep/2023:15:32:36 +0200] "GET /ottomans-storage-ottomans-c-13_209.html HTTP/1.0" 200 93818 "-" "Mozilla/5.0 (compatible; MJ12bot/v1.4.8; http://mj12bot.com/)"
188.165.215.206 - - [04/Sep/2023:15:32:39 +0200] "GET /-p-46855.html HTTP/1.0" 200 73582 "-" "Mozilla/5.0 (compatible; MJ12bot/v1.4.8; http://mj12bot.com/)"
37.187.94.3 - - [04/Sep/2023:15:32:41 +0200] "GET /pour-barbecue-lapro-c-12_254.html HTTP/1.0" 301 92992 "-" "Mozilla/5.0 (compatible; MJ12bot/v1.4.8; http://mj12bot.com/)"
37.187.94.3 - - [04/Sep/2023:15:32:46 +0200] "GET /barbecue-aperitif-c-254.html HTTP/1.0" 301 92891 "-" "Mozilla/5.0 (compatible; MJ12bot/v1.4.8; http://mj12bot.com/)"
188.165.215.206 - - [04/Sep/2023:15:32:47 +0200] "GET /-p-47900.html HTTP/1.0" 200 73582 "-" "Mozilla/5.0 (compatible; MJ12bot/v1.4.8; http://mj12bot.com/)"
37.187.94.3 - - [04/Sep/2023:15:32:50 +0200] "GET /barbecue-aperitif-c-12_254.html HTTP/1.0" 200 92910 "-" "Mozilla/5.0 (compatible; MJ12bot/v1.4.8; http://mj12bot.com/)"
37.187.94.3 - - [04/Sep/2023:15:32:54 +0200] "GET /presse-papier-c-129_188.html HTTP/1.0" 301 94413 "-" "Mozilla/5.0 (compatible; MJ12bot/v1.4.8; http://mj12bot.com/)"
37.187.94.3 - - [04/Sep/2023:15:32:58 +0200] "GET /paperweight-c-188.html HTTP/1.0" 301 94277 "-" "Mozilla/5.0 (compatible; MJ12bot/v1.4.8; http://mj12bot.com/)"
37.187.94.3 - - [04/Sep/2023:15:33:01 +0200] "GET /paperweight-c-129_188.html HTTP/1.0" 200 94337 "-" "Mozilla/5.0 (compatible; MJ12bot/v1.4.8; http://mj12bot.com/)"
188.165.215.206 - - [04/Sep/2023:15:33:05 +0200] "GET /-p-48065.html HTTP/1.0" 200 73582 "-" "Mozilla/5.0 (compatible; MJ12bot/v1.4.8; http://mj12bot.com/)"
37.187.94.3 - - [04/Sep/2023:15:33:07 +0200] "GET /produits-personnaliss-c-97.html HTTP/1.0" 301 93576 "-" "Mozilla/5.0 (compatible; MJ12bot/v1.4.8; http://mj12bot.com/)"
37.187.94.3 - - [04/Sep/2023:15:33:10 +0200] "GET /personalized-products-c-97.html HTTP/1.0" 200 93491 "-" "Mozilla/5.0 (compatible; MJ12bot/v1.4.8; http://mj12bot.com/)"
188.165.215.206 - - [04/Sep/2023:15:33:15 +0200] "GET /-p-49743.html HTTP/1.0" 200 73582 "-" "Mozilla/5.0 (compatible; MJ12bot/v1.4.8; http://mj12bot.com/)"
37.187.94.3 - - [04/Sep/2023:15:33:15 +0200] "GET /puzzles-c-4_144.html HTTP/1.0" 301 79863 "-" "Mozilla/5.0 (compatible; MJ12bot/v1.4.8; http://mj12bot.com/)"
37.187.94.3 - - [04/Sep/2023:15:33:20 +0200] "GET /jigsaws-c-144.html HTTP/1.0" 301 79753 "-" "Mozilla/5.0 (compatible; MJ12bot/v1.4.8; http://mj12bot.com/)"
188.165.215.206 - - [04/Sep/2023:15:33:22 +0200] "GET /-p-52867.html HTTP/1.0" 200 73582 "-" "Mozilla/5.0 (compatible; MJ12bot/v1.4.8; http://mj12bot.com/)"
37.187.94.3 - - [04/Sep/2023:15:33:24 +0200] "GET /jigsaws-c-4_144.html HTTP/1.0" 200 79791 "-" "Mozilla/5.0 (compatible; MJ12bot/v1.4.8; http://mj12bot.com/)"
188.165.215.206 - - [04/Sep/2023:15:33:26 +0200] "GET /-p-53183.html HTTP/1.0" 200 73582 "-" "Mozilla/5.0 (compatible; MJ12bot/v1.4.8; http://mj12bot.com/)"
37.187.94.3 - - [04/Sep/2023:15:33:28 +0200] "GET /queen-hearts-figurine-p-58183.html HTTP/1.0" 200 77534 "-" "Mozilla/5.0 (compatible; MJ12bot/v1.4.8; http://mj12bot.com/)"
188.165.215.206 - - [04/Sep/2023:15:33:30 +0200] "GET /-p-53209.html HTTP/1.0" 200 73582 "-" "Mozilla/5.0 (compatible; MJ12bot/v1.4.8; http://mj12bot.com/)"
188.165.215.206 - - [04/Sep/2023:15:33:34 +0200] "GET /-p-55535.html HTTP/1.0" 200 73582 "-" "Mozilla/5.0 (compatible; MJ12bot/v1.4.8; http://mj12bot.com/)"
37.187.94.3 - - [04/Sep/2023:15:33:34 +0200] "GET /rainforest-p-56840.html HTTP/1.0" 200 76706 "-" "Mozilla/5.0 (compatible; MJ12bot/v1.4.8; http://mj12bot.com/)"
37.187.94.3 - - [04/Sep/2023:15:33:38 +0200] "GET /rectangular-board-engraved-beech-wood-p-60261.html HTTP/1.0" 200 76799 "-" "Mozilla/5.0 (compatible; MJ12bot/v1.4.8; http://mj12bot.com/)"
188.165.215.206 - - [04/Sep/2023:15:33:38 +0200] "GET /-p-55545.html HTTP/1.0" 200 73582 "-" "Mozilla/5.0 (compatible; MJ12bot/v1.4.8; http://mj12bot.com/)"
54.36.148.77 - - [04/Sep/2023:15:33:41 +0200] "GET /-c-95_304.html HTTP/1.0" 200 72450 "-" "Mozilla/5.0 (compatible; AhrefsBot/7.0; +http://ahrefs.com/robot/)"
17.241.75.130 - - [04/Sep/2023:15:33:42 +0200] "GET /images/8427787042009.jpg HTTP/1.0" 200 259 "-" "Mozilla/5.0 (Macintosh; Intel Mac OS X 10_15_5) AppleWebKit/605.1.15 (KHTML, like Gecko) Version/13.1.1 Safari/605.1.15 (Applebot/0.1; +http://www.apple.com/go/applebot)"
188.165.215.206 - - [04/Sep/2023:15:33:43 +0200] "GET /-p-57247.html HTTP/1.0" 200 73582 "-" "Mozilla/5.0 (compatible; MJ12bot/v1.4.8; http://mj12bot.com/)"
37.187.94.3 - - [04/Sep/2023:15:33:43 +0200] "GET /relief-hanging-plate-pinard-sauciflard-p-57477.html HTTP/1.0" 200 76842 "-" "Mozilla/5.0 (compatible; MJ12bot/v1.4.8; http://mj12bot.com/)"
36.110.138.166 - - [04/Sep/2023:15:33:47 +0200] "GET /images/mini_prod/1750384000002.jpg HTTP/1.0" 200 269 "-" "Mozilla/5.0 (X11; Ubuntu; Linux x86_64; rv:72.0) Gecko/20100101 Firefox/72.0"
188.165.215.206 - - [04/Sep/2023:15:33:48 +0200] "GET /-p-57404.html HTTP/1.0" 200 73582 "-" "Mozilla/5.0 (compatible; MJ12bot/v1.4.8; http://mj12bot.com/)"
37.187.94.3 - - [04/Sep/2023:15:33:49 +0200] "GET /repose-sachet-infuseur-c-12_247.html HTTP/1.0" 301 93230 "-" "Mozilla/5.0 (compatible; MJ12bot/v1.4.8; http://mj12bot.com/)"
188.165.215.206 - - [04/Sep/2023:15:33:51 +0200] "GET /-p-6304.html HTTP/1.0" 200 73580 "-" "Mozilla/5.0 (compatible; MJ12bot/v1.4.8; http://mj12bot.com/)"
37.187.94.3 - - [04/Sep/2023:15:33:53 +0200] "GET /infuser-rest-c-247.html HTTP/1.0" 301 93129 "-" "Mozilla/5.0 (compatible; MJ12bot/v1.4.8; http://mj12bot.com/)"
188.165.215.206 - - [04/Sep/2023:15:33:56 +0200] "GET /-p-7649.html HTTP/1.0" 200 73580 "-" "Mozilla/5.0 (compatible; MJ12bot/v1.4.8; http://mj12bot.com/)"
37.187.94.3 - - [04/Sep/2023:15:33:58 +0200] "GET /infuser-rest-c-12_247.html HTTP/1.0" 200 93153 "-" "Mozilla/5.0 (compatible; MJ12bot/v1.4.8; http://mj12bot.com/)"
188.165.215.206 - - [04/Sep/2023:15:33:59 +0200] "GET /-p-7650.html HTTP/1.0" 200 73580 "-" "Mozilla/5.0 (compatible; MJ12bot/v1.4.8; http://mj12bot.com/)"
37.187.94.3 - - [04/Sep/2023:15:34:03 +0200] "GET /resin-skull-ashtray-p-52996.html HTTP/1.0" 200 75899 "-" "Mozilla/5.0 (compatible; MJ12bot/v1.4.8; http://mj12bot.com/)"
188.165.215.206 - - [04/Sep/2023:15:34:03 +0200] "GET /-p-7803.html HTTP/1.0" 200 73580 "-" "Mozilla/5.0 (compatible; MJ12bot/v1.4.8; http://mj12bot.com/)"
37.187.94.3 - - [04/Sep/2023:15:34:07 +0200] "GET /retro-p-58088.html HTTP/1.0" 200 76599 "-" "Mozilla/5.0 (compatible; MJ12bot/v1.4.8; http://mj12bot.com/)"
188.165.215.206 - - [04/Sep/2023:15:34:09 +0200] "GET /-p-9661.html HTTP/1.0" 200 73580 "-" "Mozilla/5.0 (compatible; MJ12bot/v1.4.8; http://mj12bot.com/)"
37.187.94.3 - - [04/Sep/2023:15:34:12 +0200] "GET /retro-style-chocolate-saveurs-traditions-franaises-p-55520.html HTTP/1.0" 200 77075 "-" "Mozilla/5.0 (compatible; MJ12bot/v1.4.8; http://mj12bot.com/)"
188.165.215.206 - - [04/Sep/2023:15:34:15 +0200] "GET /abat-jour-brnice-coeur-naturel-p-57963.html HTTP/1.0" 301 73723 "-" "Mozilla/5.0 (compatible; MJ12bot/v1.4.8; http://mj12bot.com/)"
37.187.94.3 - - [04/Sep/2023:15:34:16 +0200] "GET /rideau-douche-chats-chats-chats-p-60517.html HTTP/1.0" 301 76107 "-" "Mozilla/5.0 (compatible; MJ12bot/v1.4.8; http://mj12bot.com/)"
188.165.215.206 - - [04/Sep/2023:15:34:20 +0200] "GET /brnice-lampshade-p-57963.html HTTP/1.0" 200 73640 "-" "Mozilla/5.0 (compatible; MJ12bot/v1.4.8; http://mj12bot.com/)"
37.187.94.3 - - [04/Sep/2023:15:34:23 +0200] "GET /cats-shower-curtain-p-60517.html HTTP/1.0" 200 76021 "-" "Mozilla/5.0 (compatible; MJ12bot/v1.4.8; http://mj12bot.com/)"
188.165.215.206 - - [04/Sep/2023:15:34:24 +0200] "GET /abat-jour-conique-couleur-gris-p-56791.html HTTP/1.0" 301 76879 "-" "Mozilla/5.0 (compatible; MJ12bot/v1.4.8; http://mj12bot.com/)"
188.165.215.206 - - [04/Sep/2023:15:34:27 +0200] "GET /grey-lampshade-p-56791.html HTTP/1.0" 200 76798 "-" "Mozilla/5.0 (compatible; MJ12bot/v1.4.8; http://mj12bot.com/)"
37.187.94.3 - - [04/Sep/2023:15:34:27 +0200] "GET /robes-jupes-c-1_19.html HTTP/1.0" 301 82486 "-" "Mozilla/5.0 (compatible; MJ12bot/v1.4.8; http://mj12bot.com/)"
37.187.94.3 - - [04/Sep/2023:15:34:31 +0200] "GET /dresses-skirts-c-19.html HTTP/1.0" 301 82388 "-" "Mozilla/5.0 (compatible; MJ12bot/v1.4.8; http://mj12bot.com/)"
188.165.215.206 - - [04/Sep/2023:15:34:32 +0200] "GET /abat-jour-vert-p-56784.html HTTP/1.0" 301 73747 "-" "Mozilla/5.0 (compatible; MJ12bot/v1.4.8; http://mj12bot.com/)"
37.187.94.3 - - [04/Sep/2023:15:34:34 +0200] "GET /dresses-skirts-c-1_19.html HTTP/1.0" 200 82408 "-" "Mozilla/5.0 (compatible; MJ12bot/v1.4.8; http://mj12bot.com/)"
188.165.215.206 - - [04/Sep/2023:15:34:35 +0200] "GET /green-gold-lampshade-p-56784.html HTTP/1.0" 200 73660 "-" "Mozilla/5.0 (compatible; MJ12bot/v1.4.8; http://mj12bot.com/)"
188.165.215.206 - - [04/Sep/2023:15:34:39 +0200] "GET /achshund-bookend-p-51892.html HTTP/1.0" 200 73636 "-" "Mozilla/5.0 (compatible; MJ12bot/v1.4.8; http://mj12bot.com/)"
37.187.94.3 - - [04/Sep/2023:15:34:40 +0200] "GET /saint-jude-prayer-candle-novena-p-47127.html HTTP/1.0" 200 73702 "-" "Mozilla/5.0 (compatible; MJ12bot/v1.4.8; http://mj12bot.com/)"
188.165.215.206 - - [04/Sep/2023:15:34:43 +0200] "GET /adjustable-desk-lamp-wood-metal-p-47502.html HTTP/1.0" 200 76690 "-" "Mozilla/5.0 (compatible; MJ12bot/v1.4.8; http://mj12bot.com/)"
37.187.94.3 - - [04/Sep/2023:15:34:44 +0200] "GET /saint-mary-magdalene-prayer-candle-novena-p-47124.html HTTP/1.0" 200 73722 "-" "Mozilla/5.0 (compatible; MJ12bot/v1.4.8; http://mj12bot.com/)"
188.165.215.206 - - [04/Sep/2023:15:34:48 +0200] "GET /adultes-c-53.html HTTP/1.0" 301 94996 "-" "Mozilla/5.0 (compatible; MJ12bot/v1.4.8; http://mj12bot.com/)"
37.187.94.3 - - [04/Sep/2023:15:34:50 +0200] "GET /sainte-rita-prayer-candle-novena-p-43998.html HTTP/1.0" 200 73704 "-" "Mozilla/5.0 (compatible; MJ12bot/v1.4.8; http://mj12bot.com/)"
188.165.215.206 - - [04/Sep/2023:15:34:51 +0200] "GET /adults-c-53.html HTTP/1.0" 200 94926 "-" "Mozilla/5.0 (compatible; MJ12bot/v1.4.8; http://mj12bot.com/)"
188.165.215.206 - - [04/Sep/2023:15:34:56 +0200] "GET /adults-c-53.html HTTP/1.0" 200 94926 "-" "Mozilla/5.0 (compatible; MJ12bot/v1.4.8; http://mj12bot.com/)"
37.187.94.3 - - [04/Sep/2023:15:34:57 +0200] "GET /saladiers-c-12_255.html HTTP/1.0" 301 81531 "-" "Mozilla/5.0 (compatible; MJ12bot/v1.4.8; http://mj12bot.com/)"
188.165.215.206 - - [04/Sep/2023:15:35:00 +0200] "GET /african-woman-bust-lamp-p-56778.html HTTP/1.0" 200 77005 "-" "Mozilla/5.0 (compatible; MJ12bot/v1.4.8; http://mj12bot.com/)"
37.187.94.3 - - [04/Sep/2023:15:35:00 +0200] "GET /bowls-c-255.html HTTP/1.0" 301 81430 "-" "Mozilla/5.0 (compatible; MJ12bot/v1.4.8; http://mj12bot.com/)"
37.187.94.3 - - [04/Sep/2023:15:35:04 +0200] "GET /bowls-c-12_255.html HTTP/1.0" 200 81461 "-" "Mozilla/5.0 (compatible; MJ12bot/v1.4.8; http://mj12bot.com/)"
188.165.215.206 - - [04/Sep/2023:15:35:04 +0200] "GET /african-woman-carrying-water-and-her-daughter-decoration-p-52879.html HTTP/1.0" 301 73895 "-" "Mozilla/5.0 (compatible; MJ12bot/v1.4.8; http://mj12bot.com/)"
37.187.94.3 - - [04/Sep/2023:15:35:08 +0200] "GET /salamander-wall-decoration-p-59239.html HTTP/1.0" 200 76620 "-" "Mozilla/5.0 (compatible; MJ12bot/v1.4.8; http://mj12bot.com/)"
188.165.215.206 - - [04/Sep/2023:15:35:08 +0200] "GET /african-woman-carrying-water-daughter-decoration-p-52879.html HTTP/1.0" 200 73780 "-" "Mozilla/5.0 (compatible; MJ12bot/v1.4.8; http://mj12bot.com/)"
37.187.94.3 - - [04/Sep/2023:15:35:12 +0200] "GET /salires-poivrires-c-12_160.html HTTP/1.0" 301 93185 "-" "Mozilla/5.0 (compatible; MJ12bot/v1.4.8; http://mj12bot.com/)"
188.165.215.206 - - [04/Sep/2023:15:35:14 +0200] "GET /african-woman-carrying-water-daughter-decoration-p-52879.html HTTP/1.0" 200 73780 "-" "Mozilla/5.0 (compatible; MJ12bot/v1.4.8; http://mj12bot.com/)"
37.187.94.3 - - [04/Sep/2023:15:35:16 +0200] "GET /salt-pepper-shaker-sets-c-160.html HTTP/1.0" 301 93084 "-" "Mozilla/5.0 (compatible; MJ12bot/v1.4.8; http://mj12bot.com/)"
188.165.215.206 - - [04/Sep/2023:15:35:18 +0200] "GET /agenda-cahier-texte-organiseur-calendrier-c-129_189.html HTTP/1.0" 301 91859 "-" "Mozilla/5.0 (compatible; MJ12bot/v1.4.8; http://mj12bot.com/)"
37.187.94.3 - - [04/Sep/2023:15:35:20 +0200] "GET /salt-pepper-shaker-sets-c-12_160.html HTTP/1.0" 200 93097 "-" "Mozilla/5.0 (compatible; MJ12bot/v1.4.8; http://mj12bot.com/)"
188.165.215.206 - - [04/Sep/2023:15:35:21 +0200] "GET /calendar-workbook-organizer-c-189.html HTTP/1.0" 301 91723 "-" "Mozilla/5.0 (compatible; MJ12bot/v1.4.8; http://mj12bot.com/)"
188.165.215.206 - - [04/Sep/2023:15:35:24 +0200] "GET /calendar-workbook-organizer-c-129_189.html HTTP/1.0" 200 91767 "-" "Mozilla/5.0 (compatible; MJ12bot/v1.4.8; http://mj12bot.com/)"
37.187.94.3 - - [04/Sep/2023:15:35:26 +0200] "GET /salle-bain-c-13_172.html HTTP/1.0" 301 93221 "-" "Mozilla/5.0 (compatible; MJ12bot/v1.4.8; http://mj12bot.com/)"
188.165.215.206 - - [04/Sep/2023:15:35:28 +0200] "GET /alice-wonderland-cosmetic-p-56847.html HTTP/1.0" 200 76975 "-" "Mozilla/5.0 (compatible; MJ12bot/v1.4.8; http://mj12bot.com/)"
37.187.94.3 - - [04/Sep/2023:15:35:30 +0200] "GET /bathroom-accessories-c-172.html HTTP/1.0" 301 93098 "-" "Mozilla/5.0 (compatible; MJ12bot/v1.4.8; http://mj12bot.com/)"
188.165.215.206 - - [04/Sep/2023:15:35:33 +0200] "GET /allen-designs-blue-teapot-clock-p-58154.html HTTP/1.0" 200 76650 "-" "Mozilla/5.0 (compatible; MJ12bot/v1.4.8; http://mj12bot.com/)"
37.187.94.3 - - [04/Sep/2023:15:35:33 +0200] "GET /bathroom-accessories-c-13_172.html HTTP/1.0" 200 93136 "-" "Mozilla/5.0 (compatible; MJ12bot/v1.4.8; http://mj12bot.com/)"
188.165.215.206 - - [04/Sep/2023:15:35:37 +0200] "GET /allen-designs-kimi-kitten-clock-p-60225.html HTTP/1.0" 200 76907 "-" "Mozilla/5.0 (compatible; MJ12bot/v1.4.8; http://mj12bot.com/)"
188.165.215.206 - - [04/Sep/2023:15:35:40 +0200] "GET /alse-protection-literie-c-11_192.html HTTP/1.0" 301 93702 "-" "Mozilla/5.0 (compatible; MJ12bot/v1.4.8; http://mj12bot.com/)"
37.187.94.3 - - [04/Sep/2023:15:35:41 +0200] "GET /salle-bain-septembre-2022-c-95_298.html HTTP/1.0" 301 82297 "-" "Mozilla/5.0 (compatible; MJ12bot/v1.4.8; http://mj12bot.com/)"
188.165.215.206 - - [04/Sep/2023:15:35:46 +0200] "GET /bedding-protection-c-192.html HTTP/1.0" 301 93583 "-" "Mozilla/5.0 (compatible; MJ12bot/v1.4.8; http://mj12bot.com/)"
37.187.94.3 - - [04/Sep/2023:15:35:47 +0200] "GET /-c-298.html HTTP/1.0" 200 82140 "-" "Mozilla/5.0 (compatible; MJ12bot/v1.4.8; http://mj12bot.com/)"
37.187.94.3 - - [04/Sep/2023:15:35:51 +0200] "GET /sausage-veillis-p-58140.html HTTP/1.0" 200 76549 "-" "Mozilla/5.0 (compatible; MJ12bot/v1.4.8; http://mj12bot.com/)"
37.187.94.3 - - [04/Sep/2023:15:35:56 +0200] "GET /sausage-with-knife-paris-p-47324.html HTTP/1.0" 200 73687 "-" "Mozilla/5.0 (compatible; MJ12bot/v1.4.8; http://mj12bot.com/)"
188.165.215.206 - - [04/Sep/2023:15:35:56 +0200] "GET /bedding-protection-c-11_192.html HTTP/1.0" 200 93619 "-" "Mozilla/5.0 (compatible; MJ12bot/v1.4.8; http://mj12bot.com/)"
37.187.94.3 - - [04/Sep/2023:15:36:00 +0200] "GET /scented-votive-candle-chakra-p-55353.html HTTP/1.0" 200 73692 "-" "Mozilla/5.0 (compatible; MJ12bot/v1.4.8; http://mj12bot.com/)"
188.165.215.206 - - [04/Sep/2023:15:36:05 +0200] "GET /ampoules-c-86_287.html HTTP/1.0" 301 79732 "-" "Mozilla/5.0 (compatible; MJ12bot/v1.4.8; http://mj12bot.com/)"
37.187.94.3 - - [04/Sep/2023:15:36:06 +0200] "GET /shirt-corset-laage-taille-p-60533.html HTTP/1.0" 301 76098 "-" "Mozilla/5.0 (compatible; MJ12bot/v1.4.8; http://mj12bot.com/)"
37.187.94.3 - - [04/Sep/2023:15:36:09 +0200] "GET /corset-black-shirt-size-p-60533.html HTTP/1.0" 200 76008 "-" "Mozilla/5.0 (compatible; MJ12bot/v1.4.8; http://mj12bot.com/)"
188.165.215.206 - - [04/Sep/2023:15:36:11 +0200] "GET /bulbs-c-287.html HTTP/1.0" 301 79630 "-" "Mozilla/5.0 (compatible; MJ12bot/v1.4.8; http://mj12bot.com/)"
37.187.94.3 - - [04/Sep/2023:15:36:15 +0200] "GET /small-heart-home-candle-cashmere-p-57273.html HTTP/1.0" 200 77183 "-" "Mozilla/5.0 (compatible; MJ12bot/v1.4.8; http://mj12bot.com/)"
188.165.215.206 - - [04/Sep/2023:15:36:18 +0200] "GET /bulbs-c-86_287.html HTTP/1.0" 200 79662 "-" "Mozilla/5.0 (compatible; MJ12bot/v1.4.8; http://mj12bot.com/)"
37.187.94.3 - - [04/Sep/2023:15:36:20 +0200] "GET /small-heart-home-candle-fresh-line-p-57270.html HTTP/1.0" 200 77217 "-" "Mozilla/5.0 (compatible; MJ12bot/v1.4.8; http://mj12bot.com/)"
37.187.94.3 - - [04/Sep/2023:15:36:24 +0200] "GET /small-heart-home-candle-sandalwood-vanilla-p-57271.html HTTP/1.0" 200 77394 "-" "Mozilla/5.0 (compatible; MJ12bot/v1.4.8; http://mj12bot.com/)"
188.165.215.206 - - [04/Sep/2023:15:36:28 +0200] "GET /amys-p-54751.html HTTP/1.0" 200 76719 "-" "Mozilla/5.0 (compatible; MJ12bot/v1.4.8; http://mj12bot.com/)"
37.187.94.3 - - [04/Sep/2023:15:36:28 +0200] "GET /small-heart-home-candle-true-enchantment-p-57269.html HTTP/1.0" 200 77286 "-" "Mozilla/5.0 (compatible; MJ12bot/v1.4.8; http://mj12bot.com/)"
69.28.236.4 - - [04/Sep/2023:15:36:32 +0200] "GET /images/mini_prod/5050293803975.jpg HTTP/1.0" 200 269 "-" "Mozilla/5.0 (X11; Ubuntu; Linux x86_64; rv:72.0) Gecko/20100101 Firefox/72.0"
37.187.94.3 - - [04/Sep/2023:15:36:36 +0200] "GET /small-sommelier-shape-book-p-54552.html HTTP/1.0" 200 76994 "-" "Mozilla/5.0 (compatible; MJ12bot/v1.4.8; http://mj12bot.com/)"
37.187.94.3 - - [04/Sep/2023:15:36:41 +0200] "GET /small-trays-c-12_159_261.html HTTP/1.0" 200 93022 "-" "Mozilla/5.0 (compatible; MJ12bot/v1.4.8; http://mj12bot.com/)"
40.77.167.30 - - [04/Sep/2023:15:36:41 +0200] "GET /tea-pot-c-12_175.html HTTP/1.0" 200 94337 "-" "Mozilla/5.0 AppleWebKit/537.36 (KHTML, like Gecko; compatible; bingbot/2.0; +http://www.bing.com/bingbot.htm) Chrome/103.0.5060.134 Safari/537.36"
188.165.215.206 - - [04/Sep/2023:15:36:42 +0200] "GET /amys-p-54753.html HTTP/1.0" 200 76719 "-" "Mozilla/5.0 (compatible; MJ12bot/v1.4.8; http://mj12bot.com/)"
37.187.94.3 - - [04/Sep/2023:15:36:46 +0200] "GET /small-trays-c-261.html HTTP/1.0" 301 92898 "-" "Mozilla/5.0 (compatible; MJ12bot/v1.4.8; http://mj12bot.com/)"
188.165.215.206 - - [04/Sep/2023:15:36:48 +0200] "GET /amys-paris-bowl-p-54774.html HTTP/1.0" 200 73656 "-" "Mozilla/5.0 (compatible; MJ12bot/v1.4.8; http://mj12bot.com/)"
37.187.94.3 - - [04/Sep/2023:15:36:49 +0200] "GET /small-trays-c-12_159_261.html HTTP/1.0" 200 93022 "-" "Mozilla/5.0 (compatible; MJ12bot/v1.4.8; http://mj12bot.com/)"
37.187.94.3 - - [04/Sep/2023:15:36:55 +0200] "GET /snowman-party-fine-bone-china-p-59290.html HTTP/1.0" 200 76976 "-" "Mozilla/5.0 (compatible; MJ12bot/v1.4.8; http://mj12bot.com/)"
188.165.215.206 - - [04/Sep/2023:15:36:58 +0200] "GET /anatomical-study-figurine-by-jean-antoine-houdon-p-53194.html HTTP/1.0" 301 77449 "-" "Mozilla/5.0 (compatible; MJ12bot/v1.4.8; http://mj12bot.com/)"
37.187.94.3 - - [04/Sep/2023:15:37:01 +0200] "GET /soap-c-171.html HTTP/1.0" 200 84306 "-" "Mozilla/5.0 (compatible; MJ12bot/v1.4.8; http://mj12bot.com/)"
37.187.94.3 - - [04/Sep/2023:15:37:07 +0200] "GET /socks-c-141.html HTTP/1.0" 301 80918 "-" "Mozilla/5.0 (compatible; MJ12bot/v1.4.8; http://mj12bot.com/)"
188.165.215.206 - - [04/Sep/2023:15:37:11 +0200] "GET /anatomical-study-figurine-jean-antoine-houdon-p-53194.html HTTP/1.0" 200 77337 "-" "Mozilla/5.0 (compatible; MJ12bot/v1.4.8; http://mj12bot.com/)"
51.68.224.127 - - [04/Sep/2023:15:37:12 +0200] "GET /adminweb/export_orders_xml.php?token=256de2z6edz6ed2z6DFSFsed2zed6zeDSFDSGdzedezfzf&maxorders=10&orderstart=1&status=14&start_date=2018-10-01 HTTP/1.0" 200 285 "-" "GesCom CharlotteBoutik Serveur"
51.68.224.127 - - [04/Sep/2023:15:37:12 +0200] "GET /adminweb/export_orders_xml.php?token=256de2z6edz6ed2z6DFSFsed2zed6zeDSFDSGdzedezfzf&maxorders=10&orderstart=1&status=6&start_date=2018-10-01 HTTP/1.0" 200 33963 "-" "GesCom CharlotteBoutik Serveur"
37.187.94.3 - - [04/Sep/2023:15:37:12 +0200] "GET /socks-c-1_141.html HTTP/1.0" 200 80946 "-" "Mozilla/5.0 (compatible; MJ12bot/v1.4.8; http://mj12bot.com/)"
37.187.94.3 - - [04/Sep/2023:15:37:20 +0200] "GET /socks-c-142.html HTTP/1.0" 301 82546 "-" "Mozilla/5.0 (compatible; MJ12bot/v1.4.8; http://mj12bot.com/)"
188.165.215.206 - - [04/Sep/2023:15:37:20 +0200] "GET /anatomical-study-figurine-jean-antoine-houdon-p-53194.html HTTP/1.0" 200 77337 "-" "Mozilla/5.0 (compatible; MJ12bot/v1.4.8; http://mj12bot.com/)"
37.187.94.3 - - [04/Sep/2023:15:37:23 +0200] "GET /socks-c-2_142.html HTTP/1.0" 200 82572 "-" "Mozilla/5.0 (compatible; MJ12bot/v1.4.8; http://mj12bot.com/)"
37.187.94.3 - - [04/Sep/2023:15:37:29 +0200] "GET /socks-c-1_141.html HTTP/1.0" 200 80946 "-" "Mozilla/5.0 (compatible; MJ12bot/v1.4.8; http://mj12bot.com/)"
188.165.215.206 - - [04/Sep/2023:15:37:35 +0200] "GET /ange-gardien-ange-baptme-fille-p-56832.html HTTP/1.0" 301 76862 "-" "Mozilla/5.0 (compatible; MJ12bot/v1.4.8; http://mj12bot.com/)"
37.187.94.3 - - [04/Sep/2023:15:37:37 +0200] "GET /socks-c-2_142.html HTTP/1.0" 200 82572 "-" "Mozilla/5.0 (compatible; MJ12bot/v1.4.8; http://mj12bot.com/)"
37.187.94.3 - - [04/Sep/2023:15:37:42 +0200] "GET /sonny-angel-circus-series-figurine-p-59756.html HTTP/1.0" 200 73708 "-" "Mozilla/5.0 (compatible; MJ12bot/v1.4.8; http://mj12bot.com/)"
188.165.215.206 - - [04/Sep/2023:15:37:42 +0200] "GET /guardian-angel-statue-angel-baptism-p-56832.html HTTP/1.0" 200 76760 "-" "Mozilla/5.0 (compatible; MJ12bot/v1.4.8; http://mj12bot.com/)"
37.187.94.3 - - [04/Sep/2023:15:37:45 +0200] "GET /sorcerer-mickey-figure-collection-romero-britto-p-57486.html HTTP/1.0" 200 77599 "-" "Mozilla/5.0 (compatible; MJ12bot/v1.4.8; http://mj12bot.com/)"
52.167.144.116 - - [04/Sep/2023:15:37:49 +0200] "GET /images/1341689475918.jpg HTTP/1.0" 200 259 "-" "Mozilla/5.0 AppleWebKit/537.36 (KHTML, like Gecko; compatible; bingbot/2.0; +http://www.bing.com/bingbot.htm) Chrome/103.0.5060.134 Safari/537.36"
188.165.215.206 - - [04/Sep/2023:15:37:49 +0200] "GET /ange-gardien-ange-baptme-garon-p-56833.html HTTP/1.0" 301 76862 "-" "Mozilla/5.0 (compatible; MJ12bot/v1.4.8; http://mj12bot.com/)"
37.187.94.3 - - [04/Sep/2023:15:37:50 +0200] "GET /sotrisme-lithothrapie-aout-2022-c-95_295.html HTTP/1.0" 301 72515 "-" "Mozilla/5.0 (compatible; MJ12bot/v1.4.8; http://mj12bot.com/)"
37.187.94.3 - - [04/Sep/2023:15:37:53 +0200] "GET /-c-295.html HTTP/1.0" 200 72361 "-" "Mozilla/5.0 (compatible; MJ12bot/v1.4.8; http://mj12bot.com/)"
188.165.215.206 - - [04/Sep/2023:15:37:54 +0200] "GET /guardian-angel-statue-angel-baptism-p-56833.html HTTP/1.0" 200 76760 "-" "Mozilla/5.0 (compatible; MJ12bot/v1.4.8; http://mj12bot.com/)"
37.187.94.3 - - [04/Sep/2023:15:37:57 +0200] "GET /square-wooden-dish-klimt-kiss-p-60531.html HTTP/1.0" 200 77388 "-" "Mozilla/5.0 (compatible; MJ12bot/v1.4.8; http://mj12bot.com/)"
37.187.94.3 - - [04/Sep/2023:15:38:02 +0200] "GET /star-wars-inflatable-swimming-ring-p-50680.html HTTP/1.0" 200 76107 "-" "Mozilla/5.0 (compatible; MJ12bot/v1.4.8; http://mj12bot.com/)"
188.165.215.206 - - [04/Sep/2023:15:38:07 +0200] "GET /ange-gardien-ange-baptme-protge-p-56831.html HTTP/1.0" 301 76959 "-" "Mozilla/5.0 (compatible; MJ12bot/v1.4.8; http://mj12bot.com/)"
37.187.94.3 - - [04/Sep/2023:15:38:08 +0200] "GET /star-wars-p-34886.html HTTP/1.0" 200 76106 "-" "Mozilla/5.0 (compatible; MJ12bot/v1.4.8; http://mj12bot.com/)"
37.187.94.3 - - [04/Sep/2023:15:38:12 +0200] "GET /statue-silver-bear-franois-pompon-p-60511.html HTTP/1.0" 200 77183 "-" "Mozilla/5.0 (compatible; MJ12bot/v1.4.8; http://mj12bot.com/)"
188.165.215.206 - - [04/Sep/2023:15:38:13 +0200] "GET /guardian-angel-statue-angel-baptism-p-56831.html HTTP/1.0" 200 76857 "-" "Mozilla/5.0 (compatible; MJ12bot/v1.4.8; http://mj12bot.com/)"
37.187.94.3 - - [04/Sep/2023:15:38:15 +0200] "GET /statue-silver-bear-franois-pompon-p-60512.html HTTP/1.0" 200 76959 "-" "Mozilla/5.0 (compatible; MJ12bot/v1.4.8; http://mj12bot.com/)"
37.187.94.3 - - [04/Sep/2023:15:38:21 +0200] "GET /statuette-madonna-child-bronze-color-p-59322.html HTTP/1.0" 200 78300 "-" "Mozilla/5.0 (compatible; MJ12bot/v1.4.8; http://mj12bot.com/)"
54.236.1.11 - - [04/Sep/2023:15:38:22 +0200] "GET /gorjuss-lady-bird-large-shopping-bag-p-32752.html HTTP/1.0" 301 73649 "-" "Mozilla/5.0 (compatible; Pinterestbot/1.0; +http://www.pinterest.com/bot.html)"
188.165.215.206 - - [04/Sep/2023:15:38:23 +0200] "GET /angel-glitter-ball-p-27608.html HTTP/1.0" 200 76154 "-" "Mozilla/5.0 (compatible; MJ12bot/v1.4.8; http://mj12bot.com/)"
54.236.1.11 - - [04/Sep/2023:15:38:24 +0200] "GET /-p-32752.html HTTP/1.0" 200 73582 "-" "Mozilla/5.0 (compatible; Pinterestbot/1.0; +http://www.pinterest.com/bot.html)"
37.187.94.3 - - [04/Sep/2023:15:38:25 +0200] "GET /statuette-musiciens-banc-p-60515.html HTTP/1.0" 301 76931 "-" "Mozilla/5.0 (compatible; MJ12bot/v1.4.8; http://mj12bot.com/)"
91.201.7.254 - - [04/Sep/2023:15:38:31 +0200] "GET /images/mini_prod/3453131147330.jpg HTTP/1.0" 200 269 "-" "Mozilla/5.0 (X11; Ubuntu; Linux x86_64; rv:72.0) Gecko/20100101 Firefox/72.0"
37.187.94.3 - - [04/Sep/2023:15:38:30 +0200] "GET /bench-musicians-statuette-p-60515.html HTTP/1.0" 200 76839 "-" "Mozilla/5.0 (compatible; MJ12bot/v1.4.8; http://mj12bot.com/)"
40.77.167.18 - - [04/Sep/2023:15:38:31 +0200] "GET /folding-lifting-worktop-white-metal-p-57095.html HTTP/1.0" 200 78023 "-" "Mozilla/5.0 AppleWebKit/537.36 (KHTML, like Gecko; compatible; bingbot/2.0; +http://www.bing.com/bingbot.htm) Chrome/103.0.5060.134 Safari/537.36"
188.165.215.206 - - [04/Sep/2023:15:38:36 +0200] "GET /angel-stitch-collectible-statuette-britto-p-58464.html HTTP/1.0" 200 77366 "-" "Mozilla/5.0 (compatible; MJ12bot/v1.4.8; http://mj12bot.com/)"
37.187.94.3 - - [04/Sep/2023:15:38:36 +0200] "GET /sticker-mural-chambre-enfant-voitures-anciennes-p-60524.html HTTP/1.0" 301 77356 "-" "Mozilla/5.0 (compatible; MJ12bot/v1.4.8; http://mj12bot.com/)"
37.187.94.3 - - [04/Sep/2023:15:38:41 +0200] "GET /wall-stickers-children-vintage-cars-p-60524.html HTTP/1.0" 200 77254 "-" "Mozilla/5.0 (compatible; MJ12bot/v1.4.8; http://mj12bot.com/)"
188.165.215.206 - - [04/Sep/2023:15:38:43 +0200] "GET /angry-birds-black-large-backpack-p-19656.html HTTP/1.0" 301 73649 "-" "Mozilla/5.0 (compatible; MJ12bot/v1.4.8; http://mj12bot.com/)"
52.167.144.104 - - [04/Sep/2023:15:38:44 +0200] "GET /metal-wall-decor-c-13_308.html HTTP/1.0" 200 93957 "-" "Mozilla/5.0 AppleWebKit/537.36 (KHTML, like Gecko; compatible; bingbot/2.0; +http://www.bing.com/bingbot.htm) Chrome/103.0.5060.134 Safari/537.36"
37.187.94.3 - - [04/Sep/2023:15:38:46 +0200] "GET /stitch-waterball-collection-p-53512.html HTTP/1.0" 200 76499 "-" "Mozilla/5.0 (compatible; MJ12bot/v1.4.8; http://mj12bot.com/)"
8.217.191.228 - - [04/Sep/2023:15:38:50 +0200] "GET /images/mini_prod/3519570204031.jpg HTTP/1.0" 200 269 "-" "Mozilla/5.0 (X11; Ubuntu; Linux x86_64; rv:72.0) Gecko/20100101 Firefox/72.0"
188.165.215.206 - - [04/Sep/2023:15:38:48 +0200] "GET /-p-19656.html HTTP/1.0" 200 73582 "-" "Mozilla/5.0 (compatible; MJ12bot/v1.4.8; http://mj12bot.com/)"
37.187.94.3 - - [04/Sep/2023:15:38:51 +0200] "GET /strawberry-shortcake-years-p-22143.html HTTP/1.0" 200 76085 "-" "Mozilla/5.0 (compatible; MJ12bot/v1.4.8; http://mj12bot.com/)"
37.187.94.3 - - [04/Sep/2023:15:38:54 +0200] "GET /support-mural-bouteilles-verres-bois-mtal-p-60501.html HTTP/1.0" 301 77794 "-" "Mozilla/5.0 (compatible; MJ12bot/v1.4.8; http://mj12bot.com/)"
188.165.215.206 - - [04/Sep/2023:15:38:56 +0200] "GET /angry-birds-long-sleeve-shirt-size-years-p-26958.html HTTP/1.0" 301 73649 "-" "Mozilla/5.0 (compatible; MJ12bot/v1.4.8; http://mj12bot.com/)"
54.36.148.177 - - [04/Sep/2023:15:38:57 +0200] "GET /keyrings-c-31_52.html HTTP/1.0" 200 97090 "-" "Mozilla/5.0 (compatible; AhrefsBot/7.0; +http://ahrefs.com/robot/)"
37.187.94.3 - - [04/Sep/2023:15:38:58 +0200] "GET /large-bottle-glass-holder-wood-metal-p-60501.html HTTP/1.0" 200 77691 "-" "Mozilla/5.0 (compatible; MJ12bot/v1.4.8; http://mj12bot.com/)"
37.187.94.3 - - [04/Sep/2023:15:39:04 +0200] "GET /swimsuit-c-18.html HTTP/1.0" 301 95237 "-" "Mozilla/5.0 (compatible; MJ12bot/v1.4.8; http://mj12bot.com/)"
188.165.215.206 - - [04/Sep/2023:15:39:08 +0200] "GET /-p-26958.html HTTP/1.0" 200 73582 "-" "Mozilla/5.0 (compatible; MJ12bot/v1.4.8; http://mj12bot.com/)"
37.187.94.3 - - [04/Sep/2023:15:39:08 +0200] "GET /swimsuit-c-1_18.html HTTP/1.0" 200 95263 "-" "Mozilla/5.0 (compatible; MJ12bot/v1.4.8; http://mj12bot.com/)"
47.243.142.117 - - [04/Sep/2023:15:39:11 +0200] "GET /images/mini_prod/3609080167350.jpg HTTP/1.0" 200 269 "-" "Mozilla/5.0 (X11; Ubuntu; Linux x86_64; rv:72.0) Gecko/20100101 Firefox/72.0"
188.165.215.206 - - [04/Sep/2023:15:39:13 +0200] "GET /angry-birds-poster-p-12734.html HTTP/1.0" 301 73649 "-" "Mozilla/5.0 (compatible; MJ12bot/v1.4.8; http://mj12bot.com/)"
37.187.94.3 - - [04/Sep/2023:15:39:12 +0200] "GET /swimsuit-c-1_18.html HTTP/1.0" 200 95263 "-" "Mozilla/5.0 (compatible; MJ12bot/v1.4.8; http://mj12bot.com/)"
37.187.94.3 - - [04/Sep/2023:15:39:19 +0200] "GET /swimwear-c-2_35.html HTTP/1.0" 200 93197 "-" "Mozilla/5.0 (compatible; MJ12bot/v1.4.8; http://mj12bot.com/)"
114.119.136.148 - - [04/Sep/2023:15:39:22 +0200] "GET /mala-rose-quartz-stone-aa-quality-108-beads-p-51003.html HTTP/1.0" 301 79738 "http://www.wonder-geek.com/pendants-and-necklaces-c-3_214.html?page=2" "Mozilla/5.0 (Linux; Android 7.0;) AppleWebKit/537.36 (KHTML, like Gecko) Mobile Safari/537.36 (compatible; PetalBot;+https://webmaster.petalsearch.com/site/petalbot)"
188.165.215.206 - - [04/Sep/2023:15:39:23 +0200] "GET /-p-12734.html HTTP/1.0" 200 73582 "-" "Mozilla/5.0 (compatible; MJ12bot/v1.4.8; http://mj12bot.com/)"
37.187.94.3 - - [04/Sep/2023:15:39:24 +0200] "GET /swimwear-c-35.html HTTP/1.0" 301 93173 "-" "Mozilla/5.0 (compatible; MJ12bot/v1.4.8; http://mj12bot.com/)"
114.119.136.148 - - [04/Sep/2023:15:39:25 +0200] "GET /mala-rose-quartz-stone-quality-beads-p-51003.html HTTP/1.0" 200 79635 "http://www.wonder-geek.com/pendants-and-necklaces-c-3_214.html?page=2" "Mozilla/5.0 (Linux; Android 7.0;) AppleWebKit/537.36 (KHTML, like Gecko) Mobile Safari/537.36 (compatible; PetalBot;+https://webmaster.petalsearch.com/site/petalbot)"
37.187.94.3 - - [04/Sep/2023:15:39:29 +0200] "GET /swimwear-c-2_35.html HTTP/1.0" 200 93197 "-" "Mozilla/5.0 (compatible; MJ12bot/v1.4.8; http://mj12bot.com/)"
188.165.215.206 - - [04/Sep/2023:15:39:29 +0200] "GET /angry-birds-poster-p-22645.html HTTP/1.0" 301 73649 "-" "Mozilla/5.0 (compatible; MJ12bot/v1.4.8; http://mj12bot.com/)"
37.187.94.3 - - [04/Sep/2023:15:39:34 +0200] "GET /table-lamp-metal-gray-color-p-57003.html HTTP/1.0" 200 76694 "-" "Mozilla/5.0 (compatible; MJ12bot/v1.4.8; http://mj12bot.com/)"
37.187.94.3 - - [04/Sep/2023:15:39:40 +0200] "GET /table-lamp-metal-silver-color-p-57005.html HTTP/1.0" 200 76950 "-" "Mozilla/5.0 (compatible; MJ12bot/v1.4.8; http://mj12bot.com/)"
188.165.215.206 - - [04/Sep/2023:15:39:41 +0200] "GET /-p-22645.html HTTP/1.0" 200 73582 "-" "Mozilla/5.0 (compatible; MJ12bot/v1.4.8; http://mj12bot.com/)"
37.187.94.3 - - [04/Sep/2023:15:39:45 +0200] "GET /table-lamps-c-286.html HTTP/1.0" 301 96025 "-" "Mozilla/5.0 (compatible; MJ12bot/v1.4.8; http://mj12bot.com/)"
37.187.94.3 - - [04/Sep/2023:15:39:48 +0200] "GET /table-lamps-c-86_286.html HTTP/1.0" 200 96054 "-" "Mozilla/5.0 (compatible; MJ12bot/v1.4.8; http://mj12bot.com/)"
188.165.215.206 - - [04/Sep/2023:15:39:50 +0200] "GET /animalerie-decembre-2022-c-95_314.html HTTP/1.0" 301 72515 "-" "Mozilla/5.0 (compatible; MJ12bot/v1.4.8; http://mj12bot.com/)"
37.187.94.3 - - [04/Sep/2023:15:39:53 +0200] "GET /table-lamps-c-86_286.html HTTP/1.0" 200 96054 "-" "Mozilla/5.0 (compatible; MJ12bot/v1.4.8; http://mj12bot.com/)"
188.165.215.206 - - [04/Sep/2023:15:39:58 +0200] "GET /-c-314.html HTTP/1.0" 200 72361 "-" "Mozilla/5.0 (compatible; MJ12bot/v1.4.8; http://mj12bot.com/)"
37.187.94.3 - - [04/Sep/2023:15:39:59 +0200] "GET /tablecloths-c-11_176.html HTTP/1.0" 200 94398 "-" "Mozilla/5.0 (compatible; MJ12bot/v1.4.8; http://mj12bot.com/)"
114.119.147.6 - - [04/Sep/2023:15:40:03 +0200] "GET /glass-jellyfish-paperweight-85-cm-p-52791.html HTTP/1.0" 301 73788 "http://www.wonder-geek.com/paperweight-c-129_188.html" "Mozilla/5.0 (Linux; Android 7.0;) AppleWebKit/537.36 (KHTML, like Gecko) Mobile Safari/537.36 (compatible; PetalBot;+https://webmaster.petalsearch.com/site/petalbot)"
37.187.94.3 - - [04/Sep/2023:15:40:03 +0200] "GET /tablecloths-c-176.html HTTP/1.0" 301 94355 "-" "Mozilla/5.0 (compatible; MJ12bot/v1.4.8; http://mj12bot.com/)"
114.119.147.6 - - [04/Sep/2023:15:40:06 +0200] "GET /glass-jellyfish-paperweight-p-52791.html HTTP/1.0" 200 73694 "http://www.wonder-geek.com/paperweight-c-129_188.html" "Mozilla/5.0 (Linux; Android 7.0;) AppleWebKit/537.36 (KHTML, like Gecko) Mobile Safari/537.36 (compatible; PetalBot;+https://webmaster.petalsearch.com/site/petalbot)"
188.165.215.206 - - [04/Sep/2023:15:40:06 +0200] "GET /anniversary-smurf-figure-p-35120.html HTTP/1.0" 301 73649 "-" "Mozilla/5.0 (compatible; MJ12bot/v1.4.8; http://mj12bot.com/)"
37.187.94.3 - - [04/Sep/2023:15:40:07 +0200] "GET /tablecloths-c-11_176.html HTTP/1.0" 200 94398 "-" "Mozilla/5.0 (compatible; MJ12bot/v1.4.8; http://mj12bot.com/)"
37.187.94.3 - - [04/Sep/2023:15:40:12 +0200] "GET /tablette-murale-bois-manguier-p-60504.html HTTP/1.0" 301 76878 "-" "Mozilla/5.0 (compatible; MJ12bot/v1.4.8; http://mj12bot.com/)"
52.167.144.196 - - [04/Sep/2023:15:40:11 +0200] "GET /mugs-mazagrans-c-12_57.html?page=8 HTTP/1.0" 200 98528 "-" "Mozilla/5.0 AppleWebKit/537.36 (KHTML, like Gecko; compatible; bingbot/2.0; +http://www.bing.com/bingbot.htm) Chrome/103.0.5060.134 Safari/537.36"
188.165.215.206 - - [04/Sep/2023:15:40:15 +0200] "GET /-p-35120.html HTTP/1.0" 200 73582 "-" "Mozilla/5.0 (compatible; MJ12bot/v1.4.8; http://mj12bot.com/)"
37.187.94.3 - - [04/Sep/2023:15:40:16 +0200] "GET /mango-wood-shelf-p-60504.html HTTP/1.0" 200 76795 "-" "Mozilla/5.0 (compatible; MJ12bot/v1.4.8; http://mj12bot.com/)"
37.187.94.3 - - [04/Sep/2023:15:40:21 +0200] "GET /tablette-murale-bois-manguier-p-60505.html HTTP/1.0" 301 76879 "-" "Mozilla/5.0 (compatible; MJ12bot/v1.4.8; http://mj12bot.com/)"
37.187.94.3 - - [04/Sep/2023:15:40:24 +0200] "GET /mango-wood-shelf-p-60505.html HTTP/1.0" 200 76796 "-" "Mozilla/5.0 (compatible; MJ12bot/v1.4.8; http://mj12bot.com/)"
188.165.215.206 - - [04/Sep/2023:15:40:24 +0200] "GET /appliques-c-86_281.html HTTP/1.0" 301 81361 "-" "Mozilla/5.0 (compatible; MJ12bot/v1.4.8; http://mj12bot.com/)"
114.119.130.97 - - [04/Sep/2023:15:40:24 +0200] "GET /floral-cushion-saucer-p-59035.html HTTP/1.0" 200 76607 "http://www.wonder-geek.com/dishes-c-12.html?page=18" "Mozilla/5.0 (Linux; Android 7.0;) AppleWebKit/537.36 (KHTML, like Gecko) Mobile Safari/537.36 (compatible; PetalBot;+https://webmaster.petalsearch.com/site/petalbot)"
37.187.94.3 - - [04/Sep/2023:15:40:31 +0200] "GET /tablette-murale-bois-manguier-p-60506.html HTTP/1.0" 301 76890 "-" "Mozilla/5.0 (compatible; MJ12bot/v1.4.8; http://mj12bot.com/)"
188.165.215.206 - - [04/Sep/2023:15:40:31 +0200] "GET /wall-lights-c-281.html HTTP/1.0" 301 81256 "-" "Mozilla/5.0 (compatible; MJ12bot/v1.4.8; http://mj12bot.com/)"
37.187.94.3 - - [04/Sep/2023:15:40:34 +0200] "GET /mango-wood-shelf-p-60506.html HTTP/1.0" 200 76807 "-" "Mozilla/5.0 (compatible; MJ12bot/v1.4.8; http://mj12bot.com/)"
37.187.94.3 - - [04/Sep/2023:15:40:39 +0200] "GET /tarot-lotus-silver-colour-p-55340.html HTTP/1.0" 200 77129 "-" "Mozilla/5.0 (compatible; MJ12bot/v1.4.8; http://mj12bot.com/)"
188.165.215.206 - - [04/Sep/2023:15:40:39 +0200] "GET /wall-lights-c-86_281.html HTTP/1.0" 200 81285 "-" "Mozilla/5.0 (compatible; MJ12bot/v1.4.8; http://mj12bot.com/)"
37.187.94.3 - - [04/Sep/2023:15:40:43 +0200] "GET /temps-large-bowl-p-45338.html HTTP/1.0" 200 73656 "-" "Mozilla/5.0 (compatible; MJ12bot/v1.4.8; http://mj12bot.com/)"
188.165.215.206 - - [04/Sep/2023:15:40:45 +0200] "GET /aquario-shower-curtain-marine-world-p-57247.html HTTP/1.0" 301 73649 "-" "Mozilla/5.0 (compatible; MJ12bot/v1.4.8; http://mj12bot.com/)"
37.187.94.3 - - [04/Sep/2023:15:40:46 +0200] "GET /temps-large-bowl-p-45339.html HTTP/1.0" 200 73683 "-" "Mozilla/5.0 (compatible; MJ12bot/v1.4.8; http://mj12bot.com/)"
37.187.94.3 - - [04/Sep/2023:15:40:50 +0200] "GET /theieres-octobre-2022-c-95_303.html HTTP/1.0" 301 79044 "-" "Mozilla/5.0 (compatible; MJ12bot/v1.4.8; http://mj12bot.com/)"
37.187.94.3 - - [04/Sep/2023:15:40:54 +0200] "GET /-c-303.html HTTP/1.0" 200 78890 "-" "Mozilla/5.0 (compatible; MJ12bot/v1.4.8; http://mj12bot.com/)"
188.165.215.206 - - [04/Sep/2023:15:40:57 +0200] "GET /-p-57247.html HTTP/1.0" 200 73582 "-" "Mozilla/5.0 (compatible; MJ12bot/v1.4.8; http://mj12bot.com/)"
37.187.94.3 - - [04/Sep/2023:15:40:57 +0200] "GET /tinted-candle-mass-brown-p-56105.html HTTP/1.0" 200 76003 "-" "Mozilla/5.0 (compatible; MJ12bot/v1.4.8; http://mj12bot.com/)"
37.187.94.3 - - [04/Sep/2023:15:41:02 +0200] "GET /tinted-candle-mass-dark-green-p-56100.html HTTP/1.0" 200 76028 "-" "Mozilla/5.0 (compatible; MJ12bot/v1.4.8; http://mj12bot.com/)"
47.128.26.41 - - [04/Sep/2023:15:41:06 +0200] "GET /poncho-towels-bathrobes-c-11_72.html HTTP/1.0" 200 83009 "-" "Mozilla/5.0 (Linux; Android 5.0) AppleWebKit/537.36 (KHTML, like Gecko) Mobile Safari/537.36 (compatible; Bytespider; spider-feedback@bytedance.com)"
37.187.94.3 - - [04/Sep/2023:15:41:06 +0200] "GET /tinted-candle-mass-lilac-p-56103.html HTTP/1.0" 200 76003 "-" "Mozilla/5.0 (compatible; MJ12bot/v1.4.8; http://mj12bot.com/)"
47.128.26.41 - - [04/Sep/2023:15:41:08 +0200] "GET /swfobject.js HTTP/1.0" 404 1308 "http://www.wonder-geek.com/poncho-towels-bathrobes-c-11_72.html" "Mozilla/5.0 (Linux; Android 5.0) AppleWebKit/537.36 (KHTML, like Gecko) Mobile Safari/537.36 (compatible; Bytespider; spider-feedback@bytedance.com)"
188.165.215.206 - - [04/Sep/2023:15:41:09 +0200] "GET /armoire-supports-c-13_150_201.html HTTP/1.0" 301 92312 "-" "Mozilla/5.0 (compatible; MJ12bot/v1.4.8; http://mj12bot.com/)"
37.187.94.3 - - [04/Sep/2023:15:41:11 +0200] "GET /tinted-candle-mass-orange-p-56098.html HTTP/1.0" 200 76008 "-" "Mozilla/5.0 (compatible; MJ12bot/v1.4.8; http://mj12bot.com/)"
47.128.26.41 - - [04/Sep/2023:15:41:13 +0200] "GET /js/jquery.masonry.min.js HTTP/1.0" 200 264 "http://www.wonder-geek.com/poncho-towels-bathrobes-c-11_72.html" "Mozilla/5.0 (Linux; Android 5.0) AppleWebKit/537.36 (KHTML, like Gecko) Mobile Safari/537.36 (compatible; Bytespider; spider-feedback@bytedance.com)"
37.187.94.3 - - [04/Sep/2023:15:41:15 +0200] "GET /tinted-candle-mass-p-56093.html HTTP/1.0" 200 75985 "-" "Mozilla/5.0 (compatible; MJ12bot/v1.4.8; http://mj12bot.com/)"
188.165.215.206 - - [04/Sep/2023:15:41:17 +0200] "GET /holders-c-201.html HTTP/1.0" 301 92066 "-" "Mozilla/5.0 (compatible; MJ12bot/v1.4.8; http://mj12bot.com/)"
37.187.94.3 - - [04/Sep/2023:15:41:20 +0200] "GET /tinted-candle-mass-saffron-p-56097.html HTTP/1.0" 200 76013 "-" "Mozilla/5.0 (compatible; MJ12bot/v1.4.8; http://mj12bot.com/)"
188.165.215.206 - - [04/Sep/2023:15:41:21 +0200] "GET /holders-c-13_150_201.html HTTP/1.0" 200 92240 "-" "Mozilla/5.0 (compatible; MJ12bot/v1.4.8; http://mj12bot.com/)"
47.128.26.41 - - [04/Sep/2023:15:41:24 +0200] "GET /js/jquery.min.js HTTP/1.0" 404 1308 "http://www.wonder-geek.com/poncho-towels-bathrobes-c-11_72.html" "Mozilla/5.0 (Linux; Android 5.0) AppleWebKit/537.36 (KHTML, like Gecko) Mobile Safari/537.36 (compatible; Bytespider; spider-feedback@bytedance.com)"
37.187.94.3 - - [04/Sep/2023:15:41:23 +0200] "GET /toile-kakemono-fougre-vintage-suspendre-p-60490.html HTTP/1.0" 301 77029 "-" "Mozilla/5.0 (compatible; MJ12bot/v1.4.8; http://mj12bot.com/)"
37.187.94.3 - - [04/Sep/2023:15:41:26 +0200] "GET /decorative-canvas-fern-hanging-p-60490.html HTTP/1.0" 200 76932 "-" "Mozilla/5.0 (compatible; MJ12bot/v1.4.8; http://mj12bot.com/)"
47.128.26.41 - - [04/Sep/2023:15:41:30 +0200] "GET /swfobject.js HTTP/1.0" 404 1308 "http://www.wonder-geek.com/poncho-towels-bathrobes-c-11_72.html" "Mozilla/5.0 (Linux; Android 5.0) AppleWebKit/537.36 (KHTML, like Gecko) Mobile Safari/537.36 (compatible; Bytespider; spider-feedback@bytedance.com)"
37.187.94.3 - - [04/Sep/2023:15:41:30 +0200] "GET /toile-kakemono-palmiers-vintage-suspendre-p-60489.html HTTP/1.0" 301 77095 "-" "Mozilla/5.0 (compatible; MJ12bot/v1.4.8; http://mj12bot.com/)"
188.165.215.206 - - [04/Sep/2023:15:41:29 +0200] "GET /articles-fumeurs-c-3_112.html HTTP/1.0" 301 94562 "-" "Mozilla/5.0 (compatible; MJ12bot/v1.4.8; http://mj12bot.com/)"
37.187.94.3 - - [04/Sep/2023:15:41:33 +0200] "GET /decorative-canvas-palm-tree-hanging-p-60489.html HTTP/1.0" 200 76993 "-" "Mozilla/5.0 (compatible; MJ12bot/v1.4.8; http://mj12bot.com/)"
188.165.215.206 - - [04/Sep/2023:15:41:36 +0200] "GET /smokers-items-c-112.html HTTP/1.0" 301 94452 "-" "Mozilla/5.0 (compatible; MJ12bot/v1.4.8; http://mj12bot.com/)"
37.187.94.3 - - [04/Sep/2023:15:41:37 +0200] "GET /vaisselle-c-12.html HTTP/1.0" 301 94426 "-" "Mozilla/5.0 (compatible; MJ12bot/v1.4.8; http://mj12bot.com/)"
37.187.94.3 - - [04/Sep/2023:15:41:41 +0200] "GET /dishes-c-12.html HTTP/1.0" 200 94356 "-" "Mozilla/5.0 (compatible; MJ12bot/v1.4.8; http://mj12bot.com/)"
188.165.215.206 - - [04/Sep/2023:15:41:43 +0200] "GET /smokers-items-c-3_112.html HTTP/1.0" 200 94484 "-" "Mozilla/5.0 (compatible; MJ12bot/v1.4.8; http://mj12bot.com/)"
37.187.94.3 - - [04/Sep/2023:15:41:47 +0200] "GET /vase-face-orange-ocher-ceramic-p-60513.html HTTP/1.0" 200 77113 "-" "Mozilla/5.0 (compatible; MJ12bot/v1.4.8; http://mj12bot.com/)"
114.119.141.30 - - [04/Sep/2023:15:41:50 +0200] "GET /wooden-wall-decoration-hang-rose-p-49980.html HTTP/1.0" 301 73649 "http://www.wonder-geek.com/wall-decoration-in-wood-and-mdf-c-13_274.html?page=1" "Mozilla/5.0 (Linux; Android 7.0;) AppleWebKit/537.36 (KHTML, like Gecko) Mobile Safari/537.36 (compatible; PetalBot;+https://webmaster.petalsearch.com/site/petalbot)"
188.165.215.206 - - [04/Sep/2023:15:41:51 +0200] "GET /articles-manucure-c-31_204.html HTTP/1.0" 301 90878 "-" "Mozilla/5.0 (compatible; MJ12bot/v1.4.8; http://mj12bot.com/)"
37.187.94.3 - - [04/Sep/2023:15:41:52 +0200] "GET /vase-ocre-orange-visage-cramique-p-60513.html HTTP/1.0" 301 77210 "-" "Mozilla/5.0 (compatible; MJ12bot/v1.4.8; http://mj12bot.com/)"
114.119.141.30 - - [04/Sep/2023:15:41:53 +0200] "GET /-p-49980.html HTTP/1.0" 200 73582 "http://www.wonder-geek.com/wall-decoration-in-wood-and-mdf-c-13_274.html?page=1" "Mozilla/5.0 (Linux; Android 7.0;) AppleWebKit/537.36 (KHTML, like Gecko) Mobile Safari/537.36 (compatible; PetalBot;+https://webmaster.petalsearch.com/site/petalbot)"
37.187.94.3 - - [04/Sep/2023:15:41:55 +0200] "GET /vase-face-orange-ocher-ceramic-p-60513.html HTTP/1.0" 200 77113 "-" "Mozilla/5.0 (compatible; MJ12bot/v1.4.8; http://mj12bot.com/)"
188.165.215.206 - - [04/Sep/2023:15:41:57 +0200] "GET /manicure-articles-c-204.html HTTP/1.0" 301 90723 "-" "Mozilla/5.0 (compatible; MJ12bot/v1.4.8; http://mj12bot.com/)"
37.187.94.3 - - [04/Sep/2023:15:41:58 +0200] "GET /velvet-beach-towel-100x180-vacances-p-60280.html HTTP/1.0" 200 73722 "-" "Mozilla/5.0 (compatible; MJ12bot/v1.4.8; http://mj12bot.com/)"
188.165.215.206 - - [04/Sep/2023:15:42:01 +0200] "GET /manicure-articles-c-31_204.html HTTP/1.0" 200 90796 "-" "Mozilla/5.0 (compatible; MJ12bot/v1.4.8; http://mj12bot.com/)"
37.187.94.3 - - [04/Sep/2023:15:42:03 +0200] "GET /vintage-alarm-clock-p-38262.html HTTP/1.0" 200 76008 "-" "Mozilla/5.0 (compatible; MJ12bot/v1.4.8; http://mj12bot.com/)"
188.165.215.206 - - [04/Sep/2023:15:42:06 +0200] "GET /artisan-plaster-thermometer-handcrafted-p-58002.html HTTP/1.0" 200 77025 "-" "Mozilla/5.0 (compatible; MJ12bot/v1.4.8; http://mj12bot.com/)"
37.187.94.3 - - [04/Sep/2023:15:42:08 +0200] "GET /vintage-black-telephone-clock-p-55993.html HTTP/1.0" 200 76753 "-" "Mozilla/5.0 (compatible; MJ12bot/v1.4.8; http://mj12bot.com/)"
37.187.94.3 - - [04/Sep/2023:15:42:13 +0200] "GET /wall-stickers-children-vintage-cars-p-60524.html HTTP/1.0" 200 77254 "-" "Mozilla/5.0 (compatible; MJ12bot/v1.4.8; http://mj12bot.com/)"
37.187.94.3 - - [04/Sep/2023:15:42:17 +0200] "GET /wastebasket-c-129_184.html HTTP/1.0" 200 81267 "-" "Mozilla/5.0 (compatible; MJ12bot/v1.4.8; http://mj12bot.com/)"
188.165.215.206 - - [04/Sep/2023:15:42:21 +0200] "GET /artisan-plaster-thermometer-handcrafted-p-58003.html HTTP/1.0" 200 77025 "-" "Mozilla/5.0 (compatible; MJ12bot/v1.4.8; http://mj12bot.com/)"
37.187.94.3 - - [04/Sep/2023:15:42:22 +0200] "GET /wastebasket-c-184.html HTTP/1.0" 301 81207 "-" "Mozilla/5.0 (compatible; MJ12bot/v1.4.8; http://mj12bot.com/)"
37.187.94.3 - - [04/Sep/2023:15:42:25 +0200] "GET /wastebasket-c-129_184.html HTTP/1.0" 200 81267 "-" "Mozilla/5.0 (compatible; MJ12bot/v1.4.8; http://mj12bot.com/)"
188.165.215.206 - - [04/Sep/2023:15:42:26 +0200] "GET /artisan-plaster-thermometer-handcrafted-p-58006.html HTTP/1.0" 200 77025 "-" "Mozilla/5.0 (compatible; MJ12bot/v1.4.8; http://mj12bot.com/)"
37.187.94.3 - - [04/Sep/2023:15:42:29 +0200] "GET /water-bottle-liters-brown-with-polka-dots-p-56875.html HTTP/1.0" 200 73752 "-" "Mozilla/5.0 (compatible; MJ12bot/v1.4.8; http://mj12bot.com/)"
188.165.215.206 - - [04/Sep/2023:15:42:31 +0200] "GET /artisan-plaster-thermometer-handcrafted-p-58008.html HTTP/1.0" 200 77025 "-" "Mozilla/5.0 (compatible; MJ12bot/v1.4.8; http://mj12bot.com/)"
37.187.94.3 - - [04/Sep/2023:15:42:32 +0200] "GET /water-bottle-liters-knitting-p-56877.html HTTP/1.0" 200 73704 "-" "Mozilla/5.0 (compatible; MJ12bot/v1.4.8; http://mj12bot.com/)"
37.187.94.3 - - [04/Sep/2023:15:42:37 +0200] "GET /water-bottle-moment-douceur-biche-p-56128.html HTTP/1.0" 200 76752 "-" "Mozilla/5.0 (compatible; MJ12bot/v1.4.8; http://mj12bot.com/)"
188.165.215.206 - - [04/Sep/2023:15:42:41 +0200] "GET /artisan-plaster-thermometer-handcrafted-p-58023.html HTTP/1.0" 200 77171 "-" "Mozilla/5.0 (compatible; MJ12bot/v1.4.8; http://mj12bot.com/)"
37.187.94.3 - - [04/Sep/2023:15:42:41 +0200] "GET /water-bottles-heaters-c-13_288.html HTTP/1.0" 200 93677 "-" "Mozilla/5.0 (compatible; MJ12bot/v1.4.8; http://mj12bot.com/)"
