47.128.20.46 - - [04/Sep/2023:18:43:14 +0200] "GET /swfobject.js HTTP/1.0" 404 1308 "http://www.wonder-geek.com/-p-35146.html" "Mozilla/5.0 (Linux; Android 5.0) AppleWebKit/537.36 (KHTML, like Gecko) Mobile Safari/537.36 (compatible; Bytespider; spider-feedback@bytedance.com)"
157.90.182.25 - - [04/Sep/2023:18:43:13 +0200] "GET /artisan-plaster-thermometer-handcrafted-p-58012.html HTTP/1.0" 200 77026 "-" "Mozilla/5.0 (compatible; BLEXBot/1.0; +http://webmeup-crawler.com/)"
47.128.29.112 - - [04/Sep/2023:18:43:15 +0200] "GET /highslide/graphics/zoomout.cur HTTP/1.0" 200 614 "http://www.wonder-geek.com/provence-small-ceramic-ashtray-p-52635.html" "Mozilla/5.0 (Linux; Android 5.0) AppleWebKit/537.36 (KHTML, like Gecko) Mobile Safari/537.36 (compatible; Bytespider; spider-feedback@bytedance.com)"
47.128.29.112 - - [04/Sep/2023:18:43:15 +0200] "GET /highslide/graphics/outlines/drop-shadow.png HTTP/1.0" 200 277 "http://www.wonder-geek.com/provence-small-ceramic-ashtray-p-52635.html" "Mozilla/5.0 (Linux; Android 5.0) AppleWebKit/537.36 (KHTML, like Gecko) Mobile Safari/537.36 (compatible; Bytespider; spider-feedback@bytedance.com)"
47.128.29.112 - - [04/Sep/2023:18:43:15 +0200] "GET /images/big_prod/3503420151491.jpg HTTP/1.0" 200 268 "http://www.wonder-geek.com/provence-small-ceramic-ashtray-p-52635.html" "Mozilla/5.0 (Linux; Android 5.0) AppleWebKit/537.36 (KHTML, like Gecko) Mobile Safari/537.36 (compatible; Bytespider; spider-feedback@bytedance.com)"
47.128.26.129 - - [04/Sep/2023:18:43:15 +0200] "GET /images/big_prod_1/3609810076273C.jpg HTTP/1.0" 200 271 "http://www.wonder-geek.com/cement-tile-stickers-p-50330.html" "Mozilla/5.0 (Linux; Android 5.0) AppleWebKit/537.36 (KHTML, like Gecko) Mobile Safari/537.36 (compatible; Bytespider; spider-feedback@bytedance.com)"
47.128.29.157 - - [04/Sep/2023:18:43:15 +0200] "GET /harley-davidson-large-metal-plate-p-23288.html HTTP/1.0" 200 76026 "-" "Mozilla/5.0 (Linux; Android 5.0) AppleWebKit/537.36 (KHTML, like Gecko) Mobile Safari/537.36 (compatible; Bytespider; spider-feedback@bytedance.com)"
47.128.24.241 - - [04/Sep/2023:18:43:17 +0200] "GET /images/big_prod_1/8420327420688B.jpg HTTP/1.0" 200 271 "http://www.wonder-geek.com/gray-metal-table-lamp-p-55789.html" "Mozilla/5.0 (Linux; Android 5.0) AppleWebKit/537.36 (KHTML, like Gecko) Mobile Safari/537.36 (compatible; Bytespider; spider-feedback@bytedance.com)"
47.128.29.157 - - [04/Sep/2023:18:43:17 +0200] "GET /swfobject.js HTTP/1.0" 404 1308 "http://www.wonder-geek.com/harley-davidson-large-metal-plate-p-23288.html" "Mozilla/5.0 (Linux; Android 5.0) AppleWebKit/537.36 (KHTML, like Gecko) Mobile Safari/537.36 (compatible; Bytespider; spider-feedback@bytedance.com)"
157.90.182.25 - - [04/Sep/2023:18:43:15 +0200] "GET /alarms-clocks-c-13_65.html?page=1 HTTP/1.0" 200 94069 "-" "Mozilla/5.0 (compatible; BLEXBot/1.0; +http://webmeup-crawler.com/)"
47.128.30.142 - - [04/Sep/2023:18:43:18 +0200] "GET /rattan-p-58715.html HTTP/1.0" 200 76788 "-" "Mozilla/5.0 (Linux; Android 5.0) AppleWebKit/537.36 (KHTML, like Gecko) Mobile Safari/537.36 (compatible; Bytespider; spider-feedback@bytedance.com)"
47.128.20.120 - - [04/Sep/2023:18:43:19 +0200] "GET /highslide/graphics/outlines/drop-shadow.png HTTP/1.0" 200 277 "http://www.wonder-geek.com/alarm-clock-rverie-alfons-mucha-p-54231.html" "Mozilla/5.0 (Linux; Android 5.0) AppleWebKit/537.36 (KHTML, like Gecko) Mobile Safari/537.36 (compatible; Bytespider; spider-feedback@bytedance.com)"
47.128.30.142 - - [04/Sep/2023:18:43:20 +0200] "GET /swfobject.js HTTP/1.0" 404 1308 "http://www.wonder-geek.com/rattan-p-58715.html" "Mozilla/5.0 (Linux; Android 5.0) AppleWebKit/537.36 (KHTML, like Gecko) Mobile Safari/537.36 (compatible; Bytespider; spider-feedback@bytedance.com)"
47.128.20.120 - - [04/Sep/2023:18:43:20 +0200] "GET /images/big_prod/8718375754146.jpg HTTP/1.0" 200 268 "http://www.wonder-geek.com/alarm-clock-rverie-alfons-mucha-p-54231.html" "Mozilla/5.0 (Linux; Android 5.0) AppleWebKit/537.36 (KHTML, like Gecko) Mobile Safari/537.36 (compatible; Bytespider; spider-feedback@bytedance.com)"
47.128.20.46 - - [04/Sep/2023:18:43:21 +0200] "GET /highslide/graphics/outlines/drop-shadow.png HTTP/1.0" 200 277 "http://www.wonder-geek.com/-p-35146.html" "Mozilla/5.0 (Linux; Android 5.0) AppleWebKit/537.36 (KHTML, like Gecko) Mobile Safari/537.36 (compatible; Bytespider; spider-feedback@bytedance.com)"
47.128.20.46 - - [04/Sep/2023:18:43:21 +0200] "GET /highslide/graphics/zoomout.cur HTTP/1.0" 200 614 "http://www.wonder-geek.com/-p-35146.html" "Mozilla/5.0 (Linux; Android 5.0) AppleWebKit/537.36 (KHTML, like Gecko) Mobile Safari/537.36 (compatible; Bytespider; spider-feedback@bytedance.com)"
47.128.19.166 - - [04/Sep/2023:18:43:21 +0200] "GET /wood-keychains-p-26077.html HTTP/1.0" 200 75898 "-" "Mozilla/5.0 (Linux; Android 5.0) AppleWebKit/537.36 (KHTML, like Gecko) Mobile Safari/537.36 (compatible; Bytespider; spider-feedback@bytedance.com)"
47.128.19.166 - - [04/Sep/2023:18:43:23 +0200] "GET /swfobject.js HTTP/1.0" 404 1308 "http://www.wonder-geek.com/wood-keychains-p-26077.html" "Mozilla/5.0 (Linux; Android 5.0) AppleWebKit/537.36 (KHTML, like Gecko) Mobile Safari/537.36 (compatible; Bytespider; spider-feedback@bytedance.com)"
47.128.24.241 - - [04/Sep/2023:18:43:26 +0200] "GET /highslide/graphics/zoomout.cur HTTP/1.0" 200 614 "http://www.wonder-geek.com/gray-metal-table-lamp-p-55789.html" "Mozilla/5.0 (Linux; Android 5.0) AppleWebKit/537.36 (KHTML, like Gecko) Mobile Safari/537.36 (compatible; Bytespider; spider-feedback@bytedance.com)"
47.128.24.241 - - [04/Sep/2023:18:43:26 +0200] "GET /highslide/graphics/outlines/drop-shadow.png HTTP/1.0" 200 277 "http://www.wonder-geek.com/gray-metal-table-lamp-p-55789.html" "Mozilla/5.0 (Linux; Android 5.0) AppleWebKit/537.36 (KHTML, like Gecko) Mobile Safari/537.36 (compatible; Bytespider; spider-feedback@bytedance.com)"
157.90.182.25 - - [04/Sep/2023:18:43:25 +0200] "GET /artisan-plaster-thermometer-handcrafted-p-58013.html HTTP/1.0" 200 77026 "-" "Mozilla/5.0 (compatible; BLEXBot/1.0; +http://webmeup-crawler.com/)"
47.128.19.166 - - [04/Sep/2023:18:43:28 +0200] "GET /highslide/graphics/zoomout.cur HTTP/1.0" 200 614 "http://www.wonder-geek.com/wood-keychains-p-26077.html" "Mozilla/5.0 (Linux; Android 5.0) AppleWebKit/537.36 (KHTML, like Gecko) Mobile Safari/537.36 (compatible; Bytespider; spider-feedback@bytedance.com)"
47.128.19.166 - - [04/Sep/2023:18:43:28 +0200] "GET /highslide/graphics/outlines/drop-shadow.png HTTP/1.0" 200 277 "http://www.wonder-geek.com/wood-keychains-p-26077.html" "Mozilla/5.0 (Linux; Android 5.0) AppleWebKit/537.36 (KHTML, like Gecko) Mobile Safari/537.36 (compatible; Bytespider; spider-feedback@bytedance.com)"
47.128.19.166 - - [04/Sep/2023:18:43:28 +0200] "GET /images/1399984248997.jpg HTTP/1.0" 200 259 "http://www.wonder-geek.com/wood-keychains-p-26077.html" "Mozilla/5.0 (Linux; Android 5.0) AppleWebKit/537.36 (KHTML, like Gecko) Mobile Safari/537.36 (compatible; Bytespider; spider-feedback@bytedance.com)"
47.128.30.142 - - [04/Sep/2023:18:43:29 +0200] "GET /images/big_prod_2/8424346521432D.jpg HTTP/1.0" 200 271 "http://www.wonder-geek.com/rattan-p-58715.html" "Mozilla/5.0 (Linux; Android 5.0) AppleWebKit/537.36 (KHTML, like Gecko) Mobile Safari/537.36 (compatible; Bytespider; spider-feedback@bytedance.com)"
47.128.30.142 - - [04/Sep/2023:18:43:29 +0200] "GET /images/big_prod_1/8424346521432C.jpg HTTP/1.0" 200 271 "http://www.wonder-geek.com/rattan-p-58715.html" "Mozilla/5.0 (Linux; Android 5.0) AppleWebKit/537.36 (KHTML, like Gecko) Mobile Safari/537.36 (compatible; Bytespider; spider-feedback@bytedance.com)"
47.128.22.94 - - [04/Sep/2023:18:43:28 +0200] "GET /galileo-thermometer-indoors-p-55398.html HTTP/1.0" 200 76702 "-" "Mozilla/5.0 (Linux; Android 5.0) AppleWebKit/537.36 (KHTML, like Gecko) Mobile Safari/537.36 (compatible; Bytespider; spider-feedback@bytedance.com)"
47.128.22.94 - - [04/Sep/2023:18:43:30 +0200] "GET /swfobject.js HTTP/1.0" 404 1308 "http://www.wonder-geek.com/galileo-thermometer-indoors-p-55398.html" "Mozilla/5.0 (Linux; Android 5.0) AppleWebKit/537.36 (KHTML, like Gecko) Mobile Safari/537.36 (compatible; Bytespider; spider-feedback@bytedance.com)"
157.90.182.25 - - [04/Sep/2023:18:43:28 +0200] "GET /alarms-clocks-clocks-and-watches/alarms-clocks/nici-cat-mini-alarm-clock-p-10089.html HTTP/1.0" 301 73649 "-" "Mozilla/5.0 (compatible; BLEXBot/1.0; +http://webmeup-crawler.com/)"
157.90.182.25 - - [04/Sep/2023:18:43:31 +0200] "GET /-p-10089.html HTTP/1.0" 200 73582 "-" "Mozilla/5.0 (compatible; BLEXBot/1.0; +http://webmeup-crawler.com/)"
47.128.22.94 - - [04/Sep/2023:18:43:33 +0200] "GET /images/big_prod_1/8433933621776B.jpg HTTP/1.0" 200 271 "http://www.wonder-geek.com/galileo-thermometer-indoors-p-55398.html" "Mozilla/5.0 (Linux; Android 5.0) AppleWebKit/537.36 (KHTML, like Gecko) Mobile Safari/537.36 (compatible; Bytespider; spider-feedback@bytedance.com)"
47.128.24.215 - - [04/Sep/2023:18:43:34 +0200] "GET /highslide/graphics/zoomout.cur HTTP/1.0" 200 614 "http://www.wonder-geek.com/salt-pepper-nautilus-p-47914.html" "Mozilla/5.0 (Linux; Android 5.0) AppleWebKit/537.36 (KHTML, like Gecko) Mobile Safari/537.36 (compatible; Bytespider; spider-feedback@bytedance.com)"
47.128.24.215 - - [04/Sep/2023:18:43:34 +0200] "GET /highslide/graphics/outlines/drop-shadow.png HTTP/1.0" 200 277 "http://www.wonder-geek.com/salt-pepper-nautilus-p-47914.html" "Mozilla/5.0 (Linux; Android 5.0) AppleWebKit/537.36 (KHTML, like Gecko) Mobile Safari/537.36 (compatible; Bytespider; spider-feedback@bytedance.com)"
47.128.24.215 - - [04/Sep/2023:18:43:35 +0200] "GET /images/big_prod/3503420095917.jpg HTTP/1.0" 200 268 "http://www.wonder-geek.com/salt-pepper-nautilus-p-47914.html" "Mozilla/5.0 (Linux; Android 5.0) AppleWebKit/537.36 (KHTML, like Gecko) Mobile Safari/537.36 (compatible; Bytespider; spider-feedback@bytedance.com)"
47.128.29.157 - - [04/Sep/2023:18:43:38 +0200] "GET /highslide/graphics/zoomout.cur HTTP/1.0" 200 614 "http://www.wonder-geek.com/harley-davidson-large-metal-plate-p-23288.html" "Mozilla/5.0 (Linux; Android 5.0) AppleWebKit/537.36 (KHTML, like Gecko) Mobile Safari/537.36 (compatible; Bytespider; spider-feedback@bytedance.com)"
157.90.182.25 - - [04/Sep/2023:18:43:38 +0200] "GET /artisan-plaster-thermometer-handcrafted-p-58023.html HTTP/1.0" 200 77171 "-" "Mozilla/5.0 (compatible; BLEXBot/1.0; +http://webmeup-crawler.com/)"
47.128.26.129 - - [04/Sep/2023:18:43:40 +0200] "GET /highslide/graphics/zoomout.cur HTTP/1.0" 200 614 "http://www.wonder-geek.com/cement-tile-stickers-p-50330.html" "Mozilla/5.0 (Linux; Android 5.0) AppleWebKit/537.36 (KHTML, like Gecko) Mobile Safari/537.36 (compatible; Bytespider; spider-feedback@bytedance.com)"
47.128.26.129 - - [04/Sep/2023:18:43:40 +0200] "GET /highslide/graphics/outlines/drop-shadow.png HTTP/1.0" 200 277 "http://www.wonder-geek.com/cement-tile-stickers-p-50330.html" "Mozilla/5.0 (Linux; Android 5.0) AppleWebKit/537.36 (KHTML, like Gecko) Mobile Safari/537.36 (compatible; Bytespider; spider-feedback@bytedance.com)"
47.128.28.64 - - [04/Sep/2023:18:43:39 +0200] "GET /moroccan-ashtray-p-40814.html HTTP/1.0" 200 73636 "-" "Mozilla/5.0 (Linux; Android 5.0) AppleWebKit/537.36 (KHTML, like Gecko) Mobile Safari/537.36 (compatible; Bytespider; spider-feedback@bytedance.com)"
47.128.22.94 - - [04/Sep/2023:18:43:40 +0200] "GET /highslide/graphics/zoomout.cur HTTP/1.0" 200 614 "http://www.wonder-geek.com/galileo-thermometer-indoors-p-55398.html" "Mozilla/5.0 (Linux; Android 5.0) AppleWebKit/537.36 (KHTML, like Gecko) Mobile Safari/537.36 (compatible; Bytespider; spider-feedback@bytedance.com)"
47.128.22.94 - - [04/Sep/2023:18:43:40 +0200] "GET /highslide/graphics/outlines/drop-shadow.png HTTP/1.0" 200 277 "http://www.wonder-geek.com/galileo-thermometer-indoors-p-55398.html" "Mozilla/5.0 (Linux; Android 5.0) AppleWebKit/537.36 (KHTML, like Gecko) Mobile Safari/537.36 (compatible; Bytespider; spider-feedback@bytedance.com)"
47.128.26.129 - - [04/Sep/2023:18:43:40 +0200] "GET /images/big_prod/3609810076273B.jpg HTTP/1.0" 200 269 "http://www.wonder-geek.com/cement-tile-stickers-p-50330.html" "Mozilla/5.0 (Linux; Android 5.0) AppleWebKit/537.36 (KHTML, like Gecko) Mobile Safari/537.36 (compatible; Bytespider; spider-feedback@bytedance.com)"
47.128.22.94 - - [04/Sep/2023:18:43:40 +0200] "GET /images/big_prod/8433933621776.jpg HTTP/1.0" 200 268 "http://www.wonder-geek.com/galileo-thermometer-indoors-p-55398.html" "Mozilla/5.0 (Linux; Android 5.0) AppleWebKit/537.36 (KHTML, like Gecko) Mobile Safari/537.36 (compatible; Bytespider; spider-feedback@bytedance.com)"
47.128.28.64 - - [04/Sep/2023:18:43:41 +0200] "GET /swfobject.js HTTP/1.0" 404 1308 "http://www.wonder-geek.com/moroccan-ashtray-p-40814.html" "Mozilla/5.0 (Linux; Android 5.0) AppleWebKit/537.36 (KHTML, like Gecko) Mobile Safari/537.36 (compatible; Bytespider; spider-feedback@bytedance.com)"
157.90.182.25 - - [04/Sep/2023:18:43:43 +0200] "GET /alarms-clocks-clocks-and-watches/alarms-clocks/winnie-the-pooh-alarm-clock-p-1927.html HTTP/1.0" 301 683 "-" "Mozilla/5.0 (compatible; BLEXBot/1.0; +http://webmeup-crawler.com/)"
157.90.182.25 - - [04/Sep/2023:18:43:43 +0200] "GET /alarms-clocks-clocks-and-watches/alarms-clocks/winnie-the-pooh-alarm-clock-p-1927.html HTTP/1.0" 301 73646 "-" "Mozilla/5.0 (compatible; BLEXBot/1.0; +http://webmeup-crawler.com/)"
47.128.28.64 - - [04/Sep/2023:18:43:44 +0200] "GET /templates/Pixame_v1/images/infobox/pixel_trans.gif HTTP/1.0" 200 328 "http://www.wonder-geek.com/moroccan-ashtray-p-40814.html" "Mozilla/5.0 (Linux; Android 5.0) AppleWebKit/537.36 (KHTML, like Gecko) Mobile Safari/537.36 (compatible; Bytespider; spider-feedback@bytedance.com)"
157.90.182.25 - - [04/Sep/2023:18:43:44 +0200] "GET /-p-1927.html HTTP/1.0" 200 73580 "-" "Mozilla/5.0 (compatible; BLEXBot/1.0; +http://webmeup-crawler.com/)"
216.244.66.242 - - [04/Sep/2023:18:43:46 +0200] "GET /dubout-cats-pill-p-32226.html HTTP/1.0" 200 76049 "-" "Mozilla/5.0 (compatible; DotBot/1.2; +https://opensiteexplorer.org/dotbot; help@moz.com)"
47.128.28.64 - - [04/Sep/2023:18:43:48 +0200] "GET /highslide/graphics/outlines/drop-shadow.png HTTP/1.0" 200 277 "http://www.wonder-geek.com/moroccan-ashtray-p-40814.html" "Mozilla/5.0 (Linux; Android 5.0) AppleWebKit/537.36 (KHTML, like Gecko) Mobile Safari/537.36 (compatible; Bytespider; spider-feedback@bytedance.com)"
47.128.28.64 - - [04/Sep/2023:18:43:48 +0200] "GET /highslide/graphics/zoomout.cur HTTP/1.0" 200 614 "http://www.wonder-geek.com/moroccan-ashtray-p-40814.html" "Mozilla/5.0 (Linux; Android 5.0) AppleWebKit/537.36 (KHTML, like Gecko) Mobile Safari/537.36 (compatible; Bytespider; spider-feedback@bytedance.com)"
157.90.182.25 - - [04/Sep/2023:18:43:50 +0200] "GET /artisan-plaster-thermometer-handcrafted-p-58025.html HTTP/1.0" 200 77173 "-" "Mozilla/5.0 (compatible; BLEXBot/1.0; +http://webmeup-crawler.com/)"
216.244.66.242 - - [04/Sep/2023:18:43:53 +0200] "GET /images/3438100322390.jpg HTTP/1.0" 200 259 "-" "Mozilla/5.0 (compatible; DotBot/1.2; +https://opensiteexplorer.org/dotbot; help@moz.com)"
157.90.182.25 - - [04/Sep/2023:18:43:57 +0200] "GET /alarms-clocks-clocks-and-watches/alarms-clocks/winnie-the-pooh-alarm-clock-p-1928.html HTTP/1.0" 301 683 "-" "Mozilla/5.0 (compatible; BLEXBot/1.0; +http://webmeup-crawler.com/)"
157.90.182.25 - - [04/Sep/2023:18:43:57 +0200] "GET /alarms-clocks-clocks-and-watches/alarms-clocks/winnie-the-pooh-alarm-clock-p-1928.html HTTP/1.0" 301 73646 "-" "Mozilla/5.0 (compatible; BLEXBot/1.0; +http://webmeup-crawler.com/)"
47.128.30.142 - - [04/Sep/2023:18:43:59 +0200] "GET /highslide/graphics/outlines/drop-shadow.png HTTP/1.0" 200 277 "http://www.wonder-geek.com/rattan-p-58715.html" "Mozilla/5.0 (Linux; Android 5.0) AppleWebKit/537.36 (KHTML, like Gecko) Mobile Safari/537.36 (compatible; Bytespider; spider-feedback@bytedance.com)"
47.128.30.142 - - [04/Sep/2023:18:43:59 +0200] "GET /images/big_prod/8424346521432.jpg HTTP/1.0" 200 268 "http://www.wonder-geek.com/rattan-p-58715.html" "Mozilla/5.0 (Linux; Android 5.0) AppleWebKit/537.36 (KHTML, like Gecko) Mobile Safari/537.36 (compatible; Bytespider; spider-feedback@bytedance.com)"
47.128.30.142 - - [04/Sep/2023:18:43:59 +0200] "GET /highslide/graphics/zoomout.cur HTTP/1.0" 200 614 "http://www.wonder-geek.com/rattan-p-58715.html" "Mozilla/5.0 (Linux; Android 5.0) AppleWebKit/537.36 (KHTML, like Gecko) Mobile Safari/537.36 (compatible; Bytespider; spider-feedback@bytedance.com)"
131.107.159.74 - - [04/Sep/2023:18:43:59 +0200] "GET /images/mini_prod/3519570204031.jpg HTTP/1.0" 200 269 "-" "Mozilla/5.0 (X11; Ubuntu; Linux x86_64; rv:72.0) Gecko/20100101 Firefox/72.0"
157.90.182.25 - - [04/Sep/2023:18:43:58 +0200] "GET /-p-1928.html HTTP/1.0" 200 73580 "-" "Mozilla/5.0 (compatible; BLEXBot/1.0; +http://webmeup-crawler.com/)"
157.90.182.25 - - [04/Sep/2023:18:44:05 +0200] "GET /artisan-plaster-thermometer-handcrafted-p-58026.html HTTP/1.0" 200 77177 "-" "Mozilla/5.0 (compatible; BLEXBot/1.0; +http://webmeup-crawler.com/)"
65.154.226.170 - - [04/Sep/2023:18:44:07 +0200] "GET /images/mini%5fprod/3519570204031.jpg HTTP/1.0" 200 269 "-" "Mozilla/5.0 (Windows NT 10.0) AppleWebKit/537.36 (KHTML, like Gecko) Chrome/106.0.0.0 Safari/537.36"
157.90.182.25 - - [04/Sep/2023:18:44:10 +0200] "GET /alaska-mousepad-cbkreation-p-36707.html HTTP/1.0" 200 76005 "-" "Mozilla/5.0 (compatible; BLEXBot/1.0; +http://webmeup-crawler.com/)"
54.36.149.73 - - [04/Sep/2023:18:44:17 +0200] "GET /lavender-provence-little-tray-p-39727.html HTTP/1.0" 200 76786 "-" "Mozilla/5.0 (compatible; AhrefsBot/7.0; +http://ahrefs.com/robot/)"
157.90.182.25 - - [04/Sep/2023:18:44:19 +0200] "GET /artisan-plaster-thermometer-handcrafted-p-58027.html HTTP/1.0" 200 77171 "-" "Mozilla/5.0 (compatible; BLEXBot/1.0; +http://webmeup-crawler.com/)"
157.90.182.25 - - [04/Sep/2023:18:44:22 +0200] "GET /albania-clock-cbkreation-p-36680.html HTTP/1.0" 200 75971 "-" "Mozilla/5.0 (compatible; BLEXBot/1.0; +http://webmeup-crawler.com/)"
157.90.182.25 - - [04/Sep/2023:18:44:32 +0200] "GET /artisan-plaster-thermometer-handcrafted-p-58029.html HTTP/1.0" 200 77069 "-" "Mozilla/5.0 (compatible; BLEXBot/1.0; +http://webmeup-crawler.com/)"
157.90.182.25 - - [04/Sep/2023:18:44:35 +0200] "GET /albania-mousepad-cbkreation-p-36708.html HTTP/1.0" 200 76012 "-" "Mozilla/5.0 (compatible; BLEXBot/1.0; +http://webmeup-crawler.com/)"
157.90.182.25 - - [04/Sep/2023:18:44:44 +0200] "GET /artisan-plaster-thermometer-handcrafted-p-58031.html HTTP/1.0" 200 77101 "-" "Mozilla/5.0 (compatible; BLEXBot/1.0; +http://webmeup-crawler.com/)"
157.90.182.25 - - [04/Sep/2023:18:44:47 +0200] "GET /alcohol-french-training-bottle-cbkreation-p-26763.html HTTP/1.0" 200 77025 "-" "Mozilla/5.0 (compatible; BLEXBot/1.0; +http://webmeup-crawler.com/)"
157.90.182.25 - - [04/Sep/2023:18:44:57 +0200] "GET /artisan-plaster-thermometer-handcrafted-p-58032.html HTTP/1.0" 200 77101 "-" "Mozilla/5.0 (compatible; BLEXBot/1.0; +http://webmeup-crawler.com/)"
157.90.182.25 - - [04/Sep/2023:18:44:59 +0200] "GET /alice-wonderland-cosmetic-p-56847.html HTTP/1.0" 200 76975 "-" "Mozilla/5.0 (compatible; BLEXBot/1.0; +http://webmeup-crawler.com/)"
47.128.21.13 - - [04/Sep/2023:18:45:07 +0200] "GET /gold-cream-globe-decoration-p-60514.html HTTP/1.0" 200 76677 "-" "Mozilla/5.0 (Linux; Android 5.0) AppleWebKit/537.36 (KHTML, like Gecko) Mobile Safari/537.36 (compatible; Bytespider; spider-feedback@bytedance.com)"
47.128.21.13 - - [04/Sep/2023:18:45:10 +0200] "GET /swfobject.js HTTP/1.0" 404 1308 "http://www.wonder-geek.com/gold-cream-globe-decoration-p-60514.html" "Mozilla/5.0 (Linux; Android 5.0) AppleWebKit/537.36 (KHTML, like Gecko) Mobile Safari/537.36 (compatible; Bytespider; spider-feedback@bytedance.com)"
157.90.182.25 - - [04/Sep/2023:18:45:09 +0200] "GET /artisan-plaster-thermometer-handcrafted-p-58034.html HTTP/1.0" 200 77189 "-" "Mozilla/5.0 (compatible; BLEXBot/1.0; +http://webmeup-crawler.com/)"
47.128.24.79 - - [04/Sep/2023:18:45:10 +0200] "GET /rock-crystal-salt-lamp-p-44379.html HTTP/1.0" 200 73668 "-" "Mozilla/5.0 (Linux; Android 5.0) AppleWebKit/537.36 (KHTML, like Gecko) Mobile Safari/537.36 (compatible; Bytespider; spider-feedback@bytedance.com)"
47.128.24.79 - - [04/Sep/2023:18:45:13 +0200] "GET /swfobject.js HTTP/1.0" 404 1308 "http://www.wonder-geek.com/rock-crystal-salt-lamp-p-44379.html" "Mozilla/5.0 (Linux; Android 5.0) AppleWebKit/537.36 (KHTML, like Gecko) Mobile Safari/537.36 (compatible; Bytespider; spider-feedback@bytedance.com)"
157.90.182.25 - - [04/Sep/2023:18:45:11 +0200] "GET /alice-wonderland-cosmetic-p-57594.html HTTP/1.0" 200 77443 "-" "Mozilla/5.0 (compatible; BLEXBot/1.0; +http://webmeup-crawler.com/)"
47.128.24.79 - - [04/Sep/2023:18:45:17 +0200] "GET /highslide/graphics/zoomout.cur HTTP/1.0" 200 614 "http://www.wonder-geek.com/rock-crystal-salt-lamp-p-44379.html" "Mozilla/5.0 (Linux; Android 5.0) AppleWebKit/537.36 (KHTML, like Gecko) Mobile Safari/537.36 (compatible; Bytespider; spider-feedback@bytedance.com)"
47.128.24.79 - - [04/Sep/2023:18:45:17 +0200] "GET /highslide/graphics/outlines/drop-shadow.png HTTP/1.0" 200 277 "http://www.wonder-geek.com/rock-crystal-salt-lamp-p-44379.html" "Mozilla/5.0 (Linux; Android 5.0) AppleWebKit/537.36 (KHTML, like Gecko) Mobile Safari/537.36 (compatible; Bytespider; spider-feedback@bytedance.com)"
47.128.21.13 - - [04/Sep/2023:18:45:20 +0200] "GET /images/big_prod_1/8445146078087B.jpg HTTP/1.0" 200 271 "http://www.wonder-geek.com/gold-cream-globe-decoration-p-60514.html" "Mozilla/5.0 (Linux; Android 5.0) AppleWebKit/537.36 (KHTML, like Gecko) Mobile Safari/537.36 (compatible; Bytespider; spider-feedback@bytedance.com)"
157.90.182.25 - - [04/Sep/2023:18:45:22 +0200] "GET /artisan-plaster-thermometer-handcrafted-p-58035.html HTTP/1.0" 200 77189 "-" "Mozilla/5.0 (compatible; BLEXBot/1.0; +http://webmeup-crawler.com/)"
157.90.182.25 - - [04/Sep/2023:18:45:23 +0200] "GET /alice-wonderland-faux-leather-flat-pouch-p-56299.html HTTP/1.0" 200 76801 "-" "Mozilla/5.0 (compatible; BLEXBot/1.0; +http://webmeup-crawler.com/)"
157.90.182.25 - - [04/Sep/2023:18:45:34 +0200] "GET /artisan-plaster-thermometer-handcrafted-p-58036.html HTTP/1.0" 200 77071 "-" "Mozilla/5.0 (compatible; BLEXBot/1.0; +http://webmeup-crawler.com/)"
157.90.182.25 - - [04/Sep/2023:18:45:36 +0200] "GET /alice-wonderland-glasses-case-p-56296.html HTTP/1.0" 200 76756 "-" "Mozilla/5.0 (compatible; BLEXBot/1.0; +http://webmeup-crawler.com/)"
51.146.252.157 - - [04/Sep/2023:18:45:38 +0200] "GET /the-smurfs-chess-set-p-7308.html HTTP/1.0" 301 73646 "https://uk.search.yahoo.com/" "Mozilla/5.0 (iPhone; CPU iPhone OS 16_6 like Mac OS X) AppleWebKit/605.1.15 (KHTML, like Gecko) Version/16.6 Mobile/15E148 Safari/604.1"
51.146.252.157 - - [04/Sep/2023:18:45:39 +0200] "GET /-p-7308.html HTTP/1.0" 200 73580 "-" "Mozilla/5.0 (iPhone; CPU iPhone OS 16_6 like Mac OS X) AppleWebKit/605.1.15 (KHTML, like Gecko) Version/16.6 Mobile/15E148 Safari/604.1"
51.146.252.157 - - [04/Sep/2023:18:45:40 +0200] "GET /highslide/highslide.js HTTP/1.0" 200 262 "http://www.wonder-geek.com/-p-7308.html" "Mozilla/5.0 (iPhone; CPU iPhone OS 16_6 like Mac OS X) AppleWebKit/605.1.15 (KHTML, like Gecko) Version/16.6 Mobile/15E148 Safari/604.1"
51.146.252.157 - - [04/Sep/2023:18:45:40 +0200] "GET /js/jquery.js HTTP/1.0" 200 252 "http://www.wonder-geek.com/-p-7308.html" "Mozilla/5.0 (iPhone; CPU iPhone OS 16_6 like Mac OS X) AppleWebKit/605.1.15 (KHTML, like Gecko) Version/16.6 Mobile/15E148 Safari/604.1"
51.146.252.157 - - [04/Sep/2023:18:45:40 +0200] "GET /js/jquery.jqzoom.js HTTP/1.0" 200 259 "http://www.wonder-geek.com/-p-7308.html" "Mozilla/5.0 (iPhone; CPU iPhone OS 16_6 like Mac OS X) AppleWebKit/605.1.15 (KHTML, like Gecko) Version/16.6 Mobile/15E148 Safari/604.1"
51.146.252.157 - - [04/Sep/2023:18:45:40 +0200] "GET /mondial_relay/js/jquery-1.3.2.min.js HTTP/1.0" 200 276 "http://www.wonder-geek.com/-p-7308.html" "Mozilla/5.0 (iPhone; CPU iPhone OS 16_6 like Mac OS X) AppleWebKit/605.1.15 (KHTML, like Gecko) Version/16.6 Mobile/15E148 Safari/604.1"
51.146.252.157 - - [04/Sep/2023:18:45:40 +0200] "GET /templates/Pixame_v1/stylesheet.css HTTP/1.0" 200 267 "http://www.wonder-geek.com/-p-7308.html" "Mozilla/5.0 (iPhone; CPU iPhone OS 16_6 like Mac OS X) AppleWebKit/605.1.15 (KHTML, like Gecko) Version/16.6 Mobile/15E148 Safari/604.1"
51.146.252.157 - - [04/Sep/2023:18:45:41 +0200] "GET /swfobject.js HTTP/1.0" 404 1308 "http://www.wonder-geek.com/-p-7308.html" "Mozilla/5.0 (iPhone; CPU iPhone OS 16_6 like Mac OS X) AppleWebKit/605.1.15 (KHTML, like Gecko) Version/16.6 Mobile/15E148 Safari/604.1"
51.146.252.157 - - [04/Sep/2023:18:45:41 +0200] "GET /templates/Pixame_v1/images/icon_accueil2.png HTTP/1.0" 200 278 "http://www.wonder-geek.com/-p-7308.html" "Mozilla/5.0 (iPhone; CPU iPhone OS 16_6 like Mac OS X) AppleWebKit/605.1.15 (KHTML, like Gecko) Version/16.6 Mobile/15E148 Safari/604.1"
51.146.252.157 - - [04/Sep/2023:18:45:41 +0200] "GET /templates/Pixame_v1/images/infobox/pixel_trans.gif HTTP/1.0" 200 328 "http://www.wonder-geek.com/-p-7308.html" "Mozilla/5.0 (iPhone; CPU iPhone OS 16_6 like Mac OS X) AppleWebKit/605.1.15 (KHTML, like Gecko) Version/16.6 Mobile/15E148 Safari/604.1"
51.146.252.157 - - [04/Sep/2023:18:45:41 +0200] "GET /images/pixel_trans.gif HTTP/1.0" 200 328 "http://www.wonder-geek.com/-p-7308.html" "Mozilla/5.0 (iPhone; CPU iPhone OS 16_6 like Mac OS X) AppleWebKit/605.1.15 (KHTML, like Gecko) Version/16.6 Mobile/15E148 Safari/604.1"
51.146.252.157 - - [04/Sep/2023:18:45:41 +0200] "GET /templates/Pixame_v1/images/pixel_trans.gif HTTP/1.0" 200 328 "http://www.wonder-geek.com/-p-7308.html" "Mozilla/5.0 (iPhone; CPU iPhone OS 16_6 like Mac OS X) AppleWebKit/605.1.15 (KHTML, like Gecko) Version/16.6 Mobile/15E148 Safari/604.1"
51.146.252.157 - - [04/Sep/2023:18:45:41 +0200] "GET /templates/Pixame_v1/images/buttons/english/button_continue.gif HTTP/1.0" 200 1264 "http://www.wonder-geek.com/-p-7308.html" "Mozilla/5.0 (iPhone; CPU iPhone OS 16_6 like Mac OS X) AppleWebKit/605.1.15 (KHTML, like Gecko) Version/16.6 Mobile/15E148 Safari/604.1"
51.146.252.157 - - [04/Sep/2023:18:45:41 +0200] "GET /templates/Pixame_v1/images/Bottom_texture.jpg HTTP/1.0" 200 280 "http://www.wonder-geek.com/-p-7308.html" "Mozilla/5.0 (iPhone; CPU iPhone OS 16_6 like Mac OS X) AppleWebKit/605.1.15 (KHTML, like Gecko) Version/16.6 Mobile/15E148 Safari/604.1"
51.146.252.157 - - [04/Sep/2023:18:45:41 +0200] "GET /templates/Pixame_v1/images/Middle_texture.jpg HTTP/1.0" 200 280 "http://www.wonder-geek.com/-p-7308.html" "Mozilla/5.0 (iPhone; CPU iPhone OS 16_6 like Mac OS X) AppleWebKit/605.1.15 (KHTML, like Gecko) Version/16.6 Mobile/15E148 Safari/604.1"
51.146.252.157 - - [04/Sep/2023:18:45:41 +0200] "GET /design/productsenstock.png HTTP/1.0" 200 260 "http://www.wonder-geek.com/-p-7308.html" "Mozilla/5.0 (iPhone; CPU iPhone OS 16_6 like Mac OS X) AppleWebKit/605.1.15 (KHTML, like Gecko) Version/16.6 Mobile/15E148 Safari/604.1"
51.146.252.157 - - [04/Sep/2023:18:45:41 +0200] "GET /templates/Pixame_v1/images/header.png HTTP/1.0" 200 271 "http://www.wonder-geek.com/-p-7308.html" "Mozilla/5.0 (iPhone; CPU iPhone OS 16_6 like Mac OS X) AppleWebKit/605.1.15 (KHTML, like Gecko) Version/16.6 Mobile/15E148 Safari/604.1"
51.146.252.157 - - [04/Sep/2023:18:45:41 +0200] "GET /templates/Pixame_v1/images/nav.png HTTP/1.0" 200 268 "http://www.wonder-geek.com/-p-7308.html" "Mozilla/5.0 (iPhone; CPU iPhone OS 16_6 like Mac OS X) AppleWebKit/605.1.15 (KHTML, like Gecko) Version/16.6 Mobile/15E148 Safari/604.1"
51.146.252.157 - - [04/Sep/2023:18:45:41 +0200] "GET /templates/Pixame_v1/images/infobox/infobox_footer_middle.gif HTTP/1.0" 200 357 "http://www.wonder-geek.com/-p-7308.html" "Mozilla/5.0 (iPhone; CPU iPhone OS 16_6 like Mac OS X) AppleWebKit/605.1.15 (KHTML, like Gecko) Version/16.6 Mobile/15E148 Safari/604.1"
51.146.252.157 - - [04/Sep/2023:18:45:41 +0200] "GET /templates/Pixame_v1/images/header-object.png HTTP/1.0" 200 278 "http://www.wonder-geek.com/-p-7308.html" "Mozilla/5.0 (iPhone; CPU iPhone OS 16_6 like Mac OS X) AppleWebKit/605.1.15 (KHTML, like Gecko) Version/16.6 Mobile/15E148 Safari/604.1"
51.146.252.157 - - [04/Sep/2023:18:45:41 +0200] "GET /highslide/graphics/outlines/drop-shadow.png HTTP/1.0" 200 277 "http://www.wonder-geek.com/-p-7308.html" "Mozilla/5.0 (iPhone; CPU iPhone OS 16_6 like Mac OS X) AppleWebKit/605.1.15 (KHTML, like Gecko) Version/16.6 Mobile/15E148 Safari/604.1"
51.146.252.157 - - [04/Sep/2023:18:45:41 +0200] "GET /highslide/graphics/zoomout.cur HTTP/1.0" 200 614 "http://www.wonder-geek.com/-p-7308.html" "Mozilla/5.0 (iPhone; CPU iPhone OS 16_6 like Mac OS X) AppleWebKit/605.1.15 (KHTML, like Gecko) Version/16.6 Mobile/15E148 Safari/604.1"
51.146.252.157 - - [04/Sep/2023:18:45:41 +0200] "GET /highslide/graphics/loader.white.gif HTTP/1.0" 200 960 "http://www.wonder-geek.com/-p-7308.html" "Mozilla/5.0 (iPhone; CPU iPhone OS 16_6 like Mac OS X) AppleWebKit/605.1.15 (KHTML, like Gecko) Version/16.6 Mobile/15E148 Safari/604.1"
51.146.252.157 - - [04/Sep/2023:18:45:41 +0200] "GET /favicon.ico HTTP/1.0" 200 260 "http://www.wonder-geek.com/-p-7308.html" "Mozilla/5.0 (iPhone; CPU iPhone OS 16_6 like Mac OS X) AppleWebKit/605.1.15 (KHTML, like Gecko) Version/16.6 Mobile/15E148 Safari/604.1"
157.90.182.25 - - [04/Sep/2023:18:45:47 +0200] "GET /artisan-plaster-thermometer-handcrafted-p-58037.html HTTP/1.0" 200 77071 "-" "Mozilla/5.0 (compatible; BLEXBot/1.0; +http://webmeup-crawler.com/)"
157.90.182.25 - - [04/Sep/2023:18:45:48 +0200] "GET /allen-adult-apron-p-39737.html HTTP/1.0" 200 76545 "-" "Mozilla/5.0 (compatible; BLEXBot/1.0; +http://webmeup-crawler.com/)"
47.128.21.13 - - [04/Sep/2023:18:45:50 +0200] "GET /highslide/graphics/outlines/drop-shadow.png HTTP/1.0" 200 277 "http://www.wonder-geek.com/gold-cream-globe-decoration-p-60514.html" "Mozilla/5.0 (Linux; Android 5.0) AppleWebKit/537.36 (KHTML, like Gecko) Mobile Safari/537.36 (compatible; Bytespider; spider-feedback@bytedance.com)"
47.128.21.13 - - [04/Sep/2023:18:45:50 +0200] "GET /images/big_prod/8445146078087.jpg HTTP/1.0" 200 268 "http://www.wonder-geek.com/gold-cream-globe-decoration-p-60514.html" "Mozilla/5.0 (Linux; Android 5.0) AppleWebKit/537.36 (KHTML, like Gecko) Mobile Safari/537.36 (compatible; Bytespider; spider-feedback@bytedance.com)"
47.128.23.36 - - [04/Sep/2023:18:45:52 +0200] "GET /nintendo-logo-laptop-cover-p-17627.html HTTP/1.0" 200 78695 "-" "Mozilla/5.0 (Linux; Android 5.0) AppleWebKit/537.36 (KHTML, like Gecko) Mobile Safari/537.36 (compatible; Bytespider; spider-feedback@bytedance.com)"
47.128.23.36 - - [04/Sep/2023:18:45:55 +0200] "GET /swfobject.js HTTP/1.0" 404 1308 "http://www.wonder-geek.com/nintendo-logo-laptop-cover-p-17627.html" "Mozilla/5.0 (Linux; Android 5.0) AppleWebKit/537.36 (KHTML, like Gecko) Mobile Safari/537.36 (compatible; Bytespider; spider-feedback@bytedance.com)"
47.128.23.33 - - [04/Sep/2023:18:45:59 +0200] "GET /klimt-expectation-candle-holder-p-53587.html HTTP/1.0" 200 76722 "-" "Mozilla/5.0 (Linux; Android 5.0) AppleWebKit/537.36 (KHTML, like Gecko) Mobile Safari/537.36 (compatible; Bytespider; spider-feedback@bytedance.com)"
157.90.182.25 - - [04/Sep/2023:18:45:59 +0200] "GET /artisan-plaster-thermometer-handcrafted-p-58047.html HTTP/1.0" 200 77025 "-" "Mozilla/5.0 (compatible; BLEXBot/1.0; +http://webmeup-crawler.com/)"
47.128.23.33 - - [04/Sep/2023:18:46:01 +0200] "GET /swfobject.js HTTP/1.0" 404 1308 "http://www.wonder-geek.com/klimt-expectation-candle-holder-p-53587.html" "Mozilla/5.0 (Linux; Android 5.0) AppleWebKit/537.36 (KHTML, like Gecko) Mobile Safari/537.36 (compatible; Bytespider; spider-feedback@bytedance.com)"
157.90.182.25 - - [04/Sep/2023:18:46:00 +0200] "GET /allen-adult-apron-p-39738.html HTTP/1.0" 200 76545 "-" "Mozilla/5.0 (compatible; BLEXBot/1.0; +http://webmeup-crawler.com/)"
47.128.23.36 - - [04/Sep/2023:18:46:02 +0200] "GET /highslide/graphics/outlines/drop-shadow.png HTTP/1.0" 200 277 "http://www.wonder-geek.com/nintendo-logo-laptop-cover-p-17627.html" "Mozilla/5.0 (Linux; Android 5.0) AppleWebKit/537.36 (KHTML, like Gecko) Mobile Safari/537.36 (compatible; Bytespider; spider-feedback@bytedance.com)"
47.128.23.36 - - [04/Sep/2023:18:46:02 +0200] "GET /highslide/graphics/zoomout.cur HTTP/1.0" 200 614 "http://www.wonder-geek.com/nintendo-logo-laptop-cover-p-17627.html" "Mozilla/5.0 (Linux; Android 5.0) AppleWebKit/537.36 (KHTML, like Gecko) Mobile Safari/537.36 (compatible; Bytespider; spider-feedback@bytedance.com)"
47.128.28.91 - - [04/Sep/2023:18:46:04 +0200] "GET /mouse-pad-c-13_85.html HTTP/1.0" 301 94744 "-" "Mozilla/5.0 (Linux; Android 5.0) AppleWebKit/537.36 (KHTML, like Gecko) Mobile Safari/537.36 (compatible; Bytespider; spider-feedback@bytedance.com)"
47.128.23.33 - - [04/Sep/2023:18:46:06 +0200] "GET /templates/Pixame_v1/images/infobox/pixel_trans.gif HTTP/1.0" 200 328 "http://www.wonder-geek.com/klimt-expectation-candle-holder-p-53587.html" "Mozilla/5.0 (Linux; Android 5.0) AppleWebKit/537.36 (KHTML, like Gecko) Mobile Safari/537.36 (compatible; Bytespider; spider-feedback@bytedance.com)"
47.128.27.214 - - [04/Sep/2023:18:46:06 +0200] "GET /candle-hours-simply-mulberry-p-53891.html HTTP/1.0" 200 77213 "-" "Mozilla/5.0 (Linux; Android 5.0) AppleWebKit/537.36 (KHTML, like Gecko) Mobile Safari/537.36 (compatible; Bytespider; spider-feedback@bytedance.com)"
47.128.27.214 - - [04/Sep/2023:18:46:08 +0200] "GET /swfobject.js HTTP/1.0" 404 1308 "http://www.wonder-geek.com/candle-hours-simply-mulberry-p-53891.html" "Mozilla/5.0 (Linux; Android 5.0) AppleWebKit/537.36 (KHTML, like Gecko) Mobile Safari/537.36 (compatible; Bytespider; spider-feedback@bytedance.com)"
47.128.28.91 - - [04/Sep/2023:18:46:06 +0200] "GET /mouse-c-85.html HTTP/1.0" 301 94634 "-" "Mozilla/5.0 (Linux; Android 5.0) AppleWebKit/537.36 (KHTML, like Gecko) Mobile Safari/537.36 (compatible; Bytespider; spider-feedback@bytedance.com)"
47.128.28.91 - - [04/Sep/2023:18:46:08 +0200] "GET /mouse-c-129_85.html HTTP/1.0" 200 94701 "-" "Mozilla/5.0 (Linux; Android 5.0) AppleWebKit/537.36 (KHTML, like Gecko) Mobile Safari/537.36 (compatible; Bytespider; spider-feedback@bytedance.com)"
47.128.28.91 - - [04/Sep/2023:18:46:10 +0200] "GET /swfobject.js HTTP/1.0" 404 1308 "http://www.wonder-geek.com/mouse-c-129_85.html" "Mozilla/5.0 (Linux; Android 5.0) AppleWebKit/537.36 (KHTML, like Gecko) Mobile Safari/537.36 (compatible; Bytespider; spider-feedback@bytedance.com)"
47.128.23.33 - - [04/Sep/2023:18:46:11 +0200] "GET /images/big_prod_1/8718375752586a.jpg HTTP/1.0" 200 271 "http://www.wonder-geek.com/klimt-expectation-candle-holder-p-53587.html" "Mozilla/5.0 (Linux; Android 5.0) AppleWebKit/537.36 (KHTML, like Gecko) Mobile Safari/537.36 (compatible; Bytespider; spider-feedback@bytedance.com)"
51.146.252.157 - - [04/Sep/2023:18:46:09 +0200] "GET /index.php?manufacturers_id=318 HTTP/1.0" 301 72441 "http://www.wonder-geek.com/-p-7308.html" "Mozilla/5.0 (iPhone; CPU iPhone OS 16_6 like Mac OS X) AppleWebKit/605.1.15 (KHTML, like Gecko) Version/16.6 Mobile/15E148 Safari/604.1"
157.90.182.25 - - [04/Sep/2023:18:46:11 +0200] "GET /artisanal-p-60307.html HTTP/1.0" 200 76712 "-" "Mozilla/5.0 (compatible; BLEXBot/1.0; +http://webmeup-crawler.com/)"
51.146.252.157 - - [04/Sep/2023:18:46:11 +0200] "GET /array-m-318.html HTTP/1.0" 200 72371 "http://www.wonder-geek.com/-p-7308.html" "Mozilla/5.0 (iPhone; CPU iPhone OS 16_6 like Mac OS X) AppleWebKit/605.1.15 (KHTML, like Gecko) Version/16.6 Mobile/15E148 Safari/604.1"
157.90.182.25 - - [04/Sep/2023:18:46:13 +0200] "GET /allen-blue-clock-p-59948.html HTTP/1.0" 200 76735 "-" "Mozilla/5.0 (compatible; BLEXBot/1.0; +http://webmeup-crawler.com/)"
47.128.28.91 - - [04/Sep/2023:18:46:19 +0200] "GET /js/jquery.min.js HTTP/1.0" 404 1308 "http://www.wonder-geek.com/mouse-c-129_85.html" "Mozilla/5.0 (Linux; Android 5.0) AppleWebKit/537.36 (KHTML, like Gecko) Mobile Safari/537.36 (compatible; Bytespider; spider-feedback@bytedance.com)"
47.128.28.91 - - [04/Sep/2023:18:46:20 +0200] "GET /highslide/graphics/zoomout.cur HTTP/1.0" 200 614 "http://www.wonder-geek.com/mouse-c-129_85.html" "Mozilla/5.0 (Linux; Android 5.0) AppleWebKit/537.36 (KHTML, like Gecko) Mobile Safari/537.36 (compatible; Bytespider; spider-feedback@bytedance.com)"
47.128.28.91 - - [04/Sep/2023:18:46:20 +0200] "GET /highslide/graphics/outlines/drop-shadow.png HTTP/1.0" 200 277 "http://www.wonder-geek.com/mouse-c-129_85.html" "Mozilla/5.0 (Linux; Android 5.0) AppleWebKit/537.36 (KHTML, like Gecko) Mobile Safari/537.36 (compatible; Bytespider; spider-feedback@bytedance.com)"
47.128.27.214 - - [04/Sep/2023:18:46:21 +0200] "GET /highslide/graphics/outlines/drop-shadow.png HTTP/1.0" 200 277 "http://www.wonder-geek.com/candle-hours-simply-mulberry-p-53891.html" "Mozilla/5.0 (Linux; Android 5.0) AppleWebKit/537.36 (KHTML, like Gecko) Mobile Safari/537.36 (compatible; Bytespider; spider-feedback@bytedance.com)"
47.128.27.214 - - [04/Sep/2023:18:46:21 +0200] "GET /highslide/graphics/zoomout.cur HTTP/1.0" 200 614 "http://www.wonder-geek.com/candle-hours-simply-mulberry-p-53891.html" "Mozilla/5.0 (Linux; Android 5.0) AppleWebKit/537.36 (KHTML, like Gecko) Mobile Safari/537.36 (compatible; Bytespider; spider-feedback@bytedance.com)"
47.128.27.214 - - [04/Sep/2023:18:46:21 +0200] "GET /images/big_prod/5051276405001.jpg HTTP/1.0" 200 268 "http://www.wonder-geek.com/candle-hours-simply-mulberry-p-53891.html" "Mozilla/5.0 (Linux; Android 5.0) AppleWebKit/537.36 (KHTML, like Gecko) Mobile Safari/537.36 (compatible; Bytespider; spider-feedback@bytedance.com)"
47.128.23.33 - - [04/Sep/2023:18:46:24 +0200] "GET /highslide/graphics/outlines/drop-shadow.png HTTP/1.0" 200 277 "http://www.wonder-geek.com/klimt-expectation-candle-holder-p-53587.html" "Mozilla/5.0 (Linux; Android 5.0) AppleWebKit/537.36 (KHTML, like Gecko) Mobile Safari/537.36 (compatible; Bytespider; spider-feedback@bytedance.com)"
157.90.182.25 - - [04/Sep/2023:18:46:24 +0200] "GET /artisanal-p-60308.html HTTP/1.0" 200 76712 "-" "Mozilla/5.0 (compatible; BLEXBot/1.0; +http://webmeup-crawler.com/)"
157.90.182.25 - - [04/Sep/2023:18:46:26 +0200] "GET /allen-buzz-clock-p-58678.html HTTP/1.0" 200 76554 "-" "Mozilla/5.0 (compatible; BLEXBot/1.0; +http://webmeup-crawler.com/)"
36.110.139.112 - - [04/Sep/2023:18:46:38 +0200] "GET /images/mini_prod/9316188078269.jpg HTTP/1.0" 200 269 "-" "Mozilla/5.0 (X11; Ubuntu; Linux x86_64; rv:72.0) Gecko/20100101 Firefox/72.0"
157.90.182.25 - - [04/Sep/2023:18:46:37 +0200] "GET /arty-eyes-isothermic-stainless-steel-bottle-p-57590.html HTTP/1.0" 200 76775 "-" "Mozilla/5.0 (compatible; BLEXBot/1.0; +http://webmeup-crawler.com/)"
157.90.182.25 - - [04/Sep/2023:18:46:38 +0200] "GET /allen-clock-p-28654.html HTTP/1.0" 200 75940 "-" "Mozilla/5.0 (compatible; BLEXBot/1.0; +http://webmeup-crawler.com/)"
157.90.182.25 - - [04/Sep/2023:18:46:49 +0200] "GET /ashtray-with-handle-p-58228.html HTTP/1.0" 200 76536 "-" "Mozilla/5.0 (compatible; BLEXBot/1.0; +http://webmeup-crawler.com/)"
157.90.182.25 - - [04/Sep/2023:18:46:50 +0200] "GET /allen-decorated-cotton-adult-apron-p-58294.html HTTP/1.0" 200 76063 "-" "Mozilla/5.0 (compatible; BLEXBot/1.0; +http://webmeup-crawler.com/)"
157.90.182.25 - - [04/Sep/2023:18:47:02 +0200] "GET /allen-decorated-cotton-adult-apron-pink-flamingos-p-58295.html HTTP/1.0" 200 76105 "-" "Mozilla/5.0 (compatible; BLEXBot/1.0; +http://webmeup-crawler.com/)"
157.90.182.25 - - [04/Sep/2023:18:47:02 +0200] "GET /ashtrays-c-13_240.html?page=1 HTTP/1.0" 200 93449 "-" "Mozilla/5.0 (compatible; BLEXBot/1.0; +http://webmeup-crawler.com/)"
216.244.66.242 - - [04/Sep/2023:18:47:05 +0200] "GET /retro-ceramic-flatware-beer-p-42149.html HTTP/1.0" 200 76059 "-" "Mozilla/5.0 (compatible; DotBot/1.2; +https://opensiteexplorer.org/dotbot; help@moz.com)"
157.90.182.25 - - [04/Sep/2023:18:47:15 +0200] "GET /allen-decorated-cotton-children-apron-koala-p-58293.html HTTP/1.0" 200 76109 "-" "Mozilla/5.0 (compatible; BLEXBot/1.0; +http://webmeup-crawler.com/)"
157.90.182.25 - - [04/Sep/2023:18:47:15 +0200] "GET /aspect-mandala-coasters-orange-p-54063.html HTTP/1.0" 200 76013 "-" "Mozilla/5.0 (compatible; BLEXBot/1.0; +http://webmeup-crawler.com/)"
213.180.203.211 - - [04/Sep/2023:18:47:22 +0200] "GET /large-maxi-trays-c-12_159_262.html?page=1 HTTP/1.0" 200 92958 "-" "Mozilla/5.0 (compatible; YandexBot/3.0; +http://yandex.com/bots)"
157.90.182.25 - - [04/Sep/2023:18:47:27 +0200] "GET /allen-decorated-cotton-children-apron-p-58292.html HTTP/1.0" 200 76073 "-" "Mozilla/5.0 (compatible; BLEXBot/1.0; +http://webmeup-crawler.com/)"
157.90.182.25 - - [04/Sep/2023:18:47:28 +0200] "GET /assassin-creed-zippo-lighter-p-41036.html HTTP/1.0" 200 78333 "-" "Mozilla/5.0 (compatible; BLEXBot/1.0; +http://webmeup-crawler.com/)"
157.90.182.25 - - [04/Sep/2023:18:47:39 +0200] "GET /allen-decorated-cotton-flat-pouch-koala-p-58299.html HTTP/1.0" 200 76772 "-" "Mozilla/5.0 (compatible; BLEXBot/1.0; +http://webmeup-crawler.com/)"
157.90.182.25 - - [04/Sep/2023:18:47:40 +0200] "GET /association-mles-ftards-beer-p-47052.html HTTP/1.0" 200 76084 "-" "Mozilla/5.0 (compatible; BLEXBot/1.0; +http://webmeup-crawler.com/)"
157.90.182.25 - - [04/Sep/2023:18:47:51 +0200] "GET /allen-decorated-cotton-flat-pouch-p-58300.html HTTP/1.0" 200 76771 "-" "Mozilla/5.0 (compatible; BLEXBot/1.0; +http://webmeup-crawler.com/)"
157.90.182.25 - - [04/Sep/2023:18:47:53 +0200] "GET /assorted-potholders-p-57967.html HTTP/1.0" 200 77243 "-" "Mozilla/5.0 (compatible; BLEXBot/1.0; +http://webmeup-crawler.com/)"
216.244.66.242 - - [04/Sep/2023:18:47:57 +0200] "GET /placemat-little-prince-p-59071.html HTTP/1.0" 200 76540 "-" "Mozilla/5.0 (compatible; DotBot/1.2; +https://opensiteexplorer.org/dotbot; help@moz.com)"
157.90.182.25 - - [04/Sep/2023:18:48:04 +0200] "GET /allen-decorated-cotton-flat-pouch-p-58301.html HTTP/1.0" 200 76786 "-" "Mozilla/5.0 (compatible; BLEXBot/1.0; +http://webmeup-crawler.com/)"
157.90.182.25 - - [04/Sep/2023:18:48:05 +0200] "GET /assortment-fleur-inspired-mirrors-p-52922.html HTTP/1.0" 200 76119 "-" "Mozilla/5.0 (compatible; BLEXBot/1.0; +http://webmeup-crawler.com/)"
157.90.182.25 - - [04/Sep/2023:18:48:16 +0200] "GET /allen-designs-blue-teapot-clock-p-58154.html HTTP/1.0" 200 76650 "-" "Mozilla/5.0 (compatible; BLEXBot/1.0; +http://webmeup-crawler.com/)"
157.90.182.25 - - [04/Sep/2023:18:48:18 +0200] "GET /bamboo-fiber-plant-cover-p-58904.html HTTP/1.0" 200 76733 "-" "Mozilla/5.0 (compatible; BLEXBot/1.0; +http://webmeup-crawler.com/)"
157.90.182.25 - - [04/Sep/2023:18:48:28 +0200] "GET /allen-designs-flowerpot-p-58672.html HTTP/1.0" 200 76673 "-" "Mozilla/5.0 (compatible; BLEXBot/1.0; +http://webmeup-crawler.com/)"
157.90.182.25 - - [04/Sep/2023:18:48:30 +0200] "GET /bamboo-fiber-plant-cover-p-58905.html HTTP/1.0" 200 76733 "-" "Mozilla/5.0 (compatible; BLEXBot/1.0; +http://webmeup-crawler.com/)"
157.90.182.25 - - [04/Sep/2023:18:48:41 +0200] "GET /allen-designs-flowerpot-rooster-p-58675.html HTTP/1.0" 200 76722 "-" "Mozilla/5.0 (compatible; BLEXBot/1.0; +http://webmeup-crawler.com/)"
157.90.182.25 - - [04/Sep/2023:18:48:43 +0200] "GET /bamboo-fiber-plant-cover-p-58908.html HTTP/1.0" 200 76776 "-" "Mozilla/5.0 (compatible; BLEXBot/1.0; +http://webmeup-crawler.com/)"
157.90.182.25 - - [04/Sep/2023:18:48:53 +0200] "GET /allen-designs-kimi-kitten-clock-p-60225.html HTTP/1.0" 200 76907 "-" "Mozilla/5.0 (compatible; BLEXBot/1.0; +http://webmeup-crawler.com/)"
157.90.182.25 - - [04/Sep/2023:18:48:55 +0200] "GET /bamboo-fiber-plant-cover-p-58910.html HTTP/1.0" 200 76776 "-" "Mozilla/5.0 (compatible; BLEXBot/1.0; +http://webmeup-crawler.com/)"
47.128.27.57 - - [04/Sep/2023:18:48:59 +0200] "GET /bracelet-bamboo-coral-p-48652.html HTTP/1.0" 200 76535 "-" "Mozilla/5.0 (Linux; Android 5.0) AppleWebKit/537.36 (KHTML, like Gecko) Mobile Safari/537.36 (compatible; Bytespider; spider-feedback@bytedance.com)"
47.128.27.57 - - [04/Sep/2023:18:49:01 +0200] "GET /swfobject.js HTTP/1.0" 404 1308 "http://www.wonder-geek.com/bracelet-bamboo-coral-p-48652.html" "Mozilla/5.0 (Linux; Android 5.0) AppleWebKit/537.36 (KHTML, like Gecko) Mobile Safari/537.36 (compatible; Bytespider; spider-feedback@bytedance.com)"
47.128.25.81 - - [04/Sep/2023:18:49:03 +0200] "GET /large-candle-guardian-angel-p-57839.html HTTP/1.0" 200 77157 "-" "Mozilla/5.0 (Linux; Android 5.0) AppleWebKit/537.36 (KHTML, like Gecko) Mobile Safari/537.36 (compatible; Bytespider; spider-feedback@bytedance.com)"
47.128.25.81 - - [04/Sep/2023:18:49:05 +0200] "GET /swfobject.js HTTP/1.0" 404 1308 "http://www.wonder-geek.com/large-candle-guardian-angel-p-57839.html" "Mozilla/5.0 (Linux; Android 5.0) AppleWebKit/537.36 (KHTML, like Gecko) Mobile Safari/537.36 (compatible; Bytespider; spider-feedback@bytedance.com)"
157.90.182.25 - - [04/Sep/2023:18:49:05 +0200] "GET /allen-designs-small-cache-little-p-60696.html HTTP/1.0" 200 77003 "-" "Mozilla/5.0 (compatible; BLEXBot/1.0; +http://webmeup-crawler.com/)"
47.128.26.102 - - [04/Sep/2023:18:49:06 +0200] "GET /pepe-jeans-dales-laptop-p-41325.html HTTP/1.0" 200 76279 "-" "Mozilla/5.0 (Linux; Android 5.0) AppleWebKit/537.36 (KHTML, like Gecko) Mobile Safari/537.36 (compatible; Bytespider; spider-feedback@bytedance.com)"
47.128.26.102 - - [04/Sep/2023:18:49:08 +0200] "GET /swfobject.js HTTP/1.0" 404 1308 "http://www.wonder-geek.com/pepe-jeans-dales-laptop-p-41325.html" "Mozilla/5.0 (Linux; Android 5.0) AppleWebKit/537.36 (KHTML, like Gecko) Mobile Safari/537.36 (compatible; Bytespider; spider-feedback@bytedance.com)"
157.90.182.25 - - [04/Sep/2023:18:49:08 +0200] "GET /bamboo-fiber-plant-cover-p-58911.html HTTP/1.0" 200 76776 "-" "Mozilla/5.0 (compatible; BLEXBot/1.0; +http://webmeup-crawler.com/)"
47.128.21.28 - - [04/Sep/2023:18:49:09 +0200] "GET /with-infuser-c-12_221.html?page=6 HTTP/1.0" 200 95689 "-" "Mozilla/5.0 (Linux; Android 5.0) AppleWebKit/537.36 (KHTML, like Gecko) Mobile Safari/537.36 (compatible; Bytespider; spider-feedback@bytedance.com)"
47.128.21.28 - - [04/Sep/2023:18:49:11 +0200] "GET /swfobject.js HTTP/1.0" 404 1308 "http://www.wonder-geek.com/with-infuser-c-12_221.html?page=6" "Mozilla/5.0 (Linux; Android 5.0) AppleWebKit/537.36 (KHTML, like Gecko) Mobile Safari/537.36 (compatible; Bytespider; spider-feedback@bytedance.com)"
47.128.25.81 - - [04/Sep/2023:18:49:11 +0200] "GET /images/big_prod_1/5051276448619a.jpg HTTP/1.0" 200 271 "http://www.wonder-geek.com/large-candle-guardian-angel-p-57839.html" "Mozilla/5.0 (Linux; Android 5.0) AppleWebKit/537.36 (KHTML, like Gecko) Mobile Safari/537.36 (compatible; Bytespider; spider-feedback@bytedance.com)"
47.128.26.128 - - [04/Sep/2023:18:49:13 +0200] "GET /queen-union-jack-shirt-p-29592.html HTTP/1.0" 200 77070 "-" "Mozilla/5.0 (Linux; Android 5.0) AppleWebKit/537.36 (KHTML, like Gecko) Mobile Safari/537.36 (compatible; Bytespider; spider-feedback@bytedance.com)"
47.128.26.128 - - [04/Sep/2023:18:49:15 +0200] "GET /swfobject.js HTTP/1.0" 404 1308 "http://www.wonder-geek.com/queen-union-jack-shirt-p-29592.html" "Mozilla/5.0 (Linux; Android 5.0) AppleWebKit/537.36 (KHTML, like Gecko) Mobile Safari/537.36 (compatible; Bytespider; spider-feedback@bytedance.com)"
47.128.26.102 - - [04/Sep/2023:18:49:16 +0200] "GET /highslide/graphics/outlines/drop-shadow.png HTTP/1.0" 200 277 "http://www.wonder-geek.com/pepe-jeans-dales-laptop-p-41325.html" "Mozilla/5.0 (Linux; Android 5.0) AppleWebKit/537.36 (KHTML, like Gecko) Mobile Safari/537.36 (compatible; Bytespider; spider-feedback@bytedance.com)"
47.128.26.102 - - [04/Sep/2023:18:49:16 +0200] "GET /highslide/graphics/zoomout.cur HTTP/1.0" 200 614 "http://www.wonder-geek.com/pepe-jeans-dales-laptop-p-41325.html" "Mozilla/5.0 (Linux; Android 5.0) AppleWebKit/537.36 (KHTML, like Gecko) Mobile Safari/537.36 (compatible; Bytespider; spider-feedback@bytedance.com)"
47.128.26.102 - - [04/Sep/2023:18:49:16 +0200] "GET /images/big_prod/8435465019175.jpg HTTP/1.0" 200 268 "http://www.wonder-geek.com/pepe-jeans-dales-laptop-p-41325.html" "Mozilla/5.0 (Linux; Android 5.0) AppleWebKit/537.36 (KHTML, like Gecko) Mobile Safari/537.36 (compatible; Bytespider; spider-feedback@bytedance.com)"
47.128.19.153 - - [04/Sep/2023:18:49:16 +0200] "GET /tennis-isothermic-stainless-steel-bottle-p-54537.html HTTP/1.0" 200 76093 "-" "Mozilla/5.0 (Linux; Android 5.0) AppleWebKit/537.36 (KHTML, like Gecko) Mobile Safari/537.36 (compatible; Bytespider; spider-feedback@bytedance.com)"
47.128.19.153 - - [04/Sep/2023:18:49:18 +0200] "GET /swfobject.js HTTP/1.0" 404 1308 "http://www.wonder-geek.com/tennis-isothermic-stainless-steel-bottle-p-54537.html" "Mozilla/5.0 (Linux; Android 5.0) AppleWebKit/537.36 (KHTML, like Gecko) Mobile Safari/537.36 (compatible; Bytespider; spider-feedback@bytedance.com)"
157.90.182.25 - - [04/Sep/2023:18:49:17 +0200] "GET /allen-designs-small-planter-small-p-60694.html HTTP/1.0" 200 76990 "-" "Mozilla/5.0 (compatible; BLEXBot/1.0; +http://webmeup-crawler.com/)"
47.128.21.178 - - [04/Sep/2023:18:49:19 +0200] "GET /metal-moneybox-star-wars-kylo-ren-p-34870.html HTTP/1.0" 301 73649 "-" "Mozilla/5.0 (Linux; Android 5.0) AppleWebKit/537.36 (KHTML, like Gecko) Mobile Safari/537.36 (compatible; Bytespider; spider-feedback@bytedance.com)"
157.90.182.25 - - [04/Sep/2023:18:49:20 +0200] "GET /bamboo-fiber-plant-cover-p-58912.html HTTP/1.0" 200 76776 "-" "Mozilla/5.0 (compatible; BLEXBot/1.0; +http://webmeup-crawler.com/)"
47.128.21.178 - - [04/Sep/2023:18:49:21 +0200] "GET /-p-34870.html HTTP/1.0" 200 73582 "-" "Mozilla/5.0 (Linux; Android 5.0) AppleWebKit/537.36 (KHTML, like Gecko) Mobile Safari/537.36 (compatible; Bytespider; spider-feedback@bytedance.com)"
47.128.21.28 - - [04/Sep/2023:18:49:22 +0200] "GET /js/jquery.min.js HTTP/1.0" 404 1308 "http://www.wonder-geek.com/with-infuser-c-12_221.html?page=6" "Mozilla/5.0 (Linux; Android 5.0) AppleWebKit/537.36 (KHTML, like Gecko) Mobile Safari/537.36 (compatible; Bytespider; spider-feedback@bytedance.com)"
