217.182.175.125 - - [30/Sep/2023:05:07:55 +0200] "GET /jasmin-small-p-32290.html HTTP/1.0" 200 73796 "-" "Mozilla/5.0 (compatible; MJ12bot/v1.4.8; http://mj12bot.com/)"
217.182.175.125 - - [30/Sep/2023:05:07:59 +0200] "GET /teo-jasmin-bed-for-small-dog-or-cat-p-32292.html HTTP/1.0" 301 73875 "-" "Mozilla/5.0 (compatible; MJ12bot/v1.4.8; http://mj12bot.com/)"
217.182.175.125 - - [30/Sep/2023:05:08:02 +0200] "GET /jasmin-small-p-32292.html HTTP/1.0" 200 73796 "-" "Mozilla/5.0 (compatible; MJ12bot/v1.4.8; http://mj12bot.com/)"
217.182.175.125 - - [30/Sep/2023:05:08:06 +0200] "GET /teo-jasmin-black-shoulder-bag-p-26069.html HTTP/1.0" 301 73743 "-" "Mozilla/5.0 (compatible; MJ12bot/v1.4.8; http://mj12bot.com/)"
217.182.175.125 - - [30/Sep/2023:05:08:09 +0200] "GET /-p-26069.html HTTP/1.0" 200 73676 "-" "Mozilla/5.0 (compatible; MJ12bot/v1.4.8; http://mj12bot.com/)"
217.182.175.125 - - [30/Sep/2023:05:08:13 +0200] "GET /teo-jasmin-companion-portfolio-p-28732.html HTTP/1.0" 301 73743 "-" "Mozilla/5.0 (compatible; MJ12bot/v1.4.8; http://mj12bot.com/)"
217.182.175.125 - - [30/Sep/2023:05:08:16 +0200] "GET /-p-28732.html HTTP/1.0" 200 73676 "-" "Mozilla/5.0 (compatible; MJ12bot/v1.4.8; http://mj12bot.com/)"
217.182.175.125 - - [30/Sep/2023:05:08:19 +0200] "GET /teo-jasmin-grey-mini-mug-p-34923.html HTTP/1.0" 301 73743 "-" "Mozilla/5.0 (compatible; MJ12bot/v1.4.8; http://mj12bot.com/)"
217.182.175.125 - - [30/Sep/2023:05:08:23 +0200] "GET /-p-34923.html HTTP/1.0" 200 73676 "-" "Mozilla/5.0 (compatible; MJ12bot/v1.4.8; http://mj12bot.com/)"
217.182.175.125 - - [30/Sep/2023:05:08:26 +0200] "GET /teo-jasmin-grey-mug-p-28921.html HTTP/1.0" 301 73743 "-" "Mozilla/5.0 (compatible; MJ12bot/v1.4.8; http://mj12bot.com/)"
217.182.175.125 - - [30/Sep/2023:05:08:29 +0200] "GET /-p-28921.html HTTP/1.0" 200 73676 "-" "Mozilla/5.0 (compatible; MJ12bot/v1.4.8; http://mj12bot.com/)"
217.182.175.125 - - [30/Sep/2023:05:08:33 +0200] "GET /teo-jasmin-grey-mug-p-28922.html HTTP/1.0" 301 73743 "-" "Mozilla/5.0 (compatible; MJ12bot/v1.4.8; http://mj12bot.com/)"
217.182.175.125 - - [30/Sep/2023:05:08:36 +0200] "GET /-p-28922.html HTTP/1.0" 200 73676 "-" "Mozilla/5.0 (compatible; MJ12bot/v1.4.8; http://mj12bot.com/)"
217.182.175.125 - - [30/Sep/2023:05:08:39 +0200] "GET /teo-jasmin-small-cabas-p-32497.html HTTP/1.0" 301 73743 "-" "Mozilla/5.0 (compatible; MJ12bot/v1.4.8; http://mj12bot.com/)"
217.182.175.125 - - [30/Sep/2023:05:08:43 +0200] "GET /-p-32497.html HTTP/1.0" 200 73676 "-" "Mozilla/5.0 (compatible; MJ12bot/v1.4.8; http://mj12bot.com/)"
217.182.175.125 - - [30/Sep/2023:05:08:46 +0200] "GET /teo-jasmin-small-cabas-p-33696.html HTTP/1.0" 301 73743 "-" "Mozilla/5.0 (compatible; MJ12bot/v1.4.8; http://mj12bot.com/)"
217.182.175.125 - - [30/Sep/2023:05:08:50 +0200] "GET /-p-33696.html HTTP/1.0" 200 73676 "-" "Mozilla/5.0 (compatible; MJ12bot/v1.4.8; http://mj12bot.com/)"
217.182.175.125 - - [30/Sep/2023:05:08:53 +0200] "GET /teo-jasmin-small-cabas-p-33700.html HTTP/1.0" 301 73743 "-" "Mozilla/5.0 (compatible; MJ12bot/v1.4.8; http://mj12bot.com/)"
217.182.175.125 - - [30/Sep/2023:05:08:57 +0200] "GET /-p-33700.html HTTP/1.0" 200 73676 "-" "Mozilla/5.0 (compatible; MJ12bot/v1.4.8; http://mj12bot.com/)"
217.182.175.125 - - [30/Sep/2023:05:09:00 +0200] "GET /teo-jasmin-small-cabas-p-34536.html HTTP/1.0" 301 73743 "-" "Mozilla/5.0 (compatible; MJ12bot/v1.4.8; http://mj12bot.com/)"
217.182.175.125 - - [30/Sep/2023:05:09:03 +0200] "GET /-p-34536.html HTTP/1.0" 200 73676 "-" "Mozilla/5.0 (compatible; MJ12bot/v1.4.8; http://mj12bot.com/)"
85.208.96.199 - - [30/Sep/2023:05:09:05 +0200] "GET /moneybox-with-digital-screen-p-53005.html HTTP/1.0" 200 76129 "-" "Mozilla/5.0 (compatible; SemrushBot/7~bl; +http://www.semrush.com/bot.html)"
217.182.175.125 - - [30/Sep/2023:05:09:07 +0200] "GET /teo-jasmin-small-lamp-p-29331.html HTTP/1.0" 301 73743 "-" "Mozilla/5.0 (compatible; MJ12bot/v1.4.8; http://mj12bot.com/)"
51.68.224.127 - - [30/Sep/2023:05:09:10 +0200] "GET /adminweb/export_orders_xml.php?token=256de2z6edz6ed2z6DFSFsed2zed6zeDSFDSGdzedezfzf&maxorders=10&orderstart=1&status=14&start_date=2018-10-01 HTTP/1.0" 200 285 "-" "GesCom CharlotteBoutik Serveur"
217.182.175.125 - - [30/Sep/2023:05:09:11 +0200] "GET /-p-29331.html HTTP/1.0" 200 73676 "-" "Mozilla/5.0 (compatible; MJ12bot/v1.4.8; http://mj12bot.com/)"
51.68.224.127 - - [30/Sep/2023:05:09:10 +0200] "GET /adminweb/export_orders_xml.php?token=256de2z6edz6ed2z6DFSFsed2zed6zeDSFDSGdzedezfzf&maxorders=10&orderstart=1&status=6&start_date=2018-10-01 HTTP/1.0" 200 33939 "-" "GesCom CharlotteBoutik Serveur"
217.182.175.125 - - [30/Sep/2023:05:09:14 +0200] "GET /teo-jasmin-small-lamp-p-29333.html HTTP/1.0" 301 73743 "-" "Mozilla/5.0 (compatible; MJ12bot/v1.4.8; http://mj12bot.com/)"
217.182.175.125 - - [30/Sep/2023:05:09:18 +0200] "GET /-p-29333.html HTTP/1.0" 200 73676 "-" "Mozilla/5.0 (compatible; MJ12bot/v1.4.8; http://mj12bot.com/)"
217.182.175.125 - - [30/Sep/2023:05:09:21 +0200] "GET /teo-jasmin-small-lamp-p-29339.html HTTP/1.0" 301 73743 "-" "Mozilla/5.0 (compatible; MJ12bot/v1.4.8; http://mj12bot.com/)"
150.109.10.162 - - [30/Sep/2023:05:09:26 +0200] "GET /images/mini_prod/1384010178812.jpg HTTP/1.0" 200 269 "-" "Mozilla/5.0 (X11; Ubuntu; Linux x86_64; rv:72.0) Gecko/20100101 Firefox/72.0"
217.182.175.125 - - [30/Sep/2023:05:09:25 +0200] "GET /-p-29339.html HTTP/1.0" 200 73676 "-" "Mozilla/5.0 (compatible; MJ12bot/v1.4.8; http://mj12bot.com/)"
217.182.175.125 - - [30/Sep/2023:05:09:28 +0200] "GET /teo-jasmin-small-notebook-p-31096.html HTTP/1.0" 301 73743 "-" "Mozilla/5.0 (compatible; MJ12bot/v1.4.8; http://mj12bot.com/)"
217.182.175.125 - - [30/Sep/2023:05:09:31 +0200] "GET /-p-31096.html HTTP/1.0" 200 73676 "-" "Mozilla/5.0 (compatible; MJ12bot/v1.4.8; http://mj12bot.com/)"
217.182.175.125 - - [30/Sep/2023:05:09:35 +0200] "GET /teo-jasmin-star-dust-purse-p-32966.html HTTP/1.0" 301 73743 "-" "Mozilla/5.0 (compatible; MJ12bot/v1.4.8; http://mj12bot.com/)"
217.182.175.125 - - [30/Sep/2023:05:09:38 +0200] "GET /-p-32966.html HTTP/1.0" 200 73676 "-" "Mozilla/5.0 (compatible; MJ12bot/v1.4.8; http://mj12bot.com/)"
217.182.175.125 - - [30/Sep/2023:05:09:42 +0200] "GET /teo-jasmin-stardust-ballpoint-p-32949.html HTTP/1.0" 301 73743 "-" "Mozilla/5.0 (compatible; MJ12bot/v1.4.8; http://mj12bot.com/)"
217.182.175.125 - - [30/Sep/2023:05:09:45 +0200] "GET /-p-32949.html HTTP/1.0" 200 73676 "-" "Mozilla/5.0 (compatible; MJ12bot/v1.4.8; http://mj12bot.com/)"
217.182.175.125 - - [30/Sep/2023:05:09:48 +0200] "GET /tetsubin-blue-teapot-japanese-07-liter-p-41372.html HTTP/1.0" 301 73916 "-" "Mozilla/5.0 (compatible; MJ12bot/v1.4.8; http://mj12bot.com/)"
217.182.175.125 - - [30/Sep/2023:05:09:52 +0200] "GET /tetsubin-blue-teapot-japanese-liter-p-41372.html HTTP/1.0" 200 73814 "-" "Mozilla/5.0 (compatible; MJ12bot/v1.4.8; http://mj12bot.com/)"
217.182.175.125 - - [30/Sep/2023:05:09:55 +0200] "GET /tetsubin-blue-teapot-japanese-liter-p-41372.html HTTP/1.0" 200 73814 "-" "Mozilla/5.0 (compatible; MJ12bot/v1.4.8; http://mj12bot.com/)"
217.182.175.125 - - [30/Sep/2023:05:09:59 +0200] "GET /tree-of-life-wall-sticker-p-41564.html HTTP/1.0" 301 76773 "-" "Mozilla/5.0 (compatible; MJ12bot/v1.4.8; http://mj12bot.com/)"
217.182.175.125 - - [30/Sep/2023:05:10:02 +0200] "GET /tree-life-wall-sticker-p-41564.html HTTP/1.0" 200 76684 "-" "Mozilla/5.0 (compatible; MJ12bot/v1.4.8; http://mj12bot.com/)"
217.182.175.125 - - [30/Sep/2023:05:10:06 +0200] "GET /tweety-basketball-player-figurine-p-42731.html HTTP/1.0" 200 73762 "-" "Mozilla/5.0 (compatible; MJ12bot/v1.4.8; http://mj12bot.com/)"
217.182.175.125 - - [30/Sep/2023:05:10:10 +0200] "GET /tweety-drum-figurine-p-42730.html HTTP/1.0" 200 73736 "-" "Mozilla/5.0 (compatible; MJ12bot/v1.4.8; http://mj12bot.com/)"
217.182.175.125 - - [30/Sep/2023:05:10:13 +0200] "GET /tweety-figurine-p-42735.html HTTP/1.0" 200 73726 "-" "Mozilla/5.0 (compatible; MJ12bot/v1.4.8; http://mj12bot.com/)"
217.182.175.125 - - [30/Sep/2023:05:10:17 +0200] "GET /tweety-gift-figurine-p-42733.html HTTP/1.0" 200 73736 "-" "Mozilla/5.0 (compatible; MJ12bot/v1.4.8; http://mj12bot.com/)"
217.182.175.125 - - [30/Sep/2023:05:10:20 +0200] "GET /vilaines-filles-white-ceramic-toilet-brush-p-57698.html HTTP/1.0" 200 76888 "-" "Mozilla/5.0 (compatible; MJ12bot/v1.4.8; http://mj12bot.com/)"
52.167.144.238 - - [30/Sep/2023:05:10:23 +0200] "GET /spiderman-long-sleeve-shirt-size-years-p-26950.html HTTP/1.0" 301 73743 "-" "Mozilla/5.0 AppleWebKit/537.36 (KHTML, like Gecko; compatible; bingbot/2.0; +http://www.bing.com/bingbot.htm) Chrome/103.0.5060.134 Safari/537.36"
150.109.10.162 - - [30/Sep/2023:05:10:33 +0200] "GET /images/mini_prod/8717318129119.jpg HTTP/1.0" 200 269 "-" "Mozilla/5.0 (X11; Ubuntu; Linux x86_64; rv:72.0) Gecko/20100101 Firefox/72.0"
185.191.171.15 - - [30/Sep/2023:05:11:38 +0200] "GET /-p-36460.html HTTP/1.0" 200 73676 "-" "Mozilla/5.0 (compatible; SemrushBot/7~bl; +http://www.semrush.com/bot.html)"
49.7.20.92 - - [30/Sep/2023:05:11:33 +0200] "GET / HTTP/1.0" 200 153872 "-" "Sogou web spider/4.0(+http://www.sogou.com/docs/help/webmasters.htm#07)"
34.154.36.175 - - [30/Sep/2023:05:11:57 +0200] "GET /images/mini_prod/3272760389849.jpg HTTP/1.0" 200 269 "-" "Mozilla/5.0 (X11; Ubuntu; Linux x86_64; rv:72.0) Gecko/20100101 Firefox/72.0"
216.244.66.242 - - [30/Sep/2023:05:12:43 +0200] "GET /robots.txt HTTP/1.0" 200 245 "-" "Mozilla/5.0 (compatible; DotBot/1.2; +https://opensiteexplorer.org/dotbot; help@moz.com)"
8.219.138.46 - - [30/Sep/2023:05:13:03 +0200] "GET /images/mini_prod/3700791201514NN.jpg HTTP/1.0" 200 271 "-" "python-requests/2.31.0"
45.133.182.18 - - [30/Sep/2023:05:13:12 +0200] "GET /contact_us.php HTTP/1.0" 200 26241 "http://www.wonder-geek.com/contact_us.php" "Mozilla/5.0 (Windows NT 6.1; ) AppleWebKit/537.36 (KHTML, like Gecko) Chrome/90.0.4430.72 Safari/537.36"
45.133.182.18 - - [30/Sep/2023:05:13:17 +0200] "POST /contact_us.php?action=send HTTP/1.0" 200 26499 "http://www.wonder-geek.com/contact_us.php" "Mozilla/5.0 (Windows NT 6.1; ) AppleWebKit/537.36 (KHTML, like Gecko) Chrome/90.0.4430.72 Safari/537.36"
195.191.219.132 - - [30/Sep/2023:05:16:01 +0200] "GET /robots.txt HTTP/1.0" 301 531 "-" "Mozilla/5.0 (compatible; MJ12bot/v1.4.8; http://mj12bot.com/)"
195.191.219.132 - - [30/Sep/2023:05:16:01 +0200] "GET /robots.txt HTTP/1.0" 200 245 "-" "Mozilla/5.0 (compatible; MJ12bot/v1.4.8; http://mj12bot.com/)"
195.191.219.132 - - [30/Sep/2023:05:16:03 +0200] "GET / HTTP/1.0" 301 511 "-" "Mozilla/5.0 (compatible; MJ12bot/v1.4.8; http://mj12bot.com/)"
195.191.219.132 - - [30/Sep/2023:05:16:05 +0200] "GET / HTTP/1.0" 200 154291 "-" "Mozilla/5.0 (compatible; MJ12bot/v1.4.8; http://mj12bot.com/)"
47.245.86.41 - - [30/Sep/2023:05:16:39 +0200] "GET /images/big_prod_1/b3608860261035.jpg HTTP/1.0" 200 271 "-" "python-requests/2.31.0"
87.250.224.82 - - [30/Sep/2023:05:19:49 +0200] "GET /toucan-money-p-47936.html HTTP/1.0" 200 76087 "-" "Mozilla/5.0 (compatible; YandexBot/3.0; +http://yandex.com/bots)"
150.109.10.162 - - [30/Sep/2023:05:20:44 +0200] "GET /images/mini_prod/8719497614271.jpg HTTP/1.0" 200 269 "-" "Mozilla/5.0 (X11; Ubuntu; Linux x86_64; rv:72.0) Gecko/20100101 Firefox/72.0"
169.228.63.97 - - [30/Sep/2023:05:21:18 +0200] "GET /images/mini_prod/3453131151375.jpg HTTP/1.0" 200 269 "-" "Mozilla/5.0 (X11; Ubuntu; Linux x86_64; rv:72.0) Gecko/20100101 Firefox/72.0"
216.244.66.242 - - [30/Sep/2023:05:22:07 +0200] "GET /confdrs-flag-p-41660.html HTTP/1.0" 301 73743 "-" "Mozilla/5.0 (compatible; DotBot/1.2; +https://opensiteexplorer.org/dotbot; help@moz.com)"
111.202.101.157 - - [30/Sep/2023:05:22:24 +0200] "GET / HTTP/1.0" 200 153971 "-" "Sogou web spider/4.0(+http://www.sogou.com/docs/help/webmasters.htm#07)"
216.244.66.242 - - [30/Sep/2023:05:22:33 +0200] "GET /delia-bedclothes-260-240-cm-p-50787.html HTTP/1.0" 301 73827 "-" "Mozilla/5.0 (compatible; DotBot/1.2; +https://opensiteexplorer.org/dotbot; help@moz.com)"
216.244.66.242 - - [30/Sep/2023:05:23:05 +0200] "GET /olympique-marseille-puzzle-calculator-p-18784.html HTTP/1.0" 301 73743 "-" "Mozilla/5.0 (compatible; DotBot/1.2; +https://opensiteexplorer.org/dotbot; help@moz.com)"
216.244.66.242 - - [30/Sep/2023:05:23:19 +0200] "GET /russian-dolls-rectangulary-cushion-by-cbkreation-p-23202.html HTTP/1.0" 301 73743 "-" "Mozilla/5.0 (compatible; DotBot/1.2; +https://opensiteexplorer.org/dotbot; help@moz.com)"
121.52.244.247 - - [30/Sep/2023:05:23:32 +0200] "GET /images/mini_prod/8424001471461.jpg HTTP/1.0" 200 269 "-" "Mozilla/5.0 (X11; Ubuntu; Linux x86_64; rv:72.0) Gecko/20100101 Firefox/72.0"
52.167.144.217 - - [30/Sep/2023:05:25:04 +0200] "GET /-p-51431.html HTTP/1.0" 200 73676 "-" "Mozilla/5.0 AppleWebKit/537.36 (KHTML, like Gecko; compatible; bingbot/2.0; +http://www.bing.com/bingbot.htm) Chrome/103.0.5060.134 Safari/537.36"
51.68.224.127 - - [30/Sep/2023:05:25:30 +0200] "GET /adminweb/export_orders_xml.php?token=256de2z6edz6ed2z6DFSFsed2zed6zeDSFDSGdzedezfzf&maxorders=10&orderstart=1&status=14&start_date=2018-10-01 HTTP/1.0" 200 285 "-" "GesCom CharlotteBoutik Serveur"
51.68.224.127 - - [30/Sep/2023:05:25:30 +0200] "GET /adminweb/export_orders_xml.php?token=256de2z6edz6ed2z6DFSFsed2zed6zeDSFDSGdzedezfzf&maxorders=10&orderstart=1&status=6&start_date=2018-10-01 HTTP/1.0" 200 33939 "-" "GesCom CharlotteBoutik Serveur"
152.97.210.250 - - [30/Sep/2023:05:25:40 +0200] "GET /images/DSCN6326.jpg HTTP/1.0" 200 254 "-" "Mozilla/5.0 (iPad; CPU OS 16_3 like Mac OS X) AppleWebKit/605.1.15 (KHTML, like Gecko) GSA/282.0.564912098 Mobile/15E148 Safari/604.1"
185.191.171.7 - - [30/Sep/2023:05:26:37 +0200] "GET /robots.txt HTTP/1.0" 200 245 "-" "Mozilla/5.0 (compatible; SemrushBot/7~bl; +http://www.semrush.com/bot.html)"
185.191.171.3 - - [30/Sep/2023:05:26:37 +0200] "GET /winter-chamonix-wooden-wall-decoration-hang-p-36862.html HTTP/1.0" 200 76236 "-" "Mozilla/5.0 (compatible; SemrushBot/7~bl; +http://www.semrush.com/bot.html)"
106.11.62.209 - - [30/Sep/2023:05:26:52 +0200] "GET /images/mini_prod/8422014032815A.jpg HTTP/1.0" 200 270 "-" "Mozilla/5.0 (X11; Ubuntu; Linux x86_64; rv:72.0) Gecko/20100101 Firefox/72.0"
64.124.8.30 - - [30/Sep/2023:05:28:11 +0200] "GET /robots.txt HTTP/1.0" 200 245 "-" "Mozilla/5.0 (X11; Linux x86_64) AppleWebKit/537.36 (KHTML, like Gecko) Chrome/61.0.3163.79 Safari/537.36"
64.124.8.30 - - [30/Sep/2023:05:28:11 +0200] "GET /brazil-alarm-clock-cbkreation-p-25009.html HTTP/1.0" 500 66699 "-" "Mozilla/5.0 (X11; Linux x86_64) AppleWebKit/537.36 (KHTML, like Gecko) Chrome/61.0.3163.79 Safari/537.36"
185.191.171.5 - - [30/Sep/2023:05:28:17 +0200] "GET /suns-moons-metal-suspension-blue-p-42810.html HTTP/1.0" 200 76213 "-" "Mozilla/5.0 (compatible; SemrushBot/7~bl; +http://www.semrush.com/bot.html)"
185.191.171.8 - - [30/Sep/2023:05:28:21 +0200] "GET /tropical-home-tray-p-45515.html HTTP/1.0" 200 73790 "-" "Mozilla/5.0 (compatible; SemrushBot/7~bl; +http://www.semrush.com/bot.html)"
47.245.91.206 - - [30/Sep/2023:05:28:33 +0200] "GET /images/mini_prod/1384010202883.jpg HTTP/1.0" 200 269 "-" "python-requests/2.31.0"
216.244.66.242 - - [30/Sep/2023:05:28:37 +0200] "GET /strawberry-shortcake-years-p-22120.html HTTP/1.0" 200 76237 "-" "Mozilla/5.0 (compatible; DotBot/1.2; +https://opensiteexplorer.org/dotbot; help@moz.com)"
34.154.36.175 - - [30/Sep/2023:05:28:42 +0200] "GET /images/mini_prod/4895029627446.jpg HTTP/1.0" 200 269 "-" "Mozilla/5.0 (X11; Ubuntu; Linux x86_64; rv:72.0) Gecko/20100101 Firefox/72.0"
5.255.231.124 - - [30/Sep/2023:05:28:54 +0200] "GET /enjoy-your-life-p-40464.html HTTP/1.0" 200 75979 "-" "Mozilla/5.0 (compatible; YandexBot/3.0; +http://yandex.com/bots)"
216.244.66.242 - - [30/Sep/2023:05:29:40 +0200] "GET /images/big_prod/8422014028511.jpg HTTP/1.0" 200 268 "-" "Mozilla/5.0 (compatible; DotBot/1.2; +https://opensiteexplorer.org/dotbot; help@moz.com)"
64.124.8.30 - - [30/Sep/2023:05:29:45 +0200] "GET /romantic-rosette-wall-decoration-bronze-aspect-resin-40-cm-p-46215.html HTTP/1.0" 301 66688 "-" "Mozilla/5.0 (X11; Linux x86_64) AppleWebKit/537.36 (KHTML, like Gecko) Chrome/61.0.3163.79 Safari/537.36"
66.249.75.73 - - [30/Sep/2023:05:29:47 +0200] "GET /medusa-glass-paperweight-p-48034.html HTTP/1.0" 301 73743 "-" "Mozilla/5.0 (compatible; Googlebot/2.1; +http://www.google.com/bot.html)"
64.124.8.30 - - [30/Sep/2023:05:29:46 +0200] "GET /little-prince-sugar-p-55414.html HTTP/1.0" 200 66458 "-" "Mozilla/5.0 (X11; Linux x86_64) AppleWebKit/537.36 (KHTML, like Gecko) Chrome/61.0.3163.79 Safari/537.36"
66.249.75.73 - - [30/Sep/2023:05:29:49 +0200] "GET /-p-48034.html HTTP/1.0" 200 73676 "-" "Mozilla/5.0 (compatible; Googlebot/2.1; +http://www.google.com/bot.html)"
114.119.145.137 - - [30/Sep/2023:05:30:36 +0200] "GET /snow-white-rococo-figurine-p-58399.html HTTP/1.0" 200 77237 "http://www.wonder-geek.com/collectible-disney-figures-c-292_290.html?page=19" "Mozilla/5.0 (Linux; Android 7.0;) AppleWebKit/537.36 (KHTML, like Gecko) Mobile Safari/537.36 (compatible; PetalBot;+https://webmaster.petalsearch.com/site/petalbot)"
150.109.196.248 - - [30/Sep/2023:05:30:38 +0200] "GET /images/mini_prod/3279510801620.jpg HTTP/1.0" 200 269 "-" "Mozilla/5.0 (X11; Ubuntu; Linux x86_64; rv:72.0) Gecko/20100101 Firefox/72.0"
85.208.96.204 - - [30/Sep/2023:05:30:37 +0200] "GET /candy-cloud-hair-brush-gigglepot-p-47350.html HTTP/1.0" 200 73774 "-" "Mozilla/5.0 (compatible; SemrushBot/7~bl; +http://www.semrush.com/bot.html)"
185.191.171.16 - - [30/Sep/2023:05:31:15 +0200] "GET /bird-mini-p-41634.html HTTP/1.0" 200 73710 "-" "Mozilla/5.0 (compatible; SemrushBot/7~bl; +http://www.semrush.com/bot.html)"
114.119.138.33 - - [30/Sep/2023:05:32:46 +0200] "GET /cotton-floor-cushion-elvira-p-54417.html HTTP/1.0" 200 73772 "http://www.wonder-geek.com/floor-cushions-c-11_182.html?page=3" "Mozilla/5.0 (Linux; Android 7.0;) AppleWebKit/537.36 (KHTML, like Gecko) Mobile Safari/537.36 (compatible; PetalBot;+https://webmaster.petalsearch.com/site/petalbot)"
80.82.77.2 - - [30/Sep/2023:05:32:50 +0200] "GET /contact_us.php HTTP/1.0" 200 26241 "http://www.wonder-geek.com/contact_us.php" "Mozilla/5.0 (Windows NT 6.1; Win64; x64) AppleWebKit/537.36 (KHTML, like Gecko) Chrome/90.0.4430.72 Safari/537.36"
80.82.77.2 - - [30/Sep/2023:05:32:50 +0200] "POST /contact_us.php?action=send HTTP/1.0" 200 26484 "http://www.wonder-geek.com/contact_us.php" "Mozilla/5.0 (Windows NT 6.1; Win64; x64) AppleWebKit/537.36 (KHTML, like Gecko) Chrome/90.0.4430.72 Safari/537.36"
114.119.131.11 - - [30/Sep/2023:05:32:56 +0200] "GET /%20images/big_prod/3609810059658a.jpg HTTP/1.0" 404 1308 "http://www.wonder-geek.com/boho-buffalo-head-plaid-130-170-cm-p-42909.html" "Mozilla/5.0 (Linux; Android 7.0;) AppleWebKit/537.36 (KHTML, like Gecko) Mobile Safari/537.36 (compatible; PetalBot;+https://webmaster.petalsearch.com/site/petalbot)"
20.62.224.44 - - [30/Sep/2023:05:32:59 +0200] "GET /images/big_prod/1399984280270.jpg HTTP/1.0" 200 268 "-" "DuckDuckBot/1.1; (+http://duckduckgo.com/duckduckbot.html)"
104.28.55.79 - - [30/Sep/2023:05:33:11 +0200] "GET /images/big_prod/1399984280270.jpg HTTP/1.0" 200 268 "-" "Mozilla/5.0 (Macintosh; Intel Mac OS X 10_15) AppleWebKit/605.1.15 (KHTML, like Gecko) Version/17.0 DuckDuckGo/7 Safari/605.1.15"
104.28.55.79 - - [30/Sep/2023:05:33:13 +0200] "GET /favicon.ico HTTP/1.0" 200 260 "-" "Mozilla/5.0 (iPad; CPU OS 17_0_2 like Mac OS X) AppleWebKit/605.1.15 (KHTML, like Gecko) Version/17.0 Mobile/15E148 DuckDuckGo/7 Safari/605.1.15"
66.249.75.74 - - [30/Sep/2023:05:33:20 +0200] "GET /cats-small-melamine-tray-p-45157.html HTTP/1.0" 200 76116 "-" "Mozilla/5.0 (compatible; Googlebot/2.1; +http://www.google.com/bot.html)"
169.228.63.97 - - [30/Sep/2023:05:33:52 +0200] "GET /images/mini_prod/3700407620333.jpg HTTP/1.0" 200 269 "-" "Mozilla/5.0 (X11; Ubuntu; Linux x86_64; rv:72.0) Gecko/20100101 Firefox/72.0"
66.249.75.73 - - [30/Sep/2023:05:34:22 +0200] "GET /-c-110.html HTTP/1.0" 200 72363 "-" "Mozilla/5.0 (Linux; Android 6.0.1; Nexus 5X Build/MMB29P) AppleWebKit/537.36 (KHTML, like Gecko) Chrome/117.0.5938.92 Mobile Safari/537.36 (compatible; Googlebot/2.1; +http://www.google.com/bot.html)"
66.249.75.73 - - [30/Sep/2023:05:34:25 +0200] "GET /swfobject.js HTTP/1.0" 404 1308 "http://www.wonder-geek.com/-c-110.html" "Mozilla/5.0 (Linux; Android 6.0.1; Nexus 5X Build/MMB29P) AppleWebKit/537.36 (KHTML, like Gecko) Chrome/117.0.5938.92 Mobile Safari/537.36 (compatible; Googlebot/2.1; +http://www.google.com/bot.html)"
129.15.42.33 - - [30/Sep/2023:05:34:28 +0200] "GET /images/mini_prod/2110DSCN8647.jpg HTTP/1.0" 200 268 "-" "Mozilla/5.0 (X11; Ubuntu; Linux x86_64; rv:72.0) Gecko/20100101 Firefox/72.0"
103.52.188.152 - - [30/Sep/2023:05:34:35 +0200] "GET /images/mini_prod/b8012052011455.jpg HTTP/1.0" 200 270 "-" "Mozilla/5.0 (X11; Ubuntu; Linux x86_64; rv:72.0) Gecko/20100101 Firefox/72.0"
114.119.142.7 - - [30/Sep/2023:05:34:38 +0200] "GET /%20images/4029811310838.jpg HTTP/1.0" 404 1308 "http://www.wonder-geek.com/keyboard-cube-p-27590.html" "Mozilla/5.0 (Linux; Android 7.0;) AppleWebKit/537.36 (KHTML, like Gecko) Mobile Safari/537.36 (compatible; PetalBot;+https://webmaster.petalsearch.com/site/petalbot)"
150.109.10.162 - - [30/Sep/2023:05:35:03 +0200] "GET /images/mini_prod/1399984241882.jpg HTTP/1.0" 200 269 "-" "Mozilla/5.0 (X11; Ubuntu; Linux x86_64; rv:72.0) Gecko/20100101 Firefox/72.0"
150.109.10.162 - - [30/Sep/2023:05:35:04 +0200] "GET /images/mini_prod/3014627806386.jpg HTTP/1.0" 200 269 "-" "Mozilla/5.0 (X11; Ubuntu; Linux x86_64; rv:72.0) Gecko/20100101 Firefox/72.0"
185.191.171.6 - - [30/Sep/2023:05:35:11 +0200] "GET /hourglass-retro-metal-glass-p-52210.html HTTP/1.0" 200 73798 "-" "Mozilla/5.0 (compatible; SemrushBot/7~bl; +http://www.semrush.com/bot.html)"
85.208.96.208 - - [30/Sep/2023:05:35:33 +0200] "GET /-p-21385.html HTTP/1.0" 200 73676 "-" "Mozilla/5.0 (compatible; SemrushBot/7~bl; +http://www.semrush.com/bot.html)"
150.109.196.248 - - [30/Sep/2023:05:36:17 +0200] "GET /images/mini_prod/5036278058585.jpg HTTP/1.0" 200 269 "-" "Mozilla/5.0 (X11; Ubuntu; Linux x86_64; rv:72.0) Gecko/20100101 Firefox/72.0"
103.52.188.152 - - [30/Sep/2023:05:37:53 +0200] "GET /images/mini_prod/5050293803197.jpg HTTP/1.0" 200 269 "-" "Mozilla/5.0 (X11; Ubuntu; Linux x86_64; rv:72.0) Gecko/20100101 Firefox/72.0"
40.77.167.33 - - [30/Sep/2023:05:38:41 +0200] "GET /umbrella-holder-c-13_322.html HTTP/1.0" 200 84469 "-" "Mozilla/5.0 AppleWebKit/537.36 (KHTML, like Gecko; compatible; bingbot/2.0; +http://www.bing.com/bingbot.htm) Chrome/103.0.5060.134 Safari/537.36"
85.208.96.202 - - [30/Sep/2023:05:39:31 +0200] "GET /gund-plush-prince-p-44584.html HTTP/1.0" 200 73740 "-" "Mozilla/5.0 (compatible; SemrushBot/7~bl; +http://www.semrush.com/bot.html)"
119.28.98.218 - - [30/Sep/2023:05:41:24 +0200] "GET /images/mini_prod/3661977004513.jpg HTTP/1.0" 200 269 "-" "Mozilla/5.0 (X11; Ubuntu; Linux x86_64; rv:72.0) Gecko/20100101 Firefox/72.0"
66.249.75.74 - - [30/Sep/2023:05:41:30 +0200] "GET /placemat-kiub-collection-cats-love-paris-p-59083.html HTTP/1.0" 200 76887 "-" "Mozilla/5.0 (Linux; Android 6.0.1; Nexus 5X Build/MMB29P) AppleWebKit/537.36 (KHTML, like Gecko) Chrome/117.0.5938.92 Mobile Safari/537.36 (compatible; Googlebot/2.1; +http://www.google.com/bot.html)"
51.68.224.127 - - [30/Sep/2023:05:41:41 +0200] "GET /adminweb/export_orders_xml.php?token=256de2z6edz6ed2z6DFSFsed2zed6zeDSFDSGdzedezfzf&maxorders=10&orderstart=1&status=14&start_date=2018-10-01 HTTP/1.0" 200 285 "-" "GesCom CharlotteBoutik Serveur"
51.68.224.127 - - [30/Sep/2023:05:41:41 +0200] "GET /adminweb/export_orders_xml.php?token=256de2z6edz6ed2z6DFSFsed2zed6zeDSFDSGdzedezfzf&maxorders=10&orderstart=1&status=6&start_date=2018-10-01 HTTP/1.0" 200 33939 "-" "GesCom CharlotteBoutik Serveur"
150.109.10.162 - - [30/Sep/2023:05:42:37 +0200] "GET /images/mini_prod/3609810013544.jpg HTTP/1.0" 200 269 "-" "Mozilla/5.0 (X11; Ubuntu; Linux x86_64; rv:72.0) Gecko/20100101 Firefox/72.0"
150.109.10.162 - - [30/Sep/2023:05:42:59 +0200] "GET /images/mini_prod/8422019067089.jpg HTTP/1.0" 200 269 "-" "Mozilla/5.0 (X11; Ubuntu; Linux x86_64; rv:72.0) Gecko/20100101 Firefox/72.0"
85.208.96.199 - - [30/Sep/2023:05:45:04 +0200] "GET /wall-decoration-sticker-ginkgo-p-60167.html HTTP/1.0" 200 76914 "-" "Mozilla/5.0 (compatible; SemrushBot/7~bl; +http://www.semrush.com/bot.html)"
185.191.171.13 - - [30/Sep/2023:05:45:26 +0200] "GET /route-room-table-p-20617.html HTTP/1.0" 200 73765 "-" "Mozilla/5.0 (compatible; SemrushBot/7~bl; +http://www.semrush.com/bot.html)"
114.119.150.140 - - [30/Sep/2023:05:45:46 +0200] "GET /placemats-salvador-dali-wood-kneeling-woman-p-39747.html HTTP/1.0" 200 73870 "http://www.wonder-geek.com/placemats-c-12_156.html?page=9" "Mozilla/5.0 (Linux; Android 7.0;) AppleWebKit/537.36 (KHTML, like Gecko) Mobile Safari/537.36 (compatible; PetalBot;+https://webmaster.petalsearch.com/site/petalbot)"
54.36.148.207 - - [30/Sep/2023:05:46:08 +0200] "GET /robots.txt HTTP/1.0" 200 245 "-" "Mozilla/5.0 (compatible; AhrefsBot/7.0; +http://ahrefs.com/robot/)"
54.36.148.237 - - [30/Sep/2023:05:46:08 +0200] "GET /cotton-floor-cushion-blue-p-49313.html HTTP/1.0" 200 73768 "-" "Mozilla/5.0 (compatible; AhrefsBot/7.0; +http://ahrefs.com/robot/)"
119.45.63.55 - - [30/Sep/2023:05:46:50 +0200] "HEAD /images/mini_prod/5055071689468.jpg HTTP/1.0" 200 290 "-" "Go-http-client/1.1"
119.45.63.55 - - [30/Sep/2023:05:47:00 +0200] "GET /images/mini_prod/5055071689468.jpg HTTP/1.0" 200 269 "-" "Go-http-client/1.1"
114.119.139.118 - - [30/Sep/2023:05:47:11 +0200] "GET /coca-cola-bottle-shaped-table-lamp-p-55537.html HTTP/1.0" 200 73802 "http://www.wonder-geek.com/lighting-c-86.html?page=28" "Mozilla/5.0 (Linux; Android 7.0;) AppleWebKit/537.36 (KHTML, like Gecko) Mobile Safari/537.36 (compatible; PetalBot;+https://webmaster.petalsearch.com/site/petalbot)"
152.67.120.62 - - [30/Sep/2023:05:47:16 +0200] "GET /images/mini_prod/1399169040019.jpg HTTP/1.0" 200 269 "-" "Mozilla/5.0 (X11; Ubuntu; Linux x86_64; rv:72.0) Gecko/20100101 Firefox/72.0"
45.79.239.241 - - [30/Sep/2023:05:47:19 +0200] "GET /contact_us.php HTTP/1.0" 200 26241 "http://www.wonder-geek.com/contact_us.php" "Mozilla/5.0 (Windows NT 10.0) AppleWebKit/537.36 (KHTML, like Gecko) Chrome/90.0.4430.85 Safari/537.36"
45.79.239.241 - - [30/Sep/2023:05:47:23 +0200] "POST /contact_us.php?action=send HTTP/1.0" 200 26489 "http://www.wonder-geek.com/contact_us.php" "Mozilla/5.0 (Windows NT 10.0) AppleWebKit/537.36 (KHTML, like Gecko) Chrome/90.0.4430.85 Safari/537.36"
129.15.42.33 - - [30/Sep/2023:05:47:48 +0200] "GET /images/mini_prod/3661443611191.jpg HTTP/1.0" 200 269 "-" "Mozilla/5.0 (X11; Ubuntu; Linux x86_64; rv:72.0) Gecko/20100101 Firefox/72.0"
119.45.63.55 - - [30/Sep/2023:05:48:28 +0200] "GET /images/mini_prod/5055071689468.jpg HTTP/1.0" 200 269 "-" "Go-http-client/1.1"
52.167.144.200 - - [30/Sep/2023:05:49:22 +0200] "GET /stationery-and-cardmaking/stationery-school-supplies/beyblade-stationery-set-p-15983.html HTTP/1.0" 301 689 "-" "Mozilla/5.0 AppleWebKit/537.36 (KHTML, like Gecko; compatible; bingbot/2.0; +http://www.bing.com/bingbot.htm) Chrome/103.0.5060.134 Safari/537.36"
85.208.96.210 - - [30/Sep/2023:05:49:22 +0200] "GET /-p-42369.html HTTP/1.0" 200 73676 "-" "Mozilla/5.0 (compatible; SemrushBot/7~bl; +http://www.semrush.com/bot.html)"
52.167.144.163 - - [30/Sep/2023:05:50:07 +0200] "GET /images/med_prod/3520071433530.jpg HTTP/1.0" 200 268 "-" "Mozilla/5.0 AppleWebKit/537.36 (KHTML, like Gecko; compatible; bingbot/2.0; +http://www.bing.com/bingbot.htm) Chrome/103.0.5060.134 Safari/537.36"
150.109.10.162 - - [30/Sep/2023:05:50:21 +0200] "GET /images/mini_prod/boudha1384010191170.jpg HTTP/1.0" 200 275 "-" "Mozilla/5.0 (X11; Ubuntu; Linux x86_64; rv:72.0) Gecko/20100101 Firefox/72.0"
52.167.144.223 - - [30/Sep/2023:05:51:00 +0200] "GET /minnie-mouse-large-disney-suitcase-p-31213.html HTTP/1.0" 301 73743 "-" "Mozilla/5.0 AppleWebKit/537.36 (KHTML, like Gecko; compatible; bingbot/2.0; +http://www.bing.com/bingbot.htm) Chrome/103.0.5060.134 Safari/537.36"
157.55.39.223 - - [30/Sep/2023:05:51:46 +0200] "GET /robots.txt HTTP/1.0" 301 531 "-" "Mozilla/5.0 AppleWebKit/537.36 (KHTML, like Gecko; compatible; bingbot/2.0; +http://www.bing.com/bingbot.htm) Chrome/103.0.5060.134 Safari/537.36"
157.55.39.223 - - [30/Sep/2023:05:51:47 +0200] "GET /robots.txt HTTP/1.0" 200 245 "-" "Mozilla/5.0 AppleWebKit/537.36 (KHTML, like Gecko; compatible; bingbot/2.0; +http://www.bing.com/bingbot.htm) Chrome/103.0.5060.134 Safari/537.36"
85.208.96.198 - - [30/Sep/2023:05:52:04 +0200] "GET /cement-tile-stickers-p-58014.html HTTP/1.0" 200 76970 "-" "Mozilla/5.0 (compatible; SemrushBot/7~bl; +http://www.semrush.com/bot.html)"
169.228.63.97 - - [30/Sep/2023:05:52:58 +0200] "GET /images/mini_prod/3665269014396.jpg HTTP/1.0" 200 269 "-" "Mozilla/5.0 (X11; Ubuntu; Linux x86_64; rv:72.0) Gecko/20100101 Firefox/72.0"
49.7.20.92 - - [30/Sep/2023:05:53:08 +0200] "GET / HTTP/1.0" 200 153986 "-" "Sogou web spider/4.0(+http://www.sogou.com/docs/help/webmasters.htm#07)"
66.249.75.75 - - [30/Sep/2023:05:53:34 +0200] "GET /ads.txt HTTP/1.0" 404 1308 "-" "Mozilla/5.0 (compatible; Googlebot/2.1; +http://www.google.com/bot.html)"
66.249.75.73 - - [30/Sep/2023:05:53:35 +0200] "GET /sigil-lucifer-satatic-book-handbag-in-the-shape-of-book-p-40613.html HTTP/1.0" 301 73982 "-" "Mozilla/5.0 (compatible; Googlebot/2.1; +http://www.google.com/bot.html)"
66.249.75.73 - - [30/Sep/2023:05:53:37 +0200] "GET /sigil-lucifer-satatic-book-handbag-shape-book-p-40613.html HTTP/1.0" 200 73870 "-" "Mozilla/5.0 (compatible; Googlebot/2.1; +http://www.google.com/bot.html)"
185.191.171.5 - - [30/Sep/2023:05:53:44 +0200] "GET /aztec-mini-ceramic-flower-p-55313.html HTTP/1.0" 200 76949 "-" "Mozilla/5.0 (compatible; SemrushBot/7~bl; +http://www.semrush.com/bot.html)"
34.148.203.15 - - [30/Sep/2023:05:53:51 +0200] "GET /robots.txt HTTP/1.0" 200 245 "-" "ZoominfoBot (zoominfobot at zoominfo dot com)"
34.148.203.15 - - [30/Sep/2023:05:53:51 +0200] "GET /glass-cutting-board-cbkreation-p-51282.html HTTP/1.0" 200 76108 "-" "ZoominfoBot (zoominfobot at zoominfo dot com)"
34.148.203.15 - - [30/Sep/2023:05:53:54 +0200] "GET /mojito-cutting-board-p-42917.html HTTP/1.0" 200 76022 "-" "ZoominfoBot (zoominfobot at zoominfo dot com)"
34.148.203.15 - - [30/Sep/2023:05:53:58 +0200] "GET /glass-cutting-board-cbkreation-p-51316.html HTTP/1.0" 200 76108 "-" "ZoominfoBot (zoominfobot at zoominfo dot com)"
34.148.203.15 - - [30/Sep/2023:05:54:02 +0200] "GET /glass-cutting-board-cbkreation-p-51337.html HTTP/1.0" 200 76108 "-" "ZoominfoBot (zoominfobot at zoominfo dot com)"
34.148.203.15 - - [30/Sep/2023:05:54:05 +0200] "GET /quote-cutting-board-p-51903.html HTTP/1.0" 200 76605 "-" "ZoominfoBot (zoominfobot at zoominfo dot com)"
34.148.203.15 - - [30/Sep/2023:05:54:08 +0200] "GET /glass-cutting-board-cbkreation-p-51287.html HTTP/1.0" 200 76108 "-" "ZoominfoBot (zoominfobot at zoominfo dot com)"
34.148.203.15 - - [30/Sep/2023:05:54:11 +0200] "GET /croissant-cupcake-cutting-board-p-35943.html HTTP/1.0" 200 76118 "-" "ZoominfoBot (zoominfobot at zoominfo dot com)"
34.148.203.15 - - [30/Sep/2023:05:54:14 +0200] "GET /glass-cutting-board-cbkreation-p-51914.html HTTP/1.0" 200 76108 "-" "ZoominfoBot (zoominfobot at zoominfo dot com)"
34.148.203.15 - - [30/Sep/2023:05:54:17 +0200] "GET /glass-cutting-board-cbkreation-p-51314.html HTTP/1.0" 200 76108 "-" "ZoominfoBot (zoominfobot at zoominfo dot com)"
34.148.203.15 - - [30/Sep/2023:05:54:20 +0200] "GET /retro-glass-cutting-board-p-45915.html HTTP/1.0" 200 76402 "-" "ZoominfoBot (zoominfobot at zoominfo dot com)"
34.148.203.15 - - [30/Sep/2023:05:54:24 +0200] "GET /glass-cutting-board-cbkreation-p-51335.html HTTP/1.0" 200 76108 "-" "ZoominfoBot (zoominfobot at zoominfo dot com)"
34.148.203.15 - - [30/Sep/2023:05:54:27 +0200] "GET /japan-glass-cutting-board-cbkreation-p-51185.html HTTP/1.0" 200 76987 "-" "ZoominfoBot (zoominfobot at zoominfo dot com)"
34.148.203.15 - - [30/Sep/2023:05:54:30 +0200] "GET /breakfast-board-chef-tassen-made-germany-p-59958.html HTTP/1.0" 200 77065 "-" "ZoominfoBot (zoominfobot at zoominfo dot com)"
34.148.203.15 - - [30/Sep/2023:05:54:33 +0200] "GET /quote-cutting-board-p-51904.html HTTP/1.0" 200 76605 "-" "ZoominfoBot (zoominfobot at zoominfo dot com)"
34.148.203.15 - - [30/Sep/2023:05:54:38 +0200] "GET /marseille-glass-cutting-board-cbkreation-p-53157.html HTTP/1.0" 200 76183 "-" "ZoominfoBot (zoominfobot at zoominfo dot com)"
34.148.203.15 - - [30/Sep/2023:05:54:41 +0200] "GET /love-london-glass-cutting-board-cbkreation-p-51471.html HTTP/1.0" 200 76208 "-" "ZoominfoBot (zoominfobot at zoominfo dot com)"
34.148.203.15 - - [30/Sep/2023:05:54:44 +0200] "GET /glass-cutting-board-cbkreation-p-51312.html HTTP/1.0" 200 76108 "-" "ZoominfoBot (zoominfobot at zoominfo dot com)"
34.148.203.15 - - [30/Sep/2023:05:54:47 +0200] "GET /prends-valeur-glass-cutting-board-p-53250.html HTTP/1.0" 200 76520 "-" "ZoominfoBot (zoominfobot at zoominfo dot com)"
34.148.203.15 - - [30/Sep/2023:05:54:50 +0200] "GET /quote-cutting-board-p-51905.html HTTP/1.0" 200 76605 "-" "ZoominfoBot (zoominfobot at zoominfo dot com)"
34.148.203.15 - - [30/Sep/2023:05:54:53 +0200] "GET /glass-cutting-board-cbkreation-p-51333.html HTTP/1.0" 200 76108 "-" "ZoominfoBot (zoominfobot at zoominfo dot com)"
34.148.203.15 - - [30/Sep/2023:05:54:56 +0200] "GET /glass-cutting-board-cbkreation-p-51283.html HTTP/1.0" 200 76108 "-" "ZoominfoBot (zoominfobot at zoominfo dot com)"
34.148.203.15 - - [30/Sep/2023:05:54:59 +0200] "GET /glass-cutting-board-cbkreation-p-51317.html HTTP/1.0" 200 76108 "-" "ZoominfoBot (zoominfobot at zoominfo dot com)"
34.148.203.15 - - [30/Sep/2023:05:55:02 +0200] "GET /glass-cutting-board-cbkreation-p-51340.html HTTP/1.0" 200 76108 "-" "ZoominfoBot (zoominfobot at zoominfo dot com)"
34.148.203.15 - - [30/Sep/2023:05:55:05 +0200] "GET /glass-cutting-board-cbkreation-p-51338.html HTTP/1.0" 200 76108 "-" "ZoominfoBot (zoominfobot at zoominfo dot com)"
34.148.203.15 - - [30/Sep/2023:05:55:08 +0200] "GET /breakfast-board-chef-tassen-made-germany-p-59959.html HTTP/1.0" 200 77065 "-" "ZoominfoBot (zoominfobot at zoominfo dot com)"
34.148.203.15 - - [30/Sep/2023:05:55:11 +0200] "GET /glass-cutting-board-cbkreation-p-51288.html HTTP/1.0" 200 76108 "-" "ZoominfoBot (zoominfobot at zoominfo dot com)"
34.148.203.15 - - [30/Sep/2023:05:55:14 +0200] "GET /breakfast-board-tasty-cookie-tassen-made-germany-p-59957.html HTTP/1.0" 200 77121 "-" "ZoominfoBot (zoominfobot at zoominfo dot com)"
34.148.203.15 - - [30/Sep/2023:05:55:17 +0200] "GET /breakfast-board-half-tassen-made-germany-p-53732.html HTTP/1.0" 200 77386 "-" "ZoominfoBot (zoominfobot at zoominfo dot com)"
34.148.203.15 - - [30/Sep/2023:05:55:20 +0200] "GET /quote-cutting-board-p-51900.html HTTP/1.0" 200 76605 "-" "ZoominfoBot (zoominfobot at zoominfo dot com)"
34.148.203.15 - - [30/Sep/2023:05:55:23 +0200] "GET /glass-cutting-board-cbkreation-p-51315.html HTTP/1.0" 200 76108 "-" "ZoominfoBot (zoominfobot at zoominfo dot com)"
34.148.203.15 - - [30/Sep/2023:05:55:26 +0200] "GET /glass-cutting-board-cbkreation-p-51336.html HTTP/1.0" 200 76108 "-" "ZoominfoBot (zoominfobot at zoominfo dot com)"
34.148.203.15 - - [30/Sep/2023:05:55:29 +0200] "GET /coffee-cutting-board-p-35940.html HTTP/1.0" 200 76043 "-" "ZoominfoBot (zoominfobot at zoominfo dot com)"
34.148.203.15 - - [30/Sep/2023:05:55:32 +0200] "GET /breakfast-board-half-tassen-made-germany-p-53190.html HTTP/1.0" 200 77137 "-" "ZoominfoBot (zoominfobot at zoominfo dot com)"
34.148.203.15 - - [30/Sep/2023:05:55:35 +0200] "GET /glass-cutting-board-cbkreation-p-51286.html HTTP/1.0" 200 76108 "-" "ZoominfoBot (zoominfobot at zoominfo dot com)"
34.148.203.15 - - [30/Sep/2023:05:55:38 +0200] "GET /retro-glass-cutting-board-p-45917.html HTTP/1.0" 200 76402 "-" "ZoominfoBot (zoominfobot at zoominfo dot com)"
34.148.203.15 - - [30/Sep/2023:05:55:41 +0200] "GET /glass-cutting-board-cbkreation-p-51293.html HTTP/1.0" 200 76108 "-" "ZoominfoBot (zoominfobot at zoominfo dot com)"
34.148.203.15 - - [30/Sep/2023:05:55:44 +0200] "GET /lavender-cutting-board-p-33300.html HTTP/1.0" 200 76038 "-" "ZoominfoBot (zoominfobot at zoominfo dot com)"
34.148.203.15 - - [30/Sep/2023:05:55:47 +0200] "GET /quote-cutting-board-p-51901.html HTTP/1.0" 200 76607 "-" "ZoominfoBot (zoominfobot at zoominfo dot com)"
34.148.203.15 - - [30/Sep/2023:05:55:50 +0200] "GET /glass-cutting-board-flammy-p-47883.html HTTP/1.0" 200 76055 "-" "ZoominfoBot (zoominfobot at zoominfo dot com)"
34.148.203.15 - - [30/Sep/2023:05:55:53 +0200] "GET /glass-cutting-board-cbkreation-p-51313.html HTTP/1.0" 200 76108 "-" "ZoominfoBot (zoominfobot at zoominfo dot com)"
34.148.203.15 - - [30/Sep/2023:05:55:56 +0200] "GET /glass-cutting-board-cbkreation-p-51334.html HTTP/1.0" 200 76108 "-" "ZoominfoBot (zoominfobot at zoominfo dot com)"
34.148.203.15 - - [30/Sep/2023:05:55:59 +0200] "GET /glass-cutting-board-cbkreation-p-51284.html HTTP/1.0" 200 76108 "-" "ZoominfoBot (zoominfobot at zoominfo dot com)"
34.148.203.15 - - [30/Sep/2023:05:56:02 +0200] "GET /glass-cutting-board-cbkreation-p-51318.html HTTP/1.0" 200 76108 "-" "ZoominfoBot (zoominfobot at zoominfo dot com)"
34.148.203.15 - - [30/Sep/2023:05:56:05 +0200] "GET /retro-glass-cutting-board-p-48514.html HTTP/1.0" 200 76402 "-" "ZoominfoBot (zoominfobot at zoominfo dot com)"
34.148.203.15 - - [30/Sep/2023:05:56:08 +0200] "GET /glass-cutting-board-cbkreation-p-51339.html HTTP/1.0" 200 76108 "-" "ZoominfoBot (zoominfobot at zoominfo dot com)"
34.148.203.15 - - [30/Sep/2023:05:56:11 +0200] "GET /glass-cutting-board-cbkreation-p-51291.html HTTP/1.0" 200 76108 "-" "ZoominfoBot (zoominfobot at zoominfo dot com)"
34.148.203.15 - - [30/Sep/2023:05:56:14 +0200] "GET /quote-cutting-board-p-51902.html HTTP/1.0" 200 76605 "-" "ZoominfoBot (zoominfobot at zoominfo dot com)"
34.148.203.15 - - [30/Sep/2023:05:56:17 +0200] "GET /retro-glass-cutting-board-p-45916.html HTTP/1.0" 200 76402 "-" "ZoominfoBot (zoominfobot at zoominfo dot com)"
34.148.203.15 - - [30/Sep/2023:05:56:20 +0200] "GET /breakfast-board-thank-tassen-made-germany-p-56282.html HTTP/1.0" 200 77612 "-" "ZoominfoBot (zoominfobot at zoominfo dot com)"
66.42.224.229 - - [30/Sep/2023:05:57:52 +0200] "GET /contact_us.php HTTP/1.0" 200 26241 "http://www.wonder-geek.com/contact_us.php" "Mozilla/5.0 (Windows NT 10.0) AppleWebKit/537.36 (KHTML, like Gecko) Chrome/90.0.4430.93 Safari/537.36"
51.68.224.127 - - [30/Sep/2023:05:58:00 +0200] "GET /adminweb/export_orders_xml.php?token=256de2z6edz6ed2z6DFSFsed2zed6zeDSFDSGdzedezfzf&maxorders=10&orderstart=1&status=14&start_date=2018-10-01 HTTP/1.0" 200 285 "-" "GesCom CharlotteBoutik Serveur"
51.68.224.127 - - [30/Sep/2023:05:58:00 +0200] "GET /adminweb/export_orders_xml.php?token=256de2z6edz6ed2z6DFSFsed2zed6zeDSFDSGdzedezfzf&maxorders=10&orderstart=1&status=6&start_date=2018-10-01 HTTP/1.0" 200 33939 "-" "GesCom CharlotteBoutik Serveur"
52.167.144.136 - - [30/Sep/2023:05:58:02 +0200] "GET /images/med_prod/5060275045255.jpg HTTP/1.0" 200 268 "-" "Mozilla/5.0 AppleWebKit/537.36 (KHTML, like Gecko; compatible; bingbot/2.0; +http://www.bing.com/bingbot.htm) Chrome/103.0.5060.134 Safari/537.36"
216.244.66.242 - - [30/Sep/2023:05:58:05 +0200] "GET /robots.txt HTTP/1.0" 200 245 "-" "Mozilla/5.0 (compatible; DotBot/1.2; +https://opensiteexplorer.org/dotbot; help@moz.com)"
185.191.171.3 - - [30/Sep/2023:05:58:53 +0200] "GET /volkwagen-power-bank-3000mah-p-35060.html HTTP/1.0" 200 73804 "-" "Mozilla/5.0 (compatible; SemrushBot/7~bl; +http://www.semrush.com/bot.html)"
169.228.63.97 - - [30/Sep/2023:06:00:02 +0200] "GET /images/mini_prod/1399984235478.jpg HTTP/1.0" 200 269 "-" "Mozilla/5.0 (X11; Ubuntu; Linux x86_64; rv:72.0) Gecko/20100101 Firefox/72.0"
150.109.196.248 - - [30/Sep/2023:06:00:05 +0200] "GET /images/3700057114015.jpg HTTP/1.0" 200 259 "-" "Mozilla/5.0 (X11; Ubuntu; Linux x86_64; rv:72.0) Gecko/20100101 Firefox/72.0"
95.108.213.208 - - [30/Sep/2023:06:00:21 +0200] "GET /-p-23408.html HTTP/1.0" 200 73676 "-" "Mozilla/5.0 (compatible; YandexBot/3.0; +http://yandex.com/bots)"
85.208.96.206 - - [30/Sep/2023:06:00:22 +0200] "GET /crystal-pearl-150g-p-45715.html HTTP/1.0" 200 76209 "-" "Mozilla/5.0 (compatible; SemrushBot/7~bl; +http://www.semrush.com/bot.html)"
119.28.98.218 - - [30/Sep/2023:06:02:14 +0200] "GET /images/mini_prod/1300000022903.jpg HTTP/1.0" 200 269 "-" "Mozilla/5.0 (X11; Ubuntu; Linux x86_64; rv:72.0) Gecko/20100101 Firefox/72.0"
114.119.152.47 - - [30/Sep/2023:06:03:49 +0200] "GET /cork-storage-chest-p-52927.html HTTP/1.0" 200 73758 "http://www.wonder-geek.com/trunks-c-13_208.html?page=2" "Mozilla/5.0 (Linux; Android 7.0;) AppleWebKit/537.36 (KHTML, like Gecko) Mobile Safari/537.36 (compatible; PetalBot;+https://webmaster.petalsearch.com/site/petalbot)"
185.191.171.19 - - [30/Sep/2023:06:04:42 +0200] "GET /diffuser-perfume-essential-oils-c-231_162.html?page=6 HTTP/1.0" 200 85774 "-" "Mozilla/5.0 (compatible; SemrushBot/7~bl; +http://www.semrush.com/bot.html)"
152.67.120.62 - - [30/Sep/2023:06:04:54 +0200] "GET /images/mini_prod/1399984284612.jpg HTTP/1.0" 200 269 "-" "Mozilla/5.0 (X11; Ubuntu; Linux x86_64; rv:72.0) Gecko/20100101 Firefox/72.0"
150.109.10.162 - - [30/Sep/2023:06:05:50 +0200] "GET /images/mini_prod/5018997622094.jpg HTTP/1.0" 200 269 "-" "Mozilla/5.0 (X11; Ubuntu; Linux x86_64; rv:72.0) Gecko/20100101 Firefox/72.0"
85.208.96.204 - - [30/Sep/2023:06:06:03 +0200] "GET /volkswagen-beetle-metal-plate-p-26430.html HTTP/1.0" 200 73804 "-" "Mozilla/5.0 (compatible; SemrushBot/7~bl; +http://www.semrush.com/bot.html)"
59.82.78.188 - - [30/Sep/2023:06:06:17 +0200] "GET /images/mini_prod/8424001159550N.jpg HTTP/1.0" 200 270 "-" "Mozilla/5.0 (X11; Ubuntu; Linux x86_64; rv:72.0) Gecko/20100101 Firefox/72.0"
216.244.66.242 - - [30/Sep/2023:06:06:52 +0200] "GET /small-earthenware-cement-tiles-lamp-p-55631.html HTTP/1.0" 200 73818 "-" "Mozilla/5.0 (compatible; DotBot/1.2; +https://opensiteexplorer.org/dotbot; help@moz.com)"
216.244.66.242 - - [30/Sep/2023:06:08:07 +0200] "GET /small-box-for-baby-teeth-p-51577.html HTTP/1.0" 301 73829 "-" "Mozilla/5.0 (compatible; DotBot/1.2; +https://opensiteexplorer.org/dotbot; help@moz.com)"
216.244.66.242 - - [30/Sep/2023:06:08:20 +0200] "GET /velvet-purse-black-and-white-p-49964.html HTTP/1.0" 301 76787 "-" "Mozilla/5.0 (compatible; DotBot/1.2; +https://opensiteexplorer.org/dotbot; help@moz.com)"
216.244.66.242 - - [30/Sep/2023:06:08:30 +0200] "GET /volkswagen-flower-messenger-bag-p-18923.html HTTP/1.0" 301 77030 "-" "Mozilla/5.0 (compatible; DotBot/1.2; +https://opensiteexplorer.org/dotbot; help@moz.com)"
87.250.224.83 - - [30/Sep/2023:06:08:58 +0200] "GET /hello-kitty-bedside-lamp-p-13490.html HTTP/1.0" 301 73743 "-" "Mozilla/5.0 (compatible; YandexBot/3.0; +http://yandex.com/bots)"
87.250.224.34 - - [30/Sep/2023:06:09:00 +0200] "GET /-p-13490.html HTTP/1.0" 200 73676 "-" "Mozilla/5.0 (compatible; YandexBot/3.0; +http://yandex.com/bots)"
106.11.62.141 - - [30/Sep/2023:06:09:23 +0200] "GET /images/mini_prod/8433914427915.jpg HTTP/1.0" 200 269 "-" "Mozilla/5.0 (X11; Ubuntu; Linux x86_64; rv:72.0) Gecko/20100101 Firefox/72.0"
85.208.96.199 - - [30/Sep/2023:06:09:47 +0200] "GET /wooden-range-bottle-with-bottle-opener-style-p-40214.html HTTP/1.0" 200 76299 "-" "Mozilla/5.0 (compatible; SemrushBot/7~bl; +http://www.semrush.com/bot.html)"
173.249.47.186 - - [30/Sep/2023:06:09:57 +0200] "GET /contact_us.php HTTP/1.0" 200 26241 "http://www.wonder-geek.com/contact_us.php" "Mozilla/5.0 (Windows NT 6.1) AppleWebKit/537.36 (KHTML, like Gecko) Chrome/90.0.4430.72 Safari/537.36"
69.28.236.4 - - [30/Sep/2023:06:09:58 +0200] "GET /images/mini_prod/8033667001167.jpg HTTP/1.0" 200 269 "-" "Mozilla/5.0 (X11; Ubuntu; Linux x86_64; rv:72.0) Gecko/20100101 Firefox/72.0"
173.249.47.186 - - [30/Sep/2023:06:10:09 +0200] "POST /contact_us.php?action=send HTTP/1.0" 200 26475 "http://www.wonder-geek.com/contact_us.php" "Mozilla/5.0 (Windows NT 6.1) AppleWebKit/537.36 (KHTML, like Gecko) Chrome/90.0.4430.72 Safari/537.36"
216.244.66.242 - - [30/Sep/2023:06:10:48 +0200] "GET /keel-toys-plush-unicorn-valentine-p-51013.html HTTP/1.0" 200 76246 "-" "Mozilla/5.0 (compatible; DotBot/1.2; +https://opensiteexplorer.org/dotbot; help@moz.com)"
101.70.124.222 - - [30/Sep/2023:06:12:51 +0200] "GET /images/mini_prod/8433933189689.jpg HTTP/1.0" 200 269 "-" "Mozilla/5.0 (Windows NT 10.0; Win64; x64) AppleWebKit/537.36 (KHTML, like Gecko) Chrome/103.0.0.0 Safari/537.36"
119.45.183.121 - - [30/Sep/2023:06:13:42 +0200] "HEAD /images/mini_prod/1384010206959.jpg HTTP/1.0" 200 290 "-" "Go-http-client/1.1"
119.45.183.121 - - [30/Sep/2023:06:13:43 +0200] "GET /images/mini_prod/1384010206959.jpg HTTP/1.0" 200 269 "-" "Go-http-client/1.1"
119.45.183.121 - - [30/Sep/2023:06:13:45 +0200] "GET /images/mini_prod/1384010206959.jpg HTTP/1.0" 200 269 "-" "Go-http-client/1.1"
51.68.224.127 - - [30/Sep/2023:06:14:14 +0200] "GET /adminweb/export_orders_xml.php?token=256de2z6edz6ed2z6DFSFsed2zed6zeDSFDSGdzedezfzf&maxorders=10&orderstart=1&status=14&start_date=2018-10-01 HTTP/1.0" 200 285 "-" "GesCom CharlotteBoutik Serveur"
51.68.224.127 - - [30/Sep/2023:06:14:14 +0200] "GET /adminweb/export_orders_xml.php?token=256de2z6edz6ed2z6DFSFsed2zed6zeDSFDSGdzedezfzf&maxorders=10&orderstart=1&status=6&start_date=2018-10-01 HTTP/1.0" 200 33939 "-" "GesCom CharlotteBoutik Serveur"
103.52.188.152 - - [30/Sep/2023:06:16:30 +0200] "GET /images/mini_prod/8430957052104.jpg HTTP/1.0" 200 269 "-" "Mozilla/5.0 (X11; Ubuntu; Linux x86_64; rv:72.0) Gecko/20100101 Firefox/72.0"
8.222.239.148 - - [30/Sep/2023:06:16:31 +0200] "GET /images/mini_prod/8422019609050.jpg HTTP/1.0" 200 269 "-" "python-requests/2.31.0"
85.208.96.211 - - [30/Sep/2023:06:16:38 +0200] "GET /jasmin-trivet-p-41618.html HTTP/1.0" 200 73726 "-" "Mozilla/5.0 (compatible; SemrushBot/7~bl; +http://www.semrush.com/bot.html)"
66.249.75.75 - - [30/Sep/2023:06:18:20 +0200] "GET /empty-porcelain-hand-pocket-statuette-p-57219.html HTTP/1.0" 200 76823 "-" "Mozilla/5.0 (compatible; Googlebot/2.1; +http://www.google.com/bot.html)"
185.191.171.7 - - [30/Sep/2023:06:19:00 +0200] "GET /personalized-products-c-97.html?page=2 HTTP/1.0" 200 94742 "-" "Mozilla/5.0 (compatible; SemrushBot/7~bl; +http://www.semrush.com/bot.html)"
66.249.75.73 - - [30/Sep/2023:06:19:22 +0200] "GET /spiderman-small-flexible-molds-model-yellow-p-28220.html HTTP/1.0" 200 73842 "-" "Mozilla/5.0 (Linux; Android 6.0.1; Nexus 5X Build/MMB29P) AppleWebKit/537.36 (KHTML, like Gecko) Chrome/117.0.5938.92 Mobile Safari/537.36 (compatible; Googlebot/2.1; +http://www.google.com/bot.html)"
85.208.96.210 - - [30/Sep/2023:06:20:25 +0200] "GET /carlin-keychains-p-26280.html HTTP/1.0" 200 76131 "-" "Mozilla/5.0 (compatible; SemrushBot/7~bl; +http://www.semrush.com/bot.html)"
47.128.28.230 - - [30/Sep/2023:06:21:05 +0200] "GET /wooden-boxes-storage-c-13_150_220.html?page=2 HTTP/1.0" 200 94025 "-" "Mozilla/5.0 (compatible; Bytespider; spider-feedback@bytedance.com) AppleWebKit/537.36 (KHTML, like Gecko) Chrome/70.0.0.0 Safari/537.36"
47.128.28.230 - - [30/Sep/2023:06:21:08 +0200] "GET /swfobject.js HTTP/1.0" 404 1308 "http://www.wonder-geek.com/wooden-boxes-storage-c-13_150_220.html?page=2" "Mozilla/5.0 (compatible; Bytespider; spider-feedback@bytedance.com) AppleWebKit/537.36 (KHTML, like Gecko) Chrome/70.0.0.0 Safari/537.36"
47.128.40.134 - - [30/Sep/2023:06:21:08 +0200] "GET /household-linen-c-11.html?page=41 HTTP/1.0" 200 96132 "-" "Mozilla/5.0 (compatible; Bytespider; spider-feedback@bytedance.com) AppleWebKit/537.36 (KHTML, like Gecko) Chrome/70.0.0.0 Safari/537.36"
47.128.40.134 - - [30/Sep/2023:06:21:10 +0200] "GET /swfobject.js HTTP/1.0" 404 1308 "http://www.wonder-geek.com/household-linen-c-11.html?page=41" "Mozilla/5.0 (compatible; Bytespider; spider-feedback@bytedance.com) AppleWebKit/537.36 (KHTML, like Gecko) Chrome/70.0.0.0 Safari/537.36"
47.128.39.79 - - [30/Sep/2023:06:21:16 +0200] "GET /swfobject.js HTTP/1.0" 404 1308 "http://www.wonder-geek.com/home-decoration-c-13.html?page=51" "Mozilla/5.0 (compatible; Bytespider; spider-feedback@bytedance.com) AppleWebKit/537.36 (KHTML, like Gecko) Chrome/70.0.0.0 Safari/537.36"
47.128.39.79 - - [30/Sep/2023:06:21:14 +0200] "GET /home-decoration-c-13.html?page=51 HTTP/1.0" 200 96313 "-" "Mozilla/5.0 (compatible; Bytespider; spider-feedback@bytedance.com) AppleWebKit/537.36 (KHTML, like Gecko) Chrome/70.0.0.0 Safari/537.36"
47.128.40.101 - - [30/Sep/2023:06:21:15 +0200] "GET /tealight-holders-candle-holders-c-231_230.html?page=2 HTTP/1.0" 200 96138 "-" "Mozilla/5.0 (compatible; Bytespider; spider-feedback@bytedance.com) AppleWebKit/537.36 (KHTML, like Gecko) Chrome/70.0.0.0 Safari/537.36"
47.128.40.101 - - [30/Sep/2023:06:21:18 +0200] "GET /swfobject.js HTTP/1.0" 404 1308 "http://www.wonder-geek.com/tealight-holders-candle-holders-c-231_230.html?page=2" "Mozilla/5.0 (compatible; Bytespider; spider-feedback@bytedance.com) AppleWebKit/537.36 (KHTML, like Gecko) Chrome/70.0.0.0 Safari/537.36"
47.128.28.230 - - [30/Sep/2023:06:21:18 +0200] "GET /js/jquery.min.js HTTP/1.0" 404 1308 "http://www.wonder-geek.com/wooden-boxes-storage-c-13_150_220.html?page=2" "Mozilla/5.0 (compatible; Bytespider; spider-feedback@bytedance.com) AppleWebKit/537.36 (KHTML, like Gecko) Chrome/70.0.0.0 Safari/537.36"
47.128.40.134 - - [30/Sep/2023:06:21:22 +0200] "GET /js/jquery.min.js HTTP/1.0" 404 1308 "http://www.wonder-geek.com/household-linen-c-11.html?page=41" "Mozilla/5.0 (compatible; Bytespider; spider-feedback@bytedance.com) AppleWebKit/537.36 (KHTML, like Gecko) Chrome/70.0.0.0 Safari/537.36"
47.128.40.134 - - [30/Sep/2023:06:21:23 +0200] "GET /highslide/graphics/zoomout.cur HTTP/1.0" 200 614 "http://www.wonder-geek.com/household-linen-c-11.html?page=41" "Mozilla/5.0 (compatible; Bytespider; spider-feedback@bytedance.com) AppleWebKit/537.36 (KHTML, like Gecko) Chrome/70.0.0.0 Safari/537.36"
