51.68.224.127 - - [01/Oct/2023:00:30:43 +0200] "GET /adminweb/export_orders_xml.php?token=256de2z6edz6ed2z6DFSFsed2zed6zeDSFDSGdzedezfzf&maxorders=10&orderstart=1&status=6&start_date=2018-10-01 HTTP/1.0" 200 33939 "-" "GesCom CharlotteBoutik Serveur"
66.249.66.205 - - [01/Oct/2023:00:30:57 +0200] "GET /nici-porcupine-plush-keyring-p-35203.html HTTP/1.0" 200 76181 "-" "Mozilla/5.0 (compatible; Googlebot/2.1; +http://www.google.com/bot.html)"
66.249.66.206 - - [01/Oct/2023:00:31:31 +0200] "GET /removable-cushion-beast-p-45393.html HTTP/1.0" 200 73872 "-" "Mozilla/5.0 (Linux; Android 6.0.1; Nexus 5X Build/MMB29P) AppleWebKit/537.36 (KHTML, like Gecko) Chrome/117.0.5938.92 Mobile Safari/537.36 (compatible; Googlebot/2.1; +http://www.google.com/bot.html)"
54.36.148.16 - - [01/Oct/2023:00:31:53 +0200] "GET /duvet-cover-c-11_195.html?page=3 HTTP/1.0" 200 88119 "-" "Mozilla/5.0 (compatible; AhrefsBot/7.0; +http://ahrefs.com/robot/)"
54.36.148.54 - - [01/Oct/2023:00:31:56 +0200] "GET /images/mini_prod/3442440301632E.jpg HTTP/1.0" 200 270 "-" "Mozilla/5.0 (compatible; AhrefsBot/7.0; +http://ahrefs.com/robot/)"
54.36.148.0 - - [01/Oct/2023:00:31:56 +0200] "GET /images/mini_prod/3359103059741.jpg HTTP/1.0" 200 269 "-" "Mozilla/5.0 (compatible; AhrefsBot/7.0; +http://ahrefs.com/robot/)"
54.36.148.82 - - [01/Oct/2023:00:31:57 +0200] "GET /images/mini_prod/3442440301694T.jpg HTTP/1.0" 200 270 "-" "Mozilla/5.0 (compatible; AhrefsBot/7.0; +http://ahrefs.com/robot/)"
54.36.149.54 - - [01/Oct/2023:00:31:57 +0200] "GET /images/mini_prod/3359103071439.jpg HTTP/1.0" 200 269 "-" "Mozilla/5.0 (compatible; AhrefsBot/7.0; +http://ahrefs.com/robot/)"
54.36.148.100 - - [01/Oct/2023:00:31:57 +0200] "GET /images/mini_prod/3359103059680.jpg HTTP/1.0" 200 269 "-" "Mozilla/5.0 (compatible; AhrefsBot/7.0; +http://ahrefs.com/robot/)"
54.36.148.55 - - [01/Oct/2023:00:31:57 +0200] "GET /images/mini_prod/3442440293487.jpg HTTP/1.0" 200 269 "-" "Mozilla/5.0 (compatible; AhrefsBot/7.0; +http://ahrefs.com/robot/)"
54.36.148.27 - - [01/Oct/2023:00:31:57 +0200] "GET /images/mini_prod/3442440301700.jpg HTTP/1.0" 200 269 "-" "Mozilla/5.0 (compatible; AhrefsBot/7.0; +http://ahrefs.com/robot/)"
17.241.227.63 - - [01/Oct/2023:00:31:59 +0200] "GET /images/big_prod/3453131045148.jpg HTTP/1.0" 200 268 "-" "Mozilla/5.0 (Macintosh; Intel Mac OS X 10_15_5) AppleWebKit/605.1.15 (KHTML, like Gecko) Version/13.1.1 Safari/605.1.15 (Applebot/0.1; +http://www.apple.com/go/applebot)"
52.167.144.231 - - [01/Oct/2023:00:32:25 +0200] "GET /bob-marley-m-166.html HTTP/1.0" 200 87763 "-" "Mozilla/5.0 AppleWebKit/537.36 (KHTML, like Gecko; compatible; bingbot/2.0; +http://www.bing.com/bingbot.htm) Chrome/103.0.5060.134 Safari/537.36"
52.167.144.231 - - [01/Oct/2023:00:33:25 +0200] "GET /barbapapa-m-7.html HTTP/1.0" 200 93947 "-" "Mozilla/5.0 AppleWebKit/537.36 (KHTML, like Gecko; compatible; bingbot/2.0; +http://www.bing.com/bingbot.htm) Chrome/103.0.5060.134 Safari/537.36"
150.109.196.248 - - [01/Oct/2023:00:33:45 +0200] "GET /images/mini_prod/MISES-EN-SITUATION-09.jpg HTTP/1.0" 200 277 "-" "Mozilla/5.0 (X11; Ubuntu; Linux x86_64; rv:72.0) Gecko/20100101 Firefox/72.0"
66.249.66.207 - - [01/Oct/2023:00:34:01 +0200] "GET /car-mural-metal-retro-hanging-50-48-cm-p-50188.html HTTP/1.0" 301 73982 "-" "Mozilla/5.0 (compatible; Googlebot/2.1; +http://www.google.com/bot.html)"
66.249.66.205 - - [01/Oct/2023:00:34:03 +0200] "GET /mural-metal-retro-hanging-p-50188.html HTTP/1.0" 200 73890 "-" "Mozilla/5.0 (compatible; Googlebot/2.1; +http://www.google.com/bot.html)"
40.77.167.81 - - [01/Oct/2023:00:35:04 +0200] "GET /images/big_prod_1/3608860228496B.jpg HTTP/1.0" 200 271 "-" "Mozilla/5.0 (Windows NT 6.1; WOW64) AppleWebKit/534+ (KHTML, like Gecko) BingPreview/1.0b"
52.167.144.231 - - [01/Oct/2023:00:35:04 +0200] "GET /soft-toys-security-blanket-c-4_46.html?page=2 HTTP/1.0" 200 95890 "-" "Mozilla/5.0 AppleWebKit/537.36 (KHTML, like Gecko; compatible; bingbot/2.0; +http://www.bing.com/bingbot.htm) Chrome/103.0.5060.134 Safari/537.36"
119.28.111.11 - - [01/Oct/2023:00:35:23 +0200] "GET /images/mini_prod/DSCN0788bis.jpg HTTP/1.0" 200 267 "-" "Mozilla/5.0 (X11; Ubuntu; Linux x86_64; rv:72.0) Gecko/20100101 Firefox/72.0"
119.28.111.11 - - [01/Oct/2023:00:35:27 +0200] "GET /images/mini_prod/4891320400702.jpg HTTP/1.0" 200 269 "-" "Mozilla/5.0 (X11; Ubuntu; Linux x86_64; rv:72.0) Gecko/20100101 Firefox/72.0"
52.167.144.231 - - [01/Oct/2023:00:35:25 +0200] "GET /bowls-c-12_60.html?page=5 HTTP/1.0" 200 95328 "-" "Mozilla/5.0 AppleWebKit/537.36 (KHTML, like Gecko; compatible; bingbot/2.0; +http://www.bing.com/bingbot.htm) Chrome/103.0.5060.134 Safari/537.36"
66.249.66.206 - - [01/Oct/2023:00:36:31 +0200] "GET /car-mural-metal-retro-hanging-50-48-cm-p-50188.html HTTP/1.0" 301 73982 "-" "Mozilla/5.0 (Linux; Android 6.0.1; Nexus 5X Build/MMB29P) AppleWebKit/537.36 (KHTML, like Gecko) Chrome/117.0.5938.92 Mobile Safari/537.36 (compatible; Googlebot/2.1; +http://www.google.com/bot.html)"
66.249.66.205 - - [01/Oct/2023:00:36:32 +0200] "GET /mural-metal-retro-hanging-p-50188.html HTTP/1.0" 200 73890 "-" "Mozilla/5.0 (Linux; Android 6.0.1; Nexus 5X Build/MMB29P) AppleWebKit/537.36 (KHTML, like Gecko) Chrome/117.0.5938.92 Mobile Safari/537.36 (compatible; Googlebot/2.1; +http://www.google.com/bot.html)"
66.249.66.207 - - [01/Oct/2023:00:39:01 +0200] "GET /french-bulldog-pill-box-p-32053.html HTTP/1.0" 301 73837 "-" "Mozilla/5.0 (compatible; Googlebot/2.1; +http://www.google.com/bot.html)"
66.249.66.205 - - [01/Oct/2023:00:39:03 +0200] "GET /-p-32053.html HTTP/1.0" 200 73770 "-" "Mozilla/5.0 (compatible; Googlebot/2.1; +http://www.google.com/bot.html)"
8.219.138.46 - - [01/Oct/2023:00:39:09 +0200] "GET /images/mini_prod/1399984257432.jpg HTTP/1.0" 200 269 "-" "python-requests/2.31.0"
119.28.98.218 - - [01/Oct/2023:00:39:24 +0200] "GET /images/mini_prod/3661443610439.jpg HTTP/1.0" 200 269 "-" "Mozilla/5.0 (X11; Ubuntu; Linux x86_64; rv:72.0) Gecko/20100101 Firefox/72.0"
34.73.206.133 - - [01/Oct/2023:00:39:59 +0200] "GET /corkscrew-bottle-opener-sommelier-c-12_213.html HTTP/1.0" 200 93828 "-" "ZoominfoBot (zoominfobot at zoominfo dot com)"
66.249.66.205 - - [01/Oct/2023:00:41:31 +0200] "GET /french-bulldog-pill-box-p-32053.html HTTP/1.0" 301 73837 "-" "Mozilla/5.0 (Linux; Android 6.0.1; Nexus 5X Build/MMB29P) AppleWebKit/537.36 (KHTML, like Gecko) Chrome/117.0.5938.92 Mobile Safari/537.36 (compatible; Googlebot/2.1; +http://www.google.com/bot.html)"
66.249.66.205 - - [01/Oct/2023:00:41:33 +0200] "GET /-p-32053.html HTTP/1.0" 200 73770 "-" "Mozilla/5.0 (Linux; Android 6.0.1; Nexus 5X Build/MMB29P) AppleWebKit/537.36 (KHTML, like Gecko) Chrome/117.0.5938.92 Mobile Safari/537.36 (compatible; Googlebot/2.1; +http://www.google.com/bot.html)"
66.249.66.205 - - [01/Oct/2023:00:42:39 +0200] "GET /figurines-fireman-nicolas-p-55656.html HTTP/1.0" 200 73902 "-" "Mozilla/5.0 (compatible; Googlebot/2.1; +http://www.google.com/bot.html)"
150.109.10.162 - - [01/Oct/2023:00:42:41 +0200] "GET /images/mini_prod/c8427787034837.jpg HTTP/1.0" 200 270 "-" "Mozilla/5.0 (X11; Ubuntu; Linux x86_64; rv:72.0) Gecko/20100101 Firefox/72.0"
133.237.8.181 - - [01/Oct/2023:00:43:44 +0200] "GET /images/mini_prod/8424001351428.jpg HTTP/1.0" 200 269 "-" "Mozilla/5.0 (Windows NT 10.0; Win64; x64) AppleWebKit/537.36 (KHTML, like Gecko) Chrome/58.0.3029.110 Safari/537.36"
66.249.66.206 - - [01/Oct/2023:00:44:01 +0200] "GET /johnny-hallyday-zippo-lighter-limited-p-49858.html HTTP/1.0" 301 73837 "-" "Mozilla/5.0 (compatible; Googlebot/2.1; +http://www.google.com/bot.html)"
66.249.66.207 - - [01/Oct/2023:00:44:03 +0200] "GET /-p-49858.html HTTP/1.0" 200 73770 "-" "Mozilla/5.0 (compatible; Googlebot/2.1; +http://www.google.com/bot.html)"
150.109.10.162 - - [01/Oct/2023:00:44:07 +0200] "GET /images/mini_prod/3612873102506.jpg HTTP/1.0" 200 269 "-" "Mozilla/5.0 (X11; Ubuntu; Linux x86_64; rv:72.0) Gecko/20100101 Firefox/72.0"
44.204.165.106 - - [01/Oct/2023:00:44:12 +0200] "GET /images/med_prod/1399984220368NN.jpg HTTP/1.0" 200 270 "-" "caas-image-service/3.28.3(probe-image-size)"
44.204.165.106 - - [01/Oct/2023:00:44:13 +0200] "GET /images/med_prod/1399984220368NN.jpg HTTP/1.0" 200 270 "-" "-"
52.167.144.204 - - [01/Oct/2023:00:44:36 +0200] "GET /postcard-with-envelope-cushion-p-48845.html HTTP/1.0" 200 76299 "-" "Mozilla/5.0 AppleWebKit/537.36 (KHTML, like Gecko; compatible; bingbot/2.0; +http://www.bing.com/bingbot.htm) Chrome/103.0.5060.134 Safari/537.36"
150.109.10.162 - - [01/Oct/2023:00:44:48 +0200] "GET /images/mini_prod/4029811320004.jpg HTTP/1.0" 200 269 "-" "Mozilla/5.0 (X11; Ubuntu; Linux x86_64; rv:72.0) Gecko/20100101 Firefox/72.0"
150.109.196.248 - - [01/Oct/2023:00:44:53 +0200] "GET /images/mini_prod/3612875118529.jpg HTTP/1.0" 200 269 "-" "Mozilla/5.0 (X11; Ubuntu; Linux x86_64; rv:72.0) Gecko/20100101 Firefox/72.0"
17.241.75.53 - - [01/Oct/2023:00:45:42 +0200] "GET /images/big_prod/8712159173208.jpg HTTP/1.0" 200 268 "-" "Mozilla/5.0 (Macintosh; Intel Mac OS X 10_15_5) AppleWebKit/605.1.15 (KHTML, like Gecko) Version/13.1.1 Safari/605.1.15 (Applebot/0.1; +http://www.apple.com/go/applebot)"
216.244.66.242 - - [01/Oct/2023:00:45:48 +0200] "GET /robots.txt HTTP/1.0" 200 245 "-" "Mozilla/5.0 (compatible; DotBot/1.2; +https://opensiteexplorer.org/dotbot; help@moz.com)"
66.249.66.205 - - [01/Oct/2023:00:46:31 +0200] "GET /johnny-hallyday-zippo-lighter-limited-p-49858.html HTTP/1.0" 301 73837 "-" "Mozilla/5.0 (Linux; Android 6.0.1; Nexus 5X Build/MMB29P) AppleWebKit/537.36 (KHTML, like Gecko) Chrome/117.0.5938.92 Mobile Safari/537.36 (compatible; Googlebot/2.1; +http://www.google.com/bot.html)"
66.249.66.206 - - [01/Oct/2023:00:46:32 +0200] "GET /-p-49858.html HTTP/1.0" 200 73770 "-" "Mozilla/5.0 (Linux; Android 6.0.1; Nexus 5X Build/MMB29P) AppleWebKit/537.36 (KHTML, like Gecko) Chrome/117.0.5938.92 Mobile Safari/537.36 (compatible; Googlebot/2.1; +http://www.google.com/bot.html)"
51.68.224.127 - - [01/Oct/2023:00:47:06 +0200] "GET /adminweb/export_orders_xml.php?token=256de2z6edz6ed2z6DFSFsed2zed6zeDSFDSGdzedezfzf&maxorders=10&orderstart=1&status=14&start_date=2018-10-01 HTTP/1.0" 200 285 "-" "GesCom CharlotteBoutik Serveur"
51.68.224.127 - - [01/Oct/2023:00:47:06 +0200] "GET /adminweb/export_orders_xml.php?token=256de2z6edz6ed2z6DFSFsed2zed6zeDSFDSGdzedezfzf&maxorders=10&orderstart=1&status=6&start_date=2018-10-01 HTTP/1.0" 200 33939 "-" "GesCom CharlotteBoutik Serveur"
66.249.66.205 - - [01/Oct/2023:00:49:01 +0200] "GET /cement-tile-stickers-15-15-cm-gray-p-45002.html HTTP/1.0" 301 77228 "-" "Mozilla/5.0 (compatible; Googlebot/2.1; +http://www.google.com/bot.html)"
66.249.66.205 - - [01/Oct/2023:00:49:03 +0200] "GET /cement-tile-stickers-gray-p-45002.html HTTP/1.0" 200 77136 "-" "Mozilla/5.0 (compatible; Googlebot/2.1; +http://www.google.com/bot.html)"
59.82.78.145 - - [01/Oct/2023:00:49:08 +0200] "GET /images/mini_prod/4025055184372.jpg HTTP/1.0" 200 269 "-" "Mozilla/5.0 (X11; Ubuntu; Linux x86_64; rv:72.0) Gecko/20100101 Firefox/72.0"
52.167.144.204 - - [01/Oct/2023:00:49:29 +0200] "GET /images/TROME3095.jpg HTTP/1.0" 200 255 "-" "Mozilla/5.0 AppleWebKit/537.36 (KHTML, like Gecko; compatible; bingbot/2.0; +http://www.bing.com/bingbot.htm) Chrome/103.0.5060.134 Safari/537.36"
66.249.66.207 - - [01/Oct/2023:00:50:20 +0200] "GET /natsuki-kimmidoll-swarovski-chain-bracelet-with-charm-p-15881.html HTTP/1.0" 200 76996 "-" "Mozilla/5.0 (Linux; Android 6.0.1; Nexus 5X Build/MMB29P) AppleWebKit/537.36 (KHTML, like Gecko) Chrome/117.0.5938.92 Mobile Safari/537.36 (compatible; Googlebot/2.1; +http://www.google.com/bot.html)"
66.249.66.206 - - [01/Oct/2023:00:51:31 +0200] "GET /cement-tile-stickers-15-15-cm-gray-p-45002.html HTTP/1.0" 301 77228 "-" "Mozilla/5.0 (Linux; Android 6.0.1; Nexus 5X Build/MMB29P) AppleWebKit/537.36 (KHTML, like Gecko) Chrome/117.0.5938.92 Mobile Safari/537.36 (compatible; Googlebot/2.1; +http://www.google.com/bot.html)"
66.249.66.207 - - [01/Oct/2023:00:51:32 +0200] "GET /cement-tile-stickers-gray-p-45002.html HTTP/1.0" 200 77136 "-" "Mozilla/5.0 (Linux; Android 6.0.1; Nexus 5X Build/MMB29P) AppleWebKit/537.36 (KHTML, like Gecko) Chrome/117.0.5938.92 Mobile Safari/537.36 (compatible; Googlebot/2.1; +http://www.google.com/bot.html)"
52.167.144.181 - - [01/Oct/2023:00:51:35 +0200] "GET /clocks-c-13_67.html?page=11 HTTP/1.0" 200 91176 "-" "Mozilla/5.0 AppleWebKit/537.36 (KHTML, like Gecko; compatible; bingbot/2.0; +http://www.bing.com/bingbot.htm) Chrome/103.0.5060.134 Safari/537.36"
17.241.75.75 - - [01/Oct/2023:00:52:00 +0200] "GET /images/big_prod_2/3660173243573C.jpg HTTP/1.0" 200 271 "-" "Mozilla/5.0 (Macintosh; Intel Mac OS X 10_15_5) AppleWebKit/605.1.15 (KHTML, like Gecko) Version/13.1.1 Safari/605.1.15 (Applebot/0.1; +http://www.apple.com/go/applebot)"
216.244.66.242 - - [01/Oct/2023:00:51:59 +0200] "GET /gorjuss-collection-wallet-secret-p-40498.html HTTP/1.0" 301 73837 "-" "Mozilla/5.0 (compatible; DotBot/1.2; +https://opensiteexplorer.org/dotbot; help@moz.com)"
216.244.66.242 - - [01/Oct/2023:00:52:13 +0200] "GET /cats-dubout-cotton-kitchen-towel-made-france-p-36634.html HTTP/1.0" 301 73837 "-" "Mozilla/5.0 (compatible; DotBot/1.2; +https://opensiteexplorer.org/dotbot; help@moz.com)"
182.22.30.11 - - [01/Oct/2023:00:52:48 +0200] "GET /images/mini_prod/8422017595645.jpg HTTP/1.0" 200 269 "-" "Mozilla/5.0 (compatible; Y!J-WSC/1.0; +https://yahoo.jp/3BSZgF)"
66.249.66.207 - - [01/Oct/2023:00:52:52 +0200] "GET /jane-crowther-squirrel-saucer-p-57971.html HTTP/1.0" 200 76938 "-" "Mozilla/5.0 (compatible; Googlebot/2.1; +http://www.google.com/bot.html)"
66.249.66.207 - - [01/Oct/2023:00:53:45 +0200] "GET /images/big_prod/4029811445820.jpg HTTP/1.0" 200 268 "-" "Googlebot-Image/1.0"
66.249.66.207 - - [01/Oct/2023:00:54:01 +0200] "GET /cotton-floor-cushion-londres-p-51083.html HTTP/1.0" 200 73868 "-" "Mozilla/5.0 (Linux; Android 6.0.1; Nexus 5X Build/MMB29P) AppleWebKit/537.36 (KHTML, like Gecko) Chrome/117.0.5938.92 Mobile Safari/537.36 (compatible; Googlebot/2.1; +http://www.google.com/bot.html)"
66.249.66.205 - - [01/Oct/2023:00:54:21 +0200] "GET /nici-snow-rabbit-wallet-p-33670.html HTTP/1.0" 200 76273 "-" "Mozilla/5.0 (Linux; Android 6.0.1; Nexus 5X Build/MMB29P) AppleWebKit/537.36 (KHTML, like Gecko) Chrome/117.0.5938.92 Mobile Safari/537.36 (compatible; Googlebot/2.1; +http://www.google.com/bot.html)"
169.228.63.97 - - [01/Oct/2023:00:55:23 +0200] "GET /images/mini_prod/1384010178843.jpg HTTP/1.0" 200 269 "-" "Mozilla/5.0 (X11; Ubuntu; Linux x86_64; rv:72.0) Gecko/20100101 Firefox/72.0"
47.128.29.245 - - [01/Oct/2023:00:55:27 +0200] "GET /-p-39854.html HTTP/1.0" 200 73770 "-" "Mozilla/5.0 (compatible; Bytespider; spider-feedback@bytedance.com) AppleWebKit/537.36 (KHTML, like Gecko) Chrome/70.0.0.0 Safari/537.36"
47.128.29.245 - - [01/Oct/2023:00:55:29 +0200] "GET /swfobject.js HTTP/1.0" 404 1308 "http://www.wonder-geek.com/-p-39854.html" "Mozilla/5.0 (compatible; Bytespider; spider-feedback@bytedance.com) AppleWebKit/537.36 (KHTML, like Gecko) Chrome/70.0.0.0 Safari/537.36"
47.128.51.238 - - [01/Oct/2023:00:55:31 +0200] "GET /coasters-c-12_157.html?page=1 HTTP/1.0" 200 95588 "-" "Mozilla/5.0 (compatible; Bytespider; spider-feedback@bytedance.com) AppleWebKit/537.36 (KHTML, like Gecko) Chrome/70.0.0.0 Safari/537.36"
47.128.51.238 - - [01/Oct/2023:00:55:33 +0200] "GET /swfobject.js HTTP/1.0" 404 1308 "http://www.wonder-geek.com/coasters-c-12_157.html?page=1" "Mozilla/5.0 (compatible; Bytespider; spider-feedback@bytedance.com) AppleWebKit/537.36 (KHTML, like Gecko) Chrome/70.0.0.0 Safari/537.36"
47.128.53.11 - - [01/Oct/2023:00:55:33 +0200] "GET /-p-48401.html HTTP/1.0" 200 73770 "-" "Mozilla/5.0 (compatible; Bytespider; spider-feedback@bytedance.com) AppleWebKit/537.36 (KHTML, like Gecko) Chrome/70.0.0.0 Safari/537.36"
47.128.29.245 - - [01/Oct/2023:00:55:35 +0200] "GET /highslide/graphics/outlines/drop-shadow.png HTTP/1.0" 200 277 "http://www.wonder-geek.com/-p-39854.html" "Mozilla/5.0 (compatible; Bytespider; spider-feedback@bytedance.com) AppleWebKit/537.36 (KHTML, like Gecko) Chrome/70.0.0.0 Safari/537.36"
47.128.29.245 - - [01/Oct/2023:00:55:35 +0200] "GET /highslide/graphics/zoomout.cur HTTP/1.0" 200 614 "http://www.wonder-geek.com/-p-39854.html" "Mozilla/5.0 (compatible; Bytespider; spider-feedback@bytedance.com) AppleWebKit/537.36 (KHTML, like Gecko) Chrome/70.0.0.0 Safari/537.36"
47.128.53.11 - - [01/Oct/2023:00:55:36 +0200] "GET /swfobject.js HTTP/1.0" 404 1308 "http://www.wonder-geek.com/-p-48401.html" "Mozilla/5.0 (compatible; Bytespider; spider-feedback@bytedance.com) AppleWebKit/537.36 (KHTML, like Gecko) Chrome/70.0.0.0 Safari/537.36"
47.128.63.131 - - [01/Oct/2023:00:55:36 +0200] "GET /glasses-case-c-31_164.html?page=2 HTTP/1.0" 200 93835 "-" "Mozilla/5.0 (compatible; Bytespider; spider-feedback@bytedance.com) AppleWebKit/537.36 (KHTML, like Gecko) Chrome/70.0.0.0 Safari/537.36"
47.128.63.131 - - [01/Oct/2023:00:55:38 +0200] "GET /swfobject.js HTTP/1.0" 404 1308 "http://www.wonder-geek.com/glasses-case-c-31_164.html?page=2" "Mozilla/5.0 (compatible; Bytespider; spider-feedback@bytedance.com) AppleWebKit/537.36 (KHTML, like Gecko) Chrome/70.0.0.0 Safari/537.36"
47.128.39.183 - - [01/Oct/2023:00:55:39 +0200] "GET /-p-42320.html HTTP/1.0" 200 73770 "-" "Mozilla/5.0 (compatible; Bytespider; spider-feedback@bytedance.com) AppleWebKit/537.36 (KHTML, like Gecko) Chrome/70.0.0.0 Safari/537.36"
47.128.53.11 - - [01/Oct/2023:00:55:41 +0200] "GET /highslide/graphics/zoomout.cur HTTP/1.0" 200 614 "http://www.wonder-geek.com/-p-48401.html" "Mozilla/5.0 (compatible; Bytespider; spider-feedback@bytedance.com) AppleWebKit/537.36 (KHTML, like Gecko) Chrome/70.0.0.0 Safari/537.36"
47.128.53.11 - - [01/Oct/2023:00:55:41 +0200] "GET /highslide/graphics/outlines/drop-shadow.png HTTP/1.0" 200 277 "http://www.wonder-geek.com/-p-48401.html" "Mozilla/5.0 (compatible; Bytespider; spider-feedback@bytedance.com) AppleWebKit/537.36 (KHTML, like Gecko) Chrome/70.0.0.0 Safari/537.36"
47.128.39.183 - - [01/Oct/2023:00:55:41 +0200] "GET /swfobject.js HTTP/1.0" 404 1308 "http://www.wonder-geek.com/-p-42320.html" "Mozilla/5.0 (compatible; Bytespider; spider-feedback@bytedance.com) AppleWebKit/537.36 (KHTML, like Gecko) Chrome/70.0.0.0 Safari/537.36"
150.109.10.162 - - [01/Oct/2023:00:55:41 +0200] "GET /images/mini_prod/1384010204221.jpg HTTP/1.0" 200 269 "-" "Mozilla/5.0 (X11; Ubuntu; Linux x86_64; rv:72.0) Gecko/20100101 Firefox/72.0"
47.128.51.238 - - [01/Oct/2023:00:55:43 +0200] "GET /js/jquery.min.js HTTP/1.0" 404 1308 "http://www.wonder-geek.com/coasters-c-12_157.html?page=1" "Mozilla/5.0 (compatible; Bytespider; spider-feedback@bytedance.com) AppleWebKit/537.36 (KHTML, like Gecko) Chrome/70.0.0.0 Safari/537.36"
47.128.51.238 - - [01/Oct/2023:00:55:43 +0200] "GET /highslide/graphics/outlines/drop-shadow.png HTTP/1.0" 200 277 "http://www.wonder-geek.com/coasters-c-12_157.html?page=1" "Mozilla/5.0 (compatible; Bytespider; spider-feedback@bytedance.com) AppleWebKit/537.36 (KHTML, like Gecko) Chrome/70.0.0.0 Safari/537.36"
47.128.51.238 - - [01/Oct/2023:00:55:43 +0200] "GET /highslide/graphics/zoomout.cur HTTP/1.0" 200 614 "http://www.wonder-geek.com/coasters-c-12_157.html?page=1" "Mozilla/5.0 (compatible; Bytespider; spider-feedback@bytedance.com) AppleWebKit/537.36 (KHTML, like Gecko) Chrome/70.0.0.0 Safari/537.36"
47.128.39.183 - - [01/Oct/2023:00:55:46 +0200] "GET /highslide/graphics/outlines/drop-shadow.png HTTP/1.0" 200 277 "http://www.wonder-geek.com/-p-42320.html" "Mozilla/5.0 (compatible; Bytespider; spider-feedback@bytedance.com) AppleWebKit/537.36 (KHTML, like Gecko) Chrome/70.0.0.0 Safari/537.36"
47.128.39.183 - - [01/Oct/2023:00:55:46 +0200] "GET /highslide/graphics/zoomout.cur HTTP/1.0" 200 614 "http://www.wonder-geek.com/-p-42320.html" "Mozilla/5.0 (compatible; Bytespider; spider-feedback@bytedance.com) AppleWebKit/537.36 (KHTML, like Gecko) Chrome/70.0.0.0 Safari/537.36"
47.128.63.131 - - [01/Oct/2023:00:55:47 +0200] "GET /js/jquery.min.js HTTP/1.0" 404 1308 "http://www.wonder-geek.com/glasses-case-c-31_164.html?page=2" "Mozilla/5.0 (compatible; Bytespider; spider-feedback@bytedance.com) AppleWebKit/537.36 (KHTML, like Gecko) Chrome/70.0.0.0 Safari/537.36"
47.128.63.131 - - [01/Oct/2023:00:55:48 +0200] "GET /highslide/graphics/outlines/drop-shadow.png HTTP/1.0" 200 277 "http://www.wonder-geek.com/glasses-case-c-31_164.html?page=2" "Mozilla/5.0 (compatible; Bytespider; spider-feedback@bytedance.com) AppleWebKit/537.36 (KHTML, like Gecko) Chrome/70.0.0.0 Safari/537.36"
47.128.63.131 - - [01/Oct/2023:00:55:48 +0200] "GET /highslide/graphics/zoomout.cur HTTP/1.0" 200 614 "http://www.wonder-geek.com/glasses-case-c-31_164.html?page=2" "Mozilla/5.0 (compatible; Bytespider; spider-feedback@bytedance.com) AppleWebKit/537.36 (KHTML, like Gecko) Chrome/70.0.0.0 Safari/537.36"
216.244.66.242 - - [01/Oct/2023:00:56:21 +0200] "GET /spiderman-p-28172.html HTTP/1.0" 301 73837 "-" "Mozilla/5.0 (compatible; DotBot/1.2; +https://opensiteexplorer.org/dotbot; help@moz.com)"
66.249.66.206 - - [01/Oct/2023:00:56:31 +0200] "GET /fragrances-ambiance-c-231.html?page=27 HTTP/1.0" 200 97235 "-" "Mozilla/5.0 (Linux; Android 6.0.1; Nexus 5X Build/MMB29P) AppleWebKit/537.36 (KHTML, like Gecko) Chrome/117.0.5938.92 Mobile Safari/537.36 (compatible; Googlebot/2.1; +http://www.google.com/bot.html)"
150.109.10.162 - - [01/Oct/2023:00:56:38 +0200] "GET /images/mini_prod/8435306290718.jpg HTTP/1.0" 200 269 "-" "Mozilla/5.0 (X11; Ubuntu; Linux x86_64; rv:72.0) Gecko/20100101 Firefox/72.0"
216.244.66.242 - - [01/Oct/2023:00:56:58 +0200] "GET /bcassine-trivet-p-28599.html HTTP/1.0" 301 73837 "-" "Mozilla/5.0 (compatible; DotBot/1.2; +https://opensiteexplorer.org/dotbot; help@moz.com)"
216.244.66.242 - - [01/Oct/2023:00:57:11 +0200] "GET /elmer-kids-school-p-18263.html HTTP/1.0" 301 73837 "-" "Mozilla/5.0 (compatible; DotBot/1.2; +https://opensiteexplorer.org/dotbot; help@moz.com)"
216.244.66.242 - - [01/Oct/2023:00:57:22 +0200] "GET /jeans-blue-backpack-laptop-p-35999.html HTTP/1.0" 301 73837 "-" "Mozilla/5.0 (compatible; DotBot/1.2; +https://opensiteexplorer.org/dotbot; help@moz.com)"
216.244.66.242 - - [01/Oct/2023:00:57:32 +0200] "GET /joyeux-anniversaire-card-p-20022.html HTTP/1.0" 301 73837 "-" "Mozilla/5.0 (compatible; DotBot/1.2; +https://opensiteexplorer.org/dotbot; help@moz.com)"
216.244.66.242 - - [01/Oct/2023:00:57:40 +0200] "GET /kimmidoll-keyring-megumi-p-39955.html HTTP/1.0" 200 73860 "-" "Mozilla/5.0 (compatible; DotBot/1.2; +https://opensiteexplorer.org/dotbot; help@moz.com)"
216.244.66.242 - - [01/Oct/2023:00:57:48 +0200] "GET /lego-cones-yellow-storage-box-p-32577.html HTTP/1.0" 301 73837 "-" "Mozilla/5.0 (compatible; DotBot/1.2; +https://opensiteexplorer.org/dotbot; help@moz.com)"
216.244.66.242 - - [01/Oct/2023:00:57:54 +0200] "GET /little-pony-pencil-case-p-41079.html HTTP/1.0" 301 73837 "-" "Mozilla/5.0 (compatible; DotBot/1.2; +https://opensiteexplorer.org/dotbot; help@moz.com)"
216.244.66.242 - - [01/Oct/2023:00:58:03 +0200] "GET /little-toiletry-bag-p-43407.html HTTP/1.0" 301 73910 "-" "Mozilla/5.0 (compatible; DotBot/1.2; +https://opensiteexplorer.org/dotbot; help@moz.com)"
216.244.66.242 - - [01/Oct/2023:00:58:16 +0200] "GET /little-toiletry-bag-p-43413.html HTTP/1.0" 301 73910 "-" "Mozilla/5.0 (compatible; DotBot/1.2; +https://opensiteexplorer.org/dotbot; help@moz.com)"
216.244.66.242 - - [01/Oct/2023:00:58:27 +0200] "GET /mani-the-lucky-cat-gold-11-cm-p-39925.html HTTP/1.0" 301 73837 "-" "Mozilla/5.0 (compatible; DotBot/1.2; +https://opensiteexplorer.org/dotbot; help@moz.com)"
216.244.66.242 - - [01/Oct/2023:00:58:41 +0200] "GET /metal-plate-20-15-cm-p-41516.html HTTP/1.0" 301 73927 "-" "Mozilla/5.0 (compatible; DotBot/1.2; +https://opensiteexplorer.org/dotbot; help@moz.com)"
216.244.66.242 - - [01/Oct/2023:00:58:52 +0200] "GET /mickey-mouse-comics-vintage-suitcase-p-34774.html HTTP/1.0" 200 73941 "-" "Mozilla/5.0 (compatible; DotBot/1.2; +https://opensiteexplorer.org/dotbot; help@moz.com)"
216.244.66.242 - - [01/Oct/2023:00:59:01 +0200] "GET /mickey-mouse-disney-backpack-p-31284.html HTTP/1.0" 301 73837 "-" "Mozilla/5.0 (compatible; DotBot/1.2; +https://opensiteexplorer.org/dotbot; help@moz.com)"
66.249.66.206 - - [01/Oct/2023:00:59:02 +0200] "GET /shell-collection-large-metal-plate-deco-p-37113.html HTTP/1.0" 200 76296 "-" "Mozilla/5.0 (Linux; Android 6.0.1; Nexus 5X Build/MMB29P) AppleWebKit/537.36 (KHTML, like Gecko) Chrome/117.0.5938.92 Mobile Safari/537.36 (compatible; Googlebot/2.1; +http://www.google.com/bot.html)"
216.244.66.242 - - [01/Oct/2023:00:59:16 +0200] "GET /mickey-orange-sweater-p-31325.html HTTP/1.0" 301 73837 "-" "Mozilla/5.0 (compatible; DotBot/1.2; +https://opensiteexplorer.org/dotbot; help@moz.com)"
17.241.227.232 - - [01/Oct/2023:00:59:18 +0200] "GET /images/big_prod_3/8712159173208B.jpg HTTP/1.0" 200 271 "-" "Mozilla/5.0 (Macintosh; Intel Mac OS X 10_15_5) AppleWebKit/605.1.15 (KHTML, like Gecko) Version/13.1.1 Safari/605.1.15 (Applebot/0.1; +http://www.apple.com/go/applebot)"
216.244.66.242 - - [01/Oct/2023:00:59:43 +0200] "GET /minions-pencil-pot-p-33075.html HTTP/1.0" 301 73837 "-" "Mozilla/5.0 (compatible; DotBot/1.2; +https://opensiteexplorer.org/dotbot; help@moz.com)"
216.244.66.242 - - [01/Oct/2023:01:00:07 +0200] "GET /monster-high-black-skull-mug-p-17816.html HTTP/1.0" 301 73837 "-" "Mozilla/5.0 (compatible; DotBot/1.2; +https://opensiteexplorer.org/dotbot; help@moz.com)"
66.249.66.205 - - [01/Oct/2023:01:00:13 +0200] "GET /black-mustache-circle-coasters-cbkreation-p-16702.html HTTP/1.0" 200 76390 "-" "Mozilla/5.0 (Linux; Android 6.0.1; Nexus 5X Build/MMB29P) AppleWebKit/537.36 (KHTML, like Gecko) Chrome/117.0.5938.92 Mobile Safari/537.36 (compatible; Googlebot/2.1; +http://www.google.com/bot.html)"
216.244.66.242 - - [01/Oct/2023:01:00:31 +0200] "GET /mr-mustache-magnetic-clock-p-17302.html HTTP/1.0" 301 73837 "-" "Mozilla/5.0 (compatible; DotBot/1.2; +https://opensiteexplorer.org/dotbot; help@moz.com)"
216.244.66.242 - - [01/Oct/2023:01:00:53 +0200] "GET /nici-bubble-bunny-keyring-plush-p-35196.html HTTP/1.0" 301 73837 "-" "Mozilla/5.0 (compatible; DotBot/1.2; +https://opensiteexplorer.org/dotbot; help@moz.com)"
216.244.66.242 - - [01/Oct/2023:01:01:14 +0200] "GET /old-tape-player-metal-clock-p-47985.html HTTP/1.0" 301 73950 "-" "Mozilla/5.0 (compatible; DotBot/1.2; +https://opensiteexplorer.org/dotbot; help@moz.com)"
119.28.111.11 - - [01/Oct/2023:01:01:26 +0200] "GET /images/mini_prod/1300000022545.jpg HTTP/1.0" 200 269 "-" "Mozilla/5.0 (X11; Ubuntu; Linux x86_64; rv:72.0) Gecko/20100101 Firefox/72.0"
66.249.66.205 - - [01/Oct/2023:01:01:31 +0200] "GET /cotton-floor-cushion-londres-p-51083.html HTTP/1.0" 200 73868 "-" "Mozilla/5.0 (compatible; Googlebot/2.1; +http://www.google.com/bot.html)"
216.244.66.242 - - [01/Oct/2023:01:01:35 +0200] "GET /owl-set-cup-and-teapot-p-42246.html HTTP/1.0" 301 73837 "-" "Mozilla/5.0 (compatible; DotBot/1.2; +https://opensiteexplorer.org/dotbot; help@moz.com)"
216.244.66.242 - - [01/Oct/2023:01:01:55 +0200] "GET /paris-ground-sheet-45-75-cm-p-36560.html HTTP/1.0" 301 73837 "-" "Mozilla/5.0 (compatible; DotBot/1.2; +https://opensiteexplorer.org/dotbot; help@moz.com)"
216.244.66.242 - - [01/Oct/2023:01:02:12 +0200] "GET /poetic-set-cups-espresso-p-45269.html HTTP/1.0" 301 76212 "-" "Mozilla/5.0 (compatible; DotBot/1.2; +https://opensiteexplorer.org/dotbot; help@moz.com)"
47.245.90.146 - - [01/Oct/2023:01:02:14 +0200] "GET /images/mini_prod/1399984259825.jpg HTTP/1.0" 200 269 "-" "python-requests/2.31.0"
34.73.206.133 - - [01/Oct/2023:01:02:22 +0200] "GET /adaptable-decorative-caps-c-12_249.html HTTP/1.0" 200 82377 "-" "ZoominfoBot (zoominfobot at zoominfo dot com)"
119.28.111.11 - - [01/Oct/2023:01:02:24 +0200] "GET /images/mini_prod/1399984239810.jpg HTTP/1.0" 200 269 "-" "Mozilla/5.0 (X11; Ubuntu; Linux x86_64; rv:72.0) Gecko/20100101 Firefox/72.0"
216.244.66.242 - - [01/Oct/2023:01:02:29 +0200] "GET /potholder-and-glove-set-p-51738.html HTTP/1.0" 301 76225 "-" "Mozilla/5.0 (compatible; DotBot/1.2; +https://opensiteexplorer.org/dotbot; help@moz.com)"
69.28.236.4 - - [01/Oct/2023:01:02:36 +0200] "GET /images/mini_prod/MUG-BLC-POLAROID.jpg HTTP/1.0" 200 272 "-" "Mozilla/5.0 (X11; Ubuntu; Linux x86_64; rv:72.0) Gecko/20100101 Firefox/72.0"
216.244.66.242 - - [01/Oct/2023:01:02:45 +0200] "GET /retro-metal-and-wood-lantern-p-45403.html HTTP/1.0" 301 73837 "-" "Mozilla/5.0 (compatible; DotBot/1.2; +https://opensiteexplorer.org/dotbot; help@moz.com)"
216.244.66.242 - - [01/Oct/2023:01:02:59 +0200] "GET /scented-candles-and-novenas-c-13_227.html HTTP/1.0" 301 96718 "-" "Mozilla/5.0 (compatible; DotBot/1.2; +https://opensiteexplorer.org/dotbot; help@moz.com)"
216.244.66.242 - - [01/Oct/2023:01:03:18 +0200] "GET /simpsons-coasters-p-27546.html HTTP/1.0" 301 73837 "-" "Mozilla/5.0 (compatible; DotBot/1.2; +https://opensiteexplorer.org/dotbot; help@moz.com)"
51.68.224.127 - - [01/Oct/2023:01:03:25 +0200] "GET /adminweb/export_orders_xml.php?token=256de2z6edz6ed2z6DFSFsed2zed6zeDSFDSGdzedezfzf&maxorders=10&orderstart=1&status=14&start_date=2018-10-01 HTTP/1.0" 200 285 "-" "GesCom CharlotteBoutik Serveur"
51.68.224.127 - - [01/Oct/2023:01:03:25 +0200] "GET /adminweb/export_orders_xml.php?token=256de2z6edz6ed2z6DFSFsed2zed6zeDSFDSGdzedezfzf&maxorders=10&orderstart=1&status=6&start_date=2018-10-01 HTTP/1.0" 200 33939 "-" "GesCom CharlotteBoutik Serveur"
216.244.66.242 - - [01/Oct/2023:01:03:34 +0200] "GET /the-little-prince-lunch-box-p-30326.html HTTP/1.0" 301 73957 "-" "Mozilla/5.0 (compatible; DotBot/1.2; +https://opensiteexplorer.org/dotbot; help@moz.com)"
216.244.66.242 - - [01/Oct/2023:01:03:49 +0200] "GET /usa-money-box-by-cbkreation-p-23999.html HTTP/1.0" 301 76237 "-" "Mozilla/5.0 (compatible; DotBot/1.2; +https://opensiteexplorer.org/dotbot; help@moz.com)"
66.249.66.205 - - [01/Oct/2023:01:04:01 +0200] "GET /mani-the-lucky-cat-glasses-case-p-47577.html HTTP/1.0" 301 73958 "-" "Mozilla/5.0 (compatible; Googlebot/2.1; +http://www.google.com/bot.html)"
66.249.66.205 - - [01/Oct/2023:01:04:03 +0200] "GET /mani-lucky-glasses-case-p-47577.html HTTP/1.0" 200 73868 "-" "Mozilla/5.0 (compatible; Googlebot/2.1; +http://www.google.com/bot.html)"
216.244.66.242 - - [01/Oct/2023:01:04:03 +0200] "GET /venetian-mural-mask-il-pavone-p-50854.html HTTP/1.0" 301 73967 "-" "Mozilla/5.0 (compatible; DotBot/1.2; +https://opensiteexplorer.org/dotbot; help@moz.com)"
216.244.66.242 - - [01/Oct/2023:01:04:23 +0200] "GET /wax-melt-violet-moon-p-42621.html HTTP/1.0" 301 73942 "-" "Mozilla/5.0 (compatible; DotBot/1.2; +https://opensiteexplorer.org/dotbot; help@moz.com)"
216.244.66.242 - - [01/Oct/2023:01:04:39 +0200] "GET /white-gold-lampshade-p-55698.html HTTP/1.0" 200 73848 "-" "Mozilla/5.0 (compatible; DotBot/1.2; +https://opensiteexplorer.org/dotbot; help@moz.com)"
216.244.66.242 - - [01/Oct/2023:01:04:55 +0200] "GET /wooden-tray-35-cm-blue-p-41927.html HTTP/1.0" 301 73837 "-" "Mozilla/5.0 (compatible; DotBot/1.2; +https://opensiteexplorer.org/dotbot; help@moz.com)"
150.109.196.248 - - [01/Oct/2023:01:05:06 +0200] "GET /images/big_prod_1/housse-de-coussin-prelude-30x50-cm.jpg HTTP/1.0" 200 291 "-" "Mozilla/5.0 (X11; Ubuntu; Linux x86_64; rv:72.0) Gecko/20100101 Firefox/72.0"
54.36.148.91 - - [01/Oct/2023:01:05:15 +0200] "GET / HTTP/1.0" 200 154470 "-" "Mozilla/5.0 (compatible; AhrefsBot/7.0; +http://ahrefs.com/robot/)"
216.244.66.242 - - [01/Oct/2023:01:05:22 +0200] "GET /bamboo-cutting-board-les-vilaines-filles-p-49585.html HTTP/1.0" 301 76359 "-" "Mozilla/5.0 (compatible; DotBot/1.2; +https://opensiteexplorer.org/dotbot; help@moz.com)"
54.36.148.2 - - [01/Oct/2023:01:05:26 +0200] "GET /images/mini_prod/8445146675002.jpg HTTP/1.0" 200 269 "-" "Mozilla/5.0 (compatible; AhrefsBot/7.0; +http://ahrefs.com/robot/)"
54.36.148.228 - - [01/Oct/2023:01:05:26 +0200] "GET /images/mini_prod/8445146106834.jpg HTTP/1.0" 200 269 "-" "Mozilla/5.0 (compatible; AhrefsBot/7.0; +http://ahrefs.com/robot/)"
54.36.148.207 - - [01/Oct/2023:01:05:26 +0200] "GET /images/mini_prod/8712159189421.jpg HTTP/1.0" 200 269 "-" "Mozilla/5.0 (compatible; AhrefsBot/7.0; +http://ahrefs.com/robot/)"
54.36.148.115 - - [01/Oct/2023:01:05:27 +0200] "GET /images/mini_prod/8712159187182.jpg HTTP/1.0" 200 269 "-" "Mozilla/5.0 (compatible; AhrefsBot/7.0; +http://ahrefs.com/robot/)"
54.36.148.90 - - [01/Oct/2023:01:05:28 +0200] "GET /images/mini_prod/8712159187397.jpg HTTP/1.0" 200 269 "-" "Mozilla/5.0 (compatible; AhrefsBot/7.0; +http://ahrefs.com/robot/)"
54.36.148.60 - - [01/Oct/2023:01:05:29 +0200] "GET /images/mini_prod/8422083251100.jpg HTTP/1.0" 200 269 "-" "Mozilla/5.0 (compatible; AhrefsBot/7.0; +http://ahrefs.com/robot/)"
54.36.149.104 - - [01/Oct/2023:01:05:30 +0200] "GET /images/mini_prod/3665269245097.jpg HTTP/1.0" 200 269 "-" "Mozilla/5.0 (compatible; AhrefsBot/7.0; +http://ahrefs.com/robot/)"
54.36.149.53 - - [01/Oct/2023:01:05:30 +0200] "GET /images/mini_prod/8712159192001.jpg HTTP/1.0" 200 269 "-" "Mozilla/5.0 (compatible; AhrefsBot/7.0; +http://ahrefs.com/robot/)"
54.36.148.180 - - [01/Oct/2023:01:05:31 +0200] "GET /images/mini_prod/8445146097989.jpg HTTP/1.0" 200 269 "-" "Mozilla/5.0 (compatible; AhrefsBot/7.0; +http://ahrefs.com/robot/)"
54.36.148.118 - - [01/Oct/2023:01:05:32 +0200] "GET /images/mini_prod/87121591891684.jpg HTTP/1.0" 200 270 "-" "Mozilla/5.0 (compatible; AhrefsBot/7.0; +http://ahrefs.com/robot/)"
54.36.148.248 - - [01/Oct/2023:01:05:32 +0200] "GET /images/mini_prod/8712159180367.jpg HTTP/1.0" 200 269 "-" "Mozilla/5.0 (compatible; AhrefsBot/7.0; +http://ahrefs.com/robot/)"
54.36.148.83 - - [01/Oct/2023:01:05:32 +0200] "GET /images/mini_prod/8445148047807.jpg HTTP/1.0" 200 269 "-" "Mozilla/5.0 (compatible; AhrefsBot/7.0; +http://ahrefs.com/robot/)"
54.36.148.18 - - [01/Oct/2023:01:05:33 +0200] "GET /images/mini_prod/8712159180749.jpg HTTP/1.0" 200 269 "-" "Mozilla/5.0 (compatible; AhrefsBot/7.0; +http://ahrefs.com/robot/)"
54.36.149.92 - - [01/Oct/2023:01:05:33 +0200] "GET /images/mini_prod/8445146076403N.jpg HTTP/1.0" 200 270 "-" "Mozilla/5.0 (compatible; AhrefsBot/7.0; +http://ahrefs.com/robot/)"
54.36.148.9 - - [01/Oct/2023:01:05:33 +0200] "GET /images/mini_prod/8712159191356.jpg HTTP/1.0" 200 269 "-" "Mozilla/5.0 (compatible; AhrefsBot/7.0; +http://ahrefs.com/robot/)"
54.36.149.62 - - [01/Oct/2023:01:05:33 +0200] "GET /images/mini_prod/8445146094018.jpg HTTP/1.0" 200 269 "-" "Mozilla/5.0 (compatible; AhrefsBot/7.0; +http://ahrefs.com/robot/)"
54.36.148.134 - - [01/Oct/2023:01:05:33 +0200] "GET /images/mini_prod/8422046184643.jpg HTTP/1.0" 200 269 "-" "Mozilla/5.0 (compatible; AhrefsBot/7.0; +http://ahrefs.com/robot/)"
216.244.66.242 - - [01/Oct/2023:01:05:46 +0200] "GET /beautiful-babushka-by-kimmidoll-red-magnet-p-33211.html HTTP/1.0" 301 74059 "-" "Mozilla/5.0 (compatible; DotBot/1.2; +https://opensiteexplorer.org/dotbot; help@moz.com)"
66.249.66.206 - - [01/Oct/2023:01:06:04 +0200] "GET /oven-mitt-robin-family-p-58540.html HTTP/1.0" 200 76822 "-" "Mozilla/5.0 (compatible; Googlebot/2.1; +http://www.google.com/bot.html)"
216.244.66.242 - - [01/Oct/2023:01:06:08 +0200] "GET /corsica-visa-vintage-poster-30-40-cm-p-44870.html HTTP/1.0" 301 73837 "-" "Mozilla/5.0 (compatible; DotBot/1.2; +https://opensiteexplorer.org/dotbot; help@moz.com)"
216.244.66.242 - - [01/Oct/2023:01:06:29 +0200] "GET /decoration-and-protection-of-animal-iphone-cable-p-47288.html HTTP/1.0" 301 74046 "-" "Mozilla/5.0 (compatible; DotBot/1.2; +https://opensiteexplorer.org/dotbot; help@moz.com)"
66.249.66.205 - - [01/Oct/2023:01:06:31 +0200] "GET /mani-the-lucky-cat-glasses-case-p-47577.html HTTP/1.0" 301 73958 "-" "Mozilla/5.0 (Linux; Android 6.0.1; Nexus 5X Build/MMB29P) AppleWebKit/537.36 (KHTML, like Gecko) Chrome/117.0.5938.92 Mobile Safari/537.36 (compatible; Googlebot/2.1; +http://www.google.com/bot.html)"
66.249.66.205 - - [01/Oct/2023:01:06:32 +0200] "GET /mani-lucky-glasses-case-p-47577.html HTTP/1.0" 200 73868 "-" "Mozilla/5.0 (Linux; Android 6.0.1; Nexus 5X Build/MMB29P) AppleWebKit/537.36 (KHTML, like Gecko) Chrome/117.0.5938.92 Mobile Safari/537.36 (compatible; Googlebot/2.1; +http://www.google.com/bot.html)"
216.244.66.242 - - [01/Oct/2023:01:06:50 +0200] "GET /decoration-the-african-water-carrier-p-50858.html HTTP/1.0" 301 73995 "-" "Mozilla/5.0 (compatible; DotBot/1.2; +https://opensiteexplorer.org/dotbot; help@moz.com)"
216.244.66.242 - - [01/Oct/2023:01:07:09 +0200] "GET /embossed-metal-frame-motorcycle-80-58-cm-p-37511.html HTTP/1.0" 301 73837 "-" "Mozilla/5.0 (compatible; DotBot/1.2; +https://opensiteexplorer.org/dotbot; help@moz.com)"
216.244.66.242 - - [01/Oct/2023:01:07:29 +0200] "GET /gorjuss-chronicles-tall-jotter-found-my-family-in-book-p-38211.html HTTP/1.0" 301 73837 "-" "Mozilla/5.0 (compatible; DotBot/1.2; +https://opensiteexplorer.org/dotbot; help@moz.com)"
216.244.66.242 - - [01/Oct/2023:01:07:49 +0200] "GET /grey-and-turquoise-bedclothes-260-240-cm-p-36437.html HTTP/1.0" 301 73837 "-" "Mozilla/5.0 (compatible; DotBot/1.2; +https://opensiteexplorer.org/dotbot; help@moz.com)"
216.244.66.242 - - [01/Oct/2023:01:08:08 +0200] "GET /happy-hour-decorative-metal-plate-20-50-cm-p-47950.html HTTP/1.0" 301 73993 "-" "Mozilla/5.0 (compatible; DotBot/1.2; +https://opensiteexplorer.org/dotbot; help@moz.com)"
17.241.75.107 - - [01/Oct/2023:01:08:12 +0200] "GET /images/big_prod_1/5415203980106B.jpg HTTP/1.0" 200 271 "-" "Mozilla/5.0 (Macintosh; Intel Mac OS X 10_15_5) AppleWebKit/605.1.15 (KHTML, like Gecko) Version/13.1.1 Safari/605.1.15 (Applebot/0.1; +http://www.apple.com/go/applebot)"
119.28.111.11 - - [01/Oct/2023:01:08:27 +0200] "GET /images/mini_prod/1399984242544.jpg HTTP/1.0" 200 269 "-" "Mozilla/5.0 (X11; Ubuntu; Linux x86_64; rv:72.0) Gecko/20100101 Firefox/72.0"
216.244.66.242 - - [01/Oct/2023:01:08:26 +0200] "GET /jamaican-cover-for-ipad-cbkreation-p-14673.html HTTP/1.0" 301 73837 "-" "Mozilla/5.0 (compatible; DotBot/1.2; +https://opensiteexplorer.org/dotbot; help@moz.com)"
216.244.66.242 - - [01/Oct/2023:01:08:41 +0200] "GET /japanese-crane-velvet-cushion-40-40-cm-p-49132.html HTTP/1.0" 301 73837 "-" "Mozilla/5.0 (compatible; DotBot/1.2; +https://opensiteexplorer.org/dotbot; help@moz.com)"
216.244.66.242 - - [01/Oct/2023:01:08:56 +0200] "GET /love-nature-design-ground-sheet-45-75-cm-p-36886.html HTTP/1.0" 301 73837 "-" "Mozilla/5.0 (compatible; DotBot/1.2; +https://opensiteexplorer.org/dotbot; help@moz.com)"
66.249.66.205 - - [01/Oct/2023:01:09:04 +0200] "GET /js/jquery.min.js HTTP/1.0" 404 1308 "http://www.wonder-geek.com/towel-dispenser-c-12_225.html" "Mozilla/5.0 AppleWebKit/537.36 (KHTML, like Gecko; compatible; Googlebot/2.1; +http://www.google.com/bot.html) Chrome/117.0.5938.92 Safari/537.36"
216.244.66.242 - - [01/Oct/2023:01:09:10 +0200] "GET /merci-gustave-paris-so-chic-espresso-cup-p-49661.html HTTP/1.0" 301 74006 "-" "Mozilla/5.0 (compatible; DotBot/1.2; +https://opensiteexplorer.org/dotbot; help@moz.com)"
216.244.66.242 - - [01/Oct/2023:01:09:24 +0200] "GET /nici-snow-rabbit-lying-plush-50-cm-p-33402.html HTTP/1.0" 301 73979 "-" "Mozilla/5.0 (compatible; DotBot/1.2; +https://opensiteexplorer.org/dotbot; help@moz.com)"
150.109.10.162 - - [01/Oct/2023:01:09:36 +0200] "GET /images/mini_prod/3565750042054.jpg HTTP/1.0" 200 269 "-" "Mozilla/5.0 (X11; Ubuntu; Linux x86_64; rv:72.0) Gecko/20100101 Firefox/72.0"
216.244.66.242 - - [01/Oct/2023:01:09:38 +0200] "GET /nici-sweet-hearts-pink-turtle-plush-25-cm-p-35179.html HTTP/1.0" 301 74014 "-" "Mozilla/5.0 (compatible; DotBot/1.2; +https://opensiteexplorer.org/dotbot; help@moz.com)"
216.244.66.242 - - [01/Oct/2023:01:09:50 +0200] "GET /pin-up-wine-diva-metal-plate-deco-p-34294.html HTTP/1.0" 301 74005 "-" "Mozilla/5.0 (compatible; DotBot/1.2; +https://opensiteexplorer.org/dotbot; help@moz.com)"
216.244.66.242 - - [01/Oct/2023:01:10:01 +0200] "GET /purple-small-box-for-baby-teeth-snow-ball-p-36483.html HTTP/1.0" 301 73837 "-" "Mozilla/5.0 (compatible; DotBot/1.2; +https://opensiteexplorer.org/dotbot; help@moz.com)"
17.241.227.113 - - [01/Oct/2023:01:10:04 +0200] "GET /images/big_prod_2/8712159173208b.jpg HTTP/1.0" 200 271 "-" "Mozilla/5.0 (Macintosh; Intel Mac OS X 10_15_5) AppleWebKit/605.1.15 (KHTML, like Gecko) Version/13.1.1 Safari/605.1.15 (Applebot/0.1; +http://www.apple.com/go/applebot)"
59.82.78.245 - - [01/Oct/2023:01:10:04 +0200] "GET /images/mini_prod/3612875124919.jpg HTTP/1.0" 200 269 "-" "Mozilla/5.0 (X11; Ubuntu; Linux x86_64; rv:72.0) Gecko/20100101 Firefox/72.0"
216.244.66.242 - - [01/Oct/2023:01:10:11 +0200] "GET /pusheenicorn-the-grey-cat-soft-toy-24-cm-p-33756.html HTTP/1.0" 301 73837 "-" "Mozilla/5.0 (compatible; DotBot/1.2; +https://opensiteexplorer.org/dotbot; help@moz.com)"
216.244.66.242 - - [01/Oct/2023:01:10:23 +0200] "GET /removable-red-cushion-beast-40-cm-p-45393.html HTTP/1.0" 301 73962 "-" "Mozilla/5.0 (compatible; DotBot/1.2; +https://opensiteexplorer.org/dotbot; help@moz.com)"
216.244.66.242 - - [01/Oct/2023:01:10:33 +0200] "GET /set-of-decorative-cotton-hearts-to-hang-10-cm-julie-p-53342.html HTTP/1.0" 301 73837 "-" "Mozilla/5.0 (compatible; DotBot/1.2; +https://opensiteexplorer.org/dotbot; help@moz.com)"
216.244.66.242 - - [01/Oct/2023:01:10:42 +0200] "GET /shoulder-bag-by-teo-jasmin-labaule-p-40573.html HTTP/1.0" 301 73837 "-" "Mozilla/5.0 (compatible; DotBot/1.2; +https://opensiteexplorer.org/dotbot; help@moz.com)"
186.211.108.150 - - [01/Oct/2023:01:10:48 +0200] "GET /contact_us.php HTTP/1.0" 200 26241 "http://www.wonder-geek.com/contact_us.php" "Mozilla/5.0 (Windows NT 10.0) AppleWebKit/537.36 (KHTML, like Gecko) Chrome/90.0.4430.85 Safari/537.36 Edg/90.0.818.46"
216.244.66.242 - - [01/Oct/2023:01:10:50 +0200] "GET /shoulder-bag-jasmine-by-teo-jasmin-p-43132.html HTTP/1.0" 301 73837 "-" "Mozilla/5.0 (compatible; DotBot/1.2; +https://opensiteexplorer.org/dotbot; help@moz.com)"
216.244.66.242 - - [01/Oct/2023:01:11:03 +0200] "GET /sun-wall-decoration-39-39-cm-gold-model-p-38579.html HTTP/1.0" 301 76321 "-" "Mozilla/5.0 (compatible; DotBot/1.2; +https://opensiteexplorer.org/dotbot; help@moz.com)"
216.244.66.242 - - [01/Oct/2023:01:11:13 +0200] "GET /tann-kids-school-bag-purple-and-pink-p-36178.html HTTP/1.0" 301 73837 "-" "Mozilla/5.0 (compatible; DotBot/1.2; +https://opensiteexplorer.org/dotbot; help@moz.com)"
216.244.66.242 - - [01/Oct/2023:01:11:23 +0200] "GET /teo-jasmin-teo-surf-handbag-hanger-p-34889.html HTTP/1.0" 301 73973 "-" "Mozilla/5.0 (compatible; DotBot/1.2; +https://opensiteexplorer.org/dotbot; help@moz.com)"
216.244.66.242 - - [01/Oct/2023:01:11:31 +0200] "GET /transformers-soundwave-figure-to-build-p-21602.html HTTP/1.0" 301 73837 "-" "Mozilla/5.0 (compatible; DotBot/1.2; +https://opensiteexplorer.org/dotbot; help@moz.com)"
66.249.66.206 - - [01/Oct/2023:01:11:33 +0200] "GET /coca-cola-large-metal-plate-deco-p-27960.html HTTP/1.0" 200 73888 "-" "Mozilla/5.0 (compatible; Googlebot/2.1; +http://www.google.com/bot.html)"
119.28.111.11 - - [01/Oct/2023:01:11:34 +0200] "GET /images/mini_prod/3453131143240.jpg HTTP/1.0" 200 269 "-" "Mozilla/5.0 (X11; Ubuntu; Linux x86_64; rv:72.0) Gecko/20100101 Firefox/72.0"
216.244.66.242 - - [01/Oct/2023:01:11:38 +0200] "GET /wax-melt-pink-grapefruit-and-cassis-p-42635.html HTTP/1.0" 301 73982 "-" "Mozilla/5.0 (compatible; DotBot/1.2; +https://opensiteexplorer.org/dotbot; help@moz.com)"
216.244.66.242 - - [01/Oct/2023:01:11:45 +0200] "GET /when-nothing-goes-right-go-left-sign-metal-plate-deco-p-42492.html HTTP/1.0" 301 73837 "-" "Mozilla/5.0 (compatible; DotBot/1.2; +https://opensiteexplorer.org/dotbot; help@moz.com)"
52.167.144.186 - - [01/Oct/2023:01:11:48 +0200] "GET /aperitif-board-p-60804.html HTTP/1.0" 200 76814 "-" "Mozilla/5.0 AppleWebKit/537.36 (KHTML, like Gecko; compatible; bingbot/2.0; +http://www.bing.com/bingbot.htm) Chrome/103.0.5060.134 Safari/537.36"
216.244.66.242 - - [01/Oct/2023:01:11:53 +0200] "GET /winnie-pooh-long-sleeve-hooded-jacket-p-32561.html HTTP/1.0" 301 73837 "-" "Mozilla/5.0 (compatible; DotBot/1.2; +https://opensiteexplorer.org/dotbot; help@moz.com)"
216.244.66.242 - - [01/Oct/2023:01:12:02 +0200] "GET /wooden-wall-decoration-chakras-90-cm-p-46228.html HTTP/1.0" 301 76337 "-" "Mozilla/5.0 (compatible; DotBot/1.2; +https://opensiteexplorer.org/dotbot; help@moz.com)"
216.244.66.242 - - [01/Oct/2023:01:12:16 +0200] "GET /incense-satya-nag-champa-agarbatti-40-grams-or-about-31-sticks-p-39488.html HTTP/1.0" 301 76911 "-" "Mozilla/5.0 (compatible; DotBot/1.2; +https://opensiteexplorer.org/dotbot; help@moz.com)"
47.128.18.207 - - [01/Oct/2023:01:12:38 +0200] "GET /images/3700235441681.jpg HTTP/1.0" 200 259 "http://quoizeltableslamps.blogspot.com/search/label/Taxi%20%20YORK%20Lamp%20WONDER%20GEEK?m=0" "Mozilla/5.0 (compatible; Bytespider; spider-feedback@bytedance.com) AppleWebKit/537.36 (KHTML, like Gecko) Chrome/70.0.0.0 Safari/537.36"
216.244.66.242 - - [01/Oct/2023:01:12:41 +0200] "GET /monster-high-p-18676.html HTTP/1.0" 200 76341 "-" "Mozilla/5.0 (compatible; DotBot/1.2; +https://opensiteexplorer.org/dotbot; help@moz.com)"
182.22.30.23 - - [01/Oct/2023:01:12:48 +0200] "GET /images/mini_prod/4029819043028.jpg HTTP/1.0" 200 269 "-" "Mozilla/5.0 (compatible; Y!J-WSC/1.0; +https://yahoo.jp/3BSZgF)"
216.244.66.242 - - [01/Oct/2023:01:13:02 +0200] "GET /pencil-case-p-10628.html HTTP/1.0" 200 76254 "-" "Mozilla/5.0 (compatible; DotBot/1.2; +https://opensiteexplorer.org/dotbot; help@moz.com)"
40.77.167.81 - - [01/Oct/2023:01:13:34 +0200] "GET /images/big_prod/3608860071832.jpg HTTP/1.0" 200 268 "-" "Mozilla/5.0 (Windows NT 6.1; WOW64) AppleWebKit/534+ (KHTML, like Gecko) BingPreview/1.0b"
66.249.66.207 - - [01/Oct/2023:01:14:03 +0200] "GET /towel-dispenser-c-12_225.html HTTP/1.0" 200 93443 "-" "Mozilla/5.0 (Linux; Android 6.0.1; Nexus 5X Build/MMB29P) AppleWebKit/537.36 (KHTML, like Gecko) Chrome/117.0.5938.92 Mobile Safari/537.36 (compatible; Googlebot/2.1; +http://www.google.com/bot.html)"
66.249.66.206 - - [01/Oct/2023:01:14:05 +0200] "GET /iron-maiden-zippo-lighter-p-39528.html HTTP/1.0" 200 73860 "-" "Mozilla/5.0 (Linux; Android 6.0.1; Nexus 5X Build/MMB29P) AppleWebKit/537.36 (KHTML, like Gecko) Chrome/117.0.5938.92 Mobile Safari/537.36 (compatible; Googlebot/2.1; +http://www.google.com/bot.html)"
66.249.66.207 - - [01/Oct/2023:01:16:32 +0200] "GET /support-metal-bottle-winegrower-p-39634.html HTTP/1.0" 200 76308 "-" "Mozilla/5.0 (Linux; Android 6.0.1; Nexus 5X Build/MMB29P) AppleWebKit/537.36 (KHTML, like Gecko) Chrome/117.0.5938.92 Mobile Safari/537.36 (compatible; Googlebot/2.1; +http://www.google.com/bot.html)"
34.73.206.133 - - [01/Oct/2023:01:16:35 +0200] "GET /salt-shaker-dodo-chats-dubout-p-60986.html HTTP/1.0" 200 76235 "-" "ZoominfoBot (zoominfobot at zoominfo dot com)"
119.28.111.11 - - [01/Oct/2023:01:17:14 +0200] "GET /images/mini_prod/3660173212999.jpg HTTP/1.0" 200 269 "-" "Mozilla/5.0 (X11; Ubuntu; Linux x86_64; rv:72.0) Gecko/20100101 Firefox/72.0"
59.82.78.50 - - [01/Oct/2023:01:17:28 +0200] "GET /images/mini_prod/1399984242544.jpg HTTP/1.0" 200 269 "-" "Mozilla/5.0 (X11; Ubuntu; Linux x86_64; rv:72.0) Gecko/20100101 Firefox/72.0"
150.109.10.162 - - [01/Oct/2023:01:17:33 +0200] "GET /images/mini_prod/8436565220218.jpg HTTP/1.0" 404 1308 "-" "Mozilla/5.0 (X11; Ubuntu; Linux x86_64; rv:72.0) Gecko/20100101 Firefox/72.0"
66.249.66.206 - - [01/Oct/2023:01:17:46 +0200] "GET /heart-home-gold-glass-bauble-tealight-holder-p-50288.html HTTP/1.0" 200 77560 "-" "Mozilla/5.0 (Linux; Android 6.0.1; Nexus 5X Build/MMB29P) AppleWebKit/537.36 (KHTML, like Gecko) Chrome/117.0.5938.92 Mobile Safari/537.36 (compatible; Googlebot/2.1; +http://www.google.com/bot.html)"
150.109.10.162 - - [01/Oct/2023:01:18:10 +0200] "GET /images/mini_prod/8718969000611.jpg HTTP/1.0" 200 269 "-" "Mozilla/5.0 (X11; Ubuntu; Linux x86_64; rv:72.0) Gecko/20100101 Firefox/72.0"
192.0.116.82 - - [01/Oct/2023:01:18:28 +0200] "GET /images/med_prod/3609810031395.jpg HTTP/1.0" 200 268 "-" "Photon/1.0"
150.109.196.248 - - [01/Oct/2023:01:18:30 +0200] "GET /images/mini_prod/3574642575150.jpg HTTP/1.0" 200 269 "-" "Mozilla/5.0 (X11; Ubuntu; Linux x86_64; rv:72.0) Gecko/20100101 Firefox/72.0"
64.233.173.100 - - [01/Oct/2023:01:19:01 +0200] "GET /images/1300010240311.jpg HTTP/1.0" 200 259 "-" "Mozilla/5.0 (Windows NT 5.1; rv:11.0) Gecko Firefox/11.0 (via ggpht.com GoogleImageProxy)"
66.249.66.205 - - [01/Oct/2023:01:19:02 +0200] "GET /removable-cushion-beast-p-45393.html HTTP/1.0" 200 73872 "-" "Mozilla/5.0 (compatible; Googlebot/2.1; +http://www.google.com/bot.html)"
3.20.140.18 - - [01/Oct/2023:01:19:21 +0200] "GET /images/4007176128428.jpg HTTP/1.0" 200 259 "-" "Mozilla/5.0 (X11; Ubuntu; Linux x86_64; rv:72.0) Gecko/20100101 Firefox/72.0"
51.68.224.127 - - [01/Oct/2023:01:19:47 +0200] "GET /adminweb/export_orders_xml.php?token=256de2z6edz6ed2z6DFSFsed2zed6zeDSFDSGdzedezfzf&maxorders=10&orderstart=1&status=14&start_date=2018-10-01 HTTP/1.0" 200 285 "-" "GesCom CharlotteBoutik Serveur"
51.68.224.127 - - [01/Oct/2023:01:19:48 +0200] "GET /adminweb/export_orders_xml.php?token=256de2z6edz6ed2z6DFSFsed2zed6zeDSFDSGdzedezfzf&maxorders=10&orderstart=1&status=6&start_date=2018-10-01 HTTP/1.0" 200 33939 "-" "GesCom CharlotteBoutik Serveur"
150.109.196.248 - - [01/Oct/2023:01:19:57 +0200] "GET /images/mini_prod/3665269030983.jpg HTTP/1.0" 200 269 "-" "Mozilla/5.0 (X11; Ubuntu; Linux x86_64; rv:72.0) Gecko/20100101 Firefox/72.0"
150.109.10.162 - - [01/Oct/2023:01:20:20 +0200] "GET /images/big_prod_2/8435153868368F.jpg HTTP/1.0" 200 271 "-" "Mozilla/5.0 (X11; Ubuntu; Linux x86_64; rv:72.0) Gecko/20100101 Firefox/72.0"
119.28.98.218 - - [01/Oct/2023:01:20:48 +0200] "GET /images/mini_prod/060207_230354_PEEL_eb7VzU.jpg HTTP/1.0" 200 281 "-" "Mozilla/5.0 (X11; Ubuntu; Linux x86_64; rv:72.0) Gecko/20100101 Firefox/72.0"
