217.182.175.125 - - [30/Sep/2023:03:23:33 +0200] "GET /-p-28922.html HTTP/1.0" 200 73676 "-" "Mozilla/5.0 (compatible; MJ12bot/v1.4.8; http://mj12bot.com/)"
114.119.141.127 - - [30/Sep/2023:03:23:36 +0200] "GET /beige-microfiber-bedspread-p-58719.html HTTP/1.0" 200 73770 "http://www.wonder-geek.com/boutis-quilt-bedspread-c-11_194.html?page=1" "Mozilla/5.0 (Linux; Android 7.0;) AppleWebKit/537.36 (KHTML, like Gecko) Mobile Safari/537.36 (compatible; PetalBot;+https://webmaster.petalsearch.com/site/petalbot)"
217.182.175.125 - - [30/Sep/2023:03:23:45 +0200] "GET /-p-29331.html HTTP/1.0" 200 73676 "-" "Mozilla/5.0 (compatible; MJ12bot/v1.4.8; http://mj12bot.com/)"
217.182.175.125 - - [30/Sep/2023:03:23:58 +0200] "GET /-p-29333.html HTTP/1.0" 200 73676 "-" "Mozilla/5.0 (compatible; MJ12bot/v1.4.8; http://mj12bot.com/)"
217.182.175.125 - - [30/Sep/2023:03:24:13 +0200] "GET /-p-29339.html HTTP/1.0" 200 73676 "-" "Mozilla/5.0 (compatible; MJ12bot/v1.4.8; http://mj12bot.com/)"
217.182.175.125 - - [30/Sep/2023:03:24:23 +0200] "GET /-p-31096.html HTTP/1.0" 200 73676 "-" "Mozilla/5.0 (compatible; MJ12bot/v1.4.8; http://mj12bot.com/)"
217.182.175.125 - - [30/Sep/2023:03:24:33 +0200] "GET /-p-32497.html HTTP/1.0" 200 73676 "-" "Mozilla/5.0 (compatible; MJ12bot/v1.4.8; http://mj12bot.com/)"
119.28.111.11 - - [30/Sep/2023:03:24:36 +0200] "GET /images/mini_prod/3453131152648.jpg HTTP/1.0" 200 269 "-" "Mozilla/5.0 (X11; Ubuntu; Linux x86_64; rv:72.0) Gecko/20100101 Firefox/72.0"
217.182.175.125 - - [30/Sep/2023:03:24:43 +0200] "GET /-p-32619.html HTTP/1.0" 200 73676 "-" "Mozilla/5.0 (compatible; MJ12bot/v1.4.8; http://mj12bot.com/)"
119.28.98.218 - - [30/Sep/2023:03:24:45 +0200] "GET /images/mini_prod/4260082930527.jpg HTTP/1.0" 200 269 "-" "Mozilla/5.0 (X11; Ubuntu; Linux x86_64; rv:72.0) Gecko/20100101 Firefox/72.0"
217.182.175.125 - - [30/Sep/2023:03:24:54 +0200] "GET /-p-32949.html HTTP/1.0" 200 73676 "-" "Mozilla/5.0 (compatible; MJ12bot/v1.4.8; http://mj12bot.com/)"
217.182.175.125 - - [30/Sep/2023:03:25:04 +0200] "GET /-p-32966.html HTTP/1.0" 200 73676 "-" "Mozilla/5.0 (compatible; MJ12bot/v1.4.8; http://mj12bot.com/)"
217.182.175.125 - - [30/Sep/2023:03:25:13 +0200] "GET /-p-33696.html HTTP/1.0" 200 73676 "-" "Mozilla/5.0 (compatible; MJ12bot/v1.4.8; http://mj12bot.com/)"
217.182.175.125 - - [30/Sep/2023:03:25:25 +0200] "GET /-p-33700.html HTTP/1.0" 200 73676 "-" "Mozilla/5.0 (compatible; MJ12bot/v1.4.8; http://mj12bot.com/)"
217.182.175.125 - - [30/Sep/2023:03:25:34 +0200] "GET /-p-33841.html HTTP/1.0" 200 73676 "-" "Mozilla/5.0 (compatible; MJ12bot/v1.4.8; http://mj12bot.com/)"
217.182.175.125 - - [30/Sep/2023:03:25:46 +0200] "GET /-p-34227.html HTTP/1.0" 200 73676 "-" "Mozilla/5.0 (compatible; MJ12bot/v1.4.8; http://mj12bot.com/)"
217.182.175.125 - - [30/Sep/2023:03:25:56 +0200] "GET /-p-34536.html HTTP/1.0" 200 73676 "-" "Mozilla/5.0 (compatible; MJ12bot/v1.4.8; http://mj12bot.com/)"
114.119.158.0 - - [30/Sep/2023:03:26:02 +0200] "GET /%20images/big_prod/3574642575051.jpg HTTP/1.0" 404 1308 "http://www.wonder-geek.com/potholder-glove-p-54131.html" "Mozilla/5.0 (Linux; Android 7.0;) AppleWebKit/537.36 (KHTML, like Gecko) Mobile Safari/537.36 (compatible; PetalBot;+https://webmaster.petalsearch.com/site/petalbot)"
217.182.175.125 - - [30/Sep/2023:03:26:09 +0200] "GET /-p-34918.html HTTP/1.0" 200 73676 "-" "Mozilla/5.0 (compatible; MJ12bot/v1.4.8; http://mj12bot.com/)"
217.182.175.125 - - [30/Sep/2023:03:26:20 +0200] "GET /-p-34923.html HTTP/1.0" 200 73676 "-" "Mozilla/5.0 (compatible; MJ12bot/v1.4.8; http://mj12bot.com/)"
217.182.175.125 - - [30/Sep/2023:03:26:31 +0200] "GET /-p-36984.html HTTP/1.0" 200 73676 "-" "Mozilla/5.0 (compatible; MJ12bot/v1.4.8; http://mj12bot.com/)"
182.22.30.23 - - [30/Sep/2023:03:26:38 +0200] "GET / HTTP/1.0" 200 154047 "-" "Mozilla/5.0 (compatible; Y!J-WSC/1.0; +https://yahoo.jp/3BSZgF)"
182.22.30.107 - - [30/Sep/2023:03:26:43 +0200] "GET /js/jquery.min.js HTTP/1.0" 404 1308 "http://www.wonder-geek.com/" "Mozilla/5.0 (Windows NT 10.0; Win64; x64) AppleWebKit/537.36 (KHTML, like Gecko; compatible; Y!J-WSC/1.0; +https://yahoo.jp/3BSZgF) Chrome/116.0.0.0 Safari/537.36"
182.22.30.55 - - [30/Sep/2023:03:26:43 +0200] "GET /swfobject.js HTTP/1.0" 404 1308 "http://www.wonder-geek.com/" "Mozilla/5.0 (Windows NT 10.0; Win64; x64) AppleWebKit/537.36 (KHTML, like Gecko; compatible; Y!J-WSC/1.0; +https://yahoo.jp/3BSZgF) Chrome/116.0.0.0 Safari/537.36"
217.182.175.125 - - [30/Sep/2023:03:26:44 +0200] "GET /-p-37778.html HTTP/1.0" 200 73676 "-" "Mozilla/5.0 (compatible; MJ12bot/v1.4.8; http://mj12bot.com/)"
114.119.147.166 - - [30/Sep/2023:03:26:54 +0200] "GET /%20images/big_prod/3453131159685A.jpg HTTP/1.0" 404 1308 "http://www.wonder-geek.com/pina-colada-cocktail-p-58155.html" "Mozilla/5.0 (Linux; Android 7.0;) AppleWebKit/537.36 (KHTML, like Gecko) Mobile Safari/537.36 (compatible; PetalBot;+https://webmaster.petalsearch.com/site/petalbot)"
217.182.175.125 - - [30/Sep/2023:03:26:55 +0200] "GET /-p-38755.html HTTP/1.0" 200 73676 "-" "Mozilla/5.0 (compatible; MJ12bot/v1.4.8; http://mj12bot.com/)"
217.182.175.125 - - [30/Sep/2023:03:27:02 +0200] "GET /-p-38762.html HTTP/1.0" 200 73676 "-" "Mozilla/5.0 (compatible; MJ12bot/v1.4.8; http://mj12bot.com/)"
217.182.175.125 - - [30/Sep/2023:03:27:15 +0200] "GET /-p-38799.html HTTP/1.0" 200 73676 "-" "Mozilla/5.0 (compatible; MJ12bot/v1.4.8; http://mj12bot.com/)"
217.182.175.125 - - [30/Sep/2023:03:27:30 +0200] "GET /-p-39053.html HTTP/1.0" 200 73676 "-" "Mozilla/5.0 (compatible; MJ12bot/v1.4.8; http://mj12bot.com/)"
217.182.175.125 - - [30/Sep/2023:03:27:38 +0200] "GET /-p-39153.html HTTP/1.0" 200 73676 "-" "Mozilla/5.0 (compatible; MJ12bot/v1.4.8; http://mj12bot.com/)"
217.182.175.125 - - [30/Sep/2023:03:27:49 +0200] "GET /-p-39369.html HTTP/1.0" 200 73676 "-" "Mozilla/5.0 (compatible; MJ12bot/v1.4.8; http://mj12bot.com/)"
217.182.175.125 - - [30/Sep/2023:03:28:04 +0200] "GET /-p-39399.html HTTP/1.0" 200 73676 "-" "Mozilla/5.0 (compatible; MJ12bot/v1.4.8; http://mj12bot.com/)"
217.182.175.125 - - [30/Sep/2023:03:28:10 +0200] "GET /-p-39401.html HTTP/1.0" 200 73676 "-" "Mozilla/5.0 (compatible; MJ12bot/v1.4.8; http://mj12bot.com/)"
217.182.175.125 - - [30/Sep/2023:03:28:26 +0200] "GET /-p-39412.html HTTP/1.0" 200 73676 "-" "Mozilla/5.0 (compatible; MJ12bot/v1.4.8; http://mj12bot.com/)"
217.182.175.125 - - [30/Sep/2023:03:28:36 +0200] "GET /-p-39427.html HTTP/1.0" 200 73676 "-" "Mozilla/5.0 (compatible; MJ12bot/v1.4.8; http://mj12bot.com/)"
95.71.246.28 - - [30/Sep/2023:03:28:42 +0200] "GET /contact_us.php HTTP/1.0" 200 26241 "http://www.wonder-geek.com/contact_us.php" "Mozilla/5.0 (Windows NT 10.0) AppleWebKit/537.36 (KHTML, like Gecko) Chrome/90.0.4430.85 Safari/537.36"
217.182.175.125 - - [30/Sep/2023:03:28:50 +0200] "GET /-p-40391.html HTTP/1.0" 200 73676 "-" "Mozilla/5.0 (compatible; MJ12bot/v1.4.8; http://mj12bot.com/)"
217.182.175.125 - - [30/Sep/2023:03:29:01 +0200] "GET /-p-40396.html HTTP/1.0" 200 73676 "-" "Mozilla/5.0 (compatible; MJ12bot/v1.4.8; http://mj12bot.com/)"
217.182.175.125 - - [30/Sep/2023:03:29:14 +0200] "GET /-p-40399.html HTTP/1.0" 200 73676 "-" "Mozilla/5.0 (compatible; MJ12bot/v1.4.8; http://mj12bot.com/)"
217.182.175.125 - - [30/Sep/2023:03:29:23 +0200] "GET /-p-40403.html HTTP/1.0" 200 73676 "-" "Mozilla/5.0 (compatible; MJ12bot/v1.4.8; http://mj12bot.com/)"
217.182.175.125 - - [30/Sep/2023:03:29:36 +0200] "GET /-p-40405.html HTTP/1.0" 200 73676 "-" "Mozilla/5.0 (compatible; MJ12bot/v1.4.8; http://mj12bot.com/)"
217.182.175.125 - - [30/Sep/2023:03:29:47 +0200] "GET /-p-40406.html HTTP/1.0" 200 73676 "-" "Mozilla/5.0 (compatible; MJ12bot/v1.4.8; http://mj12bot.com/)"
217.182.175.125 - - [30/Sep/2023:03:29:58 +0200] "GET /-p-40408.html HTTP/1.0" 200 73676 "-" "Mozilla/5.0 (compatible; MJ12bot/v1.4.8; http://mj12bot.com/)"
217.182.175.125 - - [30/Sep/2023:03:30:05 +0200] "GET /-p-40409.html HTTP/1.0" 200 73676 "-" "Mozilla/5.0 (compatible; MJ12bot/v1.4.8; http://mj12bot.com/)"
217.182.175.125 - - [30/Sep/2023:03:30:17 +0200] "GET /-p-40410.html HTTP/1.0" 200 73676 "-" "Mozilla/5.0 (compatible; MJ12bot/v1.4.8; http://mj12bot.com/)"
217.182.175.125 - - [30/Sep/2023:03:30:23 +0200] "GET /-p-40411.html HTTP/1.0" 200 73676 "-" "Mozilla/5.0 (compatible; MJ12bot/v1.4.8; http://mj12bot.com/)"
217.182.175.125 - - [30/Sep/2023:03:30:34 +0200] "GET /-p-40433.html HTTP/1.0" 200 73676 "-" "Mozilla/5.0 (compatible; MJ12bot/v1.4.8; http://mj12bot.com/)"
51.68.224.127 - - [30/Sep/2023:03:31:18 +0200] "GET /adminweb/export_orders_xml.php?token=256de2z6edz6ed2z6DFSFsed2zed6zeDSFDSGdzedezfzf&maxorders=10&orderstart=1&status=14&start_date=2018-10-01 HTTP/1.0" 200 285 "-" "GesCom CharlotteBoutik Serveur"
51.68.224.127 - - [30/Sep/2023:03:31:18 +0200] "GET /adminweb/export_orders_xml.php?token=256de2z6edz6ed2z6DFSFsed2zed6zeDSFDSGdzedezfzf&maxorders=10&orderstart=1&status=6&start_date=2018-10-01 HTTP/1.0" 200 33939 "-" "GesCom CharlotteBoutik Serveur"
47.128.25.133 - - [30/Sep/2023:03:31:59 +0200] "GET /mugs-mazagrans-c-12_57.html?page=6 HTTP/1.0" 200 98710 "-" "Mozilla/5.0 (compatible; Bytespider; spider-feedback@bytedance.com) AppleWebKit/537.36 (KHTML, like Gecko) Chrome/70.0.0.0 Safari/537.36"
47.128.25.133 - - [30/Sep/2023:03:32:03 +0200] "GET /swfobject.js HTTP/1.0" 404 1308 "http://www.wonder-geek.com/mugs-mazagrans-c-12_57.html?page=6" "Mozilla/5.0 (compatible; Bytespider; spider-feedback@bytedance.com) AppleWebKit/537.36 (KHTML, like Gecko) Chrome/70.0.0.0 Safari/537.36"
47.128.25.108 - - [30/Sep/2023:03:32:02 +0200] "GET /teapot-p-52918.html HTTP/1.0" 200 75946 "-" "Mozilla/5.0 (compatible; Bytespider; spider-feedback@bytedance.com) AppleWebKit/537.36 (KHTML, like Gecko) Chrome/70.0.0.0 Safari/537.36"
47.128.25.108 - - [30/Sep/2023:03:32:04 +0200] "GET /swfobject.js HTTP/1.0" 404 1308 "http://www.wonder-geek.com/teapot-p-52918.html" "Mozilla/5.0 (compatible; Bytespider; spider-feedback@bytedance.com) AppleWebKit/537.36 (KHTML, like Gecko) Chrome/70.0.0.0 Safari/537.36"
47.128.25.108 - - [30/Sep/2023:03:32:09 +0200] "GET /highslide/graphics/zoomin.cur HTTP/1.0" 200 614 "http://www.wonder-geek.com/templates/Pixame_v1/stylesheet.css" "Mozilla/5.0 (compatible; Bytespider; spider-feedback@bytedance.com) AppleWebKit/537.36 (KHTML, like Gecko) Chrome/70.0.0.0 Safari/537.36"
47.128.25.108 - - [30/Sep/2023:03:32:10 +0200] "GET /highslide/graphics/zoomout.cur HTTP/1.0" 200 614 "http://www.wonder-geek.com/teapot-p-52918.html" "Mozilla/5.0 (compatible; Bytespider; spider-feedback@bytedance.com) AppleWebKit/537.36 (KHTML, like Gecko) Chrome/70.0.0.0 Safari/537.36"
47.128.25.108 - - [30/Sep/2023:03:32:10 +0200] "GET /highslide/graphics/outlines/drop-shadow.png HTTP/1.0" 200 277 "http://www.wonder-geek.com/teapot-p-52918.html" "Mozilla/5.0 (compatible; Bytespider; spider-feedback@bytedance.com) AppleWebKit/537.36 (KHTML, like Gecko) Chrome/70.0.0.0 Safari/537.36"
47.128.16.79 - - [30/Sep/2023:03:32:10 +0200] "GET /swfobject.js HTTP/1.0" 404 1308 "http://www.wonder-geek.com/household-linen-c-11.html?page=11" "Mozilla/5.0 (compatible; Bytespider; spider-feedback@bytedance.com) AppleWebKit/537.36 (KHTML, like Gecko) Chrome/70.0.0.0 Safari/537.36"
47.128.16.79 - - [30/Sep/2023:03:32:07 +0200] "GET /household-linen-c-11.html?page=11 HTTP/1.0" 200 96512 "-" "Mozilla/5.0 (compatible; Bytespider; spider-feedback@bytedance.com) AppleWebKit/537.36 (KHTML, like Gecko) Chrome/70.0.0.0 Safari/537.36"
47.128.25.138 - - [30/Sep/2023:03:32:12 +0200] "GET /swfobject.js HTTP/1.0" 404 1308 "http://www.wonder-geek.com/household-linen-c-11.html?page=13" "Mozilla/5.0 (compatible; Bytespider; spider-feedback@bytedance.com) AppleWebKit/537.36 (KHTML, like Gecko) Chrome/70.0.0.0 Safari/537.36"
47.128.25.138 - - [30/Sep/2023:03:32:09 +0200] "GET /household-linen-c-11.html?page=13 HTTP/1.0" 200 96570 "-" "Mozilla/5.0 (compatible; Bytespider; spider-feedback@bytedance.com) AppleWebKit/537.36 (KHTML, like Gecko) Chrome/70.0.0.0 Safari/537.36"
47.128.25.133 - - [30/Sep/2023:03:32:13 +0200] "GET /js/jquery.min.js HTTP/1.0" 404 1308 "http://www.wonder-geek.com/mugs-mazagrans-c-12_57.html?page=6" "Mozilla/5.0 (compatible; Bytespider; spider-feedback@bytedance.com) AppleWebKit/537.36 (KHTML, like Gecko) Chrome/70.0.0.0 Safari/537.36"
47.128.25.133 - - [30/Sep/2023:03:32:13 +0200] "GET /highslide/graphics/outlines/drop-shadow.png HTTP/1.0" 200 277 "http://www.wonder-geek.com/mugs-mazagrans-c-12_57.html?page=6" "Mozilla/5.0 (compatible; Bytespider; spider-feedback@bytedance.com) AppleWebKit/537.36 (KHTML, like Gecko) Chrome/70.0.0.0 Safari/537.36"
47.128.25.133 - - [30/Sep/2023:03:32:13 +0200] "GET /highslide/graphics/zoomout.cur HTTP/1.0" 200 614 "http://www.wonder-geek.com/mugs-mazagrans-c-12_57.html?page=6" "Mozilla/5.0 (compatible; Bytespider; spider-feedback@bytedance.com) AppleWebKit/537.36 (KHTML, like Gecko) Chrome/70.0.0.0 Safari/537.36"
47.128.16.79 - - [30/Sep/2023:03:32:19 +0200] "GET /js/jquery.min.js HTTP/1.0" 404 1308 "http://www.wonder-geek.com/household-linen-c-11.html?page=11" "Mozilla/5.0 (compatible; Bytespider; spider-feedback@bytedance.com) AppleWebKit/537.36 (KHTML, like Gecko) Chrome/70.0.0.0 Safari/537.36"
47.128.16.79 - - [30/Sep/2023:03:32:20 +0200] "GET /highslide/graphics/outlines/drop-shadow.png HTTP/1.0" 200 277 "http://www.wonder-geek.com/household-linen-c-11.html?page=11" "Mozilla/5.0 (compatible; Bytespider; spider-feedback@bytedance.com) AppleWebKit/537.36 (KHTML, like Gecko) Chrome/70.0.0.0 Safari/537.36"
47.128.16.79 - - [30/Sep/2023:03:32:20 +0200] "GET /highslide/graphics/zoomout.cur HTTP/1.0" 200 614 "http://www.wonder-geek.com/household-linen-c-11.html?page=11" "Mozilla/5.0 (compatible; Bytespider; spider-feedback@bytedance.com) AppleWebKit/537.36 (KHTML, like Gecko) Chrome/70.0.0.0 Safari/537.36"
47.128.25.138 - - [30/Sep/2023:03:32:23 +0200] "GET /js/jquery.min.js HTTP/1.0" 404 1308 "http://www.wonder-geek.com/household-linen-c-11.html?page=13" "Mozilla/5.0 (compatible; Bytespider; spider-feedback@bytedance.com) AppleWebKit/537.36 (KHTML, like Gecko) Chrome/70.0.0.0 Safari/537.36"
47.128.25.138 - - [30/Sep/2023:03:32:23 +0200] "GET /highslide/graphics/zoomout.cur HTTP/1.0" 200 614 "http://www.wonder-geek.com/household-linen-c-11.html?page=13" "Mozilla/5.0 (compatible; Bytespider; spider-feedback@bytedance.com) AppleWebKit/537.36 (KHTML, like Gecko) Chrome/70.0.0.0 Safari/537.36"
47.128.25.138 - - [30/Sep/2023:03:32:23 +0200] "GET /highslide/graphics/outlines/drop-shadow.png HTTP/1.0" 200 277 "http://www.wonder-geek.com/household-linen-c-11.html?page=13" "Mozilla/5.0 (compatible; Bytespider; spider-feedback@bytedance.com) AppleWebKit/537.36 (KHTML, like Gecko) Chrome/70.0.0.0 Safari/537.36"
182.22.30.87 - - [30/Sep/2023:03:33:01 +0200] "GET /images/mini_prod/8712159191356.jpg HTTP/1.0" 200 269 "-" "Mozilla/5.0 (compatible; Y!J-WSC/1.0; +https://yahoo.jp/3BSZgF)"
106.11.62.20 - - [30/Sep/2023:03:33:32 +0200] "GET /images/mini_prod/3014627939664.jpg HTTP/1.0" 200 269 "-" "Mozilla/5.0 (X11; Ubuntu; Linux x86_64; rv:72.0) Gecko/20100101 Firefox/72.0"
17.241.219.117 - - [30/Sep/2023:03:34:53 +0200] "GET /images/big_prod_2/1345544137386C.jpg HTTP/1.0" 200 271 "-" "Mozilla/5.0 (Macintosh; Intel Mac OS X 10_15_5) AppleWebKit/605.1.15 (KHTML, like Gecko) Version/13.1.1 Safari/605.1.15 (Applebot/0.1; +http://www.apple.com/go/applebot)"
217.182.175.125 - - [30/Sep/2023:03:35:08 +0200] "GET /-p-42582.html HTTP/1.0" 200 73676 "-" "Mozilla/5.0 (compatible; MJ12bot/v1.4.8; http://mj12bot.com/)"
217.182.175.125 - - [30/Sep/2023:03:35:13 +0200] "GET /-p-42583.html HTTP/1.0" 200 73676 "-" "Mozilla/5.0 (compatible; MJ12bot/v1.4.8; http://mj12bot.com/)"
217.182.175.125 - - [30/Sep/2023:03:35:19 +0200] "GET /-p-42584.html HTTP/1.0" 200 73676 "-" "Mozilla/5.0 (compatible; MJ12bot/v1.4.8; http://mj12bot.com/)"
217.182.175.125 - - [30/Sep/2023:03:35:31 +0200] "GET /-p-42585.html HTTP/1.0" 200 73676 "-" "Mozilla/5.0 (compatible; MJ12bot/v1.4.8; http://mj12bot.com/)"
217.182.175.125 - - [30/Sep/2023:03:35:40 +0200] "GET /-p-46387.html HTTP/1.0" 200 73676 "-" "Mozilla/5.0 (compatible; MJ12bot/v1.4.8; http://mj12bot.com/)"
217.182.175.125 - - [30/Sep/2023:03:35:46 +0200] "GET /-p-46391.html HTTP/1.0" 200 73676 "-" "Mozilla/5.0 (compatible; MJ12bot/v1.4.8; http://mj12bot.com/)"
217.182.175.125 - - [30/Sep/2023:03:35:52 +0200] "GET /-p-46883.html HTTP/1.0" 200 73676 "-" "Mozilla/5.0 (compatible; MJ12bot/v1.4.8; http://mj12bot.com/)"
217.182.175.125 - - [30/Sep/2023:03:36:04 +0200] "GET /-p-48170.html HTTP/1.0" 200 73676 "-" "Mozilla/5.0 (compatible; MJ12bot/v1.4.8; http://mj12bot.com/)"
217.182.175.125 - - [30/Sep/2023:03:36:10 +0200] "GET /-p-51941.html HTTP/1.0" 200 73676 "-" "Mozilla/5.0 (compatible; MJ12bot/v1.4.8; http://mj12bot.com/)"
217.182.175.125 - - [30/Sep/2023:03:36:22 +0200] "GET /aroma-diffuser-oils-gift-heart-home-p-57133.html HTTP/1.0" 200 78174 "-" "Mozilla/5.0 (compatible; MJ12bot/v1.4.8; http://mj12bot.com/)"
217.182.175.125 - - [30/Sep/2023:03:36:30 +0200] "GET /ballerina-statue-collection-white-30-cm-p-40422.html HTTP/1.0" 301 76323 "-" "Mozilla/5.0 (compatible; MJ12bot/v1.4.8; http://mj12bot.com/)"
150.109.10.162 - - [30/Sep/2023:03:36:38 +0200] "GET /images/mini_prod/8424001471478.jpg HTTP/1.0" 200 269 "-" "Mozilla/5.0 (X11; Ubuntu; Linux x86_64; rv:72.0) Gecko/20100101 Firefox/72.0"
217.182.175.125 - - [30/Sep/2023:03:36:38 +0200] "GET /ballerina-statue-collection-white-p-40422.html HTTP/1.0" 200 76223 "-" "Mozilla/5.0 (compatible; MJ12bot/v1.4.8; http://mj12bot.com/)"
217.182.175.125 - - [30/Sep/2023:03:36:47 +0200] "GET /bambi-thumper-figurine-romero-britto-p-37675.html HTTP/1.0" 200 77730 "-" "Mozilla/5.0 (compatible; MJ12bot/v1.4.8; http://mj12bot.com/)"
217.182.175.125 - - [30/Sep/2023:03:36:55 +0200] "GET /bamboo-fiber-plant-cover-p-51941.html HTTP/1.0" 301 73743 "-" "Mozilla/5.0 (compatible; MJ12bot/v1.4.8; http://mj12bot.com/)"
217.182.175.125 - - [30/Sep/2023:03:37:01 +0200] "GET /-p-51941.html HTTP/1.0" 200 73676 "-" "Mozilla/5.0 (compatible; MJ12bot/v1.4.8; http://mj12bot.com/)"
217.182.175.125 - - [30/Sep/2023:03:37:08 +0200] "GET /barbapapa-big-soft-ball-p-15252.html HTTP/1.0" 301 73860 "-" "Mozilla/5.0 (compatible; MJ12bot/v1.4.8; http://mj12bot.com/)"
217.182.175.125 - - [30/Sep/2023:03:37:19 +0200] "GET /barbapapa-soft-ball-p-15252.html HTTP/1.0" 200 73774 "-" "Mozilla/5.0 (compatible; MJ12bot/v1.4.8; http://mj12bot.com/)"
217.182.175.125 - - [30/Sep/2023:03:37:26 +0200] "GET /barbapapa-soft-ball-p-15252.html HTTP/1.0" 200 73774 "-" "Mozilla/5.0 (compatible; MJ12bot/v1.4.8; http://mj12bot.com/)"
217.182.175.125 - - [30/Sep/2023:03:37:34 +0200] "GET /baseball-bat-humorous-black-p-39401.html HTTP/1.0" 301 73743 "-" "Mozilla/5.0 (compatible; MJ12bot/v1.4.8; http://mj12bot.com/)"
217.182.175.125 - - [30/Sep/2023:03:37:42 +0200] "GET /-p-39401.html HTTP/1.0" 200 73676 "-" "Mozilla/5.0 (compatible; MJ12bot/v1.4.8; http://mj12bot.com/)"
217.182.175.125 - - [30/Sep/2023:03:37:52 +0200] "GET /baseball-bat-humorous-black-p-39412.html HTTP/1.0" 301 73743 "-" "Mozilla/5.0 (compatible; MJ12bot/v1.4.8; http://mj12bot.com/)"
217.182.175.125 - - [30/Sep/2023:03:38:01 +0200] "GET /-p-39412.html HTTP/1.0" 200 73676 "-" "Mozilla/5.0 (compatible; MJ12bot/v1.4.8; http://mj12bot.com/)"
85.208.96.206 - - [30/Sep/2023:03:38:02 +0200] "GET /-p-25228.html HTTP/1.0" 200 73676 "-" "Mozilla/5.0 (compatible; SemrushBot/7~bl; +http://www.semrush.com/bot.html)"
217.182.175.125 - - [30/Sep/2023:03:38:09 +0200] "GET /baseball-bat-humorous-black-p-42582.html HTTP/1.0" 301 73743 "-" "Mozilla/5.0 (compatible; MJ12bot/v1.4.8; http://mj12bot.com/)"
47.245.91.206 - - [30/Sep/2023:03:38:17 +0200] "GET /images/mini_prod/8422142192450.jpg HTTP/1.0" 200 269 "-" "python-requests/2.31.0"
217.182.175.125 - - [30/Sep/2023:03:38:19 +0200] "GET /-p-42582.html HTTP/1.0" 200 73676 "-" "Mozilla/5.0 (compatible; MJ12bot/v1.4.8; http://mj12bot.com/)"
217.182.175.125 - - [30/Sep/2023:03:38:26 +0200] "GET /baseball-bat-humorous-black-p-42585.html HTTP/1.0" 301 73743 "-" "Mozilla/5.0 (compatible; MJ12bot/v1.4.8; http://mj12bot.com/)"
217.182.175.125 - - [30/Sep/2023:03:38:33 +0200] "GET /-p-42585.html HTTP/1.0" 200 73676 "-" "Mozilla/5.0 (compatible; MJ12bot/v1.4.8; http://mj12bot.com/)"
217.182.175.125 - - [30/Sep/2023:03:38:41 +0200] "GET /baseball-bat-humorous-red-p-39399.html HTTP/1.0" 301 73743 "-" "Mozilla/5.0 (compatible; MJ12bot/v1.4.8; http://mj12bot.com/)"
217.182.175.125 - - [30/Sep/2023:03:38:53 +0200] "GET /-p-39399.html HTTP/1.0" 200 73676 "-" "Mozilla/5.0 (compatible; MJ12bot/v1.4.8; http://mj12bot.com/)"
217.182.175.125 - - [30/Sep/2023:03:39:00 +0200] "GET /baseball-bat-humorous-white-p-37778.html HTTP/1.0" 301 73743 "-" "Mozilla/5.0 (compatible; MJ12bot/v1.4.8; http://mj12bot.com/)"
119.28.98.218 - - [30/Sep/2023:03:39:03 +0200] "GET /images/mini_prod/9316188081207.jpg HTTP/1.0" 200 269 "-" "Mozilla/5.0 (X11; Ubuntu; Linux x86_64; rv:72.0) Gecko/20100101 Firefox/72.0"
217.182.175.125 - - [30/Sep/2023:03:39:10 +0200] "GET /-p-37778.html HTTP/1.0" 200 73676 "-" "Mozilla/5.0 (compatible; MJ12bot/v1.4.8; http://mj12bot.com/)"
217.182.175.125 - - [30/Sep/2023:03:39:17 +0200] "GET /baseball-bat-humorous-white-p-42583.html HTTP/1.0" 301 73743 "-" "Mozilla/5.0 (compatible; MJ12bot/v1.4.8; http://mj12bot.com/)"
43.137.41.71 - - [30/Sep/2023:03:39:27 +0200] "HEAD /images/mini_prod/4260082936796.jpg HTTP/1.0" 200 290 "-" "Go-http-client/1.1"
217.182.175.125 - - [30/Sep/2023:03:39:26 +0200] "GET /-p-42583.html HTTP/1.0" 200 73676 "-" "Mozilla/5.0 (compatible; MJ12bot/v1.4.8; http://mj12bot.com/)"
43.137.41.71 - - [30/Sep/2023:03:39:28 +0200] "GET /images/mini_prod/4260082936796.jpg HTTP/1.0" 200 269 "-" "Go-http-client/1.1"
43.137.41.71 - - [30/Sep/2023:03:39:28 +0200] "GET /images/mini_prod/4260082936796.jpg HTTP/1.0" 200 269 "-" "Go-http-client/1.1"
17.241.75.129 - - [30/Sep/2023:03:39:34 +0200] "GET /images/big_prod/3609810061989.jpg HTTP/1.0" 200 268 "-" "Mozilla/5.0 (Macintosh; Intel Mac OS X 10_15_5) AppleWebKit/605.1.15 (KHTML, like Gecko) Version/13.1.1 Safari/605.1.15 (Applebot/0.1; +http://www.apple.com/go/applebot)"
217.182.175.125 - - [30/Sep/2023:03:39:34 +0200] "GET /baseball-bat-humorous-white-p-42584.html HTTP/1.0" 301 73743 "-" "Mozilla/5.0 (compatible; MJ12bot/v1.4.8; http://mj12bot.com/)"
85.208.96.206 - - [30/Sep/2023:03:39:38 +0200] "GET /monaco-metal-plate-p-42347.html HTTP/1.0" 200 76095 "-" "Mozilla/5.0 (compatible; SemrushBot/7~bl; +http://www.semrush.com/bot.html)"
217.182.175.125 - - [30/Sep/2023:03:39:43 +0200] "GET /-p-42584.html HTTP/1.0" 200 73676 "-" "Mozilla/5.0 (compatible; MJ12bot/v1.4.8; http://mj12bot.com/)"
217.182.175.125 - - [30/Sep/2023:03:39:52 +0200] "GET /baseball-bat-humorous-white-p-42585.html HTTP/1.0" 301 73743 "-" "Mozilla/5.0 (compatible; MJ12bot/v1.4.8; http://mj12bot.com/)"
150.109.10.162 - - [30/Sep/2023:03:39:59 +0200] "GET /images/mini_prod/8422016709005.jpg HTTP/1.0" 200 269 "-" "Mozilla/5.0 (X11; Ubuntu; Linux x86_64; rv:72.0) Gecko/20100101 Firefox/72.0"
217.182.175.125 - - [30/Sep/2023:03:40:03 +0200] "GET /-p-42585.html HTTP/1.0" 200 73676 "-" "Mozilla/5.0 (compatible; MJ12bot/v1.4.8; http://mj12bot.com/)"
217.182.175.125 - - [30/Sep/2023:03:40:08 +0200] "GET /baseball-humorous-black-p-39401.html HTTP/1.0" 301 73743 "-" "Mozilla/5.0 (compatible; MJ12bot/v1.4.8; http://mj12bot.com/)"
217.182.175.125 - - [30/Sep/2023:03:40:19 +0200] "GET /-p-39401.html HTTP/1.0" 200 73676 "-" "Mozilla/5.0 (compatible; MJ12bot/v1.4.8; http://mj12bot.com/)"
217.182.175.125 - - [30/Sep/2023:03:40:26 +0200] "GET /baseball-humorous-black-p-42582.html HTTP/1.0" 301 73743 "-" "Mozilla/5.0 (compatible; MJ12bot/v1.4.8; http://mj12bot.com/)"
217.182.175.125 - - [30/Sep/2023:03:40:35 +0200] "GET /-p-42582.html HTTP/1.0" 200 73676 "-" "Mozilla/5.0 (compatible; MJ12bot/v1.4.8; http://mj12bot.com/)"
217.182.175.125 - - [30/Sep/2023:03:40:44 +0200] "GET /baseball-humorous-black-p-42585.html HTTP/1.0" 301 73743 "-" "Mozilla/5.0 (compatible; MJ12bot/v1.4.8; http://mj12bot.com/)"
217.182.175.125 - - [30/Sep/2023:03:40:54 +0200] "GET /-p-42585.html HTTP/1.0" 200 73676 "-" "Mozilla/5.0 (compatible; MJ12bot/v1.4.8; http://mj12bot.com/)"
217.182.175.125 - - [30/Sep/2023:03:41:04 +0200] "GET /baseball-humorous-p-39399.html HTTP/1.0" 301 73743 "-" "Mozilla/5.0 (compatible; MJ12bot/v1.4.8; http://mj12bot.com/)"
217.182.175.125 - - [30/Sep/2023:03:41:11 +0200] "GET /-p-39399.html HTTP/1.0" 200 73676 "-" "Mozilla/5.0 (compatible; MJ12bot/v1.4.8; http://mj12bot.com/)"
185.191.171.13 - - [30/Sep/2023:03:41:16 +0200] "GET /cats-cutty-door-plate-chambre-p-50641.html HTTP/1.0" 200 73788 "-" "Mozilla/5.0 (compatible; SemrushBot/7~bl; +http://www.semrush.com/bot.html)"
217.182.175.125 - - [30/Sep/2023:03:41:20 +0200] "GET /baseball-humorous-white-p-37778.html HTTP/1.0" 301 73743 "-" "Mozilla/5.0 (compatible; MJ12bot/v1.4.8; http://mj12bot.com/)"
217.182.175.125 - - [30/Sep/2023:03:41:27 +0200] "GET /-p-37778.html HTTP/1.0" 200 73676 "-" "Mozilla/5.0 (compatible; MJ12bot/v1.4.8; http://mj12bot.com/)"
217.182.175.125 - - [30/Sep/2023:03:41:34 +0200] "GET /baseball-humorous-white-p-42583.html HTTP/1.0" 301 73743 "-" "Mozilla/5.0 (compatible; MJ12bot/v1.4.8; http://mj12bot.com/)"
217.182.175.125 - - [30/Sep/2023:03:41:43 +0200] "GET /-p-42583.html HTTP/1.0" 200 73676 "-" "Mozilla/5.0 (compatible; MJ12bot/v1.4.8; http://mj12bot.com/)"
216.244.66.242 - - [30/Sep/2023:03:41:45 +0200] "GET /robots.txt HTTP/1.0" 200 245 "-" "Mozilla/5.0 (compatible; DotBot/1.2; +https://opensiteexplorer.org/dotbot; help@moz.com)"
182.52.71.155 - - [30/Sep/2023:03:42:00 +0200] "GET /contact_us.php HTTP/1.0" 200 26241 "http://www.wonder-geek.com/contact_us.php" "Mozilla/5.0 (Windows NT 10.0; Win64; x64) AppleWebKit/537.36 (KHTML, like Gecko) Chrome/90.0.4430.85 Safari/537.36 Edg/90.0.818.49"
182.52.71.155 - - [30/Sep/2023:03:42:01 +0200] "POST /contact_us.php?action=send HTTP/1.0" 200 26491 "http://www.wonder-geek.com/contact_us.php" "Mozilla/5.0 (Windows NT 10.0; Win64; x64) AppleWebKit/537.36 (KHTML, like Gecko) Chrome/90.0.4430.85 Safari/537.36 Edg/90.0.818.49"
52.167.144.222 - - [30/Sep/2023:03:45:11 +0200] "GET /uncle-scrooge-figurine-collection-by-britto-p-51611.html HTTP/1.0" 301 73939 "-" "Mozilla/5.0 AppleWebKit/537.36 (KHTML, like Gecko; compatible; bingbot/2.0; +http://www.bing.com/bingbot.htm) Chrome/103.0.5060.134 Safari/537.36"
150.109.10.162 - - [30/Sep/2023:03:46:03 +0200] "GET /images/mini_prod/1399984230855.jpg HTTP/1.0" 200 269 "-" "Mozilla/5.0 (X11; Ubuntu; Linux x86_64; rv:72.0) Gecko/20100101 Firefox/72.0"
114.119.134.107 - - [30/Sep/2023:03:46:13 +0200] "GET /provencal-boutis-240-260-cm-with-pillowcases-color-saffron-p-48534.html HTTP/1.0" 301 73998 "http://www.wonder-geek.com/boutis-quilt-bedspread-c-11_194.html?page=2" "Mozilla/5.0 (Linux; Android 7.0;) AppleWebKit/537.36 (KHTML, like Gecko) Mobile Safari/537.36 (compatible; PetalBot;+https://webmaster.petalsearch.com/site/petalbot)"
114.119.134.107 - - [30/Sep/2023:03:46:16 +0200] "GET /provencal-boutis-with-pillowcases-color-saffron-p-48534.html HTTP/1.0" 200 73884 "http://www.wonder-geek.com/boutis-quilt-bedspread-c-11_194.html?page=2" "Mozilla/5.0 (Linux; Android 7.0;) AppleWebKit/537.36 (KHTML, like Gecko) Mobile Safari/537.36 (compatible; PetalBot;+https://webmaster.petalsearch.com/site/petalbot)"
106.11.62.42 - - [30/Sep/2023:03:46:57 +0200] "GET /images/big_prod/1304038301221.jpg HTTP/1.0" 200 268 "-" "Mozilla/5.0 (X11; Ubuntu; Linux x86_64; rv:72.0) Gecko/20100101 Firefox/72.0"
51.68.224.127 - - [30/Sep/2023:03:47:31 +0200] "GET /adminweb/export_orders_xml.php?token=256de2z6edz6ed2z6DFSFsed2zed6zeDSFDSGdzedezfzf&maxorders=10&orderstart=1&status=14&start_date=2018-10-01 HTTP/1.0" 200 285 "-" "GesCom CharlotteBoutik Serveur"
114.119.141.73 - - [30/Sep/2023:03:47:31 +0200] "GET /glass-cutting-board-cherry-p-47881.html HTTP/1.0" 200 76055 "http://www.wonder-geek.com/trivet-and-boards-cut-c-12_158.html?page=4" "Mozilla/5.0 (Linux; Android 7.0;) AppleWebKit/537.36 (KHTML, like Gecko) Mobile Safari/537.36 (compatible; PetalBot;+https://webmaster.petalsearch.com/site/petalbot)"
119.28.98.218 - - [30/Sep/2023:03:47:33 +0200] "GET /images/mini_prod/3520071714622.jpg HTTP/1.0" 200 269 "-" "Mozilla/5.0 (X11; Ubuntu; Linux x86_64; rv:72.0) Gecko/20100101 Firefox/72.0"
51.68.224.127 - - [30/Sep/2023:03:47:32 +0200] "GET /adminweb/export_orders_xml.php?token=256de2z6edz6ed2z6DFSFsed2zed6zeDSFDSGdzedezfzf&maxorders=10&orderstart=1&status=6&start_date=2018-10-01 HTTP/1.0" 200 33939 "-" "GesCom CharlotteBoutik Serveur"
150.109.10.162 - - [30/Sep/2023:03:48:14 +0200] "GET /images/mini_prod/3760116326407.jpg HTTP/1.0" 200 269 "-" "Mozilla/5.0 (X11; Ubuntu; Linux x86_64; rv:72.0) Gecko/20100101 Firefox/72.0"
185.191.171.1 - - [30/Sep/2023:03:48:47 +0200] "GET /macarons-placemat-p-49105.html HTTP/1.0" 200 73716 "-" "Mozilla/5.0 (compatible; SemrushBot/7~bl; +http://www.semrush.com/bot.html)"
192.55.54.55 - - [30/Sep/2023:03:49:04 +0200] "GET /images/mini_prod/8003990631829.jpg HTTP/1.0" 200 269 "-" "Mozilla/5.0 (X11; Ubuntu; Linux x86_64; rv:72.0) Gecko/20100101 Firefox/72.0"
114.119.149.171 - - [30/Sep/2023:03:49:12 +0200] "GET /doormat-tribal-p-50711.html HTTP/1.0" 200 77098 "http://www.wonder-geek.com/the-rugs-c-11_269.html?page=3" "Mozilla/5.0 (Linux; Android 7.0;) AppleWebKit/537.36 (KHTML, like Gecko) Mobile Safari/537.36 (compatible; PetalBot;+https://webmaster.petalsearch.com/site/petalbot)"
49.7.20.92 - - [30/Sep/2023:03:50:03 +0200] "GET / HTTP/1.0" 200 153668 "-" "Sogou web spider/4.0(+http://www.sogou.com/docs/help/webmasters.htm#07)"
114.119.141.103 - - [30/Sep/2023:03:50:17 +0200] "GET /%20images/big_prod/8422020184201.jpg HTTP/1.0" 404 1308 "http://www.wonder-geek.com/jerrican-wall-decor-p-51438.html" "Mozilla/5.0 (Linux; Android 7.0;) AppleWebKit/537.36 (KHTML, like Gecko) Mobile Safari/537.36 (compatible; PetalBot;+https://webmaster.petalsearch.com/site/petalbot)"
216.244.66.242 - - [30/Sep/2023:03:50:24 +0200] "GET /green-gold-lampshade-p-56784.html HTTP/1.0" 200 73754 "-" "Mozilla/5.0 (compatible; DotBot/1.2; +https://opensiteexplorer.org/dotbot; help@moz.com)"
150.109.10.162 - - [30/Sep/2023:03:50:40 +0200] "GET /images/mini_prod/3700653592125.jpg HTTP/1.0" 200 269 "-" "Mozilla/5.0 (X11; Ubuntu; Linux x86_64; rv:72.0) Gecko/20100101 Firefox/72.0"
216.244.66.242 - - [30/Sep/2023:03:50:40 +0200] "GET /tweety-money-p-24157.html HTTP/1.0" 301 73743 "-" "Mozilla/5.0 (compatible; DotBot/1.2; +https://opensiteexplorer.org/dotbot; help@moz.com)"
216.244.66.242 - - [30/Sep/2023:03:50:57 +0200] "GET /capsule-road-wall-decoration-p-46435.html HTTP/1.0" 301 73743 "-" "Mozilla/5.0 (compatible; DotBot/1.2; +https://opensiteexplorer.org/dotbot; help@moz.com)"
24.51.7.22 - - [30/Sep/2023:03:51:12 +0200] "GET /images/mini_prod/8430957052104.jpg HTTP/1.0" 200 269 "-" "Mozilla/5.0 (X11; Ubuntu; Linux x86_64; rv:72.0) Gecko/20100101 Firefox/72.0"
216.244.66.242 - - [30/Sep/2023:03:51:12 +0200] "GET /cbkreation-phone-cover-iphone-p-23473.html HTTP/1.0" 301 73743 "-" "Mozilla/5.0 (compatible; DotBot/1.2; +https://opensiteexplorer.org/dotbot; help@moz.com)"
216.244.66.242 - - [30/Sep/2023:03:51:25 +0200] "GET /polar-cover-jacquie-michel-p-39084.html HTTP/1.0" 301 73743 "-" "Mozilla/5.0 (compatible; DotBot/1.2; +https://opensiteexplorer.org/dotbot; help@moz.com)"
114.119.134.121 - - [30/Sep/2023:03:51:39 +0200] "GET /%20images/big_prod/3660173241210.jpg HTTP/1.0" 404 1308 "http://www.wonder-geek.com/protea-lamp-p-56947.html" "Mozilla/5.0 (Linux; Android 7.0;) AppleWebKit/537.36 (KHTML, like Gecko) Mobile Safari/537.36 (compatible; PetalBot;+https://webmaster.petalsearch.com/site/petalbot)"
216.244.66.242 - - [30/Sep/2023:03:51:38 +0200] "GET /wax-melt-calming-aloe-p-43772.html HTTP/1.0" 301 73830 "-" "Mozilla/5.0 (compatible; DotBot/1.2; +https://opensiteexplorer.org/dotbot; help@moz.com)"
216.244.66.242 - - [30/Sep/2023:03:51:51 +0200] "GET /white-resin-skull-figure-15-cm-p-42291.html HTTP/1.0" 301 73743 "-" "Mozilla/5.0 (compatible; DotBot/1.2; +https://opensiteexplorer.org/dotbot; help@moz.com)"
216.244.66.242 - - [30/Sep/2023:03:52:08 +0200] "GET /windchime-chimes-75-cm-p-43538.html HTTP/1.0" 301 73829 "-" "Mozilla/5.0 (compatible; DotBot/1.2; +https://opensiteexplorer.org/dotbot; help@moz.com)"
85.208.96.203 - - [30/Sep/2023:03:52:16 +0200] "GET /-p-30331.html HTTP/1.0" 200 73676 "-" "Mozilla/5.0 (compatible; SemrushBot/7~bl; +http://www.semrush.com/bot.html)"
216.244.66.242 - - [30/Sep/2023:03:52:21 +0200] "GET /wooden-box-indian-theme-brown-p-44508.html HTTP/1.0" 301 73743 "-" "Mozilla/5.0 (compatible; DotBot/1.2; +https://opensiteexplorer.org/dotbot; help@moz.com)"
216.244.66.242 - - [30/Sep/2023:03:52:35 +0200] "GET /wooden-egg-cellar-18-16-cm-p-44517.html HTTP/1.0" 301 73743 "-" "Mozilla/5.0 (compatible; DotBot/1.2; +https://opensiteexplorer.org/dotbot; help@moz.com)"
216.244.66.242 - - [30/Sep/2023:03:52:52 +0200] "GET /zen-mandala-canvas-frame-p-43098.html HTTP/1.0" 301 73743 "-" "Mozilla/5.0 (compatible; DotBot/1.2; +https://opensiteexplorer.org/dotbot; help@moz.com)"
216.244.66.242 - - [30/Sep/2023:03:53:05 +0200] "GET /zodiac-black-women-tee-shirt-p-30811.html HTTP/1.0" 301 78127 "-" "Mozilla/5.0 (compatible; DotBot/1.2; +https://opensiteexplorer.org/dotbot; help@moz.com)"
216.244.66.242 - - [30/Sep/2023:03:53:18 +0200] "GET /big-us-statue-of-liberty-magnetic-clock-p-17305.html HTTP/1.0" 301 73743 "-" "Mozilla/5.0 (compatible; DotBot/1.2; +https://opensiteexplorer.org/dotbot; help@moz.com)"
216.244.66.242 - - [30/Sep/2023:03:53:31 +0200] "GET /black-and-white-bear-cushion-40-cm-p-36570.html HTTP/1.0" 301 73743 "-" "Mozilla/5.0 (compatible; DotBot/1.2; +https://opensiteexplorer.org/dotbot; help@moz.com)"
66.249.75.73 - - [30/Sep/2023:03:53:33 +0200] "GET /cats-grey-saltshaker-pepper-p-37864.html HTTP/1.0" 200 76189 "-" "Mozilla/5.0 (Linux; Android 6.0.1; Nexus 5X Build/MMB29P) AppleWebKit/537.36 (KHTML, like Gecko) Chrome/117.0.5938.92 Mobile Safari/537.36 (compatible; Googlebot/2.1; +http://www.google.com/bot.html)"
118.195.145.252 - - [30/Sep/2023:03:53:38 +0200] "HEAD /images/mini_prod/3700276281758050720122.jpg HTTP/1.0" 200 290 "-" "Go-http-client/1.1"
118.195.145.252 - - [30/Sep/2023:03:53:38 +0200] "GET /images/mini_prod/3700276281758050720122.jpg HTTP/1.0" 200 278 "-" "Go-http-client/1.1"
118.195.145.252 - - [30/Sep/2023:03:53:38 +0200] "GET /images/mini_prod/3700276281758050720122.jpg HTTP/1.0" 200 278 "-" "Go-http-client/1.1"
216.244.66.242 - - [30/Sep/2023:03:53:47 +0200] "GET /blue-and-gold-owl-statuette-145-cm-p-38551.html HTTP/1.0" 301 73743 "-" "Mozilla/5.0 (compatible; DotBot/1.2; +https://opensiteexplorer.org/dotbot; help@moz.com)"
216.244.66.242 - - [30/Sep/2023:03:54:00 +0200] "GET /calendar-bookmarks-year-2018-16-cm-p-41807.html HTTP/1.0" 301 73743 "-" "Mozilla/5.0 (compatible; DotBot/1.2; +https://opensiteexplorer.org/dotbot; help@moz.com)"
216.244.66.242 - - [30/Sep/2023:03:54:13 +0200] "GET /cats-flowers-large-glass-sold-individually-p-45627.html HTTP/1.0" 301 73743 "-" "Mozilla/5.0 (compatible; DotBot/1.2; +https://opensiteexplorer.org/dotbot; help@moz.com)"
216.244.66.242 - - [30/Sep/2023:03:54:24 +0200] "GET /coton-braided-rug-50-80-cm-chantilly-p-48700.html HTTP/1.0" 301 73882 "-" "Mozilla/5.0 (compatible; DotBot/1.2; +https://opensiteexplorer.org/dotbot; help@moz.com)"
216.244.66.242 - - [30/Sep/2023:03:54:38 +0200] "GET /curtain-eyelets-goa-blue-duck-140-240-cm-p-42533.html HTTP/1.0" 301 73743 "-" "Mozilla/5.0 (compatible; DotBot/1.2; +https://opensiteexplorer.org/dotbot; help@moz.com)"
85.208.96.203 - - [30/Sep/2023:03:54:50 +0200] "GET /porcelain-bowl-turquoise-p-60981.html?action=add_product HTTP/1.0" 302 476 "-" "Mozilla/5.0 (compatible; SemrushBot/7~bl; +http://www.semrush.com/bot.html)"
216.244.66.242 - - [30/Sep/2023:03:54:51 +0200] "GET /doll-minisophie-dangling-plush-30-cm-p-33420.html HTTP/1.0" 301 73743 "-" "Mozilla/5.0 (compatible; DotBot/1.2; +https://opensiteexplorer.org/dotbot; help@moz.com)"
216.244.66.242 - - [30/Sep/2023:03:55:03 +0200] "GET /little-buddha-collection-mug-yellow-p-43045.html HTTP/1.0" 301 73911 "-" "Mozilla/5.0 (compatible; DotBot/1.2; +https://opensiteexplorer.org/dotbot; help@moz.com)"
216.244.66.242 - - [30/Sep/2023:03:55:13 +0200] "GET /marilyn-monroe-black-vertical-shopping-bag-p-39787.html HTTP/1.0" 301 73974 "-" "Mozilla/5.0 (compatible; DotBot/1.2; +https://opensiteexplorer.org/dotbot; help@moz.com)"
178.128.82.105 - - [30/Sep/2023:03:55:23 +0200] "GET /contact_us.php HTTP/1.0" 200 26241 "http://www.wonder-geek.com/contact_us.php" "Mozilla/5.0 (Windows NT 10.0) AppleWebKit/537.36 (KHTML, like Gecko) Chrome/90.0.4430.72 Safari/537.36"
216.244.66.242 - - [30/Sep/2023:03:55:24 +0200] "GET /orange-and-green-buddha-head-glass-lamp-p-47221.html HTTP/1.0" 301 73916 "-" "Mozilla/5.0 (compatible; DotBot/1.2; +https://opensiteexplorer.org/dotbot; help@moz.com)"
178.128.82.105 - - [30/Sep/2023:03:55:27 +0200] "POST /contact_us.php?action=send HTTP/1.0" 200 26533 "http://www.wonder-geek.com/contact_us.php" "Mozilla/5.0 (Windows NT 10.0) AppleWebKit/537.36 (KHTML, like Gecko) Chrome/90.0.4430.72 Safari/537.36"
216.244.66.242 - - [30/Sep/2023:03:55:32 +0200] "GET /owl-tisaniere-with-metal-infuser-mod-p-36541.html HTTP/1.0" 301 73743 "-" "Mozilla/5.0 (compatible; DotBot/1.2; +https://opensiteexplorer.org/dotbot; help@moz.com)"
216.244.66.242 - - [30/Sep/2023:03:55:41 +0200] "GET /porcelain-mood-espresso-cup-tassen-made-in-germany-p-43289.html HTTP/1.0" 301 74019 "-" "Mozilla/5.0 (compatible; DotBot/1.2; +https://opensiteexplorer.org/dotbot; help@moz.com)"
66.249.75.73 - - [30/Sep/2023:03:55:48 +0200] "GET /cotton-glove-holder-ziggy-p-60593.html HTTP/1.0" 200 77107 "-" "Mozilla/5.0 (compatible; Googlebot/2.1; +http://www.google.com/bot.html)"
47.128.24.113 - - [30/Sep/2023:03:55:59 +0200] "GET /money-boxes-c-13_83.html?page=4 HTTP/1.0" 200 96492 "-" "Mozilla/5.0 (compatible; Bytespider; spider-feedback@bytedance.com) AppleWebKit/537.36 (KHTML, like Gecko) Chrome/70.0.0.0 Safari/537.36"
47.128.24.113 - - [30/Sep/2023:03:56:02 +0200] "GET /swfobject.js HTTP/1.0" 404 1308 "http://www.wonder-geek.com/money-boxes-c-13_83.html?page=4" "Mozilla/5.0 (compatible; Bytespider; spider-feedback@bytedance.com) AppleWebKit/537.36 (KHTML, like Gecko) Chrome/70.0.0.0 Safari/537.36"
47.128.37.42 - - [30/Sep/2023:03:56:03 +0200] "GET /home-decoration-c-13.html?page=81 HTTP/1.0" 200 95582 "-" "Mozilla/5.0 (compatible; Bytespider; spider-feedback@bytedance.com) AppleWebKit/537.36 (KHTML, like Gecko) Chrome/70.0.0.0 Safari/537.36"
47.128.37.42 - - [30/Sep/2023:03:56:05 +0200] "GET /swfobject.js HTTP/1.0" 404 1308 "http://www.wonder-geek.com/home-decoration-c-13.html?page=81" "Mozilla/5.0 (compatible; Bytespider; spider-feedback@bytedance.com) AppleWebKit/537.36 (KHTML, like Gecko) Chrome/70.0.0.0 Safari/537.36"
216.244.66.242 - - [30/Sep/2023:03:56:06 +0200] "GET /protects-plastic-mattress-160-200-cm-p-33873.html HTTP/1.0" 301 73884 "-" "Mozilla/5.0 (compatible; DotBot/1.2; +https://opensiteexplorer.org/dotbot; help@moz.com)"
47.128.24.112 - - [30/Sep/2023:03:56:06 +0200] "GET /collectible-disney-figures-c-292_290.html?page=9 HTTP/1.0" 200 98821 "-" "Mozilla/5.0 (compatible; Bytespider; spider-feedback@bytedance.com) AppleWebKit/537.36 (KHTML, like Gecko) Chrome/70.0.0.0 Safari/537.36"
47.128.24.112 - - [30/Sep/2023:03:56:09 +0200] "GET /swfobject.js HTTP/1.0" 404 1308 "http://www.wonder-geek.com/collectible-disney-figures-c-292_290.html?page=9" "Mozilla/5.0 (compatible; Bytespider; spider-feedback@bytedance.com) AppleWebKit/537.36 (KHTML, like Gecko) Chrome/70.0.0.0 Safari/537.36"
47.128.24.113 - - [30/Sep/2023:03:56:09 +0200] "GET /js/jquery.min.js HTTP/1.0" 404 1308 "http://www.wonder-geek.com/money-boxes-c-13_83.html?page=4" "Mozilla/5.0 (compatible; Bytespider; spider-feedback@bytedance.com) AppleWebKit/537.36 (KHTML, like Gecko) Chrome/70.0.0.0 Safari/537.36"
47.128.24.113 - - [30/Sep/2023:03:56:09 +0200] "GET /highslide/graphics/zoomout.cur HTTP/1.0" 200 614 "http://www.wonder-geek.com/money-boxes-c-13_83.html?page=4" "Mozilla/5.0 (compatible; Bytespider; spider-feedback@bytedance.com) AppleWebKit/537.36 (KHTML, like Gecko) Chrome/70.0.0.0 Safari/537.36"
47.128.24.113 - - [30/Sep/2023:03:56:09 +0200] "GET /highslide/graphics/outlines/drop-shadow.png HTTP/1.0" 200 277 "http://www.wonder-geek.com/money-boxes-c-13_83.html?page=4" "Mozilla/5.0 (compatible; Bytespider; spider-feedback@bytedance.com) AppleWebKit/537.36 (KHTML, like Gecko) Chrome/70.0.0.0 Safari/537.36"
47.128.36.188 - - [30/Sep/2023:03:56:09 +0200] "GET /trivet-boards-c-12_158.html?page=6 HTTP/1.0" 200 96855 "-" "Mozilla/5.0 (compatible; Bytespider; spider-feedback@bytedance.com) AppleWebKit/537.36 (KHTML, like Gecko) Chrome/70.0.0.0 Safari/537.36"
47.128.36.188 - - [30/Sep/2023:03:56:11 +0200] "GET /swfobject.js HTTP/1.0" 404 1308 "http://www.wonder-geek.com/trivet-boards-c-12_158.html?page=6" "Mozilla/5.0 (compatible; Bytespider; spider-feedback@bytedance.com) AppleWebKit/537.36 (KHTML, like Gecko) Chrome/70.0.0.0 Safari/537.36"
47.128.24.112 - - [30/Sep/2023:03:56:13 +0200] "GET /js/jquery.min.js HTTP/1.0" 404 1308 "http://www.wonder-geek.com/collectible-disney-figures-c-292_290.html?page=9" "Mozilla/5.0 (compatible; Bytespider; spider-feedback@bytedance.com) AppleWebKit/537.36 (KHTML, like Gecko) Chrome/70.0.0.0 Safari/537.36"
47.128.24.112 - - [30/Sep/2023:03:56:14 +0200] "GET /highslide/graphics/outlines/drop-shadow.png HTTP/1.0" 200 277 "http://www.wonder-geek.com/collectible-disney-figures-c-292_290.html?page=9" "Mozilla/5.0 (compatible; Bytespider; spider-feedback@bytedance.com) AppleWebKit/537.36 (KHTML, like Gecko) Chrome/70.0.0.0 Safari/537.36"
47.128.24.112 - - [30/Sep/2023:03:56:14 +0200] "GET /highslide/graphics/zoomout.cur HTTP/1.0" 200 614 "http://www.wonder-geek.com/collectible-disney-figures-c-292_290.html?page=9" "Mozilla/5.0 (compatible; Bytespider; spider-feedback@bytedance.com) AppleWebKit/537.36 (KHTML, like Gecko) Chrome/70.0.0.0 Safari/537.36"
47.128.37.42 - - [30/Sep/2023:03:56:15 +0200] "GET /js/jquery.min.js HTTP/1.0" 404 1308 "http://www.wonder-geek.com/home-decoration-c-13.html?page=81" "Mozilla/5.0 (compatible; Bytespider; spider-feedback@bytedance.com) AppleWebKit/537.36 (KHTML, like Gecko) Chrome/70.0.0.0 Safari/537.36"
47.128.37.42 - - [30/Sep/2023:03:56:16 +0200] "GET /highslide/graphics/outlines/drop-shadow.png HTTP/1.0" 200 277 "http://www.wonder-geek.com/home-decoration-c-13.html?page=81" "Mozilla/5.0 (compatible; Bytespider; spider-feedback@bytedance.com) AppleWebKit/537.36 (KHTML, like Gecko) Chrome/70.0.0.0 Safari/537.36"
47.128.37.42 - - [30/Sep/2023:03:56:16 +0200] "GET /highslide/graphics/zoomout.cur HTTP/1.0" 200 614 "http://www.wonder-geek.com/home-decoration-c-13.html?page=81" "Mozilla/5.0 (compatible; Bytespider; spider-feedback@bytedance.com) AppleWebKit/537.36 (KHTML, like Gecko) Chrome/70.0.0.0 Safari/537.36"
47.128.36.188 - - [30/Sep/2023:03:56:17 +0200] "GET /js/jquery.min.js HTTP/1.0" 404 1308 "http://www.wonder-geek.com/trivet-boards-c-12_158.html?page=6" "Mozilla/5.0 (compatible; Bytespider; spider-feedback@bytedance.com) AppleWebKit/537.36 (KHTML, like Gecko) Chrome/70.0.0.0 Safari/537.36"
47.128.36.188 - - [30/Sep/2023:03:56:18 +0200] "GET /highslide/graphics/outlines/drop-shadow.png HTTP/1.0" 200 277 "http://www.wonder-geek.com/trivet-boards-c-12_158.html?page=6" "Mozilla/5.0 (compatible; Bytespider; spider-feedback@bytedance.com) AppleWebKit/537.36 (KHTML, like Gecko) Chrome/70.0.0.0 Safari/537.36"
47.128.36.188 - - [30/Sep/2023:03:56:18 +0200] "GET /highslide/graphics/zoomout.cur HTTP/1.0" 200 614 "http://www.wonder-geek.com/trivet-boards-c-12_158.html?page=6" "Mozilla/5.0 (compatible; Bytespider; spider-feedback@bytedance.com) AppleWebKit/537.36 (KHTML, like Gecko) Chrome/70.0.0.0 Safari/537.36"
85.208.96.206 - - [30/Sep/2023:03:56:19 +0200] "GET /kimmidoll-dolls-p-46130.html HTTP/1.0" 200 73757 "-" "Mozilla/5.0 (compatible; SemrushBot/7~bl; +http://www.semrush.com/bot.html)"
216.244.66.242 - - [30/Sep/2023:03:56:27 +0200] "GET /pusheen-mermaid-star-soft-toy-16-cm-p-41680.html HTTP/1.0" 301 73743 "-" "Mozilla/5.0 (compatible; DotBot/1.2; +https://opensiteexplorer.org/dotbot; help@moz.com)"
47.128.47.164 - - [30/Sep/2023:03:56:31 +0200] "GET /sandstone-flower-p-50812.html HTTP/1.0" 200 76050 "-" "Mozilla/5.0 (Linux; Android 5.0) AppleWebKit/537.36 (KHTML, like Gecko) Mobile Safari/537.36 (compatible; Bytespider; spider-feedback@bytedance.com)"
47.128.47.164 - - [30/Sep/2023:03:56:34 +0200] "GET /swfobject.js HTTP/1.0" 404 1308 "http://www.wonder-geek.com/sandstone-flower-p-50812.html" "Mozilla/5.0 (Linux; Android 5.0) AppleWebKit/537.36 (KHTML, like Gecko) Mobile Safari/537.36 (compatible; Bytespider; spider-feedback@bytedance.com)"
47.128.47.164 - - [30/Sep/2023:03:56:42 +0200] "GET /highslide/graphics/zoomin.cur HTTP/1.0" 200 614 "http://www.wonder-geek.com/templates/Pixame_v1/stylesheet.css" "Mozilla/5.0 (Linux; Android 5.0) AppleWebKit/537.36 (KHTML, like Gecko) Mobile Safari/537.36 (compatible; Bytespider; spider-feedback@bytedance.com)"
47.128.47.164 - - [30/Sep/2023:03:56:43 +0200] "GET /highslide/graphics/outlines/drop-shadow.png HTTP/1.0" 200 277 "http://www.wonder-geek.com/sandstone-flower-p-50812.html" "Mozilla/5.0 (Linux; Android 5.0) AppleWebKit/537.36 (KHTML, like Gecko) Mobile Safari/537.36 (compatible; Bytespider; spider-feedback@bytedance.com)"
47.128.47.164 - - [30/Sep/2023:03:56:43 +0200] "GET /highslide/graphics/zoomout.cur HTTP/1.0" 200 614 "http://www.wonder-geek.com/sandstone-flower-p-50812.html" "Mozilla/5.0 (Linux; Android 5.0) AppleWebKit/537.36 (KHTML, like Gecko) Mobile Safari/537.36 (compatible; Bytespider; spider-feedback@bytedance.com)"
47.128.47.164 - - [30/Sep/2023:03:56:43 +0200] "GET /images/big_prod/3520071688985.jpg HTTP/1.0" 200 268 "http://www.wonder-geek.com/sandstone-flower-p-50812.html" "Mozilla/5.0 (Linux; Android 5.0) AppleWebKit/537.36 (KHTML, like Gecko) Mobile Safari/537.36 (compatible; Bytespider; spider-feedback@bytedance.com)"
106.11.62.120 - - [30/Sep/2023:03:56:56 +0200] "GET /images/mini_prod/0000000000000000000loup.jpg HTTP/1.0" 200 279 "-" "Mozilla/5.0 (X11; Ubuntu; Linux x86_64; rv:72.0) Gecko/20100101 Firefox/72.0"
216.244.66.242 - - [30/Sep/2023:03:56:57 +0200] "GET /rectangular-basket-braided-willow-p-49695.html HTTP/1.0" 301 73743 "-" "Mozilla/5.0 (compatible; DotBot/1.2; +https://opensiteexplorer.org/dotbot; help@moz.com)"
47.245.90.146 - - [30/Sep/2023:03:57:09 +0200] "GET /images/mini_prod/3503420075858.jpg HTTP/1.0" 200 269 "-" "python-requests/2.31.0"
216.244.66.242 - - [30/Sep/2023:03:57:22 +0200] "GET /retro-wooden-shelf-cabinet-white-patina-p-45817.html HTTP/1.0" 301 76338 "-" "Mozilla/5.0 (compatible; DotBot/1.2; +https://opensiteexplorer.org/dotbot; help@moz.com)"
216.244.66.242 - - [30/Sep/2023:03:57:48 +0200] "GET /sacred-heart-of-mary-prayer-candle-novena-p-44461.html HTTP/1.0" 301 73915 "-" "Mozilla/5.0 (compatible; DotBot/1.2; +https://opensiteexplorer.org/dotbot; help@moz.com)"
54.36.148.63 - - [30/Sep/2023:03:57:55 +0200] "GET /polar-blanket-p-58799.html HTTP/1.0" 200 76862 "-" "Mozilla/5.0 (compatible; AhrefsBot/7.0; +http://ahrefs.com/robot/)"
54.36.148.231 - - [30/Sep/2023:03:58:00 +0200] "GET /images/big_prod_1/3014627974917b.jpg HTTP/1.0" 200 271 "-" "Mozilla/5.0 (compatible; AhrefsBot/7.0; +http://ahrefs.com/robot/)"
54.36.149.94 - - [30/Sep/2023:03:58:02 +0200] "GET /images/big_prod/3014627974900.jpg HTTP/1.0" 200 268 "-" "Mozilla/5.0 (compatible; AhrefsBot/7.0; +http://ahrefs.com/robot/)"
216.244.66.242 - - [30/Sep/2023:03:58:11 +0200] "GET /school-bus-american-retro-peg-29-cm-p-35729.html HTTP/1.0" 301 73866 "-" "Mozilla/5.0 (compatible; DotBot/1.2; +https://opensiteexplorer.org/dotbot; help@moz.com)"
216.244.66.242 - - [30/Sep/2023:03:58:34 +0200] "GET /sentiment-tea-towel-kitchen-towel-70-35-cm-p-43620.html HTTP/1.0" 301 76885 "-" "Mozilla/5.0 (compatible; DotBot/1.2; +https://opensiteexplorer.org/dotbot; help@moz.com)"
216.244.66.242 - - [30/Sep/2023:03:58:56 +0200] "GET /sentiment-tea-towel-kitchen-towel-70-35-cm-p-43627.html HTTP/1.0" 301 76885 "-" "Mozilla/5.0 (compatible; DotBot/1.2; +https://opensiteexplorer.org/dotbot; help@moz.com)"
119.45.62.51 - - [30/Sep/2023:03:59:08 +0200] "HEAD /images/mini_prod/3609810063686.jpg HTTP/1.0" 200 290 "-" "Go-http-client/1.1"
119.45.62.51 - - [30/Sep/2023:03:59:09 +0200] "GET /images/mini_prod/3609810063686.jpg HTTP/1.0" 200 269 "-" "Go-http-client/1.1"
119.45.62.51 - - [30/Sep/2023:03:59:09 +0200] "GET /images/mini_prod/3609810063686.jpg HTTP/1.0" 200 269 "-" "Go-http-client/1.1"
216.244.66.242 - - [30/Sep/2023:03:59:15 +0200] "GET /sheer-curtain-eyelets-paris-135-250-cm-p-36471.html HTTP/1.0" 301 73743 "-" "Mozilla/5.0 (compatible; DotBot/1.2; +https://opensiteexplorer.org/dotbot; help@moz.com)"
216.244.66.242 - - [30/Sep/2023:03:59:34 +0200] "GET /small-ceramic-ashtray-the-gourmet-bistro-p-50647.html HTTP/1.0" 301 76265 "-" "Mozilla/5.0 (compatible; DotBot/1.2; +https://opensiteexplorer.org/dotbot; help@moz.com)"
216.244.66.242 - - [30/Sep/2023:03:59:53 +0200] "GET /teo-jasmin-make-up-pouch-teo-koala-grey-p-38838.html HTTP/1.0" 301 73743 "-" "Mozilla/5.0 (compatible; DotBot/1.2; +https://opensiteexplorer.org/dotbot; help@moz.com)"
17.241.75.113 - - [30/Sep/2023:03:59:54 +0200] "GET /images/big_prod_1/3609810061989a.jpg HTTP/1.0" 200 271 "-" "Mozilla/5.0 (Macintosh; Intel Mac OS X 10_15_5) AppleWebKit/605.1.15 (KHTML, like Gecko) Version/13.1.1 Safari/605.1.15 (Applebot/0.1; +http://www.apple.com/go/applebot)"
150.109.196.248 - - [30/Sep/2023:03:59:57 +0200] "GET /images/mini_prod/8719497613823.jpg HTTP/1.0" 200 269 "-" "Mozilla/5.0 (X11; Ubuntu; Linux x86_64; rv:72.0) Gecko/20100101 Firefox/72.0"
