66.249.66.205 - - [01/Oct/2023:01:21:32 +0200] "GET /shasta-sage-smudge-large-p-40515.html HTTP/1.0" 200 76985 "-" "Mozilla/5.0 (Linux; Android 6.0.1; Nexus 5X Build/MMB29P) AppleWebKit/537.36 (KHTML, like Gecko) Chrome/117.0.5938.92 Mobile Safari/537.36 (compatible; Googlebot/2.1; +http://www.google.com/bot.html)"
66.249.66.206 - - [01/Oct/2023:01:24:02 +0200] "GET /decorative-statuettes-monkeys-of-wisdom-ocher-p-52730.html HTTP/1.0" 301 74051 "-" "Mozilla/5.0 (compatible; Googlebot/2.1; +http://www.google.com/bot.html)"
66.249.66.205 - - [01/Oct/2023:01:24:07 +0200] "GET /decorative-statuettes-monkeys-wisdom-ocher-p-52730.html HTTP/1.0" 200 73942 "-" "Mozilla/5.0 (compatible; Googlebot/2.1; +http://www.google.com/bot.html)"
66.249.66.205 - - [01/Oct/2023:01:26:32 +0200] "GET /decorative-statuettes-monkeys-of-wisdom-ocher-p-52730.html HTTP/1.0" 301 74051 "-" "Mozilla/5.0 (Linux; Android 6.0.1; Nexus 5X Build/MMB29P) AppleWebKit/537.36 (KHTML, like Gecko) Chrome/117.0.5938.92 Mobile Safari/537.36 (compatible; Googlebot/2.1; +http://www.google.com/bot.html)"
66.249.66.205 - - [01/Oct/2023:01:26:37 +0200] "GET /decorative-statuettes-monkeys-wisdom-ocher-p-52730.html HTTP/1.0" 200 73942 "-" "Mozilla/5.0 (Linux; Android 6.0.1; Nexus 5X Build/MMB29P) AppleWebKit/537.36 (KHTML, like Gecko) Chrome/117.0.5938.92 Mobile Safari/537.36 (compatible; Googlebot/2.1; +http://www.google.com/bot.html)"
47.128.54.97 - - [01/Oct/2023:01:27:19 +0200] "GET /images/8430269165882.jpg HTTP/1.0" 200 259 "-" "Mozilla/5.0 (Linux; Android 5.0) AppleWebKit/537.36 (KHTML, like Gecko) Mobile Safari/537.36 (compatible; Bytespider; spider-feedback@bytedance.com)"
52.167.144.175 - - [01/Oct/2023:01:28:49 +0200] "GET /blackout-curtain-with-eyelets-p-60790.html HTTP/1.0" 200 77077 "-" "Mozilla/5.0 AppleWebKit/537.36 (KHTML, like Gecko; compatible; bingbot/2.0; +http://www.bing.com/bingbot.htm) Chrome/103.0.5060.134 Safari/537.36"
52.167.144.175 - - [01/Oct/2023:01:28:51 +0200] "GET /collectible-figurines-decorative-c-13_135.html HTTP/1.0" 200 97365 "-" "Mozilla/5.0 AppleWebKit/537.36 (KHTML, like Gecko; compatible; bingbot/2.0; +http://www.bing.com/bingbot.htm) Chrome/103.0.5060.134 Safari/537.36"
52.167.144.175 - - [01/Oct/2023:01:28:54 +0200] "GET /flatwares-c-12_63.html HTTP/1.0" 200 93208 "-" "Mozilla/5.0 AppleWebKit/537.36 (KHTML, like Gecko; compatible; bingbot/2.0; +http://www.bing.com/bingbot.htm) Chrome/103.0.5060.134 Safari/537.36"
66.249.66.206 - - [01/Oct/2023:01:29:04 +0200] "GET /cement-tile-stickers-15-15-cm-white-p-45008.html HTTP/1.0" 301 73837 "-" "Mozilla/5.0 (compatible; Googlebot/2.1; +http://www.google.com/bot.html)"
66.249.66.205 - - [01/Oct/2023:01:29:08 +0200] "GET /-p-45008.html HTTP/1.0" 200 73770 "-" "Mozilla/5.0 (compatible; Googlebot/2.1; +http://www.google.com/bot.html)"
66.249.66.205 - - [01/Oct/2023:01:29:30 +0200] "GET /jane-avril-toulouse-lautrec-melinite-statue-collection-p-48784.html HTTP/1.0" 200 77189 "-" "Mozilla/5.0 (compatible; Googlebot/2.1; +http://www.google.com/bot.html)"
216.244.66.242 - - [01/Oct/2023:01:29:55 +0200] "GET /robots.txt HTTP/1.0" 200 245 "-" "Mozilla/5.0 (compatible; DotBot/1.2; +https://opensiteexplorer.org/dotbot; help@moz.com)"
47.128.52.109 - - [01/Oct/2023:01:31:19 +0200] "GET /images/8430269165882.jpg HTTP/1.0" 200 259 "-" "Mozilla/5.0 (Linux; Android 5.0) AppleWebKit/537.36 (KHTML, like Gecko) Mobile Safari/537.36 (compatible; Bytespider; spider-feedback@bytedance.com)"
66.249.66.206 - - [01/Oct/2023:01:31:32 +0200] "GET /giraffe-statue-clay-look-50-cm-p-50063.html HTTP/1.0" 301 77416 "-" "Mozilla/5.0 (compatible; Googlebot/2.1; +http://www.google.com/bot.html)"
66.249.66.205 - - [01/Oct/2023:01:31:36 +0200] "GET /giraffe-statue-clay-look-p-50063.html HTTP/1.0" 200 77325 "-" "Mozilla/5.0 (compatible; Googlebot/2.1; +http://www.google.com/bot.html)"
182.22.30.15 - - [01/Oct/2023:01:32:55 +0200] "GET /images/mini_prod/5400924320263.jpg HTTP/1.0" 200 269 "-" "Mozilla/5.0 (compatible; Y!J-WSC/1.0; +https://yahoo.jp/3BSZgF)"
52.167.144.189 - - [01/Oct/2023:01:34:01 +0200] "GET /mugs-mazagrans-c-12_57.html?page=3 HTTP/1.0" 200 98627 "-" "Mozilla/5.0 AppleWebKit/537.36 (KHTML, like Gecko; compatible; bingbot/2.0; +http://www.bing.com/bingbot.htm) Chrome/103.0.5060.134 Safari/537.36"
66.249.66.205 - - [01/Oct/2023:01:34:03 +0200] "GET /decoration-evolution-p-46696.html HTTP/1.0" 200 73862 "-" "Mozilla/5.0 (compatible; Googlebot/2.1; +http://www.google.com/bot.html)"
200.85.34.174 - - [01/Oct/2023:01:35:04 +0200] "GET /contact_us.php HTTP/1.0" 200 26241 "http://www.wonder-geek.com/contact_us.php" "Mozilla/5.0 (Windows NT 10.0) AppleWebKit/537.36 (KHTML, like Gecko) Chrome/90.0.4430.85 Safari/537.36 Edg/90.0.818.46"
51.68.224.127 - - [01/Oct/2023:01:36:04 +0200] "GET /adminweb/export_orders_xml.php?token=256de2z6edz6ed2z6DFSFsed2zed6zeDSFDSGdzedezfzf&maxorders=10&orderstart=1&status=14&start_date=2018-10-01 HTTP/1.0" 200 285 "-" "GesCom CharlotteBoutik Serveur"
51.68.224.127 - - [01/Oct/2023:01:36:04 +0200] "GET /adminweb/export_orders_xml.php?token=256de2z6edz6ed2z6DFSFsed2zed6zeDSFDSGdzedezfzf&maxorders=10&orderstart=1&status=6&start_date=2018-10-01 HTTP/1.0" 200 33939 "-" "GesCom CharlotteBoutik Serveur"
150.109.10.162 - - [01/Oct/2023:01:36:24 +0200] "GET /images/mini_prod/5400924064662B.jpg HTTP/1.0" 200 270 "-" "Mozilla/5.0 (X11; Ubuntu; Linux x86_64; rv:72.0) Gecko/20100101 Firefox/72.0"
66.249.66.206 - - [01/Oct/2023:01:36:34 +0200] "GET /decoration-evolution-p-46696.html HTTP/1.0" 200 73862 "-" "Mozilla/5.0 (Linux; Android 6.0.1; Nexus 5X Build/MMB29P) AppleWebKit/537.36 (KHTML, like Gecko) Chrome/117.0.5938.92 Mobile Safari/537.36 (compatible; Googlebot/2.1; +http://www.google.com/bot.html)"
66.249.66.207 - - [01/Oct/2023:01:37:46 +0200] "GET /adults-apron-cotton-yuco-jade-p-48218.html HTTP/1.0" 200 76242 "-" "Mozilla/5.0 (Linux; Android 6.0.1; Nexus 5X Build/MMB29P) AppleWebKit/537.36 (KHTML, like Gecko) Chrome/117.0.5938.92 Mobile Safari/537.36 (compatible; Googlebot/2.1; +http://www.google.com/bot.html)"
66.249.66.207 - - [01/Oct/2023:01:37:48 +0200] "GET /collar-with-rhinestones-lighting-p-35684.html HTTP/1.0" 200 73908 "-" "Mozilla/5.0 (Linux; Android 6.0.1; Nexus 5X Build/MMB29P) AppleWebKit/537.36 (KHTML, like Gecko) Chrome/117.0.5938.92 Mobile Safari/537.36 (compatible; Googlebot/2.1; +http://www.google.com/bot.html)"
119.45.62.51 - - [01/Oct/2023:01:38:25 +0200] "HEAD /images/big_prod_2/3442440302790z.jpg HTTP/1.0" 200 293 "-" "Go-http-client/1.1"
119.45.62.51 - - [01/Oct/2023:01:38:25 +0200] "GET /images/big_prod_2/3442440302790z.jpg HTTP/1.0" 200 271 "-" "Go-http-client/1.1"
119.45.62.51 - - [01/Oct/2023:01:38:27 +0200] "GET /images/big_prod_2/3442440302790z.jpg HTTP/1.0" 200 271 "-" "Go-http-client/1.1"
66.249.66.206 - - [01/Oct/2023:01:39:05 +0200] "GET /wooden-wall-decoration-88-30-cm-tahitian-theme-p-44042.html HTTP/1.0" 301 73837 "-" "Mozilla/5.0 (compatible; Googlebot/2.1; +http://www.google.com/bot.html)"
66.249.66.205 - - [01/Oct/2023:01:39:11 +0200] "GET /-p-44042.html HTTP/1.0" 200 73770 "-" "Mozilla/5.0 (compatible; Googlebot/2.1; +http://www.google.com/bot.html)"
54.36.149.57 - - [01/Oct/2023:01:39:57 +0200] "GET /silhouette-ceramic-vase-birth-venus-bottice-p-60994.html HTTP/1.0" 200 78594 "-" "Mozilla/5.0 (compatible; AhrefsBot/7.0; +http://ahrefs.com/robot/)"
34.73.206.133 - - [01/Oct/2023:01:40:07 +0200] "GET /coasters-c-12_157.html HTTP/1.0" 200 95577 "-" "ZoominfoBot (zoominfobot at zoominfo dot com)"
103.52.188.152 - - [01/Oct/2023:01:40:34 +0200] "GET /images/mini_prod/424GJ18.jpg HTTP/1.0" 200 263 "-" "Mozilla/5.0 (X11; Ubuntu; Linux x86_64; rv:72.0) Gecko/20100101 Firefox/72.0"
216.244.66.242 - - [01/Oct/2023:01:40:50 +0200] "GET /andorre-clock-by-cbkreation-p-36827.html HTTP/1.0" 301 76241 "-" "Mozilla/5.0 (compatible; DotBot/1.2; +https://opensiteexplorer.org/dotbot; help@moz.com)"
216.244.66.242 - - [01/Oct/2023:01:40:59 +0200] "GET /beige-perfume-diffuser-p-31891.html HTTP/1.0" 301 73837 "-" "Mozilla/5.0 (compatible; DotBot/1.2; +https://opensiteexplorer.org/dotbot; help@moz.com)"
216.244.66.242 - - [01/Oct/2023:01:41:08 +0200] "GET /betty-boop-glove-child-p-22127.html HTTP/1.0" 301 73837 "-" "Mozilla/5.0 (compatible; DotBot/1.2; +https://opensiteexplorer.org/dotbot; help@moz.com)"
66.249.66.205 - - [01/Oct/2023:01:41:12 +0200] "GET /flamingo-allen-pill-p-51383.html HTTP/1.0" 200 76835 "-" "Mozilla/5.0 (compatible; Googlebot/2.1; +http://www.google.com/bot.html)"
216.244.66.242 - - [01/Oct/2023:01:41:23 +0200] "GET /brave-mrida-melamine-glass-p-17157.html HTTP/1.0" 301 73837 "-" "Mozilla/5.0 (compatible; DotBot/1.2; +https://opensiteexplorer.org/dotbot; help@moz.com)"
66.249.66.205 - - [01/Oct/2023:01:41:33 +0200] "GET /wooden-wall-decoration-88-30-cm-tahitian-theme-p-44042.html HTTP/1.0" 301 73837 "-" "Mozilla/5.0 (Linux; Android 6.0.1; Nexus 5X Build/MMB29P) AppleWebKit/537.36 (KHTML, like Gecko) Chrome/117.0.5938.92 Mobile Safari/537.36 (compatible; Googlebot/2.1; +http://www.google.com/bot.html)"
216.244.66.242 - - [01/Oct/2023:01:41:35 +0200] "GET /dora-explorater-plastic-bowl-p-14856.html HTTP/1.0" 301 73837 "-" "Mozilla/5.0 (compatible; DotBot/1.2; +https://opensiteexplorer.org/dotbot; help@moz.com)"
66.249.66.205 - - [01/Oct/2023:01:41:37 +0200] "GET /-p-44042.html HTTP/1.0" 200 73770 "-" "Mozilla/5.0 (Linux; Android 6.0.1; Nexus 5X Build/MMB29P) AppleWebKit/537.36 (KHTML, like Gecko) Chrome/117.0.5938.92 Mobile Safari/537.36 (compatible; Googlebot/2.1; +http://www.google.com/bot.html)"
216.244.66.242 - - [01/Oct/2023:01:41:47 +0200] "GET /dreamcatcher-hemp-rainbow-p-43194.html HTTP/1.0" 301 73837 "-" "Mozilla/5.0 (compatible; DotBot/1.2; +https://opensiteexplorer.org/dotbot; help@moz.com)"
216.244.66.242 - - [01/Oct/2023:01:41:57 +0200] "GET /hanging-iron-structure-peacock-p-44504.html HTTP/1.0" 301 73837 "-" "Mozilla/5.0 (compatible; DotBot/1.2; +https://opensiteexplorer.org/dotbot; help@moz.com)"
216.244.66.242 - - [01/Oct/2023:01:42:06 +0200] "GET /hedgehogs-tisanire-p-42270.html HTTP/1.0" 301 73837 "-" "Mozilla/5.0 (compatible; DotBot/1.2; +https://opensiteexplorer.org/dotbot; help@moz.com)"
203.185.131.166 - - [01/Oct/2023:01:42:14 +0200] "GET /images/mini_prod/3700791201514NN.jpg HTTP/1.0" 200 271 "-" "Mozilla/5.0 (X11; Ubuntu; Linux x86_64; rv:72.0) Gecko/20100101 Firefox/72.0"
216.244.66.242 - - [01/Oct/2023:01:42:15 +0200] "GET /jasmin-large-make-pouch-p-44219.html HTTP/1.0" 301 73837 "-" "Mozilla/5.0 (compatible; DotBot/1.2; +https://opensiteexplorer.org/dotbot; help@moz.com)"
216.244.66.242 - - [01/Oct/2023:01:42:22 +0200] "GET /marvel-avengers-backpack-40-cm-p-36231.html HTTP/1.0" 301 76411 "-" "Mozilla/5.0 (compatible; DotBot/1.2; +https://opensiteexplorer.org/dotbot; help@moz.com)"
216.244.66.242 - - [01/Oct/2023:01:42:37 +0200] "GET /robocar-poli-friction-p-18367.html HTTP/1.0" 301 73837 "-" "Mozilla/5.0 (compatible; DotBot/1.2; +https://opensiteexplorer.org/dotbot; help@moz.com)"
216.244.66.242 - - [01/Oct/2023:01:42:49 +0200] "GET /favorite-friends-puppy-kids-school-backpack-with-wheels-p-36208.html HTTP/1.0" 301 73837 "-" "Mozilla/5.0 (compatible; DotBot/1.2; +https://opensiteexplorer.org/dotbot; help@moz.com)"
216.244.66.242 - - [01/Oct/2023:01:43:02 +0200] "GET /jasmin-companion-portfolio-racing-p-41286.html HTTP/1.0" 301 73837 "-" "Mozilla/5.0 (compatible; DotBot/1.2; +https://opensiteexplorer.org/dotbot; help@moz.com)"
216.244.66.242 - - [01/Oct/2023:01:43:12 +0200] "GET /pepe-jeans-black-backpack-laptop-p-35998.html HTTP/1.0" 301 73972 "-" "Mozilla/5.0 (compatible; DotBot/1.2; +https://opensiteexplorer.org/dotbot; help@moz.com)"
66.249.66.207 - - [01/Oct/2023:01:44:03 +0200] "GET /baby-chimpanzee-small-round-magnet-p-31911.html HTTP/1.0" 200 76202 "-" "Mozilla/5.0 (Linux; Android 6.0.1; Nexus 5X Build/MMB29P) AppleWebKit/537.36 (KHTML, like Gecko) Chrome/117.0.5938.92 Mobile Safari/537.36 (compatible; Googlebot/2.1; +http://www.google.com/bot.html)"
106.11.62.132 - - [01/Oct/2023:01:44:10 +0200] "GET /images/mini_prod/8433914427922.jpg HTTP/1.0" 200 269 "-" "Mozilla/5.0 (X11; Ubuntu; Linux x86_64; rv:72.0) Gecko/20100101 Firefox/72.0"
47.128.29.153 - - [01/Oct/2023:01:44:18 +0200] "GET /adults-c-53.html?page=3 HTTP/1.0" 200 94414 "-" "Mozilla/5.0 (compatible; Bytespider; spider-feedback@bytedance.com) AppleWebKit/537.36 (KHTML, like Gecko) Chrome/70.0.0.0 Safari/537.36"
47.128.29.153 - - [01/Oct/2023:01:44:20 +0200] "GET /swfobject.js HTTP/1.0" 404 1308 "http://www.wonder-geek.com/adults-c-53.html?page=3" "Mozilla/5.0 (compatible; Bytespider; spider-feedback@bytedance.com) AppleWebKit/537.36 (KHTML, like Gecko) Chrome/70.0.0.0 Safari/537.36"
47.128.29.153 - - [01/Oct/2023:01:44:21 +0200] "GET /js/jquery.min.js HTTP/1.0" 404 1308 "http://www.wonder-geek.com/adults-c-53.html?page=3" "Mozilla/5.0 (compatible; Bytespider; spider-feedback@bytedance.com) AppleWebKit/537.36 (KHTML, like Gecko) Chrome/70.0.0.0 Safari/537.36"
47.128.29.153 - - [01/Oct/2023:01:44:21 +0200] "GET /highslide/graphics/outlines/drop-shadow.png HTTP/1.0" 200 277 "http://www.wonder-geek.com/adults-c-53.html?page=3" "Mozilla/5.0 (compatible; Bytespider; spider-feedback@bytedance.com) AppleWebKit/537.36 (KHTML, like Gecko) Chrome/70.0.0.0 Safari/537.36"
47.128.29.153 - - [01/Oct/2023:01:44:21 +0200] "GET /highslide/graphics/zoomout.cur HTTP/1.0" 200 614 "http://www.wonder-geek.com/adults-c-53.html?page=3" "Mozilla/5.0 (compatible; Bytespider; spider-feedback@bytedance.com) AppleWebKit/537.36 (KHTML, like Gecko) Chrome/70.0.0.0 Safari/537.36"
47.128.18.45 - - [01/Oct/2023:01:44:21 +0200] "GET /-p-25201.html HTTP/1.0" 200 73770 "-" "Mozilla/5.0 (compatible; Bytespider; spider-feedback@bytedance.com) AppleWebKit/537.36 (KHTML, like Gecko) Chrome/70.0.0.0 Safari/537.36"
47.128.18.45 - - [01/Oct/2023:01:44:23 +0200] "GET /swfobject.js HTTP/1.0" 404 1308 "http://www.wonder-geek.com/-p-25201.html" "Mozilla/5.0 (compatible; Bytespider; spider-feedback@bytedance.com) AppleWebKit/537.36 (KHTML, like Gecko) Chrome/70.0.0.0 Safari/537.36"
47.128.60.226 - - [01/Oct/2023:01:44:25 +0200] "GET /jute-p-56521.html HTTP/1.0" 200 76994 "-" "Mozilla/5.0 (compatible; Bytespider; spider-feedback@bytedance.com) AppleWebKit/537.36 (KHTML, like Gecko) Chrome/70.0.0.0 Safari/537.36"
47.128.60.226 - - [01/Oct/2023:01:44:27 +0200] "GET /swfobject.js HTTP/1.0" 404 1308 "http://www.wonder-geek.com/jute-p-56521.html" "Mozilla/5.0 (compatible; Bytespider; spider-feedback@bytedance.com) AppleWebKit/537.36 (KHTML, like Gecko) Chrome/70.0.0.0 Safari/537.36"
47.128.18.45 - - [01/Oct/2023:01:44:27 +0200] "GET /highslide/graphics/outlines/drop-shadow.png HTTP/1.0" 200 277 "http://www.wonder-geek.com/-p-25201.html" "Mozilla/5.0 (compatible; Bytespider; spider-feedback@bytedance.com) AppleWebKit/537.36 (KHTML, like Gecko) Chrome/70.0.0.0 Safari/537.36"
47.128.18.45 - - [01/Oct/2023:01:44:27 +0200] "GET /highslide/graphics/zoomout.cur HTTP/1.0" 200 614 "http://www.wonder-geek.com/-p-25201.html" "Mozilla/5.0 (compatible; Bytespider; spider-feedback@bytedance.com) AppleWebKit/537.36 (KHTML, like Gecko) Chrome/70.0.0.0 Safari/537.36"
169.228.63.97 - - [01/Oct/2023:01:44:28 +0200] "GET /images/mini_prod/14883.jpg HTTP/1.0" 200 261 "-" "Mozilla/5.0 (X11; Ubuntu; Linux x86_64; rv:72.0) Gecko/20100101 Firefox/72.0"
47.128.20.21 - - [01/Oct/2023:01:44:31 +0200] "GET /swfobject.js HTTP/1.0" 404 1308 "http://www.wonder-geek.com/index.php" "Mozilla/5.0 (compatible; Bytespider; spider-feedback@bytedance.com) AppleWebKit/537.36 (KHTML, like Gecko) Chrome/70.0.0.0 Safari/537.36"
47.128.20.21 - - [01/Oct/2023:01:44:28 +0200] "GET /index.php HTTP/1.0" 200 154527 "-" "Mozilla/5.0 (compatible; Bytespider; spider-feedback@bytedance.com) AppleWebKit/537.36 (KHTML, like Gecko) Chrome/70.0.0.0 Safari/537.36"
47.128.60.226 - - [01/Oct/2023:01:44:33 +0200] "GET /highslide/graphics/zoomin.cur HTTP/1.0" 200 614 "http://www.wonder-geek.com/templates/Pixame_v1/stylesheet.css" "Mozilla/5.0 (compatible; Bytespider; spider-feedback@bytedance.com) AppleWebKit/537.36 (KHTML, like Gecko) Chrome/70.0.0.0 Safari/537.36"
47.128.60.226 - - [01/Oct/2023:01:44:34 +0200] "GET /images/big_prod_2/8445146005205C.jpg HTTP/1.0" 200 271 "http://www.wonder-geek.com/jute-p-56521.html" "Mozilla/5.0 (compatible; Bytespider; spider-feedback@bytedance.com) AppleWebKit/537.36 (KHTML, like Gecko) Chrome/70.0.0.0 Safari/537.36"
47.128.60.226 - - [01/Oct/2023:01:44:34 +0200] "GET /images/big_prod_1/8445146005205B.jpg HTTP/1.0" 200 271 "http://www.wonder-geek.com/jute-p-56521.html" "Mozilla/5.0 (compatible; Bytespider; spider-feedback@bytedance.com) AppleWebKit/537.36 (KHTML, like Gecko) Chrome/70.0.0.0 Safari/537.36"
47.128.20.21 - - [01/Oct/2023:01:44:41 +0200] "GET /js/jquery.min.js HTTP/1.0" 404 1308 "http://www.wonder-geek.com/index.php" "Mozilla/5.0 (compatible; Bytespider; spider-feedback@bytedance.com) AppleWebKit/537.36 (KHTML, like Gecko) Chrome/70.0.0.0 Safari/537.36"
47.128.20.21 - - [01/Oct/2023:01:44:48 +0200] "GET /highslide/graphics/zoomout.cur HTTP/1.0" 200 614 "http://www.wonder-geek.com/index.php" "Mozilla/5.0 (compatible; Bytespider; spider-feedback@bytedance.com) AppleWebKit/537.36 (KHTML, like Gecko) Chrome/70.0.0.0 Safari/537.36"
47.128.20.21 - - [01/Oct/2023:01:44:48 +0200] "GET /highslide/graphics/outlines/drop-shadow.png HTTP/1.0" 200 277 "http://www.wonder-geek.com/index.php" "Mozilla/5.0 (compatible; Bytespider; spider-feedback@bytedance.com) AppleWebKit/537.36 (KHTML, like Gecko) Chrome/70.0.0.0 Safari/537.36"
150.109.196.248 - - [01/Oct/2023:01:44:49 +0200] "GET /images/mini_prod/5213199036063.jpg HTTP/1.0" 200 269 "-" "Mozilla/5.0 (X11; Ubuntu; Linux x86_64; rv:72.0) Gecko/20100101 Firefox/72.0"
169.228.63.97 - - [01/Oct/2023:01:44:50 +0200] "GET /images/mini_prod/boudha1384010191187.jpg HTTP/1.0" 200 275 "-" "Mozilla/5.0 (X11; Ubuntu; Linux x86_64; rv:72.0) Gecko/20100101 Firefox/72.0"
54.236.1.13 - - [01/Oct/2023:01:44:54 +0200] "GET /robots.txt HTTP/1.0" 200 245 "-" "Mozilla/5.0 (compatible; Pinterestbot/1.0; +http://www.pinterest.com/bot.html)"
54.236.1.13 - - [01/Oct/2023:01:44:54 +0200] "GET /images/12379.jpg HTTP/1.0" 200 251 "-" "Mozilla/5.0 (compatible; Pinterestbot/1.0; +http://www.pinterest.com/bot.html)"
54.236.1.11 - - [01/Oct/2023:01:44:57 +0200] "GET / HTTP/1.0" 301 511 "-" "Mozilla/5.0 (compatible; Pinterestbot/1.0; +http://www.pinterest.com/bot.html)"
54.236.1.11 - - [01/Oct/2023:01:44:57 +0200] "GET / HTTP/1.0" 200 154124 "-" "Mozilla/5.0 (compatible; Pinterestbot/1.0; +http://www.pinterest.com/bot.html)"
47.128.60.226 - - [01/Oct/2023:01:45:04 +0200] "GET /highslide/graphics/zoomout.cur HTTP/1.0" 200 614 "http://www.wonder-geek.com/jute-p-56521.html" "Mozilla/5.0 (compatible; Bytespider; spider-feedback@bytedance.com) AppleWebKit/537.36 (KHTML, like Gecko) Chrome/70.0.0.0 Safari/537.36"
47.128.60.226 - - [01/Oct/2023:01:45:04 +0200] "GET /highslide/graphics/outlines/drop-shadow.png HTTP/1.0" 200 277 "http://www.wonder-geek.com/jute-p-56521.html" "Mozilla/5.0 (compatible; Bytespider; spider-feedback@bytedance.com) AppleWebKit/537.36 (KHTML, like Gecko) Chrome/70.0.0.0 Safari/537.36"
47.128.60.226 - - [01/Oct/2023:01:45:04 +0200] "GET /images/big_prod/8445146005205.jpg HTTP/1.0" 200 268 "http://www.wonder-geek.com/jute-p-56521.html" "Mozilla/5.0 (compatible; Bytespider; spider-feedback@bytedance.com) AppleWebKit/537.36 (KHTML, like Gecko) Chrome/70.0.0.0 Safari/537.36"
216.244.66.242 - - [01/Oct/2023:01:45:12 +0200] "GET /despicable-pencil-case-p-35773.html HTTP/1.0" 200 76165 "-" "Mozilla/5.0 (compatible; DotBot/1.2; +https://opensiteexplorer.org/dotbot; help@moz.com)"
47.128.62.242 - - [01/Oct/2023:01:45:34 +0200] "GET /ceramic-lamp-rope-p-60997.html HTTP/1.0" 200 76917 "-" "Mozilla/5.0 (Linux; Android 5.0) AppleWebKit/537.36 (KHTML, like Gecko) Mobile Safari/537.36 (compatible; Bytespider; spider-feedback@bytedance.com)"
47.128.62.242 - - [01/Oct/2023:01:45:36 +0200] "GET /swfobject.js HTTP/1.0" 404 1308 "http://www.wonder-geek.com/ceramic-lamp-rope-p-60997.html" "Mozilla/5.0 (Linux; Android 5.0) AppleWebKit/537.36 (KHTML, like Gecko) Mobile Safari/537.36 (compatible; Bytespider; spider-feedback@bytedance.com)"
47.128.62.242 - - [01/Oct/2023:01:45:45 +0200] "GET /highslide/graphics/zoomin.cur HTTP/1.0" 200 614 "http://www.wonder-geek.com/templates/Pixame_v1/stylesheet.css" "Mozilla/5.0 (Linux; Android 5.0) AppleWebKit/537.36 (KHTML, like Gecko) Mobile Safari/537.36 (compatible; Bytespider; spider-feedback@bytedance.com)"
47.128.62.242 - - [01/Oct/2023:01:45:45 +0200] "GET /images/big_prod_1/8422136602156B.jpg HTTP/1.0" 200 271 "http://www.wonder-geek.com/ceramic-lamp-rope-p-60997.html" "Mozilla/5.0 (Linux; Android 5.0) AppleWebKit/537.36 (KHTML, like Gecko) Mobile Safari/537.36 (compatible; Bytespider; spider-feedback@bytedance.com)"
216.244.66.242 - - [01/Oct/2023:01:46:07 +0200] "GET /eyelet-curtain-p-52384.html HTTP/1.0" 200 78314 "-" "Mozilla/5.0 (compatible; DotBot/1.2; +https://opensiteexplorer.org/dotbot; help@moz.com)"
47.128.62.242 - - [01/Oct/2023:01:46:15 +0200] "GET /highslide/graphics/outlines/drop-shadow.png HTTP/1.0" 200 277 "http://www.wonder-geek.com/ceramic-lamp-rope-p-60997.html" "Mozilla/5.0 (Linux; Android 5.0) AppleWebKit/537.36 (KHTML, like Gecko) Mobile Safari/537.36 (compatible; Bytespider; spider-feedback@bytedance.com)"
47.128.62.242 - - [01/Oct/2023:01:46:16 +0200] "GET /highslide/graphics/zoomout.cur HTTP/1.0" 200 614 "http://www.wonder-geek.com/ceramic-lamp-rope-p-60997.html" "Mozilla/5.0 (Linux; Android 5.0) AppleWebKit/537.36 (KHTML, like Gecko) Mobile Safari/537.36 (compatible; Bytespider; spider-feedback@bytedance.com)"
66.249.66.205 - - [01/Oct/2023:01:46:31 +0200] "GET /baby-chimpanzee-small-round-magnet-p-31911.html HTTP/1.0" 200 76202 "-" "Mozilla/5.0 (compatible; Googlebot/2.1; +http://www.google.com/bot.html)"
160.19.138.147 - - [01/Oct/2023:01:47:46 +0200] "GET /contact_us.php HTTP/1.0" 200 26241 "http://www.wonder-geek.com/contact_us.php" "Mozilla/5.0 (Windows NT 6.1; ) AppleWebKit/537.36 (KHTML, like Gecko) Chrome/90.0.4430.72 Safari/537.36"
160.19.138.147 - - [01/Oct/2023:01:47:48 +0200] "POST /contact_us.php?action=send HTTP/1.0" 200 26479 "http://www.wonder-geek.com/contact_us.php" "Mozilla/5.0 (Windows NT 6.1; ) AppleWebKit/537.36 (KHTML, like Gecko) Chrome/90.0.4430.72 Safari/537.36"
66.249.66.205 - - [01/Oct/2023:01:49:03 +0200] "GET /provence-enamelled-key-ring-p-43605.html HTTP/1.0" 301 76274 "-" "Mozilla/5.0 (Linux; Android 6.0.1; Nexus 5X Build/MMB29P) AppleWebKit/537.36 (KHTML, like Gecko) Chrome/117.0.5938.92 Mobile Safari/537.36 (compatible; Googlebot/2.1; +http://www.google.com/bot.html)"
66.249.66.206 - - [01/Oct/2023:01:49:06 +0200] "GET /provence-enamelled-ring-p-43605.html HTTP/1.0" 200 76184 "-" "Mozilla/5.0 (Linux; Android 6.0.1; Nexus 5X Build/MMB29P) AppleWebKit/537.36 (KHTML, like Gecko) Chrome/117.0.5938.92 Mobile Safari/537.36 (compatible; Googlebot/2.1; +http://www.google.com/bot.html)"
66.249.66.206 - - [01/Oct/2023:01:49:13 +0200] "GET /brown-elephant-statuette-with-white-patina-p-59227.html HTTP/1.0" 200 77096 "-" "Mozilla/5.0 (compatible; Googlebot/2.1; +http://www.google.com/bot.html)"
5.255.231.120 - - [01/Oct/2023:01:49:40 +0200] "GET /robots.txt HTTP/1.0" 200 245 "-" "Mozilla/5.0 (compatible; YandexBot/3.0; +http://yandex.com/bots)"
87.250.224.212 - - [01/Oct/2023:01:49:41 +0200] "GET /-p-29838.html HTTP/1.0" 200 73770 "-" "Mozilla/5.0 (compatible; YandexBot/3.0; +http://yandex.com/bots)"
66.249.66.207 - - [01/Oct/2023:01:50:41 +0200] "GET /provence-enamelled-key-ring-p-43605.html HTTP/1.0" 301 76274 "-" "Mozilla/5.0 (compatible; Googlebot/2.1; +http://www.google.com/bot.html)"
66.249.66.205 - - [01/Oct/2023:01:50:43 +0200] "GET /provence-enamelled-ring-p-43605.html HTTP/1.0" 200 76184 "-" "Mozilla/5.0 (compatible; Googlebot/2.1; +http://www.google.com/bot.html)"
69.28.236.4 - - [01/Oct/2023:01:51:50 +0200] "GET /images/mini_prod/8424345892595.jpg HTTP/1.0" 404 1308 "-" "Mozilla/5.0 (X11; Ubuntu; Linux x86_64; rv:72.0) Gecko/20100101 Firefox/72.0"
66.249.66.205 - - [01/Oct/2023:01:52:21 +0200] "GET /adults-apron-cotton-yuco-jade-p-48218.html HTTP/1.0" 200 76242 "-" "Mozilla/5.0 (compatible; Googlebot/2.1; +http://www.google.com/bot.html)"
51.68.224.127 - - [01/Oct/2023:01:52:25 +0200] "GET /adminweb/export_orders_xml.php?token=256de2z6edz6ed2z6DFSFsed2zed6zeDSFDSGdzedezfzf&maxorders=10&orderstart=1&status=14&start_date=2018-10-01 HTTP/1.0" 200 285 "-" "GesCom CharlotteBoutik Serveur"
51.68.224.127 - - [01/Oct/2023:01:52:25 +0200] "GET /adminweb/export_orders_xml.php?token=256de2z6edz6ed2z6DFSFsed2zed6zeDSFDSGdzedezfzf&maxorders=10&orderstart=1&status=6&start_date=2018-10-01 HTTP/1.0" 200 33939 "-" "GesCom CharlotteBoutik Serveur"
150.109.10.162 - - [01/Oct/2023:01:53:27 +0200] "GET /images/mini_prod/8719497615520.jpg HTTP/1.0" 200 269 "-" "Mozilla/5.0 (X11; Ubuntu; Linux x86_64; rv:72.0) Gecko/20100101 Firefox/72.0"
103.52.188.152 - - [01/Oct/2023:01:53:45 +0200] "GET /images/mini_prod/3700276874486.jpg HTTP/1.0" 200 269 "-" "Mozilla/5.0 (X11; Ubuntu; Linux x86_64; rv:72.0) Gecko/20100101 Firefox/72.0"
66.249.66.207 - - [01/Oct/2023:01:53:45 +0200] "GET /strawberry-shortcake-just-dance-swimsuit-p-30286.html HTTP/1.0" 200 77679 "-" "Mozilla/5.0 (compatible; Googlebot/2.1; +http://www.google.com/bot.html)"
66.249.66.205 - - [01/Oct/2023:01:54:46 +0200] "GET /images/big_prod/3609810084056.jpg HTTP/1.0" 200 268 "-" "Googlebot-Image/1.0"
66.249.66.206 - - [01/Oct/2023:01:55:41 +0200] "GET /le-meilleur-vin-coasters-p-50289.html HTTP/1.0" 301 76190 "-" "Mozilla/5.0 (Linux; Android 6.0.1; Nexus 5X Build/MMB29P) AppleWebKit/537.36 (KHTML, like Gecko) Chrome/117.0.5938.92 Mobile Safari/537.36 (compatible; Googlebot/2.1; +http://www.google.com/bot.html)"
66.249.66.206 - - [01/Oct/2023:01:55:43 +0200] "GET /meilleur-coasters-p-50289.html HTTP/1.0" 200 76106 "-" "Mozilla/5.0 (Linux; Android 6.0.1; Nexus 5X Build/MMB29P) AppleWebKit/537.36 (KHTML, like Gecko) Chrome/117.0.5938.92 Mobile Safari/537.36 (compatible; Googlebot/2.1; +http://www.google.com/bot.html)"
150.109.10.162 - - [01/Oct/2023:01:57:15 +0200] "GET /images/mini_prod/3503420167744.jpg HTTP/1.0" 200 269 "-" "Mozilla/5.0 (X11; Ubuntu; Linux x86_64; rv:72.0) Gecko/20100101 Firefox/72.0"
66.249.66.206 - - [01/Oct/2023:01:57:21 +0200] "GET /robots.txt HTTP/1.0" 200 245 "-" "Mozilla/5.0 (compatible; Googlebot/2.1; +http://www.google.com/bot.html)"
66.249.66.207 - - [01/Oct/2023:01:57:21 +0200] "GET /le-meilleur-vin-coasters-p-50289.html HTTP/1.0" 301 76190 "-" "Mozilla/5.0 (compatible; Googlebot/2.1; +http://www.google.com/bot.html)"
66.249.66.207 - - [01/Oct/2023:01:57:23 +0200] "GET /meilleur-coasters-p-50289.html HTTP/1.0" 200 76106 "-" "Mozilla/5.0 (compatible; Googlebot/2.1; +http://www.google.com/bot.html)"
17.241.219.64 - - [01/Oct/2023:01:58:33 +0200] "GET /images/3453131113212.jpg HTTP/1.0" 200 259 "-" "Mozilla/5.0 (Macintosh; Intel Mac OS X 10_15_5) AppleWebKit/605.1.15 (KHTML, like Gecko) Version/13.1.1 Safari/605.1.15 (Applebot/0.1; +http://www.apple.com/go/applebot)"
150.109.10.162 - - [01/Oct/2023:01:58:57 +0200] "GET /images/mini_prod/3079091105571N.jpg HTTP/1.0" 200 270 "-" "Mozilla/5.0 (X11; Ubuntu; Linux x86_64; rv:72.0) Gecko/20100101 Firefox/72.0"
66.249.66.207 - - [01/Oct/2023:01:59:02 +0200] "GET /ikat-wooden-tray-50-30-cm-p-47116.html HTTP/1.0" 301 73957 "-" "Mozilla/5.0 (compatible; Googlebot/2.1; +http://www.google.com/bot.html)"
182.22.30.59 - - [01/Oct/2023:01:59:04 +0200] "GET /images/mini_prod/8445146109927.jpg HTTP/1.0" 200 269 "-" "Mozilla/5.0 (compatible; Y!J-WSC/1.0; +https://yahoo.jp/3BSZgF)"
66.249.66.206 - - [01/Oct/2023:01:59:03 +0200] "GET /ikat-wooden-tray-p-47116.html HTTP/1.0" 200 73874 "-" "Mozilla/5.0 (compatible; Googlebot/2.1; +http://www.google.com/bot.html)"
59.82.78.220 - - [01/Oct/2023:01:59:10 +0200] "GET /images/mini_prod/3681643302156.jpg HTTP/1.0" 200 269 "-" "Mozilla/5.0 (X11; Ubuntu; Linux x86_64; rv:72.0) Gecko/20100101 Firefox/72.0"
34.73.206.133 - - [01/Oct/2023:01:59:31 +0200] "GET /specials.php HTTP/1.0" 200 121691 "-" "ZoominfoBot (zoominfobot at zoominfo dot com)"
52.167.144.231 - - [01/Oct/2023:02:00:39 +0200] "GET /soft-toys-security-blanket-c-4_46.html?page=4 HTTP/1.0" 200 95224 "-" "Mozilla/5.0 AppleWebKit/537.36 (KHTML, like Gecko; compatible; bingbot/2.0; +http://www.bing.com/bingbot.htm) Chrome/103.0.5060.134 Safari/537.36"
66.249.66.205 - - [01/Oct/2023:02:00:41 +0200] "GET /ikat-wooden-tray-50-30-cm-p-47116.html HTTP/1.0" 301 73957 "-" "Mozilla/5.0 (Linux; Android 6.0.1; Nexus 5X Build/MMB29P) AppleWebKit/537.36 (KHTML, like Gecko) Chrome/117.0.5938.92 Mobile Safari/537.36 (compatible; Googlebot/2.1; +http://www.google.com/bot.html)"
66.249.66.206 - - [01/Oct/2023:02:00:44 +0200] "GET /ikat-wooden-tray-p-47116.html HTTP/1.0" 200 73874 "-" "Mozilla/5.0 (Linux; Android 6.0.1; Nexus 5X Build/MMB29P) AppleWebKit/537.36 (KHTML, like Gecko) Chrome/117.0.5938.92 Mobile Safari/537.36 (compatible; Googlebot/2.1; +http://www.google.com/bot.html)"
66.249.66.206 - - [01/Oct/2023:02:00:51 +0200] "GET /flamingo-porcelain-bowl-flammy-p-52650.html HTTP/1.0" 200 76202 "-" "Mozilla/5.0 (Linux; Android 6.0.1; Nexus 5X Build/MMB29P) AppleWebKit/537.36 (KHTML, like Gecko) Chrome/117.0.5938.92 Mobile Safari/537.36 (compatible; Googlebot/2.1; +http://www.google.com/bot.html)"
139.162.121.177 - - [01/Oct/2023:02:01:00 +0200] "GET /contact_us.php HTTP/1.0" 200 26241 "http://www.wonder-geek.com/contact_us.php" "Mozilla/5.0 (Windows NT 10.0) AppleWebKit/537.36 (KHTML, like Gecko) Chrome/90.0.4430.72 Safari/537.36"
139.162.121.177 - - [01/Oct/2023:02:01:04 +0200] "POST /contact_us.php?action=send HTTP/1.0" 200 26505 "http://www.wonder-geek.com/contact_us.php" "Mozilla/5.0 (Windows NT 10.0) AppleWebKit/537.36 (KHTML, like Gecko) Chrome/90.0.4430.72 Safari/537.36"
169.228.63.97 - - [01/Oct/2023:02:01:47 +0200] "GET /images/mini_prod/080109_161031_PEEL_xdwZBP.jpg HTTP/1.0" 200 281 "-" "Mozilla/5.0 (X11; Ubuntu; Linux x86_64; rv:72.0) Gecko/20100101 Firefox/72.0"
66.249.66.205 - - [01/Oct/2023:02:02:21 +0200] "GET /paris-180-vintage-clock-60-cm-p-50366.html HTTP/1.0" 301 73942 "-" "Mozilla/5.0 (Linux; Android 6.0.1; Nexus 5X Build/MMB29P) AppleWebKit/537.36 (KHTML, like Gecko) Chrome/117.0.5938.92 Mobile Safari/537.36 (compatible; Googlebot/2.1; +http://www.google.com/bot.html)"
66.249.66.206 - - [01/Oct/2023:02:02:23 +0200] "GET /paris-vintage-clock-p-50366.html HTTP/1.0" 200 73856 "-" "Mozilla/5.0 (Linux; Android 6.0.1; Nexus 5X Build/MMB29P) AppleWebKit/537.36 (KHTML, like Gecko) Chrome/117.0.5938.92 Mobile Safari/537.36 (compatible; Googlebot/2.1; +http://www.google.com/bot.html)"
52.167.144.222 - - [01/Oct/2023:02:02:33 +0200] "GET /clocks-c-13_67.html HTTP/1.0" 200 95852 "-" "Mozilla/5.0 AppleWebKit/537.36 (KHTML, like Gecko; compatible; bingbot/2.0; +http://www.bing.com/bingbot.htm) Chrome/103.0.5060.134 Safari/537.36"
106.11.62.58 - - [01/Oct/2023:02:02:46 +0200] "GET /images/mini_prod/1384010192023.jpg HTTP/1.0" 200 269 "-" "Mozilla/5.0 (X11; Ubuntu; Linux x86_64; rv:72.0) Gecko/20100101 Firefox/72.0"
150.109.196.248 - - [01/Oct/2023:02:03:09 +0200] "GET /images/mini_prod/5060021928757.jpg HTTP/1.0" 200 269 "-" "Mozilla/5.0 (X11; Ubuntu; Linux x86_64; rv:72.0) Gecko/20100101 Firefox/72.0"
150.109.196.248 - - [01/Oct/2023:02:03:59 +0200] "GET /images/mini_prod/1313131148954.jpg HTTP/1.0" 200 269 "-" "Mozilla/5.0 (X11; Ubuntu; Linux x86_64; rv:72.0) Gecko/20100101 Firefox/72.0"
66.249.66.205 - - [01/Oct/2023:02:04:01 +0200] "GET /duet-ethnic-masks-pedestal-p-50859.html HTTP/1.0" 200 73876 "-" "Mozilla/5.0 (compatible; Googlebot/2.1; +http://www.google.com/bot.html)"
119.63.195.206 - - [01/Oct/2023:02:04:46 +0200] "GET /images/mini_prod/8435333820520.jpg HTTP/1.0" 200 269 "-" "Mozilla/5.0 (Macintosh; Intel Mac OS X 10_15_7) AppleWebKit/537.36 (KHTML, like Gecko) Chrome/116.0.0.0 Safari/537.36"
66.249.66.207 - - [01/Oct/2023:02:05:41 +0200] "GET /venetian-mural-mask-il-pirata-p-50853.html HTTP/1.0" 301 73967 "-" "Mozilla/5.0 (compatible; Googlebot/2.1; +http://www.google.com/bot.html)"
66.249.66.205 - - [01/Oct/2023:02:05:43 +0200] "GET /venetian-mural-mask-pirata-p-50853.html HTTP/1.0" 200 73874 "-" "Mozilla/5.0 (compatible; Googlebot/2.1; +http://www.google.com/bot.html)"
66.249.66.206 - - [01/Oct/2023:02:07:21 +0200] "GET /venetian-mural-mask-il-pirata-p-50853.html HTTP/1.0" 301 73967 "-" "Mozilla/5.0 (Linux; Android 6.0.1; Nexus 5X Build/MMB29P) AppleWebKit/537.36 (KHTML, like Gecko) Chrome/117.0.5938.92 Mobile Safari/537.36 (compatible; Googlebot/2.1; +http://www.google.com/bot.html)"
66.249.66.205 - - [01/Oct/2023:02:07:22 +0200] "GET /venetian-mural-mask-pirata-p-50853.html HTTP/1.0" 200 73874 "-" "Mozilla/5.0 (Linux; Android 6.0.1; Nexus 5X Build/MMB29P) AppleWebKit/537.36 (KHTML, like Gecko) Chrome/117.0.5938.92 Mobile Safari/537.36 (compatible; Googlebot/2.1; +http://www.google.com/bot.html)"
51.68.224.127 - - [01/Oct/2023:02:08:45 +0200] "GET /adminweb/export_orders_xml.php?token=256de2z6edz6ed2z6DFSFsed2zed6zeDSFDSGdzedezfzf&maxorders=10&orderstart=1&status=14&start_date=2018-10-01 HTTP/1.0" 200 285 "-" "GesCom CharlotteBoutik Serveur"
51.68.224.127 - - [01/Oct/2023:02:08:45 +0200] "GET /adminweb/export_orders_xml.php?token=256de2z6edz6ed2z6DFSFsed2zed6zeDSFDSGdzedezfzf&maxorders=10&orderstart=1&status=6&start_date=2018-10-01 HTTP/1.0" 200 33939 "-" "GesCom CharlotteBoutik Serveur"
66.249.66.206 - - [01/Oct/2023:02:09:01 +0200] "GET /heart-and-home-candle-and-diffuser-gift-box-p-52821.html HTTP/1.0" 301 74006 "-" "Mozilla/5.0 (Linux; Android 6.0.1; Nexus 5X Build/MMB29P) AppleWebKit/537.36 (KHTML, like Gecko) Chrome/117.0.5938.92 Mobile Safari/537.36 (compatible; Googlebot/2.1; +http://www.google.com/bot.html)"
66.249.66.205 - - [01/Oct/2023:02:09:03 +0200] "GET /heart-home-candle-diffuser-gift-p-52821.html HTTP/1.0" 200 73908 "-" "Mozilla/5.0 (Linux; Android 6.0.1; Nexus 5X Build/MMB29P) AppleWebKit/537.36 (KHTML, like Gecko) Chrome/117.0.5938.92 Mobile Safari/537.36 (compatible; Googlebot/2.1; +http://www.google.com/bot.html)"
66.249.66.205 - - [01/Oct/2023:02:10:41 +0200] "GET /heart-and-home-candle-and-diffuser-gift-box-p-52821.html HTTP/1.0" 301 74006 "-" "Mozilla/5.0 (compatible; Googlebot/2.1; +http://www.google.com/bot.html)"
66.249.66.205 - - [01/Oct/2023:02:10:43 +0200] "GET /heart-home-candle-diffuser-gift-p-52821.html HTTP/1.0" 200 73908 "-" "Mozilla/5.0 (compatible; Googlebot/2.1; +http://www.google.com/bot.html)"
66.249.66.206 - - [01/Oct/2023:02:12:21 +0200] "GET /despicable-me-desk-p-32464.html HTTP/1.0" 301 73908 "-" "Mozilla/5.0 (Linux; Android 6.0.1; Nexus 5X Build/MMB29P) AppleWebKit/537.36 (KHTML, like Gecko) Chrome/117.0.5938.92 Mobile Safari/537.36 (compatible; Googlebot/2.1; +http://www.google.com/bot.html)"
66.249.66.206 - - [01/Oct/2023:02:12:23 +0200] "GET /despicable-desk-p-32464.html HTTP/1.0" 200 73826 "-" "Mozilla/5.0 (Linux; Android 6.0.1; Nexus 5X Build/MMB29P) AppleWebKit/537.36 (KHTML, like Gecko) Chrome/117.0.5938.92 Mobile Safari/537.36 (compatible; Googlebot/2.1; +http://www.google.com/bot.html)"
106.11.62.81 - - [01/Oct/2023:02:12:45 +0200] "GET /images/mini_prod/843393331449.jpg HTTP/1.0" 200 268 "-" "Mozilla/5.0 (X11; Ubuntu; Linux x86_64; rv:72.0) Gecko/20100101 Firefox/72.0"
212.73.75.60 - - [01/Oct/2023:02:13:08 +0200] "GET /contact_us.php HTTP/1.0" 200 26241 "http://www.wonder-geek.com/contact_us.php" "Mozilla/5.0 (Windows NT 6.1) AppleWebKit/537.36 (KHTML, like Gecko) Chrome/90.0.4430.72 Safari/537.36"
212.73.75.60 - - [01/Oct/2023:02:13:10 +0200] "POST /contact_us.php?action=send HTTP/1.0" 200 26472 "http://www.wonder-geek.com/contact_us.php" "Mozilla/5.0 (Windows NT 6.1) AppleWebKit/537.36 (KHTML, like Gecko) Chrome/90.0.4430.72 Safari/537.36"
119.8.177.19 - - [01/Oct/2023:02:13:14 +0200] "GET /images/3700276274989.jpg HTTP/1.0" 200 259 "-" "Mozilla/5.0 (X11; Ubuntu; Linux x86_64; rv:72.0) Gecko/20100101 Firefox/72.0"
66.249.66.205 - - [01/Oct/2023:02:14:01 +0200] "GET /despicable-me-desk-p-32464.html HTTP/1.0" 301 73908 "-" "Mozilla/5.0 (compatible; Googlebot/2.1; +http://www.google.com/bot.html)"
66.249.66.205 - - [01/Oct/2023:02:14:03 +0200] "GET /despicable-desk-p-32464.html HTTP/1.0" 200 73826 "-" "Mozilla/5.0 (compatible; Googlebot/2.1; +http://www.google.com/bot.html)"
52.167.144.181 - - [01/Oct/2023:02:14:10 +0200] "GET /adults-c-53.html HTTP/1.0" 200 95114 "-" "Mozilla/5.0 AppleWebKit/537.36 (KHTML, like Gecko; compatible; bingbot/2.0; +http://www.bing.com/bingbot.htm) Chrome/103.0.5060.134 Safari/537.36"
119.45.242.36 - - [01/Oct/2023:02:14:45 +0200] "HEAD /images/mini_prod/8033667001822.jpg HTTP/1.0" 200 291 "-" "Go-http-client/1.1"
119.45.242.36 - - [01/Oct/2023:02:14:45 +0200] "GET /images/mini_prod/8033667001822.jpg HTTP/1.0" 200 269 "-" "Go-http-client/1.1"
119.45.242.36 - - [01/Oct/2023:02:14:45 +0200] "GET /images/mini_prod/8033667001822.jpg HTTP/1.0" 200 269 "-" "Go-http-client/1.1"
150.109.196.248 - - [01/Oct/2023:02:15:36 +0200] "GET /images/mini_prod/3272760398926.jpg HTTP/1.0" 200 269 "-" "Mozilla/5.0 (X11; Ubuntu; Linux x86_64; rv:72.0) Gecko/20100101 Firefox/72.0"
66.249.66.205 - - [01/Oct/2023:02:15:42 +0200] "GET /the-little-friend-gorjuss-mug-p-46939.html HTTP/1.0" 301 73837 "-" "Mozilla/5.0 (compatible; Googlebot/2.1; +http://www.google.com/bot.html)"
66.249.66.206 - - [01/Oct/2023:02:15:44 +0200] "GET /-p-46939.html HTTP/1.0" 200 73770 "-" "Mozilla/5.0 (compatible; Googlebot/2.1; +http://www.google.com/bot.html)"
54.36.148.179 - - [01/Oct/2023:02:15:53 +0200] "GET /polar-blanket-p-58799.html HTTP/1.0" 200 76956 "-" "Mozilla/5.0 (compatible; AhrefsBot/7.0; +http://ahrefs.com/robot/)"
66.249.66.205 - - [01/Oct/2023:02:17:21 +0200] "GET /the-little-friend-gorjuss-mug-p-46939.html HTTP/1.0" 301 73837 "-" "Mozilla/5.0 (Linux; Android 6.0.1; Nexus 5X Build/MMB29P) AppleWebKit/537.36 (KHTML, like Gecko) Chrome/117.0.5938.92 Mobile Safari/537.36 (compatible; Googlebot/2.1; +http://www.google.com/bot.html)"
223.19.127.104 - - [01/Oct/2023:02:17:23 +0200] "GET //contact_us.php HTTP/1.0" 301 539 "http://wonder-geek.com/" "Mozilla/5.0 (Macintosh; Intel Mac OS X 12_5) AppleWebKit/537.36 (KHTML, like Gecko) Chrome/114.0.0.0 YaBrowser/22.7.0 Yowser/2.5 Safari/537.36"
66.249.66.205 - - [01/Oct/2023:02:17:23 +0200] "GET /-p-46939.html HTTP/1.0" 200 73770 "-" "Mozilla/5.0 (Linux; Android 6.0.1; Nexus 5X Build/MMB29P) AppleWebKit/537.36 (KHTML, like Gecko) Chrome/117.0.5938.92 Mobile Safari/537.36 (compatible; Googlebot/2.1; +http://www.google.com/bot.html)"
223.19.127.104 - - [01/Oct/2023:02:17:24 +0200] "GET //contact_us.php HTTP/1.0" 200 26241 "http://wonder-geek.com/contact_us.php" "Mozilla/5.0 (Macintosh; Intel Mac OS X 12_5) AppleWebKit/537.36 (KHTML, like Gecko) Chrome/114.0.0.0 YaBrowser/22.7.0 Yowser/2.5 Safari/537.36"
223.19.127.104 - - [01/Oct/2023:02:17:27 +0200] "GET //create_account.php HTTP/1.0" 200 33633 "http://www.wonder-geek.com/contact_us.php" "Mozilla/5.0 (Macintosh; Intel Mac OS X 12_5) AppleWebKit/537.36 (KHTML, like Gecko) Chrome/114.0.0.0 YaBrowser/22.7.0 Yowser/2.5 Safari/537.36"
69.28.236.4 - - [01/Oct/2023:02:17:45 +0200] "GET /images/mini_prod/3457019600474a.jpg HTTP/1.0" 200 270 "-" "Mozilla/5.0 (X11; Ubuntu; Linux x86_64; rv:72.0) Gecko/20100101 Firefox/72.0"
216.244.66.242 - - [01/Oct/2023:02:17:45 +0200] "GET /robots.txt HTTP/1.0" 200 245 "-" "Mozilla/5.0 (compatible; DotBot/1.2; +https://opensiteexplorer.org/dotbot; help@moz.com)"
66.249.66.207 - - [01/Oct/2023:02:19:01 +0200] "GET /decorative-thermometer-in-metal-30-cm-corsica-p-43598.html HTTP/1.0" 301 76401 "-" "Mozilla/5.0 (compatible; Googlebot/2.1; +http://www.google.com/bot.html)"
66.249.66.205 - - [01/Oct/2023:02:19:03 +0200] "GET /decorative-thermometer-metal-corsica-p-43598.html HTTP/1.0" 200 76298 "-" "Mozilla/5.0 (compatible; Googlebot/2.1; +http://www.google.com/bot.html)"
182.22.30.115 - - [01/Oct/2023:02:19:21 +0200] "GET /images/mini_prod/3442440312683.jpg HTTP/1.0" 200 269 "-" "Mozilla/5.0 (compatible; Y!J-WSC/1.0; +https://yahoo.jp/3BSZgF)"
150.109.196.248 - - [01/Oct/2023:02:19:22 +0200] "GET /images/mini_prod/8422019609067.jpg HTTP/1.0" 200 269 "-" "Mozilla/5.0 (X11; Ubuntu; Linux x86_64; rv:72.0) Gecko/20100101 Firefox/72.0"
59.82.78.38 - - [01/Oct/2023:02:19:39 +0200] "GET /images/mini_prod/3453131152396.jpg HTTP/1.0" 200 269 "-" "Mozilla/5.0 (X11; Ubuntu; Linux x86_64; rv:72.0) Gecko/20100101 Firefox/72.0"
52.167.144.192 - - [01/Oct/2023:02:20:10 +0200] "GET /shirts-sweatshirts-women-c-53_55.html HTTP/1.0" 200 95870 "-" "Mozilla/5.0 AppleWebKit/537.36 (KHTML, like Gecko; compatible; bingbot/2.0; +http://www.bing.com/bingbot.htm) Chrome/103.0.5060.134 Safari/537.36"
66.249.66.207 - - [01/Oct/2023:02:20:48 +0200] "GET /decorative-thermometer-in-metal-30-cm-corsica-p-43598.html HTTP/1.0" 301 76401 "-" "Mozilla/5.0 (Linux; Android 6.0.1; Nexus 5X Build/MMB29P) AppleWebKit/537.36 (KHTML, like Gecko) Chrome/117.0.5938.92 Mobile Safari/537.36 (compatible; Googlebot/2.1; +http://www.google.com/bot.html)"
66.249.66.205 - - [01/Oct/2023:02:20:49 +0200] "GET /decorative-thermometer-metal-corsica-p-43598.html HTTP/1.0" 200 76298 "-" "Mozilla/5.0 (Linux; Android 6.0.1; Nexus 5X Build/MMB29P) AppleWebKit/537.36 (KHTML, like Gecko) Chrome/117.0.5938.92 Mobile Safari/537.36 (compatible; Googlebot/2.1; +http://www.google.com/bot.html)"
