150.109.10.162 - - [30/Sep/2023:09:59:42 +0200] "GET /images/mini_prod/4036113232324.jpg HTTP/1.0" 200 269 "-" "Mozilla/5.0 (X11; Ubuntu; Linux x86_64; rv:72.0) Gecko/20100101 Firefox/72.0"
216.244.66.242 - - [30/Sep/2023:09:59:42 +0200] "GET /le-petit-prince-de-st-exupery-collection-mug-p-51371.html HTTP/1.0" 301 76944 "-" "Mozilla/5.0 (compatible; DotBot/1.2; +https://opensiteexplorer.org/dotbot; help@moz.com)"
169.228.63.97 - - [30/Sep/2023:09:59:49 +0200] "GET /images/mini_prod/1399984241882.jpg HTTP/1.0" 200 269 "-" "Mozilla/5.0 (X11; Ubuntu; Linux x86_64; rv:72.0) Gecko/20100101 Firefox/72.0"
216.244.66.242 - - [30/Sep/2023:09:59:56 +0200] "GET /littlest-petshop-pink-pair-of-socks-size-23-26-p-25552.html HTTP/1.0" 301 73743 "-" "Mozilla/5.0 (compatible; DotBot/1.2; +https://opensiteexplorer.org/dotbot; help@moz.com)"
216.244.66.242 - - [30/Sep/2023:10:00:10 +0200] "GET /love-barbapapa-backpack-with-wheels-p-19908.html HTTP/1.0" 301 73743 "-" "Mozilla/5.0 (compatible; DotBot/1.2; +https://opensiteexplorer.org/dotbot; help@moz.com)"
216.244.66.242 - - [30/Sep/2023:10:00:31 +0200] "GET /mala-golden-quartz-aa-quality-108-beads-p-51002.html HTTP/1.0" 301 79353 "-" "Mozilla/5.0 (compatible; DotBot/1.2; +https://opensiteexplorer.org/dotbot; help@moz.com)"
216.244.66.242 - - [30/Sep/2023:10:00:50 +0200] "GET /messenger-bag-black-and-red-marshall-us-p-26347.html HTTP/1.0" 301 76550 "-" "Mozilla/5.0 (compatible; DotBot/1.2; +https://opensiteexplorer.org/dotbot; help@moz.com)"
216.244.66.242 - - [30/Sep/2023:10:01:09 +0200] "GET /mug-starry-russian-doll-by-cbkreation-p-18460.html HTTP/1.0" 301 76180 "-" "Mozilla/5.0 (compatible; DotBot/1.2; +https://opensiteexplorer.org/dotbot; help@moz.com)"
216.244.66.242 - - [30/Sep/2023:10:01:26 +0200] "GET /my-little-poney-pairs-of-socks-size-27-30-p-25385.html HTTP/1.0" 301 73743 "-" "Mozilla/5.0 (compatible; DotBot/1.2; +https://opensiteexplorer.org/dotbot; help@moz.com)"
69.28.236.4 - - [30/Sep/2023:10:01:39 +0200] "GET /images/mini_prod/3760054863347.jpg HTTP/1.0" 200 269 "-" "Mozilla/5.0 (X11; Ubuntu; Linux x86_64; rv:72.0) Gecko/20100101 Firefox/72.0"
216.244.66.242 - - [30/Sep/2023:10:01:42 +0200] "GET /outdoor-chair-cushion-waterproof-green-p-40309.html HTTP/1.0" 301 73743 "-" "Mozilla/5.0 (compatible; DotBot/1.2; +https://opensiteexplorer.org/dotbot; help@moz.com)"
216.244.66.242 - - [30/Sep/2023:10:01:58 +0200] "GET /phone-cover-for-iphone-cbkreation-p-13933.html HTTP/1.0" 301 73743 "-" "Mozilla/5.0 (compatible; DotBot/1.2; +https://opensiteexplorer.org/dotbot; help@moz.com)"
52.167.144.205 - - [30/Sep/2023:10:02:21 +0200] "GET /mugs-mazagrans-c-12_57.html?page=3 HTTP/1.0" 200 98533 "-" "Mozilla/5.0 AppleWebKit/537.36 (KHTML, like Gecko; compatible; bingbot/2.0; +http://www.bing.com/bingbot.htm) Chrome/103.0.5060.134 Safari/537.36"
47.245.80.139 - - [30/Sep/2023:10:02:27 +0200] "GET /images/mini_prod/1610882000006.jpg HTTP/1.0" 200 269 "-" "python-requests/2.31.0"
216.244.66.242 - - [30/Sep/2023:10:02:31 +0200] "GET /pink-small-box-for-baby-teeth-snow-ball-p-36482.html HTTP/1.0" 301 73743 "-" "Mozilla/5.0 (compatible; DotBot/1.2; +https://opensiteexplorer.org/dotbot; help@moz.com)"
51.68.224.127 - - [30/Sep/2023:10:02:33 +0200] "GET /adminweb/export_orders_xml.php?token=256de2z6edz6ed2z6DFSFsed2zed6zeDSFDSGdzedezfzf&maxorders=10&orderstart=1&status=14&start_date=2018-10-01 HTTP/1.0" 200 285 "-" "GesCom CharlotteBoutik Serveur"
51.68.224.127 - - [30/Sep/2023:10:02:33 +0200] "GET /adminweb/export_orders_xml.php?token=256de2z6edz6ed2z6DFSFsed2zed6zeDSFDSGdzedezfzf&maxorders=10&orderstart=1&status=6&start_date=2018-10-01 HTTP/1.0" 200 33939 "-" "GesCom CharlotteBoutik Serveur"
216.244.66.242 - - [30/Sep/2023:10:02:59 +0200] "GET /plaid-imitation-blue-peacok-fur-130-170-cm-p-53215.html HTTP/1.0" 301 76273 "-" "Mozilla/5.0 (compatible; DotBot/1.2; +https://opensiteexplorer.org/dotbot; help@moz.com)"
118.195.139.130 - - [30/Sep/2023:10:03:21 +0200] "HEAD /images/mini_prod/8435333820506.jpg HTTP/1.0" 200 290 "-" "Go-http-client/1.1"
118.195.139.130 - - [30/Sep/2023:10:03:21 +0200] "GET /images/mini_prod/8435333820506.jpg HTTP/1.0" 200 269 "-" "Go-http-client/1.1"
118.195.139.130 - - [30/Sep/2023:10:03:21 +0200] "GET /images/mini_prod/8435333820506.jpg HTTP/1.0" 200 269 "-" "Go-http-client/1.1"
216.244.66.242 - - [30/Sep/2023:10:03:28 +0200] "GET /porcelain-guardian-mini-statuette-star-p-44356.html HTTP/1.0" 301 73743 "-" "Mozilla/5.0 (compatible; DotBot/1.2; +https://opensiteexplorer.org/dotbot; help@moz.com)"
216.244.66.242 - - [30/Sep/2023:10:03:54 +0200] "GET /quote-wooden-wall-decoration-to-hang-p-43079.html HTTP/1.0" 301 73904 "-" "Mozilla/5.0 (compatible; DotBot/1.2; +https://opensiteexplorer.org/dotbot; help@moz.com)"
216.244.66.242 - - [30/Sep/2023:10:04:32 +0200] "GET /schoolbag-caramel-and-cie-little-foxes-p-48771.html HTTP/1.0" 301 73903 "-" "Mozilla/5.0 (compatible; DotBot/1.2; +https://opensiteexplorer.org/dotbot; help@moz.com)"
216.244.66.242 - - [30/Sep/2023:10:05:05 +0200] "GET /sentiment-tea-towel-kitchen-towel-70-35-cm-p-43629.html HTTP/1.0" 301 76885 "-" "Mozilla/5.0 (compatible; DotBot/1.2; +https://opensiteexplorer.org/dotbot; help@moz.com)"
216.244.66.242 - - [30/Sep/2023:10:05:36 +0200] "GET /small-tinbox-retro-motorcycle-55-25-cm-p-41340.html HTTP/1.0" 301 73743 "-" "Mozilla/5.0 (compatible; DotBot/1.2; +https://opensiteexplorer.org/dotbot; help@moz.com)"
119.28.98.218 - - [30/Sep/2023:10:05:39 +0200] "GET /images/big_prod_1/5415203904171b.jpg HTTP/1.0" 200 271 "-" "Mozilla/5.0 (X11; Ubuntu; Linux x86_64; rv:72.0) Gecko/20100101 Firefox/72.0"
216.244.66.242 - - [30/Sep/2023:10:06:08 +0200] "GET /starry-russian-doll-pink-cover-ipad-by-cbkreation-p-18478.html HTTP/1.0" 301 73743 "-" "Mozilla/5.0 (compatible; DotBot/1.2; +https://opensiteexplorer.org/dotbot; help@moz.com)"
40.77.167.15 - - [30/Sep/2023:10:06:25 +0200] "GET /images/big_prod/8422057160018B.jpg HTTP/1.0" 200 269 "-" "Mozilla/5.0 AppleWebKit/537.36 (KHTML, like Gecko; compatible; bingbot/2.0; +http://www.bing.com/bingbot.htm) Chrome/103.0.5060.134 Safari/537.36"
216.244.66.242 - - [30/Sep/2023:10:06:37 +0200] "GET /statuette-owl-deco-rhinestones-15-cm-p-44710.html HTTP/1.0" 301 73920 "-" "Mozilla/5.0 (compatible; DotBot/1.2; +https://opensiteexplorer.org/dotbot; help@moz.com)"
216.244.66.242 - - [30/Sep/2023:10:07:05 +0200] "GET /terracotta-soldier-statuette-of-emperor-qin-p-52437.html HTTP/1.0" 301 77472 "-" "Mozilla/5.0 (compatible; DotBot/1.2; +https://opensiteexplorer.org/dotbot; help@moz.com)"
216.244.66.242 - - [30/Sep/2023:10:07:34 +0200] "GET /white-cotton-kitchen-towel-45-70-cm-cannes-peri-p-42546.html HTTP/1.0" 301 73921 "-" "Mozilla/5.0 (compatible; DotBot/1.2; +https://opensiteexplorer.org/dotbot; help@moz.com)"
119.28.111.11 - - [30/Sep/2023:10:07:36 +0200] "GET /images/big_prod_2/c8719497611096.jpg HTTP/1.0" 200 271 "-" "Mozilla/5.0 (X11; Ubuntu; Linux x86_64; rv:72.0) Gecko/20100101 Firefox/72.0"
216.244.66.242 - - [30/Sep/2023:10:08:01 +0200] "GET /rectangular-indoor-carpet-p-43512.html HTTP/1.0" 200 77276 "-" "Mozilla/5.0 (compatible; DotBot/1.2; +https://opensiteexplorer.org/dotbot; help@moz.com)"
85.208.96.211 - - [30/Sep/2023:10:08:24 +0200] "GET /-p-48728.html HTTP/1.0" 200 73676 "-" "Mozilla/5.0 (compatible; SemrushBot/7~bl; +http://www.semrush.com/bot.html)"
216.244.66.242 - - [30/Sep/2023:10:08:26 +0200] "GET /verona-sheer-eyelet-curtain-p-38908.html HTTP/1.0" 200 79186 "-" "Mozilla/5.0 (compatible; DotBot/1.2; +https://opensiteexplorer.org/dotbot; help@moz.com)"
150.109.196.248 - - [30/Sep/2023:10:09:06 +0200] "GET /images/mini_prod/3760116310321.jpg HTTP/1.0" 200 269 "-" "Mozilla/5.0 (X11; Ubuntu; Linux x86_64; rv:72.0) Gecko/20100101 Firefox/72.0"
52.167.144.210 - - [30/Sep/2023:10:10:28 +0200] "GET /pillow-case-65-65-cm-black-p-34836.html HTTP/1.0" 301 76953 "-" "Mozilla/5.0 AppleWebKit/537.36 (KHTML, like Gecko; compatible; bingbot/2.0; +http://www.bing.com/bingbot.htm) Chrome/103.0.5060.134 Safari/537.36"
64.233.173.102 - - [30/Sep/2023:10:11:33 +0200] "GET /images/big_prod/3503420208379.jpg HTTP/1.0" 200 268 "-" "Mozilla/5.0 (Windows NT 5.1; rv:11.0) Gecko Firefox/11.0 (via ggpht.com GoogleImageProxy)"
150.109.10.162 - - [30/Sep/2023:10:11:58 +0200] "GET /images/mini_prod/5051265800183.jpg HTTP/1.0" 200 269 "-" "Mozilla/5.0 (X11; Ubuntu; Linux x86_64; rv:72.0) Gecko/20100101 Firefox/72.0"
150.109.10.162 - - [30/Sep/2023:10:12:05 +0200] "GET /images/mini_prod/9316188081009.jpg HTTP/1.0" 200 269 "-" "Mozilla/5.0 (X11; Ubuntu; Linux x86_64; rv:72.0) Gecko/20100101 Firefox/72.0"
66.249.75.73 - - [30/Sep/2023:10:13:02 +0200] "GET /storage-basket-monstera-p-55800.html HTTP/1.0" 200 76753 "-" "Mozilla/5.0 (compatible; Googlebot/2.1; +http://www.google.com/bot.html)"
169.228.63.97 - - [30/Sep/2023:10:13:49 +0200] "GET /images/mini_prod/tsmlshreck.jpg HTTP/1.0" 200 266 "-" "Mozilla/5.0 (X11; Ubuntu; Linux x86_64; rv:72.0) Gecko/20100101 Firefox/72.0"
47.128.58.70 - - [30/Sep/2023:10:13:55 +0200] "GET /mugs-mazagrans-c-12_57.html?page=7 HTTP/1.0" 200 99095 "-" "Mozilla/5.0 (compatible; Bytespider; spider-feedback@bytedance.com) AppleWebKit/537.36 (KHTML, like Gecko) Chrome/70.0.0.0 Safari/537.36"
47.128.58.70 - - [30/Sep/2023:10:13:57 +0200] "GET /mondial_relay/js/jquery-1.3.2.min.js HTTP/1.0" 200 276 "http://www.wonder-geek.com/mugs-mazagrans-c-12_57.html?page=7" "Mozilla/5.0 (compatible; Bytespider; spider-feedback@bytedance.com) AppleWebKit/537.36 (KHTML, like Gecko) Chrome/70.0.0.0 Safari/537.36"
47.128.58.70 - - [30/Sep/2023:10:13:57 +0200] "GET /highslide/highslide.js HTTP/1.0" 200 262 "http://www.wonder-geek.com/mugs-mazagrans-c-12_57.html?page=7" "Mozilla/5.0 (compatible; Bytespider; spider-feedback@bytedance.com) AppleWebKit/537.36 (KHTML, like Gecko) Chrome/70.0.0.0 Safari/537.36"
47.128.58.70 - - [30/Sep/2023:10:13:57 +0200] "GET /swfobject.js HTTP/1.0" 404 1308 "http://www.wonder-geek.com/mugs-mazagrans-c-12_57.html?page=7" "Mozilla/5.0 (compatible; Bytespider; spider-feedback@bytedance.com) AppleWebKit/537.36 (KHTML, like Gecko) Chrome/70.0.0.0 Safari/537.36"
47.128.19.38 - - [30/Sep/2023:10:13:58 +0200] "GET /chimes-suspensions-c-13_241.html?page=4 HTTP/1.0" 200 89450 "-" "Mozilla/5.0 (compatible; Bytespider; spider-feedback@bytedance.com) AppleWebKit/537.36 (KHTML, like Gecko) Chrome/70.0.0.0 Safari/537.36"
47.128.19.38 - - [30/Sep/2023:10:14:01 +0200] "GET /highslide/highslide.js HTTP/1.0" 200 262 "http://www.wonder-geek.com/chimes-suspensions-c-13_241.html?page=4" "Mozilla/5.0 (compatible; Bytespider; spider-feedback@bytedance.com) AppleWebKit/537.36 (KHTML, like Gecko) Chrome/70.0.0.0 Safari/537.36"
47.128.19.38 - - [30/Sep/2023:10:14:01 +0200] "GET /swfobject.js HTTP/1.0" 404 1308 "http://www.wonder-geek.com/chimes-suspensions-c-13_241.html?page=4" "Mozilla/5.0 (compatible; Bytespider; spider-feedback@bytedance.com) AppleWebKit/537.36 (KHTML, like Gecko) Chrome/70.0.0.0 Safari/537.36"
47.128.19.38 - - [30/Sep/2023:10:14:01 +0200] "GET /mondial_relay/js/jquery-1.3.2.min.js HTTP/1.0" 200 276 "http://www.wonder-geek.com/chimes-suspensions-c-13_241.html?page=4" "Mozilla/5.0 (compatible; Bytespider; spider-feedback@bytedance.com) AppleWebKit/537.36 (KHTML, like Gecko) Chrome/70.0.0.0 Safari/537.36"
47.128.19.38 - - [30/Sep/2023:10:14:03 +0200] "GET /swfobject.js HTTP/1.0" 404 1308 "http://www.wonder-geek.com/chimes-suspensions-c-13_241.html?page=4" "Mozilla/5.0 (compatible; Bytespider; spider-feedback@bytedance.com) AppleWebKit/537.36 (KHTML, like Gecko) Chrome/70.0.0.0 Safari/537.36"
47.128.58.70 - - [30/Sep/2023:10:14:05 +0200] "GET /js/jquery.masonry.min.js HTTP/1.0" 200 264 "http://www.wonder-geek.com/mugs-mazagrans-c-12_57.html?page=7" "Mozilla/5.0 (compatible; Bytespider; spider-feedback@bytedance.com) AppleWebKit/537.36 (KHTML, like Gecko) Chrome/70.0.0.0 Safari/537.36"
47.128.58.70 - - [30/Sep/2023:10:14:05 +0200] "GET /js/jquery.min.js HTTP/1.0" 404 1308 "http://www.wonder-geek.com/mugs-mazagrans-c-12_57.html?page=7" "Mozilla/5.0 (compatible; Bytespider; spider-feedback@bytedance.com) AppleWebKit/537.36 (KHTML, like Gecko) Chrome/70.0.0.0 Safari/537.36"
47.128.58.70 - - [30/Sep/2023:10:14:05 +0200] "GET /swfobject.js HTTP/1.0" 404 1308 "http://www.wonder-geek.com/mugs-mazagrans-c-12_57.html?page=7" "Mozilla/5.0 (compatible; Bytespider; spider-feedback@bytedance.com) AppleWebKit/537.36 (KHTML, like Gecko) Chrome/70.0.0.0 Safari/537.36"
47.128.58.70 - - [30/Sep/2023:10:14:05 +0200] "GET /js/jquery.min.js HTTP/1.0" 404 1308 "http://www.wonder-geek.com/mugs-mazagrans-c-12_57.html?page=7" "Mozilla/5.0 (compatible; Bytespider; spider-feedback@bytedance.com) AppleWebKit/537.36 (KHTML, like Gecko) Chrome/70.0.0.0 Safari/537.36"
47.128.19.38 - - [30/Sep/2023:10:14:06 +0200] "GET /js/jquery.min.js HTTP/1.0" 404 1308 "http://www.wonder-geek.com/chimes-suspensions-c-13_241.html?page=4" "Mozilla/5.0 (compatible; Bytespider; spider-feedback@bytedance.com) AppleWebKit/537.36 (KHTML, like Gecko) Chrome/70.0.0.0 Safari/537.36"
47.128.19.38 - - [30/Sep/2023:10:14:06 +0200] "GET /js/jquery.masonry.min.js HTTP/1.0" 200 264 "http://www.wonder-geek.com/chimes-suspensions-c-13_241.html?page=4" "Mozilla/5.0 (compatible; Bytespider; spider-feedback@bytedance.com) AppleWebKit/537.36 (KHTML, like Gecko) Chrome/70.0.0.0 Safari/537.36"
47.128.19.38 - - [30/Sep/2023:10:14:06 +0200] "GET /highslide/graphics/zoomout.cur HTTP/1.0" 200 614 "http://www.wonder-geek.com/chimes-suspensions-c-13_241.html?page=4" "Mozilla/5.0 (compatible; Bytespider; spider-feedback@bytedance.com) AppleWebKit/537.36 (KHTML, like Gecko) Chrome/70.0.0.0 Safari/537.36"
47.128.19.38 - - [30/Sep/2023:10:14:07 +0200] "GET /highslide/graphics/outlines/drop-shadow.png HTTP/1.0" 200 277 "http://www.wonder-geek.com/chimes-suspensions-c-13_241.html?page=4" "Mozilla/5.0 (compatible; Bytespider; spider-feedback@bytedance.com) AppleWebKit/537.36 (KHTML, like Gecko) Chrome/70.0.0.0 Safari/537.36"
47.128.58.70 - - [30/Sep/2023:10:14:07 +0200] "GET /highslide/graphics/outlines/drop-shadow.png HTTP/1.0" 200 277 "http://www.wonder-geek.com/mugs-mazagrans-c-12_57.html?page=7" "Mozilla/5.0 (compatible; Bytespider; spider-feedback@bytedance.com) AppleWebKit/537.36 (KHTML, like Gecko) Chrome/70.0.0.0 Safari/537.36"
47.128.58.70 - - [30/Sep/2023:10:14:07 +0200] "GET /highslide/graphics/zoomout.cur HTTP/1.0" 200 614 "http://www.wonder-geek.com/mugs-mazagrans-c-12_57.html?page=7" "Mozilla/5.0 (compatible; Bytespider; spider-feedback@bytedance.com) AppleWebKit/537.36 (KHTML, like Gecko) Chrome/70.0.0.0 Safari/537.36"
150.109.10.162 - - [30/Sep/2023:10:15:18 +0200] "GET /images/mini_prod/8003990630525.jpg HTTP/1.0" 200 269 "-" "Mozilla/5.0 (X11; Ubuntu; Linux x86_64; rv:72.0) Gecko/20100101 Firefox/72.0"
150.109.196.248 - - [30/Sep/2023:10:15:29 +0200] "GET /images/mini_prod/1399984236208.jpg HTTP/1.0" 200 269 "-" "Mozilla/5.0 (X11; Ubuntu; Linux x86_64; rv:72.0) Gecko/20100101 Firefox/72.0"
40.77.167.70 - - [30/Sep/2023:10:16:04 +0200] "GET /-p-12630.html HTTP/1.0" 200 73676 "-" "Mozilla/5.0 AppleWebKit/537.36 (KHTML, like Gecko; compatible; bingbot/2.0; +http://www.bing.com/bingbot.htm) Chrome/103.0.5060.134 Safari/537.36"
40.77.167.70 - - [30/Sep/2023:10:16:06 +0200] "GET /disney-m-20.html HTTP/1.0" 200 93534 "-" "Mozilla/5.0 AppleWebKit/537.36 (KHTML, like Gecko; compatible; bingbot/2.0; +http://www.bing.com/bingbot.htm) Chrome/103.0.5060.134 Safari/537.36"
211.249.68.16 - - [30/Sep/2023:10:16:37 +0200] "GET /images/mini_prod/3700653591180.jpg HTTP/1.0" 200 269 "-" "Mozilla/5.0 (X11; Ubuntu; Linux x86_64; rv:72.0) Gecko/20100101 Firefox/72.0"
66.249.75.74 - - [30/Sep/2023:10:18:44 +0200] "GET /street-fighter-mousepad-p-16003.html HTTP/1.0" 200 76178 "-" "Mozilla/5.0 (Linux; Android 6.0.1; Nexus 5X Build/MMB29P) AppleWebKit/537.36 (KHTML, like Gecko) Chrome/117.0.5938.92 Mobile Safari/537.36 (compatible; Googlebot/2.1; +http://www.google.com/bot.html)"
51.68.224.127 - - [30/Sep/2023:10:19:01 +0200] "GET /adminweb/export_orders_xml.php?token=256de2z6edz6ed2z6DFSFsed2zed6zeDSFDSGdzedezfzf&maxorders=10&orderstart=1&status=14&start_date=2018-10-01 HTTP/1.0" 200 285 "-" "GesCom CharlotteBoutik Serveur"
66.249.75.75 - - [30/Sep/2023:10:18:47 +0200] "GET /mtal-signs-c-13_130.html HTTP/1.0" 200 96482 "-" "Mozilla/5.0 (Linux; Android 6.0.1; Nexus 5X Build/MMB29P) AppleWebKit/537.36 (KHTML, like Gecko) Chrome/117.0.5938.92 Mobile Safari/537.36 (compatible; Googlebot/2.1; +http://www.google.com/bot.html)"
51.68.224.127 - - [30/Sep/2023:10:19:02 +0200] "GET /adminweb/export_orders_xml.php?token=256de2z6edz6ed2z6DFSFsed2zed6zeDSFDSGdzedezfzf&maxorders=10&orderstart=1&status=6&start_date=2018-10-01 HTTP/1.0" 200 33939 "-" "GesCom CharlotteBoutik Serveur"
66.249.75.74 - - [30/Sep/2023:10:19:04 +0200] "GET /candytuft-flower-fairies-teapot-p-40075.html HTTP/1.0" 200 77776 "-" "Mozilla/5.0 (Linux; Android 6.0.1; Nexus 5X Build/MMB29P) AppleWebKit/537.36 (KHTML, like Gecko) Chrome/117.0.5938.92 Mobile Safari/537.36 (compatible; Googlebot/2.1; +http://www.google.com/bot.html)"
66.249.75.73 - - [30/Sep/2023:10:19:07 +0200] "GET /resin-deer-bookend-p-56179.html HTTP/1.0" 200 73738 "-" "Mozilla/5.0 (Linux; Android 6.0.1; Nexus 5X Build/MMB29P) AppleWebKit/537.36 (KHTML, like Gecko) Chrome/117.0.5938.92 Mobile Safari/537.36 (compatible; Googlebot/2.1; +http://www.google.com/bot.html)"
66.249.75.73 - - [30/Sep/2023:10:19:10 +0200] "GET /snuff-said-christmas-chip-dale-figurine-p-56116.html HTTP/1.0" 200 78154 "-" "Mozilla/5.0 (Linux; Android 6.0.1; Nexus 5X Build/MMB29P) AppleWebKit/537.36 (KHTML, like Gecko) Chrome/117.0.5938.92 Mobile Safari/537.36 (compatible; Googlebot/2.1; +http://www.google.com/bot.html)"
66.249.69.106 - - [30/Sep/2023:10:19:13 +0200] "GET /girls/long-sleeves-tshirts/strawberry-shortcake-long-sleeve-tshirt-size-years-p-21921.html HTTP/1.0" 301 691 "-" "Mozilla/5.0 (Linux; Android 6.0.1; Nexus 5X Build/MMB29P) AppleWebKit/537.36 (KHTML, like Gecko) Chrome/117.0.5938.92 Mobile Safari/537.36 (compatible; Googlebot/2.1; +http://www.google.com/bot.html)"
66.249.75.73 - - [30/Sep/2023:10:19:14 +0200] "GET /girls/long-sleeves-tshirts/strawberry-shortcake-long-sleeve-tshirt-size-years-p-21921.html HTTP/1.0" 301 73743 "-" "Mozilla/5.0 (Linux; Android 6.0.1; Nexus 5X Build/MMB29P) AppleWebKit/537.36 (KHTML, like Gecko) Chrome/117.0.5938.92 Mobile Safari/537.36 (compatible; Googlebot/2.1; +http://www.google.com/bot.html)"
66.249.75.73 - - [30/Sep/2023:10:19:17 +0200] "GET /swfobject.js HTTP/1.0" 404 1308 "http://www.wonder-geek.com/snuff-said-christmas-chip-dale-figurine-p-56116.html" "Mozilla/5.0 (Linux; Android 6.0.1; Nexus 5X Build/MMB29P) AppleWebKit/537.36 (KHTML, like Gecko) Chrome/117.0.5938.92 Mobile Safari/537.36 (compatible; Googlebot/2.1; +http://www.google.com/bot.html)"
66.249.75.73 - - [30/Sep/2023:10:19:21 +0200] "GET /-p-21921.html HTTP/1.0" 200 73676 "-" "Mozilla/5.0 (Linux; Android 6.0.1; Nexus 5X Build/MMB29P) AppleWebKit/537.36 (KHTML, like Gecko) Chrome/117.0.5938.92 Mobile Safari/537.36 (compatible; Googlebot/2.1; +http://www.google.com/bot.html)"
185.191.171.6 - - [30/Sep/2023:10:19:51 +0200] "GET /-p-40691.html HTTP/1.0" 200 73676 "-" "Mozilla/5.0 (compatible; SemrushBot/7~bl; +http://www.semrush.com/bot.html)"
150.109.196.248 - - [30/Sep/2023:10:20:48 +0200] "GET /images/mini_prod/8003990585306.jpg HTTP/1.0" 200 269 "-" "Mozilla/5.0 (X11; Ubuntu; Linux x86_64; rv:72.0) Gecko/20100101 Firefox/72.0"
150.109.196.248 - - [30/Sep/2023:10:21:21 +0200] "GET /images/mini_prod/1399984289549.jpg HTTP/1.0" 200 269 "-" "Mozilla/5.0 (X11; Ubuntu; Linux x86_64; rv:72.0) Gecko/20100101 Firefox/72.0"
3.70.126.50 - - [30/Sep/2023:10:21:23 +0200] "GET /robots.txt HTTP/1.0" 200 245 "-" "webprosbot/2.0 (+mailto:abuse-6337@webpros.com)"
139.162.121.177 - - [30/Sep/2023:10:21:39 +0200] "GET /contact_us.php HTTP/1.0" 200 26241 "http://www.wonder-geek.com/contact_us.php" "Mozilla/5.0 (Windows NT 6.1; Win64; x64) AppleWebKit/537.36 (KHTML, like Gecko) Chrome/90.0.4430.93 Safari/537.36"
3.70.126.50 - - [30/Sep/2023:10:21:23 +0200] "GET / HTTP/1.0" 500 133566 "-" "webprosbot/2.0 (+mailto:abuse-6337@webpros.com)"
52.167.144.204 - - [30/Sep/2023:10:21:58 +0200] "GET /postcard-with-envelope-happy-birthday-p-48868.html HTTP/1.0" 200 76239 "-" "Mozilla/5.0 AppleWebKit/537.36 (KHTML, like Gecko; compatible; bingbot/2.0; +http://www.bing.com/bingbot.htm) Chrome/103.0.5060.134 Safari/537.36"
3.70.126.50 - - [30/Sep/2023:10:21:39 +0200] "GET / HTTP/1.0" 200 154208 "-" "webprosbot/2.0 (+mailto:abuse-6337@webpros.com)"
17.241.227.6 - - [30/Sep/2023:10:22:32 +0200] "GET /incense-sticks-camphor-p-51691.html HTTP/1.0" 200 76280 "-" "Mozilla/5.0 (Macintosh; Intel Mac OS X 10_15_5) AppleWebKit/605.1.15 (KHTML, like Gecko) Version/13.1.1 Safari/605.1.15 (Applebot/0.1; +http://www.apple.com/go/applebot)"
118.195.139.130 - - [30/Sep/2023:10:24:04 +0200] "HEAD /images/mini_prod/3014627927975.jpg HTTP/1.0" 200 290 "-" "Go-http-client/1.1"
118.195.139.130 - - [30/Sep/2023:10:24:05 +0200] "GET /images/mini_prod/3014627927975.jpg HTTP/1.0" 200 269 "-" "Go-http-client/1.1"
118.195.139.130 - - [30/Sep/2023:10:24:06 +0200] "GET /images/mini_prod/3014627927975.jpg HTTP/1.0" 200 269 "-" "Go-http-client/1.1"
119.28.98.218 - - [30/Sep/2023:10:24:58 +0200] "GET /images/mini_prod/8433933156612.jpg HTTP/1.0" 200 269 "-" "Mozilla/5.0 (X11; Ubuntu; Linux x86_64; rv:72.0) Gecko/20100101 Firefox/72.0"
66.249.75.74 - - [30/Sep/2023:10:25:54 +0200] "GET /small-tassen-porcelain-mood-bowls-made-germany-p-50704.html HTTP/1.0" 200 77034 "-" "Mozilla/5.0 (Linux; Android 6.0.1; Nexus 5X Build/MMB29P) AppleWebKit/537.36 (KHTML, like Gecko) Chrome/117.0.5938.92 Mobile Safari/537.36 (compatible; Googlebot/2.1; +http://www.google.com/bot.html)"
66.249.75.75 - - [30/Sep/2023:10:26:14 +0200] "GET /home/keyrings/monster-high-mini-led-keychain-flashlight-white-p-17848.html HTTP/1.0" 301 76720 "-" "Mozilla/5.0 (Linux; Android 6.0.1; Nexus 5X Build/MMB29P) AppleWebKit/537.36 (KHTML, like Gecko) Chrome/117.0.5938.92 Mobile Safari/537.36 (compatible; Googlebot/2.1; +http://www.google.com/bot.html)"
66.249.75.74 - - [30/Sep/2023:10:26:17 +0200] "GET /monster-high-mini-keychain-flashlight-white-p-17848.html HTTP/1.0" 200 76610 "-" "Mozilla/5.0 (Linux; Android 6.0.1; Nexus 5X Build/MMB29P) AppleWebKit/537.36 (KHTML, like Gecko) Chrome/117.0.5938.92 Mobile Safari/537.36 (compatible; Googlebot/2.1; +http://www.google.com/bot.html)"
66.249.75.73 - - [30/Sep/2023:10:26:24 +0200] "GET /js/jquery.min.js HTTP/1.0" 404 1308 "http://www.wonder-geek.com/mtal-signs-c-13_130.html" "Mozilla/5.0 (Linux; Android 6.0.1; Nexus 5X Build/MMB29P) AppleWebKit/537.36 (KHTML, like Gecko) Chrome/117.0.5938.92 Mobile Safari/537.36 (compatible; Googlebot/2.1; +http://www.google.com/bot.html)"
47.128.18.187 - - [30/Sep/2023:10:27:59 +0200] "GET /images/4025055993929.jpg HTTP/1.0" 200 259 "-" "Mozilla/5.0 (compatible; Bytespider; spider-feedback@bytedance.com) AppleWebKit/537.36 (KHTML, like Gecko) Chrome/70.0.0.0 Safari/537.36"
5.196.78.175 - - [30/Sep/2023:10:28:02 +0200] "GET /contact_us.php?action=success HTTP/1.0" 200 13477 "http://www.wonder-geek.com/contact_us.php?action=success" "Mozilla/5.0 (Windows NT 10.0; Win64; x64) AppleWebKit/537.36 (KHTML, like Gecko) Chrome/103.0.5060.114 Safari/537.36"
5.196.78.175 - - [30/Sep/2023:10:28:02 +0200] "GET /index.php HTTP/1.0" 200 153694 "http://www.wonder-geek.com/index.php" "Mozilla/5.0 (Windows NT 10.0; Win64; x64) AppleWebKit/537.36 (KHTML, like Gecko) Chrome/103.0.5060.114 Safari/537.36"
65.108.100.146 - - [30/Sep/2023:10:28:38 +0200] "GET /robots.txt HTTP/1.0" 200 245 "-" "Mozilla/5.0 (compatible; MJ12bot/v1.4.8; http://mj12bot.com/)"
5.196.78.175 - - [30/Sep/2023:10:28:25 +0200] "GET /trivet-boards-c-12_158.html HTTP/1.0" 200 97467 "http://www.wonder-geek.com/trivet-boards-c-12_158.html" "Mozilla/5.0 (Windows NT 10.0; Win64; x64) AppleWebKit/537.36 (KHTML, like Gecko) Chrome/103.0.5060.114 Safari/537.36"
65.108.100.146 - - [30/Sep/2023:10:28:39 +0200] "GET /adonis-ecru-square-cushion-p-61011.html HTTP/1.0" 200 77233 "-" "Mozilla/5.0 (compatible; MJ12bot/v1.4.8; http://mj12bot.com/)"
5.196.78.175 - - [30/Sep/2023:10:28:41 +0200] "GET /cardboard-boxes-storage-c-13_150_216.html HTTP/1.0" 200 81116 "http://www.wonder-geek.com/cardboard-boxes-storage-c-13_150_216.html" "Mozilla/5.0 (Windows NT 10.0; Win64; x64) AppleWebKit/537.36 (KHTML, like Gecko) Chrome/103.0.5060.114 Safari/537.36"
5.196.78.175 - - [30/Sep/2023:10:28:53 +0200] "GET /contact_us.php HTTP/1.0" 200 26241 "http://www.wonder-geek.com/contact_us.php" "Mozilla/5.0 (Windows NT 10.0; Win64; x64) AppleWebKit/537.36 (KHTML, like Gecko) Chrome/103.0.5060.114 Safari/537.36"
5.196.78.175 - - [30/Sep/2023:10:28:53 +0200] "POST /contact_us.php?action=send HTTP/1.0" 200 27197 "http://www.wonder-geek.com/contact_us.php" "Mozilla/5.0 (Windows NT 10.0; Win64; x64) AppleWebKit/537.36 (KHTML, like Gecko) Chrome/103.0.5060.114 Safari/537.36"
114.119.129.74 - - [30/Sep/2023:10:29:00 +0200] "GET /pegase-mug-by-cbkreation-p-33779.html HTTP/1.0" 301 76106 "http://www.wonder-geek.com/mugs-and-mazagrans-c-12_57.html?page=16" "Mozilla/5.0 (Linux; Android 7.0;) AppleWebKit/537.36 (KHTML, like Gecko) Mobile Safari/537.36 (compatible; PetalBot;+https://webmaster.petalsearch.com/site/petalbot)"
114.119.129.74 - - [30/Sep/2023:10:29:02 +0200] "GET /pegase-cbkreation-p-33779.html HTTP/1.0" 200 76022 "http://www.wonder-geek.com/mugs-and-mazagrans-c-12_57.html?page=16" "Mozilla/5.0 (Linux; Android 7.0;) AppleWebKit/537.36 (KHTML, like Gecko) Mobile Safari/537.36 (compatible; PetalBot;+https://webmaster.petalsearch.com/site/petalbot)"
85.208.96.194 - - [30/Sep/2023:10:29:46 +0200] "GET /-p-29455.html HTTP/1.0" 200 73676 "-" "Mozilla/5.0 (compatible; SemrushBot/7~bl; +http://www.semrush.com/bot.html)"
114.119.136.68 - - [30/Sep/2023:10:30:19 +0200] "GET /earth-globe-moneybox-p-52309.html HTTP/1.0" 200 75995 "http://www.wonder-geek.com/home-decoration-c-13.html?page=113" "Mozilla/5.0 (Linux; Android 7.0;) AppleWebKit/537.36 (KHTML, like Gecko) Mobile Safari/537.36 (compatible; PetalBot;+https://webmaster.petalsearch.com/site/petalbot)"
17.241.219.31 - - [30/Sep/2023:10:30:34 +0200] "GET /cotton-kitchen-towel-burger-p-49658.html HTTP/1.0" 200 73800 "-" "Mozilla/5.0 (Macintosh; Intel Mac OS X 10_15_5) AppleWebKit/605.1.15 (KHTML, like Gecko) Version/13.1.1 Safari/605.1.15 (Applebot/0.1; +http://www.apple.com/go/applebot)"
169.228.63.97 - - [30/Sep/2023:10:30:57 +0200] "GET /images/mini_prod/3560600248563.jpg HTTP/1.0" 200 269 "-" "Mozilla/5.0 (X11; Ubuntu; Linux x86_64; rv:72.0) Gecko/20100101 Firefox/72.0"
49.7.20.92 - - [30/Sep/2023:10:30:46 +0200] "GET / HTTP/1.0" 200 153881 "-" "Sogou web spider/4.0(+http://www.sogou.com/docs/help/webmasters.htm#07)"
52.167.144.222 - - [30/Sep/2023:10:31:12 +0200] "GET /jamaica-paper-towel-dispenser-p-17439.html HTTP/1.0" 200 76078 "-" "Mozilla/5.0 AppleWebKit/537.36 (KHTML, like Gecko; compatible; bingbot/2.0; +http://www.bing.com/bingbot.htm) Chrome/103.0.5060.134 Safari/537.36"
103.52.188.152 - - [30/Sep/2023:10:31:39 +0200] "GET /images/mini_prod/3296580363605.jpg HTTP/1.0" 200 269 "-" "Mozilla/5.0 (X11; Ubuntu; Linux x86_64; rv:72.0) Gecko/20100101 Firefox/72.0"
169.228.63.97 - - [30/Sep/2023:10:31:42 +0200] "GET /images/mini_prod/8718375756010.jpg HTTP/1.0" 200 269 "-" "Mozilla/5.0 (X11; Ubuntu; Linux x86_64; rv:72.0) Gecko/20100101 Firefox/72.0"
146.56.218.152 - - [30/Sep/2023:10:31:53 +0200] "HEAD /images/mini_prod/5022271700507.jpg HTTP/1.0" 404 272 "-" "Go-http-client/1.1"
216.244.66.242 - - [30/Sep/2023:10:31:54 +0200] "GET /robots.txt HTTP/1.0" 200 245 "-" "Mozilla/5.0 (compatible; DotBot/1.2; +https://opensiteexplorer.org/dotbot; help@moz.com)"
213.73.207.75 - - [30/Sep/2023:10:32:07 +0200] "GET /images/mini_prod/8435382723988.jpg HTTP/1.0" 200 269 "-" "Mozilla/5.0 (iPhone; CPU iPhone OS 16_6 like Mac OS X) AppleWebKit/605.1.15 (KHTML, like Gecko) GSA/278.0.557984068 Mobile/15E148 Safari/604.1"
45.79.205.89 - - [30/Sep/2023:10:32:21 +0200] "GET /contact_us.php HTTP/1.0" 200 26241 "http://www.wonder-geek.com/contact_us.php" "Mozilla/5.0 (Windows NT 6.3; Win64; x64) AppleWebKit/537.36 (KHTML, like Gecko) Chrome/90.0.4430.72 Safari/537.36"
85.208.96.201 - - [30/Sep/2023:10:32:23 +0200] "GET /-p-48025.html HTTP/1.0" 200 73676 "-" "Mozilla/5.0 (compatible; SemrushBot/7~bl; +http://www.semrush.com/bot.html)"
119.28.98.218 - - [30/Sep/2023:10:32:37 +0200] "GET /images/mini_prod/4036113830377.jpg HTTP/1.0" 200 269 "-" "Mozilla/5.0 (X11; Ubuntu; Linux x86_64; rv:72.0) Gecko/20100101 Firefox/72.0"
47.128.40.115 - - [30/Sep/2023:10:33:40 +0200] "GET /swfobject.js HTTP/1.0" 404 1308 "http://www.wonder-geek.com/mtal-signs-c-13_130.html?page=5" "Mozilla/5.0 (compatible; Bytespider; spider-feedback@bytedance.com) AppleWebKit/537.36 (KHTML, like Gecko) Chrome/70.0.0.0 Safari/537.36"
47.128.57.223 - - [30/Sep/2023:10:33:24 +0200] "GET /flower-pots-c-13_275.html?page=4 HTTP/1.0" 301 97374 "-" "Mozilla/5.0 (compatible; Bytespider; spider-feedback@bytedance.com) AppleWebKit/537.36 (KHTML, like Gecko) Chrome/70.0.0.0 Safari/537.36"
47.128.57.223 - - [30/Sep/2023:10:33:35 +0200] "GET /flower-pots-plant-accessories-c-275.html?page=4 HTTP/1.0" 301 97251 "-" "Mozilla/5.0 (compatible; Bytespider; spider-feedback@bytedance.com) AppleWebKit/537.36 (KHTML, like Gecko) Chrome/70.0.0.0 Safari/537.36"
47.128.40.115 - - [30/Sep/2023:10:33:27 +0200] "GET /mtal-signs-c-13_130.html?page=5 HTTP/1.0" 200 98025 "-" "Mozilla/5.0 (compatible; Bytespider; spider-feedback@bytedance.com) AppleWebKit/537.36 (KHTML, like Gecko) Chrome/70.0.0.0 Safari/537.36"
66.249.75.74 - - [30/Sep/2023:10:33:44 +0200] "GET /hello-kitty-gothic-lolita-elastic-p-19421.html HTTP/1.0" 200 77087 "-" "Mozilla/5.0 (Linux; Android 6.0.1; Nexus 5X Build/MMB29P) AppleWebKit/537.36 (KHTML, like Gecko) Chrome/117.0.5938.92 Mobile Safari/537.36 (compatible; Googlebot/2.1; +http://www.google.com/bot.html)"
47.128.57.223 - - [30/Sep/2023:10:33:50 +0200] "GET /swfobject.js HTTP/1.0" 404 1308 "http://www.wonder-geek.com/flower-pots-plant-accessories-c-13_275.html?page=4" "Mozilla/5.0 (compatible; Bytespider; spider-feedback@bytedance.com) AppleWebKit/537.36 (KHTML, like Gecko) Chrome/70.0.0.0 Safari/537.36"
47.128.40.115 - - [30/Sep/2023:10:33:50 +0200] "GET /js/jquery.min.js HTTP/1.0" 404 1308 "http://www.wonder-geek.com/mtal-signs-c-13_130.html?page=5" "Mozilla/5.0 (compatible; Bytespider; spider-feedback@bytedance.com) AppleWebKit/537.36 (KHTML, like Gecko) Chrome/70.0.0.0 Safari/537.36"
47.128.40.115 - - [30/Sep/2023:10:33:50 +0200] "GET /highslide/graphics/zoomout.cur HTTP/1.0" 200 614 "http://www.wonder-geek.com/mtal-signs-c-13_130.html?page=5" "Mozilla/5.0 (compatible; Bytespider; spider-feedback@bytedance.com) AppleWebKit/537.36 (KHTML, like Gecko) Chrome/70.0.0.0 Safari/537.36"
47.128.57.223 - - [30/Sep/2023:10:33:38 +0200] "GET /flower-pots-plant-accessories-c-13_275.html?page=4 HTTP/1.0" 200 97273 "-" "Mozilla/5.0 (compatible; Bytespider; spider-feedback@bytedance.com) AppleWebKit/537.36 (KHTML, like Gecko) Chrome/70.0.0.0 Safari/537.36"
47.128.57.223 - - [30/Sep/2023:10:33:57 +0200] "GET /js/jquery.min.js HTTP/1.0" 404 1308 "http://www.wonder-geek.com/flower-pots-plant-accessories-c-13_275.html?page=4" "Mozilla/5.0 (compatible; Bytespider; spider-feedback@bytedance.com) AppleWebKit/537.36 (KHTML, like Gecko) Chrome/70.0.0.0 Safari/537.36"
47.128.57.223 - - [30/Sep/2023:10:33:57 +0200] "GET /highslide/graphics/outlines/drop-shadow.png HTTP/1.0" 200 277 "http://www.wonder-geek.com/flower-pots-plant-accessories-c-13_275.html?page=4" "Mozilla/5.0 (compatible; Bytespider; spider-feedback@bytedance.com) AppleWebKit/537.36 (KHTML, like Gecko) Chrome/70.0.0.0 Safari/537.36"
47.128.57.223 - - [30/Sep/2023:10:33:57 +0200] "GET /highslide/graphics/zoomout.cur HTTP/1.0" 200 614 "http://www.wonder-geek.com/flower-pots-plant-accessories-c-13_275.html?page=4" "Mozilla/5.0 (compatible; Bytespider; spider-feedback@bytedance.com) AppleWebKit/537.36 (KHTML, like Gecko) Chrome/70.0.0.0 Safari/537.36"
185.191.171.4 - - [30/Sep/2023:10:34:43 +0200] "GET /mani-lucky-p-39912.html HTTP/1.0" 200 73730 "-" "Mozilla/5.0 (compatible; SemrushBot/7~bl; +http://www.semrush.com/bot.html)"
51.68.224.127 - - [30/Sep/2023:10:35:30 +0200] "GET /adminweb/export_orders_xml.php?token=256de2z6edz6ed2z6DFSFsed2zed6zeDSFDSGdzedezfzf&maxorders=10&orderstart=1&status=14&start_date=2018-10-01 HTTP/1.0" 200 285 "-" "GesCom CharlotteBoutik Serveur"
51.68.224.127 - - [30/Sep/2023:10:35:30 +0200] "GET /adminweb/export_orders_xml.php?token=256de2z6edz6ed2z6DFSFsed2zed6zeDSFDSGdzedezfzf&maxorders=10&orderstart=1&status=6&start_date=2018-10-01 HTTP/1.0" 200 33939 "-" "GesCom CharlotteBoutik Serveur"
85.208.96.205 - - [30/Sep/2023:10:37:12 +0200] "GET /simone-butter-dish-p-57238.html HTTP/1.0" 200 73738 "-" "Mozilla/5.0 (compatible; SemrushBot/7~bl; +http://www.semrush.com/bot.html)"
119.28.111.11 - - [30/Sep/2023:10:37:55 +0200] "GET /images/mini_prod/3014627951239.jpg HTTP/1.0" 200 269 "-" "Mozilla/5.0 (X11; Ubuntu; Linux x86_64; rv:72.0) Gecko/20100101 Firefox/72.0"
66.249.75.73 - - [30/Sep/2023:10:38:45 +0200] "GET /small-tassen-porcelain-mood-bowls-made-germany-p-50704.html HTTP/1.0" 200 77034 "-" "Mozilla/5.0 (compatible; Googlebot/2.1; +http://www.google.com/bot.html)"
40.77.167.33 - - [30/Sep/2023:10:39:26 +0200] "GET /jake-and-the-never-land-pirates-pvc-money-box-p-32144.html HTTP/1.0" 301 76348 "-" "Mozilla/5.0 AppleWebKit/537.36 (KHTML, like Gecko; compatible; bingbot/2.0; +http://www.bing.com/bingbot.htm) Chrome/103.0.5060.134 Safari/537.36"
119.28.98.218 - - [30/Sep/2023:10:39:42 +0200] "GET /images/mini_prod/8718375751152.jpg HTTP/1.0" 200 269 "-" "Mozilla/5.0 (X11; Ubuntu; Linux x86_64; rv:72.0) Gecko/20100101 Firefox/72.0"
106.11.62.212 - - [30/Sep/2023:10:40:04 +0200] "GET /images/mini_prod/070209_191201_PEEL_gnVzFs.jpg HTTP/1.0" 200 281 "-" "Mozilla/5.0 (X11; Ubuntu; Linux x86_64; rv:72.0) Gecko/20100101 Firefox/72.0"
40.77.167.33 - - [30/Sep/2023:10:40:26 +0200] "GET /black-metal-table-lamp-p-52984.html HTTP/1.0" 200 73754 "-" "Mozilla/5.0 AppleWebKit/537.36 (KHTML, like Gecko; compatible; bingbot/2.0; +http://www.bing.com/bingbot.htm) Chrome/103.0.5060.134 Safari/537.36"
66.249.75.73 - - [30/Sep/2023:10:41:14 +0200] "GET /empty-porcelain-hand-pocket-statuette-p-57219.html HTTP/1.0" 200 76823 "-" "Mozilla/5.0 (Linux; Android 6.0.1; Nexus 5X Build/MMB29P) AppleWebKit/537.36 (KHTML, like Gecko) Chrome/117.0.5938.92 Mobile Safari/537.36 (compatible; Googlebot/2.1; +http://www.google.com/bot.html)"
66.249.75.73 - - [30/Sep/2023:10:41:41 +0200] "GET /swfobject.js HTTP/1.0" 404 1308 "http://www.wonder-geek.com/empty-porcelain-hand-pocket-statuette-p-57219.html" "Mozilla/5.0 (Linux; Android 6.0.1; Nexus 5X Build/MMB29P) AppleWebKit/537.36 (KHTML, like Gecko) Chrome/117.0.5938.92 Mobile Safari/537.36 (compatible; Googlebot/2.1; +http://www.google.com/bot.html)"
106.223.129.98 - - [30/Sep/2023:10:41:45 +0200] "GET /chutje-wall-sticker-p-48980.html HTTP/1.0" 200 76766 "https://www.google.com/" "Mozilla/5.0 (Linux; Android 10; K) AppleWebKit/537.36 (KHTML, like Gecko) Chrome/117.0.0.0 Mobile Safari/537.36"
106.223.129.98 - - [30/Sep/2023:10:41:47 +0200] "GET /templates/Pixame_v1/stylesheet.css HTTP/1.0" 200 267 "http://www.wonder-geek.com/chutje-wall-sticker-p-48980.html" "Mozilla/5.0 (Linux; Android 10; K) AppleWebKit/537.36 (KHTML, like Gecko) Chrome/117.0.0.0 Mobile Safari/537.36"
106.223.129.98 - - [30/Sep/2023:10:41:48 +0200] "GET /highslide/highslide.js HTTP/1.0" 200 262 "http://www.wonder-geek.com/chutje-wall-sticker-p-48980.html" "Mozilla/5.0 (Linux; Android 10; K) AppleWebKit/537.36 (KHTML, like Gecko) Chrome/117.0.0.0 Mobile Safari/537.36"
106.223.129.98 - - [30/Sep/2023:10:41:48 +0200] "GET /js/jquery.js HTTP/1.0" 200 252 "http://www.wonder-geek.com/chutje-wall-sticker-p-48980.html" "Mozilla/5.0 (Linux; Android 10; K) AppleWebKit/537.36 (KHTML, like Gecko) Chrome/117.0.0.0 Mobile Safari/537.36"
106.223.129.98 - - [30/Sep/2023:10:41:48 +0200] "GET /js/jquery.jqzoom.js HTTP/1.0" 200 259 "http://www.wonder-geek.com/chutje-wall-sticker-p-48980.html" "Mozilla/5.0 (Linux; Android 10; K) AppleWebKit/537.36 (KHTML, like Gecko) Chrome/117.0.0.0 Mobile Safari/537.36"
106.223.129.98 - - [30/Sep/2023:10:41:48 +0200] "GET /mondial_relay/js/jquery-1.3.2.min.js HTTP/1.0" 200 276 "http://www.wonder-geek.com/chutje-wall-sticker-p-48980.html" "Mozilla/5.0 (Linux; Android 10; K) AppleWebKit/537.36 (KHTML, like Gecko) Chrome/117.0.0.0 Mobile Safari/537.36"
106.223.129.98 - - [30/Sep/2023:10:41:49 +0200] "GET /swfobject.js HTTP/1.0" 404 1308 "http://www.wonder-geek.com/chutje-wall-sticker-p-48980.html" "Mozilla/5.0 (Linux; Android 10; K) AppleWebKit/537.36 (KHTML, like Gecko) Chrome/117.0.0.0 Mobile Safari/537.36"
106.223.129.98 - - [30/Sep/2023:10:41:49 +0200] "GET /templates/Pixame_v1/images/icon_accueil2.png HTTP/1.0" 200 278 "http://www.wonder-geek.com/chutje-wall-sticker-p-48980.html" "Mozilla/5.0 (Linux; Android 10; K) AppleWebKit/537.36 (KHTML, like Gecko) Chrome/117.0.0.0 Mobile Safari/537.36"
106.223.129.98 - - [30/Sep/2023:10:41:49 +0200] "GET /templates/Pixame_v1/images/infobox/pixel_trans.gif HTTP/1.0" 200 328 "http://www.wonder-geek.com/chutje-wall-sticker-p-48980.html" "Mozilla/5.0 (Linux; Android 10; K) AppleWebKit/537.36 (KHTML, like Gecko) Chrome/117.0.0.0 Mobile Safari/537.36"
106.223.129.98 - - [30/Sep/2023:10:41:49 +0200] "GET /images/pixel_trans.gif HTTP/1.0" 200 328 "http://www.wonder-geek.com/chutje-wall-sticker-p-48980.html" "Mozilla/5.0 (Linux; Android 10; K) AppleWebKit/537.36 (KHTML, like Gecko) Chrome/117.0.0.0 Mobile Safari/537.36"
106.223.129.98 - - [30/Sep/2023:10:41:49 +0200] "GET /templates/Pixame_v1/images/pixel_trans.gif HTTP/1.0" 200 328 "http://www.wonder-geek.com/chutje-wall-sticker-p-48980.html" "Mozilla/5.0 (Linux; Android 10; K) AppleWebKit/537.36 (KHTML, like Gecko) Chrome/117.0.0.0 Mobile Safari/537.36"
106.223.129.98 - - [30/Sep/2023:10:41:49 +0200] "GET /images/big_prod/3609810088719b.jpg HTTP/1.0" 200 269 "http://www.wonder-geek.com/chutje-wall-sticker-p-48980.html" "Mozilla/5.0 (Linux; Android 10; K) AppleWebKit/537.36 (KHTML, like Gecko) Chrome/117.0.0.0 Mobile Safari/537.36"
106.223.129.98 - - [30/Sep/2023:10:41:49 +0200] "GET /templates/Pixame_v1/images/Middle_texture.jpg HTTP/1.0" 200 280 "http://www.wonder-geek.com/templates/Pixame_v1/stylesheet.css" "Mozilla/5.0 (Linux; Android 10; K) AppleWebKit/537.36 (KHTML, like Gecko) Chrome/117.0.0.0 Mobile Safari/537.36"
106.223.129.98 - - [30/Sep/2023:10:41:49 +0200] "GET /templates/Pixame_v1/images/Bottom_texture.jpg HTTP/1.0" 200 280 "http://www.wonder-geek.com/templates/Pixame_v1/stylesheet.css" "Mozilla/5.0 (Linux; Android 10; K) AppleWebKit/537.36 (KHTML, like Gecko) Chrome/117.0.0.0 Mobile Safari/537.36"
106.223.129.98 - - [30/Sep/2023:10:41:49 +0200] "GET /templates/Pixame_v1/images/header.png HTTP/1.0" 200 271 "http://www.wonder-geek.com/templates/Pixame_v1/stylesheet.css" "Mozilla/5.0 (Linux; Android 10; K) AppleWebKit/537.36 (KHTML, like Gecko) Chrome/117.0.0.0 Mobile Safari/537.36"
106.223.129.98 - - [30/Sep/2023:10:41:49 +0200] "GET /templates/Pixame_v1/images/header-object.png HTTP/1.0" 200 278 "http://www.wonder-geek.com/templates/Pixame_v1/stylesheet.css" "Mozilla/5.0 (Linux; Android 10; K) AppleWebKit/537.36 (KHTML, like Gecko) Chrome/117.0.0.0 Mobile Safari/537.36"
106.223.129.98 - - [30/Sep/2023:10:41:50 +0200] "GET /design/productsenstock.png HTTP/1.0" 200 260 "http://www.wonder-geek.com/templates/Pixame_v1/stylesheet.css" "Mozilla/5.0 (Linux; Android 10; K) AppleWebKit/537.36 (KHTML, like Gecko) Chrome/117.0.0.0 Mobile Safari/537.36"
106.223.129.98 - - [30/Sep/2023:10:41:50 +0200] "GET /templates/Pixame_v1/images/infobox/infobox_footer_middle.gif HTTP/1.0" 200 357 "http://www.wonder-geek.com/chutje-wall-sticker-p-48980.html" "Mozilla/5.0 (Linux; Android 10; K) AppleWebKit/537.36 (KHTML, like Gecko) Chrome/117.0.0.0 Mobile Safari/537.36"
106.223.129.98 - - [30/Sep/2023:10:41:50 +0200] "GET /highslide/graphics/zoomin.cur HTTP/1.0" 200 614 "http://www.wonder-geek.com/templates/Pixame_v1/stylesheet.css" "Mozilla/5.0 (Linux; Android 10; K) AppleWebKit/537.36 (KHTML, like Gecko) Chrome/117.0.0.0 Mobile Safari/537.36"
106.223.129.98 - - [30/Sep/2023:10:41:50 +0200] "GET /images/big_prod_1/3609810088719.jpg HTTP/1.0" 200 270 "http://www.wonder-geek.com/chutje-wall-sticker-p-48980.html" "Mozilla/5.0 (Linux; Android 10; K) AppleWebKit/537.36 (KHTML, like Gecko) Chrome/117.0.0.0 Mobile Safari/537.36"
106.223.129.98 - - [30/Sep/2023:10:41:51 +0200] "GET /templates/Pixame_v1/images/nav.png HTTP/1.0" 200 268 "http://www.wonder-geek.com/templates/Pixame_v1/stylesheet.css" "Mozilla/5.0 (Linux; Android 10; K) AppleWebKit/537.36 (KHTML, like Gecko) Chrome/117.0.0.0 Mobile Safari/537.36"
106.223.129.98 - - [30/Sep/2023:10:41:51 +0200] "GET /templates/Pixame_v1/images/buttons/english/button_in_cart.gif HTTP/1.0" 200 295 "http://www.wonder-geek.com/chutje-wall-sticker-p-48980.html" "Mozilla/5.0 (Linux; Android 10; K) AppleWebKit/537.36 (KHTML, like Gecko) Chrome/117.0.0.0 Mobile Safari/537.36"
106.223.129.98 - - [30/Sep/2023:10:41:52 +0200] "GET /highslide/graphics/loader.white.gif HTTP/1.0" 200 960 "http://www.wonder-geek.com/templates/Pixame_v1/stylesheet.css" "Mozilla/5.0 (Linux; Android 10; K) AppleWebKit/537.36 (KHTML, like Gecko) Chrome/117.0.0.0 Mobile Safari/537.36"
106.223.129.98 - - [30/Sep/2023:10:41:52 +0200] "GET /highslide/graphics/outlines/drop-shadow.png HTTP/1.0" 200 277 "http://www.wonder-geek.com/chutje-wall-sticker-p-48980.html" "Mozilla/5.0 (Linux; Android 10; K) AppleWebKit/537.36 (KHTML, like Gecko) Chrome/117.0.0.0 Mobile Safari/537.36"
106.223.129.98 - - [30/Sep/2023:10:41:52 +0200] "GET /highslide/graphics/zoomout.cur HTTP/1.0" 200 614 "http://www.wonder-geek.com/chutje-wall-sticker-p-48980.html" "Mozilla/5.0 (Linux; Android 10; K) AppleWebKit/537.36 (KHTML, like Gecko) Chrome/117.0.0.0 Mobile Safari/537.36"
106.223.129.98 - - [30/Sep/2023:10:41:52 +0200] "GET /favicon.ico HTTP/1.0" 200 260 "http://www.wonder-geek.com/chutje-wall-sticker-p-48980.html" "Mozilla/5.0 (Linux; Android 10; K) AppleWebKit/537.36 (KHTML, like Gecko) Chrome/117.0.0.0 Mobile Safari/537.36"
40.77.167.33 - - [30/Sep/2023:10:41:59 +0200] "GET /white-ceramic-espresso-cups-p-56935.html HTTP/1.0" 200 77877 "-" "Mozilla/5.0 AppleWebKit/537.36 (KHTML, like Gecko; compatible; bingbot/2.0; +http://www.bing.com/bingbot.htm) Chrome/103.0.5060.134 Safari/537.36"
119.28.111.11 - - [30/Sep/2023:10:42:08 +0200] "GET /images/big_prod_2/c5903313954105.jpg HTTP/1.0" 200 271 "-" "Mozilla/5.0 (X11; Ubuntu; Linux x86_64; rv:72.0) Gecko/20100101 Firefox/72.0"
5.255.231.23 - - [30/Sep/2023:10:42:12 +0200] "GET /robots.txt HTTP/1.0" 200 245 "-" "Mozilla/5.0 (compatible; YandexBot/3.0; +http://yandex.com/bots)"
5.255.231.187 - - [30/Sep/2023:10:42:14 +0200] "GET /-p-2912.html HTTP/1.0" 200 73674 "-" "Mozilla/5.0 (compatible; YandexBot/3.0; +http://yandex.com/bots)"
216.244.66.242 - - [30/Sep/2023:10:42:58 +0200] "GET /images/4036113222127.jpg HTTP/1.0" 200 259 "-" "Mozilla/5.0 (compatible; DotBot/1.2; +https://opensiteexplorer.org/dotbot; help@moz.com)"
216.244.66.242 - - [30/Sep/2023:10:45:22 +0200] "GET /dolce-vita-white-women-shirt-p-30957.html HTTP/1.0" 200 73786 "-" "Mozilla/5.0 (compatible; DotBot/1.2; +https://opensiteexplorer.org/dotbot; help@moz.com)"
52.167.144.171 - - [30/Sep/2023:10:45:26 +0200] "GET /cars-backpack-p-13339.html HTTP/1.0" 200 76352 "-" "Mozilla/5.0 AppleWebKit/537.36 (KHTML, like Gecko; compatible; bingbot/2.0; +http://www.bing.com/bingbot.htm) Chrome/103.0.5060.134 Safari/537.36"
52.167.144.171 - - [30/Sep/2023:10:45:28 +0200] "GET /mini-pink-piggy-bank-45-cm-p-39450.html HTTP/1.0" 301 73743 "-" "Mozilla/5.0 AppleWebKit/537.36 (KHTML, like Gecko; compatible; bingbot/2.0; +http://www.bing.com/bingbot.htm) Chrome/103.0.5060.134 Safari/537.36"
216.244.66.242 - - [30/Sep/2023:10:45:39 +0200] "GET /sonny-angel-figure-12th-anniversary-p-36107.html HTTP/1.0" 200 73810 "-" "Mozilla/5.0 (compatible; DotBot/1.2; +https://opensiteexplorer.org/dotbot; help@moz.com)"
119.28.111.11 - - [30/Sep/2023:10:45:54 +0200] "GET /images/big_prod_2/c5018997632079.jpg HTTP/1.0" 200 271 "-" "Mozilla/5.0 (X11; Ubuntu; Linux x86_64; rv:72.0) Gecko/20100101 Firefox/72.0"
59.82.78.239 - - [30/Sep/2023:10:46:05 +0200] "GET /images/mini_prod/DSCN458419072013.jpg HTTP/1.0" 200 272 "-" "Mozilla/5.0 (X11; Ubuntu; Linux x86_64; rv:72.0) Gecko/20100101 Firefox/72.0"
52.167.144.171 - - [30/Sep/2023:10:46:55 +0200] "GET /shirts-sweatshirts-women-c-53_55.html HTTP/1.0" 200 95776 "-" "Mozilla/5.0 AppleWebKit/537.36 (KHTML, like Gecko; compatible; bingbot/2.0; +http://www.bing.com/bingbot.htm) Chrome/103.0.5060.134 Safari/537.36"
52.167.144.210 - - [30/Sep/2023:10:47:03 +0200] "GET /strawberry-shortcake-raspberry-torte-doll-15-cm-p-35281.html HTTP/1.0" 301 73743 "-" "Mozilla/5.0 AppleWebKit/537.36 (KHTML, like Gecko; compatible; bingbot/2.0; +http://www.bing.com/bingbot.htm) Chrome/103.0.5060.134 Safari/537.36"
119.28.98.218 - - [30/Sep/2023:10:47:20 +0200] "GET /images/mini_prod/1399984247242.jpg HTTP/1.0" 200 269 "-" "Mozilla/5.0 (X11; Ubuntu; Linux x86_64; rv:72.0) Gecko/20100101 Firefox/72.0"
34.154.36.175 - - [30/Sep/2023:10:47:42 +0200] "GET /images/mini_prod/3700653593269.jpg HTTP/1.0" 200 269 "-" "Mozilla/5.0 (X11; Ubuntu; Linux x86_64; rv:72.0) Gecko/20100101 Firefox/72.0"
52.167.144.171 - - [30/Sep/2023:10:47:55 +0200] "GET /smokers-items-c-3_112.html?page=5 HTTP/1.0" 200 94336 "-" "Mozilla/5.0 AppleWebKit/537.36 (KHTML, like Gecko; compatible; bingbot/2.0; +http://www.bing.com/bingbot.htm) Chrome/103.0.5060.134 Safari/537.36"
119.28.98.218 - - [30/Sep/2023:10:48:21 +0200] "GET /images/mini_prod/1384000001342.jpg HTTP/1.0" 200 269 "-" "Mozilla/5.0 (X11; Ubuntu; Linux x86_64; rv:72.0) Gecko/20100101 Firefox/72.0"
66.249.75.75 - - [30/Sep/2023:10:48:44 +0200] "GET /eccentric-p-41831.html HTTP/1.0" 200 76080 "-" "Mozilla/5.0 (Linux; Android 6.0.1; Nexus 5X Build/MMB29P) AppleWebKit/537.36 (KHTML, like Gecko) Chrome/117.0.5938.92 Mobile Safari/537.36 (compatible; Googlebot/2.1; +http://www.google.com/bot.html)"
216.244.66.242 - - [30/Sep/2023:10:49:35 +0200] "GET /garage-clock-p-37049.html HTTP/1.0" 301 73743 "-" "Mozilla/5.0 (compatible; DotBot/1.2; +https://opensiteexplorer.org/dotbot; help@moz.com)"
54.36.148.127 - - [30/Sep/2023:10:49:45 +0200] "GET /silhouette-ceramic-vase-birth-venus-bottice-p-60994.html HTTP/1.0" 200 78500 "-" "Mozilla/5.0 (compatible; AhrefsBot/7.0; +http://ahrefs.com/robot/)"
54.36.148.184 - - [30/Sep/2023:10:49:49 +0200] "GET /images/big_prod_1/8718375756881B.jpg HTTP/1.0" 200 271 "-" "Mozilla/5.0 (compatible; AhrefsBot/7.0; +http://ahrefs.com/robot/)"
54.36.148.192 - - [30/Sep/2023:10:49:49 +0200] "GET /images/big_prod/8718375756881.jpg HTTP/1.0" 200 268 "-" "Mozilla/5.0 (compatible; AhrefsBot/7.0; +http://ahrefs.com/robot/)"
54.36.148.97 - - [30/Sep/2023:10:49:50 +0200] "GET /images/big_prod_2/8718375756881C.jpg HTTP/1.0" 200 271 "-" "Mozilla/5.0 (compatible; AhrefsBot/7.0; +http://ahrefs.com/robot/)"
216.244.66.242 - - [30/Sep/2023:10:49:49 +0200] "GET /jake-never-land-pirates-money-p-32144.html HTTP/1.0" 200 76252 "-" "Mozilla/5.0 (compatible; DotBot/1.2; +https://opensiteexplorer.org/dotbot; help@moz.com)"
216.244.66.242 - - [30/Sep/2023:10:50:05 +0200] "GET /limonade-coasters-p-42562.html HTTP/1.0" 200 73752 "-" "Mozilla/5.0 (compatible; DotBot/1.2; +https://opensiteexplorer.org/dotbot; help@moz.com)"
216.244.66.242 - - [30/Sep/2023:10:50:18 +0200] "GET /musical-jewelery-tutu-dancer-p-50833.html HTTP/1.0" 200 73786 "-" "Mozilla/5.0 (compatible; DotBot/1.2; +https://opensiteexplorer.org/dotbot; help@moz.com)"
216.244.66.242 - - [30/Sep/2023:10:50:30 +0200] "GET /paris-clock-cbkreation-p-28474.html HTTP/1.0" 200 76010 "-" "Mozilla/5.0 (compatible; DotBot/1.2; +https://opensiteexplorer.org/dotbot; help@moz.com)"
216.244.66.242 - - [30/Sep/2023:10:50:41 +0200] "GET /small-baby-teeth-p-53348.html HTTP/1.0" 200 73746 "-" "Mozilla/5.0 (compatible; DotBot/1.2; +https://opensiteexplorer.org/dotbot; help@moz.com)"
216.244.66.242 - - [30/Sep/2023:10:50:53 +0200] "GET /strawberry-shortcake-tights-model-p-34662.html HTTP/1.0" 200 77275 "-" "Mozilla/5.0 (compatible; DotBot/1.2; +https://opensiteexplorer.org/dotbot; help@moz.com)"
157.55.39.223 - - [30/Sep/2023:10:51:21 +0200] "GET /robots.txt HTTP/1.0" 200 245 "-" "Mozilla/5.0 AppleWebKit/537.36 (KHTML, like Gecko; compatible; bingbot/2.0; +http://www.bing.com/bingbot.htm) Chrome/103.0.5060.134 Safari/537.36"
52.167.144.171 - - [30/Sep/2023:10:51:27 +0200] "GET /disney-minnie-mouse-musical-jewelry-box-p-27787.html HTTP/1.0" 301 73743 "-" "Mozilla/5.0 AppleWebKit/537.36 (KHTML, like Gecko; compatible; bingbot/2.0; +http://www.bing.com/bingbot.htm) Chrome/103.0.5060.134 Safari/537.36"
51.68.224.127 - - [30/Sep/2023:10:51:44 +0200] "GET /adminweb/export_orders_xml.php?token=256de2z6edz6ed2z6DFSFsed2zed6zeDSFDSGdzedezfzf&maxorders=10&orderstart=1&status=14&start_date=2018-10-01 HTTP/1.0" 200 285 "-" "GesCom CharlotteBoutik Serveur"
51.68.224.127 - - [30/Sep/2023:10:51:44 +0200] "GET /adminweb/export_orders_xml.php?token=256de2z6edz6ed2z6DFSFsed2zed6zeDSFDSGdzedezfzf&maxorders=10&orderstart=1&status=6&start_date=2018-10-01 HTTP/1.0" 200 33939 "-" "GesCom CharlotteBoutik Serveur"
66.249.75.73 - - [30/Sep/2023:10:53:39 +0200] "GET /images/3298061509113.jpg HTTP/1.0" 404 1308 "-" "Googlebot-Image/1.0"
216.244.66.242 - - [30/Sep/2023:10:54:15 +0200] "GET /butterfly-wall-decoration-multicolored-model-p-38575.html HTTP/1.0" 200 76917 "-" "Mozilla/5.0 (compatible; DotBot/1.2; +https://opensiteexplorer.org/dotbot; help@moz.com)"
