216.244.66.242 - - [30/Sep/2023:04:00:10 +0200] "GET /teo-jasmine-medium-cabas-jasmine-diner-pink-p-38678.html HTTP/1.0" 301 73743 "-" "Mozilla/5.0 (compatible; DotBot/1.2; +https://opensiteexplorer.org/dotbot; help@moz.com)"
216.244.66.242 - - [30/Sep/2023:04:00:26 +0200] "GET /tetsubin-blue-teapot-sheet-below-147-cm-p-40234.html HTTP/1.0" 301 73743 "-" "Mozilla/5.0 (compatible; DotBot/1.2; +https://opensiteexplorer.org/dotbot; help@moz.com)"
216.244.66.242 - - [30/Sep/2023:04:00:50 +0200] "GET /two-beer-or-not-two-beer-metal-plate-deco-p-36751.html HTTP/1.0" 301 73893 "-" "Mozilla/5.0 (compatible; DotBot/1.2; +https://opensiteexplorer.org/dotbot; help@moz.com)"
119.28.98.218 - - [30/Sep/2023:04:00:54 +0200] "GET /images/mini_prod/3700516221759.jpg HTTP/1.0" 200 269 "-" "Mozilla/5.0 (X11; Ubuntu; Linux x86_64; rv:72.0) Gecko/20100101 Firefox/72.0"
216.244.66.242 - - [30/Sep/2023:04:01:12 +0200] "GET /votive-candle-15-hours-lime-splash-p-39896.html HTTP/1.0" 301 73898 "-" "Mozilla/5.0 (compatible; DotBot/1.2; +https://opensiteexplorer.org/dotbot; help@moz.com)"
216.244.66.242 - - [30/Sep/2023:04:01:32 +0200] "GET /wall-stickers-indian-style-feather-p-39244.html HTTP/1.0" 301 73743 "-" "Mozilla/5.0 (compatible; DotBot/1.2; +https://opensiteexplorer.org/dotbot; help@moz.com)"
216.244.66.242 - - [30/Sep/2023:04:01:50 +0200] "GET /agent-venon-marvel-super-hero-mashers-articulate-figurine-p-32446.html HTTP/1.0" 301 73743 "-" "Mozilla/5.0 (compatible; DotBot/1.2; +https://opensiteexplorer.org/dotbot; help@moz.com)"
216.244.66.242 - - [30/Sep/2023:04:02:07 +0200] "GET /images/big_prod/190573014627555642.jpg HTTP/1.0" 200 273 "-" "Mozilla/5.0 (compatible; DotBot/1.2; +https://opensiteexplorer.org/dotbot; help@moz.com)"
119.28.98.218 - - [30/Sep/2023:04:02:57 +0200] "GET /images/mini_prod/34DSCN8150.jpg HTTP/1.0" 200 266 "-" "Mozilla/5.0 (X11; Ubuntu; Linux x86_64; rv:72.0) Gecko/20100101 Firefox/72.0"
185.191.171.10 - - [30/Sep/2023:04:03:06 +0200] "GET /horse-photo-frame-p-26647.html HTTP/1.0" 200 76036 "-" "Mozilla/5.0 (compatible; SemrushBot/7~bl; +http://www.semrush.com/bot.html)"
66.249.75.73 - - [30/Sep/2023:04:03:20 +0200] "GET /little-buddha-collection-keychain-p-53301.html HTTP/1.0" 200 76125 "-" "Mozilla/5.0 (compatible; Googlebot/2.1; +http://www.google.com/bot.html)"
52.167.144.237 - - [30/Sep/2023:04:03:37 +0200] "GET /tree-life-p-60955.html HTTP/1.0" 200 77667 "-" "Mozilla/5.0 AppleWebKit/537.36 (KHTML, like Gecko; compatible; bingbot/2.0; +http://www.bing.com/bingbot.htm) Chrome/103.0.5060.134 Safari/537.36"
51.68.224.127 - - [30/Sep/2023:04:03:44 +0200] "GET /adminweb/export_orders_xml.php?token=256de2z6edz6ed2z6DFSFsed2zed6zeDSFDSGdzedezfzf&maxorders=10&orderstart=1&status=14&start_date=2018-10-01 HTTP/1.0" 200 285 "-" "GesCom CharlotteBoutik Serveur"
51.68.224.127 - - [30/Sep/2023:04:03:44 +0200] "GET /adminweb/export_orders_xml.php?token=256de2z6edz6ed2z6DFSFsed2zed6zeDSFDSGdzedezfzf&maxorders=10&orderstart=1&status=6&start_date=2018-10-01 HTTP/1.0" 200 33939 "-" "GesCom CharlotteBoutik Serveur"
85.208.96.198 - - [30/Sep/2023:04:03:57 +0200] "GET /-p-16002.html HTTP/1.0" 200 73676 "-" "Mozilla/5.0 (compatible; SemrushBot/7~bl; +http://www.semrush.com/bot.html)"
66.249.75.75 - - [30/Sep/2023:04:04:22 +0200] "GET /lotus-candleholder-chakra-silverlining-p-35525.html HTTP/1.0" 200 77631 "-" "Mozilla/5.0 (compatible; Googlebot/2.1; +http://www.google.com/bot.html)"
66.249.75.74 - - [30/Sep/2023:04:04:29 +0200] "GET /wallet-c-31_237.html HTTP/1.0" 200 94438 "-" "Mozilla/5.0 (compatible; Googlebot/2.1; +http://www.google.com/bot.html)"
119.28.98.218 - - [30/Sep/2023:04:05:24 +0200] "GET /images/mini_prod/3453131062558.jpg HTTP/1.0" 200 269 "-" "Mozilla/5.0 (X11; Ubuntu; Linux x86_64; rv:72.0) Gecko/20100101 Firefox/72.0"
85.208.96.210 - - [30/Sep/2023:04:07:11 +0200] "GET /petit-prince-exupry-sets-cups-p-53197.html HTTP/1.0" 200 77162 "-" "Mozilla/5.0 (compatible; SemrushBot/7~bl; +http://www.semrush.com/bot.html)"
43.137.37.172 - - [30/Sep/2023:04:07:48 +0200] "HEAD /images/mini_prod/4036113830827.jpg HTTP/1.0" 200 290 "-" "Go-http-client/1.1"
43.137.37.172 - - [30/Sep/2023:04:07:49 +0200] "GET /images/mini_prod/4036113830827.jpg HTTP/1.0" 200 269 "-" "Go-http-client/1.1"
43.137.37.172 - - [30/Sep/2023:04:07:49 +0200] "GET /images/mini_prod/4036113830827.jpg HTTP/1.0" 200 269 "-" "Go-http-client/1.1"
59.82.78.249 - - [30/Sep/2023:04:08:03 +0200] "GET /images/mini_prod/5012128424021.jpg HTTP/1.0" 200 269 "-" "Mozilla/5.0 (X11; Ubuntu; Linux x86_64; rv:72.0) Gecko/20100101 Firefox/72.0"
182.22.30.67 - - [30/Sep/2023:04:09:00 +0200] "GET /boys-c-2.html HTTP/1.0" 200 94114 "-" "Mozilla/5.0 (compatible; Y!J-WSC/1.0; +https://yahoo.jp/3BSZgF)"
119.28.98.218 - - [30/Sep/2023:04:10:27 +0200] "GET /images/mini_prod/4036113830490.jpg HTTP/1.0" 200 269 "-" "Mozilla/5.0 (X11; Ubuntu; Linux x86_64; rv:72.0) Gecko/20100101 Firefox/72.0"
114.119.151.59 - - [30/Sep/2023:04:11:12 +0200] "GET /owl-statue-16-cm-p-41893.html HTTP/1.0" 301 76168 "http://www.wonder-geek.com/home-and-decoration-c-13.html?page=124" "Mozilla/5.0 (Linux; Android 7.0;) AppleWebKit/537.36 (KHTML, like Gecko) Mobile Safari/537.36 (compatible; PetalBot;+https://webmaster.petalsearch.com/site/petalbot)"
114.119.151.59 - - [30/Sep/2023:04:11:14 +0200] "GET /statue-p-41893.html HTTP/1.0" 200 76095 "http://www.wonder-geek.com/home-and-decoration-c-13.html?page=124" "Mozilla/5.0 (Linux; Android 7.0;) AppleWebKit/537.36 (KHTML, like Gecko) Mobile Safari/537.36 (compatible; PetalBot;+https://webmaster.petalsearch.com/site/petalbot)"
185.191.171.8 - - [30/Sep/2023:04:12:10 +0200] "GET /allen-decorated-cotton-coin-purse-p-58302.html HTTP/1.0" 200 76852 "-" "Mozilla/5.0 (compatible; SemrushBot/7~bl; +http://www.semrush.com/bot.html)"
150.109.196.248 - - [30/Sep/2023:04:12:40 +0200] "GET /images/mini_prod/8714274360044.jpg HTTP/1.0" 200 269 "-" "Mozilla/5.0 (X11; Ubuntu; Linux x86_64; rv:72.0) Gecko/20100101 Firefox/72.0"
114.119.136.96 - - [30/Sep/2023:04:12:52 +0200] "GET /horse-backpack-p-22206.html HTTP/1.0" 200 76179 "http://www.wonder-geek.com/backpacks-c-31_77.html?page=2" "Mozilla/5.0 (Linux; Android 7.0;) AppleWebKit/537.36 (KHTML, like Gecko) Mobile Safari/537.36 (compatible; PetalBot;+https://webmaster.petalsearch.com/site/petalbot)"
114.119.135.65 - - [30/Sep/2023:04:14:08 +0200] "GET /hedgehog-pencil-cbkreation-p-43428.html HTTP/1.0" 200 76108 "http://www.wonder-geek.com/pencil-c-129_183.html?page=2" "Mozilla/5.0 (Linux; Android 7.0;) AppleWebKit/537.36 (KHTML, like Gecko) Mobile Safari/537.36 (compatible; PetalBot;+https://webmaster.petalsearch.com/site/petalbot)"
169.228.63.97 - - [30/Sep/2023:04:14:22 +0200] "GET /images/mini_prod/3014627889341.jpg HTTP/1.0" 200 269 "-" "Mozilla/5.0 (X11; Ubuntu; Linux x86_64; rv:72.0) Gecko/20100101 Firefox/72.0"
150.109.10.162 - - [30/Sep/2023:04:16:33 +0200] "GET /images/mini_prod/9316188073875.jpg HTTP/1.0" 200 269 "-" "Mozilla/5.0 (X11; Ubuntu; Linux x86_64; rv:72.0) Gecko/20100101 Firefox/72.0"
169.228.63.97 - - [30/Sep/2023:04:16:35 +0200] "GET /images/mini_prod/3661443279476.jpg HTTP/1.0" 200 269 "-" "Mozilla/5.0 (X11; Ubuntu; Linux x86_64; rv:72.0) Gecko/20100101 Firefox/72.0"
111.90.133.10 - - [30/Sep/2023:04:18:27 +0200] "GET /contact_us.php HTTP/1.0" 200 26241 "http://www.wonder-geek.com/contact_us.php" "Mozilla/5.0 (Windows NT 6.3; Win64; x64) AppleWebKit/537.36 (KHTML, like Gecko) Chrome/90.0.4430.72 Safari/537.36 Edg/90.0.818.42"
111.90.133.10 - - [30/Sep/2023:04:18:30 +0200] "POST /contact_us.php?action=send HTTP/1.0" 200 26487 "http://www.wonder-geek.com/contact_us.php" "Mozilla/5.0 (Windows NT 6.3; Win64; x64) AppleWebKit/537.36 (KHTML, like Gecko) Chrome/90.0.4430.72 Safari/537.36 Edg/90.0.818.42"
51.68.224.127 - - [30/Sep/2023:04:19:57 +0200] "GET /adminweb/export_orders_xml.php?token=256de2z6edz6ed2z6DFSFsed2zed6zeDSFDSGdzedezfzf&maxorders=10&orderstart=1&status=14&start_date=2018-10-01 HTTP/1.0" 200 285 "-" "GesCom CharlotteBoutik Serveur"
51.68.224.127 - - [30/Sep/2023:04:19:57 +0200] "GET /adminweb/export_orders_xml.php?token=256de2z6edz6ed2z6DFSFsed2zed6zeDSFDSGdzedezfzf&maxorders=10&orderstart=1&status=6&start_date=2018-10-01 HTTP/1.0" 200 33939 "-" "GesCom CharlotteBoutik Serveur"
47.245.87.8 - - [30/Sep/2023:04:20:34 +0200] "GET /images/mini_prod/1399984254370.jpg HTTP/1.0" 200 269 "-" "python-requests/2.31.0"
34.154.36.175 - - [30/Sep/2023:04:20:35 +0200] "GET /images/mini_prod/1399984264287.jpg HTTP/1.0" 200 269 "-" "Mozilla/5.0 (X11; Ubuntu; Linux x86_64; rv:72.0) Gecko/20100101 Firefox/72.0"
85.208.96.199 - - [30/Sep/2023:04:20:55 +0200] "GET /robots.txt HTTP/1.0" 200 245 "-" "Mozilla/5.0 (compatible; SemrushBot/7~bl; +http://www.semrush.com/bot.html)"
85.208.96.197 - - [30/Sep/2023:04:20:55 +0200] "GET /klimt-expectation-candle-holder-p-53587.html HTTP/1.0" 200 76816 "-" "Mozilla/5.0 (compatible; SemrushBot/7~bl; +http://www.semrush.com/bot.html)"
106.11.62.129 - - [30/Sep/2023:04:22:03 +0200] "GET /images/big_prod_1/9316188076753N.jpg HTTP/1.0" 200 271 "-" "Mozilla/5.0 (X11; Ubuntu; Linux x86_64; rv:72.0) Gecko/20100101 Firefox/72.0"
150.109.10.162 - - [30/Sep/2023:04:23:19 +0200] "GET /images/mini_prod/8422019609043B.jpg HTTP/1.0" 200 270 "-" "Mozilla/5.0 (X11; Ubuntu; Linux x86_64; rv:72.0) Gecko/20100101 Firefox/72.0"
85.208.96.193 - - [30/Sep/2023:04:25:09 +0200] "GET /magnet-kissed-tassen-made-germany-p-56782.html HTTP/1.0" 200 77087 "-" "Mozilla/5.0 (compatible; SemrushBot/7~bl; +http://www.semrush.com/bot.html)"
106.11.62.36 - - [30/Sep/2023:04:25:22 +0200] "GET /images/mini_prod/50142424346522613.jpg HTTP/1.0" 200 273 "-" "Mozilla/5.0 (X11; Ubuntu; Linux x86_64; rv:72.0) Gecko/20100101 Firefox/72.0"
119.28.111.11 - - [30/Sep/2023:04:25:52 +0200] "GET /images/mini_prod/3453131152679.jpg HTTP/1.0" 200 269 "-" "Mozilla/5.0 (X11; Ubuntu; Linux x86_64; rv:72.0) Gecko/20100101 Firefox/72.0"
216.244.66.242 - - [30/Sep/2023:04:26:35 +0200] "GET /robots.txt HTTP/1.0" 200 245 "-" "Mozilla/5.0 (compatible; DotBot/1.2; +https://opensiteexplorer.org/dotbot; help@moz.com)"
85.208.96.196 - - [30/Sep/2023:04:29:22 +0200] "GET /notebook-york-yankees-navy-blue-p-37642.html HTTP/1.0" 200 73804 "-" "Mozilla/5.0 (compatible; SemrushBot/7~bl; +http://www.semrush.com/bot.html)"
195.191.219.133 - - [30/Sep/2023:04:29:32 +0200] "GET /robots.txt HTTP/1.0" 200 245 "-" "Mozilla/5.0 (compatible; MJ12bot/v1.4.8; http://mj12bot.com/)"
195.191.219.133 - - [30/Sep/2023:04:29:34 +0200] "GET / HTTP/1.0" 200 153798 "-" "Mozilla/5.0 (compatible; MJ12bot/v1.4.8; http://mj12bot.com/)"
49.7.20.92 - - [30/Sep/2023:04:30:40 +0200] "GET / HTTP/1.0" 200 153430 "-" "Sogou web spider/4.0(+http://www.sogou.com/docs/help/webmasters.htm#07)"
217.182.175.125 - - [30/Sep/2023:04:30:45 +0200] "GET /baseball-humorous-white-p-42584.html HTTP/1.0" 301 73743 "-" "Mozilla/5.0 (compatible; MJ12bot/v1.4.8; http://mj12bot.com/)"
217.182.175.125 - - [30/Sep/2023:04:30:49 +0200] "GET /-p-42584.html HTTP/1.0" 200 73676 "-" "Mozilla/5.0 (compatible; MJ12bot/v1.4.8; http://mj12bot.com/)"
52.167.144.136 - - [30/Sep/2023:04:30:50 +0200] "GET /decorative-wooden-plate-princesse-p-49987.html HTTP/1.0" 200 76263 "-" "Mozilla/5.0 AppleWebKit/537.36 (KHTML, like Gecko; compatible; bingbot/2.0; +http://www.bing.com/bingbot.htm) Chrome/103.0.5060.134 Safari/537.36"
217.182.175.125 - - [30/Sep/2023:04:30:54 +0200] "GET /bathroom-accessories-c-13_172.html?page=2 HTTP/1.0" 200 93931 "-" "Mozilla/5.0 (compatible; MJ12bot/v1.4.8; http://mj12bot.com/)"
217.182.175.125 - - [30/Sep/2023:04:30:58 +0200] "GET /bathroom-accessories-c-13_172.html?page=3 HTTP/1.0" 200 89440 "-" "Mozilla/5.0 (compatible; MJ12bot/v1.4.8; http://mj12bot.com/)"
217.182.175.125 - - [30/Sep/2023:04:31:06 +0200] "GET /bathroom-accessories-c-13_172.html?page=4 HTTP/1.0" 200 89440 "-" "Mozilla/5.0 (compatible; MJ12bot/v1.4.8; http://mj12bot.com/)"
217.182.175.125 - - [30/Sep/2023:04:31:23 +0200] "GET /bayou-beauty-white-woodland-tiana-figurine-p-53988.html HTTP/1.0" 200 77985 "-" "Mozilla/5.0 (compatible; MJ12bot/v1.4.8; http://mj12bot.com/)"
217.182.175.125 - - [30/Sep/2023:04:31:28 +0200] "GET /bear-lamp-linen-shade-p-55827.html HTTP/1.0" 200 73754 "-" "Mozilla/5.0 (compatible; MJ12bot/v1.4.8; http://mj12bot.com/)"
185.191.171.12 - - [30/Sep/2023:04:32:51 +0200] "GET /polar-blanket-grey-p-55744.html HTTP/1.0" 200 73764 "-" "Mozilla/5.0 (compatible; SemrushBot/7~bl; +http://www.semrush.com/bot.html)"
106.11.62.136 - - [30/Sep/2023:04:32:53 +0200] "GET /images/mini_prod/3553560059669.jpg HTTP/1.0" 200 269 "-" "Mozilla/5.0 (X11; Ubuntu; Linux x86_64; rv:72.0) Gecko/20100101 Firefox/72.0"
150.109.10.162 - - [30/Sep/2023:04:35:03 +0200] "GET /images/mini_prod/MISES-EN-SITUATION-08.jpg HTTP/1.0" 200 277 "-" "Mozilla/5.0 (X11; Ubuntu; Linux x86_64; rv:72.0) Gecko/20100101 Firefox/72.0"
85.208.96.201 - - [30/Sep/2023:04:35:03 +0200] "GET /renault-alpine-large-metal-plate-deco-p-26448.html HTTP/1.0" 200 73814 "-" "Mozilla/5.0 (compatible; SemrushBot/7~bl; +http://www.semrush.com/bot.html)"
59.82.78.54 - - [30/Sep/2023:04:35:30 +0200] "GET /images/mini_prod/b8012052011455.jpg HTTP/1.0" 200 270 "-" "Mozilla/5.0 (X11; Ubuntu; Linux x86_64; rv:72.0) Gecko/20100101 Firefox/72.0"
51.68.224.127 - - [30/Sep/2023:04:36:10 +0200] "GET /adminweb/export_orders_xml.php?token=256de2z6edz6ed2z6DFSFsed2zed6zeDSFDSGdzedezfzf&maxorders=10&orderstart=1&status=14&start_date=2018-10-01 HTTP/1.0" 200 285 "-" "GesCom CharlotteBoutik Serveur"
51.68.224.127 - - [30/Sep/2023:04:36:10 +0200] "GET /adminweb/export_orders_xml.php?token=256de2z6edz6ed2z6DFSFsed2zed6zeDSFDSGdzedezfzf&maxorders=10&orderstart=1&status=6&start_date=2018-10-01 HTTP/1.0" 200 33939 "-" "GesCom CharlotteBoutik Serveur"
217.182.175.125 - - [30/Sep/2023:04:36:10 +0200] "GET /bears-lamp-linen-shade-p-55828.html HTTP/1.0" 200 73758 "-" "Mozilla/5.0 (compatible; MJ12bot/v1.4.8; http://mj12bot.com/)"
217.182.175.125 - - [30/Sep/2023:04:36:15 +0200] "GET /beyblade-polar-plaid-p-12631.html HTTP/1.0" 301 73743 "-" "Mozilla/5.0 (compatible; MJ12bot/v1.4.8; http://mj12bot.com/)"
217.182.175.125 - - [30/Sep/2023:04:36:19 +0200] "GET /-p-12631.html HTTP/1.0" 200 73676 "-" "Mozilla/5.0 (compatible; MJ12bot/v1.4.8; http://mj12bot.com/)"
217.182.175.125 - - [30/Sep/2023:04:36:23 +0200] "GET /birthday-blues-eeyore-with-birthday-figurine-p-53994.html HTTP/1.0" 200 78067 "-" "Mozilla/5.0 (compatible; MJ12bot/v1.4.8; http://mj12bot.com/)"
217.182.175.125 - - [30/Sep/2023:04:36:26 +0200] "GET /black-japanese-cast-iron-teapot-p-57708.html HTTP/1.0" 301 73947 "-" "Mozilla/5.0 (compatible; MJ12bot/v1.4.8; http://mj12bot.com/)"
217.182.175.125 - - [30/Sep/2023:04:36:30 +0200] "GET /black-japanese-enameled-cast-iron-teapot-p-57708.html HTTP/1.0" 200 73840 "-" "Mozilla/5.0 (compatible; MJ12bot/v1.4.8; http://mj12bot.com/)"
217.182.175.125 - - [30/Sep/2023:04:36:34 +0200] "GET /black-japanese-enameled-cast-iron-teapot-p-57708.html HTTP/1.0" 200 73840 "-" "Mozilla/5.0 (compatible; MJ12bot/v1.4.8; http://mj12bot.com/)"
217.182.175.125 - - [30/Sep/2023:04:36:38 +0200] "GET /black-lines-paperweight-p-53619.html HTTP/1.0" 200 76697 "-" "Mozilla/5.0 (compatible; MJ12bot/v1.4.8; http://mj12bot.com/)"
217.182.175.125 - - [30/Sep/2023:04:36:43 +0200] "GET /blue-p-59872.html HTTP/1.0" 200 76550 "-" "Mozilla/5.0 (compatible; MJ12bot/v1.4.8; http://mj12bot.com/)"
66.249.75.73 - - [30/Sep/2023:04:36:47 +0200] "GET /suitcase-lunch-lunch-c-12_64.html HTTP/1.0" 200 84821 "-" "Mozilla/5.0 (Linux; Android 6.0.1; Nexus 5X Build/MMB29P) AppleWebKit/537.36 (KHTML, like Gecko) Chrome/117.0.5938.132 Mobile Safari/537.36 (compatible; Googlebot/2.1; +http://www.google.com/bot.html)"
217.182.175.125 - - [30/Sep/2023:04:36:48 +0200] "GET /blue-polyester-round-chair-cushion-p-47038.html HTTP/1.0" 200 76765 "-" "Mozilla/5.0 (compatible; MJ12bot/v1.4.8; http://mj12bot.com/)"
52.167.144.189 - - [30/Sep/2023:04:36:50 +0200] "GET /kimmidoll-nobuko-bangle-p-15854.html HTTP/1.0" 200 77066 "-" "Mozilla/5.0 AppleWebKit/537.36 (KHTML, like Gecko; compatible; bingbot/2.0; +http://www.bing.com/bingbot.htm) Chrome/103.0.5060.134 Safari/537.36"
217.182.175.125 - - [30/Sep/2023:04:36:53 +0200] "GET /bookend-monkeys-p-55155.html HTTP/1.0" 200 73726 "-" "Mozilla/5.0 (compatible; MJ12bot/v1.4.8; http://mj12bot.com/)"
217.182.175.125 - - [30/Sep/2023:04:36:58 +0200] "GET /bourrache-bedclothes-240-220-cm-p-39153.html HTTP/1.0" 301 73743 "-" "Mozilla/5.0 (compatible; MJ12bot/v1.4.8; http://mj12bot.com/)"
217.182.175.125 - - [30/Sep/2023:04:37:02 +0200] "GET /-p-39153.html HTTP/1.0" 200 73676 "-" "Mozilla/5.0 (compatible; MJ12bot/v1.4.8; http://mj12bot.com/)"
217.182.175.125 - - [30/Sep/2023:04:37:07 +0200] "GET /bronze-statue-archangel-zadkiel-p-53927.html HTTP/1.0" 200 73812 "-" "Mozilla/5.0 (compatible; MJ12bot/v1.4.8; http://mj12bot.com/)"
217.182.175.125 - - [30/Sep/2023:04:37:12 +0200] "GET /bubble-gun-sam-the-fireman-p-36984.html HTTP/1.0" 301 73743 "-" "Mozilla/5.0 (compatible; MJ12bot/v1.4.8; http://mj12bot.com/)"
217.182.175.125 - - [30/Sep/2023:04:37:17 +0200] "GET /-p-36984.html HTTP/1.0" 200 73676 "-" "Mozilla/5.0 (compatible; MJ12bot/v1.4.8; http://mj12bot.com/)"
217.182.175.125 - - [30/Sep/2023:04:37:21 +0200] "GET /buddha-canvas-frame-90-30-cm-p-38755.html HTTP/1.0" 301 73743 "-" "Mozilla/5.0 (compatible; MJ12bot/v1.4.8; http://mj12bot.com/)"
217.182.175.125 - - [30/Sep/2023:04:37:25 +0200] "GET /-p-38755.html HTTP/1.0" 200 73676 "-" "Mozilla/5.0 (compatible; MJ12bot/v1.4.8; http://mj12bot.com/)"
185.191.171.11 - - [30/Sep/2023:04:37:30 +0200] "GET /ceramic-bathroom-p-50735.html HTTP/1.0" 200 73758 "-" "Mozilla/5.0 (compatible; SemrushBot/7~bl; +http://www.semrush.com/bot.html)"
217.182.175.125 - - [30/Sep/2023:04:37:31 +0200] "GET /buddha-canvas-frame-p-38755.html HTTP/1.0" 301 73743 "-" "Mozilla/5.0 (compatible; MJ12bot/v1.4.8; http://mj12bot.com/)"
35.172.27.113 - - [30/Sep/2023:04:38:54 +0200] "GET /images/big_prod_2/8435153868368F.jpg HTTP/1.0" 200 271 "-" ""
217.182.175.125 - - [30/Sep/2023:04:40:01 +0200] "GET /buddha-canvas-frame-p-38755.html HTTP/1.0" 301 73743 "-" "Mozilla/5.0 (compatible; MJ12bot/v1.4.8; http://mj12bot.com/)"
217.182.175.125 - - [30/Sep/2023:04:40:04 +0200] "GET /-p-38755.html HTTP/1.0" 200 73676 "-" "Mozilla/5.0 (compatible; MJ12bot/v1.4.8; http://mj12bot.com/)"
217.182.175.125 - - [30/Sep/2023:04:40:08 +0200] "GET /buddha-statue-polyresin-p-36730.html HTTP/1.0" 200 73770 "-" "Mozilla/5.0 (compatible; MJ12bot/v1.4.8; http://mj12bot.com/)"
217.182.175.125 - - [30/Sep/2023:04:40:12 +0200] "GET /buffalo-copper-horns-decorative-statue-43-cm-p-40403.html HTTP/1.0" 301 73743 "-" "Mozilla/5.0 (compatible; MJ12bot/v1.4.8; http://mj12bot.com/)"
217.182.175.125 - - [30/Sep/2023:04:40:16 +0200] "GET /-p-40403.html HTTP/1.0" 200 73676 "-" "Mozilla/5.0 (compatible; MJ12bot/v1.4.8; http://mj12bot.com/)"
217.182.175.125 - - [30/Sep/2023:04:40:19 +0200] "GET /buffalo-silver-horns-decorative-statue-43-cm-p-40402.html HTTP/1.0" 301 73935 "-" "Mozilla/5.0 (compatible; MJ12bot/v1.4.8; http://mj12bot.com/)"
217.182.175.125 - - [30/Sep/2023:04:40:22 +0200] "GET /buffalo-silver-horns-decorative-statue-p-40402.html HTTP/1.0" 200 73830 "-" "Mozilla/5.0 (compatible; MJ12bot/v1.4.8; http://mj12bot.com/)"
217.182.175.125 - - [30/Sep/2023:04:40:26 +0200] "GET /buffalo-silver-horns-decorative-statue-p-40402.html HTTP/1.0" 200 73830 "-" "Mozilla/5.0 (compatible; MJ12bot/v1.4.8; http://mj12bot.com/)"
217.182.175.125 - - [30/Sep/2023:04:40:30 +0200] "GET /butterflies-and-eye-stickers-p-39240.html HTTP/1.0" 301 76168 "-" "Mozilla/5.0 (compatible; MJ12bot/v1.4.8; http://mj12bot.com/)"
217.182.175.125 - - [30/Sep/2023:04:40:33 +0200] "GET /butterflies-stickers-p-39240.html HTTP/1.0" 200 76081 "-" "Mozilla/5.0 (compatible; MJ12bot/v1.4.8; http://mj12bot.com/)"
130.44.212.97 - - [30/Sep/2023:04:40:39 +0200] "GET /images/mini_prod/1384010183458.jpg HTTP/1.0" 200 269 "-" "Mozilla/5.0 (X11; Linux x86_64) AppleWebKit/537.36 (KHTML, like Gecko) Chrome/48.0.2564.116 Safari/537.36"
217.182.175.125 - - [30/Sep/2023:04:40:38 +0200] "GET /cambodian-deity-statue-bust-p-50588.html HTTP/1.0" 200 73780 "-" "Mozilla/5.0 (compatible; MJ12bot/v1.4.8; http://mj12bot.com/)"
217.182.175.125 - - [30/Sep/2023:04:40:41 +0200] "GET /cast-iron-wall-bell-p-46494.html HTTP/1.0" 200 73762 "-" "Mozilla/5.0 (compatible; MJ12bot/v1.4.8; http://mj12bot.com/)"
150.109.10.162 - - [30/Sep/2023:04:40:45 +0200] "GET /images/mini_prod/1399984258422.jpg HTTP/1.0" 200 269 "-" "Mozilla/5.0 (X11; Ubuntu; Linux x86_64; rv:72.0) Gecko/20100101 Firefox/72.0"
217.182.175.125 - - [30/Sep/2023:04:40:45 +0200] "GET /cat-and-her-kittens-statue-12-cm-p-40410.html HTTP/1.0" 301 73743 "-" "Mozilla/5.0 (compatible; MJ12bot/v1.4.8; http://mj12bot.com/)"
217.182.175.125 - - [30/Sep/2023:04:40:49 +0200] "GET /-p-40410.html HTTP/1.0" 200 73676 "-" "Mozilla/5.0 (compatible; MJ12bot/v1.4.8; http://mj12bot.com/)"
119.28.98.218 - - [30/Sep/2023:04:40:51 +0200] "GET /images/mini_prod/76001110TF.jpg HTTP/1.0" 200 266 "-" "Mozilla/5.0 (X11; Ubuntu; Linux x86_64; rv:72.0) Gecko/20100101 Firefox/72.0"
217.182.175.125 - - [30/Sep/2023:04:40:54 +0200] "GET /cat-brown-photo-frame-p-40396.html HTTP/1.0" 301 73743 "-" "Mozilla/5.0 (compatible; MJ12bot/v1.4.8; http://mj12bot.com/)"
217.182.175.125 - - [30/Sep/2023:04:40:58 +0200] "GET /-p-40396.html HTTP/1.0" 200 73676 "-" "Mozilla/5.0 (compatible; MJ12bot/v1.4.8; http://mj12bot.com/)"
217.182.175.125 - - [30/Sep/2023:04:41:03 +0200] "GET /cat-cast-iron-wall-bell-16-cm-p-46494.html HTTP/1.0" 301 73848 "-" "Mozilla/5.0 (compatible; MJ12bot/v1.4.8; http://mj12bot.com/)"
217.182.175.125 - - [30/Sep/2023:04:41:08 +0200] "GET /cast-iron-wall-bell-p-46494.html HTTP/1.0" 200 73762 "-" "Mozilla/5.0 (compatible; MJ12bot/v1.4.8; http://mj12bot.com/)"
217.182.175.125 - - [30/Sep/2023:04:41:12 +0200] "GET /cat-head-wallet-model-p-39439.html HTTP/1.0" 301 76132 "-" "Mozilla/5.0 (compatible; MJ12bot/v1.4.8; http://mj12bot.com/)"
111.202.101.68 - - [30/Sep/2023:04:41:20 +0200] "GET / HTTP/1.0" 301 511 "-" "Sogou web spider/4.0(+http://www.sogou.com/docs/help/webmasters.htm#07)"
111.202.101.68 - - [30/Sep/2023:04:42:49 +0200] "GET / HTTP/1.0" 200 153958 "-" "Sogou web spider/4.0(+http://www.sogou.com/docs/help/webmasters.htm#07)"
152.67.120.62 - - [30/Sep/2023:04:43:54 +0200] "GET /images/mini_prod/8435333842263.jpg HTTP/1.0" 200 269 "-" "Mozilla/5.0 (X11; Ubuntu; Linux x86_64; rv:72.0) Gecko/20100101 Firefox/72.0"
217.182.175.125 - - [30/Sep/2023:04:43:53 +0200] "GET /cat-head-wallet-model-p-39439.html HTTP/1.0" 301 76132 "-" "Mozilla/5.0 (compatible; MJ12bot/v1.4.8; http://mj12bot.com/)"
217.182.175.125 - - [30/Sep/2023:04:43:56 +0200] "GET /head-wallet-model-p-39439.html HTTP/1.0" 200 76048 "-" "Mozilla/5.0 (compatible; MJ12bot/v1.4.8; http://mj12bot.com/)"
216.244.66.242 - - [30/Sep/2023:04:43:56 +0200] "GET /barbalib-figure-p-475.html HTTP/1.0" 301 73737 "-" "Mozilla/5.0 (compatible; DotBot/1.2; +https://opensiteexplorer.org/dotbot; help@moz.com)"
217.182.175.125 - - [30/Sep/2023:04:44:00 +0200] "GET /catch-wave-lilo-stitch-15th-anniversary-figurine-p-39431.html HTTP/1.0" 200 76887 "-" "Mozilla/5.0 (compatible; MJ12bot/v1.4.8; http://mj12bot.com/)"
34.23.56.104 - - [30/Sep/2023:04:44:02 +0200] "GET /robots.txt HTTP/1.0" 200 245 "-" "ZoominfoBot (zoominfobot at zoominfo dot com)"
34.23.56.104 - - [30/Sep/2023:04:44:02 +0200] "GET /kitten-cardboard-p-27644.html HTTP/1.0" 200 76244 "-" "ZoominfoBot (zoominfobot at zoominfo dot com)"
217.182.175.125 - - [30/Sep/2023:04:44:04 +0200] "GET /cats-dubout-placemat-p-47080.html HTTP/1.0" 200 76070 "-" "Mozilla/5.0 (compatible; MJ12bot/v1.4.8; http://mj12bot.com/)"
34.23.56.104 - - [30/Sep/2023:04:44:05 +0200] "GET /espresso-cups-paris-p-52012.html HTTP/1.0" 200 76673 "-" "ZoominfoBot (zoominfobot at zoominfo dot com)"
34.23.56.104 - - [30/Sep/2023:04:44:08 +0200] "GET /espresso-allen-desings-p-48229.html HTTP/1.0" 200 76704 "-" "ZoominfoBot (zoominfobot at zoominfo dot com)"
217.182.175.125 - - [30/Sep/2023:04:44:09 +0200] "GET /cats-dubout-placemat-p-47081.html HTTP/1.0" 200 76070 "-" "Mozilla/5.0 (compatible; MJ12bot/v1.4.8; http://mj12bot.com/)"
217.182.175.125 - - [30/Sep/2023:04:44:11 +0200] "GET /cats-in-love-statue-22-13-10-cm-p-40411.html HTTP/1.0" 301 73743 "-" "Mozilla/5.0 (compatible; MJ12bot/v1.4.8; http://mj12bot.com/)"
34.23.56.104 - - [30/Sep/2023:04:44:11 +0200] "GET /household-linen-c-11.html HTTP/1.0" 200 95512 "-" "ZoominfoBot (zoominfobot at zoominfo dot com)"
34.23.56.104 - - [30/Sep/2023:04:44:14 +0200] "GET /espresso-eccentric-p-39753.html HTTP/1.0" 200 76143 "-" "ZoominfoBot (zoominfobot at zoominfo dot com)"
217.182.175.125 - - [30/Sep/2023:04:44:15 +0200] "GET /-p-40411.html HTTP/1.0" 200 73676 "-" "Mozilla/5.0 (compatible; MJ12bot/v1.4.8; http://mj12bot.com/)"
216.244.66.242 - - [30/Sep/2023:04:44:15 +0200] "GET /minions-glass-p-34024.html HTTP/1.0" 301 73743 "-" "Mozilla/5.0 (compatible; DotBot/1.2; +https://opensiteexplorer.org/dotbot; help@moz.com)"
34.23.56.104 - - [30/Sep/2023:04:44:17 +0200] "GET /trivet-boards-c-12_158.html?page=8 HTTP/1.0" 200 97315 "-" "ZoominfoBot (zoominfobot at zoominfo dot com)"
217.182.175.125 - - [30/Sep/2023:04:44:19 +0200] "GET /cats-shadow-door-plate-bedroom-p-46410.html HTTP/1.0" 200 73770 "-" "Mozilla/5.0 (compatible; MJ12bot/v1.4.8; http://mj12bot.com/)"
34.23.56.104 - - [30/Sep/2023:04:44:21 +0200] "GET /keyboard-cube-p-27590.html HTTP/1.0" 200 75958 "-" "ZoominfoBot (zoominfobot at zoominfo dot com)"
217.182.175.125 - - [30/Sep/2023:04:44:22 +0200] "GET /cats-statue-19-cm-p-40409.html HTTP/1.0" 301 73743 "-" "Mozilla/5.0 (compatible; MJ12bot/v1.4.8; http://mj12bot.com/)"
34.23.56.104 - - [30/Sep/2023:04:44:24 +0200] "GET /games-toys-c-4.html HTTP/1.0" 200 95583 "-" "ZoominfoBot (zoominfobot at zoominfo dot com)"
217.182.175.125 - - [30/Sep/2023:04:44:26 +0200] "GET /-p-40409.html HTTP/1.0" 200 73676 "-" "Mozilla/5.0 (compatible; MJ12bot/v1.4.8; http://mj12bot.com/)"
34.23.56.104 - - [30/Sep/2023:04:44:27 +0200] "GET /wooden-aperitif-board-cups-spoons-p-55441.html HTTP/1.0" 200 77115 "-" "ZoominfoBot (zoominfobot at zoominfo dot com)"
34.23.56.104 - - [30/Sep/2023:04:44:30 +0200] "GET /feathers-theme-indian-espresso-p-39626.html HTTP/1.0" 200 76113 "-" "ZoominfoBot (zoominfobot at zoominfo dot com)"
217.182.175.125 - - [30/Sep/2023:04:44:31 +0200] "GET /chavade-bedclothes-240-260-cm-p-38762.html HTTP/1.0" 301 73743 "-" "Mozilla/5.0 (compatible; MJ12bot/v1.4.8; http://mj12bot.com/)"
34.23.56.104 - - [30/Sep/2023:04:44:33 +0200] "GET /boxes-storage-c-13_150.html HTTP/1.0" 200 97972 "-" "ZoominfoBot (zoominfobot at zoominfo dot com)"
217.182.175.125 - - [30/Sep/2023:04:44:35 +0200] "GET /-p-38762.html HTTP/1.0" 200 73676 "-" "Mozilla/5.0 (compatible; MJ12bot/v1.4.8; http://mj12bot.com/)"
34.23.56.104 - - [30/Sep/2023:04:44:37 +0200] "GET /arabica-espresso-p-54464.html HTTP/1.0" 200 76013 "-" "ZoominfoBot (zoominfobot at zoominfo dot com)"
217.182.175.125 - - [30/Sep/2023:04:44:39 +0200] "GET /child-of-grace-victorian-holy-family-figurine-p-36904.html HTTP/1.0" 301 77418 "-" "Mozilla/5.0 (compatible; MJ12bot/v1.4.8; http://mj12bot.com/)"
34.23.56.104 - - [30/Sep/2023:04:44:40 +0200] "GET /espresso-eccentric-p-39754.html HTTP/1.0" 200 76149 "-" "ZoominfoBot (zoominfobot at zoominfo dot com)"
34.23.56.104 - - [30/Sep/2023:04:44:43 +0200] "GET /tequila-wooden-board-p-58416.html HTTP/1.0" 200 77181 "-" "ZoominfoBot (zoominfobot at zoominfo dot com)"
217.182.175.125 - - [30/Sep/2023:04:44:44 +0200] "GET /child-grace-victorian-holy-family-figurine-p-36904.html HTTP/1.0" 200 77309 "-" "Mozilla/5.0 (compatible; MJ12bot/v1.4.8; http://mj12bot.com/)"
34.23.56.104 - - [30/Sep/2023:04:44:46 +0200] "GET /trivet-boards-c-12_158.html?page=3 HTTP/1.0" 200 97458 "-" "ZoominfoBot (zoominfobot at zoominfo dot com)"
217.182.175.125 - - [30/Sep/2023:04:44:48 +0200] "GET /christmas-2018-figurine-sonny-angel-p-46387.html HTTP/1.0" 301 73743 "-" "Mozilla/5.0 (compatible; MJ12bot/v1.4.8; http://mj12bot.com/)"
169.228.63.97 - - [30/Sep/2023:04:44:51 +0200] "GET /images/mini_prod/3520071678474.jpg HTTP/1.0" 200 269 "-" "Mozilla/5.0 (X11; Ubuntu; Linux x86_64; rv:72.0) Gecko/20100101 Firefox/72.0"
34.23.56.104 - - [30/Sep/2023:04:44:50 +0200] "GET /trivet-boards-c-12_158.html?page=11 HTTP/1.0" 200 95725 "-" "ZoominfoBot (zoominfobot at zoominfo dot com)"
217.182.175.125 - - [30/Sep/2023:04:44:52 +0200] "GET /-p-46387.html HTTP/1.0" 200 73676 "-" "Mozilla/5.0 (compatible; MJ12bot/v1.4.8; http://mj12bot.com/)"
216.244.66.242 - - [30/Sep/2023:04:44:53 +0200] "GET /owls-mug-p-27605.html HTTP/1.0" 301 73770 "-" "Mozilla/5.0 (compatible; DotBot/1.2; +https://opensiteexplorer.org/dotbot; help@moz.com)"
34.23.56.104 - - [30/Sep/2023:04:44:53 +0200] "GET /storage-cups-c-12_159_264.html HTTP/1.0" 200 93866 "-" "ZoominfoBot (zoominfobot at zoominfo dot com)"
217.182.175.125 - - [30/Sep/2023:04:44:56 +0200] "GET /clock-the-sweetest-happiness-wooden-28-cm-p-47342.html HTTP/1.0" 301 76308 "-" "Mozilla/5.0 (compatible; MJ12bot/v1.4.8; http://mj12bot.com/)"
34.23.56.104 - - [30/Sep/2023:04:44:58 +0200] "GET /cherry-grey-espresso-p-35147.html HTTP/1.0" 200 76046 "-" "ZoominfoBot (zoominfobot at zoominfo dot com)"
34.23.56.104 - - [30/Sep/2023:04:45:01 +0200] "GET /trivet-boards-c-12_158.html?page=10 HTTP/1.0" 200 97314 "-" "ZoominfoBot (zoominfobot at zoominfo dot com)"
34.23.56.104 - - [30/Sep/2023:04:45:05 +0200] "GET /keyboard-cube-p-24899.html HTTP/1.0" 200 76006 "-" "ZoominfoBot (zoominfobot at zoominfo dot com)"
34.23.56.104 - - [30/Sep/2023:04:45:08 +0200] "GET /espresso-cups-olive-p-51373.html HTTP/1.0" 200 76059 "-" "ZoominfoBot (zoominfobot at zoominfo dot com)"
34.23.56.104 - - [30/Sep/2023:04:45:11 +0200] "GET /espresso-cups-bistro-p-59567.html HTTP/1.0" 200 76067 "-" "ZoominfoBot (zoominfobot at zoominfo dot com)"
34.23.56.104 - - [30/Sep/2023:04:45:14 +0200] "GET /espresso-cups-marseille-p-51374.html HTTP/1.0" 200 76055 "-" "ZoominfoBot (zoominfobot at zoominfo dot com)"
34.23.56.104 - - [30/Sep/2023:04:45:17 +0200] "GET /trivet-boards-c-12_158.html?page=5 HTTP/1.0" 200 96162 "-" "ZoominfoBot (zoominfobot at zoominfo dot com)"
150.109.10.162 - - [30/Sep/2023:04:45:22 +0200] "GET /images/mini_prod/3660173176314.jpg HTTP/1.0" 200 269 "-" "Mozilla/5.0 (X11; Ubuntu; Linux x86_64; rv:72.0) Gecko/20100101 Firefox/72.0"
34.23.56.104 - - [30/Sep/2023:04:45:21 +0200] "GET /fashioned-ceramic-espresso-blue-p-41676.html HTTP/1.0" 200 76150 "-" "ZoominfoBot (zoominfobot at zoominfo dot com)"
34.23.56.104 - - [30/Sep/2023:04:45:24 +0200] "GET /best-breakfast-cutting-board-p-40645.html HTTP/1.0" 200 76147 "-" "ZoominfoBot (zoominfobot at zoominfo dot com)"
216.244.66.242 - - [30/Sep/2023:04:45:25 +0200] "GET /paris-trivet-p-24389.html HTTP/1.0" 301 73743 "-" "Mozilla/5.0 (compatible; DotBot/1.2; +https://opensiteexplorer.org/dotbot; help@moz.com)"
34.23.56.104 - - [30/Sep/2023:04:45:27 +0200] "GET /serve-coffee-cutting-board-p-40647.html HTTP/1.0" 200 76143 "-" "ZoominfoBot (zoominfobot at zoominfo dot com)"
34.23.56.104 - - [30/Sep/2023:04:45:31 +0200] "GET /espresso-allen-designs-p-39741.html HTTP/1.0" 200 76692 "-" "ZoominfoBot (zoominfobot at zoominfo dot com)"
34.23.56.104 - - [30/Sep/2023:04:45:34 +0200] "GET /espresso-love-p-46258.html HTTP/1.0" 200 76005 "-" "ZoominfoBot (zoominfobot at zoominfo dot com)"
34.23.56.104 - - [30/Sep/2023:04:45:38 +0200] "GET /trivet-boards-c-12_158.html?page=7 HTTP/1.0" 200 97873 "-" "ZoominfoBot (zoominfobot at zoominfo dot com)"
34.23.56.104 - - [30/Sep/2023:04:45:41 +0200] "GET /fresh-brewed-coffee-cutting-board-p-40646.html HTTP/1.0" 200 76181 "-" "ZoominfoBot (zoominfobot at zoominfo dot com)"
34.23.56.104 - - [30/Sep/2023:04:45:44 +0200] "GET /espresso-museum-collection-p-39755.html HTTP/1.0" 200 76183 "-" "ZoominfoBot (zoominfobot at zoominfo dot com)"
34.23.56.104 - - [30/Sep/2023:04:45:47 +0200] "GET /home-decoration-c-13.html HTTP/1.0" 200 95616 "-" "ZoominfoBot (zoominfobot at zoominfo dot com)"
34.23.56.104 - - [30/Sep/2023:04:45:51 +0200] "GET /espresso-cups-love-corsica-p-54767.html HTTP/1.0" 200 76791 "-" "ZoominfoBot (zoominfobot at zoominfo dot com)"
34.23.56.104 - - [30/Sep/2023:04:45:54 +0200] "GET /trivet-boards-c-12_158.html?page=2 HTTP/1.0" 200 97408 "-" "ZoominfoBot (zoominfobot at zoominfo dot com)"
216.244.66.242 - - [30/Sep/2023:04:45:56 +0200] "GET /toiletry-bag-p-41117.html HTTP/1.0" 301 76121 "-" "Mozilla/5.0 (compatible; DotBot/1.2; +https://opensiteexplorer.org/dotbot; help@moz.com)"
34.23.56.104 - - [30/Sep/2023:04:45:58 +0200] "GET /cats-espresso-p-45721.html HTTP/1.0" 200 75981 "-" "ZoominfoBot (zoominfobot at zoominfo dot com)"
34.23.56.104 - - [30/Sep/2023:04:46:01 +0200] "GET /trivet-boards-c-12_158.html?page=9 HTTP/1.0" 200 97317 "-" "ZoominfoBot (zoominfobot at zoominfo dot com)"
34.23.56.104 - - [30/Sep/2023:04:46:04 +0200] "GET /espresso-humor-p-46259.html HTTP/1.0" 200 76010 "-" "ZoominfoBot (zoominfobot at zoominfo dot com)"
34.23.56.104 - - [30/Sep/2023:04:46:07 +0200] "GET /trivet-boards-c-12_158.html?page=4 HTTP/1.0" 200 96909 "-" "ZoominfoBot (zoominfobot at zoominfo dot com)"
34.23.56.104 - - [30/Sep/2023:04:46:11 +0200] "GET /coffee-cutting-board-p-40648.html HTTP/1.0" 200 76114 "-" "ZoominfoBot (zoominfobot at zoominfo dot com)"
34.23.56.104 - - [30/Sep/2023:04:46:14 +0200] "GET /cactus-theme-indian-espresso-p-39625.html HTTP/1.0" 200 76098 "-" "ZoominfoBot (zoominfobot at zoominfo dot com)"
34.23.56.104 - - [30/Sep/2023:04:46:17 +0200] "GET /kitten-cardboard-p-27643.html HTTP/1.0" 200 76246 "-" "ZoominfoBot (zoominfobot at zoominfo dot com)"
34.23.56.104 - - [30/Sep/2023:04:46:20 +0200] "GET /feathers-espresso-p-45763.html HTTP/1.0" 200 76018 "-" "ZoominfoBot (zoominfobot at zoominfo dot com)"
34.23.56.104 - - [30/Sep/2023:04:46:23 +0200] "GET /espresso-cups-dogs-p-59566.html HTTP/1.0" 200 76037 "-" "ZoominfoBot (zoominfobot at zoominfo dot com)"
216.244.66.242 - - [30/Sep/2023:04:46:26 +0200] "GET /70-ashtray-hippies-p-37719.html HTTP/1.0" 301 73743 "-" "Mozilla/5.0 (compatible; DotBot/1.2; +https://opensiteexplorer.org/dotbot; help@moz.com)"
34.23.56.104 - - [30/Sep/2023:04:46:26 +0200] "GET /fashioned-ceramic-espresso-green-p-41672.html HTTP/1.0" 200 76155 "-" "ZoominfoBot (zoominfobot at zoominfo dot com)"
34.23.56.104 - - [30/Sep/2023:04:46:29 +0200] "GET /corsica-espresso-p-57146.html HTTP/1.0" 200 76621 "-" "ZoominfoBot (zoominfobot at zoominfo dot com)"
34.23.56.104 - - [30/Sep/2023:04:46:32 +0200] "GET /camargua-espresso-p-56488.html HTTP/1.0" 200 76056 "-" "ZoominfoBot (zoominfobot at zoominfo dot com)"
34.23.56.104 - - [30/Sep/2023:04:46:35 +0200] "GET /cushions-floor-cushions-cushion-covers-c-11_71.html HTTP/1.0" 200 95735 "-" "ZoominfoBot (zoominfobot at zoominfo dot com)"
34.23.56.104 - - [30/Sep/2023:04:46:39 +0200] "GET /trivet-boards-c-12_158.html?page=6 HTTP/1.0" 200 96855 "-" "ZoominfoBot (zoominfobot at zoominfo dot com)"
150.109.196.248 - - [30/Sep/2023:04:46:45 +0200] "GET /images/mini_prod/1399984248355.jpg HTTP/1.0" 200 269 "-" "Mozilla/5.0 (X11; Ubuntu; Linux x86_64; rv:72.0) Gecko/20100101 Firefox/72.0"
216.244.66.242 - - [30/Sep/2023:04:46:56 +0200] "GET /bar-set-of-coasters-p-39475.html HTTP/1.0" 301 73799 "-" "Mozilla/5.0 (compatible; DotBot/1.2; +https://opensiteexplorer.org/dotbot; help@moz.com)"
216.244.66.242 - - [30/Sep/2023:04:47:24 +0200] "GET /bar-tablecloth-p-28545.html HTTP/1.0" 301 73743 "-" "Mozilla/5.0 (compatible; DotBot/1.2; +https://opensiteexplorer.org/dotbot; help@moz.com)"
216.244.66.242 - - [30/Sep/2023:04:47:51 +0200] "GET /cat-white-statue-17-cm-p-41751.html HTTP/1.0" 301 73836 "-" "Mozilla/5.0 (compatible; DotBot/1.2; +https://opensiteexplorer.org/dotbot; help@moz.com)"
216.244.66.242 - - [30/Sep/2023:04:48:17 +0200] "GET /cats-and-hearts-placemat-p-37937.html HTTP/1.0" 301 73743 "-" "Mozilla/5.0 (compatible; DotBot/1.2; +https://opensiteexplorer.org/dotbot; help@moz.com)"
66.249.75.74 - - [30/Sep/2023:04:48:20 +0200] "GET /ecureuil-coat-rack-resin-p-45893.html HTTP/1.0" 200 76788 "-" "Mozilla/5.0 (compatible; Googlebot/2.1; +http://www.google.com/bot.html)"
216.244.66.242 - - [30/Sep/2023:04:48:42 +0200] "GET /cotton-cushion-grey-120-80-cm-p-44358.html HTTP/1.0" 301 73743 "-" "Mozilla/5.0 (compatible; DotBot/1.2; +https://opensiteexplorer.org/dotbot; help@moz.com)"
216.244.66.242 - - [30/Sep/2023:04:49:06 +0200] "GET /cupcake-lip-gloss-p-28880.html HTTP/1.0" 301 73743 "-" "Mozilla/5.0 (compatible; DotBot/1.2; +https://opensiteexplorer.org/dotbot; help@moz.com)"
66.249.75.75 - - [30/Sep/2023:04:49:22 +0200] "GET /nightlight-shaped-swan-p-51770.html HTTP/1.0" 200 76712 "-" "Mozilla/5.0 (Linux; Android 6.0.1; Nexus 5X Build/MMB29P) AppleWebKit/537.36 (KHTML, like Gecko) Chrome/117.0.5938.92 Mobile Safari/537.36 (compatible; Googlebot/2.1; +http://www.google.com/bot.html)"
216.244.66.242 - - [30/Sep/2023:04:49:29 +0200] "GET /dancers-and-flowers-stickers-p-35383.html HTTP/1.0" 301 73743 "-" "Mozilla/5.0 (compatible; DotBot/1.2; +https://opensiteexplorer.org/dotbot; help@moz.com)"
84.139.1.29 - - [30/Sep/2023:04:49:40 +0200] "GET /salamander-wall-decoration-p-59497.html HTTP/1.0" 200 76724 "-" "Mozilla/5.0 (Windows NT 10.0; Win64; x64) AppleWebKit/537.36 (KHTML, like Gecko) Chrome/91.0.4472.114 Safari/537.36 Edg/91.0.864.54"
216.244.66.242 - - [30/Sep/2023:04:49:51 +0200] "GET /despicable-me-clock-p-33701.html HTTP/1.0" 301 73743 "-" "Mozilla/5.0 (compatible; DotBot/1.2; +https://opensiteexplorer.org/dotbot; help@moz.com)"
216.244.66.242 - - [30/Sep/2023:04:50:13 +0200] "GET /gorjuss-blue-wallet-my-story-p-41195.html HTTP/1.0" 301 73743 "-" "Mozilla/5.0 (compatible; DotBot/1.2; +https://opensiteexplorer.org/dotbot; help@moz.com)"
216.244.66.242 - - [30/Sep/2023:04:50:33 +0200] "GET /jasmin-jasmine-placemat-p-39848.html HTTP/1.0" 301 73743 "-" "Mozilla/5.0 (compatible; DotBot/1.2; +https://opensiteexplorer.org/dotbot; help@moz.com)"
217.182.175.125 - - [30/Sep/2023:04:50:50 +0200] "GET /clock-the-sweetest-happiness-wooden-28-cm-p-47342.html HTTP/1.0" 301 76308 "-" "Mozilla/5.0 (compatible; MJ12bot/v1.4.8; http://mj12bot.com/)"
217.182.175.125 - - [30/Sep/2023:04:50:53 +0200] "GET /clock-sweetest-happiness-wooden-p-47342.html HTTP/1.0" 200 76210 "-" "Mozilla/5.0 (compatible; MJ12bot/v1.4.8; http://mj12bot.com/)"
216.244.66.242 - - [30/Sep/2023:04:50:54 +0200] "GET /leopard-decorative-statue-p-41471.html HTTP/1.0" 200 76198 "-" "Mozilla/5.0 (compatible; DotBot/1.2; +https://opensiteexplorer.org/dotbot; help@moz.com)"
217.182.175.125 - - [30/Sep/2023:04:50:56 +0200] "GET /cocktail-sticks-amis-p-47138.html HTTP/1.0" 200 76218 "-" "Mozilla/5.0 (compatible; MJ12bot/v1.4.8; http://mj12bot.com/)"
217.182.175.125 - - [30/Sep/2023:04:51:00 +0200] "GET /cocktail-sticks-le-vin-des-amis-p-47138.html HTTP/1.0" 301 76305 "-" "Mozilla/5.0 (compatible; MJ12bot/v1.4.8; http://mj12bot.com/)"
217.182.175.125 - - [30/Sep/2023:04:51:03 +0200] "GET /cocktail-sticks-amis-p-47138.html HTTP/1.0" 200 76218 "-" "Mozilla/5.0 (compatible; MJ12bot/v1.4.8; http://mj12bot.com/)"
114.119.146.45 - - [30/Sep/2023:04:51:05 +0200] "GET /smiski-figure-series-note-there-single-figure-p-43652.html HTTP/1.0" 200 77345 "http://www.wonder-geek.com/collectible-figurines-decorative-c-13_135.html?page=3" "Mozilla/5.0 (Linux; Android 7.0;) AppleWebKit/537.36 (KHTML, like Gecko) Mobile Safari/537.36 (compatible; PetalBot;+https://webmaster.petalsearch.com/site/petalbot)"
217.182.175.125 - - [30/Sep/2023:04:51:06 +0200] "GET /collectible-statuette-mickey-britto-p-51923.html HTTP/1.0" 200 77718 "-" "Mozilla/5.0 (compatible; MJ12bot/v1.4.8; http://mj12bot.com/)"
217.182.175.125 - - [30/Sep/2023:04:51:10 +0200] "GET /coppery-owl-glass-statuette-p-40399.html HTTP/1.0" 301 73743 "-" "Mozilla/5.0 (compatible; MJ12bot/v1.4.8; http://mj12bot.com/)"
217.182.175.125 - - [30/Sep/2023:04:51:13 +0200] "GET /-p-40399.html HTTP/1.0" 200 73676 "-" "Mozilla/5.0 (compatible; MJ12bot/v1.4.8; http://mj12bot.com/)"
217.182.175.125 - - [30/Sep/2023:04:51:15 +0200] "GET /cotton-floor-cushion-paraiso-p-59578.html HTTP/1.0" 200 73812 "-" "Mozilla/5.0 (compatible; MJ12bot/v1.4.8; http://mj12bot.com/)"
217.182.175.125 - - [30/Sep/2023:04:51:18 +0200] "GET /cow-mug-p-40391.html HTTP/1.0" 301 73743 "-" "Mozilla/5.0 (compatible; MJ12bot/v1.4.8; http://mj12bot.com/)"
217.182.175.125 - - [30/Sep/2023:04:51:21 +0200] "GET /-p-40391.html HTTP/1.0" 200 73676 "-" "Mozilla/5.0 (compatible; MJ12bot/v1.4.8; http://mj12bot.com/)"
217.182.175.125 - - [30/Sep/2023:04:51:24 +0200] "GET /damaged-packaging-frozen-creation-box-bracelets-p-33841.html HTTP/1.0" 301 73743 "-" "Mozilla/5.0 (compatible; MJ12bot/v1.4.8; http://mj12bot.com/)"
216.244.66.242 - - [30/Sep/2023:04:51:24 +0200] "GET /little-pony-cushion-p-31843.html HTTP/1.0" 301 73743 "-" "Mozilla/5.0 (compatible; DotBot/1.2; +https://opensiteexplorer.org/dotbot; help@moz.com)"
217.182.175.125 - - [30/Sep/2023:04:51:27 +0200] "GET /-p-33841.html HTTP/1.0" 200 73676 "-" "Mozilla/5.0 (compatible; MJ12bot/v1.4.8; http://mj12bot.com/)"
217.182.175.125 - - [30/Sep/2023:04:51:30 +0200] "GET /deco-cat-and-fish-statue-p-40406.html HTTP/1.0" 301 73743 "-" "Mozilla/5.0 (compatible; MJ12bot/v1.4.8; http://mj12bot.com/)"
217.182.175.125 - - [30/Sep/2023:04:51:32 +0200] "GET /-p-40406.html HTTP/1.0" 200 73676 "-" "Mozilla/5.0 (compatible; MJ12bot/v1.4.8; http://mj12bot.com/)"
217.182.175.125 - - [30/Sep/2023:04:51:36 +0200] "GET /deco-cat-by-bike-statue-p-40405.html HTTP/1.0" 301 73743 "-" "Mozilla/5.0 (compatible; MJ12bot/v1.4.8; http://mj12bot.com/)"
217.182.175.125 - - [30/Sep/2023:04:51:38 +0200] "GET /-p-40405.html HTTP/1.0" 200 73676 "-" "Mozilla/5.0 (compatible; MJ12bot/v1.4.8; http://mj12bot.com/)"
217.182.175.125 - - [30/Sep/2023:04:51:41 +0200] "GET /deco-cats-statue-36-cm-p-40408.html HTTP/1.0" 301 73743 "-" "Mozilla/5.0 (compatible; MJ12bot/v1.4.8; http://mj12bot.com/)"
217.182.175.125 - - [30/Sep/2023:04:51:44 +0200] "GET /-p-40408.html HTTP/1.0" 200 73676 "-" "Mozilla/5.0 (compatible; MJ12bot/v1.4.8; http://mj12bot.com/)"
217.182.175.125 - - [30/Sep/2023:04:51:47 +0200] "GET /decorations-and-furnishings/decorations/paris-soap-dispenser-p-8640.html HTTP/1.0" 301 76938 "-" "Mozilla/5.0 (compatible; MJ12bot/v1.4.8; http://mj12bot.com/)"
217.182.175.125 - - [30/Sep/2023:04:51:50 +0200] "GET /paris-soap-dispenser-p-8640.html HTTP/1.0" 200 76852 "-" "Mozilla/5.0 (compatible; MJ12bot/v1.4.8; http://mj12bot.com/)"
216.244.66.242 - - [30/Sep/2023:04:51:52 +0200] "GET /lois-usa-manufacturer-wallet-p-41313.html HTTP/1.0" 301 76964 "-" "Mozilla/5.0 (compatible; DotBot/1.2; +https://opensiteexplorer.org/dotbot; help@moz.com)"
217.182.175.125 - - [30/Sep/2023:04:51:53 +0200] "GET /decorations-and-furnishings/lighting/dora-the-explorer-ceiling-light-p-18707.html HTTP/1.0" 301 73876 "-" "Mozilla/5.0 (compatible; MJ12bot/v1.4.8; http://mj12bot.com/)"
217.182.175.125 - - [30/Sep/2023:04:51:57 +0200] "GET /dora-explorer-ceiling-light-p-18707.html HTTP/1.0" 200 73782 "-" "Mozilla/5.0 (compatible; MJ12bot/v1.4.8; http://mj12bot.com/)"
217.182.175.125 - - [30/Sep/2023:04:52:00 +0200] "GET /decorations-and-furnishings/lighting/hello-kitty-flower-ceiling-light-glass-p-16149.html HTTP/1.0" 301 73743 "-" "Mozilla/5.0 (compatible; MJ12bot/v1.4.8; http://mj12bot.com/)"
217.182.175.125 - - [30/Sep/2023:04:52:03 +0200] "GET /-p-16149.html HTTP/1.0" 200 73676 "-" "Mozilla/5.0 (compatible; MJ12bot/v1.4.8; http://mj12bot.com/)"
217.182.175.125 - - [30/Sep/2023:04:52:06 +0200] "GET /decorative-statuette-mother-monkey-baby-p-58667.html HTTP/1.0" 200 77184 "-" "Mozilla/5.0 (compatible; MJ12bot/v1.4.8; http://mj12bot.com/)"
217.182.175.125 - - [30/Sep/2023:04:52:09 +0200] "GET /decorative-statuette-origami-bear-small-model-p-57102.html HTTP/1.0" 200 73850 "-" "Mozilla/5.0 (compatible; MJ12bot/v1.4.8; http://mj12bot.com/)"
144.76.237.123 - - [30/Sep/2023:04:52:11 +0200] "GET /highslide/highslide.js HTTP/1.0" 200 262 "http://www.wonder-geek.com/mani-lucky-charm-size-p-33283.html" "Mozilla/5.0 (X11; Linux x86_64) AppleWebKit/537.36 (KHTML, like Gecko) Chrome/114.0.0.0 Safari/537.36"
144.76.237.123 - - [30/Sep/2023:04:52:11 +0200] "GET /js/jquery.js HTTP/1.0" 200 252 "http://www.wonder-geek.com/mani-lucky-charm-size-p-33283.html" "Mozilla/5.0 (X11; Linux x86_64) AppleWebKit/537.36 (KHTML, like Gecko) Chrome/114.0.0.0 Safari/537.36"
144.76.237.123 - - [30/Sep/2023:04:52:11 +0200] "GET /js/jquery.jqzoom.js HTTP/1.0" 200 259 "http://www.wonder-geek.com/mani-lucky-charm-size-p-33283.html" "Mozilla/5.0 (X11; Linux x86_64) AppleWebKit/537.36 (KHTML, like Gecko) Chrome/114.0.0.0 Safari/537.36"
144.76.237.123 - - [30/Sep/2023:04:52:11 +0200] "GET /mondial_relay/js/jquery-1.3.2.min.js HTTP/1.0" 200 276 "http://www.wonder-geek.com/mani-lucky-charm-size-p-33283.html" "Mozilla/5.0 (X11; Linux x86_64) AppleWebKit/537.36 (KHTML, like Gecko) Chrome/114.0.0.0 Safari/537.36"
144.76.237.123 - - [30/Sep/2023:04:52:11 +0200] "GET /swfobject.js HTTP/1.0" 404 1308 "http://www.wonder-geek.com/mani-lucky-charm-size-p-33283.html" "Mozilla/5.0 (X11; Linux x86_64) AppleWebKit/537.36 (KHTML, like Gecko) Chrome/114.0.0.0 Safari/537.36"
144.76.237.123 - - [30/Sep/2023:04:52:09 +0200] "GET /mani-lucky-charm-size-p-33283.html HTTP/1.0" 200 76295 "-" "Mozilla/5.0 (X11; Linux x86_64) AppleWebKit/537.36 (KHTML, like Gecko) Chrome/114.0.0.0 Safari/537.36"
217.182.175.125 - - [30/Sep/2023:04:52:12 +0200] "GET /decorative-white-cat-14-cm-p-47107.html HTTP/1.0" 301 73821 "-" "Mozilla/5.0 (compatible; MJ12bot/v1.4.8; http://mj12bot.com/)"
217.182.175.125 - - [30/Sep/2023:04:52:15 +0200] "GET /decorative-white-p-47107.html HTTP/1.0" 200 73738 "-" "Mozilla/5.0 (compatible; MJ12bot/v1.4.8; http://mj12bot.com/)"
217.182.175.125 - - [30/Sep/2023:04:52:18 +0200] "GET /decorative-white-p-47107.html HTTP/1.0" 200 73738 "-" "Mozilla/5.0 (compatible; MJ12bot/v1.4.8; http://mj12bot.com/)"
216.244.66.242 - - [30/Sep/2023:04:52:18 +0200] "GET /love-cats-bowl-p-50673.html HTTP/1.0" 301 73743 "-" "Mozilla/5.0 (compatible; DotBot/1.2; +https://opensiteexplorer.org/dotbot; help@moz.com)"
217.182.175.125 - - [30/Sep/2023:04:52:21 +0200] "GET /despicable-me-tent-p-32619.html HTTP/1.0" 301 73743 "-" "Mozilla/5.0 (compatible; MJ12bot/v1.4.8; http://mj12bot.com/)"
51.68.224.127 - - [30/Sep/2023:04:52:22 +0200] "GET /adminweb/export_orders_xml.php?token=256de2z6edz6ed2z6DFSFsed2zed6zeDSFDSGdzedezfzf&maxorders=10&orderstart=1&status=14&start_date=2018-10-01 HTTP/1.0" 200 285 "-" "GesCom CharlotteBoutik Serveur"
51.68.224.127 - - [30/Sep/2023:04:52:23 +0200] "GET /adminweb/export_orders_xml.php?token=256de2z6edz6ed2z6DFSFsed2zed6zeDSFDSGdzedezfzf&maxorders=10&orderstart=1&status=6&start_date=2018-10-01 HTTP/1.0" 200 33939 "-" "GesCom CharlotteBoutik Serveur"
217.182.175.125 - - [30/Sep/2023:04:52:24 +0200] "GET /-p-32619.html HTTP/1.0" 200 73676 "-" "Mozilla/5.0 (compatible; MJ12bot/v1.4.8; http://mj12bot.com/)"
217.182.175.125 - - [30/Sep/2023:04:52:28 +0200] "GET /dessert-dish-glass-with-anti-slip-feet-p-47331.html HTTP/1.0" 200 76130 "-" "Mozilla/5.0 (compatible; MJ12bot/v1.4.8; http://mj12bot.com/)"
217.182.175.125 - - [30/Sep/2023:04:52:31 +0200] "GET /dessert-dish-glass-with-anti-slip-feet-p-47332.html HTTP/1.0" 200 76130 "-" "Mozilla/5.0 (compatible; MJ12bot/v1.4.8; http://mj12bot.com/)"
217.182.175.125 - - [30/Sep/2023:04:52:35 +0200] "GET /dessert-dish-glass-with-anti-slip-feet-p-47334.html HTTP/1.0" 200 76759 "-" "Mozilla/5.0 (compatible; MJ12bot/v1.4.8; http://mj12bot.com/)"
59.82.78.97 - - [30/Sep/2023:04:52:39 +0200] "GET /images/mini_prod/3661443610439.jpg HTTP/1.0" 200 269 "-" "Mozilla/5.0 (X11; Ubuntu; Linux x86_64; rv:72.0) Gecko/20100101 Firefox/72.0"
217.182.175.125 - - [30/Sep/2023:04:52:38 +0200] "GET /dog-and-cat-shaped-cushion-p-39369.html HTTP/1.0" 301 73743 "-" "Mozilla/5.0 (compatible; MJ12bot/v1.4.8; http://mj12bot.com/)"
217.182.175.125 - - [30/Sep/2023:04:52:41 +0200] "GET /-p-39369.html HTTP/1.0" 200 73676 "-" "Mozilla/5.0 (compatible; MJ12bot/v1.4.8; http://mj12bot.com/)"
217.182.175.125 - - [30/Sep/2023:04:52:44 +0200] "GET /dog-head-wallet-model-p-39441.html HTTP/1.0" 301 76133 "-" "Mozilla/5.0 (compatible; MJ12bot/v1.4.8; http://mj12bot.com/)"
216.244.66.242 - - [30/Sep/2023:04:52:44 +0200] "GET /mickey-mouse-red-poster-p-22655.html HTTP/1.0" 301 73743 "-" "Mozilla/5.0 (compatible; DotBot/1.2; +https://opensiteexplorer.org/dotbot; help@moz.com)"
217.182.175.125 - - [30/Sep/2023:04:52:47 +0200] "GET /head-wallet-model-p-39441.html HTTP/1.0" 200 76049 "-" "Mozilla/5.0 (compatible; MJ12bot/v1.4.8; http://mj12bot.com/)"
114.119.153.122 - - [30/Sep/2023:04:52:49 +0200] "GET /pikaly-bedclothes-240-260-cm-p-45419.html HTTP/1.0" 301 76298 "http://www.wonder-geek.com/household-linen-c-11.html?page=72" "Mozilla/5.0 (Linux; Android 7.0;) AppleWebKit/537.36 (KHTML, like Gecko) Mobile Safari/537.36 (compatible; PetalBot;+https://webmaster.petalsearch.com/site/petalbot)"
217.182.175.125 - - [30/Sep/2023:04:52:51 +0200] "GET /dog-head-wallet-model-p-39442.html HTTP/1.0" 301 76132 "-" "Mozilla/5.0 (compatible; MJ12bot/v1.4.8; http://mj12bot.com/)"
217.182.175.125 - - [30/Sep/2023:04:52:54 +0200] "GET /head-wallet-model-p-39442.html HTTP/1.0" 200 76048 "-" "Mozilla/5.0 (compatible; MJ12bot/v1.4.8; http://mj12bot.com/)"
114.119.153.122 - - [30/Sep/2023:04:52:54 +0200] "GET /pikaly-bedclothes-p-45419.html HTTP/1.0" 200 76214 "http://www.wonder-geek.com/household-linen-c-11.html?page=72" "Mozilla/5.0 (Linux; Android 7.0;) AppleWebKit/537.36 (KHTML, like Gecko) Mobile Safari/537.36 (compatible; PetalBot;+https://webmaster.petalsearch.com/site/petalbot)"
217.182.175.125 - - [30/Sep/2023:04:52:57 +0200] "GET /dopey-figurine-britto-p-51612.html HTTP/1.0" 200 73756 "-" "Mozilla/5.0 (compatible; MJ12bot/v1.4.8; http://mj12bot.com/)"
