217.182.175.125 - - [30/Sep/2023:04:53:00 +0200] "GET /dora-explorer-ceiling-light-p-18707.html HTTP/1.0" 200 73782 "-" "Mozilla/5.0 (compatible; MJ12bot/v1.4.8; http://mj12bot.com/)"
217.182.175.125 - - [30/Sep/2023:04:53:03 +0200] "GET /dora-the-explorer-ceiling-light-p-18707.html HTTP/1.0" 301 73876 "-" "Mozilla/5.0 (compatible; MJ12bot/v1.4.8; http://mj12bot.com/)"
217.182.175.125 - - [30/Sep/2023:04:53:07 +0200] "GET /dora-explorer-ceiling-light-p-18707.html HTTP/1.0" 200 73782 "-" "Mozilla/5.0 (compatible; MJ12bot/v1.4.8; http://mj12bot.com/)"
216.244.66.242 - - [30/Sep/2023:04:53:10 +0200] "GET /monster-high-vertical-bag-p-18672.html HTTP/1.0" 301 73743 "-" "Mozilla/5.0 (compatible; DotBot/1.2; +https://opensiteexplorer.org/dotbot; help@moz.com)"
217.182.175.125 - - [30/Sep/2023:04:53:10 +0200] "GET /dubout-cats-white-p-59562.html HTTP/1.0" 200 75995 "-" "Mozilla/5.0 (compatible; MJ12bot/v1.4.8; http://mj12bot.com/)"
217.182.175.125 - - [30/Sep/2023:04:53:13 +0200] "GET /elephant-family-statuette-brass-p-53937.html HTTP/1.0" 200 77805 "-" "Mozilla/5.0 (compatible; MJ12bot/v1.4.8; http://mj12bot.com/)"
217.182.175.125 - - [30/Sep/2023:04:53:17 +0200] "GET /embroidered-rectangular-tablecloth-kolam-140-240-cm-p-46467.html HTTP/1.0" 301 73959 "-" "Mozilla/5.0 (compatible; MJ12bot/v1.4.8; http://mj12bot.com/)"
119.28.98.218 - - [30/Sep/2023:04:53:19 +0200] "GET /images/mini_prod/5701359679484.jpg HTTP/1.0" 200 269 "-" "Mozilla/5.0 (X11; Ubuntu; Linux x86_64; rv:72.0) Gecko/20100101 Firefox/72.0"
217.182.175.125 - - [30/Sep/2023:04:53:20 +0200] "GET /embroidered-rectangular-tablecloth-kolam-p-46467.html HTTP/1.0" 200 73852 "-" "Mozilla/5.0 (compatible; MJ12bot/v1.4.8; http://mj12bot.com/)"
217.182.175.125 - - [30/Sep/2023:04:53:23 +0200] "GET /embroidered-rectangular-tablecloth-kolam-p-46467.html HTTP/1.0" 200 73852 "-" "Mozilla/5.0 (compatible; MJ12bot/v1.4.8; http://mj12bot.com/)"
217.182.175.125 - - [30/Sep/2023:04:53:26 +0200] "GET /emoticon-cushion-45-45-cm-p-40433.html HTTP/1.0" 301 73743 "-" "Mozilla/5.0 (compatible; MJ12bot/v1.4.8; http://mj12bot.com/)"
217.182.175.125 - - [30/Sep/2023:04:53:29 +0200] "GET /-p-40433.html HTTP/1.0" 200 73676 "-" "Mozilla/5.0 (compatible; MJ12bot/v1.4.8; http://mj12bot.com/)"
66.249.75.75 - - [30/Sep/2023:04:53:33 +0200] "GET /images/big_prod/3442440255201.jpg HTTP/1.0" 200 268 "-" "Googlebot-Image/1.0"
217.182.175.125 - - [30/Sep/2023:04:53:32 +0200] "GET /emoticon-cushion-p-40433.html HTTP/1.0" 301 73743 "-" "Mozilla/5.0 (compatible; MJ12bot/v1.4.8; http://mj12bot.com/)"
216.244.66.242 - - [30/Sep/2023:04:53:35 +0200] "GET /motobecane-thermometer-p-40036.html HTTP/1.0" 301 73743 "-" "Mozilla/5.0 (compatible; DotBot/1.2; +https://opensiteexplorer.org/dotbot; help@moz.com)"
217.182.175.125 - - [30/Sep/2023:04:53:36 +0200] "GET /-p-40433.html HTTP/1.0" 200 73676 "-" "Mozilla/5.0 (compatible; MJ12bot/v1.4.8; http://mj12bot.com/)"
217.182.175.125 - - [30/Sep/2023:04:53:38 +0200] "GET /figurine-britto-p-29826.html HTTP/1.0" 200 73778 "-" "Mozilla/5.0 (compatible; MJ12bot/v1.4.8; http://mj12bot.com/)"
217.182.175.125 - - [30/Sep/2023:04:53:41 +0200] "GET /figurine-puppy-bowl-dalmatians-bone-shaped-dish-p-53985.html HTTP/1.0" 200 77789 "-" "Mozilla/5.0 (compatible; MJ12bot/v1.4.8; http://mj12bot.com/)"
217.182.175.125 - - [30/Sep/2023:04:53:44 +0200] "GET /figurine-resin-gold-parrot-p-46180.html HTTP/1.0" 200 73782 "-" "Mozilla/5.0 (compatible; MJ12bot/v1.4.8; http://mj12bot.com/)"
217.182.175.125 - - [30/Sep/2023:04:53:48 +0200] "GET /figurine-resin-parrot-p-45833.html HTTP/1.0" 200 73762 "-" "Mozilla/5.0 (compatible; MJ12bot/v1.4.8; http://mj12bot.com/)"
217.182.175.125 - - [30/Sep/2023:04:53:51 +0200] "GET /figurines-resin-decorative-cats-p-58659.html HTTP/1.0" 200 76866 "-" "Mozilla/5.0 (compatible; MJ12bot/v1.4.8; http://mj12bot.com/)"
217.182.175.125 - - [30/Sep/2023:04:53:54 +0200] "GET /fishes-ceramic-butter-dish-p-51416.html HTTP/1.0" 200 73770 "-" "Mozilla/5.0 (compatible; MJ12bot/v1.4.8; http://mj12bot.com/)"
216.244.66.242 - - [30/Sep/2023:04:53:57 +0200] "GET /mousepad-one-piece-p-15378.html HTTP/1.0" 301 73743 "-" "Mozilla/5.0 (compatible; DotBot/1.2; +https://opensiteexplorer.org/dotbot; help@moz.com)"
217.182.175.125 - - [30/Sep/2023:04:53:58 +0200] "GET /fitted-sheet-140-190-cm-light-brown-p-39053.html HTTP/1.0" 301 73743 "-" "Mozilla/5.0 (compatible; MJ12bot/v1.4.8; http://mj12bot.com/)"
217.182.175.125 - - [30/Sep/2023:04:54:01 +0200] "GET /-p-39053.html HTTP/1.0" 200 73676 "-" "Mozilla/5.0 (compatible; MJ12bot/v1.4.8; http://mj12bot.com/)"
217.182.175.125 - - [30/Sep/2023:04:54:04 +0200] "GET /flat-sheet-in-washed-linen-270-310-cm-granite-p-48170.html HTTP/1.0" 301 73743 "-" "Mozilla/5.0 (compatible; MJ12bot/v1.4.8; http://mj12bot.com/)"
217.182.175.125 - - [30/Sep/2023:04:54:07 +0200] "GET /-p-48170.html HTTP/1.0" 200 73676 "-" "Mozilla/5.0 (compatible; MJ12bot/v1.4.8; http://mj12bot.com/)"
217.182.175.125 - - [30/Sep/2023:04:54:10 +0200] "GET /flat-sheet-washed-linen-granite-p-48170.html HTTP/1.0" 301 73743 "-" "Mozilla/5.0 (compatible; MJ12bot/v1.4.8; http://mj12bot.com/)"
217.182.175.125 - - [30/Sep/2023:04:54:13 +0200] "GET /-p-48170.html HTTP/1.0" 200 73676 "-" "Mozilla/5.0 (compatible; MJ12bot/v1.4.8; http://mj12bot.com/)"
217.182.175.125 - - [30/Sep/2023:04:54:17 +0200] "GET /fox-pepper-p-46883.html HTTP/1.0" 301 73743 "-" "Mozilla/5.0 (compatible; MJ12bot/v1.4.8; http://mj12bot.com/)"
216.244.66.242 - - [30/Sep/2023:04:54:18 +0200] "GET /mug-shadow-cats-p-45720.html HTTP/1.0" 301 73796 "-" "Mozilla/5.0 (compatible; DotBot/1.2; +https://opensiteexplorer.org/dotbot; help@moz.com)"
217.182.175.125 - - [30/Sep/2023:04:54:20 +0200] "GET /-p-46883.html HTTP/1.0" 200 73676 "-" "Mozilla/5.0 (compatible; MJ12bot/v1.4.8; http://mj12bot.com/)"
85.208.96.210 - - [30/Sep/2023:04:54:20 +0200] "GET /norway-clock-cbkreation-p-36929.html HTTP/1.0" 200 76050 "-" "Mozilla/5.0 (compatible; SemrushBot/7~bl; +http://www.semrush.com/bot.html)"
217.182.175.125 - - [30/Sep/2023:04:54:23 +0200] "GET /fragrances-ambiance-c-231.html?page=36 HTTP/1.0" 200 97422 "-" "Mozilla/5.0 (compatible; MJ12bot/v1.4.8; http://mj12bot.com/)"
114.119.132.242 - - [30/Sep/2023:04:54:36 +0200] "GET /patina-horse-statue-p-44699.html HTTP/1.0" 200 73754 "http://www.wonder-geek.com/collectible-figurines-decorative-c-13_135.html?page=28" "Mozilla/5.0 (Linux; Android 7.0;) AppleWebKit/537.36 (KHTML, like Gecko) Mobile Safari/537.36 (compatible; PetalBot;+https://webmaster.petalsearch.com/site/petalbot)"
216.244.66.242 - - [30/Sep/2023:04:54:37 +0200] "GET /noel-gourmand-mug-p-30688.html HTTP/1.0" 301 73743 "-" "Mozilla/5.0 (compatible; DotBot/1.2; +https://opensiteexplorer.org/dotbot; help@moz.com)"
216.244.66.242 - - [30/Sep/2023:04:54:56 +0200] "GET /paris-potholder-and-glove-set-p-45039.html HTTP/1.0" 301 73842 "-" "Mozilla/5.0 (compatible; DotBot/1.2; +https://opensiteexplorer.org/dotbot; help@moz.com)"
216.244.66.242 - - [30/Sep/2023:04:55:15 +0200] "GET /petit-beurre-1897-poster-p-15233.html HTTP/1.0" 301 73743 "-" "Mozilla/5.0 (compatible; DotBot/1.2; +https://opensiteexplorer.org/dotbot; help@moz.com)"
216.244.66.242 - - [30/Sep/2023:04:55:31 +0200] "GET /pineapple-lamp-in-golden-resin-p-48254.html HTTP/1.0" 301 73743 "-" "Mozilla/5.0 (compatible; DotBot/1.2; +https://opensiteexplorer.org/dotbot; help@moz.com)"
216.244.66.242 - - [30/Sep/2023:04:55:47 +0200] "GET /quebec-keyring-by-cbkreation-p-43235.html HTTP/1.0" 301 76222 "-" "Mozilla/5.0 (compatible; DotBot/1.2; +https://opensiteexplorer.org/dotbot; help@moz.com)"
54.36.148.252 - - [30/Sep/2023:04:55:56 +0200] "GET / HTTP/1.0" 200 153724 "-" "Mozilla/5.0 (compatible; AhrefsBot/7.0; +http://ahrefs.com/robot/)"
216.244.66.242 - - [30/Sep/2023:04:56:01 +0200] "GET /retro-cafe-croissant-bread-bag-p-41479.html HTTP/1.0" 301 73887 "-" "Mozilla/5.0 (compatible; DotBot/1.2; +https://opensiteexplorer.org/dotbot; help@moz.com)"
54.36.148.175 - - [30/Sep/2023:04:56:09 +0200] "GET /images/mini_prod/3442440312683.jpg HTTP/1.0" 200 269 "-" "Mozilla/5.0 (compatible; AhrefsBot/7.0; +http://ahrefs.com/robot/)"
54.36.148.253 - - [30/Sep/2023:04:56:10 +0200] "GET /images/mini_prod/4029819043059.jpg HTTP/1.0" 200 269 "-" "Mozilla/5.0 (compatible; AhrefsBot/7.0; +http://ahrefs.com/robot/)"
54.36.148.2 - - [30/Sep/2023:04:56:10 +0200] "GET /images/mini_prod/8718375756881.jpg HTTP/1.0" 200 269 "-" "Mozilla/5.0 (compatible; AhrefsBot/7.0; +http://ahrefs.com/robot/)"
216.244.66.242 - - [30/Sep/2023:04:56:14 +0200] "GET /retro-sugar-bowl-p-39540.html HTTP/1.0" 301 73743 "-" "Mozilla/5.0 (compatible; DotBot/1.2; +https://opensiteexplorer.org/dotbot; help@moz.com)"
47.245.83.179 - - [30/Sep/2023:04:56:27 +0200] "GET /images/mini_prod/8033667001174.jpg HTTP/1.0" 200 269 "-" "python-requests/2.31.0"
216.244.66.242 - - [30/Sep/2023:04:56:27 +0200] "GET /salt-and-pepper-shakers-p-40701.html HTTP/1.0" 301 73836 "-" "Mozilla/5.0 (compatible; DotBot/1.2; +https://opensiteexplorer.org/dotbot; help@moz.com)"
216.244.66.242 - - [30/Sep/2023:04:56:38 +0200] "GET /set-of-coaster-retro-p-42026.html HTTP/1.0" 301 73743 "-" "Mozilla/5.0 (compatible; DotBot/1.2; +https://opensiteexplorer.org/dotbot; help@moz.com)"
150.109.10.162 - - [30/Sep/2023:04:56:47 +0200] "GET /images/mini_prod/3453131130417.jpg HTTP/1.0" 200 269 "-" "Mozilla/5.0 (X11; Ubuntu; Linux x86_64; rv:72.0) Gecko/20100101 Firefox/72.0"
216.244.66.242 - - [30/Sep/2023:04:56:48 +0200] "GET /ski-retro-metal-plate-deco-p-36779.html HTTP/1.0" 301 73743 "-" "Mozilla/5.0 (compatible; DotBot/1.2; +https://opensiteexplorer.org/dotbot; help@moz.com)"
217.182.175.125 - - [30/Sep/2023:04:56:54 +0200] "GET /fragrances-ambiance-c-231.html?page=37 HTTP/1.0" 200 97253 "-" "Mozilla/5.0 (compatible; MJ12bot/v1.4.8; http://mj12bot.com/)"
217.182.175.125 - - [30/Sep/2023:04:56:57 +0200] "GET /furniture-knob-children-sold-individually-cloud-p-57138.html HTTP/1.0" 200 73824 "-" "Mozilla/5.0 (compatible; MJ12bot/v1.4.8; http://mj12bot.com/)"
85.208.96.203 - - [30/Sep/2023:04:56:57 +0200] "GET /scented-candles-novenas-c-231_227.html?page=8 HTTP/1.0" 200 97128 "-" "Mozilla/5.0 (compatible; SemrushBot/7~bl; +http://www.semrush.com/bot.html)"
216.244.66.242 - - [30/Sep/2023:04:56:58 +0200] "GET /summer-escape-metal-plate-deco-p-36127.html HTTP/1.0" 200 73786 "-" "Mozilla/5.0 (compatible; DotBot/1.2; +https://opensiteexplorer.org/dotbot; help@moz.com)"
217.182.175.125 - - [30/Sep/2023:04:57:00 +0200] "GET /game-of-bocce-ball-p-34227.html HTTP/1.0" 301 73743 "-" "Mozilla/5.0 (compatible; MJ12bot/v1.4.8; http://mj12bot.com/)"
217.182.175.125 - - [30/Sep/2023:04:57:03 +0200] "GET /-p-34227.html HTTP/1.0" 200 73676 "-" "Mozilla/5.0 (compatible; MJ12bot/v1.4.8; http://mj12bot.com/)"
217.182.175.125 - - [30/Sep/2023:04:57:06 +0200] "GET /ganesh-aluminum-statue-p-36726.html HTTP/1.0" 200 73766 "-" "Mozilla/5.0 (compatible; MJ12bot/v1.4.8; http://mj12bot.com/)"
216.244.66.242 - - [30/Sep/2023:04:57:07 +0200] "GET /teo-jasmin-large-cabas-p-44152.html HTTP/1.0" 301 73743 "-" "Mozilla/5.0 (compatible; DotBot/1.2; +https://opensiteexplorer.org/dotbot; help@moz.com)"
217.182.175.125 - - [30/Sep/2023:04:57:09 +0200] "GET /gift-bowls-nature-spoons-coconut-p-59597.html HTTP/1.0" 200 78665 "-" "Mozilla/5.0 (compatible; MJ12bot/v1.4.8; http://mj12bot.com/)"
217.182.175.125 - - [30/Sep/2023:04:57:12 +0200] "GET /gift-box-tea-infuser-mug-patchwork-p-47153.html HTTP/1.0" 301 73847 "-" "Mozilla/5.0 (compatible; MJ12bot/v1.4.8; http://mj12bot.com/)"
217.182.175.125 - - [30/Sep/2023:04:57:14 +0200] "GET /gift-infuser-patchwork-p-47153.html HTTP/1.0" 200 73758 "-" "Mozilla/5.0 (compatible; MJ12bot/v1.4.8; http://mj12bot.com/)"
216.244.66.242 - - [30/Sep/2023:04:57:16 +0200] "GET /teo-jasmin-make-up-pouch-p-44298.html HTTP/1.0" 301 73743 "-" "Mozilla/5.0 (compatible; DotBot/1.2; +https://opensiteexplorer.org/dotbot; help@moz.com)"
217.182.175.125 - - [30/Sep/2023:04:57:17 +0200] "GET /gift-infuser-patchwork-p-47153.html HTTP/1.0" 200 73758 "-" "Mozilla/5.0 (compatible; MJ12bot/v1.4.8; http://mj12bot.com/)"
217.182.175.125 - - [30/Sep/2023:04:57:20 +0200] "GET /gift-large-bowls-nature-spoons-coconut-p-59596.html HTTP/1.0" 200 78785 "-" "Mozilla/5.0 (compatible; MJ12bot/v1.4.8; http://mj12bot.com/)"
217.182.175.125 - - [30/Sep/2023:04:57:23 +0200] "GET /glasses-p-59871.html HTTP/1.0" 200 76574 "-" "Mozilla/5.0 (compatible; MJ12bot/v1.4.8; http://mj12bot.com/)"
217.182.175.125 - - [30/Sep/2023:04:57:26 +0200] "GET /gold-elephant-statue-for-jewelry-10-cm-p-46366.html HTTP/1.0" 301 73932 "-" "Mozilla/5.0 (compatible; MJ12bot/v1.4.8; http://mj12bot.com/)"
216.244.66.242 - - [30/Sep/2023:04:57:27 +0200] "GET /top-model-brush-p-37274.html HTTP/1.0" 301 73743 "-" "Mozilla/5.0 (compatible; DotBot/1.2; +https://opensiteexplorer.org/dotbot; help@moz.com)"
217.182.175.125 - - [30/Sep/2023:04:57:29 +0200] "GET /gold-elephant-statue-jewelry-p-46366.html HTTP/1.0" 200 73837 "-" "Mozilla/5.0 (compatible; MJ12bot/v1.4.8; http://mj12bot.com/)"
217.182.175.125 - - [30/Sep/2023:04:57:32 +0200] "GET /gold-elephant-statue-jewelry-p-46366.html HTTP/1.0" 200 73837 "-" "Mozilla/5.0 (compatible; MJ12bot/v1.4.8; http://mj12bot.com/)"
217.182.175.125 - - [30/Sep/2023:04:57:35 +0200] "GET /gorjuss-cards-supplied-with-an-envelope-ladybird-p-48372.html HTTP/1.0" 301 73946 "-" "Mozilla/5.0 (compatible; MJ12bot/v1.4.8; http://mj12bot.com/)"
216.244.66.242 - - [30/Sep/2023:04:57:37 +0200] "GET /york-yankees-navy-blue-backpack-p-36500.html HTTP/1.0" 301 73743 "-" "Mozilla/5.0 (compatible; DotBot/1.2; +https://opensiteexplorer.org/dotbot; help@moz.com)"
217.182.175.125 - - [30/Sep/2023:04:57:37 +0200] "GET /gorjuss-cards-supplied-with-envelope-ladybird-p-48372.html HTTP/1.0" 200 73834 "-" "Mozilla/5.0 (compatible; MJ12bot/v1.4.8; http://mj12bot.com/)"
217.182.175.125 - - [30/Sep/2023:04:57:40 +0200] "GET /gorjuss-cards-supplied-with-an-envelope-the-secret-p-48382.html HTTP/1.0" 301 76462 "-" "Mozilla/5.0 (compatible; MJ12bot/v1.4.8; http://mj12bot.com/)"
217.182.175.125 - - [30/Sep/2023:04:57:43 +0200] "GET /gorjuss-cards-supplied-with-envelope-secret-p-48382.html HTTP/1.0" 200 76352 "-" "Mozilla/5.0 (compatible; MJ12bot/v1.4.8; http://mj12bot.com/)"
216.244.66.242 - - [30/Sep/2023:04:57:45 +0200] "GET /ardeco-blue-bedclothes-260-240-cm-p-49114.html HTTP/1.0" 301 73743 "-" "Mozilla/5.0 (compatible; DotBot/1.2; +https://opensiteexplorer.org/dotbot; help@moz.com)"
217.182.175.125 - - [30/Sep/2023:04:57:46 +0200] "GET /gorjuss-cards-supplied-with-envelope-ladybird-p-48372.html HTTP/1.0" 200 73834 "-" "Mozilla/5.0 (compatible; MJ12bot/v1.4.8; http://mj12bot.com/)"
217.182.175.125 - - [30/Sep/2023:04:57:49 +0200] "GET /gorjuss-cards-supplied-with-envelope-secret-p-48382.html HTTP/1.0" 200 76352 "-" "Mozilla/5.0 (compatible; MJ12bot/v1.4.8; http://mj12bot.com/)"
217.182.175.125 - - [30/Sep/2023:04:57:52 +0200] "GET /gorjuss-coaster-forget-me-not-p-46920.html HTTP/1.0" 301 73829 "-" "Mozilla/5.0 (compatible; MJ12bot/v1.4.8; http://mj12bot.com/)"
216.244.66.242 - - [30/Sep/2023:04:57:53 +0200] "GET /aristochats-mary-card-with-envelope-p-44317.html HTTP/1.0" 301 73743 "-" "Mozilla/5.0 (compatible; DotBot/1.2; +https://opensiteexplorer.org/dotbot; help@moz.com)"
217.182.175.125 - - [30/Sep/2023:04:57:55 +0200] "GET /gorjuss-coaster-forget-p-46920.html HTTP/1.0" 200 73740 "-" "Mozilla/5.0 (compatible; MJ12bot/v1.4.8; http://mj12bot.com/)"
217.182.175.125 - - [30/Sep/2023:04:57:58 +0200] "GET /gorjuss-coaster-forget-p-46920.html HTTP/1.0" 200 73740 "-" "Mozilla/5.0 (compatible; MJ12bot/v1.4.8; http://mj12bot.com/)"
217.182.175.125 - - [30/Sep/2023:04:58:01 +0200] "GET /gorjuss-coaster-toadstools-p-46918.html HTTP/1.0" 200 73748 "-" "Mozilla/5.0 (compatible; MJ12bot/v1.4.8; http://mj12bot.com/)"
216.244.66.242 - - [30/Sep/2023:04:58:02 +0200] "GET /black-cover-ipad-cupcakes-by-cbkreation-p-17362.html HTTP/1.0" 301 73743 "-" "Mozilla/5.0 (compatible; DotBot/1.2; +https://opensiteexplorer.org/dotbot; help@moz.com)"
217.182.175.125 - - [30/Sep/2023:04:58:04 +0200] "GET /gorjuss-handbag-bubble-fairy-p-46975.html HTTP/1.0" 301 73743 "-" "Mozilla/5.0 (compatible; MJ12bot/v1.4.8; http://mj12bot.com/)"
217.182.175.125 - - [30/Sep/2023:04:58:07 +0200] "GET /-p-46975.html HTTP/1.0" 200 73676 "-" "Mozilla/5.0 (compatible; MJ12bot/v1.4.8; http://mj12bot.com/)"
216.244.66.242 - - [30/Sep/2023:04:58:10 +0200] "GET /black-johnny-hallyday-floor-standing-ashtray-p-7258.html HTTP/1.0" 301 73740 "-" "Mozilla/5.0 (compatible; DotBot/1.2; +https://opensiteexplorer.org/dotbot; help@moz.com)"
217.182.175.125 - - [30/Sep/2023:04:58:10 +0200] "GET /gorjuss-keyring-sugar-and-spice-p-46945.html HTTP/1.0" 301 73862 "-" "Mozilla/5.0 (compatible; MJ12bot/v1.4.8; http://mj12bot.com/)"
217.182.175.125 - - [30/Sep/2023:04:58:13 +0200] "GET /gorjuss-keyring-sugar-spice-p-46945.html HTTP/1.0" 200 73768 "-" "Mozilla/5.0 (compatible; MJ12bot/v1.4.8; http://mj12bot.com/)"
217.182.175.125 - - [30/Sep/2023:04:58:16 +0200] "GET /gorjuss-keyring-sugar-spice-p-46945.html HTTP/1.0" 200 73768 "-" "Mozilla/5.0 (compatible; MJ12bot/v1.4.8; http://mj12bot.com/)"
217.182.175.125 - - [30/Sep/2023:04:58:19 +0200] "GET /gorjuss-sparkle-bloom-document-wallet-p-53969.html HTTP/1.0" 200 73836 "-" "Mozilla/5.0 (compatible; MJ12bot/v1.4.8; http://mj12bot.com/)"
216.244.66.242 - - [30/Sep/2023:04:58:21 +0200] "GET /body-long-sleeve-chez-papi-et-mamie-p-31226.html HTTP/1.0" 301 73743 "-" "Mozilla/5.0 (compatible; DotBot/1.2; +https://opensiteexplorer.org/dotbot; help@moz.com)"
217.182.175.125 - - [30/Sep/2023:04:58:22 +0200] "GET /gorjuss-tea-towel-new-heights-p-46929.html HTTP/1.0" 301 73743 "-" "Mozilla/5.0 (compatible; MJ12bot/v1.4.8; http://mj12bot.com/)"
217.182.175.125 - - [30/Sep/2023:04:58:25 +0200] "GET /-p-46929.html HTTP/1.0" 200 73676 "-" "Mozilla/5.0 (compatible; MJ12bot/v1.4.8; http://mj12bot.com/)"
217.182.175.125 - - [30/Sep/2023:04:58:28 +0200] "GET /gorjuss-towel-heights-p-46929.html HTTP/1.0" 301 73743 "-" "Mozilla/5.0 (compatible; MJ12bot/v1.4.8; http://mj12bot.com/)"
5.255.231.68 - - [30/Sep/2023:04:58:29 +0200] "GET /enjoy-your-life-p-40464.html HTTP/1.0" 200 75979 "-" "Mozilla/5.0 (compatible; YandexBot/3.0; +http://yandex.com/bots)"
216.244.66.242 - - [30/Sep/2023:04:58:29 +0200] "GET /bonheur-charming-dekor-bedclothes-260-240-cm-p-41761.html HTTP/1.0" 301 73743 "-" "Mozilla/5.0 (compatible; DotBot/1.2; +https://opensiteexplorer.org/dotbot; help@moz.com)"
217.182.175.125 - - [30/Sep/2023:04:58:31 +0200] "GET /-p-46929.html HTTP/1.0" 200 73676 "-" "Mozilla/5.0 (compatible; MJ12bot/v1.4.8; http://mj12bot.com/)"
217.182.175.125 - - [30/Sep/2023:04:58:34 +0200] "GET /gund-boo-bee-13-cm-plush-p-39427.html HTTP/1.0" 301 73743 "-" "Mozilla/5.0 (compatible; MJ12bot/v1.4.8; http://mj12bot.com/)"
217.182.175.125 - - [30/Sep/2023:04:58:37 +0200] "GET /-p-39427.html HTTP/1.0" 200 73676 "-" "Mozilla/5.0 (compatible; MJ12bot/v1.4.8; http://mj12bot.com/)"
185.191.171.3 - - [30/Sep/2023:04:58:39 +0200] "GET /votive-candle-violet-moon-p-42622.html HTTP/1.0" 200 76657 "-" "Mozilla/5.0 (compatible; SemrushBot/7~bl; +http://www.semrush.com/bot.html)"
216.244.66.242 - - [30/Sep/2023:04:58:39 +0200] "GET /bracelet-chakra-with-flower-of-life-elastic-p-48667.html HTTP/1.0" 301 76428 "-" "Mozilla/5.0 (compatible; DotBot/1.2; +https://opensiteexplorer.org/dotbot; help@moz.com)"
217.182.175.125 - - [30/Sep/2023:04:58:40 +0200] "GET /gund-plush-p-39427.html HTTP/1.0" 301 73743 "-" "Mozilla/5.0 (compatible; MJ12bot/v1.4.8; http://mj12bot.com/)"
217.182.175.125 - - [30/Sep/2023:04:58:43 +0200] "GET /-p-39427.html HTTP/1.0" 200 73676 "-" "Mozilla/5.0 (compatible; MJ12bot/v1.4.8; http://mj12bot.com/)"
217.182.175.125 - - [30/Sep/2023:04:58:47 +0200] "GET /handful-light-cable-cover-made-germany-p-58661.html HTTP/1.0" 200 78613 "-" "Mozilla/5.0 (compatible; MJ12bot/v1.4.8; http://mj12bot.com/)"
216.244.66.242 - - [30/Sep/2023:04:58:47 +0200] "GET /brasilian-metal-mat-keychain-cbkreation-p-23497.html HTTP/1.0" 301 77769 "-" "Mozilla/5.0 (compatible; DotBot/1.2; +https://opensiteexplorer.org/dotbot; help@moz.com)"
217.182.175.125 - - [30/Sep/2023:04:58:51 +0200] "GET /happy-hermann-cable-cover-made-germany-p-58664.html HTTP/1.0" 200 78296 "-" "Mozilla/5.0 (compatible; MJ12bot/v1.4.8; http://mj12bot.com/)"
216.244.66.242 - - [30/Sep/2023:04:58:54 +0200] "GET /decoration-and-protection-of-animal-iphone-cable-p-47279.html HTTP/1.0" 301 80301 "-" "Mozilla/5.0 (compatible; DotBot/1.2; +https://opensiteexplorer.org/dotbot; help@moz.com)"
217.182.175.125 - - [30/Sep/2023:04:58:54 +0200] "GET /head-wallet-model-p-39439.html HTTP/1.0" 200 76048 "-" "Mozilla/5.0 (compatible; MJ12bot/v1.4.8; http://mj12bot.com/)"
217.182.175.125 - - [30/Sep/2023:04:58:58 +0200] "GET /head-wallet-model-p-39441.html HTTP/1.0" 200 76049 "-" "Mozilla/5.0 (compatible; MJ12bot/v1.4.8; http://mj12bot.com/)"
216.244.66.242 - - [30/Sep/2023:04:59:00 +0200] "GET /filling-station-wodden-frame-148-cm-342-cm-p-39970.html HTTP/1.0" 301 73911 "-" "Mozilla/5.0 (compatible; DotBot/1.2; +https://opensiteexplorer.org/dotbot; help@moz.com)"
217.182.175.125 - - [30/Sep/2023:04:59:02 +0200] "GET /head-wallet-model-p-39442.html HTTP/1.0" 200 76048 "-" "Mozilla/5.0 (compatible; MJ12bot/v1.4.8; http://mj12bot.com/)"
217.182.175.125 - - [30/Sep/2023:04:59:05 +0200] "GET /headrest-cushion-bambou-50-70-cm-p-51962.html HTTP/1.0" 301 73856 "-" "Mozilla/5.0 (compatible; MJ12bot/v1.4.8; http://mj12bot.com/)"
216.244.66.242 - - [30/Sep/2023:04:59:06 +0200] "GET /fitted-sheet-160-200-cm-color-red-p-38884.html HTTP/1.0" 301 76222 "-" "Mozilla/5.0 (compatible; DotBot/1.2; +https://opensiteexplorer.org/dotbot; help@moz.com)"
217.182.175.125 - - [30/Sep/2023:04:59:09 +0200] "GET /headrest-cushion-bambou-p-51962.html HTTP/1.0" 200 73766 "-" "Mozilla/5.0 (compatible; MJ12bot/v1.4.8; http://mj12bot.com/)"
217.182.175.125 - - [30/Sep/2023:04:59:11 +0200] "GET /headrest-cushion-bambou-p-51962.html HTTP/1.0" 200 73766 "-" "Mozilla/5.0 (compatible; MJ12bot/v1.4.8; http://mj12bot.com/)"
216.244.66.242 - - [30/Sep/2023:04:59:11 +0200] "GET /laissez-lucie-faire-large-zip-wallet-phenix-p-42659.html HTTP/1.0" 301 76439 "-" "Mozilla/5.0 (compatible; DotBot/1.2; +https://opensiteexplorer.org/dotbot; help@moz.com)"
217.182.175.125 - - [30/Sep/2023:04:59:15 +0200] "GET /headrest-cushion-pink-45-70-cm-p-46889.html HTTP/1.0" 301 73850 "-" "Mozilla/5.0 (compatible; MJ12bot/v1.4.8; http://mj12bot.com/)"
216.244.66.242 - - [30/Sep/2023:04:59:18 +0200] "GET /large-clock-retro-clock-50-cm-blue-p-44779.html HTTP/1.0" 301 73743 "-" "Mozilla/5.0 (compatible; DotBot/1.2; +https://opensiteexplorer.org/dotbot; help@moz.com)"
217.182.175.125 - - [30/Sep/2023:04:59:18 +0200] "GET /headrest-cushion-pink-p-46889.html HTTP/1.0" 200 73762 "-" "Mozilla/5.0 (compatible; MJ12bot/v1.4.8; http://mj12bot.com/)"
217.182.175.125 - - [30/Sep/2023:04:59:21 +0200] "GET /headrest-cushion-pink-p-46889.html HTTP/1.0" 200 73762 "-" "Mozilla/5.0 (compatible; MJ12bot/v1.4.8; http://mj12bot.com/)"
217.182.175.125 - - [30/Sep/2023:04:59:24 +0200] "GET /headrest-cushion-white-50-70-cm-p-51960.html HTTP/1.0" 301 73853 "-" "Mozilla/5.0 (compatible; MJ12bot/v1.4.8; http://mj12bot.com/)"
216.244.66.242 - - [30/Sep/2023:04:59:25 +0200] "GET /lion-clasic-keyring-by-cbkreation-p-43250.html HTTP/1.0" 301 76267 "-" "Mozilla/5.0 (compatible; DotBot/1.2; +https://opensiteexplorer.org/dotbot; help@moz.com)"
217.182.175.125 - - [30/Sep/2023:04:59:28 +0200] "GET /headrest-cushion-white-p-51960.html HTTP/1.0" 200 73764 "-" "Mozilla/5.0 (compatible; MJ12bot/v1.4.8; http://mj12bot.com/)"
217.182.175.125 - - [30/Sep/2023:04:59:31 +0200] "GET /headrest-cushion-white-p-51960.html HTTP/1.0" 200 73764 "-" "Mozilla/5.0 (compatible; MJ12bot/v1.4.8; http://mj12bot.com/)"
216.244.66.242 - - [30/Sep/2023:04:59:32 +0200] "GET /little-buddha-notebook-155-112-cm-p-53280.html HTTP/1.0" 301 73873 "-" "Mozilla/5.0 (compatible; DotBot/1.2; +https://opensiteexplorer.org/dotbot; help@moz.com)"
217.182.175.125 - - [30/Sep/2023:04:59:35 +0200] "GET /heart-home-large-candle-hours-cranberry-spice-p-57131.html HTTP/1.0" 200 77790 "-" "Mozilla/5.0 (compatible; MJ12bot/v1.4.8; http://mj12bot.com/)"
216.244.66.242 - - [30/Sep/2023:04:59:38 +0200] "GET /london-call-me-bedclothes-220-cm-p-36163.html HTTP/1.0" 301 73743 "-" "Mozilla/5.0 (compatible; DotBot/1.2; +https://opensiteexplorer.org/dotbot; help@moz.com)"
217.182.175.125 - - [30/Sep/2023:04:59:39 +0200] "GET /heart-home-stick-diffuser-amber-wood-vetiver-p-59865.html HTTP/1.0" 200 77827 "-" "Mozilla/5.0 (compatible; MJ12bot/v1.4.8; http://mj12bot.com/)"
217.182.175.125 - - [30/Sep/2023:04:59:43 +0200] "GET /heart-home-stick-diffuser-cotton-blossom-p-59878.html HTTP/1.0" 200 77482 "-" "Mozilla/5.0 (compatible; MJ12bot/v1.4.8; http://mj12bot.com/)"
216.244.66.242 - - [30/Sep/2023:04:59:44 +0200] "GET /love-wonderful-bedclothes-220-240-cm-p-35313.html HTTP/1.0" 301 73743 "-" "Mozilla/5.0 (compatible; DotBot/1.2; +https://opensiteexplorer.org/dotbot; help@moz.com)"
217.182.175.125 - - [30/Sep/2023:04:59:47 +0200] "GET /heart-home-stick-diffuser-with-love-p-59879.html HTTP/1.0" 200 77493 "-" "Mozilla/5.0 (compatible; MJ12bot/v1.4.8; http://mj12bot.com/)"
216.244.66.242 - - [30/Sep/2023:04:59:50 +0200] "GET /mini-figurine-britto-elephant-cm-p-44389.html HTTP/1.0" 301 73923 "-" "Mozilla/5.0 (compatible; DotBot/1.2; +https://opensiteexplorer.org/dotbot; help@moz.com)"
216.244.66.242 - - [30/Sep/2023:04:59:55 +0200] "GET /mushroom-eraser-with-integrated-sharpener-gorjuss-p-36512.html HTTP/1.0" 301 73743 "-" "Mozilla/5.0 (compatible; DotBot/1.2; +https://opensiteexplorer.org/dotbot; help@moz.com)"
216.244.66.242 - - [30/Sep/2023:05:00:00 +0200] "GET /mustache-necktie-and-top-hat-mug-p-24310.html HTTP/1.0" 301 76369 "-" "Mozilla/5.0 (compatible; DotBot/1.2; +https://opensiteexplorer.org/dotbot; help@moz.com)"
216.244.66.242 - - [30/Sep/2023:05:00:08 +0200] "GET /shoulder-bag-jasmine-by-teo-jasmin-p-46994.html HTTP/1.0" 301 73743 "-" "Mozilla/5.0 (compatible; DotBot/1.2; +https://opensiteexplorer.org/dotbot; help@moz.com)"
216.244.66.242 - - [30/Sep/2023:05:00:18 +0200] "GET /silver-resin-skull-figure-135-cm-p-42286.html HTTP/1.0" 301 73743 "-" "Mozilla/5.0 (compatible; DotBot/1.2; +https://opensiteexplorer.org/dotbot; help@moz.com)"
216.244.66.242 - - [30/Sep/2023:05:00:26 +0200] "GET /small-box-for-baby-teeth-white-bear-p-36692.html HTTP/1.0" 301 73743 "-" "Mozilla/5.0 (compatible; DotBot/1.2; +https://opensiteexplorer.org/dotbot; help@moz.com)"
216.244.66.242 - - [30/Sep/2023:05:00:34 +0200] "GET /tisaniere-lisboa-handmade-manufacture-p-47121.html HTTP/1.0" 301 73743 "-" "Mozilla/5.0 (compatible; DotBot/1.2; +https://opensiteexplorer.org/dotbot; help@moz.com)"
216.244.66.242 - - [30/Sep/2023:05:00:40 +0200] "GET /ty-monstaz-talking-plush-delilah-p-19367.html HTTP/1.0" 301 73917 "-" "Mozilla/5.0 (compatible; DotBot/1.2; +https://opensiteexplorer.org/dotbot; help@moz.com)"
216.244.66.242 - - [30/Sep/2023:05:00:46 +0200] "GET /aprons-c-11_74.html?page=6 HTTP/1.0" 200 92792 "-" "Mozilla/5.0 (compatible; DotBot/1.2; +https://opensiteexplorer.org/dotbot; help@moz.com)"
85.208.96.207 - - [30/Sep/2023:05:00:55 +0200] "GET /ceramic-planter-turquoise-blue-medium-model-p-52570.html HTTP/1.0" 200 73846 "-" "Mozilla/5.0 (compatible; SemrushBot/7~bl; +http://www.semrush.com/bot.html)"
169.228.63.97 - - [30/Sep/2023:05:01:02 +0200] "GET /images/mini_prod/1399984284612.jpg HTTP/1.0" 200 269 "-" "Mozilla/5.0 (X11; Ubuntu; Linux x86_64; rv:72.0) Gecko/20100101 Firefox/72.0"
47.128.25.132 - - [30/Sep/2023:05:01:36 +0200] "GET /pencil-case-c-31_75.html?page=2 HTTP/1.0" 200 97502 "-" "Mozilla/5.0 (compatible; Bytespider; spider-feedback@bytedance.com) AppleWebKit/537.36 (KHTML, like Gecko) Chrome/70.0.0.0 Safari/537.36"
47.128.25.132 - - [30/Sep/2023:05:01:38 +0200] "GET /templates/Pixame_v1/stylesheet.css HTTP/1.0" 200 267 "http://www.wonder-geek.com/pencil-case-c-31_75.html?page=2" "Mozilla/5.0 (compatible; Bytespider; spider-feedback@bytedance.com) AppleWebKit/537.36 (KHTML, like Gecko) Chrome/70.0.0.0 Safari/537.36"
47.128.25.132 - - [30/Sep/2023:05:01:39 +0200] "GET /js/jquery.jqzoom.js HTTP/1.0" 200 259 "http://www.wonder-geek.com/pencil-case-c-31_75.html?page=2" "Mozilla/5.0 (compatible; Bytespider; spider-feedback@bytedance.com) AppleWebKit/537.36 (KHTML, like Gecko) Chrome/70.0.0.0 Safari/537.36"
47.128.25.132 - - [30/Sep/2023:05:01:39 +0200] "GET /swfobject.js HTTP/1.0" 404 1308 "http://www.wonder-geek.com/pencil-case-c-31_75.html?page=2" "Mozilla/5.0 (compatible; Bytespider; spider-feedback@bytedance.com) AppleWebKit/537.36 (KHTML, like Gecko) Chrome/70.0.0.0 Safari/537.36"
47.128.25.132 - - [30/Sep/2023:05:01:45 +0200] "GET /swfobject.js HTTP/1.0" 404 1308 "http://www.wonder-geek.com/pencil-case-c-31_75.html?page=2" "Mozilla/5.0 (compatible; Bytespider; spider-feedback@bytedance.com) AppleWebKit/537.36 (KHTML, like Gecko) Chrome/70.0.0.0 Safari/537.36"
47.128.27.84 - - [30/Sep/2023:05:01:43 +0200] "GET /wall-sticker-c-13_187.html?page=19 HTTP/1.0" 200 97769 "-" "Mozilla/5.0 (compatible; Bytespider; spider-feedback@bytedance.com) AppleWebKit/537.36 (KHTML, like Gecko) Chrome/70.0.0.0 Safari/537.36"
47.128.27.84 - - [30/Sep/2023:05:01:45 +0200] "GET /swfobject.js HTTP/1.0" 404 1308 "http://www.wonder-geek.com/wall-sticker-c-13_187.html?page=19" "Mozilla/5.0 (compatible; Bytespider; spider-feedback@bytedance.com) AppleWebKit/537.36 (KHTML, like Gecko) Chrome/70.0.0.0 Safari/537.36"
47.128.27.84 - - [30/Sep/2023:05:01:45 +0200] "GET /js/jquery.jqzoom.js HTTP/1.0" 200 259 "http://www.wonder-geek.com/wall-sticker-c-13_187.html?page=19" "Mozilla/5.0 (compatible; Bytespider; spider-feedback@bytedance.com) AppleWebKit/537.36 (KHTML, like Gecko) Chrome/70.0.0.0 Safari/537.36"
47.128.27.84 - - [30/Sep/2023:05:01:46 +0200] "GET /swfobject.js HTTP/1.0" 404 1308 "http://www.wonder-geek.com/wall-sticker-c-13_187.html?page=19" "Mozilla/5.0 (compatible; Bytespider; spider-feedback@bytedance.com) AppleWebKit/537.36 (KHTML, like Gecko) Chrome/70.0.0.0 Safari/537.36"
47.128.25.132 - - [30/Sep/2023:05:01:46 +0200] "GET /js/jquery.min.js HTTP/1.0" 404 1308 "http://www.wonder-geek.com/pencil-case-c-31_75.html?page=2" "Mozilla/5.0 (compatible; Bytespider; spider-feedback@bytedance.com) AppleWebKit/537.36 (KHTML, like Gecko) Chrome/70.0.0.0 Safari/537.36"
47.128.25.132 - - [30/Sep/2023:05:01:47 +0200] "GET /highslide/graphics/outlines/drop-shadow.png HTTP/1.0" 200 277 "http://www.wonder-geek.com/pencil-case-c-31_75.html?page=2" "Mozilla/5.0 (compatible; Bytespider; spider-feedback@bytedance.com) AppleWebKit/537.36 (KHTML, like Gecko) Chrome/70.0.0.0 Safari/537.36"
47.128.25.132 - - [30/Sep/2023:05:01:47 +0200] "GET /highslide/graphics/zoomout.cur HTTP/1.0" 200 614 "http://www.wonder-geek.com/pencil-case-c-31_75.html?page=2" "Mozilla/5.0 (compatible; Bytespider; spider-feedback@bytedance.com) AppleWebKit/537.36 (KHTML, like Gecko) Chrome/70.0.0.0 Safari/537.36"
47.128.27.34 - - [30/Sep/2023:05:01:46 +0200] "GET /decoration-thermometers-c-13_145.html?page=2 HTTP/1.0" 200 95150 "-" "Mozilla/5.0 (compatible; Bytespider; spider-feedback@bytedance.com) AppleWebKit/537.36 (KHTML, like Gecko) Chrome/70.0.0.0 Safari/537.36"
47.128.27.34 - - [30/Sep/2023:05:01:48 +0200] "GET /js/jquery.jqzoom.js HTTP/1.0" 200 259 "http://www.wonder-geek.com/decoration-thermometers-c-13_145.html?page=2" "Mozilla/5.0 (compatible; Bytespider; spider-feedback@bytedance.com) AppleWebKit/537.36 (KHTML, like Gecko) Chrome/70.0.0.0 Safari/537.36"
47.128.27.34 - - [30/Sep/2023:05:01:49 +0200] "GET /swfobject.js HTTP/1.0" 404 1308 "http://www.wonder-geek.com/decoration-thermometers-c-13_145.html?page=2" "Mozilla/5.0 (compatible; Bytespider; spider-feedback@bytedance.com) AppleWebKit/537.36 (KHTML, like Gecko) Chrome/70.0.0.0 Safari/537.36"
47.128.27.34 - - [30/Sep/2023:05:01:50 +0200] "GET /swfobject.js HTTP/1.0" 404 1308 "http://www.wonder-geek.com/decoration-thermometers-c-13_145.html?page=2" "Mozilla/5.0 (compatible; Bytespider; spider-feedback@bytedance.com) AppleWebKit/537.36 (KHTML, like Gecko) Chrome/70.0.0.0 Safari/537.36"
47.128.26.165 - - [30/Sep/2023:05:01:52 +0200] "GET /table-lamps-c-86_286.html?page=11 HTTP/1.0" 200 94886 "-" "Mozilla/5.0 (compatible; Bytespider; spider-feedback@bytedance.com) AppleWebKit/537.36 (KHTML, like Gecko) Chrome/70.0.0.0 Safari/537.36"
47.128.27.84 - - [30/Sep/2023:05:01:57 +0200] "GET /js/jquery.min.js HTTP/1.0" 404 1308 "http://www.wonder-geek.com/wall-sticker-c-13_187.html?page=19" "Mozilla/5.0 (compatible; Bytespider; spider-feedback@bytedance.com) AppleWebKit/537.36 (KHTML, like Gecko) Chrome/70.0.0.0 Safari/537.36"
47.128.27.84 - - [30/Sep/2023:05:01:57 +0200] "GET /highslide/graphics/outlines/drop-shadow.png HTTP/1.0" 200 277 "http://www.wonder-geek.com/wall-sticker-c-13_187.html?page=19" "Mozilla/5.0 (compatible; Bytespider; spider-feedback@bytedance.com) AppleWebKit/537.36 (KHTML, like Gecko) Chrome/70.0.0.0 Safari/537.36"
47.128.27.84 - - [30/Sep/2023:05:01:57 +0200] "GET /highslide/graphics/zoomout.cur HTTP/1.0" 200 614 "http://www.wonder-geek.com/wall-sticker-c-13_187.html?page=19" "Mozilla/5.0 (compatible; Bytespider; spider-feedback@bytedance.com) AppleWebKit/537.36 (KHTML, like Gecko) Chrome/70.0.0.0 Safari/537.36"
47.128.27.34 - - [30/Sep/2023:05:02:01 +0200] "GET /js/jquery.min.js HTTP/1.0" 404 1308 "http://www.wonder-geek.com/decoration-thermometers-c-13_145.html?page=2" "Mozilla/5.0 (compatible; Bytespider; spider-feedback@bytedance.com) AppleWebKit/537.36 (KHTML, like Gecko) Chrome/70.0.0.0 Safari/537.36"
47.128.27.34 - - [30/Sep/2023:05:02:02 +0200] "GET /highslide/graphics/outlines/drop-shadow.png HTTP/1.0" 200 277 "http://www.wonder-geek.com/decoration-thermometers-c-13_145.html?page=2" "Mozilla/5.0 (compatible; Bytespider; spider-feedback@bytedance.com) AppleWebKit/537.36 (KHTML, like Gecko) Chrome/70.0.0.0 Safari/537.36"
47.128.27.34 - - [30/Sep/2023:05:02:02 +0200] "GET /highslide/graphics/zoomout.cur HTTP/1.0" 200 614 "http://www.wonder-geek.com/decoration-thermometers-c-13_145.html?page=2" "Mozilla/5.0 (compatible; Bytespider; spider-feedback@bytedance.com) AppleWebKit/537.36 (KHTML, like Gecko) Chrome/70.0.0.0 Safari/537.36"
47.128.27.34 - - [30/Sep/2023:05:02:05 +0200] "GET /swfobject.js HTTP/1.0" 404 1308 "http://www.wonder-geek.com/decoration-thermometers-c-13_145.html?page=2" "Mozilla/5.0 (compatible; Bytespider; spider-feedback@bytedance.com) AppleWebKit/537.36 (KHTML, like Gecko) Chrome/70.0.0.0 Safari/537.36"
47.128.27.34 - - [30/Sep/2023:05:02:03 +0200] "GET /decoration-thermometers-c-13_145.html?page=2 HTTP/1.0" 200 95150 "-" "Mozilla/5.0 (compatible; Bytespider; spider-feedback@bytedance.com) AppleWebKit/537.36 (KHTML, like Gecko) Chrome/70.0.0.0 Safari/537.36"
47.128.27.34 - - [30/Sep/2023:05:02:13 +0200] "GET /js/jquery.min.js HTTP/1.0" 404 1308 "http://www.wonder-geek.com/decoration-thermometers-c-13_145.html?page=2" "Mozilla/5.0 (compatible; Bytespider; spider-feedback@bytedance.com) AppleWebKit/537.36 (KHTML, like Gecko) Chrome/70.0.0.0 Safari/537.36"
119.28.98.218 - - [30/Sep/2023:05:02:17 +0200] "GET /images/mini_prod/4891320363533.jpg HTTP/1.0" 200 269 "-" "Mozilla/5.0 (X11; Ubuntu; Linux x86_64; rv:72.0) Gecko/20100101 Firefox/72.0"
85.208.96.211 - - [30/Sep/2023:05:02:19 +0200] "GET /paris-eiffel-tower-metal-ring-hearts-p-38617.html HTTP/1.0" 200 76198 "-" "Mozilla/5.0 (compatible; SemrushBot/7~bl; +http://www.semrush.com/bot.html)"
169.228.63.97 - - [30/Sep/2023:05:02:31 +0200] "GET /images/big_prod_1/b045544936613.jpg HTTP/1.0" 200 270 "-" "Mozilla/5.0 (X11; Ubuntu; Linux x86_64; rv:72.0) Gecko/20100101 Firefox/72.0"
217.182.175.125 - - [30/Sep/2023:05:03:10 +0200] "GET /heartfelt-tigger-holding-heart-figurine-p-53993.html HTTP/1.0" 200 78042 "-" "Mozilla/5.0 (compatible; MJ12bot/v1.4.8; http://mj12bot.com/)"
217.182.175.125 - - [30/Sep/2023:05:03:14 +0200] "GET /hello-kitty-flower-ceiling-light-glass-p-16149.html HTTP/1.0" 301 73743 "-" "Mozilla/5.0 (compatible; MJ12bot/v1.4.8; http://mj12bot.com/)"
217.182.175.125 - - [30/Sep/2023:05:03:17 +0200] "GET /-p-16149.html HTTP/1.0" 200 73676 "-" "Mozilla/5.0 (compatible; MJ12bot/v1.4.8; http://mj12bot.com/)"
217.182.175.125 - - [30/Sep/2023:05:03:20 +0200] "GET /hello-kitty-round-fuschia-stars-p-15062.html HTTP/1.0" 200 76714 "-" "Mozilla/5.0 (compatible; MJ12bot/v1.4.8; http://mj12bot.com/)"
217.182.175.125 - - [30/Sep/2023:05:03:24 +0200] "GET /henne-bedclothes-240-220-cm-p-38799.html HTTP/1.0" 301 73743 "-" "Mozilla/5.0 (compatible; MJ12bot/v1.4.8; http://mj12bot.com/)"
217.182.175.125 - - [30/Sep/2023:05:03:28 +0200] "GET /-p-38799.html HTTP/1.0" 200 73676 "-" "Mozilla/5.0 (compatible; MJ12bot/v1.4.8; http://mj12bot.com/)"
217.182.175.125 - - [30/Sep/2023:05:03:31 +0200] "GET /high-steinlen-chat-noir-p-47904.html HTTP/1.0" 200 73776 "-" "Mozilla/5.0 (compatible; MJ12bot/v1.4.8; http://mj12bot.com/)"
217.182.175.125 - - [30/Sep/2023:05:03:34 +0200] "GET /hourglass-decoration-glass-and-sand-glitter-p-51968.html HTTP/1.0" 301 73940 "-" "Mozilla/5.0 (compatible; MJ12bot/v1.4.8; http://mj12bot.com/)"
217.182.175.125 - - [30/Sep/2023:05:03:37 +0200] "GET /hourglass-decoration-glass-sand-glitter-p-51968.html HTTP/1.0" 200 73834 "-" "Mozilla/5.0 (compatible; MJ12bot/v1.4.8; http://mj12bot.com/)"
217.182.175.125 - - [30/Sep/2023:05:03:41 +0200] "GET /hourglass-decoration-glass-sand-glitter-p-51968.html HTTP/1.0" 200 73834 "-" "Mozilla/5.0 (compatible; MJ12bot/v1.4.8; http://mj12bot.com/)"
217.182.175.125 - - [30/Sep/2023:05:03:44 +0200] "GET /household-linen/polar-blankets-blankets/beyblade-polar-blanket-p-12631.html HTTP/1.0" 301 73743 "-" "Mozilla/5.0 (compatible; MJ12bot/v1.4.8; http://mj12bot.com/)"
217.182.175.125 - - [30/Sep/2023:05:03:48 +0200] "GET /-p-12631.html HTTP/1.0" 200 73676 "-" "Mozilla/5.0 (compatible; MJ12bot/v1.4.8; http://mj12bot.com/)"
217.182.175.125 - - [30/Sep/2023:05:03:52 +0200] "GET /hundred-acre-caper-tree-with-pooh-friends-figurine-p-53992.html HTTP/1.0" 200 78185 "-" "Mozilla/5.0 (compatible; MJ12bot/v1.4.8; http://mj12bot.com/)"
217.182.175.125 - - [30/Sep/2023:05:03:56 +0200] "GET /illuminated-sign-39-cm-beer-premium-open-bar-p-46391.html HTTP/1.0" 301 73743 "-" "Mozilla/5.0 (compatible; MJ12bot/v1.4.8; http://mj12bot.com/)"
217.182.175.125 - - [30/Sep/2023:05:03:59 +0200] "GET /-p-46391.html HTTP/1.0" 200 73676 "-" "Mozilla/5.0 (compatible; MJ12bot/v1.4.8; http://mj12bot.com/)"
217.182.175.125 - - [30/Sep/2023:05:04:03 +0200] "GET /illuminated-sign-beer-premium-open-p-46391.html HTTP/1.0" 301 73743 "-" "Mozilla/5.0 (compatible; MJ12bot/v1.4.8; http://mj12bot.com/)"
217.182.175.125 - - [30/Sep/2023:05:04:06 +0200] "GET /-p-46391.html HTTP/1.0" 200 73676 "-" "Mozilla/5.0 (compatible; MJ12bot/v1.4.8; http://mj12bot.com/)"
217.182.175.125 - - [30/Sep/2023:05:04:10 +0200] "GET /infuser-rest-c-12_247.html?page=1 HTTP/1.0" 200 93258 "-" "Mozilla/5.0 (compatible; MJ12bot/v1.4.8; http://mj12bot.com/)"
217.182.175.125 - - [30/Sep/2023:05:04:25 +0200] "GET /jasmin-companion-portfolio-p-28732.html HTTP/1.0" 301 73743 "-" "Mozilla/5.0 (compatible; MJ12bot/v1.4.8; http://mj12bot.com/)"
217.182.175.125 - - [30/Sep/2023:05:04:29 +0200] "GET /-p-28732.html HTTP/1.0" 200 73676 "-" "Mozilla/5.0 (compatible; MJ12bot/v1.4.8; http://mj12bot.com/)"
217.182.175.125 - - [30/Sep/2023:05:04:32 +0200] "GET /jasmin-p-32294.html HTTP/1.0" 200 73745 "-" "Mozilla/5.0 (compatible; MJ12bot/v1.4.8; http://mj12bot.com/)"
217.182.175.125 - - [30/Sep/2023:05:04:36 +0200] "GET /jasmin-small-cabas-p-32497.html HTTP/1.0" 301 73743 "-" "Mozilla/5.0 (compatible; MJ12bot/v1.4.8; http://mj12bot.com/)"
217.182.175.125 - - [30/Sep/2023:05:04:39 +0200] "GET /-p-32497.html HTTP/1.0" 200 73676 "-" "Mozilla/5.0 (compatible; MJ12bot/v1.4.8; http://mj12bot.com/)"
129.15.42.33 - - [30/Sep/2023:05:04:42 +0200] "GET /images/mini_prod/8422666661517.jpg HTTP/1.0" 200 269 "-" "Mozilla/5.0 (X11; Ubuntu; Linux x86_64; rv:72.0) Gecko/20100101 Firefox/72.0"
217.182.175.125 - - [30/Sep/2023:05:04:43 +0200] "GET /jasmin-small-cabas-p-33696.html HTTP/1.0" 301 73743 "-" "Mozilla/5.0 (compatible; MJ12bot/v1.4.8; http://mj12bot.com/)"
217.182.175.125 - - [30/Sep/2023:05:04:46 +0200] "GET /-p-33696.html HTTP/1.0" 200 73676 "-" "Mozilla/5.0 (compatible; MJ12bot/v1.4.8; http://mj12bot.com/)"
217.182.175.125 - - [30/Sep/2023:05:04:50 +0200] "GET /jasmin-small-cabas-p-33700.html HTTP/1.0" 301 73743 "-" "Mozilla/5.0 (compatible; MJ12bot/v1.4.8; http://mj12bot.com/)"
217.182.175.125 - - [30/Sep/2023:05:04:53 +0200] "GET /-p-33700.html HTTP/1.0" 200 73676 "-" "Mozilla/5.0 (compatible; MJ12bot/v1.4.8; http://mj12bot.com/)"
217.182.175.125 - - [30/Sep/2023:05:04:57 +0200] "GET /jasmin-small-p-32290.html HTTP/1.0" 200 73796 "-" "Mozilla/5.0 (compatible; MJ12bot/v1.4.8; http://mj12bot.com/)"
217.182.175.125 - - [30/Sep/2023:05:05:01 +0200] "GET /jasmin-small-p-32292.html HTTP/1.0" 200 73796 "-" "Mozilla/5.0 (compatible; MJ12bot/v1.4.8; http://mj12bot.com/)"
217.182.175.125 - - [30/Sep/2023:05:05:04 +0200] "GET /light-gray-satin-shade-p-57097.html HTTP/1.0" 200 73754 "-" "Mozilla/5.0 (compatible; MJ12bot/v1.4.8; http://mj12bot.com/)"
52.167.144.238 - - [30/Sep/2023:05:05:00 +0200] "GET /watches-c-3_66.html HTTP/1.0" 200 91596 "-" "Mozilla/5.0 AppleWebKit/537.36 (KHTML, like Gecko; compatible; bingbot/2.0; +http://www.bing.com/bingbot.htm) Chrome/103.0.5060.134 Safari/537.36"
217.182.175.125 - - [30/Sep/2023:05:05:08 +0200] "GET /mini-rectangular-tray-wreath-p-59589.html HTTP/1.0" 200 77045 "-" "Mozilla/5.0 (compatible; MJ12bot/v1.4.8; http://mj12bot.com/)"
217.182.175.125 - - [30/Sep/2023:05:05:13 +0200] "GET /mustache-white-women-shirt-p-31174.html HTTP/1.0" 200 78073 "-" "Mozilla/5.0 (compatible; MJ12bot/v1.4.8; http://mj12bot.com/)"
17.241.75.252 - - [30/Sep/2023:05:05:16 +0200] "GET /images/big_prod/3453131152143.jpg HTTP/1.0" 200 268 "-" "Mozilla/5.0 (Macintosh; Intel Mac OS X 10_15_5) AppleWebKit/605.1.15 (KHTML, like Gecko) Version/13.1.1 Safari/605.1.15 (Applebot/0.1; +http://www.apple.com/go/applebot)"
217.182.175.125 - - [30/Sep/2023:05:05:17 +0200] "GET /mustache-white-women-tee-shirt-p-31174.html HTTP/1.0" 301 78166 "-" "Mozilla/5.0 (compatible; MJ12bot/v1.4.8; http://mj12bot.com/)"
217.182.175.125 - - [30/Sep/2023:05:05:20 +0200] "GET /mustache-white-women-shirt-p-31174.html HTTP/1.0" 200 78073 "-" "Mozilla/5.0 (compatible; MJ12bot/v1.4.8; http://mj12bot.com/)"
217.182.175.125 - - [30/Sep/2023:05:05:25 +0200] "GET /olympique-marseille-retro-ceramic-p-59877.html HTTP/1.0" 200 76763 "-" "Mozilla/5.0 (compatible; MJ12bot/v1.4.8; http://mj12bot.com/)"
217.182.175.125 - - [30/Sep/2023:05:05:29 +0200] "GET /parfum-lavande-liquid-soap-dispenser-p-60674.html HTTP/1.0" 200 77059 "-" "Mozilla/5.0 (compatible; MJ12bot/v1.4.8; http://mj12bot.com/)"
217.182.175.125 - - [30/Sep/2023:05:05:34 +0200] "GET /paris-bath-soap-dish-p-57134.html HTTP/1.0" 200 73746 "-" "Mozilla/5.0 (compatible; MJ12bot/v1.4.8; http://mj12bot.com/)"
217.182.175.125 - - [30/Sep/2023:05:05:37 +0200] "GET /paris-soap-dispenser-p-8640.html HTTP/1.0" 200 76852 "-" "Mozilla/5.0 (compatible; MJ12bot/v1.4.8; http://mj12bot.com/)"
217.182.175.125 - - [30/Sep/2023:05:05:41 +0200] "GET /patinated-wooden-lamp-with-brown-linen-shade-p-57735.html HTTP/1.0" 200 73842 "-" "Mozilla/5.0 (compatible; MJ12bot/v1.4.8; http://mj12bot.com/)"
217.182.175.125 - - [30/Sep/2023:05:05:45 +0200] "GET /pepe-jeans-kensington-laptop-p-41324.html HTTP/1.0" 200 76420 "-" "Mozilla/5.0 (compatible; MJ12bot/v1.4.8; http://mj12bot.com/)"
217.182.175.125 - - [30/Sep/2023:05:05:49 +0200] "GET /pepper-p-46883.html HTTP/1.0" 301 73743 "-" "Mozilla/5.0 (compatible; MJ12bot/v1.4.8; http://mj12bot.com/)"
217.182.175.125 - - [30/Sep/2023:05:05:53 +0200] "GET /-p-46883.html HTTP/1.0" 200 73676 "-" "Mozilla/5.0 (compatible; MJ12bot/v1.4.8; http://mj12bot.com/)"
217.182.175.125 - - [30/Sep/2023:05:05:56 +0200] "GET /photo-album-travel-diary-p-57701.html HTTP/1.0" 200 76934 "-" "Mozilla/5.0 (compatible; MJ12bot/v1.4.8; http://mj12bot.com/)"
217.182.175.125 - - [30/Sep/2023:05:06:00 +0200] "GET /pillow-case-taupe-gray-p-59883.html HTTP/1.0" 200 77006 "-" "Mozilla/5.0 (compatible; MJ12bot/v1.4.8; http://mj12bot.com/)"
217.182.175.125 - - [30/Sep/2023:05:06:05 +0200] "GET /salad-servers-coconut-wood-p-59595.html HTTP/1.0" 200 77146 "-" "Mozilla/5.0 (compatible; MJ12bot/v1.4.8; http://mj12bot.com/)"
217.182.175.125 - - [30/Sep/2023:05:06:09 +0200] "GET /small-coconut-bowl-p-59590.html HTTP/1.0" 200 77069 "-" "Mozilla/5.0 (compatible; MJ12bot/v1.4.8; http://mj12bot.com/)"
217.182.175.125 - - [30/Sep/2023:05:06:13 +0200] "GET /small-heart-home-candle-snow-angel-p-57122.html HTTP/1.0" 200 77371 "-" "Mozilla/5.0 (compatible; MJ12bot/v1.4.8; http://mj12bot.com/)"
217.182.175.125 - - [30/Sep/2023:05:06:17 +0200] "GET /stade-toulousain-retro-ceramic-p-59875.html HTTP/1.0" 200 76728 "-" "Mozilla/5.0 (compatible; MJ12bot/v1.4.8; http://mj12bot.com/)"
217.182.175.125 - - [30/Sep/2023:05:06:21 +0200] "GET /star-wars-inflatable-swimming-ring-p-34885.html HTTP/1.0" 200 73837 "-" "Mozilla/5.0 (compatible; MJ12bot/v1.4.8; http://mj12bot.com/)"
217.182.175.125 - - [30/Sep/2023:05:06:25 +0200] "GET /stone-black-moonstone-30-40-grams-p-46323.html HTTP/1.0" 301 73878 "-" "Mozilla/5.0 (compatible; MJ12bot/v1.4.8; http://mj12bot.com/)"
217.182.175.125 - - [30/Sep/2023:05:06:28 +0200] "GET /stone-black-moonstone-grams-p-46323.html HTTP/1.0" 200 73784 "-" "Mozilla/5.0 (compatible; MJ12bot/v1.4.8; http://mj12bot.com/)"
217.182.175.125 - - [30/Sep/2023:05:06:32 +0200] "GET /stone-black-moonstone-grams-p-46323.html HTTP/1.0" 200 73784 "-" "Mozilla/5.0 (compatible; MJ12bot/v1.4.8; http://mj12bot.com/)"
217.182.175.125 - - [30/Sep/2023:05:06:35 +0200] "GET /stone-black-moonstone-p-46323.html HTTP/1.0" 301 73878 "-" "Mozilla/5.0 (compatible; MJ12bot/v1.4.8; http://mj12bot.com/)"
217.182.175.125 - - [30/Sep/2023:05:06:39 +0200] "GET /stone-black-moonstone-grams-p-46323.html HTTP/1.0" 200 73784 "-" "Mozilla/5.0 (compatible; MJ12bot/v1.4.8; http://mj12bot.com/)"
217.182.175.125 - - [30/Sep/2023:05:06:42 +0200] "GET /superman-silver-p-48295.html HTTP/1.0" 200 73734 "-" "Mozilla/5.0 (compatible; MJ12bot/v1.4.8; http://mj12bot.com/)"
217.182.175.125 - - [30/Sep/2023:05:06:46 +0200] "GET /talent-ludwig-beethoven-tassen-made-germany-p-53938.html HTTP/1.0" 200 73868 "-" "Mozilla/5.0 (compatible; MJ12bot/v1.4.8; http://mj12bot.com/)"
66.249.75.74 - - [30/Sep/2023:05:06:47 +0200] "GET /wick-ellipse-candle-heart-home-cotton-blossom-p-59906.html HTTP/1.0" 200 77868 "-" "Mozilla/5.0 (Linux; Android 6.0.1; Nexus 5X Build/MMB29P) AppleWebKit/537.36 (KHTML, like Gecko) Chrome/117.0.5938.132 Mobile Safari/537.36 (compatible; Googlebot/2.1; +http://www.google.com/bot.html)"
217.182.175.125 - - [30/Sep/2023:05:06:49 +0200] "GET /tassen-farceur-avec-anse-fabriqu-allemagne-p-46334.html HTTP/1.0" 200 77475 "-" "Mozilla/5.0 (compatible; MJ12bot/v1.4.8; http://mj12bot.com/)"
217.182.175.125 - - [30/Sep/2023:05:06:54 +0200] "GET /tassen-mood-made-germany-p-43321.html HTTP/1.0" 200 76219 "-" "Mozilla/5.0 (compatible; MJ12bot/v1.4.8; http://mj12bot.com/)"
217.182.175.125 - - [30/Sep/2023:05:06:58 +0200] "GET /tassen-mood-made-germany-p-43323.html HTTP/1.0" 200 76219 "-" "Mozilla/5.0 (compatible; MJ12bot/v1.4.8; http://mj12bot.com/)"
217.182.175.125 - - [30/Sep/2023:05:07:03 +0200] "GET /tassen-mood-made-germany-p-43324.html HTTP/1.0" 200 77268 "-" "Mozilla/5.0 (compatible; MJ12bot/v1.4.8; http://mj12bot.com/)"
217.182.175.125 - - [30/Sep/2023:05:07:07 +0200] "GET /tassen-mood-made-germany-p-46334.html HTTP/1.0" 301 77584 "-" "Mozilla/5.0 (compatible; MJ12bot/v1.4.8; http://mj12bot.com/)"
217.182.175.125 - - [30/Sep/2023:05:07:11 +0200] "GET /tassen-farceur-avec-anse-fabriqu-allemagne-p-46334.html HTTP/1.0" 200 77475 "-" "Mozilla/5.0 (compatible; MJ12bot/v1.4.8; http://mj12bot.com/)"
217.182.175.125 - - [30/Sep/2023:05:07:15 +0200] "GET /tassen-mood-mug-made-in-germany-p-43321.html HTTP/1.0" 301 76310 "-" "Mozilla/5.0 (compatible; MJ12bot/v1.4.8; http://mj12bot.com/)"
217.182.175.125 - - [30/Sep/2023:05:07:19 +0200] "GET /tassen-mood-made-germany-p-43321.html HTTP/1.0" 200 76219 "-" "Mozilla/5.0 (compatible; MJ12bot/v1.4.8; http://mj12bot.com/)"
217.182.175.125 - - [30/Sep/2023:05:07:23 +0200] "GET /tassen-mood-mug-made-in-germany-p-43323.html HTTP/1.0" 301 76310 "-" "Mozilla/5.0 (compatible; MJ12bot/v1.4.8; http://mj12bot.com/)"
217.182.175.125 - - [30/Sep/2023:05:07:26 +0200] "GET /tassen-mood-made-germany-p-43323.html HTTP/1.0" 200 76219 "-" "Mozilla/5.0 (compatible; MJ12bot/v1.4.8; http://mj12bot.com/)"
217.182.175.125 - - [30/Sep/2023:05:07:30 +0200] "GET /tassen-mood-mug-made-in-germany-p-43324.html HTTP/1.0" 301 77359 "-" "Mozilla/5.0 (compatible; MJ12bot/v1.4.8; http://mj12bot.com/)"
217.182.175.125 - - [30/Sep/2023:05:07:34 +0200] "GET /tassen-mood-made-germany-p-43324.html HTTP/1.0" 200 77268 "-" "Mozilla/5.0 (compatible; MJ12bot/v1.4.8; http://mj12bot.com/)"
217.182.175.125 - - [30/Sep/2023:05:07:39 +0200] "GET /teo-jasmin-avoriaz-grey-mug-p-34918.html HTTP/1.0" 301 73743 "-" "Mozilla/5.0 (compatible; MJ12bot/v1.4.8; http://mj12bot.com/)"
217.182.175.125 - - [30/Sep/2023:05:07:42 +0200] "GET /-p-34918.html HTTP/1.0" 200 73676 "-" "Mozilla/5.0 (compatible; MJ12bot/v1.4.8; http://mj12bot.com/)"
217.182.175.125 - - [30/Sep/2023:05:07:45 +0200] "GET /teo-jasmin-bed-for-dog-p-32294.html HTTP/1.0" 301 73818 "-" "Mozilla/5.0 (compatible; MJ12bot/v1.4.8; http://mj12bot.com/)"
217.182.175.125 - - [30/Sep/2023:05:07:49 +0200] "GET /jasmin-p-32294.html HTTP/1.0" 200 73745 "-" "Mozilla/5.0 (compatible; MJ12bot/v1.4.8; http://mj12bot.com/)"
217.182.175.125 - - [30/Sep/2023:05:07:52 +0200] "GET /teo-jasmin-bed-for-small-dog-or-cat-p-32290.html HTTP/1.0" 301 73875 "-" "Mozilla/5.0 (compatible; MJ12bot/v1.4.8; http://mj12bot.com/)"
