85.208.96.210 - - [30/Sep/2023:15:33:49 +0200] "GET /-p-56980.html HTTP/1.0" 200 73770 "-" "Mozilla/5.0 (compatible; SemrushBot/7~bl; +http://www.semrush.com/bot.html)"
66.249.66.207 - - [30/Sep/2023:15:34:16 +0200] "GET /wicker-picnic-basket-with-dishes-for-p-42062.html HTTP/1.0" 301 73999 "-" "Mozilla/5.0 (Linux; Android 6.0.1; Nexus 5X Build/MMB29P) AppleWebKit/537.36 (KHTML, like Gecko) Chrome/117.0.5938.92 Mobile Safari/537.36 (compatible; Googlebot/2.1; +http://www.google.com/bot.html)"
66.249.66.206 - - [30/Sep/2023:15:34:18 +0200] "GET /wicker-picnic-basket-with-dishes-p-42062.html HTTP/1.0" 200 73900 "-" "Mozilla/5.0 (Linux; Android 6.0.1; Nexus 5X Build/MMB29P) AppleWebKit/537.36 (KHTML, like Gecko) Chrome/117.0.5938.92 Mobile Safari/537.36 (compatible; Googlebot/2.1; +http://www.google.com/bot.html)"
150.109.196.248 - - [30/Sep/2023:15:34:53 +0200] "GET /images/mini_prod/1399984259849.jpg HTTP/1.0" 200 269 "-" "Mozilla/5.0 (X11; Ubuntu; Linux x86_64; rv:72.0) Gecko/20100101 Firefox/72.0"
17.241.75.15 - - [30/Sep/2023:15:37:48 +0200] "GET /-p-34871.html HTTP/1.0" 200 73770 "-" "Mozilla/5.0 (Macintosh; Intel Mac OS X 10_15_5) AppleWebKit/605.1.15 (KHTML, like Gecko) Version/13.1.1 Safari/605.1.15 (Applebot/0.1; +http://www.apple.com/go/applebot)"
59.82.78.33 - - [30/Sep/2023:15:37:55 +0200] "GET /images/mini_prod/1300000022439.jpg HTTP/1.0" 200 269 "-" "Mozilla/5.0 (X11; Ubuntu; Linux x86_64; rv:72.0) Gecko/20100101 Firefox/72.0"
66.249.66.207 - - [30/Sep/2023:15:38:41 +0200] "GET /black-form-letter-p-45492.html HTTP/1.0" 200 76415 "-" "Mozilla/5.0 (Linux; Android 6.0.1; Nexus 5X Build/MMB29P) AppleWebKit/537.36 (KHTML, like Gecko) Chrome/117.0.5938.92 Mobile Safari/537.36 (compatible; Googlebot/2.1; +http://www.google.com/bot.html)"
183.0.200.142 - - [30/Sep/2023:15:39:00 +0200] "GET /contact_us.php HTTP/1.0" 200 26241 "http://www.wonder-geek.com/contact_us.php" "Mozilla/5.0 (Windows NT 6.1; ) AppleWebKit/537.36 (KHTML, like Gecko) Chrome/90.0.4430.72 Safari/537.36"
40.77.167.64 - - [30/Sep/2023:15:39:07 +0200] "GET /carpet-and-doormat-c-11_167.html HTTP/1.0" 301 93304 "-" "Mozilla/5.0 AppleWebKit/537.36 (KHTML, like Gecko; compatible; bingbot/2.0; +http://www.bing.com/bingbot.htm) Chrome/103.0.5060.134 Safari/537.36"
40.77.167.64 - - [30/Sep/2023:15:39:09 +0200] "GET /musical-c-13_150_149.html HTTP/1.0" 200 94692 "-" "Mozilla/5.0 AppleWebKit/537.36 (KHTML, like Gecko; compatible; bingbot/2.0; +http://www.bing.com/bingbot.htm) Chrome/103.0.5060.134 Safari/537.36"
183.0.200.142 - - [30/Sep/2023:15:39:13 +0200] "POST /contact_us.php?action=send HTTP/1.0" 200 26476 "http://www.wonder-geek.com/contact_us.php" "Mozilla/5.0 (Windows NT 6.1; ) AppleWebKit/537.36 (KHTML, like Gecko) Chrome/90.0.4430.72 Safari/537.36"
85.208.96.204 - - [30/Sep/2023:15:40:31 +0200] "GET /wood-light-wood-p-55053.html HTTP/1.0" 200 78543 "-" "Mozilla/5.0 (compatible; SemrushBot/7~bl; +http://www.semrush.com/bot.html)"
34.154.36.175 - - [30/Sep/2023:15:41:22 +0200] "GET /images/mini_prod/1399984257432.jpg HTTP/1.0" 200 269 "-" "Mozilla/5.0 (X11; Ubuntu; Linux x86_64; rv:72.0) Gecko/20100101 Firefox/72.0"
17.241.227.163 - - [30/Sep/2023:15:42:02 +0200] "GET /apptit-oven-mitt-p-59776.html HTTP/1.0" 200 76809 "-" "Mozilla/5.0 (Macintosh; Intel Mac OS X 10_15_5) AppleWebKit/605.1.15 (KHTML, like Gecko) Version/13.1.1 Safari/605.1.15 (Applebot/0.1; +http://www.apple.com/go/applebot)"
185.191.171.2 - - [30/Sep/2023:15:42:08 +0200] "GET /-p-17357.html HTTP/1.0" 200 73770 "-" "Mozilla/5.0 (compatible; SemrushBot/7~bl; +http://www.semrush.com/bot.html)"
40.77.167.10 - - [30/Sep/2023:15:43:22 +0200] "GET /indoor-fountains-c-13_272.html HTTP/1.0" 200 84122 "-" "Mozilla/5.0 AppleWebKit/537.36 (KHTML, like Gecko; compatible; bingbot/2.0; +http://www.bing.com/bingbot.htm) Chrome/103.0.5060.134 Safari/537.36"
66.249.66.205 - - [30/Sep/2023:15:44:37 +0200] "GET /-i-17.html HTTP/1.0" 200 102927 "-" "Mozilla/5.0 (compatible; Googlebot/2.1; +http://www.google.com/bot.html)"
51.68.224.127 - - [30/Sep/2023:15:46:03 +0200] "GET /adminweb/export_orders_xml.php?token=256de2z6edz6ed2z6DFSFsed2zed6zeDSFDSGdzedezfzf&maxorders=10&orderstart=1&status=14&start_date=2018-10-01 HTTP/1.0" 200 285 "-" "GesCom CharlotteBoutik Serveur"
51.68.224.127 - - [30/Sep/2023:15:46:03 +0200] "GET /adminweb/export_orders_xml.php?token=256de2z6edz6ed2z6DFSFsed2zed6zeDSFDSGdzedezfzf&maxorders=10&orderstart=1&status=6&start_date=2018-10-01 HTTP/1.0" 200 33939 "-" "GesCom CharlotteBoutik Serveur"
216.244.66.242 - - [30/Sep/2023:15:47:37 +0200] "GET /robots.txt HTTP/1.0" 200 245 "-" "Mozilla/5.0 (compatible; DotBot/1.2; +https://opensiteexplorer.org/dotbot; help@moz.com)"
47.245.90.179 - - [30/Sep/2023:15:50:09 +0200] "GET /images/mini_prod/5028486153565.jpg HTTP/1.0" 200 269 "-" "python-requests/2.31.0"
216.244.66.242 - - [30/Sep/2023:15:51:01 +0200] "GET /moon-lighting-p-42370.html HTTP/1.0" 301 73837 "-" "Mozilla/5.0 (compatible; DotBot/1.2; +https://opensiteexplorer.org/dotbot; help@moz.com)"
216.244.66.242 - - [30/Sep/2023:15:51:08 +0200] "GET /wall-sticker-roofs-paris-p-48085.html HTTP/1.0" 301 73837 "-" "Mozilla/5.0 (compatible; DotBot/1.2; +https://opensiteexplorer.org/dotbot; help@moz.com)"
52.167.144.136 - - [30/Sep/2023:15:51:12 +0200] "GET /furnishings-c-13_87.html HTTP/1.0" 301 85829 "-" "Mozilla/5.0 AppleWebKit/537.36 (KHTML, like Gecko; compatible; bingbot/2.0; +http://www.bing.com/bingbot.htm) Chrome/103.0.5060.134 Safari/537.36"
216.244.66.242 - - [30/Sep/2023:15:51:18 +0200] "GET /gorjuss-hush-little-bunny-mini-pouch-ring-p-33654.html HTTP/1.0" 301 73837 "-" "Mozilla/5.0 (compatible; DotBot/1.2; +https://opensiteexplorer.org/dotbot; help@moz.com)"
87.250.224.253 - - [30/Sep/2023:15:51:29 +0200] "GET /robots.txt HTTP/1.0" 200 245 "-" "Mozilla/5.0 (compatible; YandexBot/3.0; +http://yandex.com/bots)"
123.126.68.117 - - [30/Sep/2023:15:51:28 +0200] "GET / HTTP/1.0" 200 154154 "-" "Sogou web spider/4.0(+http://www.sogou.com/docs/help/webmasters.htm#07)"
5.255.231.101 - - [30/Sep/2023:15:51:29 +0200] "GET /klimt-little-tray-p-51680.html HTTP/1.0" 200 76158 "-" "Mozilla/5.0 (compatible; YandexBot/3.0; +http://yandex.com/bots)"
85.208.96.196 - - [30/Sep/2023:15:51:36 +0200] "GET /christmas-carousel-large-p-38189.html HTTP/1.0" 200 73887 "-" "Mozilla/5.0 (compatible; SemrushBot/7~bl; +http://www.semrush.com/bot.html)"
17.241.227.184 - - [30/Sep/2023:15:51:49 +0200] "GET /smack-down-small-reels-p-13882.html HTTP/1.0" 200 76528 "-" "Mozilla/5.0 (Macintosh; Intel Mac OS X 10_15_5) AppleWebKit/605.1.15 (KHTML, like Gecko) Version/13.1.1 Safari/605.1.15 (Applebot/0.1; +http://www.apple.com/go/applebot)"
43.228.131.115 - - [30/Sep/2023:15:52:20 +0200] "GET /contact_us.php HTTP/1.0" 200 26241 "http://www.wonder-geek.com/contact_us.php" "Mozilla/5.0 (Windows NT 6.2; Win64; x64) AppleWebKit/537.36 (KHTML, like Gecko) Chrome/90.0.4430.72 Safari/537.36"
85.208.96.210 - - [30/Sep/2023:15:53:23 +0200] "GET /glass-jellyfish-paperweight-p-52788.html HTTP/1.0" 200 76190 "-" "Mozilla/5.0 (compatible; SemrushBot/7~bl; +http://www.semrush.com/bot.html)"
183.160.213.213 - - [30/Sep/2023:15:55:14 +0200] "GET /images/big_prod_1/8422092340062B.jpg HTTP/1.0" 200 271 "-" "Mozilla/5.0 (X11; Ubuntu; Linux x86_64; rv:72.0) Gecko/20100101 Firefox/72.0"
54.36.149.69 - - [30/Sep/2023:15:57:04 +0200] "GET /polar-blanket-p-58799.html HTTP/1.0" 200 76956 "-" "Mozilla/5.0 (compatible; AhrefsBot/7.0; +http://ahrefs.com/robot/)"
52.167.144.166 - - [30/Sep/2023:15:58:47 +0200] "GET /mugs-mazagrans-c-12_57.html?page=18 HTTP/1.0" 200 99788 "-" "Mozilla/5.0 AppleWebKit/537.36 (KHTML, like Gecko; compatible; bingbot/2.0; +http://www.bing.com/bingbot.htm) Chrome/103.0.5060.134 Safari/537.36"
59.82.78.149 - - [30/Sep/2023:15:58:50 +0200] "GET /images/mini_prod/8719497615025.jpg HTTP/1.0" 200 269 "-" "Mozilla/5.0 (X11; Ubuntu; Linux x86_64; rv:72.0) Gecko/20100101 Firefox/72.0"
34.154.36.175 - - [30/Sep/2023:15:59:27 +0200] "GET /images/mini_prod/3660173124445.jpg HTTP/1.0" 200 269 "-" "Mozilla/5.0 (X11; Ubuntu; Linux x86_64; rv:72.0) Gecko/20100101 Firefox/72.0"
114.119.151.1 - - [30/Sep/2023:16:00:43 +0200] "GET /support-metal-bottle-the-biker-p-34475.html HTTP/1.0" 301 76330 "http://www.wonder-geek.com/bottle-holder-beer-bucket-c-12_224.html?page=2" "Mozilla/5.0 (Linux; Android 7.0;) AppleWebKit/537.36 (KHTML, like Gecko) Mobile Safari/537.36 (compatible; PetalBot;+https://webmaster.petalsearch.com/site/petalbot)"
114.119.151.1 - - [30/Sep/2023:16:00:48 +0200] "GET /support-metal-bottle-biker-p-34475.html HTTP/1.0" 200 76237 "http://www.wonder-geek.com/bottle-holder-beer-bucket-c-12_224.html?page=2" "Mozilla/5.0 (Linux; Android 7.0;) AppleWebKit/537.36 (KHTML, like Gecko) Mobile Safari/537.36 (compatible; PetalBot;+https://webmaster.petalsearch.com/site/petalbot)"
114.119.133.56 - - [30/Sep/2023:16:01:00 +0200] "GET /statuette-jesus-christ-sacred-heart-inside-outside-p-48904.html HTTP/1.0" 200 77129 "http://www.wonder-geek.com/collectible-figurines-decorative-c-13_135.html?page=19" "Mozilla/5.0 (Linux; Android 7.0;) AppleWebKit/537.36 (KHTML, like Gecko) Mobile Safari/537.36 (compatible; PetalBot;+https://webmaster.petalsearch.com/site/petalbot)"
47.245.92.122 - - [30/Sep/2023:16:01:09 +0200] "GET /images/mini_prod/8003990607299.jpg HTTP/1.0" 200 269 "-" "python-requests/2.31.0"
106.11.62.13 - - [30/Sep/2023:16:01:13 +0200] "GET /images/mini_prod/3272760377433.jpg HTTP/1.0" 200 269 "-" "Mozilla/5.0 (X11; Ubuntu; Linux x86_64; rv:72.0) Gecko/20100101 Firefox/72.0"
51.68.224.127 - - [30/Sep/2023:16:02:21 +0200] "GET /adminweb/export_orders_xml.php?token=256de2z6edz6ed2z6DFSFsed2zed6zeDSFDSGdzedezfzf&maxorders=10&orderstart=1&status=14&start_date=2018-10-01 HTTP/1.0" 200 285 "-" "GesCom CharlotteBoutik Serveur"
51.68.224.127 - - [30/Sep/2023:16:02:21 +0200] "GET /adminweb/export_orders_xml.php?token=256de2z6edz6ed2z6DFSFsed2zed6zeDSFDSGdzedezfzf&maxorders=10&orderstart=1&status=6&start_date=2018-10-01 HTTP/1.0" 200 33939 "-" "GesCom CharlotteBoutik Serveur"
114.119.148.138 - - [30/Sep/2023:16:02:26 +0200] "GET /pastis-metal-plate-deco-p-47317.html HTTP/1.0" 200 73838 "http://www.wonder-geek.com/home-and-decoration-c-13.html?page=34" "Mozilla/5.0 (Linux; Android 7.0;) AppleWebKit/537.36 (KHTML, like Gecko) Mobile Safari/537.36 (compatible; PetalBot;+https://webmaster.petalsearch.com/site/petalbot)"
216.244.66.242 - - [30/Sep/2023:16:02:56 +0200] "GET /artisan-plaster-thermometer-handcrafted-p-58009.html HTTP/1.0" 200 77213 "-" "Mozilla/5.0 (compatible; DotBot/1.2; +https://opensiteexplorer.org/dotbot; help@moz.com)"
216.244.66.242 - - [30/Sep/2023:16:03:07 +0200] "GET /patinated-silver-paulownia-wall-mirror-p-60495.html HTTP/1.0" 200 77195 "-" "Mozilla/5.0 (compatible; DotBot/1.2; +https://opensiteexplorer.org/dotbot; help@moz.com)"
104.28.76.234 - - [30/Sep/2023:16:03:35 +0200] "GET /diddl-backpack-p-5919.html HTTP/1.0" 200 76363 "https://www.google.com/" "Mozilla/5.0 (iPhone; CPU iPhone OS 16_6_1 like Mac OS X) AppleWebKit/605.1.15 (KHTML, like Gecko) Version/16.6 Mobile/15E148 Safari/604.1"
104.28.76.237 - - [30/Sep/2023:16:03:37 +0200] "GET /templates/Pixame_v1/stylesheet.css HTTP/1.0" 200 267 "http://www.wonder-geek.com/diddl-backpack-p-5919.html" "Mozilla/5.0 (iPhone; CPU iPhone OS 16_6_1 like Mac OS X) AppleWebKit/605.1.15 (KHTML, like Gecko) Version/16.6 Mobile/15E148 Safari/604.1"
104.28.76.234 - - [30/Sep/2023:16:03:37 +0200] "GET /highslide/highslide.js HTTP/1.0" 200 262 "http://www.wonder-geek.com/diddl-backpack-p-5919.html" "Mozilla/5.0 (iPhone; CPU iPhone OS 16_6_1 like Mac OS X) AppleWebKit/605.1.15 (KHTML, like Gecko) Version/16.6 Mobile/15E148 Safari/604.1"
104.28.76.234 - - [30/Sep/2023:16:03:37 +0200] "GET /js/jquery.jqzoom.js HTTP/1.0" 200 259 "http://www.wonder-geek.com/diddl-backpack-p-5919.html" "Mozilla/5.0 (iPhone; CPU iPhone OS 16_6_1 like Mac OS X) AppleWebKit/605.1.15 (KHTML, like Gecko) Version/16.6 Mobile/15E148 Safari/604.1"
104.28.76.232 - - [30/Sep/2023:16:03:37 +0200] "GET /mondial_relay/js/jquery-1.3.2.min.js HTTP/1.0" 200 276 "http://www.wonder-geek.com/diddl-backpack-p-5919.html" "Mozilla/5.0 (iPhone; CPU iPhone OS 16_6_1 like Mac OS X) AppleWebKit/605.1.15 (KHTML, like Gecko) Version/16.6 Mobile/15E148 Safari/604.1"
104.28.76.234 - - [30/Sep/2023:16:03:37 +0200] "GET /js/jquery.js HTTP/1.0" 200 252 "http://www.wonder-geek.com/diddl-backpack-p-5919.html" "Mozilla/5.0 (iPhone; CPU iPhone OS 16_6_1 like Mac OS X) AppleWebKit/605.1.15 (KHTML, like Gecko) Version/16.6 Mobile/15E148 Safari/604.1"
104.28.76.234 - - [30/Sep/2023:16:03:37 +0200] "GET /swfobject.js HTTP/1.0" 404 1308 "http://www.wonder-geek.com/diddl-backpack-p-5919.html" "Mozilla/5.0 (iPhone; CPU iPhone OS 16_6_1 like Mac OS X) AppleWebKit/605.1.15 (KHTML, like Gecko) Version/16.6 Mobile/15E148 Safari/604.1"
104.28.76.237 - - [30/Sep/2023:16:03:37 +0200] "GET /templates/Pixame_v1/images/icon_accueil2.png HTTP/1.0" 200 278 "http://www.wonder-geek.com/diddl-backpack-p-5919.html" "Mozilla/5.0 (iPhone; CPU iPhone OS 16_6_1 like Mac OS X) AppleWebKit/605.1.15 (KHTML, like Gecko) Version/16.6 Mobile/15E148 Safari/604.1"
104.28.76.234 - - [30/Sep/2023:16:03:37 +0200] "GET /templates/Pixame_v1/images/infobox/pixel_trans.gif HTTP/1.0" 200 328 "http://www.wonder-geek.com/diddl-backpack-p-5919.html" "Mozilla/5.0 (iPhone; CPU iPhone OS 16_6_1 like Mac OS X) AppleWebKit/605.1.15 (KHTML, like Gecko) Version/16.6 Mobile/15E148 Safari/604.1"
104.28.76.237 - - [30/Sep/2023:16:03:37 +0200] "GET /images/pixel_trans.gif HTTP/1.0" 200 328 "http://www.wonder-geek.com/diddl-backpack-p-5919.html" "Mozilla/5.0 (iPhone; CPU iPhone OS 16_6_1 like Mac OS X) AppleWebKit/605.1.15 (KHTML, like Gecko) Version/16.6 Mobile/15E148 Safari/604.1"
104.28.76.234 - - [30/Sep/2023:16:03:37 +0200] "GET /templates/Pixame_v1/images/Bottom_texture.jpg HTTP/1.0" 200 280 "http://www.wonder-geek.com/diddl-backpack-p-5919.html" "Mozilla/5.0 (iPhone; CPU iPhone OS 16_6_1 like Mac OS X) AppleWebKit/605.1.15 (KHTML, like Gecko) Version/16.6 Mobile/15E148 Safari/604.1"
104.28.76.234 - - [30/Sep/2023:16:03:37 +0200] "GET /templates/Pixame_v1/images/Middle_texture.jpg HTTP/1.0" 200 280 "http://www.wonder-geek.com/diddl-backpack-p-5919.html" "Mozilla/5.0 (iPhone; CPU iPhone OS 16_6_1 like Mac OS X) AppleWebKit/605.1.15 (KHTML, like Gecko) Version/16.6 Mobile/15E148 Safari/604.1"
104.28.76.232 - - [30/Sep/2023:16:03:37 +0200] "GET /templates/Pixame_v1/images/infobox/infobox_footer_middle.gif HTTP/1.0" 200 357 "http://www.wonder-geek.com/diddl-backpack-p-5919.html" "Mozilla/5.0 (iPhone; CPU iPhone OS 16_6_1 like Mac OS X) AppleWebKit/605.1.15 (KHTML, like Gecko) Version/16.6 Mobile/15E148 Safari/604.1"
104.28.76.234 - - [30/Sep/2023:16:03:37 +0200] "GET /templates/Pixame_v1/images/header.png HTTP/1.0" 200 271 "http://www.wonder-geek.com/diddl-backpack-p-5919.html" "Mozilla/5.0 (iPhone; CPU iPhone OS 16_6_1 like Mac OS X) AppleWebKit/605.1.15 (KHTML, like Gecko) Version/16.6 Mobile/15E148 Safari/604.1"
104.28.76.237 - - [30/Sep/2023:16:03:37 +0200] "GET /templates/Pixame_v1/images/nav.png HTTP/1.0" 200 268 "http://www.wonder-geek.com/diddl-backpack-p-5919.html" "Mozilla/5.0 (iPhone; CPU iPhone OS 16_6_1 like Mac OS X) AppleWebKit/605.1.15 (KHTML, like Gecko) Version/16.6 Mobile/15E148 Safari/604.1"
104.28.76.232 - - [30/Sep/2023:16:03:37 +0200] "GET /images/4010070191566.jpg HTTP/1.0" 200 259 "http://www.wonder-geek.com/diddl-backpack-p-5919.html" "Mozilla/5.0 (iPhone; CPU iPhone OS 16_6_1 like Mac OS X) AppleWebKit/605.1.15 (KHTML, like Gecko) Version/16.6 Mobile/15E148 Safari/604.1"
104.28.76.237 - - [30/Sep/2023:16:03:37 +0200] "GET /templates/Pixame_v1/images/buttons/english/button_in_cart.gif HTTP/1.0" 200 295 "http://www.wonder-geek.com/diddl-backpack-p-5919.html" "Mozilla/5.0 (iPhone; CPU iPhone OS 16_6_1 like Mac OS X) AppleWebKit/605.1.15 (KHTML, like Gecko) Version/16.6 Mobile/15E148 Safari/604.1"
104.28.76.234 - - [30/Sep/2023:16:03:37 +0200] "GET /templates/Pixame_v1/images/pixel_trans.gif HTTP/1.0" 200 328 "http://www.wonder-geek.com/diddl-backpack-p-5919.html" "Mozilla/5.0 (iPhone; CPU iPhone OS 16_6_1 like Mac OS X) AppleWebKit/605.1.15 (KHTML, like Gecko) Version/16.6 Mobile/15E148 Safari/604.1"
104.28.76.237 - - [30/Sep/2023:16:03:37 +0200] "GET /templates/Pixame_v1/images/header-object.png HTTP/1.0" 200 278 "http://www.wonder-geek.com/diddl-backpack-p-5919.html" "Mozilla/5.0 (iPhone; CPU iPhone OS 16_6_1 like Mac OS X) AppleWebKit/605.1.15 (KHTML, like Gecko) Version/16.6 Mobile/15E148 Safari/604.1"
104.28.76.232 - - [30/Sep/2023:16:03:38 +0200] "GET /design/productsenstock.png HTTP/1.0" 200 260 "http://www.wonder-geek.com/diddl-backpack-p-5919.html" "Mozilla/5.0 (iPhone; CPU iPhone OS 16_6_1 like Mac OS X) AppleWebKit/605.1.15 (KHTML, like Gecko) Version/16.6 Mobile/15E148 Safari/604.1"
104.28.76.237 - - [30/Sep/2023:16:03:38 +0200] "GET /highslide/graphics/zoomin.cur HTTP/1.0" 200 614 "http://www.wonder-geek.com/diddl-backpack-p-5919.html" "Mozilla/5.0 (iPhone; CPU iPhone OS 16_6_1 like Mac OS X) AppleWebKit/605.1.15 (KHTML, like Gecko) Version/16.6 Mobile/15E148 Safari/604.1"
104.28.76.237 - - [30/Sep/2023:16:03:38 +0200] "GET /highslide/graphics/outlines/drop-shadow.png HTTP/1.0" 200 277 "http://www.wonder-geek.com/diddl-backpack-p-5919.html" "Mozilla/5.0 (iPhone; CPU iPhone OS 16_6_1 like Mac OS X) AppleWebKit/605.1.15 (KHTML, like Gecko) Version/16.6 Mobile/15E148 Safari/604.1"
104.28.76.234 - - [30/Sep/2023:16:03:38 +0200] "GET /highslide/graphics/zoomout.cur HTTP/1.0" 200 614 "http://www.wonder-geek.com/diddl-backpack-p-5919.html" "Mozilla/5.0 (iPhone; CPU iPhone OS 16_6_1 like Mac OS X) AppleWebKit/605.1.15 (KHTML, like Gecko) Version/16.6 Mobile/15E148 Safari/604.1"
104.28.76.234 - - [30/Sep/2023:16:03:38 +0200] "GET /highslide/graphics/loader.white.gif HTTP/1.0" 200 960 "http://www.wonder-geek.com/diddl-backpack-p-5919.html" "Mozilla/5.0 (iPhone; CPU iPhone OS 16_6_1 like Mac OS X) AppleWebKit/605.1.15 (KHTML, like Gecko) Version/16.6 Mobile/15E148 Safari/604.1"
104.28.76.234 - - [30/Sep/2023:16:03:38 +0200] "GET /favicon.ico HTTP/1.0" 200 260 "http://www.wonder-geek.com/diddl-backpack-p-5919.html" "Mozilla/5.0 (iPhone; CPU iPhone OS 16_6_1 like Mac OS X) AppleWebKit/605.1.15 (KHTML, like Gecko) Version/16.6 Mobile/15E148 Safari/604.1"
114.119.146.19 - - [30/Sep/2023:16:03:48 +0200] "GET /pedestal-elephant-ethnic-resin-p-52333.html HTTP/1.0" 200 73880 "http://www.wonder-geek.com/tables-c-13_206.html" "Mozilla/5.0 (Linux; Android 7.0;) AppleWebKit/537.36 (KHTML, like Gecko) Mobile Safari/537.36 (compatible; PetalBot;+https://webmaster.petalsearch.com/site/petalbot)"
85.208.96.205 - - [30/Sep/2023:16:04:06 +0200] "GET /-p-37072.html HTTP/1.0" 200 73770 "-" "Mozilla/5.0 (compatible; SemrushBot/7~bl; +http://www.semrush.com/bot.html)"
66.249.66.207 - - [30/Sep/2023:16:04:50 +0200] "GET /images/big_prod_1/775GJ09a.jpg HTTP/1.0" 200 265 "-" "Googlebot-Image/1.0"
66.249.66.206 - - [30/Sep/2023:16:04:56 +0200] "GET /cement-tile-stickers-15-15-cm-p-50332.html HTTP/1.0" 301 77149 "-" "Mozilla/5.0 (Linux; Android 6.0.1; Nexus 5X Build/MMB29P) AppleWebKit/537.36 (KHTML, like Gecko) Chrome/117.0.5938.92 Mobile Safari/537.36 (compatible; Googlebot/2.1; +http://www.google.com/bot.html)"
59.82.78.98 - - [30/Sep/2023:16:04:59 +0200] "GET /images/mini_prod/8003990631249.jpg HTTP/1.0" 200 269 "-" "Mozilla/5.0 (X11; Ubuntu; Linux x86_64; rv:72.0) Gecko/20100101 Firefox/72.0"
66.249.66.206 - - [30/Sep/2023:16:04:58 +0200] "GET /cement-tile-stickers-p-50332.html HTTP/1.0" 200 77062 "-" "Mozilla/5.0 (Linux; Android 6.0.1; Nexus 5X Build/MMB29P) AppleWebKit/537.36 (KHTML, like Gecko) Chrome/117.0.5938.92 Mobile Safari/537.36 (compatible; Googlebot/2.1; +http://www.google.com/bot.html)"
52.167.144.168 - - [30/Sep/2023:16:05:00 +0200] "GET /small-baby-teeth-beige-small-mouse-p-53420.html HTTP/1.0" 200 73912 "-" "Mozilla/5.0 AppleWebKit/537.36 (KHTML, like Gecko; compatible; bingbot/2.0; +http://www.bing.com/bingbot.htm) Chrome/103.0.5060.134 Safari/537.36"
114.119.162.58 - - [30/Sep/2023:16:05:04 +0200] "GET /bodega-mug-p-39533.html HTTP/1.0" 301 76073 "http://www.wonder-geek.com/mugs-and-mazagrans-c-12_57.html?page=8" "Mozilla/5.0 (Linux; Android 7.0;) AppleWebKit/537.36 (KHTML, like Gecko) Mobile Safari/537.36 (compatible; PetalBot;+https://webmaster.petalsearch.com/site/petalbot)"
114.119.162.58 - - [30/Sep/2023:16:05:10 +0200] "GET /bodega-p-39533.html HTTP/1.0" 200 76000 "http://www.wonder-geek.com/mugs-and-mazagrans-c-12_57.html?page=8" "Mozilla/5.0 (Linux; Android 7.0;) AppleWebKit/537.36 (KHTML, like Gecko) Mobile Safari/537.36 (compatible; PetalBot;+https://webmaster.petalsearch.com/site/petalbot)"
17.241.75.95 - - [30/Sep/2023:16:06:06 +0200] "GET /zodiac-black-women-shirt-p-30803.html HTTP/1.0" 200 78126 "-" "Mozilla/5.0 (Macintosh; Intel Mac OS X 10_15_5) AppleWebKit/605.1.15 (KHTML, like Gecko) Version/13.1.1 Safari/605.1.15 (Applebot/0.1; +http://www.apple.com/go/applebot)"
114.119.128.154 - - [30/Sep/2023:16:06:36 +0200] "GET /hook-wooden-surf-paddle-hooks-p-47501.html HTTP/1.0" 200 76300 "http://www.wonder-geek.com/home-and-decoration-c-13.html?page=200" "Mozilla/5.0 (Linux; Android 7.0;) AppleWebKit/537.36 (KHTML, like Gecko) Mobile Safari/537.36 (compatible; PetalBot;+https://webmaster.petalsearch.com/site/petalbot)"
169.228.63.97 - - [30/Sep/2023:16:06:54 +0200] "GET /images/mini_prod/8003990623886BB.jpg HTTP/1.0" 200 271 "-" "Mozilla/5.0 (X11; Ubuntu; Linux x86_64; rv:72.0) Gecko/20100101 Firefox/72.0"
176.115.79.195 - - [30/Sep/2023:16:07:29 +0200] "GET /contact_us.php HTTP/1.0" 200 26241 "http://www.wonder-geek.com/contact_us.php" "Mozilla/5.0 (Windows NT 6.1; WOW64) AppleWebKit/537.36 (KHTML, like Gecko) Chrome/90.0.4430.93 Safari/537.36"
40.77.167.47 - - [30/Sep/2023:16:07:39 +0200] "GET /smokers-items-c-3_112.html?page=2 HTTP/1.0" 200 94968 "-" "Mozilla/5.0 AppleWebKit/537.36 (KHTML, like Gecko; compatible; bingbot/2.0; +http://www.bing.com/bingbot.htm) Chrome/103.0.5060.134 Safari/537.36"
185.191.171.16 - - [30/Sep/2023:16:08:23 +0200] "GET /small-candle-pina-colada-p-44141.html HTTP/1.0" 200 73899 "-" "Mozilla/5.0 (compatible; SemrushBot/7~bl; +http://www.semrush.com/bot.html)"
205.210.31.82 - - [30/Sep/2023:16:09:28 +0200] "GET / HTTP/1.0" 200 153841 "-" "Expanse, a Palo Alto Networks company, searches across the global IPv4 space multiple times per day to identify customers&#39; presences on the Internet. If you would like to be excluded from our scans, please send IP addresses/domains to: scaninfo@paloaltonetworks.com"
119.28.98.218 - - [30/Sep/2023:16:09:45 +0200] "GET /images/mini_prod/1300000021562.jpg HTTP/1.0" 200 269 "-" "Mozilla/5.0 (X11; Ubuntu; Linux x86_64; rv:72.0) Gecko/20100101 Firefox/72.0"
52.167.144.168 - - [30/Sep/2023:16:10:02 +0200] "GET /images/3609810020986.jpg HTTP/1.0" 200 259 "-" "Mozilla/5.0 AppleWebKit/537.36 (KHTML, like Gecko; compatible; bingbot/2.0; +http://www.bing.com/bingbot.htm) Chrome/103.0.5060.134 Safari/537.36"
185.191.171.18 - - [30/Sep/2023:16:10:35 +0200] "GET /with-infuser-musicowl-p-56471.html HTTP/1.0" 200 76255 "-" "Mozilla/5.0 (compatible; SemrushBot/7~bl; +http://www.semrush.com/bot.html)"
69.28.236.4 - - [30/Sep/2023:16:11:28 +0200] "GET /images/mini_prod/8435333849699.jpg HTTP/1.0" 200 269 "-" "Mozilla/5.0 (X11; Ubuntu; Linux x86_64; rv:72.0) Gecko/20100101 Firefox/72.0"
52.167.144.168 - - [30/Sep/2023:16:13:25 +0200] "GET /kids-school-c-31_80.html HTTP/1.0" 200 88735 "-" "Mozilla/5.0 AppleWebKit/537.36 (KHTML, like Gecko; compatible; bingbot/2.0; +http://www.bing.com/bingbot.htm) Chrome/103.0.5060.134 Safari/537.36"
52.167.144.237 - - [30/Sep/2023:16:13:53 +0200] "GET /naruto-picture-frame-p-1481.html HTTP/1.0" 200 76151 "-" "Mozilla/5.0 AppleWebKit/537.36 (KHTML, like Gecko; compatible; bingbot/2.0; +http://www.bing.com/bingbot.htm) Chrome/103.0.5060.134 Safari/537.36"
157.90.182.25 - - [30/Sep/2023:16:14:01 +0200] "GET /robots.txt HTTP/1.0" 200 245 "-" "Mozilla/5.0 (compatible; BLEXBot/1.0; +http://webmeup-crawler.com/)"
157.90.182.25 - - [30/Sep/2023:16:14:02 +0200] "GET /sitemap HTTP/1.0" 404 1308 "-" "Mozilla/5.0 (compatible; BLEXBot/1.0; +http://webmeup-crawler.com/)"
157.90.182.25 - - [30/Sep/2023:16:14:02 +0200] "GET /money-boxes-c-13_83.html HTTP/1.0" 200 96427 "-" "Mozilla/5.0 (compatible; BLEXBot/1.0; +http://webmeup-crawler.com/)"
157.90.182.25 - - [30/Sep/2023:16:14:06 +0200] "GET /sitemap.txt HTTP/1.0" 404 1308 "-" "Mozilla/5.0 (compatible; BLEXBot/1.0; +http://webmeup-crawler.com/)"
157.90.182.25 - - [30/Sep/2023:16:14:13 +0200] "GET /mouse-c-129_85.html HTTP/1.0" 200 94889 "-" "Mozilla/5.0 (compatible; BLEXBot/1.0; +http://webmeup-crawler.com/)"
157.90.182.25 - - [30/Sep/2023:16:14:15 +0200] "GET /robots.txt HTTP/1.0" 301 531 "-" "Mozilla/5.0 (compatible; BLEXBot/1.0; +http://webmeup-crawler.com/)"
157.90.182.25 - - [30/Sep/2023:16:14:15 +0200] "GET /robots.txt HTTP/1.0" 200 245 "-" "Mozilla/5.0 (compatible; BLEXBot/1.0; +http://webmeup-crawler.com/)"
157.90.182.25 - - [30/Sep/2023:16:14:16 +0200] "GET / HTTP/1.0" 301 511 "-" "Mozilla/5.0 (compatible; BLEXBot/1.0; +http://webmeup-crawler.com/)"
157.90.182.25 - - [30/Sep/2023:16:14:16 +0200] "GET / HTTP/1.0" 200 153940 "-" "Mozilla/5.0 (compatible; BLEXBot/1.0; +http://webmeup-crawler.com/)"
157.90.182.25 - - [30/Sep/2023:16:14:20 +0200] "GET /mtal-signs-c-13_130.html HTTP/1.0" 200 96576 "-" "Mozilla/5.0 (compatible; BLEXBot/1.0; +http://webmeup-crawler.com/)"
157.90.182.25 - - [30/Sep/2023:16:14:23 +0200] "GET /-c-95.html HTTP/1.0" 200 81835 "-" "Mozilla/5.0 (compatible; BLEXBot/1.0; +http://webmeup-crawler.com/)"
157.90.182.25 - - [30/Sep/2023:16:14:30 +0200] "GET /-c-95_295.html HTTP/1.0" 200 72638 "-" "Mozilla/5.0 (compatible; BLEXBot/1.0; +http://webmeup-crawler.com/)"
157.90.182.25 - - [30/Sep/2023:16:14:33 +0200] "GET /mugs-mazagrans-c-12_57.html HTTP/1.0" 200 98418 "-" "Mozilla/5.0 (compatible; BLEXBot/1.0; +http://webmeup-crawler.com/)"
157.90.182.25 - - [30/Sep/2023:16:14:35 +0200] "GET /-c-95_296.html HTTP/1.0" 200 72638 "-" "Mozilla/5.0 (compatible; BLEXBot/1.0; +http://webmeup-crawler.com/)"
157.90.182.25 - - [30/Sep/2023:16:14:41 +0200] "GET /musical-c-13_150_149.html HTTP/1.0" 200 94692 "-" "Mozilla/5.0 (compatible; BLEXBot/1.0; +http://webmeup-crawler.com/)"
157.90.182.25 - - [30/Sep/2023:16:14:41 +0200] "GET /-c-95_297.html HTTP/1.0" 200 72638 "-" "Mozilla/5.0 (compatible; BLEXBot/1.0; +http://webmeup-crawler.com/)"
157.90.182.25 - - [30/Sep/2023:16:14:45 +0200] "GET /napkins-c-11_285.html HTTP/1.0" 200 84826 "-" "Mozilla/5.0 (compatible; BLEXBot/1.0; +http://webmeup-crawler.com/)"
157.90.182.25 - - [30/Sep/2023:16:14:48 +0200] "GET /-c-95_298.html HTTP/1.0" 200 82420 "-" "Mozilla/5.0 (compatible; BLEXBot/1.0; +http://webmeup-crawler.com/)"
157.90.182.25 - - [30/Sep/2023:16:14:50 +0200] "GET /night-lights-c-86_278.html HTTP/1.0" 200 94410 "-" "Mozilla/5.0 (compatible; BLEXBot/1.0; +http://webmeup-crawler.com/)"
157.90.182.25 - - [30/Sep/2023:16:14:53 +0200] "GET /-c-95_299.html HTTP/1.0" 200 72638 "-" "Mozilla/5.0 (compatible; BLEXBot/1.0; +http://webmeup-crawler.com/)"
157.90.182.25 - - [30/Sep/2023:16:14:56 +0200] "GET /notebook-notebook-diary-c-129_185.html HTTP/1.0" 200 94760 "-" "Mozilla/5.0 (compatible; BLEXBot/1.0; +http://webmeup-crawler.com/)"
157.90.182.25 - - [30/Sep/2023:16:15:04 +0200] "GET /office-items-c-97_100.html HTTP/1.0" 200 93830 "-" "Mozilla/5.0 (compatible; BLEXBot/1.0; +http://webmeup-crawler.com/)"
157.90.182.25 - - [30/Sep/2023:16:15:07 +0200] "GET /-c-95_300.html HTTP/1.0" 200 72638 "-" "Mozilla/5.0 (compatible; BLEXBot/1.0; +http://webmeup-crawler.com/)"
157.90.182.25 - - [30/Sep/2023:16:15:11 +0200] "GET /ottomans-storage-ottomans-c-13_209.html HTTP/1.0" 200 94006 "-" "Mozilla/5.0 (compatible; BLEXBot/1.0; +http://webmeup-crawler.com/)"
157.90.182.25 - - [30/Sep/2023:16:15:13 +0200] "GET /-c-95_301.html HTTP/1.0" 200 72638 "-" "Mozilla/5.0 (compatible; BLEXBot/1.0; +http://webmeup-crawler.com/)"
157.90.182.25 - - [30/Sep/2023:16:15:20 +0200] "GET /outdoor-rugs-c-11_269_320.html HTTP/1.0" 200 84237 "-" "Mozilla/5.0 (compatible; BLEXBot/1.0; +http://webmeup-crawler.com/)"
157.90.182.25 - - [30/Sep/2023:16:15:21 +0200] "GET /-c-95_302.html HTTP/1.0" 200 72638 "-" "Mozilla/5.0 (compatible; BLEXBot/1.0; +http://webmeup-crawler.com/)"
157.90.182.25 - - [30/Sep/2023:16:15:26 +0200] "GET /pack-candles-p-60910.html HTTP/1.0" 200 77341 "-" "Mozilla/5.0 (compatible; BLEXBot/1.0; +http://webmeup-crawler.com/)"
157.90.182.25 - - [30/Sep/2023:16:15:27 +0200] "GET /-c-95_303.html HTTP/1.0" 200 72638 "-" "Mozilla/5.0 (compatible; BLEXBot/1.0; +http://webmeup-crawler.com/)"
185.191.171.6 - - [30/Sep/2023:16:15:29 +0200] "GET /bamboo-stainless-steel-piece-barbecue-p-48876.html HTTP/1.0" 200 77239 "-" "Mozilla/5.0 (compatible; SemrushBot/7~bl; +http://www.semrush.com/bot.html)"
157.90.182.25 - - [30/Sep/2023:16:15:34 +0200] "GET /pants-capri-pants-c-1_20.html HTTP/1.0" 200 82660 "-" "Mozilla/5.0 (compatible; BLEXBot/1.0; +http://webmeup-crawler.com/)"
157.90.182.25 - - [30/Sep/2023:16:15:35 +0200] "GET /-c-95_304.html HTTP/1.0" 200 72638 "-" "Mozilla/5.0 (compatible; BLEXBot/1.0; +http://webmeup-crawler.com/)"
157.90.182.25 - - [30/Sep/2023:16:15:40 +0200] "GET /paper-towel-dispenser-c-12_253.html HTTP/1.0" 200 81909 "-" "Mozilla/5.0 (compatible; BLEXBot/1.0; +http://webmeup-crawler.com/)"
157.90.182.25 - - [30/Sep/2023:16:15:40 +0200] "GET /-c-95_305.html HTTP/1.0" 200 72638 "-" "Mozilla/5.0 (compatible; BLEXBot/1.0; +http://webmeup-crawler.com/)"
157.90.182.25 - - [30/Sep/2023:16:15:47 +0200] "GET /-c-95_306.html HTTP/1.0" 200 72638 "-" "Mozilla/5.0 (compatible; BLEXBot/1.0; +http://webmeup-crawler.com/)"
157.90.182.25 - - [30/Sep/2023:16:15:47 +0200] "GET /paperweight-c-129_188.html HTTP/1.0" 200 94525 "-" "Mozilla/5.0 (compatible; BLEXBot/1.0; +http://webmeup-crawler.com/)"
157.90.182.25 - - [30/Sep/2023:16:15:53 +0200] "GET /partys-decoration-c-12_51.html HTTP/1.0" 200 72741 "-" "Mozilla/5.0 (compatible; BLEXBot/1.0; +http://webmeup-crawler.com/)"
157.90.182.25 - - [30/Sep/2023:16:15:56 +0200] "GET /-c-95_307.html HTTP/1.0" 200 72638 "-" "Mozilla/5.0 (compatible; BLEXBot/1.0; +http://webmeup-crawler.com/)"
157.90.182.25 - - [30/Sep/2023:16:16:03 +0200] "GET /-c-95_309.html HTTP/1.0" 200 72638 "-" "Mozilla/5.0 (compatible; BLEXBot/1.0; +http://webmeup-crawler.com/)"
157.90.182.25 - - [30/Sep/2023:16:16:04 +0200] "GET /pencil-c-129_183.html HTTP/1.0" 200 93787 "-" "Mozilla/5.0 (compatible; BLEXBot/1.0; +http://webmeup-crawler.com/)"
157.90.182.25 - - [30/Sep/2023:16:16:10 +0200] "GET /pencil-case-c-31_75.html HTTP/1.0" 200 97401 "-" "Mozilla/5.0 (compatible; BLEXBot/1.0; +http://webmeup-crawler.com/)"
157.90.182.25 - - [30/Sep/2023:16:16:11 +0200] "GET /-c-95_310.html HTTP/1.0" 200 72638 "-" "Mozilla/5.0 (compatible; BLEXBot/1.0; +http://webmeup-crawler.com/)"
157.90.182.25 - - [30/Sep/2023:16:16:15 +0200] "GET /pendants-necklaces-c-3_214.html HTTP/1.0" 200 93851 "-" "Mozilla/5.0 (compatible; BLEXBot/1.0; +http://webmeup-crawler.com/)"
157.90.182.25 - - [30/Sep/2023:16:16:17 +0200] "GET /-c-95_311.html HTTP/1.0" 200 72638 "-" "Mozilla/5.0 (compatible; BLEXBot/1.0; +http://webmeup-crawler.com/)"
157.90.182.25 - - [30/Sep/2023:16:16:22 +0200] "GET /perfumes-interior-c-231_234.html HTTP/1.0" 200 95457 "-" "Mozilla/5.0 (compatible; BLEXBot/1.0; +http://webmeup-crawler.com/)"
157.90.182.25 - - [30/Sep/2023:16:16:24 +0200] "GET /-c-95_313.html HTTP/1.0" 200 72638 "-" "Mozilla/5.0 (compatible; BLEXBot/1.0; +http://webmeup-crawler.com/)"
157.90.182.25 - - [30/Sep/2023:16:16:28 +0200] "GET /personalized-products-c-97.html HTTP/1.0" 200 93678 "-" "Mozilla/5.0 (compatible; BLEXBot/1.0; +http://webmeup-crawler.com/)"
157.90.182.25 - - [30/Sep/2023:16:16:29 +0200] "GET /-c-95_314.html HTTP/1.0" 200 72638 "-" "Mozilla/5.0 (compatible; BLEXBot/1.0; +http://webmeup-crawler.com/)"
157.90.182.25 - - [30/Sep/2023:16:16:33 +0200] "GET /photo-frames-memo-clips-c-13_132.html HTTP/1.0" 200 94002 "-" "Mozilla/5.0 (compatible; BLEXBot/1.0; +http://webmeup-crawler.com/)"
5.255.231.118 - - [30/Sep/2023:16:16:36 +0200] "GET /harley-davidson-2011-xr1200x-118-p-37782.html HTTP/1.0" 301 73837 "-" "Mozilla/5.0 (compatible; YandexBot/3.0; +http://yandex.com/bots)"
157.90.182.25 - - [30/Sep/2023:16:16:38 +0200] "GET /-c-95_315.html HTTP/1.0" 200 72638 "-" "Mozilla/5.0 (compatible; BLEXBot/1.0; +http://webmeup-crawler.com/)"
5.255.231.178 - - [30/Sep/2023:16:16:38 +0200] "GET /-p-37782.html HTTP/1.0" 200 73770 "-" "Mozilla/5.0 (compatible; YandexBot/3.0; +http://yandex.com/bots)"
157.90.182.25 - - [30/Sep/2023:16:16:40 +0200] "GET /pillow-bolster-c-11_199.html HTTP/1.0" 200 85231 "-" "Mozilla/5.0 (compatible; BLEXBot/1.0; +http://webmeup-crawler.com/)"
157.90.182.25 - - [30/Sep/2023:16:16:44 +0200] "GET /-c-95_321.html HTTP/1.0" 200 72638 "-" "Mozilla/5.0 (compatible; BLEXBot/1.0; +http://webmeup-crawler.com/)"
157.90.182.25 - - [30/Sep/2023:16:16:45 +0200] "GET /pillow-protector-bolster-protector-c-11_276.html HTTP/1.0" 200 83151 "-" "Mozilla/5.0 (compatible; BLEXBot/1.0; +http://webmeup-crawler.com/)"
157.90.182.25 - - [30/Sep/2023:16:16:49 +0200] "GET /pillowcases-c-11_166.html HTTP/1.0" 200 93192 "-" "Mozilla/5.0 (compatible; BLEXBot/1.0; +http://webmeup-crawler.com/)"
157.90.182.25 - - [30/Sep/2023:16:16:52 +0200] "GET /-c-95_323.html HTTP/1.0" 200 72638 "-" "Mozilla/5.0 (compatible; BLEXBot/1.0; +http://webmeup-crawler.com/)"
157.90.182.25 - - [30/Sep/2023:16:16:56 +0200] "GET /pitchers-drink-dispensers-c-12_243.html HTTP/1.0" 200 93253 "-" "Mozilla/5.0 (compatible; BLEXBot/1.0; +http://webmeup-crawler.com/)"
157.90.182.25 - - [30/Sep/2023:16:16:57 +0200] "GET /-c-95_324.html HTTP/1.0" 200 72638 "-" "Mozilla/5.0 (compatible; BLEXBot/1.0; +http://webmeup-crawler.com/)"
157.90.182.25 - - [30/Sep/2023:16:17:00 +0200] "GET /placemats-c-12_156.html HTTP/1.0" 200 96079 "-" "Mozilla/5.0 (compatible; BLEXBot/1.0; +http://webmeup-crawler.com/)"
47.128.22.231 - - [30/Sep/2023:16:17:04 +0200] "GET /home-decoration-c-13.html?page=112 HTTP/1.0" 200 96256 "-" "Mozilla/5.0 (compatible; Bytespider; spider-feedback@bytedance.com) AppleWebKit/537.36 (KHTML, like Gecko) Chrome/70.0.0.0 Safari/537.36"
157.90.182.25 - - [30/Sep/2023:16:17:06 +0200] "GET /-c-95_325.html HTTP/1.0" 200 72638 "-" "Mozilla/5.0 (compatible; BLEXBot/1.0; +http://webmeup-crawler.com/)"
47.128.22.231 - - [30/Sep/2023:16:17:08 +0200] "GET /swfobject.js HTTP/1.0" 404 1308 "http://www.wonder-geek.com/home-decoration-c-13.html?page=112" "Mozilla/5.0 (compatible; Bytespider; spider-feedback@bytedance.com) AppleWebKit/537.36 (KHTML, like Gecko) Chrome/70.0.0.0 Safari/537.36"
157.90.182.25 - - [30/Sep/2023:16:17:06 +0200] "GET /plastic-boxes-storage-c-13_150_217.html HTTP/1.0" 200 79520 "-" "Mozilla/5.0 (compatible; BLEXBot/1.0; +http://webmeup-crawler.com/)"
114.119.137.67 - - [30/Sep/2023:16:17:08 +0200] "GET /ohana-means-family-lilo-stitch-figurine-p-36263.html HTTP/1.0" 200 73928 "http://www.wonder-geek.com/figurines-statuettes-statues-decoration-collection-c-292.html?page=15" "Mozilla/5.0 (Linux; Android 7.0;) AppleWebKit/537.36 (KHTML, like Gecko) Mobile Safari/537.36 (compatible; PetalBot;+https://webmaster.petalsearch.com/site/petalbot)"
47.128.40.139 - - [30/Sep/2023:16:17:11 +0200] "GET /js/jquery.jqzoom.js HTTP/1.0" 200 259 "http://www.wonder-geek.com/lighting-c-86.html?page=10" "Mozilla/5.0 (compatible; Bytespider; spider-feedback@bytedance.com) AppleWebKit/537.36 (KHTML, like Gecko) Chrome/70.0.0.0 Safari/537.36"
47.128.40.139 - - [30/Sep/2023:16:17:09 +0200] "GET /lighting-c-86.html?page=10 HTTP/1.0" 200 94928 "-" "Mozilla/5.0 (compatible; Bytespider; spider-feedback@bytedance.com) AppleWebKit/537.36 (KHTML, like Gecko) Chrome/70.0.0.0 Safari/537.36"
47.128.40.139 - - [30/Sep/2023:16:17:11 +0200] "GET /swfobject.js HTTP/1.0" 404 1308 "http://www.wonder-geek.com/lighting-c-86.html?page=10" "Mozilla/5.0 (compatible; Bytespider; spider-feedback@bytedance.com) AppleWebKit/537.36 (KHTML, like Gecko) Chrome/70.0.0.0 Safari/537.36"
47.128.22.234 - - [30/Sep/2023:16:17:13 +0200] "GET /swfobject.js HTTP/1.0" 404 1308 "http://www.wonder-geek.com/products_new.php?page=10" "Mozilla/5.0 (compatible; Bytespider; spider-feedback@bytedance.com) AppleWebKit/537.36 (KHTML, like Gecko) Chrome/70.0.0.0 Safari/537.36"
47.128.22.234 - - [30/Sep/2023:16:17:11 +0200] "GET /products_new.php?page=10 HTTP/1.0" 200 95533 "-" "Mozilla/5.0 (compatible; Bytespider; spider-feedback@bytedance.com) AppleWebKit/537.36 (KHTML, like Gecko) Chrome/70.0.0.0 Safari/537.36"
157.90.182.25 - - [30/Sep/2023:16:17:15 +0200] "GET /-c-97_196.html HTTP/1.0" 200 83610 "-" "Mozilla/5.0 (compatible; BLEXBot/1.0; +http://webmeup-crawler.com/)"
157.90.182.25 - - [30/Sep/2023:16:17:15 +0200] "GET /plates-cups-c-12_58.html HTTP/1.0" 200 81718 "-" "Mozilla/5.0 (compatible; BLEXBot/1.0; +http://webmeup-crawler.com/)"
47.128.40.139 - - [30/Sep/2023:16:17:18 +0200] "GET /js/jquery.min.js HTTP/1.0" 404 1308 "http://www.wonder-geek.com/lighting-c-86.html?page=10" "Mozilla/5.0 (compatible; Bytespider; spider-feedback@bytedance.com) AppleWebKit/537.36 (KHTML, like Gecko) Chrome/70.0.0.0 Safari/537.36"
47.128.40.31 - - [30/Sep/2023:16:17:17 +0200] "GET /stationery-cardmaking-c-129.html?page=9 HTTP/1.0" 200 96046 "-" "Mozilla/5.0 (compatible; Bytespider; spider-feedback@bytedance.com) AppleWebKit/537.36 (KHTML, like Gecko) Chrome/70.0.0.0 Safari/537.36"
47.128.40.31 - - [30/Sep/2023:16:17:19 +0200] "GET /swfobject.js HTTP/1.0" 404 1308 "http://www.wonder-geek.com/stationery-cardmaking-c-129.html?page=9" "Mozilla/5.0 (compatible; Bytespider; spider-feedback@bytedance.com) AppleWebKit/537.36 (KHTML, like Gecko) Chrome/70.0.0.0 Safari/537.36"
47.128.40.139 - - [30/Sep/2023:16:17:19 +0200] "GET /highslide/graphics/outlines/drop-shadow.png HTTP/1.0" 200 277 "http://www.wonder-geek.com/lighting-c-86.html?page=10" "Mozilla/5.0 (compatible; Bytespider; spider-feedback@bytedance.com) AppleWebKit/537.36 (KHTML, like Gecko) Chrome/70.0.0.0 Safari/537.36"
47.128.40.139 - - [30/Sep/2023:16:17:19 +0200] "GET /highslide/graphics/zoomout.cur HTTP/1.0" 200 614 "http://www.wonder-geek.com/lighting-c-86.html?page=10" "Mozilla/5.0 (compatible; Bytespider; spider-feedback@bytedance.com) AppleWebKit/537.36 (KHTML, like Gecko) Chrome/70.0.0.0 Safari/537.36"
47.128.22.16 - - [30/Sep/2023:16:17:16 +0200] "GET /stationery-cardmaking-c-129.html?page=3 HTTP/1.0" 200 95868 "-" "Mozilla/5.0 (compatible; Bytespider; spider-feedback@bytedance.com) AppleWebKit/537.36 (KHTML, like Gecko) Chrome/70.0.0.0 Safari/537.36"
47.128.22.16 - - [30/Sep/2023:16:17:21 +0200] "GET /swfobject.js HTTP/1.0" 404 1308 "http://www.wonder-geek.com/stationery-cardmaking-c-129.html?page=3" "Mozilla/5.0 (compatible; Bytespider; spider-feedback@bytedance.com) AppleWebKit/537.36 (KHTML, like Gecko) Chrome/70.0.0.0 Safari/537.36"
47.128.22.231 - - [30/Sep/2023:16:17:22 +0200] "GET /js/jquery.min.js HTTP/1.0" 404 1308 "http://www.wonder-geek.com/home-decoration-c-13.html?page=112" "Mozilla/5.0 (compatible; Bytespider; spider-feedback@bytedance.com) AppleWebKit/537.36 (KHTML, like Gecko) Chrome/70.0.0.0 Safari/537.36"
47.128.22.231 - - [30/Sep/2023:16:17:22 +0200] "GET /highslide/graphics/outlines/drop-shadow.png HTTP/1.0" 200 277 "http://www.wonder-geek.com/home-decoration-c-13.html?page=112" "Mozilla/5.0 (compatible; Bytespider; spider-feedback@bytedance.com) AppleWebKit/537.36 (KHTML, like Gecko) Chrome/70.0.0.0 Safari/537.36"
47.128.22.231 - - [30/Sep/2023:16:17:22 +0200] "GET /highslide/graphics/zoomout.cur HTTP/1.0" 200 614 "http://www.wonder-geek.com/home-decoration-c-13.html?page=112" "Mozilla/5.0 (compatible; Bytespider; spider-feedback@bytedance.com) AppleWebKit/537.36 (KHTML, like Gecko) Chrome/70.0.0.0 Safari/537.36"
47.128.22.234 - - [30/Sep/2023:16:17:23 +0200] "GET /images/table_background_products_new.gif HTTP/1.0" 200 1094 "http://www.wonder-geek.com/products_new.php?page=10" "Mozilla/5.0 (compatible; Bytespider; spider-feedback@bytedance.com) AppleWebKit/537.36 (KHTML, like Gecko) Chrome/70.0.0.0 Safari/537.36"
47.128.40.31 - - [30/Sep/2023:16:17:23 +0200] "GET /js/jquery.min.js HTTP/1.0" 404 1308 "http://www.wonder-geek.com/stationery-cardmaking-c-129.html?page=9" "Mozilla/5.0 (compatible; Bytespider; spider-feedback@bytedance.com) AppleWebKit/537.36 (KHTML, like Gecko) Chrome/70.0.0.0 Safari/537.36"
47.128.40.31 - - [30/Sep/2023:16:17:24 +0200] "GET /highslide/graphics/zoomout.cur HTTP/1.0" 200 614 "http://www.wonder-geek.com/stationery-cardmaking-c-129.html?page=9" "Mozilla/5.0 (compatible; Bytespider; spider-feedback@bytedance.com) AppleWebKit/537.36 (KHTML, like Gecko) Chrome/70.0.0.0 Safari/537.36"
47.128.40.31 - - [30/Sep/2023:16:17:24 +0200] "GET /highslide/graphics/outlines/drop-shadow.png HTTP/1.0" 200 277 "http://www.wonder-geek.com/stationery-cardmaking-c-129.html?page=9" "Mozilla/5.0 (compatible; Bytespider; spider-feedback@bytedance.com) AppleWebKit/537.36 (KHTML, like Gecko) Chrome/70.0.0.0 Safari/537.36"
157.90.182.25 - - [30/Sep/2023:16:17:23 +0200] "GET /polar-blankets-blankets-c-11_73.html HTTP/1.0" 200 93890 "-" "Mozilla/5.0 (compatible; BLEXBot/1.0; +http://webmeup-crawler.com/)"
47.128.22.234 - - [30/Sep/2023:16:17:25 +0200] "GET /js/jquery.min.js HTTP/1.0" 404 1308 "http://www.wonder-geek.com/products_new.php?page=10" "Mozilla/5.0 (compatible; Bytespider; spider-feedback@bytedance.com) AppleWebKit/537.36 (KHTML, like Gecko) Chrome/70.0.0.0 Safari/537.36"
157.90.182.25 - - [30/Sep/2023:16:17:25 +0200] "GET /-i-17.html HTTP/1.0" 200 102927 "-" "Mozilla/5.0 (compatible; BLEXBot/1.0; +http://webmeup-crawler.com/)"
47.128.22.234 - - [30/Sep/2023:16:17:29 +0200] "GET /highslide/graphics/outlines/drop-shadow.png HTTP/1.0" 200 277 "http://www.wonder-geek.com/products_new.php?page=10" "Mozilla/5.0 (compatible; Bytespider; spider-feedback@bytedance.com) AppleWebKit/537.36 (KHTML, like Gecko) Chrome/70.0.0.0 Safari/537.36"
47.128.22.234 - - [30/Sep/2023:16:17:29 +0200] "GET /highslide/graphics/zoomout.cur HTTP/1.0" 200 614 "http://www.wonder-geek.com/products_new.php?page=10" "Mozilla/5.0 (compatible; Bytespider; spider-feedback@bytedance.com) AppleWebKit/537.36 (KHTML, like Gecko) Chrome/70.0.0.0 Safari/537.36"
157.90.182.25 - - [30/Sep/2023:16:17:28 +0200] "GET /poncho-towels-bathrobes-c-11_72.html HTTP/1.0" 200 83197 "-" "Mozilla/5.0 (compatible; BLEXBot/1.0; +http://webmeup-crawler.com/)"
157.90.182.25 - - [30/Sep/2023:16:17:32 +0200] "GET /accessories-c-3.html HTTP/1.0" 200 96521 "-" "Mozilla/5.0 (compatible; BLEXBot/1.0; +http://webmeup-crawler.com/)"
157.90.182.25 - - [30/Sep/2023:16:17:33 +0200] "GET /porcelain-bowl-pink-p-60983.html HTTP/1.0" 200 76854 "-" "Mozilla/5.0 (compatible; BLEXBot/1.0; +http://webmeup-crawler.com/)"
47.128.22.16 - - [30/Sep/2023:16:17:36 +0200] "GET /js/jquery.min.js HTTP/1.0" 404 1308 "http://www.wonder-geek.com/stationery-cardmaking-c-129.html?page=3" "Mozilla/5.0 (compatible; Bytespider; spider-feedback@bytedance.com) AppleWebKit/537.36 (KHTML, like Gecko) Chrome/70.0.0.0 Safari/537.36"
47.128.22.16 - - [30/Sep/2023:16:17:37 +0200] "GET /highslide/graphics/outlines/drop-shadow.png HTTP/1.0" 200 277 "http://www.wonder-geek.com/stationery-cardmaking-c-129.html?page=3" "Mozilla/5.0 (compatible; Bytespider; spider-feedback@bytedance.com) AppleWebKit/537.36 (KHTML, like Gecko) Chrome/70.0.0.0 Safari/537.36"
47.128.22.16 - - [30/Sep/2023:16:17:37 +0200] "GET /highslide/graphics/zoomout.cur HTTP/1.0" 200 614 "http://www.wonder-geek.com/stationery-cardmaking-c-129.html?page=3" "Mozilla/5.0 (compatible; Bytespider; spider-feedback@bytedance.com) AppleWebKit/537.36 (KHTML, like Gecko) Chrome/70.0.0.0 Safari/537.36"
157.90.182.25 - - [30/Sep/2023:16:17:38 +0200] "GET /porcelain-bowl-turquoise-p-60981.html HTTP/1.0" 200 76889 "-" "Mozilla/5.0 (compatible; BLEXBot/1.0; +http://webmeup-crawler.com/)"
157.90.182.25 - - [30/Sep/2023:16:17:38 +0200] "GET /accessories-c-97_98.html HTTP/1.0" 200 87705 "-" "Mozilla/5.0 (compatible; BLEXBot/1.0; +http://webmeup-crawler.com/)"
47.128.35.177 - - [30/Sep/2023:16:17:43 +0200] "GET /metal-chandelier-paper-rope-p-61004.html HTTP/1.0" 200 76865 "-" "Mozilla/5.0 (Linux; Android 5.0) AppleWebKit/537.36 (KHTML, like Gecko) Mobile Safari/537.36 (compatible; Bytespider; spider-feedback@bytedance.com)"
47.128.35.177 - - [30/Sep/2023:16:17:45 +0200] "GET /swfobject.js HTTP/1.0" 404 1308 "http://www.wonder-geek.com/metal-chandelier-paper-rope-p-61004.html" "Mozilla/5.0 (Linux; Android 5.0) AppleWebKit/537.36 (KHTML, like Gecko) Mobile Safari/537.36 (compatible; Bytespider; spider-feedback@bytedance.com)"
157.90.182.25 - - [30/Sep/2023:16:17:43 +0200] "GET /accessories-mobiles-c-3_17.html HTTP/1.0" 200 97664 "-" "Mozilla/5.0 (compatible; BLEXBot/1.0; +http://webmeup-crawler.com/)"
180.76.14.19 - - [30/Sep/2023:16:17:47 +0200] "GET /images/big_prod/3014627830404.jpg HTTP/1.0" 200 268 "-" "Googlebot-Image/1.0"
157.90.182.25 - - [30/Sep/2023:16:17:46 +0200] "GET /posters-stickers-wall-c-13_147.html HTTP/1.0" 200 93104 "-" "Mozilla/5.0 (compatible; BLEXBot/1.0; +http://webmeup-crawler.com/)"
157.90.182.25 - - [30/Sep/2023:16:17:50 +0200] "GET /adaptable-decorative-caps-c-12_249.html HTTP/1.0" 200 82377 "-" "Mozilla/5.0 (compatible; BLEXBot/1.0; +http://webmeup-crawler.com/)"
157.90.182.25 - - [30/Sep/2023:16:17:53 +0200] "GET /pots-cookie-jars-c-12_250.html HTTP/1.0" 200 93764 "-" "Mozilla/5.0 (compatible; BLEXBot/1.0; +http://webmeup-crawler.com/)"
47.128.35.177 - - [30/Sep/2023:16:17:55 +0200] "GET /highslide/graphics/zoomin.cur HTTP/1.0" 200 614 "http://www.wonder-geek.com/templates/Pixame_v1/stylesheet.css" "Mozilla/5.0 (Linux; Android 5.0) AppleWebKit/537.36 (KHTML, like Gecko) Mobile Safari/537.36 (compatible; Bytespider; spider-feedback@bytedance.com)"
47.128.35.177 - - [30/Sep/2023:16:17:56 +0200] "GET /images/big_prod_1/8445146094018B.jpg HTTP/1.0" 200 271 "http://www.wonder-geek.com/metal-chandelier-paper-rope-p-61004.html" "Mozilla/5.0 (Linux; Android 5.0) AppleWebKit/537.36 (KHTML, like Gecko) Mobile Safari/537.36 (compatible; Bytespider; spider-feedback@bytedance.com)"
157.90.182.25 - - [30/Sep/2023:16:17:56 +0200] "GET /adults-c-53.html HTTP/1.0" 200 95114 "-" "Mozilla/5.0 (compatible; BLEXBot/1.0; +http://webmeup-crawler.com/)"
169.228.63.97 - - [30/Sep/2023:16:17:58 +0200] "GET /images/mini_prod/1300000022439.jpg HTTP/1.0" 200 269 "-" "Mozilla/5.0 (X11; Ubuntu; Linux x86_64; rv:72.0) Gecko/20100101 Firefox/72.0"
157.90.182.25 - - [30/Sep/2023:16:17:59 +0200] "GET /pride-rainbow-p-60905.html HTTP/1.0" 200 76922 "-" "Mozilla/5.0 (compatible; BLEXBot/1.0; +http://webmeup-crawler.com/)"
157.90.182.25 - - [30/Sep/2023:16:18:02 +0200] "GET /alarms-clocks-c-13_65.html HTTP/1.0" 200 94204 "-" "Mozilla/5.0 (compatible; BLEXBot/1.0; +http://webmeup-crawler.com/)"
157.90.182.25 - - [30/Sep/2023:16:18:03 +0200] "GET /products_new.php HTTP/1.0" 200 95806 "-" "Mozilla/5.0 (compatible; BLEXBot/1.0; +http://webmeup-crawler.com/)"
157.90.182.25 - - [30/Sep/2023:16:18:08 +0200] "GET /aluminum-peacock-decorative-statuette-p-60984.html HTTP/1.0" 200 76396 "-" "Mozilla/5.0 (compatible; BLEXBot/1.0; +http://webmeup-crawler.com/)"
157.90.182.25 - - [30/Sep/2023:16:18:11 +0200] "GET /purse-wallet-c-31_76.html HTTP/1.0" 200 94006 "-" "Mozilla/5.0 (compatible; BLEXBot/1.0; +http://webmeup-crawler.com/)"
157.90.182.25 - - [30/Sep/2023:16:18:15 +0200] "GET /aluminum-peacock-decorative-statuette-p-60990.html HTTP/1.0" 200 76395 "-" "Mozilla/5.0 (compatible; BLEXBot/1.0; +http://webmeup-crawler.com/)"
157.90.182.25 - - [30/Sep/2023:16:18:18 +0200] "GET /rectangular-tray-dragonflies-p-60930.html HTTP/1.0" 200 76261 "-" "Mozilla/5.0 (compatible; BLEXBot/1.0; +http://webmeup-crawler.com/)"
157.90.182.25 - - [30/Sep/2023:16:18:22 +0200] "GET /animated-figurines-solar-flowers-c-13_273.html HTTP/1.0" 200 84514 "-" "Mozilla/5.0 (compatible; BLEXBot/1.0; +http://webmeup-crawler.com/)"
66.249.66.206 - - [30/Sep/2023:16:18:23 +0200] "GET /white-gold-marble-christmas-balls-p-59184.html HTTP/1.0" 200 77213 "-" "Mozilla/5.0 (Linux; Android 6.0.1; Nexus 5X Build/MMB29P) AppleWebKit/537.36 (KHTML, like Gecko) Chrome/117.0.5938.92 Mobile Safari/537.36 (compatible; Googlebot/2.1; +http://www.google.com/bot.html)"
157.90.182.25 - - [30/Sep/2023:16:18:27 +0200] "GET /anne-kitchen-potholder-p-60914.html HTTP/1.0" 200 76911 "-" "Mozilla/5.0 (compatible; BLEXBot/1.0; +http://webmeup-crawler.com/)"
157.90.182.25 - - [30/Sep/2023:16:18:27 +0200] "GET /rectangular-tray-oriental-p-60929.html HTTP/1.0" 200 76237 "-" "Mozilla/5.0 (compatible; BLEXBot/1.0; +http://webmeup-crawler.com/)"
114.119.140.185 - - [30/Sep/2023:16:18:27 +0200] "GET /london-mirror-bag-p-29317.html HTTP/1.0" 301 76213 "http://www.wonder-geek.com/bag-hung-and-bag-mirrors-c-31_258.html" "Mozilla/5.0 (Linux; Android 7.0;) AppleWebKit/537.36 (KHTML, like Gecko) Mobile Safari/537.36 (compatible; PetalBot;+https://webmaster.petalsearch.com/site/petalbot)"
157.90.182.25 - - [30/Sep/2023:16:18:32 +0200] "GET /aprons-c-11_74.html HTTP/1.0" 200 94714 "-" "Mozilla/5.0 (compatible; BLEXBot/1.0; +http://webmeup-crawler.com/)"
114.119.140.185 - - [30/Sep/2023:16:18:34 +0200] "GET /london-mirror-p-29317.html HTTP/1.0" 200 76133 "http://www.wonder-geek.com/bag-hung-and-bag-mirrors-c-31_258.html" "Mozilla/5.0 (Linux; Android 7.0;) AppleWebKit/537.36 (KHTML, like Gecko) Mobile Safari/537.36 (compatible; PetalBot;+https://webmaster.petalsearch.com/site/petalbot)"
51.68.224.127 - - [30/Sep/2023:16:18:36 +0200] "GET /adminweb/export_orders_xml.php?token=256de2z6edz6ed2z6DFSFsed2zed6zeDSFDSGdzedezfzf&maxorders=10&orderstart=1&status=14&start_date=2018-10-01 HTTP/1.0" 200 285 "-" "GesCom CharlotteBoutik Serveur"
