157.90.182.25 - - [30/Sep/2023:16:18:35 +0200] "GET /rectangular-tray-winter-greenery-p-60928.html HTTP/1.0" 200 77353 "-" "Mozilla/5.0 (compatible; BLEXBot/1.0; +http://webmeup-crawler.com/)"
51.68.224.127 - - [30/Sep/2023:16:18:36 +0200] "GET /adminweb/export_orders_xml.php?token=256de2z6edz6ed2z6DFSFsed2zed6zeDSFDSGdzedezfzf&maxorders=10&orderstart=1&status=6&start_date=2018-10-01 HTTP/1.0" 200 33939 "-" "GesCom CharlotteBoutik Serveur"
157.90.182.25 - - [30/Sep/2023:16:18:37 +0200] "GET /ashtrays-c-13_240.html HTTP/1.0" 200 93626 "-" "Mozilla/5.0 (compatible; BLEXBot/1.0; +http://webmeup-crawler.com/)"
157.90.182.25 - - [30/Sep/2023:16:18:41 +0200] "GET /resin-stone-boxes-storage-c-13_150_84.html HTTP/1.0" 200 88960 "-" "Mozilla/5.0 (compatible; BLEXBot/1.0; +http://webmeup-crawler.com/)"
157.90.182.25 - - [30/Sep/2023:16:18:42 +0200] "GET /backpacks-c-31_77.html HTTP/1.0" 200 96861 "-" "Mozilla/5.0 (compatible; BLEXBot/1.0; +http://webmeup-crawler.com/)"
157.90.182.25 - - [30/Sep/2023:16:18:50 +0200] "GET /rigid-gift-with-pretty-satin-p-60945.html HTTP/1.0" 200 76888 "-" "Mozilla/5.0 (compatible; BLEXBot/1.0; +http://webmeup-crawler.com/)"
157.90.182.25 - - [30/Sep/2023:16:18:51 +0200] "GET /bagshandbags-shoulder-bags-c-31_81.html HTTP/1.0" 200 99352 "-" "Mozilla/5.0 (compatible; BLEXBot/1.0; +http://webmeup-crawler.com/)"
157.90.182.25 - - [30/Sep/2023:16:18:55 +0200] "GET /rings-c-3_257.html HTTP/1.0" 200 89543 "-" "Mozilla/5.0 (compatible; BLEXBot/1.0; +http://webmeup-crawler.com/)"
157.90.182.25 - - [30/Sep/2023:16:18:59 +0200] "GET /bamboo-storage-boxes-p-60956.html HTTP/1.0" 200 77218 "-" "Mozilla/5.0 (compatible; BLEXBot/1.0; +http://webmeup-crawler.com/)"
157.90.182.25 - - [30/Sep/2023:16:19:02 +0200] "GET /barbecue-aperitif-c-12_254.html HTTP/1.0" 200 93098 "-" "Mozilla/5.0 (compatible; BLEXBot/1.0; +http://webmeup-crawler.com/)"
157.90.182.25 - - [30/Sep/2023:16:19:02 +0200] "GET /romance-washed-linen-placemat-p-60939.html HTTP/1.0" 200 76806 "-" "Mozilla/5.0 (compatible; BLEXBot/1.0; +http://webmeup-crawler.com/)"
157.90.182.25 - - [30/Sep/2023:16:19:07 +0200] "GET /romance-washed-linen-placemats-p-60934.html HTTP/1.0" 200 76887 "-" "Mozilla/5.0 (compatible; BLEXBot/1.0; +http://webmeup-crawler.com/)"
157.90.182.25 - - [30/Sep/2023:16:19:11 +0200] "GET /baskets-c-13_289.html HTTP/1.0" 200 94349 "-" "Mozilla/5.0 (compatible; BLEXBot/1.0; +http://webmeup-crawler.com/)"
157.90.182.25 - - [30/Sep/2023:16:19:13 +0200] "GET /romance-washed-linen-placemats-p-60935.html HTTP/1.0" 200 76887 "-" "Mozilla/5.0 (compatible; BLEXBot/1.0; +http://webmeup-crawler.com/)"
157.90.182.25 - - [30/Sep/2023:16:19:18 +0200] "GET /bath-c-11_269_267.html HTTP/1.0" 200 87488 "-" "Mozilla/5.0 (compatible; BLEXBot/1.0; +http://webmeup-crawler.com/)"
157.90.182.25 - - [30/Sep/2023:16:19:20 +0200] "GET /romance-washed-linen-placemats-p-60936.html HTTP/1.0" 200 76895 "-" "Mozilla/5.0 (compatible; BLEXBot/1.0; +http://webmeup-crawler.com/)"
157.90.182.25 - - [30/Sep/2023:16:19:25 +0200] "GET /romance-washed-linen-placemats-p-60940.html HTTP/1.0" 200 76976 "-" "Mozilla/5.0 (compatible; BLEXBot/1.0; +http://webmeup-crawler.com/)"
157.90.182.25 - - [30/Sep/2023:16:19:27 +0200] "GET /bathroom-accessories-c-13_172.html HTTP/1.0" 200 93324 "-" "Mozilla/5.0 (compatible; BLEXBot/1.0; +http://webmeup-crawler.com/)"
157.90.182.25 - - [30/Sep/2023:16:19:30 +0200] "GET /round-straw-placemat-black-p-60893.html HTTP/1.0" 200 76718 "-" "Mozilla/5.0 (compatible; BLEXBot/1.0; +http://webmeup-crawler.com/)"
157.90.182.25 - - [30/Sep/2023:16:19:33 +0200] "GET /bedding-protection-c-11_192.html HTTP/1.0" 200 93807 "-" "Mozilla/5.0 (compatible; BLEXBot/1.0; +http://webmeup-crawler.com/)"
157.90.182.25 - - [30/Sep/2023:16:19:35 +0200] "GET /round-trays-c-12_159_263.html HTTP/1.0" 200 93096 "-" "Mozilla/5.0 (compatible; BLEXBot/1.0; +http://webmeup-crawler.com/)"
157.90.182.25 - - [30/Sep/2023:16:19:40 +0200] "GET /rugs-c-11_269.html HTTP/1.0" 200 94547 "-" "Mozilla/5.0 (compatible; BLEXBot/1.0; +http://webmeup-crawler.com/)"
157.90.182.25 - - [30/Sep/2023:16:19:42 +0200] "GET /beige-ceramic-lamp-p-60952.html HTTP/1.0" 200 77438 "-" "Mozilla/5.0 (compatible; BLEXBot/1.0; +http://webmeup-crawler.com/)"
157.90.182.25 - - [30/Sep/2023:16:19:46 +0200] "GET /salt-boxes-jars-c-12_223.html HTTP/1.0" 200 93201 "-" "Mozilla/5.0 (compatible; BLEXBot/1.0; +http://webmeup-crawler.com/)"
114.119.133.204 - - [30/Sep/2023:16:19:47 +0200] "GET /cotton-floor-cushion-eliane-p-49129.html HTTP/1.0" 200 73886 "http://www.wonder-geek.com/floor-cushions-c-11_182.html?page=4" "Mozilla/5.0 (Linux; Android 7.0;) AppleWebKit/537.36 (KHTML, like Gecko) Mobile Safari/537.36 (compatible; PetalBot;+https://webmaster.petalsearch.com/site/petalbot)"
157.90.182.25 - - [30/Sep/2023:16:19:48 +0200] "GET /beige-ceramic-lamp-p-61007.html HTTP/1.0" 200 76788 "-" "Mozilla/5.0 (compatible; BLEXBot/1.0; +http://webmeup-crawler.com/)"
157.90.182.25 - - [30/Sep/2023:16:19:52 +0200] "GET /salt-pepper-shaker-sets-c-12_160.html HTTP/1.0" 200 93591 "-" "Mozilla/5.0 (compatible; BLEXBot/1.0; +http://webmeup-crawler.com/)"
157.90.182.25 - - [30/Sep/2023:16:19:59 +0200] "GET /salt-shaker-dodo-chats-dubout-p-60986.html HTTP/1.0" 200 76235 "-" "Mozilla/5.0 (compatible; BLEXBot/1.0; +http://webmeup-crawler.com/)"
157.90.182.25 - - [30/Sep/2023:16:20:04 +0200] "GET /beige-ceramic-lamp-p-61008.html HTTP/1.0" 200 76788 "-" "Mozilla/5.0 (compatible; BLEXBot/1.0; +http://webmeup-crawler.com/)"
157.90.182.25 - - [30/Sep/2023:16:20:09 +0200] "GET /bell-wall-bell-c-13_270.html HTTP/1.0" 200 92744 "-" "Mozilla/5.0 (compatible; BLEXBot/1.0; +http://webmeup-crawler.com/)"
157.90.182.25 - - [30/Sep/2023:16:20:10 +0200] "GET /scented-candle-chocolate-made-provence-p-60964.html HTTP/1.0" 200 77721 "-" "Mozilla/5.0 (compatible; BLEXBot/1.0; +http://webmeup-crawler.com/)"
157.90.182.25 - - [30/Sep/2023:16:20:14 +0200] "GET /scented-candles-novenas-c-231_227.html HTTP/1.0" 200 96663 "-" "Mozilla/5.0 (compatible; BLEXBot/1.0; +http://webmeup-crawler.com/)"
157.90.182.25 - - [30/Sep/2023:16:20:17 +0200] "GET /board-games-c-4_47.html HTTP/1.0" 200 72703 "-" "Mozilla/5.0 (compatible; BLEXBot/1.0; +http://webmeup-crawler.com/)"
157.90.182.25 - - [30/Sep/2023:16:20:24 +0200] "GET /school-trolley-c-31_169.html HTTP/1.0" 200 84391 "-" "Mozilla/5.0 (compatible; BLEXBot/1.0; +http://webmeup-crawler.com/)"
157.90.182.25 - - [30/Sep/2023:16:20:26 +0200] "GET /bolstercases-c-11_318.html HTTP/1.0" 200 93306 "-" "Mozilla/5.0 (compatible; BLEXBot/1.0; +http://webmeup-crawler.com/)"
157.90.182.25 - - [30/Sep/2023:16:20:31 +0200] "GET /set-c-2_34.html HTTP/1.0" 200 80090 "-" "Mozilla/5.0 (compatible; BLEXBot/1.0; +http://webmeup-crawler.com/)"
157.90.182.25 - - [30/Sep/2023:16:20:32 +0200] "GET /bookend-c-13_202.html HTTP/1.0" 200 92806 "-" "Mozilla/5.0 (compatible; BLEXBot/1.0; +http://webmeup-crawler.com/)"
157.90.182.25 - - [30/Sep/2023:16:20:36 +0200] "GET /shelf-furniture-c-13_87.html HTTP/1.0" 200 85750 "-" "Mozilla/5.0 (compatible; BLEXBot/1.0; +http://webmeup-crawler.com/)"
157.90.182.25 - - [30/Sep/2023:16:20:42 +0200] "GET /bottle-holder-beer-bucket-c-12_224.html HTTP/1.0" 200 93675 "-" "Mozilla/5.0 (compatible; BLEXBot/1.0; +http://webmeup-crawler.com/)"
157.90.182.25 - - [30/Sep/2023:16:20:42 +0200] "GET /shirts-sweatshirts-c-53_54.html HTTP/1.0" 200 95881 "-" "Mozilla/5.0 (compatible; BLEXBot/1.0; +http://webmeup-crawler.com/)"
157.90.182.25 - - [30/Sep/2023:16:20:47 +0200] "GET /boutis-quilt-bedspread-c-11_194.html HTTP/1.0" 200 93887 "-" "Mozilla/5.0 (compatible; BLEXBot/1.0; +http://webmeup-crawler.com/)"
157.90.182.25 - - [30/Sep/2023:16:20:48 +0200] "GET /shirts-sweatshirts-women-c-53_55.html HTTP/1.0" 200 95870 "-" "Mozilla/5.0 (compatible; BLEXBot/1.0; +http://webmeup-crawler.com/)"
157.90.182.25 - - [30/Sep/2023:16:20:53 +0200] "GET /shop-c-155.html HTTP/1.0" 200 92073 "-" "Mozilla/5.0 (compatible; BLEXBot/1.0; +http://webmeup-crawler.com/)"
157.90.182.25 - - [30/Sep/2023:16:21:00 +0200] "GET /bowls-c-12_255.html HTTP/1.0" 200 81649 "-" "Mozilla/5.0 (compatible; BLEXBot/1.0; +http://webmeup-crawler.com/)"
157.90.182.25 - - [30/Sep/2023:16:21:00 +0200] "GET /shower-curtain-c-11_168.html HTTP/1.0" 200 93374 "-" "Mozilla/5.0 (compatible; BLEXBot/1.0; +http://webmeup-crawler.com/)"
157.90.182.25 - - [30/Sep/2023:16:21:05 +0200] "GET /bowls-c-12_60.html HTTP/1.0" 200 94927 "-" "Mozilla/5.0 (compatible; BLEXBot/1.0; +http://webmeup-crawler.com/)"
157.90.182.25 - - [30/Sep/2023:16:21:06 +0200] "GET /silhouette-ceramic-vase-birth-venus-bottice-p-60994.html HTTP/1.0" 200 78594 "-" "Mozilla/5.0 (compatible; BLEXBot/1.0; +http://webmeup-crawler.com/)"
157.90.182.25 - - [30/Sep/2023:16:21:10 +0200] "GET /boxes-storage-c-13_150.html HTTP/1.0" 200 98066 "-" "Mozilla/5.0 (compatible; BLEXBot/1.0; +http://webmeup-crawler.com/)"
157.90.182.25 - - [30/Sep/2023:16:21:12 +0200] "GET /small-appliances-hifi-c-13_88.html HTTP/1.0" 200 87170 "-" "Mozilla/5.0 (compatible; BLEXBot/1.0; +http://webmeup-crawler.com/)"
157.90.182.25 - - [30/Sep/2023:16:21:18 +0200] "GET /small-boxes-pill-c-13_150_154.html HTTP/1.0" 200 93663 "-" "Mozilla/5.0 (compatible; BLEXBot/1.0; +http://webmeup-crawler.com/)"
157.90.182.25 - - [30/Sep/2023:16:21:19 +0200] "GET /boxes-storage-ceramics-c-13_150_219.html HTTP/1.0" 200 81832 "-" "Mozilla/5.0 (compatible; BLEXBot/1.0; +http://webmeup-crawler.com/)"
40.77.167.70 - - [30/Sep/2023:16:21:20 +0200] "GET /adults-c-53.html HTTP/1.0" 200 95114 "-" "Mozilla/5.0 AppleWebKit/537.36 (KHTML, like Gecko; compatible; bingbot/2.0; +http://www.bing.com/bingbot.htm) Chrome/103.0.5060.134 Safari/537.36"
157.90.182.25 - - [30/Sep/2023:16:21:24 +0200] "GET /boxes-textile-storage-c-13_150_215.html HTTP/1.0" 200 81608 "-" "Mozilla/5.0 (compatible; BLEXBot/1.0; +http://webmeup-crawler.com/)"
157.90.182.25 - - [30/Sep/2023:16:21:26 +0200] "GET /small-caramel-scented-candle-handmade-p-60977.html HTTP/1.0" 200 77390 "-" "Mozilla/5.0 (compatible; BLEXBot/1.0; +http://webmeup-crawler.com/)"
157.90.182.25 - - [30/Sep/2023:16:21:32 +0200] "GET /small-gingerbread-scented-candle-handmade-p-60976.html HTTP/1.0" 200 77437 "-" "Mozilla/5.0 (compatible; BLEXBot/1.0; +http://webmeup-crawler.com/)"
157.90.182.25 - - [30/Sep/2023:16:21:33 +0200] "GET /boys-c-2.html HTTP/1.0" 200 94208 "-" "Mozilla/5.0 (compatible; BLEXBot/1.0; +http://webmeup-crawler.com/)"
157.90.182.25 - - [30/Sep/2023:16:21:40 +0200] "GET /small-raspberry-scented-candle-handmade-p-60978.html HTTP/1.0" 200 77412 "-" "Mozilla/5.0 (compatible; BLEXBot/1.0; +http://webmeup-crawler.com/)"
157.90.182.25 - - [30/Sep/2023:16:21:40 +0200] "GET /bracelets-c-3_200.html HTTP/1.0" 200 94331 "-" "Mozilla/5.0 (compatible; BLEXBot/1.0; +http://webmeup-crawler.com/)"
157.90.182.25 - - [30/Sep/2023:16:21:45 +0200] "GET /bread-bags-c-11_179.html HTTP/1.0" 200 85017 "-" "Mozilla/5.0 (compatible; BLEXBot/1.0; +http://webmeup-crawler.com/)"
157.90.182.25 - - [30/Sep/2023:16:21:45 +0200] "GET /small-trays-c-12_159_261.html HTTP/1.0" 200 93210 "-" "Mozilla/5.0 (compatible; BLEXBot/1.0; +http://webmeup-crawler.com/)"
59.82.78.196 - - [30/Sep/2023:16:21:49 +0200] "GET /images/mini_prod/3700281645163.jpg HTTP/1.0" 200 269 "-" "Mozilla/5.0 (X11; Ubuntu; Linux x86_64; rv:72.0) Gecko/20100101 Firefox/72.0"
157.90.182.25 - - [30/Sep/2023:16:21:52 +0200] "GET /bread-c-13_150_211.html HTTP/1.0" 200 80795 "-" "Mozilla/5.0 (compatible; BLEXBot/1.0; +http://webmeup-crawler.com/)"
157.90.182.25 - - [30/Sep/2023:16:21:54 +0200] "GET /smokers-items-c-3_112.html HTTP/1.0" 200 94672 "-" "Mozilla/5.0 (compatible; BLEXBot/1.0; +http://webmeup-crawler.com/)"
157.90.182.25 - - [30/Sep/2023:16:21:57 +0200] "GET /breakfast-c-12_61.html HTTP/1.0" 200 94696 "-" "Mozilla/5.0 (compatible; BLEXBot/1.0; +http://webmeup-crawler.com/)"
157.90.182.25 - - [30/Sep/2023:16:21:59 +0200] "GET /snack-cooler-c-31_235.html HTTP/1.0" 200 94195 "-" "Mozilla/5.0 (compatible; BLEXBot/1.0; +http://webmeup-crawler.com/)"
157.90.182.25 - - [30/Sep/2023:16:22:02 +0200] "GET /brown-ceramic-lamp-p-61005.html HTTP/1.0" 200 77054 "-" "Mozilla/5.0 (compatible; BLEXBot/1.0; +http://webmeup-crawler.com/)"
157.90.182.25 - - [30/Sep/2023:16:22:07 +0200] "GET /snow-glitter-ball-c-13_259.html HTTP/1.0" 200 94149 "-" "Mozilla/5.0 (compatible; BLEXBot/1.0; +http://webmeup-crawler.com/)"
157.90.182.25 - - [30/Sep/2023:16:22:10 +0200] "GET /bulbs-c-86_287.html HTTP/1.0" 200 79850 "-" "Mozilla/5.0 (compatible; BLEXBot/1.0; +http://webmeup-crawler.com/)"
157.90.182.25 - - [30/Sep/2023:16:22:13 +0200] "GET /soap-c-13_150_171.html HTTP/1.0" 200 84747 "-" "Mozilla/5.0 (compatible; BLEXBot/1.0; +http://webmeup-crawler.com/)"
157.90.182.25 - - [30/Sep/2023:16:22:15 +0200] "GET /bulldog-white-resin-p-60993.html HTTP/1.0" 200 76430 "-" "Mozilla/5.0 (compatible; BLEXBot/1.0; +http://webmeup-crawler.com/)"
157.90.182.25 - - [30/Sep/2023:16:22:19 +0200] "GET /butter-dish-c-12_222.html HTTP/1.0" 200 85281 "-" "Mozilla/5.0 (compatible; BLEXBot/1.0; +http://webmeup-crawler.com/)"
157.90.182.25 - - [30/Sep/2023:16:22:20 +0200] "GET /socks-c-1_141.html HTTP/1.0" 200 81134 "-" "Mozilla/5.0 (compatible; BLEXBot/1.0; +http://webmeup-crawler.com/)"
157.90.182.25 - - [30/Sep/2023:16:22:24 +0200] "GET /butterfly-cotton-table-runner-p-60925.html HTTP/1.0" 200 76254 "-" "Mozilla/5.0 (compatible; BLEXBot/1.0; +http://webmeup-crawler.com/)"
157.90.182.25 - - [30/Sep/2023:16:22:25 +0200] "GET /socks-c-2_142.html HTTP/1.0" 200 82760 "-" "Mozilla/5.0 (compatible; BLEXBot/1.0; +http://webmeup-crawler.com/)"
157.90.182.25 - - [30/Sep/2023:16:22:28 +0200] "GET /cake-molds-cube-molds-c-12_246.html HTTP/1.0" 200 89313 "-" "Mozilla/5.0 (compatible; BLEXBot/1.0; +http://webmeup-crawler.com/)"
157.90.182.25 - - [30/Sep/2023:16:22:30 +0200] "GET /soft-toys-security-blanket-c-4_46.html HTTP/1.0" 200 94990 "-" "Mozilla/5.0 (compatible; BLEXBot/1.0; +http://webmeup-crawler.com/)"
157.90.182.25 - - [30/Sep/2023:16:22:34 +0200] "GET /calendar-workbook-organizer-c-129_189.html HTTP/1.0" 200 91956 "-" "Mozilla/5.0 (compatible; BLEXBot/1.0; +http://webmeup-crawler.com/)"
157.90.182.25 - - [30/Sep/2023:16:22:37 +0200] "GET /specials.php HTTP/1.0" 200 121691 "-" "Mozilla/5.0 (compatible; BLEXBot/1.0; +http://webmeup-crawler.com/)"
157.90.182.25 - - [30/Sep/2023:16:22:39 +0200] "GET /caps-scarfs-adults-c-53_138.html HTTP/1.0" 200 87566 "-" "Mozilla/5.0 (compatible; BLEXBot/1.0; +http://webmeup-crawler.com/)"
157.90.182.25 - - [30/Sep/2023:16:22:44 +0200] "GET /sponge-stand-c-12_256.html HTTP/1.0" 200 83760 "-" "Mozilla/5.0 (compatible; BLEXBot/1.0; +http://webmeup-crawler.com/)"
157.90.182.25 - - [30/Sep/2023:16:22:44 +0200] "GET /caramel-popcorn-treat-scented-candle-handmade-p-60975.html HTTP/1.0" 200 77603 "-" "Mozilla/5.0 (compatible; BLEXBot/1.0; +http://webmeup-crawler.com/)"
95.108.213.96 - - [30/Sep/2023:16:22:44 +0200] "GET /klimt-little-tray-p-51680.html HTTP/1.0" 200 76158 "-" "Mozilla/5.0 (compatible; YandexBot/3.0; +http://yandex.com/bots)"
157.90.182.25 - - [30/Sep/2023:16:22:50 +0200] "GET /card-holders-passport-cases-c-31_236.html HTTP/1.0" 200 94383 "-" "Mozilla/5.0 (compatible; BLEXBot/1.0; +http://webmeup-crawler.com/)"
157.90.182.25 - - [30/Sep/2023:16:22:53 +0200] "GET /stationery-c-129_191.html HTTP/1.0" 200 93786 "-" "Mozilla/5.0 (compatible; BLEXBot/1.0; +http://webmeup-crawler.com/)"
157.90.182.25 - - [30/Sep/2023:16:22:58 +0200] "GET /stationery-cardmaking-c-129.html HTTP/1.0" 200 95708 "-" "Mozilla/5.0 (compatible; BLEXBot/1.0; +http://webmeup-crawler.com/)"
157.90.182.25 - - [30/Sep/2023:16:23:00 +0200] "GET /cardboard-boxes-storage-c-13_150_216.html HTTP/1.0" 200 81210 "-" "Mozilla/5.0 (compatible; BLEXBot/1.0; +http://webmeup-crawler.com/)"
157.90.182.25 - - [30/Sep/2023:16:23:06 +0200] "GET /cardmaking-c-129_128.html HTTP/1.0" 200 94912 "-" "Mozilla/5.0 (compatible; BLEXBot/1.0; +http://webmeup-crawler.com/)"
157.90.182.25 - - [30/Sep/2023:16:23:07 +0200] "GET /statuettes-animal-figurines-c-292_291.html HTTP/1.0" 200 96579 "-" "Mozilla/5.0 (compatible; BLEXBot/1.0; +http://webmeup-crawler.com/)"
157.90.182.25 - - [30/Sep/2023:16:23:12 +0200] "GET /cellar-slicer-sausage-c-12_252.html HTTP/1.0" 200 81982 "-" "Mozilla/5.0 (compatible; BLEXBot/1.0; +http://webmeup-crawler.com/)"
157.90.182.25 - - [30/Sep/2023:16:23:13 +0200] "GET /stickers-c-129_50.html HTTP/1.0" 200 86943 "-" "Mozilla/5.0 (compatible; BLEXBot/1.0; +http://webmeup-crawler.com/)"
157.90.182.25 - - [30/Sep/2023:16:23:18 +0200] "GET /ceramic-incense-burner-black-p-60906.html HTTP/1.0" 200 76937 "-" "Mozilla/5.0 (compatible; BLEXBot/1.0; +http://webmeup-crawler.com/)"
157.90.182.25 - - [30/Sep/2023:16:23:21 +0200] "GET /stoneware-breakfast-bowl-p-60980.html HTTP/1.0" 200 76817 "-" "Mozilla/5.0 (compatible; BLEXBot/1.0; +http://webmeup-crawler.com/)"
157.90.182.25 - - [30/Sep/2023:16:23:24 +0200] "GET /ceramic-lamp-petrol-p-60951.html HTTP/1.0" 200 77454 "-" "Mozilla/5.0 (compatible; BLEXBot/1.0; +http://webmeup-crawler.com/)"
157.90.182.25 - - [30/Sep/2023:16:23:27 +0200] "GET /stool-table-c-13_212.html HTTP/1.0" 200 84474 "-" "Mozilla/5.0 (compatible; BLEXBot/1.0; +http://webmeup-crawler.com/)"
157.90.182.25 - - [30/Sep/2023:16:23:30 +0200] "GET /ceramic-lamp-taupe-p-60953.html HTTP/1.0" 200 77562 "-" "Mozilla/5.0 (compatible; BLEXBot/1.0; +http://webmeup-crawler.com/)"
175.27.234.139 - - [30/Sep/2023:16:23:35 +0200] "HEAD /images/mini_prod/3014627939718.jpg HTTP/1.0" 200 290 "-" "Go-http-client/1.1"
175.27.234.139 - - [30/Sep/2023:16:23:35 +0200] "GET /images/mini_prod/3014627939718.jpg HTTP/1.0" 200 269 "-" "Go-http-client/1.1"
157.90.182.25 - - [30/Sep/2023:16:23:34 +0200] "GET /storage-cups-c-12_159_264.html HTTP/1.0" 200 93960 "-" "Mozilla/5.0 (compatible; BLEXBot/1.0; +http://webmeup-crawler.com/)"
175.27.234.139 - - [30/Sep/2023:16:23:36 +0200] "GET /images/mini_prod/3014627939718.jpg HTTP/1.0" 200 269 "-" "Go-http-client/1.1"
157.90.182.25 - - [30/Sep/2023:16:23:35 +0200] "GET /ceramic-seasoning-paris-p-60946.html HTTP/1.0" 200 77077 "-" "Mozilla/5.0 (compatible; BLEXBot/1.0; +http://webmeup-crawler.com/)"
157.90.182.25 - - [30/Sep/2023:16:23:40 +0200] "GET /sugar-c-13_150_152.html HTTP/1.0" 200 84707 "-" "Mozilla/5.0 (compatible; BLEXBot/1.0; +http://webmeup-crawler.com/)"
157.90.182.25 - - [30/Sep/2023:16:23:41 +0200] "GET /ceramic-vinegar-salt-pepper-shaker-p-60949.html HTTP/1.0" 200 77863 "-" "Mozilla/5.0 (compatible; BLEXBot/1.0; +http://webmeup-crawler.com/)"
66.249.66.205 - - [30/Sep/2023:16:23:41 +0200] "GET /star-wars-kylo-flametrooper-pencil-case-p-32492.html HTTP/1.0" 200 73904 "-" "Mozilla/5.0 (Linux; Android 6.0.1; Nexus 5X Build/MMB29P) AppleWebKit/537.36 (KHTML, like Gecko) Chrome/117.0.5938.92 Mobile Safari/537.36 (compatible; Googlebot/2.1; +http://www.google.com/bot.html)"
157.90.182.25 - - [30/Sep/2023:16:23:46 +0200] "GET /chairs-cushion-c-11_165.html HTTP/1.0" 200 94596 "-" "Mozilla/5.0 (compatible; BLEXBot/1.0; +http://webmeup-crawler.com/)"
157.90.182.25 - - [30/Sep/2023:16:23:48 +0200] "GET /suitcase-lunch-lunch-c-12_64.html HTTP/1.0" 200 84915 "-" "Mozilla/5.0 (compatible; BLEXBot/1.0; +http://webmeup-crawler.com/)"
157.90.182.25 - - [30/Sep/2023:16:23:52 +0200] "GET /chairs-stools-c-13_207.html HTTP/1.0" 200 79269 "-" "Mozilla/5.0 (compatible; BLEXBot/1.0; +http://webmeup-crawler.com/)"
157.90.182.25 - - [30/Sep/2023:16:23:54 +0200] "GET /suitcaselittle-suitcase-trolley-c-31_79.html HTTP/1.0" 200 79461 "-" "Mozilla/5.0 (compatible; BLEXBot/1.0; +http://webmeup-crawler.com/)"
157.90.182.25 - - [30/Sep/2023:16:23:58 +0200] "GET /chandeliers-suspensions-c-86_280.html HTTP/1.0" 200 93569 "-" "Mozilla/5.0 (compatible; BLEXBot/1.0; +http://webmeup-crawler.com/)"
157.90.182.25 - - [30/Sep/2023:16:24:02 +0200] "GET /sweaters-sweatshirts-vests-c-1_23.html HTTP/1.0" 200 85397 "-" "Mozilla/5.0 (compatible; BLEXBot/1.0; +http://webmeup-crawler.com/)"
157.90.182.25 - - [30/Sep/2023:16:24:04 +0200] "GET /checkout_shipping.php HTTP/1.0" 302 468 "-" "Mozilla/5.0 (compatible; BLEXBot/1.0; +http://webmeup-crawler.com/)"
157.90.182.25 - - [30/Sep/2023:16:24:07 +0200] "GET /chihuahua-figurine-black-resin-p-60995.html HTTP/1.0" 200 76413 "-" "Mozilla/5.0 (compatible; BLEXBot/1.0; +http://webmeup-crawler.com/)"
157.90.182.25 - - [30/Sep/2023:16:24:08 +0200] "GET /swimsuit-c-1_18.html HTTP/1.0" 200 95451 "-" "Mozilla/5.0 (compatible; BLEXBot/1.0; +http://webmeup-crawler.com/)"
157.90.182.25 - - [30/Sep/2023:16:24:13 +0200] "GET /childrens-beds-c-13_210.html HTTP/1.0" 200 79349 "-" "Mozilla/5.0 (compatible; BLEXBot/1.0; +http://webmeup-crawler.com/)"
169.228.63.97 - - [30/Sep/2023:16:24:17 +0200] "GET /images/mini_prod/3524550044613.jpg HTTP/1.0" 200 269 "-" "Mozilla/5.0 (X11; Ubuntu; Linux x86_64; rv:72.0) Gecko/20100101 Firefox/72.0"
157.90.182.25 - - [30/Sep/2023:16:24:16 +0200] "GET /swimwear-c-2_35.html HTTP/1.0" 200 93385 "-" "Mozilla/5.0 (compatible; BLEXBot/1.0; +http://webmeup-crawler.com/)"
157.90.182.25 - - [30/Sep/2023:16:24:18 +0200] "GET /chimes-suspensions-c-13_241.html HTTP/1.0" 200 93983 "-" "Mozilla/5.0 (compatible; BLEXBot/1.0; +http://webmeup-crawler.com/)"
157.90.182.25 - - [30/Sep/2023:16:24:23 +0200] "GET /table-lamps-c-86_286.html HTTP/1.0" 200 96247 "-" "Mozilla/5.0 (compatible; BLEXBot/1.0; +http://webmeup-crawler.com/)"
157.90.182.25 - - [30/Sep/2023:16:24:24 +0200] "GET /christmas-tree-ornament-christmas-balls-c-13_271.html HTTP/1.0" 200 94173 "-" "Mozilla/5.0 (compatible; BLEXBot/1.0; +http://webmeup-crawler.com/)"
157.90.182.25 - - [30/Sep/2023:16:24:30 +0200] "GET /table-setting-c-97_99.html HTTP/1.0" 200 84011 "-" "Mozilla/5.0 (compatible; BLEXBot/1.0; +http://webmeup-crawler.com/)"
157.90.182.25 - - [30/Sep/2023:16:24:31 +0200] "GET /cinnamon-treat-scented-candle-handmade-p-60973.html HTTP/1.0" 200 77581 "-" "Mozilla/5.0 (compatible; BLEXBot/1.0; +http://webmeup-crawler.com/)"
59.82.78.149 - - [30/Sep/2023:16:24:37 +0200] "GET /images/mini_prod/1384010183458.jpg HTTP/1.0" 200 269 "-" "Mozilla/5.0 (X11; Ubuntu; Linux x86_64; rv:72.0) Gecko/20100101 Firefox/72.0"
157.90.182.25 - - [30/Sep/2023:16:24:36 +0200] "GET /tablecloths-c-11_176.html HTTP/1.0" 200 94586 "-" "Mozilla/5.0 (compatible; BLEXBot/1.0; +http://webmeup-crawler.com/)"
157.90.182.25 - - [30/Sep/2023:16:24:36 +0200] "GET /clocks-c-13_67.html HTTP/1.0" 200 95852 "-" "Mozilla/5.0 (compatible; BLEXBot/1.0; +http://webmeup-crawler.com/)"
52.167.144.181 - - [30/Sep/2023:16:24:39 +0200] "GET /luggages-schoolbags-leather-shop/bagshandbags-shoulder-bags/nici-jolly-elsa-the-sheep-nylon-shopping-bag-p-9254.html HTTP/1.0" 301 743 "-" "Mozilla/5.0 AppleWebKit/537.36 (KHTML, like Gecko; compatible; bingbot/2.0; +http://www.bing.com/bingbot.htm) Chrome/103.0.5060.134 Safari/537.36"
169.228.63.97 - - [30/Sep/2023:16:24:43 +0200] "GET /images/mini_prod/5036278062209.jpg HTTP/1.0" 200 269 "-" "Mozilla/5.0 (X11; Ubuntu; Linux x86_64; rv:72.0) Gecko/20100101 Firefox/72.0"
157.90.182.25 - - [30/Sep/2023:16:24:45 +0200] "GET /coasters-c-12_157.html HTTP/1.0" 200 95577 "-" "Mozilla/5.0 (compatible; BLEXBot/1.0; +http://webmeup-crawler.com/)"
157.90.182.25 - - [30/Sep/2023:16:24:46 +0200] "GET /tables-c-13_206.html HTTP/1.0" 200 92951 "-" "Mozilla/5.0 (compatible; BLEXBot/1.0; +http://webmeup-crawler.com/)"
52.167.144.23 - - [30/Sep/2023:16:24:48 +0200] "GET /mugs-mazagrans-c-12_57.html?page=12 HTTP/1.0" 200 99652 "-" "Mozilla/5.0 AppleWebKit/537.36 (KHTML, like Gecko; compatible; bingbot/2.0; +http://www.bing.com/bingbot.htm) Chrome/103.0.5060.134 Safari/537.36"
157.90.182.25 - - [30/Sep/2023:16:24:54 +0200] "GET /coat-hook-c-13_198.html HTTP/1.0" 200 94000 "-" "Mozilla/5.0 (compatible; BLEXBot/1.0; +http://webmeup-crawler.com/)"
157.90.182.25 - - [30/Sep/2023:16:24:55 +0200] "GET /tea-pot-c-12_175.html HTTP/1.0" 200 94799 "-" "Mozilla/5.0 (compatible; BLEXBot/1.0; +http://webmeup-crawler.com/)"
157.90.182.25 - - [30/Sep/2023:16:24:59 +0200] "GET /coffee-c-13_150_153.html HTTP/1.0" 200 94003 "-" "Mozilla/5.0 (compatible; BLEXBot/1.0; +http://webmeup-crawler.com/)"
157.90.182.25 - - [30/Sep/2023:16:25:04 +0200] "GET /tealight-holders-candle-holders-c-231_230.html HTTP/1.0" 200 95605 "-" "Mozilla/5.0 (compatible; BLEXBot/1.0; +http://webmeup-crawler.com/)"
157.90.182.25 - - [30/Sep/2023:16:25:05 +0200] "GET /collectible-disney-figures-c-292_290.html HTTP/1.0" 200 97845 "-" "Mozilla/5.0 (compatible; BLEXBot/1.0; +http://webmeup-crawler.com/)"
157.90.182.25 - - [30/Sep/2023:16:25:10 +0200] "GET /thai-wooden-buddha-bust-p-61002.html HTTP/1.0" 200 76285 "-" "Mozilla/5.0 (compatible; BLEXBot/1.0; +http://webmeup-crawler.com/)"
157.90.182.25 - - [30/Sep/2023:16:25:11 +0200] "GET /collectible-figurines-decorative-c-13_135.html HTTP/1.0" 200 97365 "-" "Mozilla/5.0 (compatible; BLEXBot/1.0; +http://webmeup-crawler.com/)"
157.90.182.25 - - [30/Sep/2023:16:25:17 +0200] "GET /companion-wallet-c-31_238.html HTTP/1.0" 200 94411 "-" "Mozilla/5.0 (compatible; BLEXBot/1.0; +http://webmeup-crawler.com/)"
157.90.182.25 - - [30/Sep/2023:16:25:22 +0200] "GET /computer-briefcase-c-31_82.html HTTP/1.0" 200 85327 "-" "Mozilla/5.0 (compatible; BLEXBot/1.0; +http://webmeup-crawler.com/)"
157.90.182.25 - - [30/Sep/2023:16:25:27 +0200] "GET /corkscrew-bottle-opener-sommelier-c-12_213.html HTTP/1.0" 200 93828 "-" "Mozilla/5.0 (compatible; BLEXBot/1.0; +http://webmeup-crawler.com/)"
157.90.182.25 - - [30/Sep/2023:16:25:34 +0200] "GET /cosmetic-bags-flat-purse-c-31_239.html HTTP/1.0" 200 96990 "-" "Mozilla/5.0 (compatible; BLEXBot/1.0; +http://webmeup-crawler.com/)"
157.90.182.25 - - [30/Sep/2023:16:25:40 +0200] "GET /court-sleeves-shirts-c-2_39.html HTTP/1.0" 200 79985 "-" "Mozilla/5.0 (compatible; BLEXBot/1.0; +http://webmeup-crawler.com/)"
157.90.182.25 - - [30/Sep/2023:16:25:45 +0200] "GET /creative-hobbies-coloring-c-129_30.html HTTP/1.0" 200 93994 "-" "Mozilla/5.0 (compatible; BLEXBot/1.0; +http://webmeup-crawler.com/)"
157.90.182.25 - - [30/Sep/2023:16:25:51 +0200] "GET /cups-c-12_248.html HTTP/1.0" 200 88920 "-" "Mozilla/5.0 (compatible; BLEXBot/1.0; +http://webmeup-crawler.com/)"
157.90.182.25 - - [30/Sep/2023:16:26:02 +0200] "GET /curtains-lace-curtains-c-11_69.html HTTP/1.0" 200 93149 "-" "Mozilla/5.0 (compatible; BLEXBot/1.0; +http://webmeup-crawler.com/)"
157.90.182.25 - - [30/Sep/2023:16:26:09 +0200] "GET /cushion-covers-c-11_71_284.html HTTP/1.0" 200 92291 "-" "Mozilla/5.0 (compatible; BLEXBot/1.0; +http://webmeup-crawler.com/)"
157.90.182.25 - - [30/Sep/2023:16:26:14 +0200] "GET /cushion-headboard-c-11_71_173.html HTTP/1.0" 200 79470 "-" "Mozilla/5.0 (compatible; BLEXBot/1.0; +http://webmeup-crawler.com/)"
157.90.182.25 - - [30/Sep/2023:16:26:20 +0200] "GET /cushions-c-11_71_283.html HTTP/1.0" 200 93610 "-" "Mozilla/5.0 (compatible; BLEXBot/1.0; +http://webmeup-crawler.com/)"
157.90.182.25 - - [30/Sep/2023:16:26:25 +0200] "GET /cushions-draft-excluders-c-11_71_316.html HTTP/1.0" 200 94119 "-" "Mozilla/5.0 (compatible; BLEXBot/1.0; +http://webmeup-crawler.com/)"
157.90.182.25 - - [30/Sep/2023:16:26:31 +0200] "GET /cushions-floor-cushions-cushion-covers-c-11_71.html HTTP/1.0" 200 95829 "-" "Mozilla/5.0 (compatible; BLEXBot/1.0; +http://webmeup-crawler.com/)"
157.90.182.25 - - [30/Sep/2023:16:26:36 +0200] "GET /decoration-thermometers-c-13_145.html HTTP/1.0" 200 94587 "-" "Mozilla/5.0 (compatible; BLEXBot/1.0; +http://webmeup-crawler.com/)"
157.90.182.25 - - [30/Sep/2023:16:26:43 +0200] "GET /decorations-c-13_89.html HTTP/1.0" 200 94965 "-" "Mozilla/5.0 (compatible; BLEXBot/1.0; +http://webmeup-crawler.com/)"
157.90.182.25 - - [30/Sep/2023:16:26:49 +0200] "GET /decorative-carpets-c-11_269_167.html HTTP/1.0" 200 93366 "-" "Mozilla/5.0 (compatible; BLEXBot/1.0; +http://webmeup-crawler.com/)"
157.90.182.25 - - [30/Sep/2023:16:26:54 +0200] "GET /decorative-earth-globes-c-13_233.html HTTP/1.0" 200 92281 "-" "Mozilla/5.0 (compatible; BLEXBot/1.0; +http://webmeup-crawler.com/)"
157.90.182.25 - - [30/Sep/2023:16:27:00 +0200] "GET /decorative-utilitarian-wood-cork-p-60904.html HTTP/1.0" 200 77164 "-" "Mozilla/5.0 (compatible; BLEXBot/1.0; +http://webmeup-crawler.com/)"
157.90.182.25 - - [30/Sep/2023:16:27:05 +0200] "GET /desk-blotter-c-129_190.html HTTP/1.0" 200 72847 "-" "Mozilla/5.0 (compatible; BLEXBot/1.0; +http://webmeup-crawler.com/)"
157.90.182.25 - - [30/Sep/2023:16:27:10 +0200] "GET /difference-accessoriess-c-12_59.html HTTP/1.0" 200 92961 "-" "Mozilla/5.0 (compatible; BLEXBot/1.0; +http://webmeup-crawler.com/)"
157.90.182.25 - - [30/Sep/2023:16:27:15 +0200] "GET /diffuser-perfume-essential-oils-c-231_162.html HTTP/1.0" 200 94305 "-" "Mozilla/5.0 (compatible; BLEXBot/1.0; +http://webmeup-crawler.com/)"
157.90.182.25 - - [30/Sep/2023:16:27:21 +0200] "GET /dishes-c-12.html HTTP/1.0" 200 94543 "-" "Mozilla/5.0 (compatible; BLEXBot/1.0; +http://webmeup-crawler.com/)"
157.90.182.25 - - [30/Sep/2023:16:27:28 +0200] "GET /dishes-dishes-c-12_251.html HTTP/1.0" 200 92846 "-" "Mozilla/5.0 (compatible; BLEXBot/1.0; +http://webmeup-crawler.com/)"
157.90.182.25 - - [30/Sep/2023:16:27:34 +0200] "GET /doormats-entrance-carpets-c-11_269_266.html HTTP/1.0" 200 94497 "-" "Mozilla/5.0 (compatible; BLEXBot/1.0; +http://webmeup-crawler.com/)"
157.90.182.25 - - [30/Sep/2023:16:27:40 +0200] "GET /dresses-skirts-c-1_19.html HTTP/1.0" 200 82596 "-" "Mozilla/5.0 (compatible; BLEXBot/1.0; +http://webmeup-crawler.com/)"
157.90.182.25 - - [30/Sep/2023:16:27:45 +0200] "GET /duvet-cover-c-11_195.html HTTP/1.0" 200 94912 "-" "Mozilla/5.0 (compatible; BLEXBot/1.0; +http://webmeup-crawler.com/)"
157.90.182.25 - - [30/Sep/2023:16:27:51 +0200] "GET /earrings-c-3_242.html HTTP/1.0" 200 86709 "-" "Mozilla/5.0 (compatible; BLEXBot/1.0; +http://webmeup-crawler.com/)"
157.90.182.25 - - [30/Sep/2023:16:27:57 +0200] "GET /esotericism-lithotherapy-c-174.html HTTP/1.0" 200 93303 "-" "Mozilla/5.0 (compatible; BLEXBot/1.0; +http://webmeup-crawler.com/)"
157.90.182.25 - - [30/Sep/2023:16:28:04 +0200] "GET /eucalyptus-kitchen-potholder-p-60912.html HTTP/1.0" 200 76971 "-" "Mozilla/5.0 (compatible; BLEXBot/1.0; +http://webmeup-crawler.com/)"
157.90.182.25 - - [30/Sep/2023:16:28:09 +0200] "GET /fairy-lights-c-86_279.html HTTP/1.0" 200 89534 "-" "Mozilla/5.0 (compatible; BLEXBot/1.0; +http://webmeup-crawler.com/)"
157.90.182.25 - - [30/Sep/2023:16:28:14 +0200] "GET /figures-c-4_15.html HTTP/1.0" 200 94186 "-" "Mozilla/5.0 (compatible; BLEXBot/1.0; +http://webmeup-crawler.com/)"
157.90.182.25 - - [30/Sep/2023:16:28:19 +0200] "GET /figurines-sonny-angel-c-292_293.html HTTP/1.0" 200 86125 "-" "Mozilla/5.0 (compatible; BLEXBot/1.0; +http://webmeup-crawler.com/)"
157.90.182.25 - - [30/Sep/2023:16:28:24 +0200] "GET /figurines-statuettes-statues-decoration-collection-c-292.html HTTP/1.0" 200 96395 "-" "Mozilla/5.0 (compatible; BLEXBot/1.0; +http://webmeup-crawler.com/)"
157.90.182.25 - - [30/Sep/2023:16:28:29 +0200] "GET /fitted-sheet-c-11_193.html HTTP/1.0" 200 93886 "-" "Mozilla/5.0 (compatible; BLEXBot/1.0; +http://webmeup-crawler.com/)"
157.90.182.25 - - [30/Sep/2023:16:28:34 +0200] "GET /flasks-c-12_245.html HTTP/1.0" 200 85643 "-" "Mozilla/5.0 (compatible; BLEXBot/1.0; +http://webmeup-crawler.com/)"
157.90.182.25 - - [30/Sep/2023:16:28:39 +0200] "GET /flatwares-c-12_63.html HTTP/1.0" 200 93208 "-" "Mozilla/5.0 (compatible; BLEXBot/1.0; +http://webmeup-crawler.com/)"
157.90.182.25 - - [30/Sep/2023:16:28:45 +0200] "GET /floor-cushions-c-11_71_182.html HTTP/1.0" 200 94342 "-" "Mozilla/5.0 (compatible; BLEXBot/1.0; +http://webmeup-crawler.com/)"
157.90.182.25 - - [30/Sep/2023:16:28:54 +0200] "GET /flower-pots-plant-accessories-c-13_275.html HTTP/1.0" 200 96050 "-" "Mozilla/5.0 (compatible; BLEXBot/1.0; +http://webmeup-crawler.com/)"
157.90.182.25 - - [30/Sep/2023:16:29:04 +0200] "GET /fragrance-case-cabinet-diffuser-c-231_228.html HTTP/1.0" 200 93598 "-" "Mozilla/5.0 (compatible; BLEXBot/1.0; +http://webmeup-crawler.com/)"
17.241.75.97 - - [30/Sep/2023:16:29:10 +0200] "GET /happy-mini-melamine-tray-p-45143.html HTTP/1.0" 200 76235 "-" "Mozilla/5.0 (Macintosh; Intel Mac OS X 10_15_5) AppleWebKit/605.1.15 (KHTML, like Gecko) Version/13.1.1 Safari/605.1.15 (Applebot/0.1; +http://www.apple.com/go/applebot)"
157.90.182.25 - - [30/Sep/2023:16:29:15 +0200] "GET /fragrances-ambiance-c-231.html HTTP/1.0" 200 95512 "-" "Mozilla/5.0 (compatible; BLEXBot/1.0; +http://webmeup-crawler.com/)"
157.90.182.25 - - [30/Sep/2023:16:29:21 +0200] "GET /frames-flags-decorative-paintings-c-13_148.html HTTP/1.0" 200 97142 "-" "Mozilla/5.0 (compatible; BLEXBot/1.0; +http://webmeup-crawler.com/)"
157.90.182.25 - - [30/Sep/2023:16:29:27 +0200] "GET /game-over-moneybox-p-60958.html HTTP/1.0" 200 76885 "-" "Mozilla/5.0 (compatible; BLEXBot/1.0; +http://webmeup-crawler.com/)"
157.90.182.25 - - [30/Sep/2023:16:29:35 +0200] "GET /games-toys-c-4.html HTTP/1.0" 200 95677 "-" "Mozilla/5.0 (compatible; BLEXBot/1.0; +http://webmeup-crawler.com/)"
66.249.66.206 - - [30/Sep/2023:16:29:37 +0200] "GET /wallet-c-31_237.html HTTP/1.0" 200 94532 "-" "Mozilla/5.0 (Linux; Android 6.0.1; Nexus 5X Build/MMB29P) AppleWebKit/537.36 (KHTML, like Gecko) Chrome/117.0.5938.92 Mobile Safari/537.36 (compatible; Googlebot/2.1; +http://www.google.com/bot.html)"
157.90.182.25 - - [30/Sep/2023:16:29:41 +0200] "GET /gingerbread-scented-candle-handmade-p-60965.html HTTP/1.0" 200 77554 "-" "Mozilla/5.0 (compatible; BLEXBot/1.0; +http://webmeup-crawler.com/)"
157.90.182.25 - - [30/Sep/2023:16:29:50 +0200] "GET /girls-c-1.html HTTP/1.0" 200 94999 "-" "Mozilla/5.0 (compatible; BLEXBot/1.0; +http://webmeup-crawler.com/)"
157.90.182.25 - - [30/Sep/2023:16:30:00 +0200] "GET /glasses-case-c-31_164.html HTTP/1.0" 200 93405 "-" "Mozilla/5.0 (compatible; BLEXBot/1.0; +http://webmeup-crawler.com/)"
157.90.182.25 - - [30/Sep/2023:16:30:06 +0200] "GET /glasses-drinking-c-12_62.html HTTP/1.0" 200 93849 "-" "Mozilla/5.0 (compatible; BLEXBot/1.0; +http://webmeup-crawler.com/)"
157.90.182.25 - - [30/Sep/2023:16:30:13 +0200] "GET /good-point-c-13_150_151.html HTTP/1.0" 200 79199 "-" "Mozilla/5.0 (compatible; BLEXBot/1.0; +http://webmeup-crawler.com/)"
157.90.182.25 - - [30/Sep/2023:16:30:18 +0200] "GET /hair-accessories-c-3_205.html HTTP/1.0" 200 90822 "-" "Mozilla/5.0 (compatible; BLEXBot/1.0; +http://webmeup-crawler.com/)"
157.90.182.25 - - [30/Sep/2023:16:30:24 +0200] "GET /hairbrushes-c-3_203.html HTTP/1.0" 200 88687 "-" "Mozilla/5.0 (compatible; BLEXBot/1.0; +http://webmeup-crawler.com/)"
8.219.125.233 - - [30/Sep/2023:16:30:26 +0200] "GET /images/mini_prod/1399980107748.jpg HTTP/1.0" 200 269 "-" "python-requests/2.31.0"
157.90.182.25 - - [30/Sep/2023:16:30:28 +0200] "GET /handcrafted-lemon-tartlet-scented-candle-p-60966.html HTTP/1.0" 200 77421 "-" "Mozilla/5.0 (compatible; BLEXBot/1.0; +http://webmeup-crawler.com/)"
157.90.182.25 - - [30/Sep/2023:16:30:34 +0200] "GET /handcrafted-speculoos-scented-candle-p-60970.html HTTP/1.0" 200 77384 "-" "Mozilla/5.0 (compatible; BLEXBot/1.0; +http://webmeup-crawler.com/)"
157.90.182.25 - - [30/Sep/2023:16:30:39 +0200] "GET /handmade-coconut-sorbet-scented-candle-p-60969.html HTTP/1.0" 200 77411 "-" "Mozilla/5.0 (compatible; BLEXBot/1.0; +http://webmeup-crawler.com/)"
157.90.182.25 - - [30/Sep/2023:16:30:44 +0200] "GET /hats-caps-c-1_44.html HTTP/1.0" 200 95107 "-" "Mozilla/5.0 (compatible; BLEXBot/1.0; +http://webmeup-crawler.com/)"
157.90.182.25 - - [30/Sep/2023:16:30:49 +0200] "GET /holders-c-13_150_201.html HTTP/1.0" 200 92382 "-" "Mozilla/5.0 (compatible; BLEXBot/1.0; +http://webmeup-crawler.com/)"
17.241.75.240 - - [30/Sep/2023:16:30:50 +0200] "GET /avengers-p-37514.html HTTP/1.0" 200 73800 "-" "Mozilla/5.0 (Macintosh; Intel Mac OS X 10_15_5) AppleWebKit/605.1.15 (KHTML, like Gecko) Version/13.1.1 Safari/605.1.15 (Applebot/0.1; +http://www.apple.com/go/applebot)"
157.90.182.25 - - [30/Sep/2023:16:30:54 +0200] "GET /home-decoration-c-13.html HTTP/1.0" 200 95710 "-" "Mozilla/5.0 (compatible; BLEXBot/1.0; +http://webmeup-crawler.com/)"
157.90.182.25 - - [30/Sep/2023:16:30:59 +0200] "GET /honey-mousse-scented-candle-handmade-p-60972.html HTTP/1.0" 200 77387 "-" "Mozilla/5.0 (compatible; BLEXBot/1.0; +http://webmeup-crawler.com/)"
157.90.182.25 - - [30/Sep/2023:16:31:04 +0200] "GET /household-linen-c-11.html HTTP/1.0" 200 95606 "-" "Mozilla/5.0 (compatible; BLEXBot/1.0; +http://webmeup-crawler.com/)"
157.90.182.25 - - [30/Sep/2023:16:31:09 +0200] "GET /hung-mirrors-c-31_258.html HTTP/1.0" 200 92456 "-" "Mozilla/5.0 (compatible; BLEXBot/1.0; +http://webmeup-crawler.com/)"
157.90.182.25 - - [30/Sep/2023:16:31:15 +0200] "GET /illuminated-decorations-c-86_282.html HTTP/1.0" 200 85314 "-" "Mozilla/5.0 (compatible; BLEXBot/1.0; +http://webmeup-crawler.com/)"
157.90.182.25 - - [30/Sep/2023:16:31:20 +0200] "GET /incense-c-231_226.html HTTP/1.0" 200 95772 "-" "Mozilla/5.0 (compatible; BLEXBot/1.0; +http://webmeup-crawler.com/)"
157.90.182.25 - - [30/Sep/2023:16:31:25 +0200] "GET /incense-holder-incense-burner-c-231_229.html HTTP/1.0" 200 94907 "-" "Mozilla/5.0 (compatible; BLEXBot/1.0; +http://webmeup-crawler.com/)"
157.90.182.25 - - [30/Sep/2023:16:31:31 +0200] "GET /indoor-fountains-c-13_272.html HTTP/1.0" 200 84122 "-" "Mozilla/5.0 (compatible; BLEXBot/1.0; +http://webmeup-crawler.com/)"
52.167.144.186 - - [30/Sep/2023:16:31:32 +0200] "GET /bowls-c-12_60.html?page=4 HTTP/1.0" 200 95128 "-" "Mozilla/5.0 AppleWebKit/537.36 (KHTML, like Gecko; compatible; bingbot/2.0; +http://www.bing.com/bingbot.htm) Chrome/103.0.5060.134 Safari/537.36"
52.167.144.186 - - [30/Sep/2023:16:31:35 +0200] "GET /difference-accessoriess-c-12_59.html HTTP/1.0" 200 92961 "-" "Mozilla/5.0 AppleWebKit/537.36 (KHTML, like Gecko; compatible; bingbot/2.0; +http://www.bing.com/bingbot.htm) Chrome/103.0.5060.134 Safari/537.36"
157.90.182.25 - - [30/Sep/2023:16:31:36 +0200] "GET /infuser-rest-c-12_247.html HTTP/1.0" 200 93341 "-" "Mozilla/5.0 (compatible; BLEXBot/1.0; +http://webmeup-crawler.com/)"
157.90.182.25 - - [30/Sep/2023:16:31:46 +0200] "GET /jackets-coats-parkas-c-1_27.html HTTP/1.0" 200 86931 "-" "Mozilla/5.0 (compatible; BLEXBot/1.0; +http://webmeup-crawler.com/)"
157.90.182.25 - - [30/Sep/2023:16:31:51 +0200] "GET /jackets-coats-parkas-c-2_41.html HTTP/1.0" 200 81397 "-" "Mozilla/5.0 (compatible; BLEXBot/1.0; +http://webmeup-crawler.com/)"
157.90.182.25 - - [30/Sep/2023:16:31:56 +0200] "GET /jeux-jouets-c-95_312.html HTTP/1.0" 200 72657 "-" "Mozilla/5.0 (compatible; BLEXBot/1.0; +http://webmeup-crawler.com/)"
185.191.171.7 - - [30/Sep/2023:16:32:00 +0200] "GET /robots.txt HTTP/1.0" 200 245 "-" "Mozilla/5.0 (compatible; SemrushBot/7~bl; +http://www.semrush.com/bot.html)"
85.208.96.197 - - [30/Sep/2023:16:32:00 +0200] "GET /-p-34420.html HTTP/1.0" 200 73770 "-" "Mozilla/5.0 (compatible; SemrushBot/7~bl; +http://www.semrush.com/bot.html)"
157.90.182.25 - - [30/Sep/2023:16:32:04 +0200] "GET /jewelry-boxes-holders-c-13_150_131.html HTTP/1.0" 200 90779 "-" "Mozilla/5.0 (compatible; BLEXBot/1.0; +http://webmeup-crawler.com/)"
157.90.182.25 - - [30/Sep/2023:16:32:09 +0200] "GET /jewels-beauty-accessories-c-3_29.html HTTP/1.0" 200 85235 "-" "Mozilla/5.0 (compatible; BLEXBot/1.0; +http://webmeup-crawler.com/)"
157.90.182.25 - - [30/Sep/2023:16:32:14 +0200] "GET /jigsaws-c-4_144.html HTTP/1.0" 200 79979 "-" "Mozilla/5.0 (compatible; BLEXBot/1.0; +http://webmeup-crawler.com/)"
150.109.10.162 - - [30/Sep/2023:16:32:24 +0200] "GET /images/mini_prod/3560600300964.jpg HTTP/1.0" 200 269 "-" "Mozilla/5.0 (X11; Ubuntu; Linux x86_64; rv:72.0) Gecko/20100101 Firefox/72.0"
157.90.182.25 - - [30/Sep/2023:16:32:24 +0200] "GET /josephine-roses-cotton-table-runner-p-60923.html HTTP/1.0" 200 76949 "-" "Mozilla/5.0 (compatible; BLEXBot/1.0; +http://webmeup-crawler.com/)"
157.90.182.25 - - [30/Sep/2023:16:32:33 +0200] "GET /keyrings-c-31_52.html HTTP/1.0" 200 97278 "-" "Mozilla/5.0 (compatible; BLEXBot/1.0; +http://webmeup-crawler.com/)"
157.90.182.25 - - [30/Sep/2023:16:32:40 +0200] "GET /kids-school-c-31_80.html HTTP/1.0" 200 88735 "-" "Mozilla/5.0 (compatible; BLEXBot/1.0; +http://webmeup-crawler.com/)"
157.90.182.25 - - [30/Sep/2023:16:32:50 +0200] "GET /kitchen-c-11_269_319.html HTTP/1.0" 200 86315 "-" "Mozilla/5.0 (compatible; BLEXBot/1.0; +http://webmeup-crawler.com/)"
216.244.66.242 - - [30/Sep/2023:16:32:56 +0200] "GET /robots.txt HTTP/1.0" 200 245 "-" "Mozilla/5.0 (compatible; DotBot/1.2; +https://opensiteexplorer.org/dotbot; help@moz.com)"
157.90.182.25 - - [30/Sep/2023:16:32:57 +0200] "GET /kitchen-gloves-potholders-c-11_178.html HTTP/1.0" 200 93624 "-" "Mozilla/5.0 (compatible; BLEXBot/1.0; +http://webmeup-crawler.com/)"
157.90.182.25 - - [30/Sep/2023:16:33:07 +0200] "GET /lampshades-c-86_277.html HTTP/1.0" 200 91505 "-" "Mozilla/5.0 (compatible; BLEXBot/1.0; +http://webmeup-crawler.com/)"
157.90.182.25 - - [30/Sep/2023:16:33:13 +0200] "GET /large-golden-giraffe-lamp-p-61010.html HTTP/1.0" 200 76885 "-" "Mozilla/5.0 (compatible; BLEXBot/1.0; +http://webmeup-crawler.com/)"
157.90.182.25 - - [30/Sep/2023:16:33:18 +0200] "GET /large-maxi-trays-c-12_159_262.html HTTP/1.0" 200 93135 "-" "Mozilla/5.0 (compatible; BLEXBot/1.0; +http://webmeup-crawler.com/)"
157.90.182.25 - - [30/Sep/2023:16:33:26 +0200] "GET /large-white-resin-seahorse-p-60998.html HTTP/1.0" 200 76356 "-" "Mozilla/5.0 (compatible; BLEXBot/1.0; +http://webmeup-crawler.com/)"
157.90.182.25 - - [30/Sep/2023:16:33:34 +0200] "GET /light-garland-shape-bulbs-meters-p-60911.html HTTP/1.0" 200 77462 "-" "Mozilla/5.0 (compatible; BLEXBot/1.0; +http://webmeup-crawler.com/)"
157.90.182.25 - - [30/Sep/2023:16:33:39 +0200] "GET /lighting-c-86.html HTTP/1.0" 200 94479 "-" "Mozilla/5.0 (compatible; BLEXBot/1.0; +http://webmeup-crawler.com/)"
157.90.182.25 - - [30/Sep/2023:16:33:44 +0200] "GET /linen-c-11_68.html HTTP/1.0" 200 93987 "-" "Mozilla/5.0 (compatible; BLEXBot/1.0; +http://webmeup-crawler.com/)"
157.90.182.25 - - [30/Sep/2023:16:33:48 +0200] "GET /long-sleeves-shirts-c-1_21.html HTTP/1.0" 200 81217 "-" "Mozilla/5.0 (compatible; BLEXBot/1.0; +http://webmeup-crawler.com/)"
157.90.182.25 - - [30/Sep/2023:16:33:55 +0200] "GET /love-paris-safe-book-p-60960.html HTTP/1.0" 200 77476 "-" "Mozilla/5.0 (compatible; BLEXBot/1.0; +http://webmeup-crawler.com/)"
157.90.182.25 - - [30/Sep/2023:16:33:59 +0200] "GET /love-safe-book-p-60963.html HTTP/1.0" 200 77563 "-" "Mozilla/5.0 (compatible; BLEXBot/1.0; +http://webmeup-crawler.com/)"
157.90.182.25 - - [30/Sep/2023:16:34:13 +0200] "GET /love-york-safe-book-p-60961.html HTTP/1.0" 200 77726 "-" "Mozilla/5.0 (compatible; BLEXBot/1.0; +http://webmeup-crawler.com/)"
157.90.182.25 - - [30/Sep/2023:16:34:17 +0200] "GET /luggages-schoolbags-leather-shop-c-31.html HTTP/1.0" 200 96011 "-" "Mozilla/5.0 (compatible; BLEXBot/1.0; +http://webmeup-crawler.com/)"
52.167.144.216 - - [30/Sep/2023:16:34:19 +0200] "GET /bagshandbags-shoulder-bags-c-31_81.html?page=2 HTTP/1.0" 200 99100 "-" "Mozilla/5.0 AppleWebKit/537.36 (KHTML, like Gecko; compatible; bingbot/2.0; +http://www.bing.com/bingbot.htm) Chrome/103.0.5060.134 Safari/537.36"
157.90.182.25 - - [30/Sep/2023:16:34:25 +0200] "GET /luminous-essential-diffuser-shape-planet-p-60909.html HTTP/1.0" 200 78555 "-" "Mozilla/5.0 (compatible; BLEXBot/1.0; +http://webmeup-crawler.com/)"
157.90.182.25 - - [30/Sep/2023:16:34:29 +0200] "GET /magnets-c-13_134.html HTTP/1.0" 200 95179 "-" "Mozilla/5.0 (compatible; BLEXBot/1.0; +http://webmeup-crawler.com/)"
157.90.182.25 - - [30/Sep/2023:16:34:38 +0200] "GET /manicure-articles-c-31_204.html HTTP/1.0" 200 90984 "-" "Mozilla/5.0 (compatible; BLEXBot/1.0; +http://webmeup-crawler.com/)"
157.90.182.25 - - [30/Sep/2023:16:34:43 +0200] "GET /mattress-cover-c-11_197.html HTTP/1.0" 200 80080 "-" "Mozilla/5.0 (compatible; BLEXBot/1.0; +http://webmeup-crawler.com/)"
157.90.182.25 - - [30/Sep/2023:16:34:50 +0200] "GET /meditation-yoga-cushions-c-11_71_317.html HTTP/1.0" 200 91535 "-" "Mozilla/5.0 (compatible; BLEXBot/1.0; +http://webmeup-crawler.com/)"
51.68.224.127 - - [30/Sep/2023:16:34:57 +0200] "GET /adminweb/export_orders_xml.php?token=256de2z6edz6ed2z6DFSFsed2zed6zeDSFDSGdzedezfzf&maxorders=10&orderstart=1&status=14&start_date=2018-10-01 HTTP/1.0" 200 285 "-" "GesCom CharlotteBoutik Serveur"
51.68.224.127 - - [30/Sep/2023:16:34:57 +0200] "GET /adminweb/export_orders_xml.php?token=256de2z6edz6ed2z6DFSFsed2zed6zeDSFDSGdzedezfzf&maxorders=10&orderstart=1&status=6&start_date=2018-10-01 HTTP/1.0" 200 33939 "-" "GesCom CharlotteBoutik Serveur"
157.90.182.25 - - [30/Sep/2023:16:34:58 +0200] "GET /metal-boxes-storage-c-13_150_218.html HTTP/1.0" 200 94130 "-" "Mozilla/5.0 (compatible; BLEXBot/1.0; +http://webmeup-crawler.com/)"
157.90.182.25 - - [30/Sep/2023:16:35:08 +0200] "GET /metal-gray-p-60890.html HTTP/1.0" 200 77005 "-" "Mozilla/5.0 (compatible; BLEXBot/1.0; +http://webmeup-crawler.com/)"
34.154.36.175 - - [30/Sep/2023:16:35:17 +0200] "GET /images/mini_prod/3609810037571.jpg HTTP/1.0" 200 269 "-" "Mozilla/5.0 (X11; Ubuntu; Linux x86_64; rv:72.0) Gecko/20100101 Firefox/72.0"
157.90.182.25 - - [30/Sep/2023:16:35:16 +0200] "GET /metal-pink-p-60891.html HTTP/1.0" 200 76816 "-" "Mozilla/5.0 (compatible; BLEXBot/1.0; +http://webmeup-crawler.com/)"
157.90.182.25 - - [30/Sep/2023:16:35:21 +0200] "GET /metal-wall-decor-c-13_308.html HTTP/1.0" 200 94145 "-" "Mozilla/5.0 (compatible; BLEXBot/1.0; +http://webmeup-crawler.com/)"
157.90.182.25 - - [30/Sep/2023:16:35:28 +0200] "GET /mini-trays-c-12_159_260.html HTTP/1.0" 200 96718 "-" "Mozilla/5.0 (compatible; BLEXBot/1.0; +http://webmeup-crawler.com/)"
157.90.182.25 - - [30/Sep/2023:16:35:38 +0200] "GET /mirror-c-13_133.html HTTP/1.0" 200 94111 "-" "Mozilla/5.0 (compatible; BLEXBot/1.0; +http://webmeup-crawler.com/)"
54.36.148.157 - - [30/Sep/2023:16:35:42 +0200] "GET / HTTP/1.0" 200 154646 "-" "Mozilla/5.0 (compatible; AhrefsBot/7.0; +http://ahrefs.com/robot/)"
150.109.10.162 - - [30/Sep/2023:16:35:47 +0200] "GET /images/mini_prod/3453131153164.jpg HTTP/1.0" 200 269 "-" "Mozilla/5.0 (X11; Ubuntu; Linux x86_64; rv:72.0) Gecko/20100101 Firefox/72.0"
157.90.182.25 - - [30/Sep/2023:16:35:45 +0200] "GET /models-replicas-c-4_140.html HTTP/1.0" 200 83153 "-" "Mozilla/5.0 (compatible; BLEXBot/1.0; +http://webmeup-crawler.com/)"
54.36.148.85 - - [30/Sep/2023:16:35:48 +0200] "GET /images/mini_prod/8422083251094.jpg HTTP/1.0" 200 269 "-" "Mozilla/5.0 (compatible; AhrefsBot/7.0; +http://ahrefs.com/robot/)"
54.36.148.92 - - [30/Sep/2023:16:35:48 +0200] "GET /images/mini_prod/8422083251117.jpg HTTP/1.0" 200 269 "-" "Mozilla/5.0 (compatible; AhrefsBot/7.0; +http://ahrefs.com/robot/)"
54.36.148.88 - - [30/Sep/2023:16:35:49 +0200] "GET /images/mini_prod/3442440313642.jpg HTTP/1.0" 200 269 "-" "Mozilla/5.0 (compatible; AhrefsBot/7.0; +http://ahrefs.com/robot/)"
54.36.148.157 - - [30/Sep/2023:16:35:50 +0200] "GET /images/mini_prod/cafe3442440313611.jpg HTTP/1.0" 200 273 "-" "Mozilla/5.0 (compatible; AhrefsBot/7.0; +http://ahrefs.com/robot/)"
169.228.63.97 - - [30/Sep/2023:16:35:50 +0200] "GET /images/mini_prod/1399984230855.jpg HTTP/1.0" 200 269 "-" "Mozilla/5.0 (X11; Ubuntu; Linux x86_64; rv:72.0) Gecko/20100101 Firefox/72.0"
54.36.148.100 - - [30/Sep/2023:16:35:50 +0200] "GET /images/mini_prod/8712159185799.jpg HTTP/1.0" 200 269 "-" "Mozilla/5.0 (compatible; AhrefsBot/7.0; +http://ahrefs.com/robot/)"
54.36.149.13 - - [30/Sep/2023:16:35:50 +0200] "GET /images/mini_prod/3442440312645.jpg HTTP/1.0" 200 269 "-" "Mozilla/5.0 (compatible; AhrefsBot/7.0; +http://ahrefs.com/robot/)"
157.90.182.25 - - [30/Sep/2023:16:35:54 +0200] "GET /tights-c-1_48.html HTTP/1.0" 200 82714 "-" "Mozilla/5.0 (compatible; BLEXBot/1.0; +http://webmeup-crawler.com/)"
157.90.182.25 - - [30/Sep/2023:16:36:03 +0200] "GET /toothbox-c-13_150_170.html HTTP/1.0" 200 93426 "-" "Mozilla/5.0 (compatible; BLEXBot/1.0; +http://webmeup-crawler.com/)"
157.90.182.25 - - [30/Sep/2023:16:36:08 +0200] "GET /towel-bath-towels-c-11_70.html HTTP/1.0" 200 90930 "-" "Mozilla/5.0 (compatible; BLEXBot/1.0; +http://webmeup-crawler.com/)"
157.90.182.25 - - [30/Sep/2023:16:36:16 +0200] "GET /towel-dispenser-c-12_225.html HTTP/1.0" 200 93443 "-" "Mozilla/5.0 (compatible; BLEXBot/1.0; +http://webmeup-crawler.com/)"
157.90.182.25 - - [30/Sep/2023:16:36:24 +0200] "GET /towels-c-11_177.html HTTP/1.0" 200 94520 "-" "Mozilla/5.0 (compatible; BLEXBot/1.0; +http://webmeup-crawler.com/)"
157.90.182.25 - - [30/Sep/2023:16:36:33 +0200] "GET /toys-c-4_45.html HTTP/1.0" 200 88969 "-" "Mozilla/5.0 (compatible; BLEXBot/1.0; +http://webmeup-crawler.com/)"
157.90.182.25 - - [30/Sep/2023:16:36:42 +0200] "GET /trays-c-12_159.html HTTP/1.0" 200 95373 "-" "Mozilla/5.0 (compatible; BLEXBot/1.0; +http://webmeup-crawler.com/)"
157.90.182.25 - - [30/Sep/2023:16:36:47 +0200] "GET /trays-medium-size-c-12_159_265.html HTTP/1.0" 200 94254 "-" "Mozilla/5.0 (compatible; BLEXBot/1.0; +http://webmeup-crawler.com/)"
157.90.182.25 - - [30/Sep/2023:16:36:52 +0200] "GET /trivet-boards-c-12_158.html HTTP/1.0" 200 97561 "-" "Mozilla/5.0 (compatible; BLEXBot/1.0; +http://webmeup-crawler.com/)"
157.90.182.25 - - [30/Sep/2023:16:37:02 +0200] "GET /trunks-c-13_208.html HTTP/1.0" 200 91346 "-" "Mozilla/5.0 (compatible; BLEXBot/1.0; +http://webmeup-crawler.com/)"
157.90.182.25 - - [30/Sep/2023:16:37:12 +0200] "GET /umbrella-holder-c-13_322.html HTTP/1.0" 200 84563 "-" "Mozilla/5.0 (compatible; BLEXBot/1.0; +http://webmeup-crawler.com/)"
157.90.182.25 - - [30/Sep/2023:16:37:18 +0200] "GET /umbrellas-c-31_16.html HTTP/1.0" 200 88786 "-" "Mozilla/5.0 (compatible; BLEXBot/1.0; +http://webmeup-crawler.com/)"
157.90.182.25 - - [30/Sep/2023:16:37:25 +0200] "GET /underwear-c-2_38.html HTTP/1.0" 200 79066 "-" "Mozilla/5.0 (compatible; BLEXBot/1.0; +http://webmeup-crawler.com/)"
157.90.182.25 - - [30/Sep/2023:16:37:30 +0200] "GET /utensil-cutlery-c-12_244.html HTTP/1.0" 200 93312 "-" "Mozilla/5.0 (compatible; BLEXBot/1.0; +http://webmeup-crawler.com/)"
