157.90.182.25 - - [03/Oct/2023:18:16:44 +0200] "GET /chicago-retro-ottoman-storage-p-50175.html HTTP/1.0" 200 76974 "-" "Mozilla/5.0 (compatible; BLEXBot/1.0; +http://webmeup-crawler.com/)"
51.68.224.127 - - [03/Oct/2023:18:16:47 +0200] "GET /adminweb/export_orders_xml.php?token=256de2z6edz6ed2z6DFSFsed2zed6zeDSFDSGdzedezfzf&maxorders=10&orderstart=1&status=14&start_date=2018-10-01 HTTP/1.0" 200 285 "-" "GesCom CharlotteBoutik Serveur"
51.68.224.127 - - [03/Oct/2023:18:16:47 +0200] "GET /adminweb/export_orders_xml.php?token=256de2z6edz6ed2z6DFSFsed2zed6zeDSFDSGdzedezfzf&maxorders=10&orderstart=1&status=6&start_date=2018-10-01 HTTP/1.0" 200 33939 "-" "GesCom CharlotteBoutik Serveur"
85.208.96.208 - - [03/Oct/2023:18:16:48 +0200] "GET /metal-transistor-clock-p-52712.html HTTP/1.0" 200 76231 "-" "Mozilla/5.0 (compatible; SemrushBot/7~bl; +http://www.semrush.com/bot.html)"
157.90.182.25 - - [03/Oct/2023:18:16:49 +0200] "GET /chickens-bread-p-45579.html HTTP/1.0" 200 76152 "-" "Mozilla/5.0 (compatible; BLEXBot/1.0; +http://webmeup-crawler.com/)"
185.191.171.16 - - [03/Oct/2023:18:16:51 +0200] "GET /-p-38080.html HTTP/1.0" 200 73770 "-" "Mozilla/5.0 (compatible; SemrushBot/7~bl; +http://www.semrush.com/bot.html)"
54.36.148.160 - - [03/Oct/2023:18:16:53 +0200] "GET /jellyfish-glass-paperweight-black-p-60045.html HTTP/1.0" 200 76888 "-" "Mozilla/5.0 (compatible; AhrefsBot/7.0; +http://ahrefs.com/robot/)"
157.90.182.25 - - [03/Oct/2023:18:16:54 +0200] "GET /child-watch-spaceman-p-29221.html HTTP/1.0" 200 76148 "-" "Mozilla/5.0 (compatible; BLEXBot/1.0; +http://webmeup-crawler.com/)"
157.90.182.25 - - [03/Oct/2023:18:17:00 +0200] "GET /children-poncho-blanket-p-59743.html HTTP/1.0" 200 77546 "-" "Mozilla/5.0 (compatible; BLEXBot/1.0; +http://webmeup-crawler.com/)"
54.36.148.163 - - [03/Oct/2023:18:17:03 +0200] "GET /images/big_prod_1/5400924304126B.jpg HTTP/1.0" 200 271 "-" "Mozilla/5.0 (compatible; AhrefsBot/7.0; +http://ahrefs.com/robot/)"
47.245.88.174 - - [03/Oct/2023:18:17:03 +0200] "GET /images/mini_prod/3700516211415B.jpg HTTP/1.0" 200 270 "-" "python-requests/2.31.0"
157.90.182.25 - - [03/Oct/2023:18:17:06 +0200] "GET /chill-purse-michelle-allen-p-53359.html HTTP/1.0" 200 76236 "-" "Mozilla/5.0 (compatible; BLEXBot/1.0; +http://webmeup-crawler.com/)"
185.191.171.14 - - [03/Oct/2023:18:17:07 +0200] "GET /magnet-citron-p-40118.html HTTP/1.0" 200 76172 "-" "Mozilla/5.0 (compatible; SemrushBot/7~bl; +http://www.semrush.com/bot.html)"
157.55.39.204 - - [03/Oct/2023:18:17:09 +0200] "GET /pucca-shopping-p-12826.html HTTP/1.0" 200 76277 "-" "Mozilla/5.0 AppleWebKit/537.36 (KHTML, like Gecko; compatible; bingbot/2.0; +http://www.bing.com/bingbot.htm) Chrome/103.0.5060.134 Safari/537.36"
157.90.182.25 - - [03/Oct/2023:18:17:12 +0200] "GET /chimes-suspensions-c-13_241.html?page=2 HTTP/1.0" 200 94332 "-" "Mozilla/5.0 (compatible; BLEXBot/1.0; +http://webmeup-crawler.com/)"
157.90.182.25 - - [03/Oct/2023:18:17:20 +0200] "GET /chimes-suspensions-c-13_241.html?page=3 HTTP/1.0" 200 89544 "-" "Mozilla/5.0 (compatible; BLEXBot/1.0; +http://webmeup-crawler.com/)"
54.36.149.101 - - [03/Oct/2023:18:17:22 +0200] "GET /bamboo-fiber-plant-cover-p-57464.html HTTP/1.0" 200 76777 "-" "Mozilla/5.0 (compatible; AhrefsBot/7.0; +http://ahrefs.com/robot/)"
157.90.182.25 - - [03/Oct/2023:18:17:27 +0200] "GET /chinese-ceramic-perfume-diffuser-beige-p-47197.html HTTP/1.0" 200 76979 "-" "Mozilla/5.0 (compatible; BLEXBot/1.0; +http://webmeup-crawler.com/)"
157.90.182.25 - - [03/Oct/2023:18:17:32 +0200] "GET /chocolates-spoons-p-24880.html HTTP/1.0" 200 76066 "-" "Mozilla/5.0 (compatible; BLEXBot/1.0; +http://webmeup-crawler.com/)"
54.36.149.39 - - [03/Oct/2023:18:17:34 +0200] "GET /images/big_prod/8422048821706.jpg HTTP/1.0" 200 268 "-" "Mozilla/5.0 (compatible; AhrefsBot/7.0; +http://ahrefs.com/robot/)"
85.208.96.208 - - [03/Oct/2023:18:17:34 +0200] "GET /stone-black-moonstone-grams-p-46625.html HTTP/1.0" 200 73856 "-" "Mozilla/5.0 (compatible; SemrushBot/7~bl; +http://www.semrush.com/bot.html)"
157.90.182.25 - - [03/Oct/2023:18:17:37 +0200] "GET /chocolats-little-tray-p-41948.html HTTP/1.0" 200 76282 "-" "Mozilla/5.0 (compatible; BLEXBot/1.0; +http://webmeup-crawler.com/)"
157.90.182.25 - - [03/Oct/2023:18:17:43 +0200] "GET /choupi-table-p-27885.html HTTP/1.0" 200 76094 "-" "Mozilla/5.0 (compatible; BLEXBot/1.0; +http://webmeup-crawler.com/)"
157.90.182.25 - - [03/Oct/2023:18:17:50 +0200] "GET /christmas-balls-first-christmas-p-56206.html HTTP/1.0" 200 77329 "-" "Mozilla/5.0 (compatible; BLEXBot/1.0; +http://webmeup-crawler.com/)"
47.128.45.35 - - [03/Oct/2023:18:17:53 +0200] "GET /images/big_prod/8445148900980A.jpg HTTP/1.0" 200 269 "http://rrscrap.co.uk/easul-344298-Adorable-Pop-Up-Storage-Laundry-Hamper/" "Mozilla/5.0 (Linux; Android 5.0) AppleWebKit/537.36 (KHTML, like Gecko) Mobile Safari/537.36 (compatible; Bytespider; spider-feedback@bytedance.com)"
157.90.182.25 - - [03/Oct/2023:18:17:55 +0200] "GET /christmas-bauble-christmas-p-58859.html HTTP/1.0" 200 77102 "-" "Mozilla/5.0 (compatible; BLEXBot/1.0; +http://webmeup-crawler.com/)"
54.36.148.173 - - [03/Oct/2023:18:17:57 +0200] "GET /minnie-mouse-disney-glitter-globe-p-33589.html HTTP/1.0" 200 76345 "-" "Mozilla/5.0 (compatible; AhrefsBot/7.0; +http://ahrefs.com/robot/)"
157.90.182.25 - - [03/Oct/2023:18:18:01 +0200] "GET /christmas-bauble-famille-p-58861.html HTTP/1.0" 200 77093 "-" "Mozilla/5.0 (compatible; BLEXBot/1.0; +http://webmeup-crawler.com/)"
157.90.182.25 - - [03/Oct/2023:18:18:07 +0200] "GET /christmas-bauble-joyeux-p-58860.html HTTP/1.0" 200 77053 "-" "Mozilla/5.0 (compatible; BLEXBot/1.0; +http://webmeup-crawler.com/)"
157.90.182.25 - - [03/Oct/2023:18:18:13 +0200] "GET /christmas-ornaments-bone-china-p-54931.html HTTP/1.0" 200 76427 "-" "Mozilla/5.0 (compatible; BLEXBot/1.0; +http://webmeup-crawler.com/)"
47.128.39.125 - - [03/Oct/2023:18:18:18 +0200] "GET /adults-c-53.html?page=4 HTTP/1.0" 200 93337 "-" "Mozilla/5.0 (compatible; Bytespider; spider-feedback@bytedance.com) AppleWebKit/537.36 (KHTML, like Gecko) Chrome/70.0.0.0 Safari/537.36"
47.128.39.125 - - [03/Oct/2023:18:18:20 +0200] "GET /js/jquery.jqzoom.js HTTP/1.0" 200 259 "http://www.wonder-geek.com/adults-c-53.html?page=4" "Mozilla/5.0 (compatible; Bytespider; spider-feedback@bytedance.com) AppleWebKit/537.36 (KHTML, like Gecko) Chrome/70.0.0.0 Safari/537.36"
157.90.182.25 - - [03/Oct/2023:18:18:18 +0200] "GET /christmas-penguin-pocket-heater-p-59452.html HTTP/1.0" 200 77242 "-" "Mozilla/5.0 (compatible; BLEXBot/1.0; +http://webmeup-crawler.com/)"
47.128.39.125 - - [03/Oct/2023:18:18:21 +0200] "GET /swfobject.js HTTP/1.0" 404 1308 "http://www.wonder-geek.com/adults-c-53.html?page=4" "Mozilla/5.0 (compatible; Bytespider; spider-feedback@bytedance.com) AppleWebKit/537.36 (KHTML, like Gecko) Chrome/70.0.0.0 Safari/537.36"
47.128.39.101 - - [03/Oct/2023:18:18:21 +0200] "GET /toulon-p-56944.html HTTP/1.0" 200 76800 "-" "Mozilla/5.0 (compatible; Bytespider; spider-feedback@bytedance.com) AppleWebKit/537.36 (KHTML, like Gecko) Chrome/70.0.0.0 Safari/537.36"
47.128.39.101 - - [03/Oct/2023:18:18:25 +0200] "GET /swfobject.js HTTP/1.0" 404 1308 "http://www.wonder-geek.com/toulon-p-56944.html" "Mozilla/5.0 (compatible; Bytespider; spider-feedback@bytedance.com) AppleWebKit/537.36 (KHTML, like Gecko) Chrome/70.0.0.0 Safari/537.36"
157.90.182.25 - - [03/Oct/2023:18:18:25 +0200] "GET /christmas-reindeer-pocket-heater-p-59453.html HTTP/1.0" 200 77041 "-" "Mozilla/5.0 (compatible; BLEXBot/1.0; +http://webmeup-crawler.com/)"
47.128.22.212 - - [03/Oct/2023:18:18:25 +0200] "GET /cbkreation-p-47703.html HTTP/1.0" 200 76104 "-" "Mozilla/5.0 (compatible; Bytespider; spider-feedback@bytedance.com) AppleWebKit/537.36 (KHTML, like Gecko) Chrome/70.0.0.0 Safari/537.36"
47.128.22.212 - - [03/Oct/2023:18:18:28 +0200] "GET /swfobject.js HTTP/1.0" 404 1308 "http://www.wonder-geek.com/cbkreation-p-47703.html" "Mozilla/5.0 (compatible; Bytespider; spider-feedback@bytedance.com) AppleWebKit/537.36 (KHTML, like Gecko) Chrome/70.0.0.0 Safari/537.36"
47.128.39.125 - - [03/Oct/2023:18:18:29 +0200] "GET /js/jquery.min.js HTTP/1.0" 404 1308 "http://www.wonder-geek.com/adults-c-53.html?page=4" "Mozilla/5.0 (compatible; Bytespider; spider-feedback@bytedance.com) AppleWebKit/537.36 (KHTML, like Gecko) Chrome/70.0.0.0 Safari/537.36"
47.128.33.201 - - [03/Oct/2023:18:18:28 +0200] "GET /toothbox-c-13_150_170.html?page=6 HTTP/1.0" 200 87109 "-" "Mozilla/5.0 (compatible; Bytespider; spider-feedback@bytedance.com) AppleWebKit/537.36 (KHTML, like Gecko) Chrome/70.0.0.0 Safari/537.36"
47.128.33.201 - - [03/Oct/2023:18:18:30 +0200] "GET /swfobject.js HTTP/1.0" 404 1308 "http://www.wonder-geek.com/toothbox-c-13_150_170.html?page=6" "Mozilla/5.0 (compatible; Bytespider; spider-feedback@bytedance.com) AppleWebKit/537.36 (KHTML, like Gecko) Chrome/70.0.0.0 Safari/537.36"
157.90.182.25 - - [03/Oct/2023:18:18:30 +0200] "GET /christmas-tree-decoration-hanging-p-49632.html HTTP/1.0" 200 76906 "-" "Mozilla/5.0 (compatible; BLEXBot/1.0; +http://webmeup-crawler.com/)"
47.128.39.101 - - [03/Oct/2023:18:18:33 +0200] "GET /images/big_prod_2/3700516291547C.jpg HTTP/1.0" 200 271 "http://www.wonder-geek.com/toulon-p-56944.html" "Mozilla/5.0 (compatible; Bytespider; spider-feedback@bytedance.com) AppleWebKit/537.36 (KHTML, like Gecko) Chrome/70.0.0.0 Safari/537.36"
47.128.33.156 - - [03/Oct/2023:18:18:31 +0200] "GET /specials.php?page=11 HTTP/1.0" 200 121347 "-" "Mozilla/5.0 (compatible; Bytespider; spider-feedback@bytedance.com) AppleWebKit/537.36 (KHTML, like Gecko) Chrome/70.0.0.0 Safari/537.36"
47.128.39.101 - - [03/Oct/2023:18:18:33 +0200] "GET /images/big_prod_1/3700516291547B.jpg HTTP/1.0" 200 271 "http://www.wonder-geek.com/toulon-p-56944.html" "Mozilla/5.0 (compatible; Bytespider; spider-feedback@bytedance.com) AppleWebKit/537.36 (KHTML, like Gecko) Chrome/70.0.0.0 Safari/537.36"
47.128.33.156 - - [03/Oct/2023:18:18:33 +0200] "GET /swfobject.js HTTP/1.0" 404 1308 "http://www.wonder-geek.com/specials.php?page=11" "Mozilla/5.0 (compatible; Bytespider; spider-feedback@bytedance.com) AppleWebKit/537.36 (KHTML, like Gecko) Chrome/70.0.0.0 Safari/537.36"
47.128.39.101 - - [03/Oct/2023:18:18:34 +0200] "GET /highslide/graphics/outlines/drop-shadow.png HTTP/1.0" 200 277 "http://www.wonder-geek.com/toulon-p-56944.html" "Mozilla/5.0 (compatible; Bytespider; spider-feedback@bytedance.com) AppleWebKit/537.36 (KHTML, like Gecko) Chrome/70.0.0.0 Safari/537.36"
47.128.39.101 - - [03/Oct/2023:18:18:34 +0200] "GET /highslide/graphics/zoomout.cur HTTP/1.0" 200 614 "http://www.wonder-geek.com/toulon-p-56944.html" "Mozilla/5.0 (compatible; Bytespider; spider-feedback@bytedance.com) AppleWebKit/537.36 (KHTML, like Gecko) Chrome/70.0.0.0 Safari/537.36"
47.128.39.101 - - [03/Oct/2023:18:18:35 +0200] "GET /images/big_prod/3700516291547.jpg HTTP/1.0" 200 268 "http://www.wonder-geek.com/toulon-p-56944.html" "Mozilla/5.0 (compatible; Bytespider; spider-feedback@bytedance.com) AppleWebKit/537.36 (KHTML, like Gecko) Chrome/70.0.0.0 Safari/537.36"
54.36.149.87 - - [03/Oct/2023:18:18:36 +0200] "GET /cats-dubout-figurine-happy-days-p-32702.html HTTP/1.0" 200 76627 "-" "Mozilla/5.0 (compatible; AhrefsBot/7.0; +http://ahrefs.com/robot/)"
157.90.182.25 - - [03/Oct/2023:18:18:36 +0200] "GET /christmas-tree-decoration-hanging-p-49634.html HTTP/1.0" 200 76888 "-" "Mozilla/5.0 (compatible; BLEXBot/1.0; +http://webmeup-crawler.com/)"
47.128.33.201 - - [03/Oct/2023:18:18:39 +0200] "GET /js/jquery.min.js HTTP/1.0" 404 1308 "http://www.wonder-geek.com/toothbox-c-13_150_170.html?page=6" "Mozilla/5.0 (compatible; Bytespider; spider-feedback@bytedance.com) AppleWebKit/537.36 (KHTML, like Gecko) Chrome/70.0.0.0 Safari/537.36"
47.128.33.201 - - [03/Oct/2023:18:18:40 +0200] "GET /highslide/graphics/zoomout.cur HTTP/1.0" 200 614 "http://www.wonder-geek.com/toothbox-c-13_150_170.html?page=6" "Mozilla/5.0 (compatible; Bytespider; spider-feedback@bytedance.com) AppleWebKit/537.36 (KHTML, like Gecko) Chrome/70.0.0.0 Safari/537.36"
47.128.33.201 - - [03/Oct/2023:18:18:40 +0200] "GET /highslide/graphics/outlines/drop-shadow.png HTTP/1.0" 200 277 "http://www.wonder-geek.com/toothbox-c-13_150_170.html?page=6" "Mozilla/5.0 (compatible; Bytespider; spider-feedback@bytedance.com) AppleWebKit/537.36 (KHTML, like Gecko) Chrome/70.0.0.0 Safari/537.36"
47.128.22.212 - - [03/Oct/2023:18:18:42 +0200] "GET /highslide/graphics/zoomout.cur HTTP/1.0" 200 614 "http://www.wonder-geek.com/cbkreation-p-47703.html" "Mozilla/5.0 (compatible; Bytespider; spider-feedback@bytedance.com) AppleWebKit/537.36 (KHTML, like Gecko) Chrome/70.0.0.0 Safari/537.36"
47.128.22.212 - - [03/Oct/2023:18:18:42 +0200] "GET /highslide/graphics/outlines/drop-shadow.png HTTP/1.0" 200 277 "http://www.wonder-geek.com/cbkreation-p-47703.html" "Mozilla/5.0 (compatible; Bytespider; spider-feedback@bytedance.com) AppleWebKit/537.36 (KHTML, like Gecko) Chrome/70.0.0.0 Safari/537.36"
47.128.22.212 - - [03/Oct/2023:18:18:43 +0200] "GET /images/big_prod/1399980109025.jpg HTTP/1.0" 200 268 "http://www.wonder-geek.com/cbkreation-p-47703.html" "Mozilla/5.0 (compatible; Bytespider; spider-feedback@bytedance.com) AppleWebKit/537.36 (KHTML, like Gecko) Chrome/70.0.0.0 Safari/537.36"
157.90.182.25 - - [03/Oct/2023:18:18:42 +0200] "GET /christmas-tree-decoration-hanging-p-49643.html HTTP/1.0" 200 76266 "-" "Mozilla/5.0 (compatible; BLEXBot/1.0; +http://webmeup-crawler.com/)"
47.128.33.156 - - [03/Oct/2023:18:18:44 +0200] "GET /images/table_background_specials.gif HTTP/1.0" 200 1094 "http://www.wonder-geek.com/specials.php?page=11" "Mozilla/5.0 (compatible; Bytespider; spider-feedback@bytedance.com) AppleWebKit/537.36 (KHTML, like Gecko) Chrome/70.0.0.0 Safari/537.36"
47.128.33.156 - - [03/Oct/2023:18:18:48 +0200] "GET /js/jquery.min.js HTTP/1.0" 404 1308 "http://www.wonder-geek.com/specials.php?page=11" "Mozilla/5.0 (compatible; Bytespider; spider-feedback@bytedance.com) AppleWebKit/537.36 (KHTML, like Gecko) Chrome/70.0.0.0 Safari/537.36"
47.128.33.156 - - [03/Oct/2023:18:18:49 +0200] "GET /highslide/graphics/zoomout.cur HTTP/1.0" 200 614 "http://www.wonder-geek.com/specials.php?page=11" "Mozilla/5.0 (compatible; Bytespider; spider-feedback@bytedance.com) AppleWebKit/537.36 (KHTML, like Gecko) Chrome/70.0.0.0 Safari/537.36"
47.128.33.156 - - [03/Oct/2023:18:18:49 +0200] "GET /highslide/graphics/outlines/drop-shadow.png HTTP/1.0" 200 277 "http://www.wonder-geek.com/specials.php?page=11" "Mozilla/5.0 (compatible; Bytespider; spider-feedback@bytedance.com) AppleWebKit/537.36 (KHTML, like Gecko) Chrome/70.0.0.0 Safari/537.36"
85.208.96.203 - - [03/Oct/2023:18:18:50 +0200] "GET /luggages-schoolbags-leather-shop-c-31.html?page=26 HTTP/1.0" 200 97449 "-" "Mozilla/5.0 (compatible; SemrushBot/7~bl; +http://www.semrush.com/bot.html)"
157.90.182.25 - - [03/Oct/2023:18:18:52 +0200] "GET /christmas-tree-ornament-christmas-balls-c-13_271.html?page=2 HTTP/1.0" 200 95207 "-" "Mozilla/5.0 (compatible; BLEXBot/1.0; +http://webmeup-crawler.com/)"
157.90.182.25 - - [03/Oct/2023:18:19:06 +0200] "GET /christmas-tree-ornament-christmas-balls-c-13_271.html?page=3 HTTP/1.0" 200 95333 "-" "Mozilla/5.0 (compatible; BLEXBot/1.0; +http://webmeup-crawler.com/)"
185.191.171.19 - - [03/Oct/2023:18:19:08 +0200] "GET /pink-fitted-sheet-p-39048.html HTTP/1.0" 200 76761 "-" "Mozilla/5.0 (compatible; SemrushBot/7~bl; +http://www.semrush.com/bot.html)"
54.36.149.77 - - [03/Oct/2023:18:19:10 +0200] "GET /with-infuser-britanny-p-60445.html HTTP/1.0" 200 77011 "-" "Mozilla/5.0 (compatible; AhrefsBot/7.0; +http://ahrefs.com/robot/)"
157.90.182.25 - - [03/Oct/2023:18:19:12 +0200] "GET /christmas-tree-ornament-christmas-balls-c-13_271.html?page=4 HTTP/1.0" 200 92104 "-" "Mozilla/5.0 (compatible; BLEXBot/1.0; +http://webmeup-crawler.com/)"
157.90.182.25 - - [03/Oct/2023:18:19:18 +0200] "GET /cigarette-machine-lion-jamaica-p-14581.html HTTP/1.0" 200 76684 "-" "Mozilla/5.0 (compatible; BLEXBot/1.0; +http://webmeup-crawler.com/)"
157.90.182.25 - - [03/Oct/2023:18:19:26 +0200] "GET /cigarette-machine-rastaman-jamaica-p-37011.html HTTP/1.0" 200 77173 "-" "Mozilla/5.0 (compatible; BLEXBot/1.0; +http://webmeup-crawler.com/)"
54.36.148.68 - - [03/Oct/2023:18:19:29 +0200] "GET /images/big_prod_1/3503420054815B.jpg HTTP/1.0" 200 271 "-" "Mozilla/5.0 (compatible; AhrefsBot/7.0; +http://ahrefs.com/robot/)"
157.90.182.25 - - [03/Oct/2023:18:19:31 +0200] "GET /circle-coasters-with-personalized-pictures-p-16334.html HTTP/1.0" 200 76837 "-" "Mozilla/5.0 (compatible; BLEXBot/1.0; +http://webmeup-crawler.com/)"
54.36.149.55 - - [03/Oct/2023:18:19:33 +0200] "GET /images/big_prod/3503420054815.jpg HTTP/1.0" 200 268 "-" "Mozilla/5.0 (compatible; AhrefsBot/7.0; +http://ahrefs.com/robot/)"
157.90.182.25 - - [03/Oct/2023:18:19:36 +0200] "GET /citron-miniature-vehicle-p-41830.html HTTP/1.0" 200 76177 "-" "Mozilla/5.0 (compatible; BLEXBot/1.0; +http://webmeup-crawler.com/)"
54.36.148.150 - - [03/Oct/2023:18:19:39 +0200] "GET /images/big_prod_2/3503420054815C.jpg HTTP/1.0" 200 271 "-" "Mozilla/5.0 (compatible; AhrefsBot/7.0; +http://ahrefs.com/robot/)"
157.90.182.25 - - [03/Oct/2023:18:19:41 +0200] "GET /city-with-infuser-model-p-54149.html HTTP/1.0" 200 76209 "-" "Mozilla/5.0 (compatible; BLEXBot/1.0; +http://webmeup-crawler.com/)"
54.36.148.250 - - [03/Oct/2023:18:19:42 +0200] "GET /vanua-cotton-basket-planter-p-57833.html HTTP/1.0" 200 77013 "-" "Mozilla/5.0 (compatible; AhrefsBot/7.0; +http://ahrefs.com/robot/)"
157.90.182.25 - - [03/Oct/2023:18:19:46 +0200] "GET /city-with-infuser-model-p-54154.html HTTP/1.0" 200 76204 "-" "Mozilla/5.0 (compatible; BLEXBot/1.0; +http://webmeup-crawler.com/)"
157.90.182.25 - - [03/Oct/2023:18:19:52 +0200] "GET /clairs-pastries-spoons-p-48241.html HTTP/1.0" 200 76786 "-" "Mozilla/5.0 (compatible; BLEXBot/1.0; +http://webmeup-crawler.com/)"
157.90.182.25 - - [03/Oct/2023:18:19:59 +0200] "GET /claude-monet-nymphs-little-tray-p-58397.html HTTP/1.0" 200 77014 "-" "Mozilla/5.0 (compatible; BLEXBot/1.0; +http://webmeup-crawler.com/)"
157.90.182.25 - - [03/Oct/2023:18:20:07 +0200] "GET /claude-monet-poppies-little-tray-p-58396.html HTTP/1.0" 200 76992 "-" "Mozilla/5.0 (compatible; BLEXBot/1.0; +http://webmeup-crawler.com/)"
85.208.96.203 - - [03/Oct/2023:18:20:15 +0200] "GET /star-wars-yoda-keyring-p-32336.html HTTP/1.0" 200 76158 "-" "Mozilla/5.0 (compatible; SemrushBot/7~bl; +http://www.semrush.com/bot.html)"
157.90.182.25 - - [03/Oct/2023:18:20:16 +0200] "GET /clemence-charming-dekor-bedclothes-p-56825.html HTTP/1.0" 200 77041 "-" "Mozilla/5.0 (compatible; BLEXBot/1.0; +http://webmeup-crawler.com/)"
54.36.148.212 - - [03/Oct/2023:18:20:19 +0200] "GET /seagrass-napkin-rings-p-60086.html HTTP/1.0" 200 76798 "-" "Mozilla/5.0 (compatible; AhrefsBot/7.0; +http://ahrefs.com/robot/)"
157.90.182.25 - - [03/Oct/2023:18:20:23 +0200] "GET /cleo-nile-figure-p-22566.html HTTP/1.0" 200 76199 "-" "Mozilla/5.0 (compatible; BLEXBot/1.0; +http://webmeup-crawler.com/)"
157.90.182.25 - - [03/Oct/2023:18:20:29 +0200] "GET /cleste-bedspread-mother-pearl-p-60581.html HTTP/1.0" 200 77487 "-" "Mozilla/5.0 (compatible; BLEXBot/1.0; +http://webmeup-crawler.com/)"
54.36.148.243 - - [03/Oct/2023:18:20:31 +0200] "GET /images/big_prod_1/5400924310653B.jpg HTTP/1.0" 200 271 "-" "Mozilla/5.0 (compatible; AhrefsBot/7.0; +http://ahrefs.com/robot/)"
54.36.149.22 - - [03/Oct/2023:18:20:33 +0200] "GET /images/big_prod/5400924310653.jpg HTTP/1.0" 200 268 "-" "Mozilla/5.0 (compatible; AhrefsBot/7.0; +http://ahrefs.com/robot/)"
157.90.182.25 - - [03/Oct/2023:18:20:37 +0200] "GET /cleste-bedspread-mother-pearl-p-60582.html HTTP/1.0" 200 77487 "-" "Mozilla/5.0 (compatible; BLEXBot/1.0; +http://webmeup-crawler.com/)"
157.90.182.25 - - [03/Oct/2023:18:20:42 +0200] "GET /cleste-bedspread-p-60580.html HTTP/1.0" 200 77324 "-" "Mozilla/5.0 (compatible; BLEXBot/1.0; +http://webmeup-crawler.com/)"
54.36.149.74 - - [03/Oct/2023:18:20:48 +0200] "GET /heart-home-home-christmas-candle-metal-p-57116.html HTTP/1.0" 200 77478 "-" "Mozilla/5.0 (compatible; AhrefsBot/7.0; +http://ahrefs.com/robot/)"
157.90.182.25 - - [03/Oct/2023:18:20:49 +0200] "GET /clock-greatest-happiness-p-47341.html HTTP/1.0" 200 76861 "-" "Mozilla/5.0 (compatible; BLEXBot/1.0; +http://webmeup-crawler.com/)"
157.90.182.25 - - [03/Oct/2023:18:20:55 +0200] "GET /clock-indian-spirit-mandala-p-42945.html HTTP/1.0" 200 76211 "-" "Mozilla/5.0 (compatible; BLEXBot/1.0; +http://webmeup-crawler.com/)"
157.90.182.25 - - [03/Oct/2023:18:21:01 +0200] "GET /clock-sweetest-happiness-wooden-p-47342.html HTTP/1.0" 200 76304 "-" "Mozilla/5.0 (compatible; BLEXBot/1.0; +http://webmeup-crawler.com/)"
157.90.182.25 - - [03/Oct/2023:18:21:07 +0200] "GET /clocks-c-13_67.html?page=10 HTTP/1.0" 200 91176 "-" "Mozilla/5.0 (compatible; BLEXBot/1.0; +http://webmeup-crawler.com/)"
157.90.182.25 - - [03/Oct/2023:18:21:13 +0200] "GET /clocks-c-13_67.html?page=2 HTTP/1.0" 200 97068 "-" "Mozilla/5.0 (compatible; BLEXBot/1.0; +http://webmeup-crawler.com/)"
157.90.182.25 - - [03/Oct/2023:18:21:21 +0200] "GET /clocks-c-13_67.html?page=3 HTTP/1.0" 200 96203 "-" "Mozilla/5.0 (compatible; BLEXBot/1.0; +http://webmeup-crawler.com/)"
54.36.149.2 - - [03/Oct/2023:18:21:22 +0200] "GET /with-infuser-britanny-p-60444.html HTTP/1.0" 200 77011 "-" "Mozilla/5.0 (compatible; AhrefsBot/7.0; +http://ahrefs.com/robot/)"
54.36.148.247 - - [03/Oct/2023:18:21:26 +0200] "GET /images/big_prod_2/3503420017971C.jpg HTTP/1.0" 200 271 "-" "Mozilla/5.0 (compatible; AhrefsBot/7.0; +http://ahrefs.com/robot/)"
54.36.149.8 - - [03/Oct/2023:18:21:30 +0200] "GET /images/big_prod/3503420017971.jpg HTTP/1.0" 200 268 "-" "Mozilla/5.0 (compatible; AhrefsBot/7.0; +http://ahrefs.com/robot/)"
157.90.182.25 - - [03/Oct/2023:18:21:28 +0200] "GET /clocks-c-13_67.html?page=4 HTTP/1.0" 200 96167 "-" "Mozilla/5.0 (compatible; BLEXBot/1.0; +http://webmeup-crawler.com/)"
157.90.182.25 - - [03/Oct/2023:18:21:34 +0200] "GET /clocks-c-13_67.html?page=5 HTTP/1.0" 200 96446 "-" "Mozilla/5.0 (compatible; BLEXBot/1.0; +http://webmeup-crawler.com/)"
157.90.182.25 - - [03/Oct/2023:18:21:41 +0200] "GET /clocks-c-13_67.html?page=6 HTTP/1.0" 200 96372 "-" "Mozilla/5.0 (compatible; BLEXBot/1.0; +http://webmeup-crawler.com/)"
157.90.182.25 - - [03/Oct/2023:18:21:48 +0200] "GET /clocks-c-13_67.html?page=7 HTTP/1.0" 200 96056 "-" "Mozilla/5.0 (compatible; BLEXBot/1.0; +http://webmeup-crawler.com/)"
54.36.148.124 - - [03/Oct/2023:18:21:55 +0200] "GET /wick-ellipse-candle-heart-home-forest-angels-p-58936.html HTTP/1.0" 200 77224 "-" "Mozilla/5.0 (compatible; AhrefsBot/7.0; +http://ahrefs.com/robot/)"
157.90.182.25 - - [03/Oct/2023:18:21:55 +0200] "GET /clocks-c-13_67.html?page=8 HTTP/1.0" 200 97000 "-" "Mozilla/5.0 (compatible; BLEXBot/1.0; +http://webmeup-crawler.com/)"
157.90.182.25 - - [03/Oct/2023:18:22:03 +0200] "GET /clocks-c-13_67.html?page=9 HTTP/1.0" 200 96056 "-" "Mozilla/5.0 (compatible; BLEXBot/1.0; +http://webmeup-crawler.com/)"
185.191.171.12 - - [03/Oct/2023:18:22:06 +0200] "GET /-p-7482.html HTTP/1.0" 200 73768 "-" "Mozilla/5.0 (compatible; SemrushBot/7~bl; +http://www.semrush.com/bot.html)"
54.36.148.144 - - [03/Oct/2023:18:22:10 +0200] "GET /images/big_prod/5051276459202b.jpg HTTP/1.0" 200 269 "-" "Mozilla/5.0 (compatible; AhrefsBot/7.0; +http://ahrefs.com/robot/)"
157.90.182.25 - - [03/Oct/2023:18:22:11 +0200] "GET /coasters-c-12_157.html?page=10 HTTP/1.0" 200 87731 "-" "Mozilla/5.0 (compatible; BLEXBot/1.0; +http://webmeup-crawler.com/)"
157.90.182.25 - - [03/Oct/2023:18:22:18 +0200] "GET /coasters-c-12_157.html?page=2 HTTP/1.0" 200 96153 "-" "Mozilla/5.0 (compatible; BLEXBot/1.0; +http://webmeup-crawler.com/)"
85.208.96.208 - - [03/Oct/2023:18:22:20 +0200] "GET /mugs-mazagrans-c-12_57.html?page=26 HTTP/1.0" 200 99564 "-" "Mozilla/5.0 (compatible; SemrushBot/7~bl; +http://www.semrush.com/bot.html)"
157.90.182.25 - - [03/Oct/2023:18:22:24 +0200] "GET /coasters-c-12_157.html?page=3 HTTP/1.0" 200 96738 "-" "Mozilla/5.0 (compatible; BLEXBot/1.0; +http://webmeup-crawler.com/)"
54.36.148.7 - - [03/Oct/2023:18:22:27 +0200] "GET /melt-heart-home-rosewood-vanilla-p-52815.html HTTP/1.0" 200 77480 "-" "Mozilla/5.0 (compatible; AhrefsBot/7.0; +http://ahrefs.com/robot/)"
54.36.148.100 - - [03/Oct/2023:18:22:30 +0200] "GET /images/big_prod_3/diffuseurgalet.jpg HTTP/1.0" 200 271 "-" "Mozilla/5.0 (compatible; AhrefsBot/7.0; +http://ahrefs.com/robot/)"
157.90.182.25 - - [03/Oct/2023:18:22:30 +0200] "GET /coasters-c-12_157.html?page=4 HTTP/1.0" 200 96550 "-" "Mozilla/5.0 (compatible; BLEXBot/1.0; +http://webmeup-crawler.com/)"
157.90.182.25 - - [03/Oct/2023:18:22:37 +0200] "GET /coasters-c-12_157.html?page=5 HTTP/1.0" 200 96547 "-" "Mozilla/5.0 (compatible; BLEXBot/1.0; +http://webmeup-crawler.com/)"
157.90.182.25 - - [03/Oct/2023:18:22:44 +0200] "GET /coasters-c-12_157.html?page=6 HTTP/1.0" 200 97029 "-" "Mozilla/5.0 (compatible; BLEXBot/1.0; +http://webmeup-crawler.com/)"
157.90.182.25 - - [03/Oct/2023:18:22:50 +0200] "GET /coasters-c-12_157.html?page=7 HTTP/1.0" 200 98061 "-" "Mozilla/5.0 (compatible; BLEXBot/1.0; +http://webmeup-crawler.com/)"
85.208.96.200 - - [03/Oct/2023:18:22:52 +0200] "GET /-p-5133.html HTTP/1.0" 200 73768 "-" "Mozilla/5.0 (compatible; SemrushBot/7~bl; +http://www.semrush.com/bot.html)"
157.90.182.25 - - [03/Oct/2023:18:22:56 +0200] "GET /coasters-c-12_157.html?page=8 HTTP/1.0" 200 97111 "-" "Mozilla/5.0 (compatible; BLEXBot/1.0; +http://webmeup-crawler.com/)"
54.36.148.183 - - [03/Oct/2023:18:22:58 +0200] "GET /with-infuser-britanny-p-60446.html HTTP/1.0" 200 77011 "-" "Mozilla/5.0 (compatible; AhrefsBot/7.0; +http://ahrefs.com/robot/)"
157.90.182.25 - - [03/Oct/2023:18:23:03 +0200] "GET /coasters-c-12_157.html?page=9 HTTP/1.0" 200 96777 "-" "Mozilla/5.0 (compatible; BLEXBot/1.0; +http://webmeup-crawler.com/)"
157.90.182.25 - - [03/Oct/2023:18:23:08 +0200] "GET /coasters-mandala-p-50117.html HTTP/1.0" 200 76042 "-" "Mozilla/5.0 (compatible; BLEXBot/1.0; +http://webmeup-crawler.com/)"
157.90.182.25 - - [03/Oct/2023:18:23:14 +0200] "GET /coasters-mandala-p-50119.html HTTP/1.0" 200 76042 "-" "Mozilla/5.0 (compatible; BLEXBot/1.0; +http://webmeup-crawler.com/)"
54.36.148.128 - - [03/Oct/2023:18:23:16 +0200] "GET /images/big_prod_1/3503420170546B.jpg HTTP/1.0" 200 271 "-" "Mozilla/5.0 (compatible; AhrefsBot/7.0; +http://ahrefs.com/robot/)"
157.90.182.25 - - [03/Oct/2023:18:23:20 +0200] "GET /coasters-mandala-p-50120.html HTTP/1.0" 200 76042 "-" "Mozilla/5.0 (compatible; BLEXBot/1.0; +http://webmeup-crawler.com/)"
157.90.182.25 - - [03/Oct/2023:18:23:25 +0200] "GET /coasters-p-45662.html HTTP/1.0" 200 76034 "-" "Mozilla/5.0 (compatible; BLEXBot/1.0; +http://webmeup-crawler.com/)"
54.36.149.49 - - [03/Oct/2023:18:23:26 +0200] "GET /images/big_prod_2/3503420170546C.jpg HTTP/1.0" 200 271 "-" "Mozilla/5.0 (compatible; AhrefsBot/7.0; +http://ahrefs.com/robot/)"
157.90.182.25 - - [03/Oct/2023:18:23:31 +0200] "GET /coasters-p-45665.html HTTP/1.0" 200 76034 "-" "Mozilla/5.0 (compatible; BLEXBot/1.0; +http://webmeup-crawler.com/)"
54.36.149.84 - - [03/Oct/2023:18:23:35 +0200] "GET /cement-tile-stickers-gray-p-43005.html HTTP/1.0" 200 77136 "-" "Mozilla/5.0 (compatible; AhrefsBot/7.0; +http://ahrefs.com/robot/)"
71.18.255.30 - - [03/Oct/2023:18:23:39 +0200] "GET /images/mini_prod/1384010202883.jpg HTTP/1.0" 200 269 "-" "Mozilla/5.0 (X11; Ubuntu; Linux x86_64; rv:72.0) Gecko/20100101 Firefox/72.0"
54.36.149.59 - - [03/Oct/2023:18:23:41 +0200] "GET /images/big_prod/3609810061873C.jpg HTTP/1.0" 200 269 "-" "Mozilla/5.0 (compatible; AhrefsBot/7.0; +http://ahrefs.com/robot/)"
157.90.182.25 - - [03/Oct/2023:18:23:39 +0200] "GET /coat-hook-c-13_198.html?page=2 HTTP/1.0" 200 94207 "-" "Mozilla/5.0 (compatible; BLEXBot/1.0; +http://webmeup-crawler.com/)"
54.36.149.55 - - [03/Oct/2023:18:23:43 +0200] "GET /images/big_prod_1/3609810061873D.jpg HTTP/1.0" 200 271 "-" "Mozilla/5.0 (compatible; AhrefsBot/7.0; +http://ahrefs.com/robot/)"
157.90.182.25 - - [03/Oct/2023:18:23:45 +0200] "GET /coat-hook-c-13_198.html?page=3 HTTP/1.0" 200 93900 "-" "Mozilla/5.0 (compatible; BLEXBot/1.0; +http://webmeup-crawler.com/)"
185.191.171.8 - - [03/Oct/2023:18:23:51 +0200] "GET /provence-soap-dispenser-soap-p-45126.html HTTP/1.0" 200 73878 "-" "Mozilla/5.0 (compatible; SemrushBot/7~bl; +http://www.semrush.com/bot.html)"
157.90.182.25 - - [03/Oct/2023:18:23:52 +0200] "GET /coat-hook-c-13_198.html?page=4 HTTP/1.0" 200 89852 "-" "Mozilla/5.0 (compatible; BLEXBot/1.0; +http://webmeup-crawler.com/)"
157.90.182.25 - - [03/Oct/2023:18:23:59 +0200] "GET /coat-rack-hook-floor-cast-iron-p-47448.html HTTP/1.0" 200 76252 "-" "Mozilla/5.0 (compatible; BLEXBot/1.0; +http://webmeup-crawler.com/)"
157.90.182.25 - - [03/Oct/2023:18:24:04 +0200] "GET /coat-rack-wooden-supports-p-46727.html HTTP/1.0" 200 76195 "-" "Mozilla/5.0 (compatible; BLEXBot/1.0; +http://webmeup-crawler.com/)"
157.90.182.25 - - [03/Oct/2023:18:24:07 +0200] "GET /coat-rack-wooden-supports-p-46728.html HTTP/1.0" 200 76195 "-" "Mozilla/5.0 (compatible; BLEXBot/1.0; +http://webmeup-crawler.com/)"
54.36.148.223 - - [03/Oct/2023:18:24:09 +0200] "GET /wick-ellipse-candle-heart-home-mulberry-p-58943.html HTTP/1.0" 200 77777 "-" "Mozilla/5.0 (compatible; AhrefsBot/7.0; +http://ahrefs.com/robot/)"
157.90.182.25 - - [03/Oct/2023:18:24:12 +0200] "GET /cobalt-polyester-round-chair-cushion-p-60655.html HTTP/1.0" 200 76874 "-" "Mozilla/5.0 (compatible; BLEXBot/1.0; +http://webmeup-crawler.com/)"
185.191.171.7 - - [03/Oct/2023:18:24:20 +0200] "GET /-p-47963.html HTTP/1.0" 200 73770 "-" "Mozilla/5.0 (compatible; SemrushBot/7~bl; +http://www.semrush.com/bot.html)"
157.90.182.25 - - [03/Oct/2023:18:24:20 +0200] "GET /coca-cola-cherry-coke-pink-shirt-p-30045.html HTTP/1.0" 200 77393 "-" "Mozilla/5.0 (compatible; BLEXBot/1.0; +http://webmeup-crawler.com/)"
157.90.182.25 - - [03/Oct/2023:18:24:25 +0200] "GET /coca-cola-mirror-p-28092.html HTTP/1.0" 200 76053 "-" "Mozilla/5.0 (compatible; BLEXBot/1.0; +http://webmeup-crawler.com/)"
54.36.148.25 - - [03/Oct/2023:18:24:27 +0200] "GET /images/big_prod_2/5051276459165a.jpg HTTP/1.0" 200 271 "-" "Mozilla/5.0 (compatible; AhrefsBot/7.0; +http://ahrefs.com/robot/)"
157.90.182.25 - - [03/Oct/2023:18:24:29 +0200] "GET /cock-salt-pepper-p-35945.html HTTP/1.0" 200 76102 "-" "Mozilla/5.0 (compatible; BLEXBot/1.0; +http://webmeup-crawler.com/)"
54.36.148.74 - - [03/Oct/2023:18:24:32 +0200] "GET /images/big_prod_1/5051276459165a.jpg HTTP/1.0" 200 271 "-" "Mozilla/5.0 (compatible; AhrefsBot/7.0; +http://ahrefs.com/robot/)"
157.90.182.25 - - [03/Oct/2023:18:24:33 +0200] "GET /cocktail-sticks-amis-p-47138.html HTTP/1.0" 200 76312 "-" "Mozilla/5.0 (compatible; BLEXBot/1.0; +http://webmeup-crawler.com/)"
157.90.182.25 - - [03/Oct/2023:18:24:39 +0200] "GET /cocktail-sticks-peux-apro-p-47141.html HTTP/1.0" 200 76367 "-" "Mozilla/5.0 (compatible; BLEXBot/1.0; +http://webmeup-crawler.com/)"
157.90.182.25 - - [03/Oct/2023:18:24:45 +0200] "GET /coconut-cutlery-with-organic-cotton-case-p-59593.html HTTP/1.0" 200 77598 "-" "Mozilla/5.0 (compatible; BLEXBot/1.0; +http://webmeup-crawler.com/)"
54.36.148.232 - - [03/Oct/2023:18:24:45 +0200] "GET /magnet-copine-trop-gniale-p-57081.html HTTP/1.0" 200 76789 "-" "Mozilla/5.0 (compatible; AhrefsBot/7.0; +http://ahrefs.com/robot/)"
157.90.182.25 - - [03/Oct/2023:18:24:52 +0200] "GET /coconut-fibers-doormat-albor-p-54565.html HTTP/1.0" 200 77082 "-" "Mozilla/5.0 (compatible; BLEXBot/1.0; +http://webmeup-crawler.com/)"
54.36.148.64 - - [03/Oct/2023:18:24:55 +0200] "GET /images/big_prod_1/3453131158404a.jpg HTTP/1.0" 200 271 "-" "Mozilla/5.0 (compatible; AhrefsBot/7.0; +http://ahrefs.com/robot/)"
157.90.182.25 - - [03/Oct/2023:18:24:58 +0200] "GET /coconut-fibers-doormat-arborvitae-p-52458.html HTTP/1.0" 200 77108 "-" "Mozilla/5.0 (compatible; BLEXBot/1.0; +http://webmeup-crawler.com/)"
157.90.182.25 - - [03/Oct/2023:18:25:07 +0200] "GET /coconut-fibers-doormat-cats-home-p-56272.html HTTP/1.0" 200 77563 "-" "Mozilla/5.0 (compatible; BLEXBot/1.0; +http://webmeup-crawler.com/)"
157.90.182.25 - - [03/Oct/2023:18:25:13 +0200] "GET /coconut-fibers-doormat-colorcats-p-56269.html HTTP/1.0" 200 77098 "-" "Mozilla/5.0 (compatible; BLEXBot/1.0; +http://webmeup-crawler.com/)"
54.36.148.200 - - [03/Oct/2023:18:25:14 +0200] "GET /glittery-pink-glass-cover-p-58061.html HTTP/1.0" 200 76916 "-" "Mozilla/5.0 (compatible; AhrefsBot/7.0; +http://ahrefs.com/robot/)"
157.90.182.25 - - [03/Oct/2023:18:25:19 +0200] "GET /coconut-fibers-doormat-dogs-panama-p-56987.html HTTP/1.0" 200 77379 "-" "Mozilla/5.0 (compatible; BLEXBot/1.0; +http://webmeup-crawler.com/)"
54.36.149.103 - - [03/Oct/2023:18:25:23 +0200] "GET /images/big_prod_1/5400924168421B.jpg HTTP/1.0" 200 271 "-" "Mozilla/5.0 (compatible; AhrefsBot/7.0; +http://ahrefs.com/robot/)"
157.90.182.25 - - [03/Oct/2023:18:25:23 +0200] "GET /coconut-fibers-doormat-flowers-panama-p-56274.html HTTP/1.0" 200 77414 "-" "Mozilla/5.0 (compatible; BLEXBot/1.0; +http://webmeup-crawler.com/)"
157.90.182.25 - - [03/Oct/2023:18:25:29 +0200] "GET /coconut-fibers-doormat-home-p-54566.html HTTP/1.0" 200 77048 "-" "Mozilla/5.0 (compatible; BLEXBot/1.0; +http://webmeup-crawler.com/)"
54.36.148.50 - - [03/Oct/2023:18:25:35 +0200] "GET /images/big_prod/5400924168421.jpg HTTP/1.0" 200 268 "-" "Mozilla/5.0 (compatible; AhrefsBot/7.0; +http://ahrefs.com/robot/)"
157.90.182.25 - - [03/Oct/2023:18:25:36 +0200] "GET /coconut-fibers-doormat-home-p-56266.html HTTP/1.0" 200 77048 "-" "Mozilla/5.0 (compatible; BLEXBot/1.0; +http://webmeup-crawler.com/)"
157.90.182.25 - - [03/Oct/2023:18:25:42 +0200] "GET /coconut-fibers-doormat-home-sweet-home-p-57879.html HTTP/1.0" 200 77402 "-" "Mozilla/5.0 (compatible; BLEXBot/1.0; +http://webmeup-crawler.com/)"
54.36.149.96 - - [03/Oct/2023:18:25:47 +0200] "GET /potholder-glove-p-51738.html HTTP/1.0" 200 76143 "-" "Mozilla/5.0 (compatible; AhrefsBot/7.0; +http://ahrefs.com/robot/)"
157.90.182.25 - - [03/Oct/2023:18:25:47 +0200] "GET /coconut-fibers-doormat-leaves-p-59861.html HTTP/1.0" 200 77060 "-" "Mozilla/5.0 (compatible; BLEXBot/1.0; +http://webmeup-crawler.com/)"
157.90.182.25 - - [03/Oct/2023:18:25:54 +0200] "GET /coconut-fibers-doormat-love-cats-p-53696.html HTTP/1.0" 200 77097 "-" "Mozilla/5.0 (compatible; BLEXBot/1.0; +http://webmeup-crawler.com/)"
157.90.182.25 - - [03/Oct/2023:18:26:00 +0200] "GET /coconut-fibers-doormat-love-p-57091.html HTTP/1.0" 200 77079 "-" "Mozilla/5.0 (compatible; BLEXBot/1.0; +http://webmeup-crawler.com/)"
157.90.182.25 - - [03/Oct/2023:18:26:05 +0200] "GET /coconut-fibers-doormat-mandala-p-55102.html HTTP/1.0" 200 77077 "-" "Mozilla/5.0 (compatible; BLEXBot/1.0; +http://webmeup-crawler.com/)"
157.90.182.25 - - [03/Oct/2023:18:26:11 +0200] "GET /coconut-fibers-doormat-orla-p-56985.html HTTP/1.0" 200 77072 "-" "Mozilla/5.0 (compatible; BLEXBot/1.0; +http://webmeup-crawler.com/)"
157.90.182.25 - - [03/Oct/2023:18:26:16 +0200] "GET /coconut-fibers-doormat-panama-p-56273.html HTTP/1.0" 200 77318 "-" "Mozilla/5.0 (compatible; BLEXBot/1.0; +http://webmeup-crawler.com/)"
54.36.148.37 - - [03/Oct/2023:18:26:20 +0200] "GET /handmade-vase-shape-pitcher-p-58073.html HTTP/1.0" 200 73900 "-" "Mozilla/5.0 (compatible; AhrefsBot/7.0; +http://ahrefs.com/robot/)"
157.90.182.25 - - [03/Oct/2023:18:26:21 +0200] "GET /coconut-fibers-doormat-pink-home-p-56982.html HTTP/1.0" 200 77104 "-" "Mozilla/5.0 (compatible; BLEXBot/1.0; +http://webmeup-crawler.com/)"
185.191.171.8 - - [03/Oct/2023:18:26:23 +0200] "GET /happy-figure-collection-romero-britto-p-53438.html HTTP/1.0" 200 77835 "-" "Mozilla/5.0 (compatible; SemrushBot/7~bl; +http://www.semrush.com/bot.html)"
157.90.182.25 - - [03/Oct/2023:18:26:26 +0200] "GET /coconut-fibers-doormat-smile-p-56270.html HTTP/1.0" 200 77057 "-" "Mozilla/5.0 (compatible; BLEXBot/1.0; +http://webmeup-crawler.com/)"
157.90.182.25 - - [03/Oct/2023:18:26:30 +0200] "GET /coconut-fibers-doormat-welcome-p-56986.html HTTP/1.0" 200 77331 "-" "Mozilla/5.0 (compatible; BLEXBot/1.0; +http://webmeup-crawler.com/)"
157.90.182.25 - - [03/Oct/2023:18:26:34 +0200] "GET /coffee-c-13_150_153.html?page=2 HTTP/1.0" 200 94698 "-" "Mozilla/5.0 (compatible; BLEXBot/1.0; +http://webmeup-crawler.com/)"
157.90.182.25 - - [03/Oct/2023:18:26:40 +0200] "GET /coffee-c-13_150_153.html?page=3 HTTP/1.0" 200 94127 "-" "Mozilla/5.0 (compatible; BLEXBot/1.0; +http://webmeup-crawler.com/)"
157.90.182.25 - - [03/Oct/2023:18:26:48 +0200] "GET /coffee-c-13_150_153.html?page=4 HTTP/1.0" 200 94741 "-" "Mozilla/5.0 (compatible; BLEXBot/1.0; +http://webmeup-crawler.com/)"
54.36.148.97 - - [03/Oct/2023:18:26:51 +0200] "GET /heart-home-large-candle-hours-home-christmas-p-58934.html HTTP/1.0" 200 77939 "-" "Mozilla/5.0 (compatible; AhrefsBot/7.0; +http://ahrefs.com/robot/)"
157.90.182.25 - - [03/Oct/2023:18:26:53 +0200] "GET /coffee-c-13_150_153.html?page=5 HTTP/1.0" 200 84514 "-" "Mozilla/5.0 (compatible; BLEXBot/1.0; +http://webmeup-crawler.com/)"
157.90.182.25 - - [03/Oct/2023:18:26:59 +0200] "GET /coffee-cutting-board-p-40648.html HTTP/1.0" 200 76208 "-" "Mozilla/5.0 (compatible; BLEXBot/1.0; +http://webmeup-crawler.com/)"
54.36.148.129 - - [03/Oct/2023:18:27:01 +0200] "GET /images/big_prod/5051276423944.jpg HTTP/1.0" 200 268 "-" "Mozilla/5.0 (compatible; AhrefsBot/7.0; +http://ahrefs.com/robot/)"
157.90.182.25 - - [03/Oct/2023:18:27:07 +0200] "GET /coffee-hour-wooden-frame-withe-p-46093.html HTTP/1.0" 200 76941 "-" "Mozilla/5.0 (compatible; BLEXBot/1.0; +http://webmeup-crawler.com/)"
157.90.182.25 - - [03/Oct/2023:18:27:14 +0200] "GET /coffee-house-frame-with-p-46684.html HTTP/1.0" 200 76234 "-" "Mozilla/5.0 (compatible; BLEXBot/1.0; +http://webmeup-crawler.com/)"
157.90.182.25 - - [03/Oct/2023:18:27:19 +0200] "GET /coffee-latte-hour-wooden-frame-withe-p-46094.html HTTP/1.0" 200 76986 "-" "Mozilla/5.0 (compatible; BLEXBot/1.0; +http://webmeup-crawler.com/)"
185.191.171.11 - - [03/Oct/2023:18:27:22 +0200] "GET /gorjuss-heart-shaped-story-p-49476.html HTTP/1.0" 200 77094 "-" "Mozilla/5.0 (compatible; SemrushBot/7~bl; +http://www.semrush.com/bot.html)"
54.36.148.49 - - [03/Oct/2023:18:27:23 +0200] "GET /green-japan-keyring-cbkreation-p-43243.html HTTP/1.0" 200 76264 "-" "Mozilla/5.0 (compatible; AhrefsBot/7.0; +http://ahrefs.com/robot/)"
157.90.182.25 - - [03/Oct/2023:18:27:25 +0200] "GET /coin-coin-metal-plate-p-47547.html HTTP/1.0" 200 76171 "-" "Mozilla/5.0 (compatible; BLEXBot/1.0; +http://webmeup-crawler.com/)"
17.241.75.253 - - [03/Oct/2023:18:27:26 +0200] "GET /decorative-earth-globes-c-13_233.html HTTP/1.0" 200 92281 "-" "Mozilla/5.0 (Macintosh; Intel Mac OS X 10_15_5) AppleWebKit/605.1.15 (KHTML, like Gecko) Version/13.1.1 Safari/605.1.15 (Applebot/0.1; +http://www.apple.com/go/applebot)"
157.90.182.25 - - [03/Oct/2023:18:27:31 +0200] "GET /coin-purse-p-29980.html HTTP/1.0" 200 76101 "-" "Mozilla/5.0 (compatible; BLEXBot/1.0; +http://webmeup-crawler.com/)"
157.90.182.25 - - [03/Oct/2023:18:27:37 +0200] "GET /cold-beer-ottoman-storage-p-40929.html HTTP/1.0" 200 76308 "-" "Mozilla/5.0 (compatible; BLEXBot/1.0; +http://webmeup-crawler.com/)"
157.90.182.25 - - [03/Oct/2023:18:27:42 +0200] "GET /cold-beer-retro-ottoman-storage-p-40927.html HTTP/1.0" 200 76361 "-" "Mozilla/5.0 (compatible; BLEXBot/1.0; +http://webmeup-crawler.com/)"
157.90.182.25 - - [03/Oct/2023:18:27:48 +0200] "GET /collectible-disney-figures-c-292_290.html?page=10 HTTP/1.0" 200 98101 "-" "Mozilla/5.0 (compatible; BLEXBot/1.0; +http://webmeup-crawler.com/)"
59.82.78.98 - - [03/Oct/2023:18:27:55 +0200] "GET /images/mini_prod/8433978414623.jpg HTTP/1.0" 200 269 "-" "Mozilla/5.0 (X11; Ubuntu; Linux x86_64; rv:72.0) Gecko/20100101 Firefox/72.0"
157.90.182.25 - - [03/Oct/2023:18:27:54 +0200] "GET /collectible-disney-figures-c-292_290.html?page=11 HTTP/1.0" 200 98395 "-" "Mozilla/5.0 (compatible; BLEXBot/1.0; +http://webmeup-crawler.com/)"
157.90.182.25 - - [03/Oct/2023:18:28:00 +0200] "GET /collectible-disney-figures-c-292_290.html?page=2 HTTP/1.0" 200 98033 "-" "Mozilla/5.0 (compatible; BLEXBot/1.0; +http://webmeup-crawler.com/)"
54.36.148.30 - - [03/Oct/2023:18:28:03 +0200] "GET /harley-davidson-zippo-lighter-laser-p-53265.html HTTP/1.0" 200 79393 "-" "Mozilla/5.0 (compatible; AhrefsBot/7.0; +http://ahrefs.com/robot/)"
185.191.171.2 - - [03/Oct/2023:18:28:06 +0200] "GET /love-safe-book-p-60962.html HTTP/1.0" 200 77369 "-" "Mozilla/5.0 (compatible; SemrushBot/7~bl; +http://www.semrush.com/bot.html)"
157.90.182.25 - - [03/Oct/2023:18:28:07 +0200] "GET /collectible-disney-figures-c-292_290.html?page=3 HTTP/1.0" 200 98326 "-" "Mozilla/5.0 (compatible; BLEXBot/1.0; +http://webmeup-crawler.com/)"
157.90.182.25 - - [03/Oct/2023:18:28:13 +0200] "GET /collectible-disney-figures-c-292_290.html?page=4 HTTP/1.0" 200 98335 "-" "Mozilla/5.0 (compatible; BLEXBot/1.0; +http://webmeup-crawler.com/)"
157.90.182.25 - - [03/Oct/2023:18:28:20 +0200] "GET /collectible-disney-figures-c-292_290.html?page=5 HTTP/1.0" 200 98294 "-" "Mozilla/5.0 (compatible; BLEXBot/1.0; +http://webmeup-crawler.com/)"
157.90.182.25 - - [03/Oct/2023:18:28:28 +0200] "GET /collectible-disney-figures-c-292_290.html?page=6 HTTP/1.0" 200 98515 "-" "Mozilla/5.0 (compatible; BLEXBot/1.0; +http://webmeup-crawler.com/)"
157.90.182.25 - - [03/Oct/2023:18:28:34 +0200] "GET /collectible-disney-figures-c-292_290.html?page=7 HTTP/1.0" 200 98529 "-" "Mozilla/5.0 (compatible; BLEXBot/1.0; +http://webmeup-crawler.com/)"
54.36.149.41 - - [03/Oct/2023:18:28:38 +0200] "GET /pink-keychains-p-32586.html HTTP/1.0" 200 76120 "-" "Mozilla/5.0 (compatible; AhrefsBot/7.0; +http://ahrefs.com/robot/)"
157.90.182.25 - - [03/Oct/2023:18:28:41 +0200] "GET /collectible-disney-figures-c-292_290.html?page=8 HTTP/1.0" 200 98554 "-" "Mozilla/5.0 (compatible; BLEXBot/1.0; +http://webmeup-crawler.com/)"
157.90.182.25 - - [03/Oct/2023:18:28:47 +0200] "GET /collectible-disney-figures-c-292_290.html?page=9 HTTP/1.0" 200 98915 "-" "Mozilla/5.0 (compatible; BLEXBot/1.0; +http://webmeup-crawler.com/)"
157.90.182.25 - - [03/Oct/2023:18:28:53 +0200] "GET /collectible-figurines-decorative-c-13_135.html?page=10 HTTP/1.0" 200 98271 "-" "Mozilla/5.0 (compatible; BLEXBot/1.0; +http://webmeup-crawler.com/)"
157.90.182.25 - - [03/Oct/2023:18:28:59 +0200] "GET /collectible-figurines-decorative-c-13_135.html?page=11 HTTP/1.0" 200 98796 "-" "Mozilla/5.0 (compatible; BLEXBot/1.0; +http://webmeup-crawler.com/)"
207.46.13.124 - - [03/Oct/2023:18:29:02 +0200] "GET /minions-bad-at-math-metal-moneybox-p-34076.html HTTP/1.0" 301 73837 "-" "Mozilla/5.0 AppleWebKit/537.36 (KHTML, like Gecko; compatible; bingbot/2.0; +http://www.bing.com/bingbot.htm) Chrome/103.0.5060.134 Safari/537.36"
207.46.13.124 - - [03/Oct/2023:18:29:04 +0200] "GET /array-m-26.html HTTP/1.0" 200 93988 "-" "Mozilla/5.0 AppleWebKit/537.36 (KHTML, like Gecko; compatible; bingbot/2.0; +http://www.bing.com/bingbot.htm) Chrome/103.0.5060.134 Safari/537.36"
157.90.182.25 - - [03/Oct/2023:18:29:06 +0200] "GET /collectible-figurines-decorative-c-13_135.html?page=2 HTTP/1.0" 200 98241 "-" "Mozilla/5.0 (compatible; BLEXBot/1.0; +http://webmeup-crawler.com/)"
54.36.148.155 - - [03/Oct/2023:18:29:10 +0200] "GET /bottle-rack-amis-p-56695.html HTTP/1.0" 200 76778 "-" "Mozilla/5.0 (compatible; AhrefsBot/7.0; +http://ahrefs.com/robot/)"
157.90.182.25 - - [03/Oct/2023:18:29:12 +0200] "GET /collectible-figurines-decorative-c-13_135.html?page=3 HTTP/1.0" 200 99320 "-" "Mozilla/5.0 (compatible; BLEXBot/1.0; +http://webmeup-crawler.com/)"
54.36.149.51 - - [03/Oct/2023:18:29:19 +0200] "GET /images/big_prod/3453131158145B.jpg HTTP/1.0" 200 269 "-" "Mozilla/5.0 (compatible; AhrefsBot/7.0; +http://ahrefs.com/robot/)"
157.90.182.25 - - [03/Oct/2023:18:29:18 +0200] "GET /collectible-figurines-decorative-c-13_135.html?page=4 HTTP/1.0" 200 98158 "-" "Mozilla/5.0 (compatible; BLEXBot/1.0; +http://webmeup-crawler.com/)"
157.90.182.25 - - [03/Oct/2023:18:29:26 +0200] "GET /collectible-figurines-decorative-c-13_135.html?page=5 HTTP/1.0" 200 98233 "-" "Mozilla/5.0 (compatible; BLEXBot/1.0; +http://webmeup-crawler.com/)"
5.255.231.121 - - [03/Oct/2023:18:29:33 +0200] "GET /robots.txt HTTP/1.0" 200 245 "-" "Mozilla/5.0 (compatible; YandexBot/3.0; +http://yandex.com/bots)"
157.90.182.25 - - [03/Oct/2023:18:29:32 +0200] "GET /collectible-figurines-decorative-c-13_135.html?page=6 HTTP/1.0" 200 98152 "-" "Mozilla/5.0 (compatible; BLEXBot/1.0; +http://webmeup-crawler.com/)"
5.255.231.185 - - [03/Oct/2023:18:29:34 +0200] "GET /pulp-fiction-pencil-case-p-36356.html HTTP/1.0" 200 76191 "-" "Mozilla/5.0 (compatible; YandexBot/3.0; +http://yandex.com/bots)"
54.36.148.151 - - [03/Oct/2023:18:29:38 +0200] "GET /cement-tile-stickers-p-51629.html HTTP/1.0" 200 77067 "-" "Mozilla/5.0 (compatible; AhrefsBot/7.0; +http://ahrefs.com/robot/)"
157.90.182.25 - - [03/Oct/2023:18:29:39 +0200] "GET /collectible-figurines-decorative-c-13_135.html?page=7 HTTP/1.0" 200 98756 "-" "Mozilla/5.0 (compatible; BLEXBot/1.0; +http://webmeup-crawler.com/)"
54.36.149.61 - - [03/Oct/2023:18:29:44 +0200] "GET /images/big_prod_1/3609810076181W.jpg HTTP/1.0" 200 271 "-" "Mozilla/5.0 (compatible; AhrefsBot/7.0; +http://ahrefs.com/robot/)"
157.90.182.25 - - [03/Oct/2023:18:29:45 +0200] "GET /collectible-figurines-decorative-c-13_135.html?page=8 HTTP/1.0" 200 98728 "-" "Mozilla/5.0 (compatible; BLEXBot/1.0; +http://webmeup-crawler.com/)"
157.90.182.25 - - [03/Oct/2023:18:29:52 +0200] "GET /collectible-figurines-decorative-c-13_135.html?page=9 HTTP/1.0" 200 98310 "-" "Mozilla/5.0 (compatible; BLEXBot/1.0; +http://webmeup-crawler.com/)"
157.90.182.25 - - [03/Oct/2023:18:30:01 +0200] "GET /collection-mirabelle-pursuit-happiness-pocket-mirror-p-19999.html HTTP/1.0" 200 76718 "-" "Mozilla/5.0 (compatible; BLEXBot/1.0; +http://webmeup-crawler.com/)"
157.90.182.25 - - [03/Oct/2023:18:30:06 +0200] "GET /cologne-soap-dish-p-36618.html HTTP/1.0" 200 76169 "-" "Mozilla/5.0 (compatible; BLEXBot/1.0; +http://webmeup-crawler.com/)"
157.90.182.25 - - [03/Oct/2023:18:30:13 +0200] "GET /cologne-toothbrushes-p-36617.html HTTP/1.0" 200 76220 "-" "Mozilla/5.0 (compatible; BLEXBot/1.0; +http://webmeup-crawler.com/)"
54.36.148.143 - - [03/Oct/2023:18:30:15 +0200] "GET /nici-bubble-keyring-plush-p-35195.html HTTP/1.0" 200 76179 "-" "Mozilla/5.0 (compatible; AhrefsBot/7.0; +http://ahrefs.com/robot/)"
157.90.182.25 - - [03/Oct/2023:18:30:18 +0200] "GET /color-eyelet-curtain-p-39037.html HTTP/1.0" 200 78386 "-" "Mozilla/5.0 (compatible; BLEXBot/1.0; +http://webmeup-crawler.com/)"
157.90.182.25 - - [03/Oct/2023:18:30:25 +0200] "GET /color-phone-poster-p-32304.html HTTP/1.0" 200 76136 "-" "Mozilla/5.0 (compatible; BLEXBot/1.0; +http://webmeup-crawler.com/)"
157.90.182.25 - - [03/Oct/2023:18:30:31 +0200] "GET /comics-phone-cover-iphone-p-18864.html HTTP/1.0" 200 76976 "-" "Mozilla/5.0 (compatible; BLEXBot/1.0; +http://webmeup-crawler.com/)"
216.244.66.242 - - [03/Oct/2023:18:30:37 +0200] "GET /bedclothes-grey-p-44336.html HTTP/1.0" 301 73837 "-" "Mozilla/5.0 (compatible; DotBot/1.2; +https://opensiteexplorer.org/dotbot; help@moz.com)"
157.90.182.25 - - [03/Oct/2023:18:30:38 +0200] "GET /companion-wallet-c-31_238.html?page=2 HTTP/1.0" 200 90102 "-" "Mozilla/5.0 (compatible; BLEXBot/1.0; +http://webmeup-crawler.com/)"
85.208.96.199 - - [03/Oct/2023:18:30:41 +0200] "GET /parrot-figurine-perch-resin-p-53656.html HTTP/1.0" 200 77034 "-" "Mozilla/5.0 (compatible; SemrushBot/7~bl; +http://www.semrush.com/bot.html)"
157.90.182.25 - - [03/Oct/2023:18:30:46 +0200] "GET /cooking-hourglass-minutes-black-sand-p-53718.html HTTP/1.0" 200 76944 "-" "Mozilla/5.0 (compatible; BLEXBot/1.0; +http://webmeup-crawler.com/)"
54.36.148.167 - - [03/Oct/2023:18:30:47 +0200] "GET /glass-votive-holder-gold-p-42646.html HTTP/1.0" 200 76331 "-" "Mozilla/5.0 (compatible; AhrefsBot/7.0; +http://ahrefs.com/robot/)"
216.244.66.242 - - [03/Oct/2023:18:30:49 +0200] "GET /corsica-poster-p-42456.html HTTP/1.0" 301 73837 "-" "Mozilla/5.0 (compatible; DotBot/1.2; +https://opensiteexplorer.org/dotbot; help@moz.com)"
157.90.182.25 - - [03/Oct/2023:18:30:52 +0200] "GET /cooking-hourglass-minutes-white-sand-p-53717.html HTTP/1.0" 200 76944 "-" "Mozilla/5.0 (compatible; BLEXBot/1.0; +http://webmeup-crawler.com/)"
85.208.96.203 - - [03/Oct/2023:18:30:53 +0200] "GET /boutis-bedspread-pillowcases-bamako-p-60420.html HTTP/1.0" 200 77199 "-" "Mozilla/5.0 (compatible; SemrushBot/7~bl; +http://www.semrush.com/bot.html)"
157.90.182.25 - - [03/Oct/2023:18:30:58 +0200] "GET /cooking-tools-sugar-p-41617.html HTTP/1.0" 200 76107 "-" "Mozilla/5.0 (compatible; BLEXBot/1.0; +http://webmeup-crawler.com/)"
157.90.182.25 - - [03/Oct/2023:18:31:04 +0200] "GET /cookware-blue-p-41840.html HTTP/1.0" 200 76091 "-" "Mozilla/5.0 (compatible; BLEXBot/1.0; +http://webmeup-crawler.com/)"
216.244.66.242 - - [03/Oct/2023:18:31:06 +0200] "GET /green-owl-beauty-nail-kit-p-28907.html HTTP/1.0" 301 76328 "-" "Mozilla/5.0 (compatible; DotBot/1.2; +https://opensiteexplorer.org/dotbot; help@moz.com)"
157.90.182.25 - - [03/Oct/2023:18:31:10 +0200] "GET /cookware-green-p-41670.html HTTP/1.0" 200 76097 "-" "Mozilla/5.0 (compatible; BLEXBot/1.0; +http://webmeup-crawler.com/)"
157.90.182.25 - - [03/Oct/2023:18:31:16 +0200] "GET /cookware-orange-p-41669.html HTTP/1.0" 200 76107 "-" "Mozilla/5.0 (compatible; BLEXBot/1.0; +http://webmeup-crawler.com/)"
185.191.171.11 - - [03/Oct/2023:18:31:19 +0200] "GET /chair-cushion-naomie-p-60523.html?action=add_product HTTP/1.0" 302 476 "-" "Mozilla/5.0 (compatible; SemrushBot/7~bl; +http://www.semrush.com/bot.html)"
216.244.66.242 - - [03/Oct/2023:18:31:22 +0200] "GET /nippon-doll-shoulder-bag-p-27007.html HTTP/1.0" 301 76609 "-" "Mozilla/5.0 (compatible; DotBot/1.2; +https://opensiteexplorer.org/dotbot; help@moz.com)"
54.36.148.230 - - [03/Oct/2023:18:31:22 +0200] "GET /metal-retro-train-clock-p-58714.html HTTP/1.0" 200 76966 "-" "Mozilla/5.0 (compatible; AhrefsBot/7.0; +http://ahrefs.com/robot/)"
