216.244.66.242 - - [03/Oct/2023:19:16:54 +0200] "GET /robocar-poli-friction-p-18366.html HTTP/1.0" 301 73837 "-" "Mozilla/5.0 (compatible; DotBot/1.2; +https://opensiteexplorer.org/dotbot; help@moz.com)"
157.90.182.25 - - [03/Oct/2023:19:16:56 +0200] "GET /fashioned-ceramic-espresso-green-p-41672.html HTTP/1.0" 200 76249 "-" "Mozilla/5.0 (compatible; BLEXBot/1.0; +http://webmeup-crawler.com/)"
157.90.182.25 - - [03/Oct/2023:19:17:02 +0200] "GET /feathers-espresso-p-45763.html HTTP/1.0" 200 76112 "-" "Mozilla/5.0 (compatible; BLEXBot/1.0; +http://webmeup-crawler.com/)"
216.244.66.242 - - [03/Oct/2023:19:17:03 +0200] "GET /shopping-cats-p-37962.html HTTP/1.0" 301 73837 "-" "Mozilla/5.0 (compatible; DotBot/1.2; +https://opensiteexplorer.org/dotbot; help@moz.com)"
54.36.149.61 - - [03/Oct/2023:19:17:08 +0200] "GET /saint-benedict-prayer-candle-novena-p-58241.html HTTP/1.0" 200 76990 "-" "Mozilla/5.0 (compatible; AhrefsBot/7.0; +http://ahrefs.com/robot/)"
157.90.182.25 - - [03/Oct/2023:19:17:08 +0200] "GET /feathers-theme-indian-espresso-p-39626.html HTTP/1.0" 200 76207 "-" "Mozilla/5.0 (compatible; BLEXBot/1.0; +http://webmeup-crawler.com/)"
216.244.66.242 - - [03/Oct/2023:19:17:13 +0200] "GET /sofia-first-poster-p-30890.html HTTP/1.0" 301 73837 "-" "Mozilla/5.0 (compatible; DotBot/1.2; +https://opensiteexplorer.org/dotbot; help@moz.com)"
157.90.182.25 - - [03/Oct/2023:19:17:15 +0200] "GET /feng-shui-flower-life-champagne-coloured-p-53468.html HTTP/1.0" 200 77691 "-" "Mozilla/5.0 (compatible; BLEXBot/1.0; +http://webmeup-crawler.com/)"
157.90.182.25 - - [03/Oct/2023:19:17:21 +0200] "GET /feng-shui-flower-life-champagne-coloured-p-53469.html HTTP/1.0" 200 77053 "-" "Mozilla/5.0 (compatible; BLEXBot/1.0; +http://webmeup-crawler.com/)"
114.4.200.222 - - [03/Oct/2023:19:17:24 +0200] "GET /contact_us.php HTTP/1.0" 200 26241 "http://www.wonder-geek.com/contact_us.php" "Mozilla/5.0 (Windows NT 6.1; Win64; x64) AppleWebKit/537.36 (KHTML, like Gecko) Chrome/90.0.4430.85 Safari/537.36"
216.244.66.242 - - [03/Oct/2023:19:17:26 +0200] "GET /beatles-retro-multifunction-bag-p-8085.html HTTP/1.0" 301 76516 "-" "Mozilla/5.0 (compatible; DotBot/1.2; +https://opensiteexplorer.org/dotbot; help@moz.com)"
157.90.182.25 - - [03/Oct/2023:19:17:27 +0200] "GET /feng-shui-flower-life-decoration-p-41663.html HTTP/1.0" 200 77274 "-" "Mozilla/5.0 (compatible; BLEXBot/1.0; +http://webmeup-crawler.com/)"
157.90.182.25 - - [03/Oct/2023:19:17:33 +0200] "GET /feng-shui-ganesh-decoration-with-seven-chakra-colors-p-42837.html HTTP/1.0" 200 76614 "-" "Mozilla/5.0 (compatible; BLEXBot/1.0; +http://webmeup-crawler.com/)"
85.208.96.204 - - [03/Oct/2023:19:17:42 +0200] "GET /marseille-isothermic-stainless-steel-bottle-cbkreation-p-60750.html HTTP/1.0" 200 76399 "-" "Mozilla/5.0 (compatible; SemrushBot/7~bl; +http://www.semrush.com/bot.html)"
54.36.148.135 - - [03/Oct/2023:19:17:44 +0200] "GET /pillow-case-mustard-yellow-p-51990.html HTTP/1.0" 200 77050 "-" "Mozilla/5.0 (compatible; AhrefsBot/7.0; +http://ahrefs.com/robot/)"
157.90.182.25 - - [03/Oct/2023:19:17:46 +0200] "GET /feng-shui-seven-chakra-decoration-with-seven-chakra-colors-p-42836.html HTTP/1.0" 200 76675 "-" "Mozilla/5.0 (compatible; BLEXBot/1.0; +http://webmeup-crawler.com/)"
54.36.148.250 - - [03/Oct/2023:19:17:53 +0200] "GET /images/big_prod/3665269032109.jpg HTTP/1.0" 200 268 "-" "Mozilla/5.0 (compatible; AhrefsBot/7.0; +http://ahrefs.com/robot/)"
157.90.182.25 - - [03/Oct/2023:19:17:52 +0200] "GET /fiat-nuova-p-27579.html HTTP/1.0" 200 76080 "-" "Mozilla/5.0 (compatible; BLEXBot/1.0; +http://webmeup-crawler.com/)"
157.90.182.25 - - [03/Oct/2023:19:17:58 +0200] "GET /fiber-plastic-lamp-p-59449.html HTTP/1.0" 200 77213 "-" "Mozilla/5.0 (compatible; BLEXBot/1.0; +http://webmeup-crawler.com/)"
216.244.66.242 - - [03/Oct/2023:19:18:00 +0200] "GET /cement-tile-stickers-15-15-cm-beige-p-45004.html HTTP/1.0" 301 73837 "-" "Mozilla/5.0 (compatible; DotBot/1.2; +https://opensiteexplorer.org/dotbot; help@moz.com)"
157.90.182.25 - - [03/Oct/2023:19:18:04 +0200] "GET /fiers-etre-marseillais-baby-sweatsuit-p-29987.html HTTP/1.0" 200 77977 "-" "Mozilla/5.0 (compatible; BLEXBot/1.0; +http://webmeup-crawler.com/)"
157.90.182.25 - - [03/Oct/2023:19:18:10 +0200] "GET /fiers-etre-marseillais-blue-track-jacket-p-29914.html HTTP/1.0" 200 77586 "-" "Mozilla/5.0 (compatible; BLEXBot/1.0; +http://webmeup-crawler.com/)"
157.90.182.25 - - [03/Oct/2023:19:18:16 +0200] "GET /fiers-etre-marseillais-orange-black-track-jacket-p-29984.html HTTP/1.0" 200 77664 "-" "Mozilla/5.0 (compatible; BLEXBot/1.0; +http://webmeup-crawler.com/)"
106.11.62.173 - - [03/Oct/2023:19:18:18 +0200] "GET /images/mini_prod/8421440012309.jpg HTTP/1.0" 200 269 "-" "Mozilla/5.0 (X11; Ubuntu; Linux x86_64; rv:72.0) Gecko/20100101 Firefox/72.0"
157.90.182.25 - - [03/Oct/2023:19:18:22 +0200] "GET /fiers-etre-marseillais-sweatsuit-p-29990.html HTTP/1.0" 200 77562 "-" "Mozilla/5.0 (compatible; BLEXBot/1.0; +http://webmeup-crawler.com/)"
54.36.148.39 - - [03/Oct/2023:19:18:24 +0200] "GET /kitchen-towel-beige-p-54117.html HTTP/1.0" 200 76137 "-" "Mozilla/5.0 (compatible; AhrefsBot/7.0; +http://ahrefs.com/robot/)"
157.90.182.25 - - [03/Oct/2023:19:18:28 +0200] "GET /figaro-mini-figurine-p-45990.html HTTP/1.0" 200 77538 "-" "Mozilla/5.0 (compatible; BLEXBot/1.0; +http://webmeup-crawler.com/)"
216.244.66.242 - - [03/Oct/2023:19:18:31 +0200] "GET /embossed-metal-frame-motorcycle-p-37511.html HTTP/1.0" 301 73837 "-" "Mozilla/5.0 (compatible; DotBot/1.2; +https://opensiteexplorer.org/dotbot; help@moz.com)"
157.90.182.25 - - [03/Oct/2023:19:18:34 +0200] "GET /figurine-snail-cement-aged-effect-p-45677.html HTTP/1.0" 200 76333 "-" "Mozilla/5.0 (compatible; BLEXBot/1.0; +http://webmeup-crawler.com/)"
157.90.182.25 - - [03/Oct/2023:19:18:40 +0200] "GET /figurines-statuettes-statues-decoration-collection-c-292.html?page=10 HTTP/1.0" 200 97750 "-" "Mozilla/5.0 (compatible; BLEXBot/1.0; +http://webmeup-crawler.com/)"
157.90.182.25 - - [03/Oct/2023:19:18:47 +0200] "GET /figurines-statuettes-statues-decoration-collection-c-292.html?page=11 HTTP/1.0" 200 98155 "-" "Mozilla/5.0 (compatible; BLEXBot/1.0; +http://webmeup-crawler.com/)"
157.90.182.25 - - [03/Oct/2023:19:18:53 +0200] "GET /figurines-statuettes-statues-decoration-collection-c-292.html?page=2 HTTP/1.0" 200 97815 "-" "Mozilla/5.0 (compatible; BLEXBot/1.0; +http://webmeup-crawler.com/)"
54.36.149.70 - - [03/Oct/2023:19:18:56 +0200] "GET /novena-candle-saint-jude-p-59400.html HTTP/1.0" 200 77522 "-" "Mozilla/5.0 (compatible; AhrefsBot/7.0; +http://ahrefs.com/robot/)"
216.244.66.242 - - [03/Oct/2023:19:18:59 +0200] "GET /kimmijunior-summer-girly-set-p-17995.html HTTP/1.0" 301 77245 "-" "Mozilla/5.0 (compatible; DotBot/1.2; +https://opensiteexplorer.org/dotbot; help@moz.com)"
157.90.182.25 - - [03/Oct/2023:19:18:59 +0200] "GET /figurines-statuettes-statues-decoration-collection-c-292.html?page=3 HTTP/1.0" 200 96888 "-" "Mozilla/5.0 (compatible; BLEXBot/1.0; +http://webmeup-crawler.com/)"
157.90.182.25 - - [03/Oct/2023:19:19:07 +0200] "GET /figurines-statuettes-statues-decoration-collection-c-292.html?page=4 HTTP/1.0" 200 97749 "-" "Mozilla/5.0 (compatible; BLEXBot/1.0; +http://webmeup-crawler.com/)"
54.36.149.85 - - [03/Oct/2023:19:19:12 +0200] "GET /images/big_prod/3700344880159N.jpg HTTP/1.0" 200 269 "-" "Mozilla/5.0 (compatible; AhrefsBot/7.0; +http://ahrefs.com/robot/)"
54.36.148.168 - - [03/Oct/2023:19:19:14 +0200] "GET /images/big_prod_1/3700344880159NB.jpg HTTP/1.0" 200 272 "-" "Mozilla/5.0 (compatible; AhrefsBot/7.0; +http://ahrefs.com/robot/)"
157.90.182.25 - - [03/Oct/2023:19:19:13 +0200] "GET /figurines-statuettes-statues-decoration-collection-c-292.html?page=5 HTTP/1.0" 200 97720 "-" "Mozilla/5.0 (compatible; BLEXBot/1.0; +http://webmeup-crawler.com/)"
157.90.182.25 - - [03/Oct/2023:19:19:20 +0200] "GET /figurines-statuettes-statues-decoration-collection-c-292.html?page=6 HTTP/1.0" 200 97205 "-" "Mozilla/5.0 (compatible; BLEXBot/1.0; +http://webmeup-crawler.com/)"
185.191.171.7 - - [03/Oct/2023:19:19:24 +0200] "GET /gift-bottle-wine-p-46812.html HTTP/1.0" 200 76316 "-" "Mozilla/5.0 (compatible; SemrushBot/7~bl; +http://www.semrush.com/bot.html)"
54.36.149.22 - - [03/Oct/2023:19:19:26 +0200] "GET /blue-wink-panda-pocket-warmer-p-55002.html HTTP/1.0" 200 77628 "-" "Mozilla/5.0 (compatible; AhrefsBot/7.0; +http://ahrefs.com/robot/)"
157.90.182.25 - - [03/Oct/2023:19:19:26 +0200] "GET /figurines-statuettes-statues-decoration-collection-c-292.html?page=7 HTTP/1.0" 200 97021 "-" "Mozilla/5.0 (compatible; BLEXBot/1.0; +http://webmeup-crawler.com/)"
216.244.66.242 - - [03/Oct/2023:19:19:27 +0200] "GET /lightsaber-darth-vader-star-wars-episode-p-38906.html HTTP/1.0" 301 73837 "-" "Mozilla/5.0 (compatible; DotBot/1.2; +https://opensiteexplorer.org/dotbot; help@moz.com)"
54.36.148.214 - - [03/Oct/2023:19:19:32 +0200] "GET /images/big_prod_2/8422019037310.jpg HTTP/1.0" 200 270 "-" "Mozilla/5.0 (compatible; AhrefsBot/7.0; +http://ahrefs.com/robot/)"
54.36.149.51 - - [03/Oct/2023:19:19:33 +0200] "GET /images/big_prod_1/8422019037310.jpg HTTP/1.0" 200 270 "-" "Mozilla/5.0 (compatible; AhrefsBot/7.0; +http://ahrefs.com/robot/)"
157.90.182.25 - - [03/Oct/2023:19:19:32 +0200] "GET /figurines-statuettes-statues-decoration-collection-c-292.html?page=8 HTTP/1.0" 200 97255 "-" "Mozilla/5.0 (compatible; BLEXBot/1.0; +http://webmeup-crawler.com/)"
157.90.182.25 - - [03/Oct/2023:19:19:38 +0200] "GET /figurines-statuettes-statues-decoration-collection-c-292.html?page=9 HTTP/1.0" 200 97672 "-" "Mozilla/5.0 (compatible; BLEXBot/1.0; +http://webmeup-crawler.com/)"
157.90.182.25 - - [03/Oct/2023:19:19:44 +0200] "GET /finding-dory-disney-backpack-p-35793.html HTTP/1.0" 200 76430 "-" "Mozilla/5.0 (compatible; BLEXBot/1.0; +http://webmeup-crawler.com/)"
157.90.182.25 - - [03/Oct/2023:19:19:49 +0200] "GET /finding-dory-homework-notebooks-p-40846.html HTTP/1.0" 200 76514 "-" "Mozilla/5.0 (compatible; BLEXBot/1.0; +http://webmeup-crawler.com/)"
216.244.66.242 - - [03/Oct/2023:19:19:55 +0200] "GET /lot-of-pairs-of-mickey-mouse-socks-size-19-22-p-25178.html HTTP/1.0" 301 73837 "-" "Mozilla/5.0 (compatible; DotBot/1.2; +https://opensiteexplorer.org/dotbot; help@moz.com)"
157.90.182.25 - - [03/Oct/2023:19:19:55 +0200] "GET /fine-porcelain-saucer-p-57261.html HTTP/1.0" 200 76291 "-" "Mozilla/5.0 (compatible; BLEXBot/1.0; +http://webmeup-crawler.com/)"
54.36.149.88 - - [03/Oct/2023:19:19:57 +0200] "GET /gund-pink-small-plush-p-32416.html HTTP/1.0" 200 76252 "-" "Mozilla/5.0 (compatible; AhrefsBot/7.0; +http://ahrefs.com/robot/)"
157.90.182.25 - - [03/Oct/2023:19:20:00 +0200] "GET /finn-miniature-character-p-32473.html HTTP/1.0" 200 76327 "-" "Mozilla/5.0 (compatible; BLEXBot/1.0; +http://webmeup-crawler.com/)"
85.208.96.211 - - [03/Oct/2023:19:20:04 +0200] "GET /spice-furniture-wooden-retro-turnstile-p-40688.html HTTP/1.0" 200 73934 "-" "Mozilla/5.0 (compatible; SemrushBot/7~bl; +http://www.semrush.com/bot.html)"
157.90.182.25 - - [03/Oct/2023:19:20:11 +0200] "GET /fitted-sheet-black-p-24468.html HTTP/1.0" 200 76670 "-" "Mozilla/5.0 (compatible; BLEXBot/1.0; +http://webmeup-crawler.com/)"
185.191.171.9 - - [03/Oct/2023:19:20:15 +0200] "GET /backpacks-c-31_77.html?page=1 HTTP/1.0" 200 96872 "-" "Mozilla/5.0 (compatible; SemrushBot/7~bl; +http://www.semrush.com/bot.html)"
157.90.182.25 - - [03/Oct/2023:19:20:18 +0200] "GET /fitted-sheet-blue-p-26402.html HTTP/1.0" 200 76054 "-" "Mozilla/5.0 (compatible; BLEXBot/1.0; +http://webmeup-crawler.com/)"
216.244.66.242 - - [03/Oct/2023:19:20:23 +0200] "GET /maya-bees-toddler-flatware-p-14393.html HTTP/1.0" 301 73837 "-" "Mozilla/5.0 (compatible; DotBot/1.2; +https://opensiteexplorer.org/dotbot; help@moz.com)"
157.90.182.25 - - [03/Oct/2023:19:20:23 +0200] "GET /fitted-sheet-brown-p-38809.html HTTP/1.0" 200 76764 "-" "Mozilla/5.0 (compatible; BLEXBot/1.0; +http://webmeup-crawler.com/)"
157.90.182.25 - - [03/Oct/2023:19:20:29 +0200] "GET /fitted-sheet-c-11_193.html?page=2 HTTP/1.0" 200 94728 "-" "Mozilla/5.0 (compatible; BLEXBot/1.0; +http://webmeup-crawler.com/)"
54.36.149.62 - - [03/Oct/2023:19:20:32 +0200] "GET /ceramic-espresso-cups-claude-monet-p-58123.html HTTP/1.0" 200 77059 "-" "Mozilla/5.0 (compatible; AhrefsBot/7.0; +http://ahrefs.com/robot/)"
54.36.148.174 - - [03/Oct/2023:19:20:37 +0200] "GET /images/big_prod/3453131157957A.jpg HTTP/1.0" 200 269 "-" "Mozilla/5.0 (compatible; AhrefsBot/7.0; +http://ahrefs.com/robot/)"
157.90.182.25 - - [03/Oct/2023:19:20:36 +0200] "GET /fitted-sheet-c-11_193.html?page=3 HTTP/1.0" 200 96264 "-" "Mozilla/5.0 (compatible; BLEXBot/1.0; +http://webmeup-crawler.com/)"
185.191.171.18 - - [03/Oct/2023:19:20:42 +0200] "GET /koala-piggy-bank-p-60466.html HTTP/1.0" 200 76693 "-" "Mozilla/5.0 (compatible; SemrushBot/7~bl; +http://www.semrush.com/bot.html)"
157.90.182.25 - - [03/Oct/2023:19:20:43 +0200] "GET /fitted-sheet-c-11_193.html?page=4 HTTP/1.0" 200 96677 "-" "Mozilla/5.0 (compatible; BLEXBot/1.0; +http://webmeup-crawler.com/)"
216.244.66.242 - - [03/Oct/2023:19:20:47 +0200] "GET /minnie-mouse-large-disney-couture-suitcase-p-36308.html HTTP/1.0" 301 73837 "-" "Mozilla/5.0 (compatible; DotBot/1.2; +https://opensiteexplorer.org/dotbot; help@moz.com)"
157.90.182.25 - - [03/Oct/2023:19:20:48 +0200] "GET /fitted-sheet-c-11_193.html?page=5 HTTP/1.0" 200 96693 "-" "Mozilla/5.0 (compatible; BLEXBot/1.0; +http://webmeup-crawler.com/)"
157.90.182.25 - - [03/Oct/2023:19:20:54 +0200] "GET /fitted-sheet-c-11_193.html?page=6 HTTP/1.0" 200 88791 "-" "Mozilla/5.0 (compatible; BLEXBot/1.0; +http://webmeup-crawler.com/)"
157.90.182.25 - - [03/Oct/2023:19:20:59 +0200] "GET /fitted-sheet-color-light-grey-p-38877.html HTTP/1.0" 200 76262 "-" "Mozilla/5.0 (compatible; BLEXBot/1.0; +http://webmeup-crawler.com/)"
54.36.148.249 - - [03/Oct/2023:19:21:01 +0200] "GET /coca-cola-mirror-p-28092.html HTTP/1.0" 200 76053 "-" "Mozilla/5.0 (compatible; AhrefsBot/7.0; +http://ahrefs.com/robot/)"
157.90.182.25 - - [03/Oct/2023:19:21:05 +0200] "GET /fitted-sheet-color-p-38875.html HTTP/1.0" 200 76218 "-" "Mozilla/5.0 (compatible; BLEXBot/1.0; +http://webmeup-crawler.com/)"
157.90.182.25 - - [03/Oct/2023:19:21:10 +0200] "GET /fitted-sheet-color-p-38878.html HTTP/1.0" 200 76865 "-" "Mozilla/5.0 (compatible; BLEXBot/1.0; +http://webmeup-crawler.com/)"
216.244.66.242 - - [03/Oct/2023:19:21:11 +0200] "GET /paris-cover-for-iphone-and-4s-by-etienne-boyer-p-24663.html HTTP/1.0" 301 73837 "-" "Mozilla/5.0 (compatible; DotBot/1.2; +https://opensiteexplorer.org/dotbot; help@moz.com)"
157.90.182.25 - - [03/Oct/2023:19:21:16 +0200] "GET /fitted-sheet-color-p-38884.html HTTP/1.0" 200 76231 "-" "Mozilla/5.0 (compatible; BLEXBot/1.0; +http://webmeup-crawler.com/)"
157.90.182.25 - - [03/Oct/2023:19:21:21 +0200] "GET /fitted-sheet-p-27502.html HTTP/1.0" 200 76643 "-" "Mozilla/5.0 (compatible; BLEXBot/1.0; +http://webmeup-crawler.com/)"
157.90.182.25 - - [03/Oct/2023:19:21:26 +0200] "GET /fitted-sheet-p-31982.html HTTP/1.0" 200 76049 "-" "Mozilla/5.0 (compatible; BLEXBot/1.0; +http://webmeup-crawler.com/)"
157.90.182.25 - - [03/Oct/2023:19:21:33 +0200] "GET /fitted-sheet-white-p-27503.html HTTP/1.0" 200 76074 "-" "Mozilla/5.0 (compatible; BLEXBot/1.0; +http://webmeup-crawler.com/)"
216.244.66.242 - - [03/Oct/2023:19:21:36 +0200] "GET /premium-percale-cotton-bed-set-260-240-cm-p-46752.html HTTP/1.0" 301 77174 "-" "Mozilla/5.0 (compatible; DotBot/1.2; +https://opensiteexplorer.org/dotbot; help@moz.com)"
207.46.13.130 - - [03/Oct/2023:19:21:36 +0200] "GET /light-garland-pastel-deer-p-55385.html HTTP/1.0" 200 77333 "-" "Mozilla/5.0 AppleWebKit/537.36 (KHTML, like Gecko; compatible; bingbot/2.0; +http://www.bing.com/bingbot.htm) Chrome/103.0.5060.134 Safari/537.36"
169.233.1.13 - - [03/Oct/2023:19:21:38 +0200] "GET /images/mini_prod/3553560059669.jpg HTTP/1.0" 200 269 "-" "Mozilla/5.0 (X11; Ubuntu; Linux x86_64; rv:72.0) Gecko/20100101 Firefox/72.0"
157.90.182.25 - - [03/Oct/2023:19:21:37 +0200] "GET /fitted-sheet-white-p-31981.html HTTP/1.0" 200 76057 "-" "Mozilla/5.0 (compatible; BLEXBot/1.0; +http://webmeup-crawler.com/)"
54.36.149.103 - - [03/Oct/2023:19:21:42 +0200] "GET /anise-green-gold-sandstone-lamp-p-58974.html HTTP/1.0" 200 77077 "-" "Mozilla/5.0 (compatible; AhrefsBot/7.0; +http://ahrefs.com/robot/)"
157.90.182.25 - - [03/Oct/2023:19:21:46 +0200] "GET /flag-compact-mirror-p-26192.html HTTP/1.0" 200 76245 "-" "Mozilla/5.0 (compatible; BLEXBot/1.0; +http://webmeup-crawler.com/)"
54.36.148.164 - - [03/Oct/2023:19:21:48 +0200] "GET /images/big_prod/8422019680035.jpg HTTP/1.0" 200 268 "-" "Mozilla/5.0 (compatible; AhrefsBot/7.0; +http://ahrefs.com/robot/)"
157.90.182.25 - - [03/Oct/2023:19:21:53 +0200] "GET /flamingo-allen-designs-p-60433.html HTTP/1.0" 200 77048 "-" "Mozilla/5.0 (compatible; BLEXBot/1.0; +http://webmeup-crawler.com/)"
157.90.182.25 - - [03/Oct/2023:19:21:58 +0200] "GET /flamingo-allen-pill-p-51383.html HTTP/1.0" 200 76835 "-" "Mozilla/5.0 (compatible; BLEXBot/1.0; +http://webmeup-crawler.com/)"
216.244.66.242 - - [03/Oct/2023:19:21:58 +0200] "GET /protects-mattress-fleece-cotton-90-190-cm-p-43570.html HTTP/1.0" 301 76389 "-" "Mozilla/5.0 (compatible; DotBot/1.2; +https://opensiteexplorer.org/dotbot; help@moz.com)"
85.208.96.193 - - [03/Oct/2023:19:21:59 +0200] "GET /-p-577.html HTTP/1.0" 200 73766 "-" "Mozilla/5.0 (compatible; SemrushBot/7~bl; +http://www.semrush.com/bot.html)"
157.90.182.25 - - [03/Oct/2023:19:22:04 +0200] "GET /flamingo-shower-curtain-p-57405.html HTTP/1.0" 200 76864 "-" "Mozilla/5.0 (compatible; BLEXBot/1.0; +http://webmeup-crawler.com/)"
157.90.182.25 - - [03/Oct/2023:19:22:10 +0200] "GET /flamingo-tray-p-45510.html HTTP/1.0" 200 76205 "-" "Mozilla/5.0 (compatible; BLEXBot/1.0; +http://webmeup-crawler.com/)"
157.90.182.25 - - [03/Oct/2023:19:22:15 +0200] "GET /flat-cotton-case-little-prince-p-58266.html HTTP/1.0" 200 76886 "-" "Mozilla/5.0 (compatible; BLEXBot/1.0; +http://webmeup-crawler.com/)"
54.36.148.251 - - [03/Oct/2023:19:22:17 +0200] "GET /potholder-apptit-p-59806.html HTTP/1.0" 200 76809 "-" "Mozilla/5.0 (compatible; AhrefsBot/7.0; +http://ahrefs.com/robot/)"
157.90.182.25 - - [03/Oct/2023:19:22:21 +0200] "GET /flatwares-c-12_63.html?page=2 HTTP/1.0" 200 81365 "-" "Mozilla/5.0 (compatible; BLEXBot/1.0; +http://webmeup-crawler.com/)"
216.244.66.242 - - [03/Oct/2023:19:22:21 +0200] "GET /set-of-bear-fir-decoration-10-cm-p-41951.html HTTP/1.0" 301 76309 "-" "Mozilla/5.0 (compatible; DotBot/1.2; +https://opensiteexplorer.org/dotbot; help@moz.com)"
54.36.148.37 - - [03/Oct/2023:19:22:24 +0200] "GET /images/big_prod_1/8712159186567a.jpg HTTP/1.0" 200 271 "-" "Mozilla/5.0 (compatible; AhrefsBot/7.0; +http://ahrefs.com/robot/)"
157.90.182.25 - - [03/Oct/2023:19:22:27 +0200] "GET /flin-p-49539.html HTTP/1.0" 200 75976 "-" "Mozilla/5.0 (compatible; BLEXBot/1.0; +http://webmeup-crawler.com/)"
157.90.182.25 - - [03/Oct/2023:19:22:32 +0200] "GET /flocked-black-resin-figurine-hear-nothing-p-59609.html HTTP/1.0" 200 77336 "-" "Mozilla/5.0 (compatible; BLEXBot/1.0; +http://webmeup-crawler.com/)"
157.90.182.25 - - [03/Oct/2023:19:22:38 +0200] "GET /floor-cushions-c-11_71_182.html?page=2 HTTP/1.0" 200 94957 "-" "Mozilla/5.0 (compatible; BLEXBot/1.0; +http://webmeup-crawler.com/)"
216.244.66.242 - - [03/Oct/2023:19:22:41 +0200] "GET /small-cupcakes-mug-by-cbkreation-p-17355.html HTTP/1.0" 301 76304 "-" "Mozilla/5.0 (compatible; DotBot/1.2; +https://opensiteexplorer.org/dotbot; help@moz.com)"
157.90.182.25 - - [03/Oct/2023:19:22:46 +0200] "GET /floor-cushions-c-11_71_182.html?page=3 HTTP/1.0" 200 95381 "-" "Mozilla/5.0 (compatible; BLEXBot/1.0; +http://webmeup-crawler.com/)"
157.90.182.25 - - [03/Oct/2023:19:22:53 +0200] "GET /floor-cushions-c-11_71_182.html?page=4 HTTP/1.0" 200 82893 "-" "Mozilla/5.0 (compatible; BLEXBot/1.0; +http://webmeup-crawler.com/)"
54.36.148.148 - - [03/Oct/2023:19:22:58 +0200] "GET /retro-helicopter-table-clock-p-58075.html HTTP/1.0" 200 76854 "-" "Mozilla/5.0 (compatible; AhrefsBot/7.0; +http://ahrefs.com/robot/)"
157.90.182.25 - - [03/Oct/2023:19:22:59 +0200] "GET /floral-cushion-saucer-p-59035.html HTTP/1.0" 200 76795 "-" "Mozilla/5.0 (compatible; BLEXBot/1.0; +http://webmeup-crawler.com/)"
216.244.66.242 - - [03/Oct/2023:19:22:59 +0200] "GET /small-metallic-retro-premium-beer-p-38915.html HTTP/1.0" 301 73837 "-" "Mozilla/5.0 (compatible; DotBot/1.2; +https://opensiteexplorer.org/dotbot; help@moz.com)"
157.90.182.25 - - [03/Oct/2023:19:23:04 +0200] "GET /florialys-fragrance-provence-divine-rose-p-48504.html HTTP/1.0" 200 76416 "-" "Mozilla/5.0 (compatible; BLEXBot/1.0; +http://webmeup-crawler.com/)"
157.90.182.25 - - [03/Oct/2023:19:23:10 +0200] "GET /florialys-fragrance-provence-imperial-lavender-p-48502.html HTTP/1.0" 200 76452 "-" "Mozilla/5.0 (compatible; BLEXBot/1.0; +http://webmeup-crawler.com/)"
157.90.182.25 - - [03/Oct/2023:19:23:13 +0200] "GET /flower-fairies-jewelry-p-53246.html HTTP/1.0" 200 77122 "-" "Mozilla/5.0 (compatible; BLEXBot/1.0; +http://webmeup-crawler.com/)"
216.244.66.242 - - [03/Oct/2023:19:23:18 +0200] "GET /small-tinbox-rtro-motorcycle-p-41338.html HTTP/1.0" 301 73837 "-" "Mozilla/5.0 (compatible; DotBot/1.2; +https://opensiteexplorer.org/dotbot; help@moz.com)"
157.90.182.25 - - [03/Oct/2023:19:23:20 +0200] "GET /flower-life-earrings-brass-golden-p-39340.html HTTP/1.0" 200 77054 "-" "Mozilla/5.0 (compatible; BLEXBot/1.0; +http://webmeup-crawler.com/)"
71.18.255.62 - - [03/Oct/2023:19:23:27 +0200] "GET /images/mini_prod/3453131143219.jpg HTTP/1.0" 200 269 "-" "Mozilla/5.0 (X11; Ubuntu; Linux x86_64; rv:72.0) Gecko/20100101 Firefox/72.0"
157.90.182.25 - - [03/Oct/2023:19:23:27 +0200] "GET /flower-life-earrings-brass-silver-colored-p-39339.html HTTP/1.0" 200 77151 "-" "Mozilla/5.0 (compatible; BLEXBot/1.0; +http://webmeup-crawler.com/)"
54.36.148.7 - - [03/Oct/2023:19:23:32 +0200] "GET /graphic-birds-sugar-p-39836.html HTTP/1.0" 200 76107 "-" "Mozilla/5.0 (compatible; AhrefsBot/7.0; +http://ahrefs.com/robot/)"
157.90.182.25 - - [03/Oct/2023:19:23:32 +0200] "GET /flower-life-earrings-silver-p-44403.html HTTP/1.0" 200 76797 "-" "Mozilla/5.0 (compatible; BLEXBot/1.0; +http://webmeup-crawler.com/)"
216.244.66.242 - - [03/Oct/2023:19:23:34 +0200] "GET /sons-anarchy-circle-poster-p-32312.html HTTP/1.0" 301 73837 "-" "Mozilla/5.0 (compatible; DotBot/1.2; +https://opensiteexplorer.org/dotbot; help@moz.com)"
157.90.182.25 - - [03/Oct/2023:19:23:38 +0200] "GET /flower-pots-plant-accessories-c-13_275.html?page=10 HTTP/1.0" 200 97163 "-" "Mozilla/5.0 (compatible; BLEXBot/1.0; +http://webmeup-crawler.com/)"
5.255.231.201 - - [03/Oct/2023:19:23:43 +0200] "GET /spiderman-keyring-p-28269.html HTTP/1.0" 200 76048 "-" "Mozilla/5.0 (compatible; YandexBot/3.0; +http://yandex.com/bots)"
157.90.182.25 - - [03/Oct/2023:19:23:45 +0200] "GET /flower-pots-plant-accessories-c-13_275.html?page=11 HTTP/1.0" 200 95309 "-" "Mozilla/5.0 (compatible; BLEXBot/1.0; +http://webmeup-crawler.com/)"
54.36.148.209 - - [03/Oct/2023:19:23:50 +0200] "GET /images/big_prod/3560600297585.jpg HTTP/1.0" 200 268 "-" "Mozilla/5.0 (compatible; AhrefsBot/7.0; +http://ahrefs.com/robot/)"
216.244.66.242 - - [03/Oct/2023:19:23:50 +0200] "GET /stone-septarian-70-80-grams-p-46598.html HTTP/1.0" 301 77544 "-" "Mozilla/5.0 (compatible; DotBot/1.2; +https://opensiteexplorer.org/dotbot; help@moz.com)"
157.90.182.25 - - [03/Oct/2023:19:23:52 +0200] "GET /flower-pots-plant-accessories-c-13_275.html?page=2 HTTP/1.0" 200 96556 "-" "Mozilla/5.0 (compatible; BLEXBot/1.0; +http://webmeup-crawler.com/)"
157.90.182.25 - - [03/Oct/2023:19:23:58 +0200] "GET /flower-pots-plant-accessories-c-13_275.html?page=3 HTTP/1.0" 200 96838 "-" "Mozilla/5.0 (compatible; BLEXBot/1.0; +http://webmeup-crawler.com/)"
216.244.66.242 - - [03/Oct/2023:19:24:04 +0200] "GET /thingy-bedclothes-260-240-cm-p-42853.html HTTP/1.0" 301 73924 "-" "Mozilla/5.0 (compatible; DotBot/1.2; +https://opensiteexplorer.org/dotbot; help@moz.com)"
157.90.182.25 - - [03/Oct/2023:19:24:04 +0200] "GET /flower-pots-plant-accessories-c-13_275.html?page=4 HTTP/1.0" 200 97367 "-" "Mozilla/5.0 (compatible; BLEXBot/1.0; +http://webmeup-crawler.com/)"
185.191.171.5 - - [03/Oct/2023:19:24:12 +0200] "GET /monkey-chandelier-black-resin-p-56423.html HTTP/1.0" 200 73882 "-" "Mozilla/5.0 (compatible; SemrushBot/7~bl; +http://www.semrush.com/bot.html)"
157.90.182.25 - - [03/Oct/2023:19:24:12 +0200] "GET /flower-pots-plant-accessories-c-13_275.html?page=5 HTTP/1.0" 200 96921 "-" "Mozilla/5.0 (compatible; BLEXBot/1.0; +http://webmeup-crawler.com/)"
54.36.149.24 - - [03/Oct/2023:19:24:14 +0200] "GET /heart-home-friendly-stick-diffuser-white-musk-p-59874.html HTTP/1.0" 200 77367 "-" "Mozilla/5.0 (compatible; AhrefsBot/7.0; +http://ahrefs.com/robot/)"
216.244.66.242 - - [03/Oct/2023:19:24:18 +0200] "GET /valdrome-colombe-bed-set-260-240-cm-p-43965.html HTTP/1.0" 301 76997 "-" "Mozilla/5.0 (compatible; DotBot/1.2; +https://opensiteexplorer.org/dotbot; help@moz.com)"
157.90.182.25 - - [03/Oct/2023:19:24:18 +0200] "GET /flower-pots-plant-accessories-c-13_275.html?page=6 HTTP/1.0" 200 96861 "-" "Mozilla/5.0 (compatible; BLEXBot/1.0; +http://webmeup-crawler.com/)"
85.208.96.205 - - [03/Oct/2023:19:24:18 +0200] "GET /citation-confucius-white-women-shirt-p-34202.html HTTP/1.0" 200 78479 "-" "Mozilla/5.0 (compatible; SemrushBot/7~bl; +http://www.semrush.com/bot.html)"
85.208.96.203 - - [03/Oct/2023:19:24:22 +0200] "GET /-p-33430.html HTTP/1.0" 200 73770 "-" "Mozilla/5.0 (compatible; SemrushBot/7~bl; +http://www.semrush.com/bot.html)"
157.90.182.25 - - [03/Oct/2023:19:24:24 +0200] "GET /flower-pots-plant-accessories-c-13_275.html?page=7 HTTP/1.0" 200 96742 "-" "Mozilla/5.0 (compatible; BLEXBot/1.0; +http://webmeup-crawler.com/)"
216.244.66.242 - - [03/Oct/2023:19:24:31 +0200] "GET /mattress-protector-tray-shape-90-190-cm-single-bed-p-44815.html HTTP/1.0" 301 74043 "-" "Mozilla/5.0 (compatible; DotBot/1.2; +https://opensiteexplorer.org/dotbot; help@moz.com)"
157.90.182.25 - - [03/Oct/2023:19:24:30 +0200] "GET /flower-pots-plant-accessories-c-13_275.html?page=8 HTTP/1.0" 200 96898 "-" "Mozilla/5.0 (compatible; BLEXBot/1.0; +http://webmeup-crawler.com/)"
157.90.182.25 - - [03/Oct/2023:19:24:37 +0200] "GET /flower-pots-plant-accessories-c-13_275.html?page=9 HTTP/1.0" 200 97144 "-" "Mozilla/5.0 (compatible; BLEXBot/1.0; +http://webmeup-crawler.com/)"
54.36.149.84 - - [03/Oct/2023:19:24:41 +0200] "GET /princess-sofia-chair-p-28198.html HTTP/1.0" 200 76118 "-" "Mozilla/5.0 (compatible; AhrefsBot/7.0; +http://ahrefs.com/robot/)"
157.90.182.25 - - [03/Oct/2023:19:24:42 +0200] "GET /flowers-allen-designs-p-60434.html HTTP/1.0" 200 76817 "-" "Mozilla/5.0 (compatible; BLEXBot/1.0; +http://webmeup-crawler.com/)"
216.244.66.242 - - [03/Oct/2023:19:24:42 +0200] "GET /plaid-sofa-throw-portofino-with-fringes-125-150-cm-beige-p-47923.html HTTP/1.0" 301 74070 "-" "Mozilla/5.0 (compatible; DotBot/1.2; +https://opensiteexplorer.org/dotbot; help@moz.com)"
157.90.182.25 - - [03/Oct/2023:19:24:48 +0200] "GET /fluffy-white-p-42848.html HTTP/1.0" 200 76259 "-" "Mozilla/5.0 (compatible; BLEXBot/1.0; +http://webmeup-crawler.com/)"
157.90.182.25 - - [03/Oct/2023:19:24:53 +0200] "GET /fluffy-white-p-42849.html HTTP/1.0" 200 76259 "-" "Mozilla/5.0 (compatible; BLEXBot/1.0; +http://webmeup-crawler.com/)"
157.90.182.25 - - [03/Oct/2023:19:24:59 +0200] "GET /focus-phone-cover-iphone-p-17818.html HTTP/1.0" 200 76943 "-" "Mozilla/5.0 (compatible; BLEXBot/1.0; +http://webmeup-crawler.com/)"
157.90.182.25 - - [03/Oct/2023:19:25:04 +0200] "GET /folding-metal-tray-p-57094.html HTTP/1.0" 200 77329 "-" "Mozilla/5.0 (compatible; BLEXBot/1.0; +http://webmeup-crawler.com/)"
157.90.182.25 - - [03/Oct/2023:19:25:10 +0200] "GET /foliage-carpet-p-48571.html HTTP/1.0" 200 77102 "-" "Mozilla/5.0 (compatible; BLEXBot/1.0; +http://webmeup-crawler.com/)"
157.90.182.25 - - [03/Oct/2023:19:25:16 +0200] "GET /food-bowl-love-pets-p-31709.html HTTP/1.0" 200 76147 "-" "Mozilla/5.0 (compatible; BLEXBot/1.0; +http://webmeup-crawler.com/)"
54.36.148.255 - - [03/Oct/2023:19:25:18 +0200] "GET /kitchen-supports-p-44485.html HTTP/1.0" 200 76321 "-" "Mozilla/5.0 (compatible; AhrefsBot/7.0; +http://ahrefs.com/robot/)"
157.90.182.25 - - [03/Oct/2023:19:25:22 +0200] "GET /food-storage-pets-beige-p-42184.html HTTP/1.0" 200 76054 "-" "Mozilla/5.0 (compatible; BLEXBot/1.0; +http://webmeup-crawler.com/)"
51.68.224.127 - - [03/Oct/2023:19:25:27 +0200] "GET /adminweb/export_orders_xml.php?token=256de2z6edz6ed2z6DFSFsed2zed6zeDSFDSGdzedezfzf&maxorders=10&orderstart=1&status=14&start_date=2018-10-01 HTTP/1.0" 200 285 "-" "GesCom CharlotteBoutik Serveur"
51.68.224.127 - - [03/Oct/2023:19:25:27 +0200] "GET /adminweb/export_orders_xml.php?token=256de2z6edz6ed2z6DFSFsed2zed6zeDSFDSGdzedezfzf&maxorders=10&orderstart=1&status=6&start_date=2018-10-01 HTTP/1.0" 200 33939 "-" "GesCom CharlotteBoutik Serveur"
157.90.182.25 - - [03/Oct/2023:19:25:27 +0200] "GET /forest-friends-glasses-case-racoons-p-51862.html HTTP/1.0" 200 77637 "-" "Mozilla/5.0 (compatible; BLEXBot/1.0; +http://webmeup-crawler.com/)"
157.90.182.25 - - [03/Oct/2023:19:25:33 +0200] "GET /fragrance-case-cabinet-diffuser-c-231_228.html?page=2 HTTP/1.0" 200 88447 "-" "Mozilla/5.0 (compatible; BLEXBot/1.0; +http://webmeup-crawler.com/)"
157.90.182.25 - - [03/Oct/2023:19:25:39 +0200] "GET /fragrance-sachet-baked-apple-p-40548.html HTTP/1.0" 200 77110 "-" "Mozilla/5.0 (compatible; BLEXBot/1.0; +http://webmeup-crawler.com/)"
185.191.171.18 - - [03/Oct/2023:19:25:40 +0200] "GET /-p-47430.html HTTP/1.0" 200 73770 "-" "Mozilla/5.0 (compatible; SemrushBot/7~bl; +http://www.semrush.com/bot.html)"
54.36.148.191 - - [03/Oct/2023:19:25:44 +0200] "GET /patinated-wooden-lamp-with-beige-shade-p-57737.html HTTP/1.0" 200 76945 "-" "Mozilla/5.0 (compatible; AhrefsBot/7.0; +http://ahrefs.com/robot/)"
157.90.182.25 - - [03/Oct/2023:19:25:45 +0200] "GET /fragrance-sachet-cerulean-p-40546.html HTTP/1.0" 200 77127 "-" "Mozilla/5.0 (compatible; BLEXBot/1.0; +http://webmeup-crawler.com/)"
54.36.148.134 - - [03/Oct/2023:19:25:50 +0200] "GET /images/big_prod/8424001785032.jpg HTTP/1.0" 200 268 "-" "Mozilla/5.0 (compatible; AhrefsBot/7.0; +http://ahrefs.com/robot/)"
157.90.182.25 - - [03/Oct/2023:19:25:50 +0200] "GET /fragrance-sachet-cinnamon-spice-p-40559.html HTTP/1.0" 200 77148 "-" "Mozilla/5.0 (compatible; BLEXBot/1.0; +http://webmeup-crawler.com/)"
157.90.182.25 - - [03/Oct/2023:19:25:56 +0200] "GET /fragrance-sachet-coconut-escape-p-40535.html HTTP/1.0" 200 77142 "-" "Mozilla/5.0 (compatible; BLEXBot/1.0; +http://webmeup-crawler.com/)"
157.90.182.25 - - [03/Oct/2023:19:26:05 +0200] "GET /fragrance-sachet-dawn-mist-p-40562.html HTTP/1.0" 200 77112 "-" "Mozilla/5.0 (compatible; BLEXBot/1.0; +http://webmeup-crawler.com/)"
157.90.182.25 - - [03/Oct/2023:19:26:11 +0200] "GET /fragrance-sachet-french-vanilla-p-40550.html HTTP/1.0" 200 77160 "-" "Mozilla/5.0 (compatible; BLEXBot/1.0; +http://webmeup-crawler.com/)"
17.241.75.239 - - [03/Oct/2023:19:26:14 +0200] "GET /devil-white-woman-shirt-p-30744.html HTTP/1.0" 200 73888 "-" "Mozilla/5.0 (Macintosh; Intel Mac OS X 10_15_5) AppleWebKit/605.1.15 (KHTML, like Gecko) Version/13.1.1 Safari/605.1.15 (Applebot/0.1; +http://www.apple.com/go/applebot)"
54.36.148.19 - - [03/Oct/2023:19:26:17 +0200] "GET /bottle-holder-beer-bucket-c-12_224.html?page=1 HTTP/1.0" 200 93686 "-" "Mozilla/5.0 (compatible; AhrefsBot/7.0; +http://ahrefs.com/robot/)"
157.90.182.25 - - [03/Oct/2023:19:26:18 +0200] "GET /fragrance-sachet-fresh-linen-p-40545.html HTTP/1.0" 200 77141 "-" "Mozilla/5.0 (compatible; BLEXBot/1.0; +http://webmeup-crawler.com/)"
157.90.182.25 - - [03/Oct/2023:19:26:24 +0200] "GET /fragrance-sachet-intense-p-40547.html HTTP/1.0" 200 77100 "-" "Mozilla/5.0 (compatible; BLEXBot/1.0; +http://webmeup-crawler.com/)"
157.90.182.25 - - [03/Oct/2023:19:26:30 +0200] "GET /fragrance-sachet-lavender-sage-p-40542.html HTTP/1.0" 200 77166 "-" "Mozilla/5.0 (compatible; BLEXBot/1.0; +http://webmeup-crawler.com/)"
157.90.182.25 - - [03/Oct/2023:19:26:36 +0200] "GET /fragrance-sachet-lily-valley-p-40555.html HTTP/1.0" 200 77165 "-" "Mozilla/5.0 (compatible; BLEXBot/1.0; +http://webmeup-crawler.com/)"
85.208.96.212 - - [03/Oct/2023:19:26:38 +0200] "GET /-p-34472.html HTTP/1.0" 200 73770 "-" "Mozilla/5.0 (compatible; SemrushBot/7~bl; +http://www.semrush.com/bot.html)"
157.90.182.25 - - [03/Oct/2023:19:26:42 +0200] "GET /fragrance-sachet-magnolia-blossom-p-40537.html HTTP/1.0" 200 77147 "-" "Mozilla/5.0 (compatible; BLEXBot/1.0; +http://webmeup-crawler.com/)"
157.90.182.25 - - [03/Oct/2023:19:26:47 +0200] "GET /fragrances-ambiance-c-231.html?page=10 HTTP/1.0" 200 96217 "-" "Mozilla/5.0 (compatible; BLEXBot/1.0; +http://webmeup-crawler.com/)"
54.36.149.27 - - [03/Oct/2023:19:26:49 +0200] "GET /miracle-tattoos-augmented-reality-p-30661.html HTTP/1.0" 200 76978 "-" "Mozilla/5.0 (compatible; AhrefsBot/7.0; +http://ahrefs.com/robot/)"
101.70.124.222 - - [03/Oct/2023:19:26:55 +0200] "GET /images/mini_prod/3662468005415.jpg HTTP/1.0" 200 269 "-" "Mozilla/5.0 (Windows NT 10.0; Win64; x64) AppleWebKit/537.36 (KHTML, like Gecko) Chrome/103.0.0.0 Safari/537.36"
157.90.182.25 - - [03/Oct/2023:19:26:54 +0200] "GET /fragrances-ambiance-c-231.html?page=11 HTTP/1.0" 200 96960 "-" "Mozilla/5.0 (compatible; BLEXBot/1.0; +http://webmeup-crawler.com/)"
157.90.182.25 - - [03/Oct/2023:19:27:00 +0200] "GET /fragrances-ambiance-c-231.html?page=2 HTTP/1.0" 200 96695 "-" "Mozilla/5.0 (compatible; BLEXBot/1.0; +http://webmeup-crawler.com/)"
185.191.171.1 - - [03/Oct/2023:19:27:05 +0200] "GET /salad-servers-coconut-wood-p-59595.html HTTP/1.0" 200 77240 "-" "Mozilla/5.0 (compatible; SemrushBot/7~bl; +http://www.semrush.com/bot.html)"
35.171.69.89 - - [03/Oct/2023:19:27:07 +0200] "GET /images/1300010240274.jpg HTTP/1.0" 200 259 "-" "Mozilla/5.0 (X11; Ubuntu; Linux x86_64; rv:72.0) Gecko/20100101 Firefox/72.0"
157.90.182.25 - - [03/Oct/2023:19:27:07 +0200] "GET /fragrances-ambiance-c-231.html?page=3 HTTP/1.0" 200 97509 "-" "Mozilla/5.0 (compatible; BLEXBot/1.0; +http://webmeup-crawler.com/)"
157.90.182.25 - - [03/Oct/2023:19:27:11 +0200] "GET /fragrances-ambiance-c-231.html?page=4 HTTP/1.0" 200 96244 "-" "Mozilla/5.0 (compatible; BLEXBot/1.0; +http://webmeup-crawler.com/)"
157.90.182.25 - - [03/Oct/2023:19:27:17 +0200] "GET /fragrances-ambiance-c-231.html?page=5 HTTP/1.0" 200 96301 "-" "Mozilla/5.0 (compatible; BLEXBot/1.0; +http://webmeup-crawler.com/)"
5.255.231.179 - - [03/Oct/2023:19:27:22 +0200] "GET /robots.txt HTTP/1.0" 200 245 "-" "Mozilla/5.0 (compatible; YandexBot/3.0; +http://yandex.com/bots)"
95.108.213.188 - - [03/Oct/2023:19:27:23 +0200] "GET /-p-40719.html HTTP/1.0" 200 73770 "-" "Mozilla/5.0 (compatible; YandexBot/3.0; +http://yandex.com/bots)"
157.90.182.25 - - [03/Oct/2023:19:27:24 +0200] "GET /fragrances-ambiance-c-231.html?page=6 HTTP/1.0" 200 96794 "-" "Mozilla/5.0 (compatible; BLEXBot/1.0; +http://webmeup-crawler.com/)"
54.36.148.196 - - [03/Oct/2023:19:27:25 +0200] "GET /wise-monkeys-lamp-golden-resin-p-60074.html HTTP/1.0" 200 77202 "-" "Mozilla/5.0 (compatible; AhrefsBot/7.0; +http://ahrefs.com/robot/)"
54.36.148.110 - - [03/Oct/2023:19:27:32 +0200] "GET /images/big_prod/5400924264741.jpg HTTP/1.0" 200 268 "-" "Mozilla/5.0 (compatible; AhrefsBot/7.0; +http://ahrefs.com/robot/)"
54.36.148.63 - - [03/Oct/2023:19:27:32 +0200] "GET /images/big_prod_2/5400924264741C.jpg HTTP/1.0" 200 271 "-" "Mozilla/5.0 (compatible; AhrefsBot/7.0; +http://ahrefs.com/robot/)"
157.90.182.25 - - [03/Oct/2023:19:27:31 +0200] "GET /fragrances-ambiance-c-231.html?page=7 HTTP/1.0" 200 95726 "-" "Mozilla/5.0 (compatible; BLEXBot/1.0; +http://webmeup-crawler.com/)"
157.90.182.25 - - [03/Oct/2023:19:27:38 +0200] "GET /fragrances-ambiance-c-231.html?page=8 HTTP/1.0" 200 96075 "-" "Mozilla/5.0 (compatible; BLEXBot/1.0; +http://webmeup-crawler.com/)"
85.208.96.209 - - [03/Oct/2023:19:27:41 +0200] "GET /japanese-style-cast-iron-teapot-liter-p-59982.html HTTP/1.0" 200 77810 "-" "Mozilla/5.0 (compatible; SemrushBot/7~bl; +http://www.semrush.com/bot.html)"
157.90.182.25 - - [03/Oct/2023:19:27:43 +0200] "GET /fragrances-ambiance-c-231.html?page=9 HTTP/1.0" 200 96105 "-" "Mozilla/5.0 (compatible; BLEXBot/1.0; +http://webmeup-crawler.com/)"
157.90.182.25 - - [03/Oct/2023:19:27:49 +0200] "GET /frais-port-p-48417.html HTTP/1.0" 200 75871 "-" "Mozilla/5.0 (compatible; BLEXBot/1.0; +http://webmeup-crawler.com/)"
85.208.96.198 - - [03/Oct/2023:19:27:50 +0200] "GET /christmas-bauble-famille-p-58861.html HTTP/1.0" 200 77093 "-" "Mozilla/5.0 (compatible; SemrushBot/7~bl; +http://www.semrush.com/bot.html)"
157.90.182.25 - - [03/Oct/2023:19:27:54 +0200] "GET /frais-port-p-59807.html HTTP/1.0" 200 75832 "-" "Mozilla/5.0 (compatible; BLEXBot/1.0; +http://webmeup-crawler.com/)"
54.36.148.216 - - [03/Oct/2023:19:27:56 +0200] "GET /brown-horses-jewelry-phosphorescent-p-16466.html HTTP/1.0" 200 79658 "-" "Mozilla/5.0 (compatible; AhrefsBot/7.0; +http://ahrefs.com/robot/)"
157.90.182.25 - - [03/Oct/2023:19:27:59 +0200] "GET /frames-flags-decorative-paintings-c-13_148.html?page=2 HTTP/1.0" 200 96825 "-" "Mozilla/5.0 (compatible; BLEXBot/1.0; +http://webmeup-crawler.com/)"
54.36.148.206 - - [03/Oct/2023:19:28:05 +0200] "GET /images/big_prod/3457010606208.jpg HTTP/1.0" 200 268 "-" "Mozilla/5.0 (compatible; AhrefsBot/7.0; +http://ahrefs.com/robot/)"
103.1.32.36 - - [03/Oct/2023:19:28:06 +0200] "GET /images/big_prod/3014627830404.jpg HTTP/1.0" 200 268 "-" "Mozilla/5.0 (X11; Ubuntu; Linux x86_64; rv:72.0) Gecko/20100101 Firefox/72.0"
157.90.182.25 - - [03/Oct/2023:19:28:05 +0200] "GET /frames-flags-decorative-paintings-c-13_148.html?page=3 HTTP/1.0" 200 96687 "-" "Mozilla/5.0 (compatible; BLEXBot/1.0; +http://webmeup-crawler.com/)"
157.90.182.25 - - [03/Oct/2023:19:28:11 +0200] "GET /frames-flags-decorative-paintings-c-13_148.html?page=4 HTTP/1.0" 200 96936 "-" "Mozilla/5.0 (compatible; BLEXBot/1.0; +http://webmeup-crawler.com/)"
157.90.182.25 - - [03/Oct/2023:19:28:17 +0200] "GET /frames-flags-decorative-paintings-c-13_148.html?page=5 HTTP/1.0" 200 97205 "-" "Mozilla/5.0 (compatible; BLEXBot/1.0; +http://webmeup-crawler.com/)"
157.90.182.25 - - [03/Oct/2023:19:28:24 +0200] "GET /frames-flags-decorative-paintings-c-13_148.html?page=6 HTTP/1.0" 200 94777 "-" "Mozilla/5.0 (compatible; BLEXBot/1.0; +http://webmeup-crawler.com/)"
54.36.148.77 - - [03/Oct/2023:19:28:27 +0200] "GET /marilyn-monroe-computer-p-5787.html HTTP/1.0" 200 76331 "-" "Mozilla/5.0 (compatible; AhrefsBot/7.0; +http://ahrefs.com/robot/)"
157.90.182.25 - - [03/Oct/2023:19:28:29 +0200] "GET /framework-kitten-canvas-p-31839.html HTTP/1.0" 200 76179 "-" "Mozilla/5.0 (compatible; BLEXBot/1.0; +http://webmeup-crawler.com/)"
54.36.148.172 - - [03/Oct/2023:19:28:34 +0200] "GET /images/TROMY3466.jpg HTTP/1.0" 200 255 "-" "Mozilla/5.0 (compatible; AhrefsBot/7.0; +http://ahrefs.com/robot/)"
157.90.182.25 - - [03/Oct/2023:19:28:33 +0200] "GET /francine-charming-dekor-bedclothes-p-43500.html HTTP/1.0" 200 76359 "-" "Mozilla/5.0 (compatible; BLEXBot/1.0; +http://webmeup-crawler.com/)"
157.90.182.25 - - [03/Oct/2023:19:28:38 +0200] "GET /frankie-kimmidoll-love-p-21769.html HTTP/1.0" 200 80576 "-" "Mozilla/5.0 (compatible; BLEXBot/1.0; +http://webmeup-crawler.com/)"
157.90.182.25 - - [03/Oct/2023:19:28:44 +0200] "GET /frankie-stein-figure-p-22565.html HTTP/1.0" 200 76195 "-" "Mozilla/5.0 (compatible; BLEXBot/1.0; +http://webmeup-crawler.com/)"
157.90.182.25 - - [03/Oct/2023:19:28:50 +0200] "GET /frankie-stein-monster-high-p-17501.html HTTP/1.0" 200 76906 "-" "Mozilla/5.0 (compatible; BLEXBot/1.0; +http://webmeup-crawler.com/)"
157.90.182.25 - - [03/Oct/2023:19:28:55 +0200] "GET /franklin-green-swimsuit-p-30241.html HTTP/1.0" 200 77836 "-" "Mozilla/5.0 (compatible; BLEXBot/1.0; +http://webmeup-crawler.com/)"
54.36.148.181 - - [03/Oct/2023:19:28:56 +0200] "GET /tree-life-pendulum-p-59236.html HTTP/1.0" 200 73850 "-" "Mozilla/5.0 (compatible; AhrefsBot/7.0; +http://ahrefs.com/robot/)"
157.90.182.25 - - [03/Oct/2023:19:29:01 +0200] "GET /franklin-purple-swimsuit-p-30244.html HTTP/1.0" 200 78125 "-" "Mozilla/5.0 (compatible; BLEXBot/1.0; +http://webmeup-crawler.com/)"
59.82.78.103 - - [03/Oct/2023:19:29:08 +0200] "GET /images/mini_prod/4260082934785.jpg HTTP/1.0" 200 269 "-" "Mozilla/5.0 (X11; Ubuntu; Linux x86_64; rv:72.0) Gecko/20100101 Firefox/72.0"
157.90.182.25 - - [03/Oct/2023:19:29:07 +0200] "GET /free-cold-beer-wall-bottle-opener-p-36858.html HTTP/1.0" 200 76259 "-" "Mozilla/5.0 (compatible; BLEXBot/1.0; +http://webmeup-crawler.com/)"
157.90.182.25 - - [03/Oct/2023:19:29:13 +0200] "GET /freegun-polar-plaid-p-29089.html HTTP/1.0" 200 76264 "-" "Mozilla/5.0 (compatible; BLEXBot/1.0; +http://webmeup-crawler.com/)"
157.90.182.25 - - [03/Oct/2023:19:29:18 +0200] "GET /freegun-steel-watch-p-35083.html HTTP/1.0" 200 76670 "-" "Mozilla/5.0 (compatible; BLEXBot/1.0; +http://webmeup-crawler.com/)"
157.90.182.25 - - [03/Oct/2023:19:29:24 +0200] "GET /french-bulldog-eggcup-p-33470.html HTTP/1.0" 200 76198 "-" "Mozilla/5.0 (compatible; BLEXBot/1.0; +http://webmeup-crawler.com/)"
157.90.182.25 - - [03/Oct/2023:19:29:29 +0200] "GET /french-delicacies-glass-coaster-p-32861.html HTTP/1.0" 200 76160 "-" "Mozilla/5.0 (compatible; BLEXBot/1.0; +http://webmeup-crawler.com/)"
157.90.182.25 - - [03/Oct/2023:19:29:35 +0200] "GET /french-flag-with-stick-p-57876.html HTTP/1.0" 200 76915 "-" "Mozilla/5.0 (compatible; BLEXBot/1.0; +http://webmeup-crawler.com/)"
54.36.149.25 - - [03/Oct/2023:19:29:36 +0200] "GET /bohemian-pink-stoneware-trimmed-planter-p-58095.html HTTP/1.0" 200 77047 "-" "Mozilla/5.0 (compatible; AhrefsBot/7.0; +http://ahrefs.com/robot/)"
157.90.182.25 - - [03/Oct/2023:19:29:41 +0200] "GET /french-kiss-paris-little-tray-p-39730.html HTTP/1.0" 200 76332 "-" "Mozilla/5.0 (compatible; BLEXBot/1.0; +http://webmeup-crawler.com/)"
54.36.148.236 - - [03/Oct/2023:19:29:46 +0200] "GET /images/big_prod_1/8422018289628B.jpg HTTP/1.0" 200 271 "-" "Mozilla/5.0 (compatible; AhrefsBot/7.0; +http://ahrefs.com/robot/)"
157.90.182.25 - - [03/Oct/2023:19:29:47 +0200] "GET /french-riviera-small-black-p-38722.html HTTP/1.0" 200 76498 "-" "Mozilla/5.0 (compatible; BLEXBot/1.0; +http://webmeup-crawler.com/)"
103.136.221.62 - - [03/Oct/2023:19:29:54 +0200] "GET /images/mini_prod/3660173208350.jpg HTTP/1.0" 200 269 "-" "Mozilla/5.0 (X11; Ubuntu; Linux x86_64; rv:72.0) Gecko/20100101 Firefox/72.0"
157.90.182.25 - - [03/Oct/2023:19:29:53 +0200] "GET /french-riviera-small-p-38724.html HTTP/1.0" 200 76478 "-" "Mozilla/5.0 (compatible; BLEXBot/1.0; +http://webmeup-crawler.com/)"
185.191.171.3 - - [03/Oct/2023:19:29:56 +0200] "GET /pinocchio-75th-anniversary-romero-britto-p-32580.html HTTP/1.0" 200 73926 "-" "Mozilla/5.0 (compatible; SemrushBot/7~bl; +http://www.semrush.com/bot.html)"
157.90.182.25 - - [03/Oct/2023:19:29:58 +0200] "GET /frenchy-style-flour-storage-p-57929.html HTTP/1.0" 200 76954 "-" "Mozilla/5.0 (compatible; BLEXBot/1.0; +http://webmeup-crawler.com/)"
157.90.182.25 - - [03/Oct/2023:19:30:06 +0200] "GET /fresh-brewed-coffee-cutting-board-p-40646.html HTTP/1.0" 200 76275 "-" "Mozilla/5.0 (compatible; BLEXBot/1.0; +http://webmeup-crawler.com/)"
54.36.149.4 - - [03/Oct/2023:19:30:08 +0200] "GET /fitted-sheet-color-p-38878.html HTTP/1.0" 200 76865 "-" "Mozilla/5.0 (compatible; AhrefsBot/7.0; +http://ahrefs.com/robot/)"
157.90.182.25 - - [03/Oct/2023:19:30:13 +0200] "GET /freshener-heart-home-cerulean-p-40605.html HTTP/1.0" 200 76771 "-" "Mozilla/5.0 (compatible; BLEXBot/1.0; +http://webmeup-crawler.com/)"
157.55.39.48 - - [03/Oct/2023:19:30:14 +0200] "GET /sonny-angel-figure-series-caribbean-p-49377.html HTTP/1.0" 301 73837 "-" "Mozilla/5.0 AppleWebKit/537.36 (KHTML, like Gecko; compatible; bingbot/2.0; +http://www.bing.com/bingbot.htm) Chrome/103.0.5060.134 Safari/537.36"
85.208.96.207 - - [03/Oct/2023:19:30:15 +0200] "GET /isothermic-stainless-steel-bottle-buddha-cbkreation-p-60747.html HTTP/1.0" 200 76362 "-" "Mozilla/5.0 (compatible; SemrushBot/7~bl; +http://www.semrush.com/bot.html)"
157.55.39.48 - - [03/Oct/2023:19:30:18 +0200] "GET /frozen-musical-p-38309.html HTTP/1.0" 301 73837 "-" "Mozilla/5.0 AppleWebKit/537.36 (KHTML, like Gecko; compatible; bingbot/2.0; +http://www.bing.com/bingbot.htm) Chrome/103.0.5060.134 Safari/537.36"
157.90.182.25 - - [03/Oct/2023:19:30:19 +0200] "GET /freshener-heart-home-french-vanilla-p-40603.html HTTP/1.0" 200 76783 "-" "Mozilla/5.0 (compatible; BLEXBot/1.0; +http://webmeup-crawler.com/)"
157.90.182.25 - - [03/Oct/2023:19:30:25 +0200] "GET /freshener-heart-home-intense-p-40600.html HTTP/1.0" 200 76748 "-" "Mozilla/5.0 (compatible; BLEXBot/1.0; +http://webmeup-crawler.com/)"
157.90.182.25 - - [03/Oct/2023:19:30:34 +0200] "GET /freshener-heart-home-lavender-sage-p-40602.html HTTP/1.0" 200 76783 "-" "Mozilla/5.0 (compatible; BLEXBot/1.0; +http://webmeup-crawler.com/)"
157.90.182.25 - - [03/Oct/2023:19:30:39 +0200] "GET /freshener-heart-home-paradise-sunset-p-40601.html HTTP/1.0" 200 76794 "-" "Mozilla/5.0 (compatible; BLEXBot/1.0; +http://webmeup-crawler.com/)"
157.90.182.25 - - [03/Oct/2023:19:30:45 +0200] "GET /freshener-heart-home-rambling-rose-p-40604.html HTTP/1.0" 200 76776 "-" "Mozilla/5.0 (compatible; BLEXBot/1.0; +http://webmeup-crawler.com/)"
54.36.148.55 - - [03/Oct/2023:19:30:48 +0200] "GET /meditation-cushion-chakra-indigo-p-45370.html HTTP/1.0" 200 78230 "-" "Mozilla/5.0 (compatible; AhrefsBot/7.0; +http://ahrefs.com/robot/)"
157.90.182.25 - - [03/Oct/2023:19:30:51 +0200] "GET /freshener-heart-home-sweet-p-40565.html HTTP/1.0" 200 76773 "-" "Mozilla/5.0 (compatible; BLEXBot/1.0; +http://webmeup-crawler.com/)"
54.36.148.30 - - [03/Oct/2023:19:30:55 +0200] "GET /images/big_prod_1/8718969174725a.jpg HTTP/1.0" 200 271 "-" "Mozilla/5.0 (compatible; AhrefsBot/7.0; +http://ahrefs.com/robot/)"
54.36.148.242 - - [03/Oct/2023:19:30:57 +0200] "GET /images/big_prod/8718969174725AN.jpg HTTP/1.0" 200 270 "-" "Mozilla/5.0 (compatible; AhrefsBot/7.0; +http://ahrefs.com/robot/)"
157.90.182.25 - - [03/Oct/2023:19:30:57 +0200] "GET /freshener-heart-home-welcome-home-p-40609.html HTTP/1.0" 200 76763 "-" "Mozilla/5.0 (compatible; BLEXBot/1.0; +http://webmeup-crawler.com/)"
157.90.182.25 - - [03/Oct/2023:19:31:03 +0200] "GET /freshener-heart-home-white-jasmine-freesia-p-40598.html HTTP/1.0" 200 76846 "-" "Mozilla/5.0 (compatible; BLEXBot/1.0; +http://webmeup-crawler.com/)"
157.90.182.25 - - [03/Oct/2023:19:31:09 +0200] "GET /frida-khalo-saucer-p-50158.html HTTP/1.0" 200 76153 "-" "Mozilla/5.0 (compatible; BLEXBot/1.0; +http://webmeup-crawler.com/)"
157.90.182.25 - - [03/Oct/2023:19:31:14 +0200] "GET /frida-khalo-saucer-p-50159.html HTTP/1.0" 200 76151 "-" "Mozilla/5.0 (compatible; BLEXBot/1.0; +http://webmeup-crawler.com/)"
85.208.96.202 - - [03/Oct/2023:19:31:18 +0200] "GET /-p-42106.html HTTP/1.0" 200 73770 "-" "Mozilla/5.0 (compatible; SemrushBot/7~bl; +http://www.semrush.com/bot.html)"
157.90.182.25 - - [03/Oct/2023:19:31:20 +0200] "GET /frida-khalo-saucer-p-50161.html HTTP/1.0" 200 76151 "-" "Mozilla/5.0 (compatible; BLEXBot/1.0; +http://webmeup-crawler.com/)"
185.191.171.5 - - [03/Oct/2023:19:31:22 +0200] "GET /love-york-safe-book-p-60961.html HTTP/1.0" 200 77726 "-" "Mozilla/5.0 (compatible; SemrushBot/7~bl; +http://www.semrush.com/bot.html)"
157.90.182.25 - - [03/Oct/2023:19:31:26 +0200] "GET /frida-khalo-saucer-p-50163.html HTTP/1.0" 200 76151 "-" "Mozilla/5.0 (compatible; BLEXBot/1.0; +http://webmeup-crawler.com/)"
54.36.148.27 - - [03/Oct/2023:19:31:26 +0200] "GET /beatles-union-jack-black-cover-ipad-tablets-p-17619.html HTTP/1.0" 200 76576 "-" "Mozilla/5.0 (compatible; AhrefsBot/7.0; +http://ahrefs.com/robot/)"
157.90.182.25 - - [03/Oct/2023:19:31:35 +0200] "GET /frida-khalo-saucer-p-50164.html HTTP/1.0" 200 76151 "-" "Mozilla/5.0 (compatible; BLEXBot/1.0; +http://webmeup-crawler.com/)"
157.90.182.25 - - [03/Oct/2023:19:31:39 +0200] "GET /frida-khalo-saucer-p-59243.html HTTP/1.0" 200 76152 "-" "Mozilla/5.0 (compatible; BLEXBot/1.0; +http://webmeup-crawler.com/)"
157.90.182.25 - - [03/Oct/2023:19:31:44 +0200] "GET /frida-khalo-saucer-p-59428.html HTTP/1.0" 200 76152 "-" "Mozilla/5.0 (compatible; BLEXBot/1.0; +http://webmeup-crawler.com/)"
157.90.182.25 - - [03/Oct/2023:19:31:49 +0200] "GET /frida-khalo-saucer-p-59429.html HTTP/1.0" 200 76152 "-" "Mozilla/5.0 (compatible; BLEXBot/1.0; +http://webmeup-crawler.com/)"
157.90.182.25 - - [03/Oct/2023:19:31:54 +0200] "GET /frida-khalo-saucer-p-59430.html HTTP/1.0" 200 76151 "-" "Mozilla/5.0 (compatible; BLEXBot/1.0; +http://webmeup-crawler.com/)"
185.191.171.2 - - [03/Oct/2023:19:31:55 +0200] "GET /beige-metal-chandelier-p-58727.html HTTP/1.0" 200 76979 "-" "Mozilla/5.0 (compatible; SemrushBot/7~bl; +http://www.semrush.com/bot.html)"
169.233.1.13 - - [03/Oct/2023:19:32:02 +0200] "GET /images/mini_prod/4891320363533.jpg HTTP/1.0" 200 269 "-" "Mozilla/5.0 (X11; Ubuntu; Linux x86_64; rv:72.0) Gecko/20100101 Firefox/72.0"
157.90.182.25 - - [03/Oct/2023:19:32:01 +0200] "GET /frida-with-infuser-blue-p-52861.html HTTP/1.0" 200 76152 "-" "Mozilla/5.0 (compatible; BLEXBot/1.0; +http://webmeup-crawler.com/)"
157.90.182.25 - - [03/Oct/2023:19:32:06 +0200] "GET /frida-with-infuser-pink-blue-p-52862.html HTTP/1.0" 200 76207 "-" "Mozilla/5.0 (compatible; BLEXBot/1.0; +http://webmeup-crawler.com/)"
54.36.149.21 - - [03/Oct/2023:19:32:09 +0200] "GET /zodiac-white-women-shirt-p-30802.html HTTP/1.0" 200 78161 "-" "Mozilla/5.0 (compatible; AhrefsBot/7.0; +http://ahrefs.com/robot/)"
157.90.182.25 - - [03/Oct/2023:19:32:13 +0200] "GET /frida-with-infuser-pink-p-52863.html HTTP/1.0" 200 76152 "-" "Mozilla/5.0 (compatible; BLEXBot/1.0; +http://webmeup-crawler.com/)"
157.90.182.25 - - [03/Oct/2023:19:32:20 +0200] "GET /frida-with-pink-blue-infuser-p-52860.html HTTP/1.0" 200 76207 "-" "Mozilla/5.0 (compatible; BLEXBot/1.0; +http://webmeup-crawler.com/)"
