157.90.182.25 - - [03/Oct/2023:17:21:20 +0200] "GET /beige-polycotton-bedspread-p-58718.html HTTP/1.0" 200 77036 "-" "Mozilla/5.0 (compatible; BLEXBot/1.0; +http://webmeup-crawler.com/)"
157.90.182.25 - - [03/Oct/2023:17:21:23 +0200] "GET /angry-birds-wallet-p-19173.html HTTP/1.0" 200 76344 "-" "Mozilla/5.0 (compatible; BLEXBot/1.0; +http://webmeup-crawler.com/)"
54.36.148.25 - - [03/Oct/2023:17:21:27 +0200] "GET /images/big_prod_1/8445146059246B.jpg HTTP/1.0" 200 271 "-" "Mozilla/5.0 (compatible; AhrefsBot/7.0; +http://ahrefs.com/robot/)"
157.90.182.25 - - [03/Oct/2023:17:21:27 +0200] "GET /beige-sherpa-ribbed-flannel-sofa-p-59927.html HTTP/1.0" 200 77784 "-" "Mozilla/5.0 (compatible; BLEXBot/1.0; +http://webmeup-crawler.com/)"
157.90.182.25 - - [03/Oct/2023:17:21:30 +0200] "GET /animals-alarm-clock-cbkreation-p-43810.html HTTP/1.0" 200 76281 "-" "Mozilla/5.0 (compatible; BLEXBot/1.0; +http://webmeup-crawler.com/)"
54.36.148.137 - - [03/Oct/2023:17:21:31 +0200] "GET /images/big_prod_2/8445146059246C.jpg HTTP/1.0" 200 271 "-" "Mozilla/5.0 (compatible; AhrefsBot/7.0; +http://ahrefs.com/robot/)"
157.90.182.25 - - [03/Oct/2023:17:21:34 +0200] "GET /beige-small-baby-teeth-p-33507.html HTTP/1.0" 200 76898 "-" "Mozilla/5.0 (compatible; BLEXBot/1.0; +http://webmeup-crawler.com/)"
157.90.182.25 - - [03/Oct/2023:17:21:35 +0200] "GET /animals-alarm-clock-cbkreation-p-43811.html HTTP/1.0" 200 76281 "-" "Mozilla/5.0 (compatible; BLEXBot/1.0; +http://webmeup-crawler.com/)"
157.90.182.25 - - [03/Oct/2023:17:21:41 +0200] "GET /animals-alarm-clock-cbkreation-p-43812.html HTTP/1.0" 200 76281 "-" "Mozilla/5.0 (compatible; BLEXBot/1.0; +http://webmeup-crawler.com/)"
54.36.149.15 - - [03/Oct/2023:17:21:42 +0200] "GET /klimt-little-tray-p-51680.html HTTP/1.0" 200 76158 "-" "Mozilla/5.0 (compatible; AhrefsBot/7.0; +http://ahrefs.com/robot/)"
157.90.182.25 - - [03/Oct/2023:17:21:46 +0200] "GET /animals-pencil-cbkreation-p-45063.html HTTP/1.0" 200 76202 "-" "Mozilla/5.0 (compatible; BLEXBot/1.0; +http://webmeup-crawler.com/)"
157.90.182.25 - - [03/Oct/2023:17:21:52 +0200] "GET /animals-pencil-cbkreation-p-45077.html HTTP/1.0" 200 76201 "-" "Mozilla/5.0 (compatible; BLEXBot/1.0; +http://webmeup-crawler.com/)"
157.90.182.25 - - [03/Oct/2023:17:21:54 +0200] "GET /beige-wooden-perpetual-calendar-p-60321.html HTTP/1.0" 200 77053 "-" "Mozilla/5.0 (compatible; BLEXBot/1.0; +http://webmeup-crawler.com/)"
157.90.182.25 - - [03/Oct/2023:17:21:58 +0200] "GET /anna-poster-p-30914.html HTTP/1.0" 200 76040 "-" "Mozilla/5.0 (compatible; BLEXBot/1.0; +http://webmeup-crawler.com/)"
157.90.182.25 - - [03/Oct/2023:17:22:00 +0200] "GET /bell-brass-buddha-p-46810.html HTTP/1.0" 200 76149 "-" "Mozilla/5.0 (compatible; BLEXBot/1.0; +http://webmeup-crawler.com/)"
157.90.182.25 - - [03/Oct/2023:17:22:04 +0200] "GET /anne-oven-mitt-p-60916.html HTTP/1.0" 200 76742 "-" "Mozilla/5.0 (compatible; BLEXBot/1.0; +http://webmeup-crawler.com/)"
157.90.182.25 - - [03/Oct/2023:17:22:06 +0200] "GET /bell-golden-brass-wood-table-p-51224.html HTTP/1.0" 200 76266 "-" "Mozilla/5.0 (compatible; BLEXBot/1.0; +http://webmeup-crawler.com/)"
157.90.182.25 - - [03/Oct/2023:17:22:11 +0200] "GET /anthracite-polyester-round-chair-cushion-p-47041.html HTTP/1.0" 200 76901 "-" "Mozilla/5.0 (compatible; BLEXBot/1.0; +http://webmeup-crawler.com/)"
157.90.182.25 - - [03/Oct/2023:17:22:12 +0200] "GET /bell-golden-brass-wood-table-p-52805.html HTTP/1.0" 200 76242 "-" "Mozilla/5.0 (compatible; BLEXBot/1.0; +http://webmeup-crawler.com/)"
54.36.149.56 - - [03/Oct/2023:17:22:16 +0200] "GET /corsica-shirt-p-35444.html HTTP/1.0" 200 78017 "-" "Mozilla/5.0 (compatible; AhrefsBot/7.0; +http://ahrefs.com/robot/)"
157.90.182.25 - - [03/Oct/2023:17:22:16 +0200] "GET /anti-rfid-card-holder-cards-anthracite-p-50171.html HTTP/1.0" 200 77505 "-" "Mozilla/5.0 (compatible; BLEXBot/1.0; +http://webmeup-crawler.com/)"
157.90.182.25 - - [03/Oct/2023:17:22:21 +0200] "GET /anti-rfid-card-holder-cards-anthracite-p-50172.html HTTP/1.0" 200 77501 "-" "Mozilla/5.0 (compatible; BLEXBot/1.0; +http://webmeup-crawler.com/)"
157.90.182.25 - - [03/Oct/2023:17:22:22 +0200] "GET /bell-wall-bell-c-13_270.html?page=2 HTTP/1.0" 200 83953 "-" "Mozilla/5.0 (compatible; BLEXBot/1.0; +http://webmeup-crawler.com/)"
157.90.182.25 - - [03/Oct/2023:17:22:26 +0200] "GET /anti-rfid-card-holder-cards-anthracite-p-50173.html HTTP/1.0" 200 77504 "-" "Mozilla/5.0 (compatible; BLEXBot/1.0; +http://webmeup-crawler.com/)"
157.90.182.25 - - [03/Oct/2023:17:22:29 +0200] "GET /bell-witch-cast-iron-p-49199.html HTTP/1.0" 200 76783 "-" "Mozilla/5.0 (compatible; BLEXBot/1.0; +http://webmeup-crawler.com/)"
157.90.182.25 - - [03/Oct/2023:17:22:35 +0200] "GET /belle-silicone-mold-yellow-model-p-28233.html HTTP/1.0" 200 76241 "-" "Mozilla/5.0 (compatible; BLEXBot/1.0; +http://webmeup-crawler.com/)"
157.90.182.25 - - [03/Oct/2023:17:22:35 +0200] "GET /anti-rfid-card-holder-cards-gold-p-50166.html HTTP/1.0" 200 77458 "-" "Mozilla/5.0 (compatible; BLEXBot/1.0; +http://webmeup-crawler.com/)"
54.36.148.204 - - [03/Oct/2023:17:22:37 +0200] "GET /ceramic-cork-trivet-cement-tiles-p-59691.html HTTP/1.0" 200 76263 "-" "Mozilla/5.0 (compatible; AhrefsBot/7.0; +http://ahrefs.com/robot/)"
157.90.182.25 - - [03/Oct/2023:17:22:40 +0200] "GET /anti-rfid-card-holder-cards-gold-p-50167.html HTTP/1.0" 200 77460 "-" "Mozilla/5.0 (compatible; BLEXBot/1.0; +http://webmeup-crawler.com/)"
157.90.182.25 - - [03/Oct/2023:17:22:44 +0200] "GET /anti-rfid-card-holder-cards-silver-p-50168.html HTTP/1.0" 200 77469 "-" "Mozilla/5.0 (compatible; BLEXBot/1.0; +http://webmeup-crawler.com/)"
157.90.182.25 - - [03/Oct/2023:17:22:52 +0200] "GET /anti-rfid-card-holder-cards-silver-p-50170.html HTTP/1.0" 200 77468 "-" "Mozilla/5.0 (compatible; BLEXBot/1.0; +http://webmeup-crawler.com/)"
157.90.182.25 - - [03/Oct/2023:17:22:58 +0200] "GET /belle-small-flexible-molds-p-28217.html HTTP/1.0" 200 76952 "-" "Mozilla/5.0 (compatible; BLEXBot/1.0; +http://webmeup-crawler.com/)"
157.90.182.25 - - [03/Oct/2023:17:22:59 +0200] "GET /apache-women-watch-blue-mandala-p-42981.html HTTP/1.0" 200 76321 "-" "Mozilla/5.0 (compatible; BLEXBot/1.0; +http://webmeup-crawler.com/)"
54.36.148.194 - - [03/Oct/2023:17:23:00 +0200] "GET /night-light-peacock-p-57820.html HTTP/1.0" 200 76799 "-" "Mozilla/5.0 (compatible; AhrefsBot/7.0; +http://ahrefs.com/robot/)"
157.90.182.25 - - [03/Oct/2023:17:23:03 +0200] "GET /bells-metal-chime-p-42070.html HTTP/1.0" 200 76766 "-" "Mozilla/5.0 (compatible; BLEXBot/1.0; +http://webmeup-crawler.com/)"
157.90.182.25 - - [03/Oct/2023:17:23:05 +0200] "GET /apache-women-watch-pink-buffalo-head-p-42978.html HTTP/1.0" 200 76355 "-" "Mozilla/5.0 (compatible; BLEXBot/1.0; +http://webmeup-crawler.com/)"
157.90.182.25 - - [03/Oct/2023:17:23:10 +0200] "GET /bells-metal-chime-p-42071.html HTTP/1.0" 200 76763 "-" "Mozilla/5.0 (compatible; BLEXBot/1.0; +http://webmeup-crawler.com/)"
54.36.148.229 - - [03/Oct/2023:17:23:12 +0200] "GET /images/big_prod_1/3520071842899B.jpg HTTP/1.0" 200 271 "-" "Mozilla/5.0 (compatible; AhrefsBot/7.0; +http://ahrefs.com/robot/)"
157.90.182.25 - - [03/Oct/2023:17:23:11 +0200] "GET /apero-recrute-metal-tray-p-53582.html HTTP/1.0" 200 77074 "-" "Mozilla/5.0 (compatible; BLEXBot/1.0; +http://webmeup-crawler.com/)"
157.90.182.25 - - [03/Oct/2023:17:23:15 +0200] "GET /bench-stool-p-51608.html HTTP/1.0" 200 76919 "-" "Mozilla/5.0 (compatible; BLEXBot/1.0; +http://webmeup-crawler.com/)"
157.90.182.25 - - [03/Oct/2023:17:23:16 +0200] "GET /apro-recrute-toothpick-display-p-58263.html HTTP/1.0" 200 76239 "-" "Mozilla/5.0 (compatible; BLEXBot/1.0; +http://webmeup-crawler.com/)"
157.90.182.25 - - [03/Oct/2023:17:23:21 +0200] "GET /bench-stool-p-57163.html HTTP/1.0" 200 76919 "-" "Mozilla/5.0 (compatible; BLEXBot/1.0; +http://webmeup-crawler.com/)"
157.90.182.25 - - [03/Oct/2023:17:23:23 +0200] "GET /apron-small-fish-p-54504.html HTTP/1.0" 200 76056 "-" "Mozilla/5.0 (compatible; BLEXBot/1.0; +http://webmeup-crawler.com/)"
157.90.182.25 - - [03/Oct/2023:17:23:30 +0200] "GET /bench-stool-p-57164.html HTTP/1.0" 200 76919 "-" "Mozilla/5.0 (compatible; BLEXBot/1.0; +http://webmeup-crawler.com/)"
54.36.148.207 - - [03/Oct/2023:17:23:32 +0200] "GET /small-panda-resin-p-48270.html HTTP/1.0" 200 76850 "-" "Mozilla/5.0 (compatible; AhrefsBot/7.0; +http://ahrefs.com/robot/)"
157.90.182.25 - - [03/Oct/2023:17:23:32 +0200] "GET /aprons-c-11_74.html?page=2 HTTP/1.0" 200 95097 "-" "Mozilla/5.0 (compatible; BLEXBot/1.0; +http://webmeup-crawler.com/)"
123.125.109.113 - - [03/Oct/2023:17:23:32 +0200] "GET /girls/socks-and-slippers-c-1_91.html HTTP/1.0" 301 72620 "-" "Sogou web spider/4.0(+http://www.sogou.com/docs/help/webmasters.htm#07)"
123.125.109.84 - - [03/Oct/2023:17:23:35 +0200] "GET /-c-91.html HTTP/1.0" 200 72456 "-" "Sogou web spider/4.0(+http://www.sogou.com/docs/help/webmasters.htm#07)"
66.249.66.206 - - [03/Oct/2023:17:23:37 +0200] "GET /glass-cutting-board-cbkreation-p-51323.html HTTP/1.0" 200 76202 "-" "Mozilla/5.0 (compatible; Googlebot/2.1; +http://www.google.com/bot.html)"
157.90.182.25 - - [03/Oct/2023:17:23:38 +0200] "GET /bench-stool-p-57165.html HTTP/1.0" 200 76837 "-" "Mozilla/5.0 (compatible; BLEXBot/1.0; +http://webmeup-crawler.com/)"
157.90.182.25 - - [03/Oct/2023:17:23:39 +0200] "GET /aprons-c-11_74.html?page=3 HTTP/1.0" 200 94949 "-" "Mozilla/5.0 (compatible; BLEXBot/1.0; +http://webmeup-crawler.com/)"
157.90.182.25 - - [03/Oct/2023:17:23:44 +0200] "GET /bench-stool-p-57166.html HTTP/1.0" 200 76919 "-" "Mozilla/5.0 (compatible; BLEXBot/1.0; +http://webmeup-crawler.com/)"
157.90.182.25 - - [03/Oct/2023:17:23:48 +0200] "GET /aprons-c-11_74.html?page=4 HTTP/1.0" 200 95020 "-" "Mozilla/5.0 (compatible; BLEXBot/1.0; +http://webmeup-crawler.com/)"
157.90.182.25 - - [03/Oct/2023:17:23:55 +0200] "GET /aprons-c-11_74.html?page=5 HTTP/1.0" 200 95379 "-" "Mozilla/5.0 (compatible; BLEXBot/1.0; +http://webmeup-crawler.com/)"
54.36.148.205 - - [03/Oct/2023:17:23:57 +0200] "GET /heart-home-spices-cranberry-candle-metal-p-57115.html HTTP/1.0" 200 77492 "-" "Mozilla/5.0 (compatible; AhrefsBot/7.0; +http://ahrefs.com/robot/)"
157.90.182.25 - - [03/Oct/2023:17:24:00 +0200] "GET /aprons-c-11_74.html?page=6 HTTP/1.0" 200 92886 "-" "Mozilla/5.0 (compatible; BLEXBot/1.0; +http://webmeup-crawler.com/)"
157.90.182.25 - - [03/Oct/2023:17:24:03 +0200] "GET /best-breakfast-cutting-board-p-40645.html HTTP/1.0" 200 76241 "-" "Mozilla/5.0 (compatible; BLEXBot/1.0; +http://webmeup-crawler.com/)"
157.90.182.25 - - [03/Oct/2023:17:24:05 +0200] "GET /aquario-shower-curtain-marine-world-p-58604.html HTTP/1.0" 200 77105 "-" "Mozilla/5.0 (compatible; BLEXBot/1.0; +http://webmeup-crawler.com/)"
54.36.148.119 - - [03/Oct/2023:17:24:08 +0200] "GET /images/big_prod_1/5051276424262a.jpg HTTP/1.0" 200 271 "-" "Mozilla/5.0 (compatible; AhrefsBot/7.0; +http://ahrefs.com/robot/)"
157.90.182.25 - - [03/Oct/2023:17:24:08 +0200] "GET /best-summer-yellow-metal-tray-p-39379.html HTTP/1.0" 200 76333 "-" "Mozilla/5.0 (compatible; BLEXBot/1.0; +http://webmeup-crawler.com/)"
54.36.148.214 - - [03/Oct/2023:17:24:10 +0200] "GET /images/big_prod/5051276424262.jpg HTTP/1.0" 200 268 "-" "Mozilla/5.0 (compatible; AhrefsBot/7.0; +http://ahrefs.com/robot/)"
157.90.182.25 - - [03/Oct/2023:17:24:09 +0200] "GET /aquarius-cookware-cbkreation-p-43286.html HTTP/1.0" 200 76252 "-" "Mozilla/5.0 (compatible; BLEXBot/1.0; +http://webmeup-crawler.com/)"
157.90.182.25 - - [03/Oct/2023:17:24:13 +0200] "GET /best-wine-metal-tray-p-45781.html HTTP/1.0" 200 76301 "-" "Mozilla/5.0 (compatible; BLEXBot/1.0; +http://webmeup-crawler.com/)"
157.90.182.25 - - [03/Oct/2023:17:24:14 +0200] "GET /arabica-espresso-p-54464.html HTTP/1.0" 200 76107 "-" "Mozilla/5.0 (compatible; BLEXBot/1.0; +http://webmeup-crawler.com/)"
85.208.96.206 - - [03/Oct/2023:17:24:17 +0200] "GET /peter-rabbit-musical-jewelry-p-56591.html HTTP/1.0" 200 77265 "-" "Mozilla/5.0 (compatible; SemrushBot/7~bl; +http://www.semrush.com/bot.html)"
157.90.182.25 - - [03/Oct/2023:17:24:19 +0200] "GET /betty-boop-ashtray-p-27178.html HTTP/1.0" 200 76720 "-" "Mozilla/5.0 (compatible; BLEXBot/1.0; +http://webmeup-crawler.com/)"
157.90.182.25 - - [03/Oct/2023:17:24:19 +0200] "GET /aries-cookware-cbkreation-p-43270.html HTTP/1.0" 200 76222 "-" "Mozilla/5.0 (compatible; BLEXBot/1.0; +http://webmeup-crawler.com/)"
85.208.96.193 - - [03/Oct/2023:17:24:20 +0200] "GET /decorative-buffalo-head-statue-p-44749.html HTTP/1.0" 200 73910 "-" "Mozilla/5.0 (compatible; SemrushBot/7~bl; +http://www.semrush.com/bot.html)"
157.90.182.25 - - [03/Oct/2023:17:24:25 +0200] "GET /arizona-white-porcelain-bowl-p-56507.html HTTP/1.0" 200 76173 "-" "Mozilla/5.0 (compatible; BLEXBot/1.0; +http://webmeup-crawler.com/)"
157.90.182.25 - - [03/Oct/2023:17:24:27 +0200] "GET /betty-boop-ashtray-p-27179.html HTTP/1.0" 200 76718 "-" "Mozilla/5.0 (compatible; BLEXBot/1.0; +http://webmeup-crawler.com/)"
157.90.182.25 - - [03/Oct/2023:17:24:29 +0200] "GET /aromatic-burner-flowers-brown-p-56898.html HTTP/1.0" 200 77691 "-" "Mozilla/5.0 (compatible; BLEXBot/1.0; +http://webmeup-crawler.com/)"
54.36.148.117 - - [03/Oct/2023:17:24:30 +0200] "GET /double-walled-porcelain-with-infuser-komorebi-p-58328.html HTTP/1.0" 200 77217 "-" "Mozilla/5.0 (compatible; AhrefsBot/7.0; +http://ahrefs.com/robot/)"
157.90.182.25 - - [03/Oct/2023:17:24:32 +0200] "GET /betty-boop-ashtray-p-27180.html HTTP/1.0" 200 76720 "-" "Mozilla/5.0 (compatible; BLEXBot/1.0; +http://webmeup-crawler.com/)"
157.90.182.25 - - [03/Oct/2023:17:24:38 +0200] "GET /betty-boop-beauty-nail-p-37041.html HTTP/1.0" 200 76384 "-" "Mozilla/5.0 (compatible; BLEXBot/1.0; +http://webmeup-crawler.com/)"
157.90.182.25 - - [03/Oct/2023:17:24:38 +0200] "GET /aromatic-burner-flowers-green-p-56900.html HTTP/1.0" 200 77068 "-" "Mozilla/5.0 (compatible; BLEXBot/1.0; +http://webmeup-crawler.com/)"
157.90.182.25 - - [03/Oct/2023:17:24:44 +0200] "GET /betty-boop-glove-child-p-22126.html HTTP/1.0" 200 80445 "-" "Mozilla/5.0 (compatible; BLEXBot/1.0; +http://webmeup-crawler.com/)"
157.90.182.25 - - [03/Oct/2023:17:24:44 +0200] "GET /aromatic-burner-flowers-white-p-56899.html HTTP/1.0" 200 77068 "-" "Mozilla/5.0 (compatible; BLEXBot/1.0; +http://webmeup-crawler.com/)"
157.90.182.25 - - [03/Oct/2023:17:24:50 +0200] "GET /aromatic-burner-heart-beige-p-56896.html HTTP/1.0" 200 77034 "-" "Mozilla/5.0 (compatible; BLEXBot/1.0; +http://webmeup-crawler.com/)"
157.90.182.25 - - [03/Oct/2023:17:24:50 +0200] "GET /betty-boop-mobile-sock-p-32844.html HTTP/1.0" 200 76293 "-" "Mozilla/5.0 (compatible; BLEXBot/1.0; +http://webmeup-crawler.com/)"
54.36.148.163 - - [03/Oct/2023:17:24:57 +0200] "GET /wise-monkeys-lamp-golden-resin-p-60075.html HTTP/1.0" 200 77216 "-" "Mozilla/5.0 (compatible; AhrefsBot/7.0; +http://ahrefs.com/robot/)"
157.90.182.25 - - [03/Oct/2023:17:24:58 +0200] "GET /aromatic-burner-heart-green-p-56897.html HTTP/1.0" 200 77040 "-" "Mozilla/5.0 (compatible; BLEXBot/1.0; +http://webmeup-crawler.com/)"
157.55.39.54 - - [03/Oct/2023:17:25:00 +0200] "GET /soft-toys-security-blanket-c-4_46.html?page=8 HTTP/1.0" 200 82679 "-" "Mozilla/5.0 AppleWebKit/537.36 (KHTML, like Gecko; compatible; bingbot/2.0; +http://www.bing.com/bingbot.htm) Chrome/103.0.5060.134 Safari/537.36"
157.90.182.25 - - [03/Oct/2023:17:25:04 +0200] "GET /article-classified-spongebob-metal-suitcase-p-47968.html HTTP/1.0" 200 77016 "-" "Mozilla/5.0 (compatible; BLEXBot/1.0; +http://webmeup-crawler.com/)"
157.90.182.25 - - [03/Oct/2023:17:25:10 +0200] "GET /artisan-plaster-thermometer-handcrafted-p-57999.html HTTP/1.0" 200 77209 "-" "Mozilla/5.0 (compatible; BLEXBot/1.0; +http://webmeup-crawler.com/)"
157.90.182.25 - - [03/Oct/2023:17:25:12 +0200] "GET /betty-boop-mtal-ashtray-biker-p-36139.html HTTP/1.0" 200 76842 "-" "Mozilla/5.0 (compatible; BLEXBot/1.0; +http://webmeup-crawler.com/)"
216.244.66.242 - - [03/Oct/2023:17:25:15 +0200] "GET /robots.txt HTTP/1.0" 200 245 "-" "Mozilla/5.0 (compatible; DotBot/1.2; +https://opensiteexplorer.org/dotbot; help@moz.com)"
157.90.182.25 - - [03/Oct/2023:17:25:15 +0200] "GET /artisan-plaster-thermometer-handcrafted-p-58000.html HTTP/1.0" 200 77213 "-" "Mozilla/5.0 (compatible; BLEXBot/1.0; +http://webmeup-crawler.com/)"
157.90.182.25 - - [03/Oct/2023:17:25:18 +0200] "GET /betty-boop-mtal-ashtray-hussy-p-36136.html HTTP/1.0" 200 76842 "-" "Mozilla/5.0 (compatible; BLEXBot/1.0; +http://webmeup-crawler.com/)"
157.90.182.25 - - [03/Oct/2023:17:25:20 +0200] "GET /artisan-plaster-thermometer-handcrafted-p-58001.html HTTP/1.0" 200 77213 "-" "Mozilla/5.0 (compatible; BLEXBot/1.0; +http://webmeup-crawler.com/)"
157.90.182.25 - - [03/Oct/2023:17:25:27 +0200] "GET /betty-boop-mtal-ashtray-p-36134.html HTTP/1.0" 200 76766 "-" "Mozilla/5.0 (compatible; BLEXBot/1.0; +http://webmeup-crawler.com/)"
54.36.149.100 - - [03/Oct/2023:17:25:28 +0200] "GET /espresso-eccentric-p-39753.html HTTP/1.0" 200 76237 "-" "Mozilla/5.0 (compatible; AhrefsBot/7.0; +http://ahrefs.com/robot/)"
157.90.182.25 - - [03/Oct/2023:17:25:28 +0200] "GET /artisan-plaster-thermometer-handcrafted-p-58002.html HTTP/1.0" 200 77213 "-" "Mozilla/5.0 (compatible; BLEXBot/1.0; +http://webmeup-crawler.com/)"
157.90.182.25 - - [03/Oct/2023:17:25:33 +0200] "GET /artisan-plaster-thermometer-handcrafted-p-58003.html HTTP/1.0" 200 77213 "-" "Mozilla/5.0 (compatible; BLEXBot/1.0; +http://webmeup-crawler.com/)"
157.90.182.25 - - [03/Oct/2023:17:25:33 +0200] "GET /betty-boop-mtal-ashtray-peace-p-36138.html HTTP/1.0" 200 76842 "-" "Mozilla/5.0 (compatible; BLEXBot/1.0; +http://webmeup-crawler.com/)"
157.90.182.25 - - [03/Oct/2023:17:25:38 +0200] "GET /artisan-plaster-thermometer-handcrafted-p-58004.html HTTP/1.0" 200 77213 "-" "Mozilla/5.0 (compatible; BLEXBot/1.0; +http://webmeup-crawler.com/)"
157.90.182.25 - - [03/Oct/2023:17:25:39 +0200] "GET /betty-boop-mtal-ashtray-stars-p-36137.html HTTP/1.0" 200 76842 "-" "Mozilla/5.0 (compatible; BLEXBot/1.0; +http://webmeup-crawler.com/)"
157.90.182.25 - - [03/Oct/2023:17:25:43 +0200] "GET /artisan-plaster-thermometer-handcrafted-p-58005.html HTTP/1.0" 200 77213 "-" "Mozilla/5.0 (compatible; BLEXBot/1.0; +http://webmeup-crawler.com/)"
157.90.182.25 - - [03/Oct/2023:17:25:46 +0200] "GET /betty-boop-stars-mobile-sock-p-18335.html HTTP/1.0" 200 76313 "-" "Mozilla/5.0 (compatible; BLEXBot/1.0; +http://webmeup-crawler.com/)"
157.90.182.25 - - [03/Oct/2023:17:25:49 +0200] "GET /artisan-plaster-thermometer-handcrafted-p-58006.html HTTP/1.0" 200 77213 "-" "Mozilla/5.0 (compatible; BLEXBot/1.0; +http://webmeup-crawler.com/)"
157.90.182.25 - - [03/Oct/2023:17:25:53 +0200] "GET /beyblade-blue-swimsuit-p-30445.html HTTP/1.0" 200 77275 "-" "Mozilla/5.0 (compatible; BLEXBot/1.0; +http://webmeup-crawler.com/)"
54.36.148.127 - - [03/Oct/2023:17:25:54 +0200] "GET /zodiac-black-women-shirt-p-30809.html HTTP/1.0" 200 78126 "-" "Mozilla/5.0 (compatible; AhrefsBot/7.0; +http://ahrefs.com/robot/)"
157.90.182.25 - - [03/Oct/2023:17:25:56 +0200] "GET /artisan-plaster-thermometer-handcrafted-p-58007.html HTTP/1.0" 200 77213 "-" "Mozilla/5.0 (compatible; BLEXBot/1.0; +http://webmeup-crawler.com/)"
157.90.182.25 - - [03/Oct/2023:17:26:01 +0200] "GET /artisan-plaster-thermometer-handcrafted-p-58008.html HTTP/1.0" 200 77213 "-" "Mozilla/5.0 (compatible; BLEXBot/1.0; +http://webmeup-crawler.com/)"
54.36.148.73 - - [03/Oct/2023:17:26:04 +0200] "GET /images/med_prod/0039897677330ej.jpg HTTP/1.0" 200 270 "-" "Mozilla/5.0 (compatible; AhrefsBot/7.0; +http://ahrefs.com/robot/)"
85.208.96.195 - - [03/Oct/2023:17:26:06 +0200] "GET /handcrafted-chocolate-tartlet-scented-candle-p-60967.html HTTP/1.0" 200 77464 "-" "Mozilla/5.0 (compatible; SemrushBot/7~bl; +http://www.semrush.com/bot.html)"
157.90.182.25 - - [03/Oct/2023:17:26:06 +0200] "GET /artist-tropical-rabbit-figure-p-30966.html HTTP/1.0" 200 76282 "-" "Mozilla/5.0 (compatible; BLEXBot/1.0; +http://webmeup-crawler.com/)"
157.90.182.25 - - [03/Oct/2023:17:26:11 +0200] "GET /ashtrays-c-13_240.html?page=2 HTTP/1.0" 200 94138 "-" "Mozilla/5.0 (compatible; BLEXBot/1.0; +http://webmeup-crawler.com/)"
157.90.182.25 - - [03/Oct/2023:17:26:16 +0200] "GET /beyblade-blue-swimsuit-p-30447.html HTTP/1.0" 200 77857 "-" "Mozilla/5.0 (compatible; BLEXBot/1.0; +http://webmeup-crawler.com/)"
157.90.182.25 - - [03/Oct/2023:17:26:17 +0200] "GET /ashtrays-c-13_240.html?page=3 HTTP/1.0" 200 93865 "-" "Mozilla/5.0 (compatible; BLEXBot/1.0; +http://webmeup-crawler.com/)"
54.36.148.20 - - [03/Oct/2023:17:26:22 +0200] "GET /lion-cookware-cbkreation-p-43273.html HTTP/1.0" 200 76214 "-" "Mozilla/5.0 (compatible; AhrefsBot/7.0; +http://ahrefs.com/robot/)"
157.90.182.25 - - [03/Oct/2023:17:26:23 +0200] "GET /beyblade-inflatable-boat-p-14361.html HTTP/1.0" 200 76530 "-" "Mozilla/5.0 (compatible; BLEXBot/1.0; +http://webmeup-crawler.com/)"
157.90.182.25 - - [03/Oct/2023:17:26:23 +0200] "GET /ashtrays-c-13_240.html?page=4 HTTP/1.0" 200 94204 "-" "Mozilla/5.0 (compatible; BLEXBot/1.0; +http://webmeup-crawler.com/)"
185.191.171.15 - - [03/Oct/2023:17:26:24 +0200] "GET /jungle-cockatoo-p-59034.html HTTP/1.0" 200 76897 "-" "Mozilla/5.0 (compatible; SemrushBot/7~bl; +http://www.semrush.com/bot.html)"
157.90.182.25 - - [03/Oct/2023:17:26:29 +0200] "GET /ashtrays-c-13_240.html?page=5 HTTP/1.0" 200 94498 "-" "Mozilla/5.0 (compatible; BLEXBot/1.0; +http://webmeup-crawler.com/)"
157.90.182.25 - - [03/Oct/2023:17:26:30 +0200] "GET /beyblade-mattress-swimming-pool-p-14358.html HTTP/1.0" 200 76586 "-" "Mozilla/5.0 (compatible; BLEXBot/1.0; +http://webmeup-crawler.com/)"
157.90.182.25 - - [03/Oct/2023:17:26:35 +0200] "GET /ashtrays-c-13_240.html?page=6 HTTP/1.0" 200 91520 "-" "Mozilla/5.0 (compatible; BLEXBot/1.0; +http://webmeup-crawler.com/)"
157.90.182.25 - - [03/Oct/2023:17:26:37 +0200] "GET /beyblade-p-27883.html HTTP/1.0" 200 76205 "-" "Mozilla/5.0 (compatible; BLEXBot/1.0; +http://webmeup-crawler.com/)"
157.90.182.25 - - [03/Oct/2023:17:26:40 +0200] "GET /assorted-napkins-linen-ecru-p-58175.html HTTP/1.0" 200 77185 "-" "Mozilla/5.0 (compatible; BLEXBot/1.0; +http://webmeup-crawler.com/)"
207.46.13.154 - - [03/Oct/2023:17:26:42 +0200] "GET /backpacks-c-31_77.html?page=4 HTTP/1.0" 200 96649 "-" "Mozilla/5.0 AppleWebKit/537.36 (KHTML, like Gecko; compatible; bingbot/2.0; +http://www.bing.com/bingbot.htm) Chrome/103.0.5060.134 Safari/537.36"
157.90.182.25 - - [03/Oct/2023:17:26:44 +0200] "GET /bolster-case-cotton-percale-threads-p-43863.html HTTP/1.0" 200 77067 "-" "Mozilla/5.0 (compatible; BLEXBot/1.0; +http://webmeup-crawler.com/)"
157.90.182.25 - - [03/Oct/2023:17:26:47 +0200] "GET /assorted-potholders-p-57964.html HTTP/1.0" 200 77431 "-" "Mozilla/5.0 (compatible; BLEXBot/1.0; +http://webmeup-crawler.com/)"
54.36.149.41 - - [03/Oct/2023:17:26:53 +0200] "GET /compass-rust-color-wall-p-59379.html HTTP/1.0" 200 77096 "-" "Mozilla/5.0 (compatible; AhrefsBot/7.0; +http://ahrefs.com/robot/)"
157.90.182.25 - - [03/Oct/2023:17:26:54 +0200] "GET /bolster-case-green-blue-p-43618.html HTTP/1.0" 200 76367 "-" "Mozilla/5.0 (compatible; BLEXBot/1.0; +http://webmeup-crawler.com/)"
157.90.182.25 - - [03/Oct/2023:17:26:57 +0200] "GET /assorted-potholders-p-57965.html HTTP/1.0" 200 77431 "-" "Mozilla/5.0 (compatible; BLEXBot/1.0; +http://webmeup-crawler.com/)"
54.36.149.102 - - [03/Oct/2023:17:27:00 +0200] "GET /images/big_prod/8433933240250.jpg HTTP/1.0" 200 268 "-" "Mozilla/5.0 (compatible; AhrefsBot/7.0; +http://ahrefs.com/robot/)"
157.90.182.25 - - [03/Oct/2023:17:26:59 +0200] "GET /bolster-case-grey-p-34838.html HTTP/1.0" 200 76352 "-" "Mozilla/5.0 (compatible; BLEXBot/1.0; +http://webmeup-crawler.com/)"
157.90.182.25 - - [03/Oct/2023:17:27:02 +0200] "GET /assorted-potholders-p-57966.html HTTP/1.0" 200 77431 "-" "Mozilla/5.0 (compatible; BLEXBot/1.0; +http://webmeup-crawler.com/)"
54.36.148.49 - - [03/Oct/2023:17:27:07 +0200] "GET /images/big_prod_1/8433933240250B.jpg HTTP/1.0" 200 271 "-" "Mozilla/5.0 (compatible; AhrefsBot/7.0; +http://ahrefs.com/robot/)"
85.208.96.204 - - [03/Oct/2023:17:27:07 +0200] "GET /jellyfish-glass-paperweight-p-60838.html HTTP/1.0" 200 76196 "-" "Mozilla/5.0 (compatible; SemrushBot/7~bl; +http://www.semrush.com/bot.html)"
157.90.182.25 - - [03/Oct/2023:17:27:08 +0200] "GET /astronaut-lamp-p-52987.html HTTP/1.0" 200 76150 "-" "Mozilla/5.0 (compatible; BLEXBot/1.0; +http://webmeup-crawler.com/)"
157.90.182.25 - - [03/Oct/2023:17:27:13 +0200] "GET /atlantic-surf-spot-small-ashtray-p-39665.html HTTP/1.0" 200 76199 "-" "Mozilla/5.0 (compatible; BLEXBot/1.0; +http://webmeup-crawler.com/)"
157.90.182.25 - - [03/Oct/2023:17:27:18 +0200] "GET /aurora-disney-princess-wall-coat-rack-p-11944.html HTTP/1.0" 200 76383 "-" "Mozilla/5.0 (compatible; BLEXBot/1.0; +http://webmeup-crawler.com/)"
54.36.148.7 - - [03/Oct/2023:17:27:19 +0200] "GET /placemat-kiub-collection-jewels-p-55913.html HTTP/1.0" 200 76897 "-" "Mozilla/5.0 (compatible; AhrefsBot/7.0; +http://ahrefs.com/robot/)"
157.90.182.25 - - [03/Oct/2023:17:27:22 +0200] "GET /bolster-case-grey-p-36588.html HTTP/1.0" 200 76359 "-" "Mozilla/5.0 (compatible; BLEXBot/1.0; +http://webmeup-crawler.com/)"
157.90.182.25 - - [03/Oct/2023:17:27:24 +0200] "GET /aurora-silicone-mold-pink-model-p-28235.html HTTP/1.0" 200 76240 "-" "Mozilla/5.0 (compatible; BLEXBot/1.0; +http://webmeup-crawler.com/)"
54.36.148.237 - - [03/Oct/2023:17:27:27 +0200] "GET /images/big_prod/3700572730554.jpg HTTP/1.0" 200 268 "-" "Mozilla/5.0 (compatible; AhrefsBot/7.0; +http://ahrefs.com/robot/)"
54.36.149.2 - - [03/Oct/2023:17:27:29 +0200] "GET /images/big_prod_1/3713572730554a.jpg HTTP/1.0" 200 271 "-" "Mozilla/5.0 (compatible; AhrefsBot/7.0; +http://ahrefs.com/robot/)"
157.90.182.25 - - [03/Oct/2023:17:27:29 +0200] "GET /bolster-case-light-grey-p-35967.html HTTP/1.0" 200 76401 "-" "Mozilla/5.0 (compatible; BLEXBot/1.0; +http://webmeup-crawler.com/)"
157.90.182.25 - - [03/Oct/2023:17:27:30 +0200] "GET /aurora-small-flexible-molds-p-28215.html HTTP/1.0" 200 76961 "-" "Mozilla/5.0 (compatible; BLEXBot/1.0; +http://webmeup-crawler.com/)"
157.90.182.25 - - [03/Oct/2023:17:27:35 +0200] "GET /bolster-case-p-36450.html HTTP/1.0" 200 76337 "-" "Mozilla/5.0 (compatible; BLEXBot/1.0; +http://webmeup-crawler.com/)"
157.90.182.25 - - [03/Oct/2023:17:27:35 +0200] "GET /authentic-denim-round-side-table-p-50228.html HTTP/1.0" 200 76811 "-" "Mozilla/5.0 (compatible; BLEXBot/1.0; +http://webmeup-crawler.com/)"
157.90.182.25 - - [03/Oct/2023:17:27:40 +0200] "GET /avengers-marvel-p-31619.html HTTP/1.0" 200 77134 "-" "Mozilla/5.0 (compatible; BLEXBot/1.0; +http://webmeup-crawler.com/)"
157.90.182.25 - - [03/Oct/2023:17:27:41 +0200] "GET /bolster-case-pink-p-33867.html HTTP/1.0" 200 76973 "-" "Mozilla/5.0 (compatible; BLEXBot/1.0; +http://webmeup-crawler.com/)"
157.90.182.25 - - [03/Oct/2023:17:27:46 +0200] "GET /avengers-stickers-p-31212.html HTTP/1.0" 200 76141 "-" "Mozilla/5.0 (compatible; BLEXBot/1.0; +http://webmeup-crawler.com/)"
157.90.182.25 - - [03/Oct/2023:17:27:47 +0200] "GET /bolster-case-raspberry-p-39029.html HTTP/1.0" 200 76404 "-" "Mozilla/5.0 (compatible; BLEXBot/1.0; +http://webmeup-crawler.com/)"
54.36.148.78 - - [03/Oct/2023:17:27:50 +0200] "GET /small-school-caramel-p-55815.html HTTP/1.0" 200 77223 "-" "Mozilla/5.0 (compatible; AhrefsBot/7.0; +http://ahrefs.com/robot/)"
157.90.182.25 - - [03/Oct/2023:17:27:52 +0200] "GET /baby-chimpanzee-small-round-magnet-p-31911.html HTTP/1.0" 200 76202 "-" "Mozilla/5.0 (compatible; BLEXBot/1.0; +http://webmeup-crawler.com/)"
157.90.182.25 - - [03/Oct/2023:17:27:54 +0200] "GET /bolster-case-white-p-46742.html HTTP/1.0" 200 76982 "-" "Mozilla/5.0 (compatible; BLEXBot/1.0; +http://webmeup-crawler.com/)"
54.36.149.77 - - [03/Oct/2023:17:27:56 +0200] "GET /images/big_prod_1/3701206604265C.jpg HTTP/1.0" 200 271 "-" "Mozilla/5.0 (compatible; AhrefsBot/7.0; +http://ahrefs.com/robot/)"
54.36.149.50 - - [03/Oct/2023:17:27:56 +0200] "GET /images/big_prod/3701206604265.jpg HTTP/1.0" 200 268 "-" "Mozilla/5.0 (compatible; AhrefsBot/7.0; +http://ahrefs.com/robot/)"
51.68.224.127 - - [03/Oct/2023:17:27:56 +0200] "GET /adminweb/export_orders_xml.php?token=256de2z6edz6ed2z6DFSFsed2zed6zeDSFDSGdzedezfzf&maxorders=10&orderstart=1&status=14&start_date=2018-10-01 HTTP/1.0" 200 285 "-" "GesCom CharlotteBoutik Serveur"
54.36.148.33 - - [03/Oct/2023:17:27:56 +0200] "GET /images/big_prod_2/3701206604265D.jpg HTTP/1.0" 200 271 "-" "Mozilla/5.0 (compatible; AhrefsBot/7.0; +http://ahrefs.com/robot/)"
51.68.224.127 - - [03/Oct/2023:17:27:56 +0200] "GET /adminweb/export_orders_xml.php?token=256de2z6edz6ed2z6DFSFsed2zed6zeDSFDSGdzedezfzf&maxorders=10&orderstart=1&status=6&start_date=2018-10-01 HTTP/1.0" 200 33939 "-" "GesCom CharlotteBoutik Serveur"
157.90.182.25 - - [03/Oct/2023:17:27:57 +0200] "GET /back-black-acdc-zippo-lighter-p-51918.html HTTP/1.0" 200 77473 "-" "Mozilla/5.0 (compatible; BLEXBot/1.0; +http://webmeup-crawler.com/)"
157.90.182.25 - - [03/Oct/2023:17:28:00 +0200] "GET /bolster-case-white-p-59884.html HTTP/1.0" 200 76977 "-" "Mozilla/5.0 (compatible; BLEXBot/1.0; +http://webmeup-crawler.com/)"
157.90.182.25 - - [03/Oct/2023:17:28:04 +0200] "GET /backpacks-c-31_77.html?page=2 HTTP/1.0" 200 96334 "-" "Mozilla/5.0 (compatible; BLEXBot/1.0; +http://webmeup-crawler.com/)"
157.90.182.25 - - [03/Oct/2023:17:28:09 +0200] "GET /backpacks-c-31_77.html?page=3 HTTP/1.0" 200 96824 "-" "Mozilla/5.0 (compatible; BLEXBot/1.0; +http://webmeup-crawler.com/)"
157.90.182.25 - - [03/Oct/2023:17:28:16 +0200] "GET /backpacks-c-31_77.html?page=4 HTTP/1.0" 200 96649 "-" "Mozilla/5.0 (compatible; BLEXBot/1.0; +http://webmeup-crawler.com/)"
54.36.148.227 - - [03/Oct/2023:17:28:16 +0200] "GET /luggages-schoolbags-leather-shop-c-31.html?page=48 HTTP/1.0" 200 97017 "-" "Mozilla/5.0 (compatible; AhrefsBot/7.0; +http://ahrefs.com/robot/)"
54.36.148.167 - - [03/Oct/2023:17:28:25 +0200] "GET /images/mini_prod/3173740232370.jpg HTTP/1.0" 200 269 "-" "Mozilla/5.0 (compatible; AhrefsBot/7.0; +http://ahrefs.com/robot/)"
54.36.148.41 - - [03/Oct/2023:17:28:25 +0200] "GET /images/mini_prod/3608860228496.jpg HTTP/1.0" 200 269 "-" "Mozilla/5.0 (compatible; AhrefsBot/7.0; +http://ahrefs.com/robot/)"
54.36.149.28 - - [03/Oct/2023:17:28:27 +0200] "GET /images/mini_prod/5018997627020.jpg HTTP/1.0" 200 269 "-" "Mozilla/5.0 (compatible; AhrefsBot/7.0; +http://ahrefs.com/robot/)"
54.36.148.103 - - [03/Oct/2023:17:28:28 +0200] "GET /images/mini_prod/3660173234205.jpg HTTP/1.0" 200 269 "-" "Mozilla/5.0 (compatible; AhrefsBot/7.0; +http://ahrefs.com/robot/)"
54.36.148.253 - - [03/Oct/2023:17:28:28 +0200] "GET /images/mini_prod/1399984286371.jpg HTTP/1.0" 200 269 "-" "Mozilla/5.0 (compatible; AhrefsBot/7.0; +http://ahrefs.com/robot/)"
54.36.148.148 - - [03/Oct/2023:17:28:28 +0200] "GET /images/mini_prod/3608860071832.jpg HTTP/1.0" 200 269 "-" "Mozilla/5.0 (compatible; AhrefsBot/7.0; +http://ahrefs.com/robot/)"
54.36.148.202 - - [03/Oct/2023:17:28:29 +0200] "GET /images/mini_prod/3438100358856.jpg HTTP/1.0" 200 269 "-" "Mozilla/5.0 (compatible; AhrefsBot/7.0; +http://ahrefs.com/robot/)"
54.36.148.128 - - [03/Oct/2023:17:28:29 +0200] "GET /images/mini_prod/8435306299773.jpg HTTP/1.0" 200 269 "-" "Mozilla/5.0 (compatible; AhrefsBot/7.0; +http://ahrefs.com/robot/)"
157.90.182.25 - - [03/Oct/2023:17:28:28 +0200] "GET /backpacks-c-31_77.html?page=5 HTTP/1.0" 200 91506 "-" "Mozilla/5.0 (compatible; BLEXBot/1.0; +http://webmeup-crawler.com/)"
54.36.148.93 - - [03/Oct/2023:17:28:30 +0200] "GET /images/mini_prod/8435337081958.jpg HTTP/1.0" 200 269 "-" "Mozilla/5.0 (compatible; AhrefsBot/7.0; +http://ahrefs.com/robot/)"
157.90.182.25 - - [03/Oct/2023:17:28:30 +0200] "GET /bolster-case-yellow-p-55446.html HTTP/1.0" 200 77037 "-" "Mozilla/5.0 (compatible; BLEXBot/1.0; +http://webmeup-crawler.com/)"
54.36.148.71 - - [03/Oct/2023:17:28:31 +0200] "GET /images/mini_prod/DSCN1620.gif HTTP/1.0" 200 263 "-" "Mozilla/5.0 (compatible; AhrefsBot/7.0; +http://ahrefs.com/robot/)"
54.36.149.62 - - [03/Oct/2023:17:28:33 +0200] "GET /images/mini_prod/SACWENDY.jpg HTTP/1.0" 200 264 "-" "Mozilla/5.0 (compatible; AhrefsBot/7.0; +http://ahrefs.com/robot/)"
54.36.149.45 - - [03/Oct/2023:17:28:33 +0200] "GET /images/mini_prod/3660173234212.jpg HTTP/1.0" 200 269 "-" "Mozilla/5.0 (compatible; AhrefsBot/7.0; +http://ahrefs.com/robot/)"
157.90.182.25 - - [03/Oct/2023:17:28:36 +0200] "GET /bolstercases-c-11_318.html?page=2 HTTP/1.0" 200 85013 "-" "Mozilla/5.0 (compatible; BLEXBot/1.0; +http://webmeup-crawler.com/)"
157.90.182.25 - - [03/Oct/2023:17:28:36 +0200] "GET /bagshandbags-shoulder-bags-c-31_81.html?page=10 HTTP/1.0" 200 91713 "-" "Mozilla/5.0 (compatible; BLEXBot/1.0; +http://webmeup-crawler.com/)"
157.90.182.25 - - [03/Oct/2023:17:28:42 +0200] "GET /bonheur-dans-dish-cake-p-38243.html HTTP/1.0" 200 76208 "-" "Mozilla/5.0 (compatible; BLEXBot/1.0; +http://webmeup-crawler.com/)"
157.90.182.25 - - [03/Oct/2023:17:28:42 +0200] "GET /bagshandbags-shoulder-bags-c-31_81.html?page=2 HTTP/1.0" 200 99100 "-" "Mozilla/5.0 (compatible; BLEXBot/1.0; +http://webmeup-crawler.com/)"
157.90.182.25 - - [03/Oct/2023:17:28:48 +0200] "GET /bagshandbags-shoulder-bags-c-31_81.html?page=3 HTTP/1.0" 200 99111 "-" "Mozilla/5.0 (compatible; BLEXBot/1.0; +http://webmeup-crawler.com/)"
157.90.182.25 - - [03/Oct/2023:17:28:48 +0200] "GET /bonne-franquette-coasters-p-50291.html HTTP/1.0" 200 76131 "-" "Mozilla/5.0 (compatible; BLEXBot/1.0; +http://webmeup-crawler.com/)"
54.36.149.15 - - [03/Oct/2023:17:28:50 +0200] "GET /jasmin-croisette-notebook-p-34953.html HTTP/1.0" 200 76278 "-" "Mozilla/5.0 (compatible; AhrefsBot/7.0; +http://ahrefs.com/robot/)"
47.128.31.71 - - [03/Oct/2023:17:28:50 +0200] "GET /collectible-figurines-decorative-c-13_135.html?page=7 HTTP/1.0" 200 98756 "-" "Mozilla/5.0 (compatible; Bytespider; spider-feedback@bytedance.com) AppleWebKit/537.36 (KHTML, like Gecko) Chrome/70.0.0.0 Safari/537.36"
47.128.31.71 - - [03/Oct/2023:17:28:53 +0200] "GET /swfobject.js HTTP/1.0" 404 1308 "http://www.wonder-geek.com/collectible-figurines-decorative-c-13_135.html?page=7" "Mozilla/5.0 (compatible; Bytespider; spider-feedback@bytedance.com) AppleWebKit/537.36 (KHTML, like Gecko) Chrome/70.0.0.0 Safari/537.36"
47.128.40.49 - - [03/Oct/2023:17:28:52 +0200] "GET /swimsuit-c-1_18.html HTTP/1.0" 200 95451 "-" "Mozilla/5.0 (compatible; Bytespider; spider-feedback@bytedance.com) AppleWebKit/537.36 (KHTML, like Gecko) Chrome/70.0.0.0 Safari/537.36"
47.128.40.49 - - [03/Oct/2023:17:28:54 +0200] "GET /swfobject.js HTTP/1.0" 404 1308 "http://www.wonder-geek.com/swimsuit-c-1_18.html" "Mozilla/5.0 (compatible; Bytespider; spider-feedback@bytedance.com) AppleWebKit/537.36 (KHTML, like Gecko) Chrome/70.0.0.0 Safari/537.36"
157.90.182.25 - - [03/Oct/2023:17:28:54 +0200] "GET /bagshandbags-shoulder-bags-c-31_81.html?page=4 HTTP/1.0" 200 99888 "-" "Mozilla/5.0 (compatible; BLEXBot/1.0; +http://webmeup-crawler.com/)"
47.128.40.27 - - [03/Oct/2023:17:28:55 +0200] "GET /-p-44340.html HTTP/1.0" 200 73770 "-" "Mozilla/5.0 (compatible; Bytespider; spider-feedback@bytedance.com) AppleWebKit/537.36 (KHTML, like Gecko) Chrome/70.0.0.0 Safari/537.36"
47.128.40.27 - - [03/Oct/2023:17:28:57 +0200] "GET /swfobject.js HTTP/1.0" 404 1308 "http://www.wonder-geek.com/-p-44340.html" "Mozilla/5.0 (compatible; Bytespider; spider-feedback@bytedance.com) AppleWebKit/537.36 (KHTML, like Gecko) Chrome/70.0.0.0 Safari/537.36"
157.90.182.25 - - [03/Oct/2023:17:28:56 +0200] "GET /bookend-black-velvet-resin-p-59180.html HTTP/1.0" 200 76830 "-" "Mozilla/5.0 (compatible; BLEXBot/1.0; +http://webmeup-crawler.com/)"
47.128.40.49 - - [03/Oct/2023:17:29:04 +0200] "GET /js/jquery.min.js HTTP/1.0" 404 1308 "http://www.wonder-geek.com/swimsuit-c-1_18.html" "Mozilla/5.0 (compatible; Bytespider; spider-feedback@bytedance.com) AppleWebKit/537.36 (KHTML, like Gecko) Chrome/70.0.0.0 Safari/537.36"
47.128.40.27 - - [03/Oct/2023:17:29:04 +0200] "GET /highslide/graphics/outlines/drop-shadow.png HTTP/1.0" 200 277 "http://www.wonder-geek.com/-p-44340.html" "Mozilla/5.0 (compatible; Bytespider; spider-feedback@bytedance.com) AppleWebKit/537.36 (KHTML, like Gecko) Chrome/70.0.0.0 Safari/537.36"
47.128.40.27 - - [03/Oct/2023:17:29:04 +0200] "GET /highslide/graphics/zoomout.cur HTTP/1.0" 200 614 "http://www.wonder-geek.com/-p-44340.html" "Mozilla/5.0 (compatible; Bytespider; spider-feedback@bytedance.com) AppleWebKit/537.36 (KHTML, like Gecko) Chrome/70.0.0.0 Safari/537.36"
47.128.40.49 - - [03/Oct/2023:17:29:04 +0200] "GET /js/modernizr-transitions.js HTTP/1.0" 200 267 "http://www.wonder-geek.com/swimsuit-c-1_18.html" "Mozilla/5.0 (compatible; Bytespider; spider-feedback@bytedance.com) AppleWebKit/537.36 (KHTML, like Gecko) Chrome/70.0.0.0 Safari/537.36"
157.90.182.25 - - [03/Oct/2023:17:29:02 +0200] "GET /bookend-c-13_202.html?page=2 HTTP/1.0" 200 88319 "-" "Mozilla/5.0 (compatible; BLEXBot/1.0; +http://webmeup-crawler.com/)"
47.128.40.49 - - [03/Oct/2023:17:29:05 +0200] "GET /highslide/graphics/zoomout.cur HTTP/1.0" 200 614 "http://www.wonder-geek.com/swimsuit-c-1_18.html" "Mozilla/5.0 (compatible; Bytespider; spider-feedback@bytedance.com) AppleWebKit/537.36 (KHTML, like Gecko) Chrome/70.0.0.0 Safari/537.36"
47.128.40.49 - - [03/Oct/2023:17:29:05 +0200] "GET /highslide/graphics/outlines/drop-shadow.png HTTP/1.0" 200 277 "http://www.wonder-geek.com/swimsuit-c-1_18.html" "Mozilla/5.0 (compatible; Bytespider; spider-feedback@bytedance.com) AppleWebKit/537.36 (KHTML, like Gecko) Chrome/70.0.0.0 Safari/537.36"
157.90.182.25 - - [03/Oct/2023:17:29:04 +0200] "GET /bagshandbags-shoulder-bags-c-31_81.html?page=5 HTTP/1.0" 200 99840 "-" "Mozilla/5.0 (compatible; BLEXBot/1.0; +http://webmeup-crawler.com/)"
47.128.31.71 - - [03/Oct/2023:17:29:07 +0200] "GET /js/jquery.min.js HTTP/1.0" 404 1308 "http://www.wonder-geek.com/collectible-figurines-decorative-c-13_135.html?page=7" "Mozilla/5.0 (compatible; Bytespider; spider-feedback@bytedance.com) AppleWebKit/537.36 (KHTML, like Gecko) Chrome/70.0.0.0 Safari/537.36"
157.90.182.25 - - [03/Oct/2023:17:29:09 +0200] "GET /bookend-cats-p-56152.html HTTP/1.0" 200 76630 "-" "Mozilla/5.0 (compatible; BLEXBot/1.0; +http://webmeup-crawler.com/)"
103.136.220.62 - - [03/Oct/2023:17:29:11 +0200] "GET /images/mini_prod/5018997632277.jpg HTTP/1.0" 200 269 "-" "Mozilla/5.0 (X11; Ubuntu; Linux x86_64; rv:72.0) Gecko/20100101 Firefox/72.0"
157.90.182.25 - - [03/Oct/2023:17:29:10 +0200] "GET /bagshandbags-shoulder-bags-c-31_81.html?page=6 HTTP/1.0" 200 99058 "-" "Mozilla/5.0 (compatible; BLEXBot/1.0; +http://webmeup-crawler.com/)"
54.36.148.160 - - [03/Oct/2023:17:29:13 +0200] "GET /cotton-floor-cushion-clmence-p-57825.html HTTP/1.0" 200 77216 "-" "Mozilla/5.0 (compatible; AhrefsBot/7.0; +http://ahrefs.com/robot/)"
157.90.182.25 - - [03/Oct/2023:17:29:20 +0200] "GET /bagshandbags-shoulder-bags-c-31_81.html?page=7 HTTP/1.0" 200 99358 "-" "Mozilla/5.0 (compatible; BLEXBot/1.0; +http://webmeup-crawler.com/)"
157.90.182.25 - - [03/Oct/2023:17:29:27 +0200] "GET /bagshandbags-shoulder-bags-c-31_81.html?page=8 HTTP/1.0" 200 99670 "-" "Mozilla/5.0 (compatible; BLEXBot/1.0; +http://webmeup-crawler.com/)"
157.90.182.25 - - [03/Oct/2023:17:29:32 +0200] "GET /bookend-egyptians-p-56408.html HTTP/1.0" 200 77030 "-" "Mozilla/5.0 (compatible; BLEXBot/1.0; +http://webmeup-crawler.com/)"
157.90.182.25 - - [03/Oct/2023:17:29:33 +0200] "GET /bagshandbags-shoulder-bags-c-31_81.html?page=9 HTTP/1.0" 200 99042 "-" "Mozilla/5.0 (compatible; BLEXBot/1.0; +http://webmeup-crawler.com/)"
185.191.171.17 - - [03/Oct/2023:17:29:33 +0200] "GET /rectangular-cats-butterflies-tray-p-60856.html HTTP/1.0" 200 77001 "-" "Mozilla/5.0 (compatible; SemrushBot/7~bl; +http://www.semrush.com/bot.html)"
157.90.182.25 - - [03/Oct/2023:17:29:38 +0200] "GET /bookend-gorillas-p-55156.html HTTP/1.0" 200 77036 "-" "Mozilla/5.0 (compatible; BLEXBot/1.0; +http://webmeup-crawler.com/)"
157.90.182.25 - - [03/Oct/2023:17:29:38 +0200] "GET /bakugan-placemat-p-17143.html HTTP/1.0" 200 76168 "-" "Mozilla/5.0 (compatible; BLEXBot/1.0; +http://webmeup-crawler.com/)"
54.36.148.70 - - [03/Oct/2023:17:29:41 +0200] "GET /dishes-c-12.html?page=2 HTTP/1.0" 200 94935 "-" "Mozilla/5.0 (compatible; AhrefsBot/7.0; +http://ahrefs.com/robot/)"
157.90.182.25 - - [03/Oct/2023:17:29:43 +0200] "GET /ball-zippo-lighter-p-39534.html HTTP/1.0" 200 78428 "-" "Mozilla/5.0 (compatible; BLEXBot/1.0; +http://webmeup-crawler.com/)"
157.90.182.25 - - [03/Oct/2023:17:29:44 +0200] "GET /bookend-sitting-cement-p-56912.html HTTP/1.0" 200 76940 "-" "Mozilla/5.0 (compatible; BLEXBot/1.0; +http://webmeup-crawler.com/)"
157.90.182.25 - - [03/Oct/2023:17:29:48 +0200] "GET /ballerina-jewelry-p-58362.html HTTP/1.0" 200 78500 "-" "Mozilla/5.0 (compatible; BLEXBot/1.0; +http://webmeup-crawler.com/)"
157.90.182.25 - - [03/Oct/2023:17:29:51 +0200] "GET /bookmark-lenticular-dolphins-p-19160.html HTTP/1.0" 200 76326 "-" "Mozilla/5.0 (compatible; BLEXBot/1.0; +http://webmeup-crawler.com/)"
157.90.182.25 - - [03/Oct/2023:17:29:54 +0200] "GET /ballerina-musical-jewelry-glow-dark-p-53237.html HTTP/1.0" 200 77714 "-" "Mozilla/5.0 (compatible; BLEXBot/1.0; +http://webmeup-crawler.com/)"
157.90.182.25 - - [03/Oct/2023:17:29:57 +0200] "GET /bookmark-lenticular-happy-birthday-p-19152.html HTTP/1.0" 200 76390 "-" "Mozilla/5.0 (compatible; BLEXBot/1.0; +http://webmeup-crawler.com/)"
157.90.182.25 - - [03/Oct/2023:17:29:59 +0200] "GET /ballerina-musical-jewelry-glow-dark-p-53239.html HTTP/1.0" 200 77474 "-" "Mozilla/5.0 (compatible; BLEXBot/1.0; +http://webmeup-crawler.com/)"
157.90.182.25 - - [03/Oct/2023:17:30:03 +0200] "GET /bookmark-lenticular-horses-p-19159.html HTTP/1.0" 200 76311 "-" "Mozilla/5.0 (compatible; BLEXBot/1.0; +http://webmeup-crawler.com/)"
157.90.182.25 - - [03/Oct/2023:17:30:05 +0200] "GET /ballerina-musical-jewelry-glow-dark-p-56592.html HTTP/1.0" 200 77427 "-" "Mozilla/5.0 (compatible; BLEXBot/1.0; +http://webmeup-crawler.com/)"
54.36.148.79 - - [03/Oct/2023:17:30:07 +0200] "GET /beer-glass-bottle-opener-p-53489.html HTTP/1.0" 200 77146 "-" "Mozilla/5.0 (compatible; AhrefsBot/7.0; +http://ahrefs.com/robot/)"
157.90.182.25 - - [03/Oct/2023:17:30:11 +0200] "GET /bookmark-lenticular-love-p-19150.html HTTP/1.0" 200 76298 "-" "Mozilla/5.0 (compatible; BLEXBot/1.0; +http://webmeup-crawler.com/)"
54.36.148.106 - - [03/Oct/2023:17:30:14 +0200] "GET /images/big_prod/3700281642940.jpg HTTP/1.0" 200 268 "-" "Mozilla/5.0 (compatible; AhrefsBot/7.0; +http://ahrefs.com/robot/)"
157.90.182.25 - - [03/Oct/2023:17:30:12 +0200] "GET /bamboo-chandelier-p-58136.html HTTP/1.0" 200 76925 "-" "Mozilla/5.0 (compatible; BLEXBot/1.0; +http://webmeup-crawler.com/)"
54.36.149.13 - - [03/Oct/2023:17:30:17 +0200] "GET /images/big_prod_1/3700281642940c.jpg HTTP/1.0" 200 271 "-" "Mozilla/5.0 (compatible; AhrefsBot/7.0; +http://ahrefs.com/robot/)"
157.90.182.25 - - [03/Oct/2023:17:30:17 +0200] "GET /bookmark-lenticular-p-19154.html HTTP/1.0" 200 76283 "-" "Mozilla/5.0 (compatible; BLEXBot/1.0; +http://webmeup-crawler.com/)"
157.90.182.25 - - [03/Oct/2023:17:30:19 +0200] "GET /bamboo-cutlery-with-organic-cotton-case-p-59594.html HTTP/1.0" 200 77586 "-" "Mozilla/5.0 (compatible; BLEXBot/1.0; +http://webmeup-crawler.com/)"
207.46.13.154 - - [03/Oct/2023:17:30:23 +0200] "GET /pencil-case-c-31_75.html HTTP/1.0" 200 97401 "-" "Mozilla/5.0 AppleWebKit/537.36 (KHTML, like Gecko; compatible; bingbot/2.0; +http://www.bing.com/bingbot.htm) Chrome/103.0.5060.134 Safari/537.36"
157.90.182.25 - - [03/Oct/2023:17:30:25 +0200] "GET /bamboo-exotic-spirit-tropical-flowers-p-49321.html HTTP/1.0" 200 76288 "-" "Mozilla/5.0 (compatible; BLEXBot/1.0; +http://webmeup-crawler.com/)"
157.90.182.25 - - [03/Oct/2023:17:30:30 +0200] "GET /bamboo-exotic-spirit-tropical-flowers-p-49322.html HTTP/1.0" 200 76295 "-" "Mozilla/5.0 (compatible; BLEXBot/1.0; +http://webmeup-crawler.com/)"
54.36.148.88 - - [03/Oct/2023:17:30:32 +0200] "GET /resin-elephant-statuette-p-60102.html HTTP/1.0" 200 76296 "-" "Mozilla/5.0 (compatible; AhrefsBot/7.0; +http://ahrefs.com/robot/)"
157.90.182.25 - - [03/Oct/2023:17:30:36 +0200] "GET /bamboo-fiber-plant-cover-p-53413.html HTTP/1.0" 200 76779 "-" "Mozilla/5.0 (compatible; BLEXBot/1.0; +http://webmeup-crawler.com/)"
157.90.182.25 - - [03/Oct/2023:17:30:41 +0200] "GET /bookmark-lenticular-p-19156.html HTTP/1.0" 200 76283 "-" "Mozilla/5.0 (compatible; BLEXBot/1.0; +http://webmeup-crawler.com/)"
157.90.182.25 - - [03/Oct/2023:17:30:42 +0200] "GET /bamboo-fiber-plant-cover-p-54399.html HTTP/1.0" 200 76802 "-" "Mozilla/5.0 (compatible; BLEXBot/1.0; +http://webmeup-crawler.com/)"
157.90.182.25 - - [03/Oct/2023:17:30:48 +0200] "GET /bookmark-lenticular-puppies-p-19161.html HTTP/1.0" 200 76319 "-" "Mozilla/5.0 (compatible; BLEXBot/1.0; +http://webmeup-crawler.com/)"
157.90.182.25 - - [03/Oct/2023:17:30:49 +0200] "GET /bamboo-fiber-plant-cover-p-54531.html HTTP/1.0" 200 76777 "-" "Mozilla/5.0 (compatible; BLEXBot/1.0; +http://webmeup-crawler.com/)"
157.90.182.25 - - [03/Oct/2023:17:30:55 +0200] "GET /bamboo-fiber-plant-cover-p-57862.html HTTP/1.0" 200 76779 "-" "Mozilla/5.0 (compatible; BLEXBot/1.0; +http://webmeup-crawler.com/)"
157.90.182.25 - - [03/Oct/2023:17:30:55 +0200] "GET /bookmark-lenticular-rabbit-p-19155.html HTTP/1.0" 200 76312 "-" "Mozilla/5.0 (compatible; BLEXBot/1.0; +http://webmeup-crawler.com/)"
54.36.149.63 - - [03/Oct/2023:17:30:55 +0200] "GET /small-baby-teeth-p-60199.html HTTP/1.0" 200 76233 "-" "Mozilla/5.0 (compatible; AhrefsBot/7.0; +http://ahrefs.com/robot/)"
35.171.69.89 - - [03/Oct/2023:17:31:01 +0200] "GET /images/med_prod/8435306265839.jpg HTTP/1.0" 200 268 "-" "Mozilla/5.0 (X11; Ubuntu; Linux x86_64; rv:72.0) Gecko/20100101 Firefox/72.0"
157.90.182.25 - - [03/Oct/2023:17:31:00 +0200] "GET /bamboo-fiber-plant-cover-p-57863.html HTTP/1.0" 200 76779 "-" "Mozilla/5.0 (compatible; BLEXBot/1.0; +http://webmeup-crawler.com/)"
157.90.182.25 - - [03/Oct/2023:17:31:02 +0200] "GET /bottle-despicable-p-36838.html HTTP/1.0" 200 76102 "-" "Mozilla/5.0 (compatible; BLEXBot/1.0; +http://webmeup-crawler.com/)"
157.90.182.25 - - [03/Oct/2023:17:31:07 +0200] "GET /bamboo-fiber-plant-cover-p-58870.html HTTP/1.0" 200 76802 "-" "Mozilla/5.0 (compatible; BLEXBot/1.0; +http://webmeup-crawler.com/)"
157.90.182.25 - - [03/Oct/2023:17:31:10 +0200] "GET /bottle-holder-beer-bucket-c-12_224.html?page=2 HTTP/1.0" 200 94911 "-" "Mozilla/5.0 (compatible; BLEXBot/1.0; +http://webmeup-crawler.com/)"
157.90.182.25 - - [03/Oct/2023:17:31:13 +0200] "GET /bamboo-fiber-plant-cover-p-58871.html HTTP/1.0" 200 76803 "-" "Mozilla/5.0 (compatible; BLEXBot/1.0; +http://webmeup-crawler.com/)"
5.255.231.27 - - [03/Oct/2023:17:31:18 +0200] "GET /paris-aime-orange-small-p-18980.html HTTP/1.0" 301 73837 "-" "Mozilla/5.0 (compatible; YandexBot/3.0; +http://yandex.com/bots)"
157.90.182.25 - - [03/Oct/2023:17:31:18 +0200] "GET /bottle-holder-beer-bucket-c-12_224.html?page=3 HTTP/1.0" 200 94360 "-" "Mozilla/5.0 (compatible; BLEXBot/1.0; +http://webmeup-crawler.com/)"
95.108.213.174 - - [03/Oct/2023:17:31:20 +0200] "GET /-p-18980.html HTTP/1.0" 200 73770 "-" "Mozilla/5.0 (compatible; YandexBot/3.0; +http://yandex.com/bots)"
157.90.182.25 - - [03/Oct/2023:17:31:22 +0200] "GET /bamboo-fiber-plant-cover-p-58886.html HTTP/1.0" 200 76803 "-" "Mozilla/5.0 (compatible; BLEXBot/1.0; +http://webmeup-crawler.com/)"
54.36.149.10 - - [03/Oct/2023:17:31:23 +0200] "GET /placemat-little-prince-p-56246.html HTTP/1.0" 200 76741 "-" "Mozilla/5.0 (compatible; AhrefsBot/7.0; +http://ahrefs.com/robot/)"
157.90.182.25 - - [03/Oct/2023:17:31:27 +0200] "GET /bamboo-fiber-plant-cover-p-58887.html HTTP/1.0" 200 76803 "-" "Mozilla/5.0 (compatible; BLEXBot/1.0; +http://webmeup-crawler.com/)"
54.36.149.98 - - [03/Oct/2023:17:31:30 +0200] "GET /images/big_prod/3713572754659a.jpg HTTP/1.0" 200 269 "-" "Mozilla/5.0 (compatible; AhrefsBot/7.0; +http://ahrefs.com/robot/)"
157.90.182.25 - - [03/Oct/2023:17:31:32 +0200] "GET /bamboo-fiber-plant-cover-p-58888.html HTTP/1.0" 200 76804 "-" "Mozilla/5.0 (compatible; BLEXBot/1.0; +http://webmeup-crawler.com/)"
85.208.96.205 - - [03/Oct/2023:17:31:36 +0200] "GET /-p-47993.html HTTP/1.0" 200 73770 "-" "Mozilla/5.0 (compatible; SemrushBot/7~bl; +http://www.semrush.com/bot.html)"
157.90.182.25 - - [03/Oct/2023:17:31:37 +0200] "GET /bamboo-fiber-plant-cover-p-58889.html HTTP/1.0" 200 76802 "-" "Mozilla/5.0 (compatible; BLEXBot/1.0; +http://webmeup-crawler.com/)"
157.90.182.25 - - [03/Oct/2023:17:31:42 +0200] "GET /bamboo-fiber-plant-cover-p-58890.html HTTP/1.0" 200 76803 "-" "Mozilla/5.0 (compatible; BLEXBot/1.0; +http://webmeup-crawler.com/)"
157.90.182.25 - - [03/Oct/2023:17:31:43 +0200] "GET /bottle-holder-beer-bucket-c-12_224.html?page=4 HTTP/1.0" 200 88034 "-" "Mozilla/5.0 (compatible; BLEXBot/1.0; +http://webmeup-crawler.com/)"
54.36.148.151 - - [03/Oct/2023:17:31:47 +0200] "GET /home-decoration-c-13.html?page=58 HTTP/1.0" 200 95518 "-" "Mozilla/5.0 (compatible; AhrefsBot/7.0; +http://ahrefs.com/robot/)"
157.90.182.25 - - [03/Oct/2023:17:31:48 +0200] "GET /bamboo-fiber-plant-cover-p-58891.html HTTP/1.0" 200 76803 "-" "Mozilla/5.0 (compatible; BLEXBot/1.0; +http://webmeup-crawler.com/)"
157.90.182.25 - - [03/Oct/2023:17:31:50 +0200] "GET /bottle-opener-apro-recrute-p-53204.html HTTP/1.0" 200 76858 "-" "Mozilla/5.0 (compatible; BLEXBot/1.0; +http://webmeup-crawler.com/)"
157.90.182.25 - - [03/Oct/2023:17:31:54 +0200] "GET /bamboo-fiber-plant-cover-p-58892.html HTTP/1.0" 200 76803 "-" "Mozilla/5.0 (compatible; BLEXBot/1.0; +http://webmeup-crawler.com/)"
85.208.96.208 - - [03/Oct/2023:17:31:55 +0200] "GET /round-transparent-plastic-tablecloth-p-54904.html HTTP/1.0" 200 73918 "-" "Mozilla/5.0 (compatible; SemrushBot/7~bl; +http://www.semrush.com/bot.html)"
54.36.148.39 - - [03/Oct/2023:17:31:56 +0200] "GET /images/mini_prod/3700281682885.jpg HTTP/1.0" 200 269 "-" "Mozilla/5.0 (compatible; AhrefsBot/7.0; +http://ahrefs.com/robot/)"
