157.90.182.25 - - [03/Oct/2023:22:01:59 +0200] "GET /placemat-copains-abord-p-53651.html HTTP/1.0" 200 76773 "-" "Mozilla/5.0 (compatible; BLEXBot/1.0; +http://webmeup-crawler.com/)"
157.90.182.25 - - [03/Oct/2023:22:02:02 +0200] "GET /placemat-exotique-p-53600.html HTTP/1.0" 200 76656 "-" "Mozilla/5.0 (compatible; BLEXBot/1.0; +http://webmeup-crawler.com/)"
185.191.171.16 - - [03/Oct/2023:22:02:10 +0200] "GET /bamboo-flower-cover-p-55092.html HTTP/1.0" 200 73852 "-" "Mozilla/5.0 (compatible; SemrushBot/7~bl; +http://www.semrush.com/bot.html)"
154.7.24.254 - - [03/Oct/2023:22:02:13 +0200] "GET /images/big_prod/886767070681.jpg HTTP/1.0" 200 267 "-" "Mozilla/5.0 (Windows NT 10.0; WOW64) AppleWebKit/537.36 (KHTML like Gecko) Chrome/44.0.2403.155 UBrowser/5.4.4237.50 Safari/537.36"
157.90.182.25 - - [03/Oct/2023:22:02:11 +0200] "GET /placemat-exotique-p-53601.html HTTP/1.0" 200 76655 "-" "Mozilla/5.0 (compatible; BLEXBot/1.0; +http://webmeup-crawler.com/)"
157.90.182.25 - - [03/Oct/2023:22:02:19 +0200] "GET /placemat-guinguette-p-53597.html HTTP/1.0" 200 76700 "-" "Mozilla/5.0 (compatible; BLEXBot/1.0; +http://webmeup-crawler.com/)"
54.36.148.3 - - [03/Oct/2023:22:02:23 +0200] "GET /round-jute-carpet-p-56664.html HTTP/1.0" 200 77304 "-" "Mozilla/5.0 (compatible; AhrefsBot/7.0; +http://ahrefs.com/robot/)"
157.90.182.25 - - [03/Oct/2023:22:02:29 +0200] "GET /placemat-italian-menu-p-57514.html HTTP/1.0" 200 76102 "-" "Mozilla/5.0 (compatible; BLEXBot/1.0; +http://webmeup-crawler.com/)"
54.36.149.4 - - [03/Oct/2023:22:02:31 +0200] "GET /images/big_prod_2/8433933229729a.jpg HTTP/1.0" 200 271 "-" "Mozilla/5.0 (compatible; AhrefsBot/7.0; +http://ahrefs.com/robot/)"
157.90.182.25 - - [03/Oct/2023:22:02:34 +0200] "GET /placemat-marble-p-55700.html HTTP/1.0" 200 76643 "-" "Mozilla/5.0 (compatible; BLEXBot/1.0; +http://webmeup-crawler.com/)"
185.191.171.11 - - [03/Oct/2023:22:02:35 +0200] "GET /retro-flamenco-alarm-clock-pink-p-53131.html HTTP/1.0" 200 73888 "-" "Mozilla/5.0 (compatible; SemrushBot/7~bl; +http://www.semrush.com/bot.html)"
54.36.149.96 - - [03/Oct/2023:22:02:39 +0200] "GET /images/big_prod_3/8433933229729b.jpg HTTP/1.0" 200 271 "-" "Mozilla/5.0 (compatible; AhrefsBot/7.0; +http://ahrefs.com/robot/)"
157.90.182.25 - - [03/Oct/2023:22:02:41 +0200] "GET /placemat-p-53603.html HTTP/1.0" 200 76597 "-" "Mozilla/5.0 (compatible; BLEXBot/1.0; +http://webmeup-crawler.com/)"
85.208.96.198 - - [03/Oct/2023:22:02:47 +0200] "GET /unicorne-small-bank-p-42514.html HTTP/1.0" 200 73836 "-" "Mozilla/5.0 (compatible; SemrushBot/7~bl; +http://www.semrush.com/bot.html)"
157.90.182.25 - - [03/Oct/2023:22:02:53 +0200] "GET /placemat-recette-bonheur-p-53594.html HTTP/1.0" 200 76750 "-" "Mozilla/5.0 (compatible; BLEXBot/1.0; +http://webmeup-crawler.com/)"
54.36.149.48 - - [03/Oct/2023:22:02:55 +0200] "GET /little-prince-green-jewelry-p-53235.html HTTP/1.0" 200 77440 "-" "Mozilla/5.0 (compatible; AhrefsBot/7.0; +http://ahrefs.com/robot/)"
157.90.182.25 - - [03/Oct/2023:22:03:01 +0200] "GET /placemat-table-bons-amis-p-53593.html HTTP/1.0" 200 76758 "-" "Mozilla/5.0 (compatible; BLEXBot/1.0; +http://webmeup-crawler.com/)"
54.36.149.106 - - [03/Oct/2023:22:03:04 +0200] "GET /images/big_prod_1/8433933229729B.jpg HTTP/1.0" 200 271 "-" "Mozilla/5.0 (compatible; AhrefsBot/7.0; +http://ahrefs.com/robot/)"
157.90.182.25 - - [03/Oct/2023:22:03:09 +0200] "GET /placemat-unicorn-p-53602.html HTTP/1.0" 200 76645 "-" "Mozilla/5.0 (compatible; BLEXBot/1.0; +http://webmeup-crawler.com/)"
47.128.21.2 - - [03/Oct/2023:22:03:12 +0200] "GET /images/3298060217958b.gif HTTP/1.0" 404 1308 "http://gallas-matthias-cout.blogspot.com/search?m=0&max-results=7&reverse-paginate=true&updated-max=2011-09-17T07%3A15%3A00-07%3A00" "Mozilla/5.0 (Linux; Android 5.0) AppleWebKit/537.36 (KHTML, like Gecko) Mobile Safari/537.36 (compatible; Bytespider; spider-feedback@bytedance.com)"
157.90.182.25 - - [03/Oct/2023:22:03:15 +0200] "GET /placemats-c-12_156.html?page=10 HTTP/1.0" 200 96650 "-" "Mozilla/5.0 (compatible; BLEXBot/1.0; +http://webmeup-crawler.com/)"
157.90.182.25 - - [03/Oct/2023:22:03:22 +0200] "GET /placemats-c-12_156.html?page=11 HTTP/1.0" 200 94561 "-" "Mozilla/5.0 (compatible; BLEXBot/1.0; +http://webmeup-crawler.com/)"
157.90.182.25 - - [03/Oct/2023:22:03:28 +0200] "GET /placemats-c-12_156.html?page=2 HTTP/1.0" 200 96410 "-" "Mozilla/5.0 (compatible; BLEXBot/1.0; +http://webmeup-crawler.com/)"
54.36.148.242 - - [03/Oct/2023:22:03:33 +0200] "GET /moroccan-ceramic-ashtray-p-59533.html HTTP/1.0" 200 76749 "-" "Mozilla/5.0 (compatible; AhrefsBot/7.0; +http://ahrefs.com/robot/)"
157.90.182.25 - - [03/Oct/2023:22:03:38 +0200] "GET /placemats-c-12_156.html?page=3 HTTP/1.0" 200 96888 "-" "Mozilla/5.0 (compatible; BLEXBot/1.0; +http://webmeup-crawler.com/)"
54.36.148.250 - - [03/Oct/2023:22:03:41 +0200] "GET /images/big_prod/3700281674002.jpg HTTP/1.0" 200 268 "-" "Mozilla/5.0 (compatible; AhrefsBot/7.0; +http://ahrefs.com/robot/)"
157.90.182.25 - - [03/Oct/2023:22:03:43 +0200] "GET /placemats-c-12_156.html?page=4 HTTP/1.0" 200 97566 "-" "Mozilla/5.0 (compatible; BLEXBot/1.0; +http://webmeup-crawler.com/)"
157.90.182.25 - - [03/Oct/2023:22:03:51 +0200] "GET /placemats-c-12_156.html?page=5 HTTP/1.0" 200 96638 "-" "Mozilla/5.0 (compatible; BLEXBot/1.0; +http://webmeup-crawler.com/)"
157.90.182.25 - - [03/Oct/2023:22:03:56 +0200] "GET /placemats-c-12_156.html?page=6 HTTP/1.0" 200 97078 "-" "Mozilla/5.0 (compatible; BLEXBot/1.0; +http://webmeup-crawler.com/)"
54.36.148.107 - - [03/Oct/2023:22:04:01 +0200] "GET /touareg-cotton-basket-p-58354.html HTTP/1.0" 200 76772 "-" "Mozilla/5.0 (compatible; AhrefsBot/7.0; +http://ahrefs.com/robot/)"
157.90.182.25 - - [03/Oct/2023:22:04:04 +0200] "GET /placemats-c-12_156.html?page=7 HTTP/1.0" 200 97280 "-" "Mozilla/5.0 (compatible; BLEXBot/1.0; +http://webmeup-crawler.com/)"
157.90.182.25 - - [03/Oct/2023:22:04:14 +0200] "GET /placemats-c-12_156.html?page=8 HTTP/1.0" 200 96818 "-" "Mozilla/5.0 (compatible; BLEXBot/1.0; +http://webmeup-crawler.com/)"
185.191.171.5 - - [03/Oct/2023:22:04:16 +0200] "GET /leather-wallet-spades-p-47351.html HTTP/1.0" 200 77173 "-" "Mozilla/5.0 (compatible; SemrushBot/7~bl; +http://www.semrush.com/bot.html)"
185.191.171.5 - - [03/Oct/2023:22:04:19 +0200] "GET /shell-metal-plate-deco-p-41069.html HTTP/1.0" 200 73898 "-" "Mozilla/5.0 (compatible; SemrushBot/7~bl; +http://www.semrush.com/bot.html)"
157.90.182.25 - - [03/Oct/2023:22:04:23 +0200] "GET /placemats-c-12_156.html?page=9 HTTP/1.0" 200 97288 "-" "Mozilla/5.0 (compatible; BLEXBot/1.0; +http://webmeup-crawler.com/)"
157.90.182.25 - - [03/Oct/2023:22:04:28 +0200] "GET /plaid-sofa-throw-portofino-with-fringes-p-47922.html HTTP/1.0" 200 77041 "-" "Mozilla/5.0 (compatible; BLEXBot/1.0; +http://webmeup-crawler.com/)"
157.90.182.25 - - [03/Oct/2023:22:04:36 +0200] "GET /planes-bath-towel-p-24585.html HTTP/1.0" 200 78326 "-" "Mozilla/5.0 (compatible; BLEXBot/1.0; +http://webmeup-crawler.com/)"
54.36.148.201 - - [03/Oct/2023:22:04:38 +0200] "GET /cushion-p-31866.html HTTP/1.0" 200 76205 "-" "Mozilla/5.0 (compatible; AhrefsBot/7.0; +http://ahrefs.com/robot/)"
157.90.182.25 - - [03/Oct/2023:22:04:42 +0200] "GET /planes-ceiling-light-p-33143.html HTTP/1.0" 200 76491 "-" "Mozilla/5.0 (compatible; BLEXBot/1.0; +http://webmeup-crawler.com/)"
157.90.182.25 - - [03/Oct/2023:22:04:51 +0200] "GET /planes-cushion-p-25908.html HTTP/1.0" 200 76226 "-" "Mozilla/5.0 (compatible; BLEXBot/1.0; +http://webmeup-crawler.com/)"
157.90.182.25 - - [03/Oct/2023:22:04:55 +0200] "GET /planes-cushion-p-25909.html HTTP/1.0" 200 76226 "-" "Mozilla/5.0 (compatible; BLEXBot/1.0; +http://webmeup-crawler.com/)"
157.90.182.25 - - [03/Oct/2023:22:05:01 +0200] "GET /planes-sports-bottle-p-25060.html HTTP/1.0" 200 76723 "-" "Mozilla/5.0 (compatible; BLEXBot/1.0; +http://webmeup-crawler.com/)"
157.90.182.25 - - [03/Oct/2023:22:05:07 +0200] "GET /planes-toddler-flatware-p-25914.html HTTP/1.0" 200 76134 "-" "Mozilla/5.0 (compatible; BLEXBot/1.0; +http://webmeup-crawler.com/)"
157.90.182.25 - - [03/Oct/2023:22:05:13 +0200] "GET /plant-ceramic-salt-p-59860.html HTTP/1.0" 200 76904 "-" "Mozilla/5.0 (compatible; BLEXBot/1.0; +http://webmeup-crawler.com/)"
157.90.182.25 - - [03/Oct/2023:22:05:17 +0200] "GET /plastic-fiber-lamp-p-48682.html HTTP/1.0" 200 76788 "-" "Mozilla/5.0 (compatible; BLEXBot/1.0; +http://webmeup-crawler.com/)"
157.90.182.25 - - [03/Oct/2023:22:05:23 +0200] "GET /plastic-glass-p-17153.html HTTP/1.0" 200 76249 "-" "Mozilla/5.0 (compatible; BLEXBot/1.0; +http://webmeup-crawler.com/)"
157.90.182.25 - - [03/Oct/2023:22:05:31 +0200] "GET /playboy-zippo-lighter-p-13392.html HTTP/1.0" 200 76567 "-" "Mozilla/5.0 (compatible; BLEXBot/1.0; +http://webmeup-crawler.com/)"
157.90.182.25 - - [03/Oct/2023:22:05:38 +0200] "GET /playmobil-rule-p-13387.html HTTP/1.0" 200 76049 "-" "Mozilla/5.0 (compatible; BLEXBot/1.0; +http://webmeup-crawler.com/)"
54.36.149.43 - - [03/Oct/2023:22:05:42 +0200] "GET /garden-party-small-ashtray-p-37386.html HTTP/1.0" 200 76151 "-" "Mozilla/5.0 (compatible; AhrefsBot/7.0; +http://ahrefs.com/robot/)"
157.90.182.25 - - [03/Oct/2023:22:05:43 +0200] "GET /playmobil-rule-p-13388.html HTTP/1.0" 200 76051 "-" "Mozilla/5.0 (compatible; BLEXBot/1.0; +http://webmeup-crawler.com/)"
157.90.182.25 - - [03/Oct/2023:22:05:50 +0200] "GET /plush-christmas-tree-decoration-p-49648.html HTTP/1.0" 200 76261 "-" "Mozilla/5.0 (compatible; BLEXBot/1.0; +http://webmeup-crawler.com/)"
157.90.182.25 - - [03/Oct/2023:22:05:54 +0200] "GET /plush-christmas-tree-decoration-p-49649.html HTTP/1.0" 200 76261 "-" "Mozilla/5.0 (compatible; BLEXBot/1.0; +http://webmeup-crawler.com/)"
92.249.122.108 - - [03/Oct/2023:22:05:57 +0200] "GET /contact_us.php HTTP/1.0" 200 26241 "http://www.wonder-geek.com/contact_us.php" "Mozilla/5.0 (Windows NT 6.3; Win64; x64) AppleWebKit/537.36 (KHTML, like Gecko) Chrome/90.0.4430.85 Safari/537.36 Edg/90.0.818.46"
92.249.122.108 - - [03/Oct/2023:22:05:58 +0200] "POST /contact_us.php?action=send HTTP/1.0" 200 26496 "http://www.wonder-geek.com/contact_us.php" "Mozilla/5.0 (Windows NT 6.3; Win64; x64) AppleWebKit/537.36 (KHTML, like Gecko) Chrome/90.0.4430.85 Safari/537.36 Edg/90.0.818.46"
157.90.182.25 - - [03/Oct/2023:22:05:59 +0200] "GET /plush-christmas-tree-decoration-p-49650.html HTTP/1.0" 200 76261 "-" "Mozilla/5.0 (compatible; BLEXBot/1.0; +http://webmeup-crawler.com/)"
157.90.182.25 - - [03/Oct/2023:22:06:04 +0200] "GET /plush-christmas-tree-decoration-p-49651.html HTTP/1.0" 200 76261 "-" "Mozilla/5.0 (compatible; BLEXBot/1.0; +http://webmeup-crawler.com/)"
216.244.66.242 - - [03/Oct/2023:22:06:08 +0200] "GET /strawberry-shortcake-years-p-22146.html HTTP/1.0" 200 76298 "-" "Mozilla/5.0 (compatible; DotBot/1.2; +https://opensiteexplorer.org/dotbot; help@moz.com)"
54.36.148.116 - - [03/Oct/2023:22:06:08 +0200] "GET /winx-club-toddler-flatware-p-17136.html HTTP/1.0" 200 78051 "-" "Mozilla/5.0 (compatible; AhrefsBot/7.0; +http://ahrefs.com/robot/)"
157.90.182.25 - - [03/Oct/2023:22:06:09 +0200] "GET /plush-christmas-tree-decoration-p-49652.html HTTP/1.0" 200 76261 "-" "Mozilla/5.0 (compatible; BLEXBot/1.0; +http://webmeup-crawler.com/)"
157.90.182.25 - - [03/Oct/2023:22:06:16 +0200] "GET /plush-christmas-tree-decoration-p-49653.html HTTP/1.0" 200 76261 "-" "Mozilla/5.0 (compatible; BLEXBot/1.0; +http://webmeup-crawler.com/)"
157.90.182.25 - - [03/Oct/2023:22:06:21 +0200] "GET /plush-tree-hanging-decorations-p-52655.html HTTP/1.0" 200 76243 "-" "Mozilla/5.0 (compatible; BLEXBot/1.0; +http://webmeup-crawler.com/)"
85.208.96.212 - - [03/Oct/2023:22:06:27 +0200] "GET /stone-green-opal-grams-p-46619.html HTTP/1.0" 200 73836 "-" "Mozilla/5.0 (compatible; SemrushBot/7~bl; +http://www.semrush.com/bot.html)"
157.90.182.25 - - [03/Oct/2023:22:06:27 +0200] "GET /plush-tree-hanging-decorations-p-56119.html HTTP/1.0" 200 76921 "-" "Mozilla/5.0 (compatible; BLEXBot/1.0; +http://webmeup-crawler.com/)"
207.46.13.54 - - [03/Oct/2023:22:06:34 +0200] "GET /bumblebees-meadow-cotton-table-runner-p-60921.html HTTP/1.0" 200 76360 "-" "Mozilla/5.0 AppleWebKit/537.36 (KHTML, like Gecko; compatible; bingbot/2.0; +http://www.bing.com/bingbot.htm) Chrome/103.0.5060.134 Safari/537.36"
157.90.182.25 - - [03/Oct/2023:22:06:35 +0200] "GET /pocket-warmer-bien-chaud-p-58829.html HTTP/1.0" 200 77048 "-" "Mozilla/5.0 (compatible; BLEXBot/1.0; +http://webmeup-crawler.com/)"
54.36.148.230 - - [03/Oct/2023:22:06:40 +0200] "GET /citrine-chip-bracelet-p-57759.html HTTP/1.0" 200 76091 "-" "Mozilla/5.0 (compatible; AhrefsBot/7.0; +http://ahrefs.com/robot/)"
157.90.182.25 - - [03/Oct/2023:22:06:41 +0200] "GET /pocket-warmer-concentr-chaleur-p-58830.html HTTP/1.0" 200 77095 "-" "Mozilla/5.0 (compatible; BLEXBot/1.0; +http://webmeup-crawler.com/)"
157.90.182.25 - - [03/Oct/2023:22:06:49 +0200] "GET /pocket-warmer-little-panda-p-54998.html HTTP/1.0" 200 77406 "-" "Mozilla/5.0 (compatible; BLEXBot/1.0; +http://webmeup-crawler.com/)"
157.90.182.25 - - [03/Oct/2023:22:06:58 +0200] "GET /pocket-warmer-p-58828.html HTTP/1.0" 200 76995 "-" "Mozilla/5.0 (compatible; BLEXBot/1.0; +http://webmeup-crawler.com/)"
157.90.182.25 - - [03/Oct/2023:22:07:03 +0200] "GET /pokemon-blue-swimsuit-p-30589.html HTTP/1.0" 200 77245 "-" "Mozilla/5.0 (compatible; BLEXBot/1.0; +http://webmeup-crawler.com/)"
71.18.255.94 - - [03/Oct/2023:22:07:07 +0200] "GET /images/mini_prod/1384010206997.jpg HTTP/1.0" 200 269 "-" "Mozilla/5.0 (X11; Ubuntu; Linux x86_64; rv:72.0) Gecko/20100101 Firefox/72.0"
157.90.182.25 - - [03/Oct/2023:22:07:09 +0200] "GET /pokemon-pikachu-school-p-55005.html HTTP/1.0" 200 76980 "-" "Mozilla/5.0 (compatible; BLEXBot/1.0; +http://webmeup-crawler.com/)"
54.36.148.67 - - [03/Oct/2023:22:07:12 +0200] "GET /cake-keyring-cbkreation-p-43226.html HTTP/1.0" 200 76232 "-" "Mozilla/5.0 (compatible; AhrefsBot/7.0; +http://ahrefs.com/robot/)"
157.90.182.25 - - [03/Oct/2023:22:07:17 +0200] "GET /pokemon-pikachu-trolley-p-60208.html HTTP/1.0" 200 77049 "-" "Mozilla/5.0 (compatible; BLEXBot/1.0; +http://webmeup-crawler.com/)"
185.191.171.8 - - [03/Oct/2023:22:07:25 +0200] "GET /-p-39518.html HTTP/1.0" 200 73770 "-" "Mozilla/5.0 (compatible; SemrushBot/7~bl; +http://www.semrush.com/bot.html)"
157.90.182.25 - - [03/Oct/2023:22:07:25 +0200] "GET /pokemon-shirt-p-31060.html HTTP/1.0" 200 77531 "-" "Mozilla/5.0 (compatible; BLEXBot/1.0; +http://webmeup-crawler.com/)"
185.191.171.9 - - [03/Oct/2023:22:07:27 +0200] "GET /wick-ellipse-candle-heart-home-winter-wonderment-p-49938.html HTTP/1.0" 200 73968 "-" "Mozilla/5.0 (compatible; SemrushBot/7~bl; +http://www.semrush.com/bot.html)"
51.68.224.127 - - [03/Oct/2023:22:07:34 +0200] "GET /adminweb/export_orders_xml.php?token=256de2z6edz6ed2z6DFSFsed2zed6zeDSFDSGdzedezfzf&maxorders=10&orderstart=1&status=14&start_date=2018-10-01 HTTP/1.0" 200 285 "-" "GesCom CharlotteBoutik Serveur"
157.90.182.25 - - [03/Oct/2023:22:07:34 +0200] "GET /pokemon-shirt-p-31061.html HTTP/1.0" 200 77213 "-" "Mozilla/5.0 (compatible; BLEXBot/1.0; +http://webmeup-crawler.com/)"
51.68.224.127 - - [03/Oct/2023:22:07:34 +0200] "GET /adminweb/export_orders_xml.php?token=256de2z6edz6ed2z6DFSFsed2zed6zeDSFDSGdzedezfzf&maxorders=10&orderstart=1&status=6&start_date=2018-10-01 HTTP/1.0" 200 33939 "-" "GesCom CharlotteBoutik Serveur"
66.249.66.194 - - [03/Oct/2023:22:07:38 +0200] "GET /fresh-brewed-coffee-retro-yellow-p-26695.html HTTP/1.0" 200 73896 "-" "Mozilla/5.0 (Linux; Android 6.0.1; Nexus 5X Build/MMB29P) AppleWebKit/537.36 (KHTML, like Gecko) Chrome/117.0.5938.132 Mobile Safari/537.36 (compatible; Googlebot/2.1; +http://www.google.com/bot.html)"
157.90.182.25 - - [03/Oct/2023:22:07:40 +0200] "GET /pokemon-swimsuit-p-30590.html HTTP/1.0" 200 77226 "-" "Mozilla/5.0 (compatible; BLEXBot/1.0; +http://webmeup-crawler.com/)"
66.249.66.194 - - [03/Oct/2023:22:07:39 +0200] "GET /doormats-entrance-carpets-c-11_269_266.html?page=3 HTTP/1.0" 200 89123 "-" "Mozilla/5.0 (Linux; Android 6.0.1; Nexus 5X Build/MMB29P) AppleWebKit/537.36 (KHTML, like Gecko) Chrome/117.0.5938.132 Mobile Safari/537.36 (compatible; Googlebot/2.1; +http://www.google.com/bot.html)"
66.249.66.193 - - [03/Oct/2023:22:07:43 +0200] "GET /swfobject.js HTTP/1.0" 404 1308 "http://www.wonder-geek.com/doormats-entrance-carpets-c-11_269_266.html?page=3" "Mozilla/5.0 (Linux; Android 6.0.1; Nexus 5X Build/MMB29P) AppleWebKit/537.36 (KHTML, like Gecko) Chrome/117.0.5938.92 Mobile Safari/537.36 (compatible; Googlebot/2.1; +http://www.google.com/bot.html)"
157.90.182.25 - - [03/Oct/2023:22:07:45 +0200] "GET /pokemon-trolley-p-60211.html HTTP/1.0" 200 76953 "-" "Mozilla/5.0 (compatible; BLEXBot/1.0; +http://webmeup-crawler.com/)"
54.36.148.95 - - [03/Oct/2023:22:07:51 +0200] "GET /ylang-ylang-aromatika-incense-sticks-p-59286.html HTTP/1.0" 200 76905 "-" "Mozilla/5.0 (compatible; AhrefsBot/7.0; +http://ahrefs.com/robot/)"
157.90.182.25 - - [03/Oct/2023:22:07:53 +0200] "GET /pokmon-wheeled-school-p-60213.html HTTP/1.0" 200 76854 "-" "Mozilla/5.0 (compatible; BLEXBot/1.0; +http://webmeup-crawler.com/)"
157.90.182.25 - - [03/Oct/2023:22:08:01 +0200] "GET /pola-mouse-with-personalized-picture-p-16663.html HTTP/1.0" 200 76744 "-" "Mozilla/5.0 (compatible; BLEXBot/1.0; +http://webmeup-crawler.com/)"
157.90.182.25 - - [03/Oct/2023:22:08:07 +0200] "GET /polar-bear-jewelry-support-statuette-p-47112.html HTTP/1.0" 200 77018 "-" "Mozilla/5.0 (compatible; BLEXBot/1.0; +http://webmeup-crawler.com/)"
157.90.182.25 - - [03/Oct/2023:22:08:18 +0200] "GET /polar-blanket-dark-grey-p-56972.html HTTP/1.0" 200 77076 "-" "Mozilla/5.0 (compatible; BLEXBot/1.0; +http://webmeup-crawler.com/)"
54.36.148.161 - - [03/Oct/2023:22:08:21 +0200] "GET /heart-home-candle-hours-cashmere-p-57274.html HTTP/1.0" 200 77664 "-" "Mozilla/5.0 (compatible; AhrefsBot/7.0; +http://ahrefs.com/robot/)"
157.90.182.25 - - [03/Oct/2023:22:08:25 +0200] "GET /polar-blanket-grey-p-46348.html HTTP/1.0" 200 77001 "-" "Mozilla/5.0 (compatible; BLEXBot/1.0; +http://webmeup-crawler.com/)"
54.36.149.38 - - [03/Oct/2023:22:08:28 +0200] "GET /images/big_prod/5051276416892.jpg HTTP/1.0" 200 268 "-" "Mozilla/5.0 (compatible; AhrefsBot/7.0; +http://ahrefs.com/robot/)"
185.191.171.9 - - [03/Oct/2023:22:08:28 +0200] "GET /-p-22121.html HTTP/1.0" 200 73770 "-" "Mozilla/5.0 (compatible; SemrushBot/7~bl; +http://www.semrush.com/bot.html)"
157.90.182.25 - - [03/Oct/2023:22:08:33 +0200] "GET /polar-blanket-p-56973.html HTTP/1.0" 200 76787 "-" "Mozilla/5.0 (compatible; BLEXBot/1.0; +http://webmeup-crawler.com/)"
185.191.171.13 - - [03/Oct/2023:22:08:38 +0200] "GET /home-decoration-c-13.html?page=64 HTTP/1.0" 200 95344 "-" "Mozilla/5.0 (compatible; SemrushBot/7~bl; +http://www.semrush.com/bot.html)"
157.90.182.25 - - [03/Oct/2023:22:08:42 +0200] "GET /polar-blanket-p-58798.html HTTP/1.0" 200 76956 "-" "Mozilla/5.0 (compatible; BLEXBot/1.0; +http://webmeup-crawler.com/)"
157.90.182.25 - - [03/Oct/2023:22:08:53 +0200] "GET /polar-blanket-p-58799.html HTTP/1.0" 200 76956 "-" "Mozilla/5.0 (compatible; BLEXBot/1.0; +http://webmeup-crawler.com/)"
54.36.149.94 - - [03/Oct/2023:22:08:55 +0200] "GET /allen-decorated-cotton-adult-apron-p-58294.html HTTP/1.0" 200 76251 "-" "Mozilla/5.0 (compatible; AhrefsBot/7.0; +http://ahrefs.com/robot/)"
157.90.182.25 - - [03/Oct/2023:22:09:05 +0200] "GET /polar-blanket-p-58800.html HTTP/1.0" 200 76755 "-" "Mozilla/5.0 (compatible; BLEXBot/1.0; +http://webmeup-crawler.com/)"
169.233.1.13 - - [03/Oct/2023:22:09:07 +0200] "GET /images/mini_prod/3700276265598.jpg HTTP/1.0" 404 1308 "-" "Mozilla/5.0 (X11; Ubuntu; Linux x86_64; rv:72.0) Gecko/20100101 Firefox/72.0"
169.233.1.13 - - [03/Oct/2023:22:09:08 +0200] "GET /images/mini_prod/3700276265598.jpg HTTP/1.0" 404 1308 "-" "Mozilla/5.0 (X11; Ubuntu; Linux x86_64; rv:72.0) Gecko/20100101 Firefox/72.0"
169.233.1.13 - - [03/Oct/2023:22:09:08 +0200] "GET /images/mini_prod/3700276265598.jpg HTTP/1.0" 404 1308 "-" "Mozilla/5.0 (X11; Ubuntu; Linux x86_64; rv:72.0) Gecko/20100101 Firefox/72.0"
157.90.182.25 - - [03/Oct/2023:22:09:11 +0200] "GET /polar-blankets-blankets-c-11_73.html?page=2 HTTP/1.0" 200 91181 "-" "Mozilla/5.0 (compatible; BLEXBot/1.0; +http://webmeup-crawler.com/)"
157.90.182.25 - - [03/Oct/2023:22:09:15 +0200] "GET /polypropylene-green-grey-outdoor-carpet-p-44048.html HTTP/1.0" 200 77381 "-" "Mozilla/5.0 (compatible; BLEXBot/1.0; +http://webmeup-crawler.com/)"
54.36.148.55 - - [03/Oct/2023:22:09:23 +0200] "GET /olives-tray-mango-wood-p-58548.html HTTP/1.0" 200 76836 "-" "Mozilla/5.0 (compatible; AhrefsBot/7.0; +http://ahrefs.com/robot/)"
66.249.66.205 - - [03/Oct/2023:22:09:24 +0200] "GET /dishes/bowls-c-13_12_60.html HTTP/1.0" 301 94820 "-" "Mozilla/5.0 (Linux; Android 6.0.1; Nexus 5X Build/MMB29P) AppleWebKit/537.36 (KHTML, like Gecko) Chrome/117.0.5938.132 Mobile Safari/537.36 (compatible; Googlebot/2.1; +http://www.google.com/bot.html)"
66.249.66.205 - - [03/Oct/2023:22:09:26 +0200] "GET /placemat-little-prince-p-56257.html HTTP/1.0" 200 76124 "-" "Mozilla/5.0 (compatible; Googlebot/2.1; +http://www.google.com/bot.html)"
66.249.66.207 - - [03/Oct/2023:22:09:28 +0200] "GET /bowls-c-60.html HTTP/1.0" 301 94542 "-" "Mozilla/5.0 (Linux; Android 6.0.1; Nexus 5X Build/MMB29P) AppleWebKit/537.36 (KHTML, like Gecko) Chrome/117.0.5938.132 Mobile Safari/537.36 (compatible; Googlebot/2.1; +http://www.google.com/bot.html)"
66.249.66.206 - - [03/Oct/2023:22:09:30 +0200] "GET /bowls-c-12_60.html HTTP/1.0" 200 94574 "-" "Mozilla/5.0 (Linux; Android 6.0.1; Nexus 5X Build/MMB29P) AppleWebKit/537.36 (KHTML, like Gecko) Chrome/117.0.5938.132 Mobile Safari/537.36 (compatible; Googlebot/2.1; +http://www.google.com/bot.html)"
54.36.148.157 - - [03/Oct/2023:22:09:33 +0200] "GET /images/big_prod/8433933251829.jpg HTTP/1.0" 200 268 "-" "Mozilla/5.0 (compatible; AhrefsBot/7.0; +http://ahrefs.com/robot/)"
157.90.182.25 - - [03/Oct/2023:22:09:36 +0200] "GET /polypropylene-grey-outdoor-carpet-p-44049.html HTTP/1.0" 200 77299 "-" "Mozilla/5.0 (compatible; BLEXBot/1.0; +http://webmeup-crawler.com/)"
157.90.182.25 - - [03/Oct/2023:22:09:41 +0200] "GET /poncho-towel-p-5729.html HTTP/1.0" 200 76215 "-" "Mozilla/5.0 (compatible; BLEXBot/1.0; +http://webmeup-crawler.com/)"
59.82.78.219 - - [03/Oct/2023:22:09:46 +0200] "GET /images/mini_prod/5601392310972.jpg HTTP/1.0" 200 269 "-" "Mozilla/5.0 (X11; Ubuntu; Linux x86_64; rv:72.0) Gecko/20100101 Firefox/72.0"
85.208.96.195 - - [03/Oct/2023:22:09:45 +0200] "GET /flower-pots-plant-accessories-c-13_275.html HTTP/1.0" 200 96050 "-" "Mozilla/5.0 (compatible; SemrushBot/7~bl; +http://www.semrush.com/bot.html)"
54.36.148.137 - - [03/Oct/2023:22:10:00 +0200] "GET /nintendo-logo-laptop-cover-p-17627.html HTTP/1.0" 200 78883 "-" "Mozilla/5.0 (compatible; AhrefsBot/7.0; +http://ahrefs.com/robot/)"
157.90.182.25 - - [03/Oct/2023:22:10:23 +0200] "GET /porcelain-with-infuser-p-48050.html HTTP/1.0" 200 76145 "-" "Mozilla/5.0 (compatible; BLEXBot/1.0; +http://webmeup-crawler.com/)"
54.36.149.52 - - [03/Oct/2023:22:10:31 +0200] "GET /stationery-cardmaking-c-129.html?page=27 HTTP/1.0" 200 96597 "-" "Mozilla/5.0 (compatible; AhrefsBot/7.0; +http://ahrefs.com/robot/)"
157.90.182.25 - - [03/Oct/2023:22:10:33 +0200] "GET /porcelain-with-infuser-p-48052.html HTTP/1.0" 200 76145 "-" "Mozilla/5.0 (compatible; BLEXBot/1.0; +http://webmeup-crawler.com/)"
157.90.182.25 - - [03/Oct/2023:22:10:40 +0200] "GET /porcelain-with-infuser-p-48054.html HTTP/1.0" 200 76145 "-" "Mozilla/5.0 (compatible; BLEXBot/1.0; +http://webmeup-crawler.com/)"
157.55.39.10 - - [03/Oct/2023:22:10:45 +0200] "GET /mugs-mazagrans-c-12_57.html?page=9 HTTP/1.0" 200 98959 "-" "Mozilla/5.0 AppleWebKit/537.36 (KHTML, like Gecko; compatible; bingbot/2.0; +http://www.bing.com/bingbot.htm) Chrome/103.0.5060.134 Safari/537.36"
157.90.182.25 - - [03/Oct/2023:22:10:47 +0200] "GET /postcard-without-envelope-tassen-p-57441.html HTTP/1.0" 200 76870 "-" "Mozilla/5.0 (compatible; BLEXBot/1.0; +http://webmeup-crawler.com/)"
157.90.182.25 - - [03/Oct/2023:22:10:54 +0200] "GET /postcard-without-envelope-tassen-p-57446.html HTTP/1.0" 200 76870 "-" "Mozilla/5.0 (compatible; BLEXBot/1.0; +http://webmeup-crawler.com/)"
157.90.182.25 - - [03/Oct/2023:22:11:00 +0200] "GET /postcard-without-envelope-tassen-p-57448.html HTTP/1.0" 200 76870 "-" "Mozilla/5.0 (compatible; BLEXBot/1.0; +http://webmeup-crawler.com/)"
157.90.182.25 - - [03/Oct/2023:22:11:05 +0200] "GET /postcard-without-envelope-tassen-p-57449.html HTTP/1.0" 200 76870 "-" "Mozilla/5.0 (compatible; BLEXBot/1.0; +http://webmeup-crawler.com/)"
157.90.182.25 - - [03/Oct/2023:22:11:09 +0200] "GET /postcard-without-envelope-tassen-p-57450.html HTTP/1.0" 200 76869 "-" "Mozilla/5.0 (compatible; BLEXBot/1.0; +http://webmeup-crawler.com/)"
54.36.148.239 - - [03/Oct/2023:22:11:12 +0200] "GET /seahorse-wooden-figurine-albasia-p-54323.html HTTP/1.0" 200 77153 "-" "Mozilla/5.0 (compatible; AhrefsBot/7.0; +http://ahrefs.com/robot/)"
103.131.71.39 - - [03/Oct/2023:22:11:15 +0200] "GET /robots.txt HTTP/1.0" 301 531 "-" "Mozilla/5.0 (compatible; coccocbot-image/1.0; +http://help.coccoc.com/searchengine)"
54.36.148.105 - - [03/Oct/2023:22:11:16 +0200] "GET /images/big_prod_2/5400924113179C.jpg HTTP/1.0" 200 271 "-" "Mozilla/5.0 (compatible; AhrefsBot/7.0; +http://ahrefs.com/robot/)"
54.36.149.76 - - [03/Oct/2023:22:11:17 +0200] "GET /images/big_prod/5400924113179.jpg HTTP/1.0" 200 268 "-" "Mozilla/5.0 (compatible; AhrefsBot/7.0; +http://ahrefs.com/robot/)"
103.131.71.39 - - [03/Oct/2023:22:11:17 +0200] "GET /robots.txt HTTP/1.0" 200 245 "-" "Mozilla/5.0 (compatible; coccocbot-image/1.0; +http://help.coccoc.com/searchengine)"
103.131.71.39 - - [03/Oct/2023:22:11:20 +0200] "GET /robots.txt HTTP/1.0" 200 245 "-" "Mozilla/5.0 (compatible; coccocbot-image/1.0; +http://help.coccoc.com/searchengine)"
157.90.182.25 - - [03/Oct/2023:22:11:19 +0200] "GET /postcard-without-envelope-tassen-p-59679.html HTTP/1.0" 200 76869 "-" "Mozilla/5.0 (compatible; BLEXBot/1.0; +http://webmeup-crawler.com/)"
103.131.71.52 - - [03/Oct/2023:22:11:22 +0200] "GET /images/pixel_trans.gif HTTP/1.0" 304 135 "-" "Mozilla/5.0 (compatible; coccocbot-image/1.0; +http://help.coccoc.com/searchengine)"
157.90.182.25 - - [03/Oct/2023:22:11:25 +0200] "GET /postcard-without-envelope-tassen-p-59680.html HTTP/1.0" 200 76869 "-" "Mozilla/5.0 (compatible; BLEXBot/1.0; +http://webmeup-crawler.com/)"
185.191.171.7 - - [03/Oct/2023:22:11:31 +0200] "GET /hanging-metal-structure-butterfly-p-46788.html HTTP/1.0" 200 73914 "-" "Mozilla/5.0 (compatible; SemrushBot/7~bl; +http://www.semrush.com/bot.html)"
157.90.182.25 - - [03/Oct/2023:22:11:33 +0200] "GET /postcard-without-envelope-tassen-p-59681.html HTTP/1.0" 200 76869 "-" "Mozilla/5.0 (compatible; BLEXBot/1.0; +http://webmeup-crawler.com/)"
157.90.182.25 - - [03/Oct/2023:22:11:39 +0200] "GET /postcard-without-envelope-tassen-p-59682.html HTTP/1.0" 200 76869 "-" "Mozilla/5.0 (compatible; BLEXBot/1.0; +http://webmeup-crawler.com/)"
54.36.148.220 - - [03/Oct/2023:22:11:41 +0200] "GET /little-buddha-collection-keychain-green-p-50245.html HTTP/1.0" 200 76265 "-" "Mozilla/5.0 (compatible; AhrefsBot/7.0; +http://ahrefs.com/robot/)"
157.90.182.25 - - [03/Oct/2023:22:11:45 +0200] "GET /postcard-without-envelope-tassen-p-60795.html HTTP/1.0" 200 77083 "-" "Mozilla/5.0 (compatible; BLEXBot/1.0; +http://webmeup-crawler.com/)"
157.90.182.25 - - [03/Oct/2023:22:11:50 +0200] "GET /postcard-without-envelope-tassen-p-60796.html HTTP/1.0" 200 77082 "-" "Mozilla/5.0 (compatible; BLEXBot/1.0; +http://webmeup-crawler.com/)"
157.90.182.25 - - [03/Oct/2023:22:11:59 +0200] "GET /postcard-without-envelope-tassen-p-60797.html HTTP/1.0" 200 76870 "-" "Mozilla/5.0 (compatible; BLEXBot/1.0; +http://webmeup-crawler.com/)"
169.233.1.13 - - [03/Oct/2023:22:12:07 +0200] "GET /images/mini_prod/4007176122563.jpg HTTP/1.0" 200 269 "-" "Mozilla/5.0 (X11; Ubuntu; Linux x86_64; rv:72.0) Gecko/20100101 Firefox/72.0"
157.55.39.58 - - [03/Oct/2023:22:12:12 +0200] "GET /images/mini_prod/8422046184643.jpg HTTP/1.0" 200 269 "-" "Mozilla/5.0 AppleWebKit/537.36 (KHTML, like Gecko; compatible; bingbot/2.0; +http://www.bing.com/bingbot.htm) Chrome/103.0.5060.134 Safari/537.36"
157.90.182.25 - - [03/Oct/2023:22:12:11 +0200] "GET /postcard-without-envelope-tassen-p-60798.html HTTP/1.0" 200 77082 "-" "Mozilla/5.0 (compatible; BLEXBot/1.0; +http://webmeup-crawler.com/)"
157.90.182.25 - - [03/Oct/2023:22:12:16 +0200] "GET /postcard-without-envelope-tassen-p-60799.html HTTP/1.0" 200 76869 "-" "Mozilla/5.0 (compatible; BLEXBot/1.0; +http://webmeup-crawler.com/)"
157.90.182.25 - - [03/Oct/2023:22:12:22 +0200] "GET /postcard-without-envelope-tassen-p-60800.html HTTP/1.0" 200 76869 "-" "Mozilla/5.0 (compatible; BLEXBot/1.0; +http://webmeup-crawler.com/)"
157.90.182.25 - - [03/Oct/2023:22:12:27 +0200] "GET /postcard-without-envelope-tassen-p-60801.html HTTP/1.0" 200 76869 "-" "Mozilla/5.0 (compatible; BLEXBot/1.0; +http://webmeup-crawler.com/)"
157.90.182.25 - - [03/Oct/2023:22:12:31 +0200] "GET /postcard-without-envelope-tassen-p-60802.html HTTP/1.0" 200 76869 "-" "Mozilla/5.0 (compatible; BLEXBot/1.0; +http://webmeup-crawler.com/)"
157.90.182.25 - - [03/Oct/2023:22:12:37 +0200] "GET /posters-stickers-wall-c-13_147.html?page=2 HTTP/1.0" 200 88617 "-" "Mozilla/5.0 (compatible; BLEXBot/1.0; +http://webmeup-crawler.com/)"
157.90.182.25 - - [03/Oct/2023:22:12:42 +0200] "GET /potholder-glove-ivory-p-54136.html HTTP/1.0" 200 76194 "-" "Mozilla/5.0 (compatible; BLEXBot/1.0; +http://webmeup-crawler.com/)"
185.191.171.14 - - [03/Oct/2023:22:12:47 +0200] "GET /small-rustic-flower-capacity-p-60407.html HTTP/1.0" 200 77090 "-" "Mozilla/5.0 (compatible; SemrushBot/7~bl; +http://www.semrush.com/bot.html)"
106.11.62.183 - - [03/Oct/2023:22:12:50 +0200] "GET /images/mini_prod/1399984235690.jpg HTTP/1.0" 200 269 "-" "Mozilla/5.0 (X11; Ubuntu; Linux x86_64; rv:72.0) Gecko/20100101 Firefox/72.0"
103.136.221.142 - - [03/Oct/2023:22:12:50 +0200] "GET /images/mini_prod/3609810013520.jpg HTTP/1.0" 200 269 "-" "Mozilla/5.0 (X11; Ubuntu; Linux x86_64; rv:72.0) Gecko/20100101 Firefox/72.0"
157.90.182.25 - - [03/Oct/2023:22:12:50 +0200] "GET /potholder-glove-p-54121.html HTTP/1.0" 200 76142 "-" "Mozilla/5.0 (compatible; BLEXBot/1.0; +http://webmeup-crawler.com/)"
157.90.182.25 - - [03/Oct/2023:22:12:57 +0200] "GET /potholder-glove-p-54123.html HTTP/1.0" 200 76142 "-" "Mozilla/5.0 (compatible; BLEXBot/1.0; +http://webmeup-crawler.com/)"
54.36.148.108 - - [03/Oct/2023:22:13:03 +0200] "GET /tropical-pouch-freedom-p-49554.html HTTP/1.0" 200 76884 "-" "Mozilla/5.0 (compatible; AhrefsBot/7.0; +http://ahrefs.com/robot/)"
157.90.182.25 - - [03/Oct/2023:22:13:04 +0200] "GET /potholder-glove-p-54124.html HTTP/1.0" 200 76142 "-" "Mozilla/5.0 (compatible; BLEXBot/1.0; +http://webmeup-crawler.com/)"
182.22.30.47 - - [03/Oct/2023:22:13:07 +0200] "GET /images/mini_prod/8712159180749.jpg HTTP/1.0" 200 269 "-" "Mozilla/5.0 (compatible; Y!J-WSC/1.0; +https://yahoo.jp/3BSZgF)"
157.90.182.25 - - [03/Oct/2023:22:13:10 +0200] "GET /potholder-glove-p-54126.html HTTP/1.0" 200 76142 "-" "Mozilla/5.0 (compatible; BLEXBot/1.0; +http://webmeup-crawler.com/)"
185.191.171.8 - - [03/Oct/2023:22:13:15 +0200] "GET /enjoy-your-life-p-40461.html HTTP/1.0" 200 76074 "-" "Mozilla/5.0 (compatible; SemrushBot/7~bl; +http://www.semrush.com/bot.html)"
157.90.182.25 - - [03/Oct/2023:22:13:18 +0200] "GET /potholder-glove-p-54130.html HTTP/1.0" 200 76142 "-" "Mozilla/5.0 (compatible; BLEXBot/1.0; +http://webmeup-crawler.com/)"
54.36.148.249 - - [03/Oct/2023:22:13:19 +0200] "GET /images/big_prod/8442649086755.jpg HTTP/1.0" 200 268 "-" "Mozilla/5.0 (compatible; AhrefsBot/7.0; +http://ahrefs.com/robot/)"
185.191.171.13 - - [03/Oct/2023:22:13:20 +0200] "GET /cinderella-rococo-figurine-p-58398.html HTTP/1.0" 200 77340 "-" "Mozilla/5.0 (compatible; SemrushBot/7~bl; +http://www.semrush.com/bot.html)"
157.90.182.25 - - [03/Oct/2023:22:13:23 +0200] "GET /potholder-glove-p-54131.html HTTP/1.0" 200 76142 "-" "Mozilla/5.0 (compatible; BLEXBot/1.0; +http://webmeup-crawler.com/)"
157.90.182.25 - - [03/Oct/2023:22:13:36 +0200] "GET /potholder-glove-p-54132.html HTTP/1.0" 200 76142 "-" "Mozilla/5.0 (compatible; BLEXBot/1.0; +http://webmeup-crawler.com/)"
85.208.96.208 - - [03/Oct/2023:22:13:41 +0200] "GET /african-woman-bust-figurine-p-53923.html HTTP/1.0" 200 76264 "-" "Mozilla/5.0 (compatible; SemrushBot/7~bl; +http://www.semrush.com/bot.html)"
157.90.182.25 - - [03/Oct/2023:22:13:45 +0200] "GET /potholder-glove-p-54133.html HTTP/1.0" 200 76142 "-" "Mozilla/5.0 (compatible; BLEXBot/1.0; +http://webmeup-crawler.com/)"
157.90.182.25 - - [03/Oct/2023:22:13:51 +0200] "GET /potholder-glove-p-54134.html HTTP/1.0" 200 76142 "-" "Mozilla/5.0 (compatible; BLEXBot/1.0; +http://webmeup-crawler.com/)"
54.36.148.30 - - [03/Oct/2023:22:13:52 +0200] "GET /mouse-cbkreation-p-20057.html HTTP/1.0" 200 76076 "-" "Mozilla/5.0 (compatible; AhrefsBot/7.0; +http://ahrefs.com/robot/)"
157.90.182.25 - - [03/Oct/2023:22:13:58 +0200] "GET /potholder-glove-p-54135.html HTTP/1.0" 200 76142 "-" "Mozilla/5.0 (compatible; BLEXBot/1.0; +http://webmeup-crawler.com/)"
157.90.182.25 - - [03/Oct/2023:22:14:03 +0200] "GET /potholder-glove-p-54137.html HTTP/1.0" 200 76142 "-" "Mozilla/5.0 (compatible; BLEXBot/1.0; +http://webmeup-crawler.com/)"
157.90.182.25 - - [03/Oct/2023:22:14:07 +0200] "GET /pots-cookie-jars-c-12_250.html?page=2 HTTP/1.0" 200 93716 "-" "Mozilla/5.0 (compatible; BLEXBot/1.0; +http://webmeup-crawler.com/)"
157.90.182.25 - - [03/Oct/2023:22:14:13 +0200] "GET /pots-cookie-jars-c-12_250.html?page=3 HTTP/1.0" 200 85990 "-" "Mozilla/5.0 (compatible; BLEXBot/1.0; +http://webmeup-crawler.com/)"
157.90.182.25 - - [03/Oct/2023:22:14:17 +0200] "GET /pouf-covered-velvet-p-59462.html HTTP/1.0" 200 77376 "-" "Mozilla/5.0 (compatible; BLEXBot/1.0; +http://webmeup-crawler.com/)"
157.90.182.25 - - [03/Oct/2023:22:14:22 +0200] "GET /pouf-covered-with-black-velvet-p-44231.html HTTP/1.0" 200 77284 "-" "Mozilla/5.0 (compatible; BLEXBot/1.0; +http://webmeup-crawler.com/)"
157.90.182.25 - - [03/Oct/2023:22:14:28 +0200] "GET /pouf-covered-with-grey-velvet-p-46355.html HTTP/1.0" 200 77806 "-" "Mozilla/5.0 (compatible; BLEXBot/1.0; +http://webmeup-crawler.com/)"
157.90.182.25 - - [03/Oct/2023:22:14:33 +0200] "GET /pouf-covered-with-light-grey-velvet-p-46354.html HTTP/1.0" 200 77657 "-" "Mozilla/5.0 (compatible; BLEXBot/1.0; +http://webmeup-crawler.com/)"
157.90.182.25 - - [03/Oct/2023:22:14:38 +0200] "GET /pouf-covered-with-light-grey-velvet-p-59461.html HTTP/1.0" 200 77656 "-" "Mozilla/5.0 (compatible; BLEXBot/1.0; +http://webmeup-crawler.com/)"
54.36.149.23 - - [03/Oct/2023:22:14:38 +0200] "GET /bolster-case-p-36450.html HTTP/1.0" 200 76337 "-" "Mozilla/5.0 (compatible; AhrefsBot/7.0; +http://ahrefs.com/robot/)"
157.90.182.25 - - [03/Oct/2023:22:14:43 +0200] "GET /pouf-mappemonde-trunks-p-56780.html HTTP/1.0" 200 77103 "-" "Mozilla/5.0 (compatible; BLEXBot/1.0; +http://webmeup-crawler.com/)"
157.90.182.25 - - [03/Oct/2023:22:14:48 +0200] "GET /prince-persia-shirt-p-29595.html HTTP/1.0" 200 77564 "-" "Mozilla/5.0 (compatible; BLEXBot/1.0; +http://webmeup-crawler.com/)"
157.90.182.25 - - [03/Oct/2023:22:14:53 +0200] "GET /princess-disney-pink-swimsuit-p-30310.html HTTP/1.0" 200 77613 "-" "Mozilla/5.0 (compatible; BLEXBot/1.0; +http://webmeup-crawler.com/)"
157.90.182.25 - - [03/Oct/2023:22:14:58 +0200] "GET /princess-sofia-chair-p-28198.html HTTP/1.0" 200 76118 "-" "Mozilla/5.0 (compatible; BLEXBot/1.0; +http://webmeup-crawler.com/)"
157.90.182.25 - - [03/Oct/2023:22:15:04 +0200] "GET /princess-sofia-storage-cupboard-p-28200.html HTTP/1.0" 200 76237 "-" "Mozilla/5.0 (compatible; BLEXBot/1.0; +http://webmeup-crawler.com/)"
157.90.182.25 - - [03/Oct/2023:22:15:10 +0200] "GET /princesse-sofia-book-figure-p-23410.html HTTP/1.0" 200 76332 "-" "Mozilla/5.0 (compatible; BLEXBot/1.0; +http://webmeup-crawler.com/)"
157.90.182.25 - - [03/Oct/2023:22:15:16 +0200] "GET /printed-plexiglas-mirrors-vehicle-vintage-p-33374.html HTTP/1.0" 200 76314 "-" "Mozilla/5.0 (compatible; BLEXBot/1.0; +http://webmeup-crawler.com/)"
54.36.149.18 - - [03/Oct/2023:22:15:17 +0200] "GET /bohemian-yellow-stoneware-trimmed-planter-p-58094.html HTTP/1.0" 200 76970 "-" "Mozilla/5.0 (compatible; AhrefsBot/7.0; +http://ahrefs.com/robot/)"
157.90.182.25 - - [03/Oct/2023:22:15:21 +0200] "GET /products_new.php?page=2 HTTP/1.0" 200 95861 "-" "Mozilla/5.0 (compatible; BLEXBot/1.0; +http://webmeup-crawler.com/)"
157.90.182.25 - - [03/Oct/2023:22:15:27 +0200] "GET /products_new.php?page=3 HTTP/1.0" 200 95522 "-" "Mozilla/5.0 (compatible; BLEXBot/1.0; +http://webmeup-crawler.com/)"
54.36.149.25 - - [03/Oct/2023:22:15:34 +0200] "GET /images/big_prod/8422018289611A.jpg HTTP/1.0" 200 269 "-" "Mozilla/5.0 (compatible; AhrefsBot/7.0; +http://ahrefs.com/robot/)"
157.90.182.25 - - [03/Oct/2023:22:15:33 +0200] "GET /products_new.php?page=4 HTTP/1.0" 200 95946 "-" "Mozilla/5.0 (compatible; BLEXBot/1.0; +http://webmeup-crawler.com/)"
54.36.149.39 - - [03/Oct/2023:22:15:36 +0200] "GET /images/big_prod_1/8422018289611B.jpg HTTP/1.0" 200 271 "-" "Mozilla/5.0 (compatible; AhrefsBot/7.0; +http://ahrefs.com/robot/)"
157.90.182.25 - - [03/Oct/2023:22:15:39 +0200] "GET /products_new.php?page=5 HTTP/1.0" 200 95556 "-" "Mozilla/5.0 (compatible; BLEXBot/1.0; +http://webmeup-crawler.com/)"
157.90.182.25 - - [03/Oct/2023:22:15:44 +0200] "GET /products_new.php?page=6 HTTP/1.0" 200 85184 "-" "Mozilla/5.0 (compatible; BLEXBot/1.0; +http://webmeup-crawler.com/)"
157.90.182.25 - - [03/Oct/2023:22:15:49 +0200] "GET /protective-bamboo-pillow-cover-p-43574.html HTTP/1.0" 200 76320 "-" "Mozilla/5.0 (compatible; BLEXBot/1.0; +http://webmeup-crawler.com/)"
54.36.148.146 - - [03/Oct/2023:22:15:57 +0200] "GET /black-white-waves-p-50770.html HTTP/1.0" 200 77232 "-" "Mozilla/5.0 (compatible; AhrefsBot/7.0; +http://ahrefs.com/robot/)"
157.90.182.25 - - [03/Oct/2023:22:15:57 +0200] "GET /protective-cover-cotton-fleece-p-39152.html HTTP/1.0" 200 76976 "-" "Mozilla/5.0 (compatible; BLEXBot/1.0; +http://webmeup-crawler.com/)"
54.36.148.101 - - [03/Oct/2023:22:16:02 +0200] "GET /images/big_prod_2/4260082936444a.jpg HTTP/1.0" 200 271 "-" "Mozilla/5.0 (compatible; AhrefsBot/7.0; +http://ahrefs.com/robot/)"
54.36.149.39 - - [03/Oct/2023:22:16:03 +0200] "GET /images/big_prod/4260082936444.jpg HTTP/1.0" 200 268 "-" "Mozilla/5.0 (compatible; AhrefsBot/7.0; +http://ahrefs.com/robot/)"
54.36.148.14 - - [03/Oct/2023:22:16:03 +0200] "GET /images/big_prod_1/4260082936420.jpg HTTP/1.0" 200 270 "-" "Mozilla/5.0 (compatible; AhrefsBot/7.0; +http://ahrefs.com/robot/)"
157.90.182.25 - - [03/Oct/2023:22:16:03 +0200] "GET /protective-cover-cotton-fleece-p-53660.html HTTP/1.0" 200 76330 "-" "Mozilla/5.0 (compatible; BLEXBot/1.0; +http://webmeup-crawler.com/)"
157.90.182.25 - - [03/Oct/2023:22:16:09 +0200] "GET /protective-cover-cotton-fleece-p-53954.html HTTP/1.0" 200 76324 "-" "Mozilla/5.0 (compatible; BLEXBot/1.0; +http://webmeup-crawler.com/)"
47.128.63.110 - - [03/Oct/2023:22:16:15 +0200] "GET /images/big_prod/4029811354597.jpg HTTP/1.0" 200 268 "-" "Mozilla/5.0 (Linux; Android 5.0) AppleWebKit/537.36 (KHTML, like Gecko) Mobile Safari/537.36 (compatible; Bytespider; spider-feedback@bytedance.com)"
157.90.182.25 - - [03/Oct/2023:22:16:14 +0200] "GET /protective-fleece-pillow-cover-p-39150.html HTTP/1.0" 200 77167 "-" "Mozilla/5.0 (compatible; BLEXBot/1.0; +http://webmeup-crawler.com/)"
157.90.182.25 - - [03/Oct/2023:22:16:19 +0200] "GET /protective-fleece-pillow-cover-p-39151.html HTTP/1.0" 200 76936 "-" "Mozilla/5.0 (compatible; BLEXBot/1.0; +http://webmeup-crawler.com/)"
157.90.182.25 - - [03/Oct/2023:22:16:24 +0200] "GET /protects-mattress-fleece-cotton-p-39147.html HTTP/1.0" 200 76928 "-" "Mozilla/5.0 (compatible; BLEXBot/1.0; +http://webmeup-crawler.com/)"
157.90.182.25 - - [03/Oct/2023:22:16:28 +0200] "GET /protects-mattress-fleece-cotton-p-39148.html HTTP/1.0" 200 76939 "-" "Mozilla/5.0 (compatible; BLEXBot/1.0; +http://webmeup-crawler.com/)"
54.36.148.127 - - [03/Oct/2023:22:16:30 +0200] "GET /gray-gold-cement-flower-cover-p-58288.html HTTP/1.0" 200 76923 "-" "Mozilla/5.0 (compatible; AhrefsBot/7.0; +http://ahrefs.com/robot/)"
157.90.182.25 - - [03/Oct/2023:22:16:33 +0200] "GET /protects-mattress-fleece-cotton-p-39149.html HTTP/1.0" 200 77175 "-" "Mozilla/5.0 (compatible; BLEXBot/1.0; +http://webmeup-crawler.com/)"
157.90.182.25 - - [03/Oct/2023:22:16:38 +0200] "GET /protects-mattress-fleece-cotton-p-43570.html HTTP/1.0" 200 76291 "-" "Mozilla/5.0 (compatible; BLEXBot/1.0; +http://webmeup-crawler.com/)"
157.55.39.58 - - [03/Oct/2023:22:16:39 +0200] "GET /mugs-mazagrans-c-12_57.html?page=14 HTTP/1.0" 200 100246 "-" "Mozilla/5.0 AppleWebKit/537.36 (KHTML, like Gecko; compatible; bingbot/2.0; +http://www.bing.com/bingbot.htm) Chrome/103.0.5060.134 Safari/537.36"
54.36.148.213 - - [03/Oct/2023:22:16:43 +0200] "GET /images/big_prod_1/8718317848070B.jpg HTTP/1.0" 200 271 "-" "Mozilla/5.0 (compatible; AhrefsBot/7.0; +http://ahrefs.com/robot/)"
157.90.182.25 - - [03/Oct/2023:22:16:43 +0200] "GET /protects-mattress-fleece-cotton-p-54902.html HTTP/1.0" 200 76304 "-" "Mozilla/5.0 (compatible; BLEXBot/1.0; +http://webmeup-crawler.com/)"
157.90.182.25 - - [03/Oct/2023:22:16:49 +0200] "GET /protects-mattress-fleece-p-52145.html HTTP/1.0" 200 76446 "-" "Mozilla/5.0 (compatible; BLEXBot/1.0; +http://webmeup-crawler.com/)"
157.90.182.25 - - [03/Oct/2023:22:16:53 +0200] "GET /protects-plastic-mattress-p-36798.html HTTP/1.0" 200 76317 "-" "Mozilla/5.0 (compatible; BLEXBot/1.0; +http://webmeup-crawler.com/)"
185.191.171.19 - - [03/Oct/2023:22:16:54 +0200] "GET /resin-photo-frame-little-prince-p-47068.html HTTP/1.0" 200 76287 "-" "Mozilla/5.0 (compatible; SemrushBot/7~bl; +http://www.semrush.com/bot.html)"
157.90.182.25 - - [03/Oct/2023:22:16:58 +0200] "GET /protects-plastic-mattress-p-36799.html HTTP/1.0" 200 76316 "-" "Mozilla/5.0 (compatible; BLEXBot/1.0; +http://webmeup-crawler.com/)"
185.191.171.4 - - [03/Oct/2023:22:17:03 +0200] "GET /facing-cotton-towel-p-59818.html HTTP/1.0" 200 77457 "-" "Mozilla/5.0 (compatible; SemrushBot/7~bl; +http://www.semrush.com/bot.html)"
157.90.182.25 - - [03/Oct/2023:22:17:03 +0200] "GET /protects-plastic-mattress-p-36800.html HTTP/1.0" 200 76310 "-" "Mozilla/5.0 (compatible; BLEXBot/1.0; +http://webmeup-crawler.com/)"
157.90.182.25 - - [03/Oct/2023:22:17:08 +0200] "GET /protects-plastic-mattress-p-39028.html HTTP/1.0" 200 76891 "-" "Mozilla/5.0 (compatible; BLEXBot/1.0; +http://webmeup-crawler.com/)"
54.36.148.128 - - [03/Oct/2023:22:17:10 +0200] "GET /adult-cotton-apron-manoir-collection-p-39043.html HTTP/1.0" 200 76213 "-" "Mozilla/5.0 (compatible; AhrefsBot/7.0; +http://ahrefs.com/robot/)"
157.90.182.25 - - [03/Oct/2023:22:17:18 +0200] "GET /protects-plastic-mattress-p-44346.html HTTP/1.0" 200 76264 "-" "Mozilla/5.0 (compatible; BLEXBot/1.0; +http://webmeup-crawler.com/)"
157.90.182.25 - - [03/Oct/2023:22:17:24 +0200] "GET /protects-plastic-mattress-p-47773.html HTTP/1.0" 200 76304 "-" "Mozilla/5.0 (compatible; BLEXBot/1.0; +http://webmeup-crawler.com/)"
106.11.62.109 - - [03/Oct/2023:22:17:29 +0200] "GET /images/mini_prod/1384010183595.jpg HTTP/1.0" 200 269 "-" "Mozilla/5.0 (X11; Ubuntu; Linux x86_64; rv:72.0) Gecko/20100101 Firefox/72.0"
157.90.182.25 - - [03/Oct/2023:22:17:29 +0200] "GET /protects-plastic-mattress-p-55453.html HTTP/1.0" 200 76304 "-" "Mozilla/5.0 (compatible; BLEXBot/1.0; +http://webmeup-crawler.com/)"
157.90.182.25 - - [03/Oct/2023:22:17:39 +0200] "GET /provencal-arabesques-carpet-p-48573.html HTTP/1.0" 200 77050 "-" "Mozilla/5.0 (compatible; BLEXBot/1.0; +http://webmeup-crawler.com/)"
157.90.182.25 - - [03/Oct/2023:22:17:45 +0200] "GET /provencal-arabesques-carpet-p-48574.html HTTP/1.0" 200 77260 "-" "Mozilla/5.0 (compatible; BLEXBot/1.0; +http://webmeup-crawler.com/)"
157.90.182.25 - - [03/Oct/2023:22:17:49 +0200] "GET /provencal-arabesques-carpet-p-48575.html HTTP/1.0" 200 77272 "-" "Mozilla/5.0 (compatible; BLEXBot/1.0; +http://webmeup-crawler.com/)"
157.90.182.25 - - [03/Oct/2023:22:17:54 +0200] "GET /provence-bath-soap-dish-p-44567.html HTTP/1.0" 200 76142 "-" "Mozilla/5.0 (compatible; BLEXBot/1.0; +http://webmeup-crawler.com/)"
54.36.148.199 - - [03/Oct/2023:22:18:01 +0200] "GET /amys-cats-espresso-p-57308.html HTTP/1.0" 200 77181 "-" "Mozilla/5.0 (compatible; AhrefsBot/7.0; +http://ahrefs.com/robot/)"
157.90.182.25 - - [03/Oct/2023:22:18:03 +0200] "GET /provence-lavender-salt-pepper-shaker-p-30683.html HTTP/1.0" 200 76378 "-" "Mozilla/5.0 (compatible; BLEXBot/1.0; +http://webmeup-crawler.com/)"
54.36.148.124 - - [03/Oct/2023:22:18:08 +0200] "GET /images/big_prod_1/3700572763774B.jpg HTTP/1.0" 200 271 "-" "Mozilla/5.0 (compatible; AhrefsBot/7.0; +http://ahrefs.com/robot/)"
157.90.182.25 - - [03/Oct/2023:22:18:07 +0200] "GET /provence-little-tray-p-44549.html HTTP/1.0" 200 76215 "-" "Mozilla/5.0 (compatible; BLEXBot/1.0; +http://webmeup-crawler.com/)"
54.36.149.72 - - [03/Oct/2023:22:18:11 +0200] "GET /images/big_prod/3700572763774.jpg HTTP/1.0" 200 268 "-" "Mozilla/5.0 (compatible; AhrefsBot/7.0; +http://ahrefs.com/robot/)"
54.36.148.240 - - [03/Oct/2023:22:18:13 +0200] "GET /images/big_prod_3/3700572763774D.jpg HTTP/1.0" 200 271 "-" "Mozilla/5.0 (compatible; AhrefsBot/7.0; +http://ahrefs.com/robot/)"
157.90.182.25 - - [03/Oct/2023:22:18:12 +0200] "GET /provence-little-tray-p-51672.html HTTP/1.0" 200 76214 "-" "Mozilla/5.0 (compatible; BLEXBot/1.0; +http://webmeup-crawler.com/)"
157.90.182.25 - - [03/Oct/2023:22:18:17 +0200] "GET /provence-magnetic-corkscrew-p-44554.html HTTP/1.0" 200 76250 "-" "Mozilla/5.0 (compatible; BLEXBot/1.0; +http://webmeup-crawler.com/)"
157.90.182.25 - - [03/Oct/2023:22:18:22 +0200] "GET /provence-marseille-soapdish-p-36613.html HTTP/1.0" 200 76802 "-" "Mozilla/5.0 (compatible; BLEXBot/1.0; +http://webmeup-crawler.com/)"
85.208.96.211 - - [03/Oct/2023:22:18:23 +0200] "GET /meditation-yoga-cushions-c-11_71_317.html HTTP/1.0" 200 91535 "-" "Mozilla/5.0 (compatible; SemrushBot/7~bl; +http://www.semrush.com/bot.html)"
216.244.66.242 - - [03/Oct/2023:22:18:28 +0200] "GET /-p-20600.html HTTP/1.0" 200 73770 "-" "Mozilla/5.0 (compatible; DotBot/1.2; +https://opensiteexplorer.org/dotbot; help@moz.com)"
157.90.182.25 - - [03/Oct/2023:22:18:28 +0200] "GET /provence-metal-plate-p-47634.html HTTP/1.0" 200 76125 "-" "Mozilla/5.0 (compatible; BLEXBot/1.0; +http://webmeup-crawler.com/)"
157.90.182.25 - - [03/Oct/2023:22:18:32 +0200] "GET /provence-metal-plate-p-47635.html HTTP/1.0" 200 76125 "-" "Mozilla/5.0 (compatible; BLEXBot/1.0; +http://webmeup-crawler.com/)"
157.90.182.25 - - [03/Oct/2023:22:18:37 +0200] "GET /provence-opener-p-44555.html HTTP/1.0" 200 76128 "-" "Mozilla/5.0 (compatible; BLEXBot/1.0; +http://webmeup-crawler.com/)"
216.244.66.242 - - [03/Oct/2023:22:18:37 +0200] "GET /aprons-c-13_11_74.html HTTP/1.0" 200 94885 "-" "Mozilla/5.0 (compatible; DotBot/1.2; +https://opensiteexplorer.org/dotbot; help@moz.com)"
54.36.149.69 - - [03/Oct/2023:22:18:37 +0200] "GET /japanese-style-cast-iron-teapot-liter-p-59207.html HTTP/1.0" 200 77713 "-" "Mozilla/5.0 (compatible; AhrefsBot/7.0; +http://ahrefs.com/robot/)"
54.36.149.7 - - [03/Oct/2023:22:18:42 +0200] "GET /images/big_prod_2/8433933277492D.jpg HTTP/1.0" 200 271 "-" "Mozilla/5.0 (compatible; AhrefsBot/7.0; +http://ahrefs.com/robot/)"
54.36.148.213 - - [03/Oct/2023:22:18:44 +0200] "GET /images/big_prod/8433933277492.jpg HTTP/1.0" 200 268 "-" "Mozilla/5.0 (compatible; AhrefsBot/7.0; +http://ahrefs.com/robot/)"
157.90.182.25 - - [03/Oct/2023:22:18:43 +0200] "GET /provence-retro-tray-p-17265.html HTTP/1.0" 200 76137 "-" "Mozilla/5.0 (compatible; BLEXBot/1.0; +http://webmeup-crawler.com/)"
157.90.182.25 - - [03/Oct/2023:22:18:48 +0200] "GET /provence-soap-dish-p-44566.html HTTP/1.0" 200 76104 "-" "Mozilla/5.0 (compatible; BLEXBot/1.0; +http://webmeup-crawler.com/)"
216.244.66.242 - - [03/Oct/2023:22:18:48 +0200] "GET /burlap-round-table-corsica-p-58050.html HTTP/1.0" 200 76767 "-" "Mozilla/5.0 (compatible; DotBot/1.2; +https://opensiteexplorer.org/dotbot; help@moz.com)"
157.90.182.25 - - [03/Oct/2023:22:18:53 +0200] "GET /provence-soap-dish-p-51393.html HTTP/1.0" 200 76115 "-" "Mozilla/5.0 (compatible; BLEXBot/1.0; +http://webmeup-crawler.com/)"
157.90.182.25 - - [03/Oct/2023:22:18:57 +0200] "GET /provence-soap-dish-p-51394.html HTTP/1.0" 200 76116 "-" "Mozilla/5.0 (compatible; BLEXBot/1.0; +http://webmeup-crawler.com/)"
216.244.66.242 - - [03/Oct/2023:22:19:00 +0200] "GET /ethnic-style-burlap-table-p-48449.html HTTP/1.0" 200 76713 "-" "Mozilla/5.0 (compatible; DotBot/1.2; +https://opensiteexplorer.org/dotbot; help@moz.com)"
157.90.182.25 - - [03/Oct/2023:22:19:01 +0200] "GET /provence-soap-marseille-soap-p-39423.html HTTP/1.0" 200 76506 "-" "Mozilla/5.0 (compatible; BLEXBot/1.0; +http://webmeup-crawler.com/)"
54.36.148.98 - - [03/Oct/2023:22:19:06 +0200] "GET /images/big_prod_1/8433933277492C.jpg HTTP/1.0" 200 271 "-" "Mozilla/5.0 (compatible; AhrefsBot/7.0; +http://ahrefs.com/robot/)"
157.90.182.25 - - [03/Oct/2023:22:19:06 +0200] "GET /provence-soap-marseille-soap-p-39424.html HTTP/1.0" 200 76506 "-" "Mozilla/5.0 (compatible; BLEXBot/1.0; +http://webmeup-crawler.com/)"
216.244.66.242 - - [03/Oct/2023:22:19:10 +0200] "GET /large-bowl-p-53015.html HTTP/1.0" 200 75992 "-" "Mozilla/5.0 (compatible; DotBot/1.2; +https://opensiteexplorer.org/dotbot; help@moz.com)"
157.90.182.25 - - [03/Oct/2023:22:19:10 +0200] "GET /provence-tray-p-45513.html HTTP/1.0" 200 76205 "-" "Mozilla/5.0 (compatible; BLEXBot/1.0; +http://webmeup-crawler.com/)"
157.90.182.25 - - [03/Oct/2023:22:19:15 +0200] "GET /pucca-black-triangular-pencil-case-p-20088.html HTTP/1.0" 200 76353 "-" "Mozilla/5.0 (compatible; BLEXBot/1.0; +http://webmeup-crawler.com/)"
