157.90.182.25 - - [03/Oct/2023:18:31:22 +0200] "GET /cookware-yellow-p-41841.html HTTP/1.0" 200 76105 "-" "Mozilla/5.0 (compatible; BLEXBot/1.0; +http://webmeup-crawler.com/)"
54.36.149.40 - - [03/Oct/2023:18:31:30 +0200] "GET /images/big_prod_2/8424346518395D.jpg HTTP/1.0" 200 271 "-" "Mozilla/5.0 (compatible; AhrefsBot/7.0; +http://ahrefs.com/robot/)"
157.90.182.25 - - [03/Oct/2023:18:31:29 +0200] "GET /copains-abord-bottle-stoppers-p-39486.html HTTP/1.0" 200 76250 "-" "Mozilla/5.0 (compatible; BLEXBot/1.0; +http://webmeup-crawler.com/)"
157.90.182.25 - - [03/Oct/2023:18:31:34 +0200] "GET /copains-abord-side-table-p-56624.html HTTP/1.0" 200 77001 "-" "Mozilla/5.0 (compatible; BLEXBot/1.0; +http://webmeup-crawler.com/)"
54.36.148.192 - - [03/Oct/2023:18:31:36 +0200] "GET /images/big_prod_1/8424346518395C.jpg HTTP/1.0" 200 271 "-" "Mozilla/5.0 (compatible; AhrefsBot/7.0; +http://ahrefs.com/robot/)"
216.244.66.242 - - [03/Oct/2023:18:31:36 +0200] "GET /paris-romance-small-lamp-p-35755.html HTTP/1.0" 200 73856 "-" "Mozilla/5.0 (compatible; DotBot/1.2; +https://opensiteexplorer.org/dotbot; help@moz.com)"
157.90.182.25 - - [03/Oct/2023:18:31:41 +0200] "GET /copper-plate-with-flower-life-design-p-46284.html HTTP/1.0" 200 77336 "-" "Mozilla/5.0 (compatible; BLEXBot/1.0; +http://webmeup-crawler.com/)"
157.90.182.25 - - [03/Oct/2023:18:31:47 +0200] "GET /corby-puppy-rachael-hale-poster-p-25822.html HTTP/1.0" 200 76187 "-" "Mozilla/5.0 (compatible; BLEXBot/1.0; +http://webmeup-crawler.com/)"
216.244.66.242 - - [03/Oct/2023:18:31:49 +0200] "GET /route-66-us-small-lamp-p-29403.html HTTP/1.0" 301 76373 "-" "Mozilla/5.0 (compatible; DotBot/1.2; +https://opensiteexplorer.org/dotbot; help@moz.com)"
157.90.182.25 - - [03/Oct/2023:18:31:52 +0200] "GET /corduroy-charcoal-basket-p-59640.html HTTP/1.0" 200 77014 "-" "Mozilla/5.0 (compatible; BLEXBot/1.0; +http://webmeup-crawler.com/)"
17.22.245.125 - - [03/Oct/2023:18:31:59 +0200] "GET /highslide/highslide.js HTTP/1.0" 200 262 "http://www.wonder-geek.com/decorative-earth-globes-c-13_233.html" "Mozilla/5.0 (Macintosh; Intel Mac OS X 10_15_5) AppleWebKit/605.1.15 (KHTML, like Gecko) Version/13.1.1 Safari/605.1.15 (Applebot/0.1; +http://www.apple.com/go/applebot)"
17.22.245.71 - - [03/Oct/2023:18:32:00 +0200] "GET /js/jquery.jqzoom.js HTTP/1.0" 200 259 "http://www.wonder-geek.com/decorative-earth-globes-c-13_233.html" "Mozilla/5.0 (Macintosh; Intel Mac OS X 10_15_5) AppleWebKit/605.1.15 (KHTML, like Gecko) Version/13.1.1 Safari/605.1.15 (Applebot/0.1; +http://www.apple.com/go/applebot)"
17.22.253.124 - - [03/Oct/2023:18:32:00 +0200] "GET /mondial_relay/js/jquery-1.3.2.min.js HTTP/1.0" 200 276 "http://www.wonder-geek.com/decorative-earth-globes-c-13_233.html" "Mozilla/5.0 (Macintosh; Intel Mac OS X 10_15_5) AppleWebKit/605.1.15 (KHTML, like Gecko) Version/13.1.1 Safari/605.1.15 (Applebot/0.1; +http://www.apple.com/go/applebot)"
157.90.182.25 - - [03/Oct/2023:18:31:59 +0200] "GET /cork-stainless-steel-flask-p-59102.html HTTP/1.0" 200 76773 "-" "Mozilla/5.0 (compatible; BLEXBot/1.0; +http://webmeup-crawler.com/)"
17.22.253.186 - - [03/Oct/2023:18:32:01 +0200] "GET /js/jquery.js HTTP/1.0" 200 252 "http://www.wonder-geek.com/decorative-earth-globes-c-13_233.html" "Mozilla/5.0 (Macintosh; Intel Mac OS X 10_15_5) AppleWebKit/605.1.15 (KHTML, like Gecko) Version/13.1.1 Safari/605.1.15 (Applebot/0.1; +http://www.apple.com/go/applebot)"
17.22.253.173 - - [03/Oct/2023:18:32:01 +0200] "GET /js/jquery.masonry.min.js HTTP/1.0" 200 264 "http://www.wonder-geek.com/decorative-earth-globes-c-13_233.html" "Mozilla/5.0 (Macintosh; Intel Mac OS X 10_15_5) AppleWebKit/605.1.15 (KHTML, like Gecko) Version/13.1.1 Safari/605.1.15 (Applebot/0.1; +http://www.apple.com/go/applebot)"
216.244.66.242 - - [03/Oct/2023:18:32:00 +0200] "GET /skull-money-resin-gold-p-41715.html HTTP/1.0" 301 73837 "-" "Mozilla/5.0 (compatible; DotBot/1.2; +https://opensiteexplorer.org/dotbot; help@moz.com)"
17.22.245.96 - - [03/Oct/2023:18:32:02 +0200] "GET /js/modernizr-transitions.js HTTP/1.0" 200 267 "http://www.wonder-geek.com/decorative-earth-globes-c-13_233.html" "Mozilla/5.0 (Macintosh; Intel Mac OS X 10_15_5) AppleWebKit/605.1.15 (KHTML, like Gecko) Version/13.1.1 Safari/605.1.15 (Applebot/0.1; +http://www.apple.com/go/applebot)"
54.36.148.179 - - [03/Oct/2023:18:32:01 +0200] "GET /black-shell-galaxy-note-with-personalized-picture-p-16352.html HTTP/1.0" 200 76932 "-" "Mozilla/5.0 (compatible; AhrefsBot/7.0; +http://ahrefs.com/robot/)"
157.90.182.25 - - [03/Oct/2023:18:32:05 +0200] "GET /corkscrew-bottle-opener-sommelier-c-12_213.html?page=2 HTTP/1.0" 200 94094 "-" "Mozilla/5.0 (compatible; BLEXBot/1.0; +http://webmeup-crawler.com/)"
157.55.39.10 - - [03/Oct/2023:18:32:09 +0200] "GET /musical-c-13_150_149.html HTTP/1.0" 200 94692 "-" "Mozilla/5.0 AppleWebKit/537.36 (KHTML, like Gecko; compatible; bingbot/2.0; +http://www.bing.com/bingbot.htm) Chrome/103.0.5060.134 Safari/537.36"
216.244.66.242 - - [03/Oct/2023:18:32:11 +0200] "GET /tree-white-stained-wood-p-46048.html HTTP/1.0" 301 73837 "-" "Mozilla/5.0 (compatible; DotBot/1.2; +https://opensiteexplorer.org/dotbot; help@moz.com)"
157.90.182.25 - - [03/Oct/2023:18:32:11 +0200] "GET /corse-adult-p-29936.html HTTP/1.0" 200 76110 "-" "Mozilla/5.0 (compatible; BLEXBot/1.0; +http://webmeup-crawler.com/)"
157.90.182.25 - - [03/Oct/2023:18:32:18 +0200] "GET /corse-little-tray-p-29479.html HTTP/1.0" 200 76136 "-" "Mozilla/5.0 (compatible; BLEXBot/1.0; +http://webmeup-crawler.com/)"
216.244.66.242 - - [03/Oct/2023:18:32:22 +0200] "GET /zippo-leather-wash-bag-p-49117.html HTTP/1.0" 301 77054 "-" "Mozilla/5.0 (compatible; DotBot/1.2; +https://opensiteexplorer.org/dotbot; help@moz.com)"
157.90.182.25 - - [03/Oct/2023:18:32:24 +0200] "GET /corsica-cbkreation-p-60985.html HTTP/1.0" 200 76743 "-" "Mozilla/5.0 (compatible; BLEXBot/1.0; +http://webmeup-crawler.com/)"
157.90.182.25 - - [03/Oct/2023:18:32:30 +0200] "GET /corsica-coasters-p-59517.html HTTP/1.0" 200 76677 "-" "Mozilla/5.0 (compatible; BLEXBot/1.0; +http://webmeup-crawler.com/)"
216.244.66.242 - - [03/Oct/2023:18:32:31 +0200] "GET /american-diner-small-steel-fridge-magnets-p-38441.html HTTP/1.0" 301 73837 "-" "Mozilla/5.0 (compatible; DotBot/1.2; +https://opensiteexplorer.org/dotbot; help@moz.com)"
157.90.182.25 - - [03/Oct/2023:18:32:36 +0200] "GET /corsica-cotton-pouch-p-47656.html HTTP/1.0" 200 76772 "-" "Mozilla/5.0 (compatible; BLEXBot/1.0; +http://webmeup-crawler.com/)"
216.244.66.242 - - [03/Oct/2023:18:32:40 +0200] "GET /beautiful-babushka-kimmidoll-yellow-keyring-p-33228.html HTTP/1.0" 301 73837 "-" "Mozilla/5.0 (compatible; DotBot/1.2; +https://opensiteexplorer.org/dotbot; help@moz.com)"
157.90.182.25 - - [03/Oct/2023:18:32:45 +0200] "GET /corsica-espresso-p-57146.html HTTP/1.0" 200 76715 "-" "Mozilla/5.0 (compatible; BLEXBot/1.0; +http://webmeup-crawler.com/)"
216.244.66.242 - - [03/Oct/2023:18:32:50 +0200] "GET /california-black-shoulder-bag-p-37101.html HTTP/1.0" 301 76764 "-" "Mozilla/5.0 (compatible; DotBot/1.2; +https://opensiteexplorer.org/dotbot; help@moz.com)"
157.90.182.25 - - [03/Oct/2023:18:32:51 +0200] "GET /corsica-little-tray-p-49742.html HTTP/1.0" 200 76233 "-" "Mozilla/5.0 (compatible; BLEXBot/1.0; +http://webmeup-crawler.com/)"
157.90.182.25 - - [03/Oct/2023:18:32:57 +0200] "GET /corsica-logo-adult-cbkration-p-36539.html HTTP/1.0" 200 76281 "-" "Mozilla/5.0 (compatible; BLEXBot/1.0; +http://webmeup-crawler.com/)"
216.244.66.242 - - [03/Oct/2023:18:32:59 +0200] "GET /cats-love-beige-adult-apron-p-35149.html HTTP/1.0" 301 73837 "-" "Mozilla/5.0 (compatible; DotBot/1.2; +https://opensiteexplorer.org/dotbot; help@moz.com)"
157.55.39.9 - - [03/Oct/2023:18:33:01 +0200] "GET /alarms-clocks-c-13_65.html?page=4 HTTP/1.0" 200 82763 "-" "Mozilla/5.0 AppleWebKit/537.36 (KHTML, like Gecko; compatible; bingbot/2.0; +http://www.bing.com/bingbot.htm) Chrome/103.0.5060.134 Safari/537.36"
157.90.182.25 - - [03/Oct/2023:18:33:02 +0200] "GET /corsica-metal-plate-p-52505.html HTTP/1.0" 200 76093 "-" "Mozilla/5.0 (compatible; BLEXBot/1.0; +http://webmeup-crawler.com/)"
185.191.171.7 - - [03/Oct/2023:18:33:02 +0200] "GET /-p-51114.html HTTP/1.0" 200 73770 "-" "Mozilla/5.0 (compatible; SemrushBot/7~bl; +http://www.semrush.com/bot.html)"
54.36.148.5 - - [03/Oct/2023:18:33:02 +0200] "GET /guam-cotton-basket-p-57901.html HTTP/1.0" 200 76744 "-" "Mozilla/5.0 (compatible; AhrefsBot/7.0; +http://ahrefs.com/robot/)"
51.68.224.127 - - [03/Oct/2023:18:33:05 +0200] "GET /adminweb/export_orders_xml.php?token=256de2z6edz6ed2z6DFSFsed2zed6zeDSFDSGdzedezfzf&maxorders=10&orderstart=1&status=14&start_date=2018-10-01 HTTP/1.0" 200 285 "-" "GesCom CharlotteBoutik Serveur"
51.68.224.127 - - [03/Oct/2023:18:33:05 +0200] "GET /adminweb/export_orders_xml.php?token=256de2z6edz6ed2z6DFSFsed2zed6zeDSFDSGdzedezfzf&maxorders=10&orderstart=1&status=6&start_date=2018-10-01 HTTP/1.0" 200 33939 "-" "GesCom CharlotteBoutik Serveur"
40.77.167.81 - - [03/Oct/2023:18:33:07 +0200] "GET /images/4029811281732.jpg HTTP/1.0" 200 259 "-" "Mozilla/5.0 (Windows NT 6.1; WOW64) AppleWebKit/534+ (KHTML, like Gecko) BingPreview/1.0b"
182.22.30.27 - - [03/Oct/2023:18:33:07 +0200] "GET /images/mini_prod/8445146097996.jpg HTTP/1.0" 200 269 "-" "Mozilla/5.0 (compatible; Y!J-WSC/1.0; +https://yahoo.jp/3BSZgF)"
216.244.66.242 - - [03/Oct/2023:18:33:07 +0200] "GET /deco-cane-with-knob-wooden-brass-compass-p-41452.html HTTP/1.0" 301 73837 "-" "Mozilla/5.0 (compatible; DotBot/1.2; +https://opensiteexplorer.org/dotbot; help@moz.com)"
157.90.182.25 - - [03/Oct/2023:18:33:08 +0200] "GET /corsica-metal-plate-p-52506.html HTTP/1.0" 200 76093 "-" "Mozilla/5.0 (compatible; BLEXBot/1.0; +http://webmeup-crawler.com/)"
54.36.148.92 - - [03/Oct/2023:18:33:10 +0200] "GET /images/big_prod_1/3665269198126a.jpg HTTP/1.0" 200 271 "-" "Mozilla/5.0 (compatible; AhrefsBot/7.0; +http://ahrefs.com/robot/)"
40.77.167.81 - - [03/Oct/2023:18:33:11 +0200] "GET /images/big_prod/4005086220096.jpg HTTP/1.0" 200 268 "-" "Mozilla/5.0 (Windows NT 6.1; WOW64) AppleWebKit/534+ (KHTML, like Gecko) BingPreview/1.0b"
157.90.182.25 - - [03/Oct/2023:18:33:11 +0200] "GET /corsica-metal-plate-p-52508.html HTTP/1.0" 200 76093 "-" "Mozilla/5.0 (compatible; BLEXBot/1.0; +http://webmeup-crawler.com/)"
216.244.66.242 - - [03/Oct/2023:18:33:14 +0200] "GET /decorative-shark-statuette-in-aged-metal-52-cm-p-44720.html HTTP/1.0" 301 74025 "-" "Mozilla/5.0 (compatible; DotBot/1.2; +https://opensiteexplorer.org/dotbot; help@moz.com)"
157.90.182.25 - - [03/Oct/2023:18:33:17 +0200] "GET /corsica-metal-plate-p-52509.html HTTP/1.0" 200 76093 "-" "Mozilla/5.0 (compatible; BLEXBot/1.0; +http://webmeup-crawler.com/)"
157.90.182.25 - - [03/Oct/2023:18:33:23 +0200] "GET /corsica-paper-towel-dispenser-p-42332.html HTTP/1.0" 200 76154 "-" "Mozilla/5.0 (compatible; BLEXBot/1.0; +http://webmeup-crawler.com/)"
157.90.182.25 - - [03/Oct/2023:18:33:28 +0200] "GET /corsica-paper-towel-dispenser-p-42542.html HTTP/1.0" 200 76156 "-" "Mozilla/5.0 (compatible; BLEXBot/1.0; +http://webmeup-crawler.com/)"
216.244.66.242 - - [03/Oct/2023:18:33:30 +0200] "GET /disney-princesses-peel-and-stick-wall-decals-p-18814.html HTTP/1.0" 301 73837 "-" "Mozilla/5.0 (compatible; DotBot/1.2; +https://opensiteexplorer.org/dotbot; help@moz.com)"
54.36.148.222 - - [03/Oct/2023:18:33:32 +0200] "GET /banao-cotton-jute-basket-planter-p-57927.html HTTP/1.0" 200 76944 "-" "Mozilla/5.0 (compatible; AhrefsBot/7.0; +http://ahrefs.com/robot/)"
157.90.182.25 - - [03/Oct/2023:18:33:33 +0200] "GET /corsica-pencil-cbkreation-p-33818.html HTTP/1.0" 200 76189 "-" "Mozilla/5.0 (compatible; BLEXBot/1.0; +http://webmeup-crawler.com/)"
157.90.182.25 - - [03/Oct/2023:18:33:40 +0200] "GET /corsica-post-card-10x15-p-43544.html HTTP/1.0" 200 76096 "-" "Mozilla/5.0 (compatible; BLEXBot/1.0; +http://webmeup-crawler.com/)"
216.244.66.242 - - [03/Oct/2023:18:33:43 +0200] "GET /doc-mcstuffins-little-backpack-p-30376.html HTTP/1.0" 301 73837 "-" "Mozilla/5.0 (compatible; DotBot/1.2; +https://opensiteexplorer.org/dotbot; help@moz.com)"
157.90.182.25 - - [03/Oct/2023:18:33:46 +0200] "GET /corsica-shooter-p-48510.html HTTP/1.0" 200 76052 "-" "Mozilla/5.0 (compatible; BLEXBot/1.0; +http://webmeup-crawler.com/)"
157.90.182.25 - - [03/Oct/2023:18:33:51 +0200] "GET /corsica-shooter-p-48511.html HTTP/1.0" 200 76052 "-" "Mozilla/5.0 (compatible; BLEXBot/1.0; +http://webmeup-crawler.com/)"
216.244.66.242 - - [03/Oct/2023:18:33:55 +0200] "GET /gund-mini-dog-sound-plush-black-p-36873.html HTTP/1.0" 301 73837 "-" "Mozilla/5.0 (compatible; DotBot/1.2; +https://opensiteexplorer.org/dotbot; help@moz.com)"
157.90.182.25 - - [03/Oct/2023:18:33:56 +0200] "GET /corsica-shooter-p-48512.html HTTP/1.0" 200 76052 "-" "Mozilla/5.0 (compatible; BLEXBot/1.0; +http://webmeup-crawler.com/)"
157.90.182.25 - - [03/Oct/2023:18:34:01 +0200] "GET /corsica-side-table-p-56625.html HTTP/1.0" 200 76869 "-" "Mozilla/5.0 (compatible; BLEXBot/1.0; +http://webmeup-crawler.com/)"
216.244.66.242 - - [03/Oct/2023:18:34:06 +0200] "GET /harley-davidson-my-favorite-ride-mini-box-p-37056.html HTTP/1.0" 301 73837 "-" "Mozilla/5.0 (compatible; DotBot/1.2; +https://opensiteexplorer.org/dotbot; help@moz.com)"
157.90.182.25 - - [03/Oct/2023:18:34:07 +0200] "GET /corsica-soap-soap-p-52465.html HTTP/1.0" 200 76415 "-" "Mozilla/5.0 (compatible; BLEXBot/1.0; +http://webmeup-crawler.com/)"
54.36.148.247 - - [03/Oct/2023:18:34:11 +0200] "GET /triskel-shooter-p-46326.html HTTP/1.0" 200 76052 "-" "Mozilla/5.0 (compatible; AhrefsBot/7.0; +http://ahrefs.com/robot/)"
157.90.182.25 - - [03/Oct/2023:18:34:14 +0200] "GET /corsica-soap-soap-p-52466.html HTTP/1.0" 200 76414 "-" "Mozilla/5.0 (compatible; BLEXBot/1.0; +http://webmeup-crawler.com/)"
216.244.66.242 - - [03/Oct/2023:18:34:17 +0200] "GET /hello-kitty-little-shoulder-p-5266.html HTTP/1.0" 301 73834 "-" "Mozilla/5.0 (compatible; DotBot/1.2; +https://opensiteexplorer.org/dotbot; help@moz.com)"
157.90.182.25 - - [03/Oct/2023:18:34:20 +0200] "GET /corsica-training-bottle-cbkreation-p-26754.html HTTP/1.0" 200 76464 "-" "Mozilla/5.0 (compatible; BLEXBot/1.0; +http://webmeup-crawler.com/)"
157.90.182.25 - - [03/Oct/2023:18:34:25 +0200] "GET /corsican-adult-military-cbkration-p-36540.html HTTP/1.0" 200 76353 "-" "Mozilla/5.0 (compatible; BLEXBot/1.0; +http://webmeup-crawler.com/)"
216.244.66.242 - - [03/Oct/2023:18:34:26 +0200] "GET /jacquard-anti-stain-tablecloth-red-140-140-cm-p-34055.html HTTP/1.0" 301 73837 "-" "Mozilla/5.0 (compatible; DotBot/1.2; +https://opensiteexplorer.org/dotbot; help@moz.com)"
157.90.182.25 - - [03/Oct/2023:18:34:31 +0200] "GET /cosmetic-bags-flat-purse-c-31_239.html?page=2 HTTP/1.0" 200 97461 "-" "Mozilla/5.0 (compatible; BLEXBot/1.0; +http://webmeup-crawler.com/)"
216.244.66.242 - - [03/Oct/2023:18:34:34 +0200] "GET /jasmin-medium-cabas-jasmine-p-44169.html HTTP/1.0" 301 73837 "-" "Mozilla/5.0 (compatible; DotBot/1.2; +https://opensiteexplorer.org/dotbot; help@moz.com)"
157.90.182.25 - - [03/Oct/2023:18:34:37 +0200] "GET /cosmetic-bags-flat-purse-c-31_239.html?page=3 HTTP/1.0" 200 96458 "-" "Mozilla/5.0 (compatible; BLEXBot/1.0; +http://webmeup-crawler.com/)"
71.18.255.15 - - [03/Oct/2023:18:34:42 +0200] "GET /images/mini_prod/F8028501263382.jpg HTTP/1.0" 200 270 "-" "Mozilla/5.0 (X11; Ubuntu; Linux x86_64; rv:72.0) Gecko/20100101 Firefox/72.0"
54.36.148.181 - - [03/Oct/2023:18:34:42 +0200] "GET /koala-piggy-bank-p-60466.html HTTP/1.0" 200 76693 "-" "Mozilla/5.0 (compatible; AhrefsBot/7.0; +http://ahrefs.com/robot/)"
216.244.66.242 - - [03/Oct/2023:18:34:43 +0200] "GET /large-ceramic-lamp-beige-shade-p-41901.html HTTP/1.0" 301 73837 "-" "Mozilla/5.0 (compatible; DotBot/1.2; +https://opensiteexplorer.org/dotbot; help@moz.com)"
157.90.182.25 - - [03/Oct/2023:18:34:43 +0200] "GET /cosmetic-bags-flat-purse-c-31_239.html?page=4 HTTP/1.0" 200 97724 "-" "Mozilla/5.0 (compatible; BLEXBot/1.0; +http://webmeup-crawler.com/)"
157.90.182.25 - - [03/Oct/2023:18:34:50 +0200] "GET /cosmetic-bags-flat-purse-c-31_239.html?page=5 HTTP/1.0" 200 95966 "-" "Mozilla/5.0 (compatible; BLEXBot/1.0; +http://webmeup-crawler.com/)"
216.244.66.242 - - [03/Oct/2023:18:34:56 +0200] "GET /my-little-poney-pairs-of-socks-size-27-30-p-25382.html HTTP/1.0" 301 73837 "-" "Mozilla/5.0 (compatible; DotBot/1.2; +https://opensiteexplorer.org/dotbot; help@moz.com)"
157.90.182.25 - - [03/Oct/2023:18:34:58 +0200] "GET /cosmetic-bags-flat-purse-c-31_239.html?page=6 HTTP/1.0" 200 98015 "-" "Mozilla/5.0 (compatible; BLEXBot/1.0; +http://webmeup-crawler.com/)"
157.90.182.25 - - [03/Oct/2023:18:35:04 +0200] "GET /cosmetic-bags-flat-purse-c-31_239.html?page=7 HTTP/1.0" 200 90957 "-" "Mozilla/5.0 (compatible; BLEXBot/1.0; +http://webmeup-crawler.com/)"
216.244.66.242 - - [03/Oct/2023:18:35:08 +0200] "GET /nyc-empire-semi-sheer-voile-grommet-panel-p-27303.html HTTP/1.0" 301 73837 "-" "Mozilla/5.0 (compatible; DotBot/1.2; +https://opensiteexplorer.org/dotbot; help@moz.com)"
157.90.182.25 - - [03/Oct/2023:18:35:10 +0200] "GET /cotton-bath-p-55254.html HTTP/1.0" 200 76832 "-" "Mozilla/5.0 (compatible; BLEXBot/1.0; +http://webmeup-crawler.com/)"
157.90.182.25 - - [03/Oct/2023:18:35:16 +0200] "GET /cotton-bath-p-55255.html HTTP/1.0" 200 76832 "-" "Mozilla/5.0 (compatible; BLEXBot/1.0; +http://webmeup-crawler.com/)"
216.244.66.242 - - [03/Oct/2023:18:35:18 +0200] "GET /peas-russian-doll-cushion-by-cbkreation-p-18570.html HTTP/1.0" 301 73837 "-" "Mozilla/5.0 (compatible; DotBot/1.2; +https://opensiteexplorer.org/dotbot; help@moz.com)"
54.36.148.68 - - [03/Oct/2023:18:35:19 +0200] "GET /fitted-sheet-color-light-brown-p-39690.html HTTP/1.0" 200 76333 "-" "Mozilla/5.0 (compatible; AhrefsBot/7.0; +http://ahrefs.com/robot/)"
157.90.182.25 - - [03/Oct/2023:18:35:26 +0200] "GET /cotton-bath-p-55256.html HTTP/1.0" 200 76832 "-" "Mozilla/5.0 (compatible; BLEXBot/1.0; +http://webmeup-crawler.com/)"
216.244.66.242 - - [03/Oct/2023:18:35:28 +0200] "GET /peas-russian-doll-pink-cover-ipad-cbkreation-p-18552.html HTTP/1.0" 301 73837 "-" "Mozilla/5.0 (compatible; DotBot/1.2; +https://opensiteexplorer.org/dotbot; help@moz.com)"
157.55.39.9 - - [03/Oct/2023:18:35:31 +0200] "GET /products_new.php HTTP/1.0" 200 94604 "-" "Mozilla/5.0 AppleWebKit/537.36 (KHTML, like Gecko; compatible; bingbot/2.0; +http://www.bing.com/bingbot.htm) Chrome/103.0.5060.134 Safari/537.36"
157.90.182.25 - - [03/Oct/2023:18:35:31 +0200] "GET /cotton-bath-p-55258.html HTTP/1.0" 200 76832 "-" "Mozilla/5.0 (compatible; BLEXBot/1.0; +http://webmeup-crawler.com/)"
157.90.182.25 - - [03/Oct/2023:18:35:37 +0200] "GET /cotton-bath-p-55259.html HTTP/1.0" 200 76832 "-" "Mozilla/5.0 (compatible; BLEXBot/1.0; +http://webmeup-crawler.com/)"
216.244.66.242 - - [03/Oct/2023:18:35:37 +0200] "GET /phone-cover-iphone-cbkreation-p-14051.html HTTP/1.0" 301 73837 "-" "Mozilla/5.0 (compatible; DotBot/1.2; +https://opensiteexplorer.org/dotbot; help@moz.com)"
169.233.1.13 - - [03/Oct/2023:18:35:42 +0200] "GET /images/mini_prod/8433914427915.jpg HTTP/1.0" 200 269 "-" "Mozilla/5.0 (X11; Ubuntu; Linux x86_64; rv:72.0) Gecko/20100101 Firefox/72.0"
157.90.182.25 - - [03/Oct/2023:18:35:43 +0200] "GET /cotton-bath-p-55260.html HTTP/1.0" 200 76832 "-" "Mozilla/5.0 (compatible; BLEXBot/1.0; +http://webmeup-crawler.com/)"
123.126.50.47 - - [03/Oct/2023:18:35:44 +0200] "GET /home/stationery-school-supplies/bookmark-lenticular-owl-p-19156.html HTTP/1.0" 301 76369 "-" "Sogou web spider/4.0(+http://www.sogou.com/docs/help/webmasters.htm#07)"
123.126.50.62 - - [03/Oct/2023:18:35:46 +0200] "GET /bookmark-lenticular-p-19156.html HTTP/1.0" 200 76283 "-" "Sogou web spider/4.0(+http://www.sogou.com/docs/help/webmasters.htm#07)"
54.36.148.191 - - [03/Oct/2023:18:35:48 +0200] "GET /guam-cotton-basket-p-57898.html HTTP/1.0" 200 76749 "-" "Mozilla/5.0 (compatible; AhrefsBot/7.0; +http://ahrefs.com/robot/)"
157.90.182.25 - - [03/Oct/2023:18:35:48 +0200] "GET /cotton-bath-white-p-49242.html HTTP/1.0" 200 77118 "-" "Mozilla/5.0 (compatible; BLEXBot/1.0; +http://webmeup-crawler.com/)"
216.244.66.242 - - [03/Oct/2023:18:35:53 +0200] "GET /pillow-case-65-65-cm-white-p-39126.html HTTP/1.0" 301 77043 "-" "Mozilla/5.0 (compatible; DotBot/1.2; +https://opensiteexplorer.org/dotbot; help@moz.com)"
157.90.182.25 - - [03/Oct/2023:18:35:53 +0200] "GET /cotton-chair-cushion-anthracite-p-60632.html HTTP/1.0" 200 76186 "-" "Mozilla/5.0 (compatible; BLEXBot/1.0; +http://webmeup-crawler.com/)"
85.208.96.209 - - [03/Oct/2023:18:35:57 +0200] "GET /-p-46928.html HTTP/1.0" 200 73770 "-" "Mozilla/5.0 (compatible; SemrushBot/7~bl; +http://www.semrush.com/bot.html)"
157.90.182.25 - - [03/Oct/2023:18:36:02 +0200] "GET /cotton-chair-cushion-cobalt-p-60633.html HTTP/1.0" 200 76168 "-" "Mozilla/5.0 (compatible; BLEXBot/1.0; +http://webmeup-crawler.com/)"
54.36.149.82 - - [03/Oct/2023:18:36:05 +0200] "GET /images/big_prod_1/3665269198065AZ.jpg HTTP/1.0" 200 272 "-" "Mozilla/5.0 (compatible; AhrefsBot/7.0; +http://ahrefs.com/robot/)"
85.208.96.209 - - [03/Oct/2023:18:36:05 +0200] "GET /small-japanese-blue-cast-iron-teapot-liter-p-54897.html HTTP/1.0" 200 76472 "-" "Mozilla/5.0 (compatible; SemrushBot/7~bl; +http://www.semrush.com/bot.html)"
216.244.66.242 - - [03/Oct/2023:18:36:06 +0200] "GET /samsung-phone-cover-cbkreation-p-14970.html HTTP/1.0" 301 73837 "-" "Mozilla/5.0 (compatible; DotBot/1.2; +https://opensiteexplorer.org/dotbot; help@moz.com)"
157.90.182.25 - - [03/Oct/2023:18:36:08 +0200] "GET /cotton-chair-cushion-curry-p-60703.html HTTP/1.0" 200 76164 "-" "Mozilla/5.0 (compatible; BLEXBot/1.0; +http://webmeup-crawler.com/)"
85.208.96.203 - - [03/Oct/2023:18:36:12 +0200] "GET /gorjuss-ruby-pencil-case-p-40479.html HTTP/1.0" 200 76207 "-" "Mozilla/5.0 (compatible; SemrushBot/7~bl; +http://www.semrush.com/bot.html)"
157.90.182.25 - - [03/Oct/2023:18:36:14 +0200] "GET /cotton-chair-cushion-green-p-60631.html HTTP/1.0" 200 76162 "-" "Mozilla/5.0 (compatible; BLEXBot/1.0; +http://webmeup-crawler.com/)"
216.244.66.242 - - [03/Oct/2023:18:36:18 +0200] "GET /samsung-phone-cover-cbkreation-p-14972.html HTTP/1.0" 301 73837 "-" "Mozilla/5.0 (compatible; DotBot/1.2; +https://opensiteexplorer.org/dotbot; help@moz.com)"
157.90.182.25 - - [03/Oct/2023:18:36:21 +0200] "GET /cotton-chair-cushion-jade-p-60634.html HTTP/1.0" 200 76158 "-" "Mozilla/5.0 (compatible; BLEXBot/1.0; +http://webmeup-crawler.com/)"
54.36.148.86 - - [03/Oct/2023:18:36:27 +0200] "GET /transportable-metal-lamp-p-55085.html HTTP/1.0" 200 76820 "-" "Mozilla/5.0 (compatible; AhrefsBot/7.0; +http://ahrefs.com/robot/)"
157.90.182.25 - - [03/Oct/2023:18:36:28 +0200] "GET /cotton-cleansing-paris-parfum-p-37459.html HTTP/1.0" 200 76278 "-" "Mozilla/5.0 (compatible; BLEXBot/1.0; +http://webmeup-crawler.com/)"
216.244.66.242 - - [03/Oct/2023:18:36:30 +0200] "GET /stone-labradorite-60-70-grams-p-46590.html HTTP/1.0" 301 73964 "-" "Mozilla/5.0 (compatible; DotBot/1.2; +https://opensiteexplorer.org/dotbot; help@moz.com)"
157.90.182.25 - - [03/Oct/2023:18:36:33 +0200] "GET /cotton-floor-cushion-anthracite-p-60766.html HTTP/1.0" 200 76370 "-" "Mozilla/5.0 (compatible; BLEXBot/1.0; +http://webmeup-crawler.com/)"
54.36.148.151 - - [03/Oct/2023:18:36:36 +0200] "GET /images/big_prod_1/8433933186473a.jpg HTTP/1.0" 200 271 "-" "Mozilla/5.0 (compatible; AhrefsBot/7.0; +http://ahrefs.com/robot/)"
157.90.182.25 - - [03/Oct/2023:18:36:40 +0200] "GET /cotton-floor-cushion-beige-p-38997.html HTTP/1.0" 200 77044 "-" "Mozilla/5.0 (compatible; BLEXBot/1.0; +http://webmeup-crawler.com/)"
216.244.66.242 - - [03/Oct/2023:18:36:45 +0200] "GET /terrasses-parisiennes-louvre-plate-p-12432.html HTTP/1.0" 301 73837 "-" "Mozilla/5.0 (compatible; DotBot/1.2; +https://opensiteexplorer.org/dotbot; help@moz.com)"
157.90.182.25 - - [03/Oct/2023:18:36:46 +0200] "GET /cotton-floor-cushion-black-p-54662.html HTTP/1.0" 200 76962 "-" "Mozilla/5.0 (compatible; BLEXBot/1.0; +http://webmeup-crawler.com/)"
157.90.182.25 - - [03/Oct/2023:18:36:51 +0200] "GET /cotton-floor-cushion-brown-p-53470.html HTTP/1.0" 200 76962 "-" "Mozilla/5.0 (compatible; BLEXBot/1.0; +http://webmeup-crawler.com/)"
54.36.148.123 - - [03/Oct/2023:18:36:55 +0200] "GET /little-buddha-collection-keychain-pink-p-50242.html HTTP/1.0" 200 76260 "-" "Mozilla/5.0 (compatible; AhrefsBot/7.0; +http://ahrefs.com/robot/)"
157.90.182.25 - - [03/Oct/2023:18:36:56 +0200] "GET /cotton-floor-cushion-brown-p-60773.html HTTP/1.0" 200 76324 "-" "Mozilla/5.0 (compatible; BLEXBot/1.0; +http://webmeup-crawler.com/)"
216.244.66.242 - - [03/Oct/2023:18:36:58 +0200] "GET /trust-me-little-metal-cigarettes-box-p-33109.html HTTP/1.0" 301 73837 "-" "Mozilla/5.0 (compatible; DotBot/1.2; +https://opensiteexplorer.org/dotbot; help@moz.com)"
157.90.182.25 - - [03/Oct/2023:18:37:02 +0200] "GET /cotton-floor-cushion-charmelia-p-49387.html HTTP/1.0" 200 77000 "-" "Mozilla/5.0 (compatible; BLEXBot/1.0; +http://webmeup-crawler.com/)"
157.90.182.25 - - [03/Oct/2023:18:37:08 +0200] "GET /cotton-floor-cushion-chrysler-p-49130.html HTTP/1.0" 200 76993 "-" "Mozilla/5.0 (compatible; BLEXBot/1.0; +http://webmeup-crawler.com/)"
157.90.182.25 - - [03/Oct/2023:18:37:13 +0200] "GET /cotton-floor-cushion-cobalt-p-60771.html HTTP/1.0" 200 76352 "-" "Mozilla/5.0 (compatible; BLEXBot/1.0; +http://webmeup-crawler.com/)"
216.244.66.242 - - [03/Oct/2023:18:37:16 +0200] "GET /gorjuss-cards-supplied-with-an-envelope-seven-sisters-p-48384.html HTTP/1.0" 301 76586 "-" "Mozilla/5.0 (compatible; DotBot/1.2; +https://opensiteexplorer.org/dotbot; help@moz.com)"
157.90.182.25 - - [03/Oct/2023:18:37:18 +0200] "GET /cotton-floor-cushion-coral-p-57827.html HTTP/1.0" 200 76972 "-" "Mozilla/5.0 (compatible; BLEXBot/1.0; +http://webmeup-crawler.com/)"
157.90.182.25 - - [03/Oct/2023:18:37:23 +0200] "GET /cotton-floor-cushion-curry-p-60767.html HTTP/1.0" 200 76345 "-" "Mozilla/5.0 (compatible; BLEXBot/1.0; +http://webmeup-crawler.com/)"
157.90.182.25 - - [03/Oct/2023:18:37:29 +0200] "GET /cotton-floor-cushion-gray-pearl-p-38907.html HTTP/1.0" 200 77062 "-" "Mozilla/5.0 (compatible; BLEXBot/1.0; +http://webmeup-crawler.com/)"
54.36.148.177 - - [03/Oct/2023:18:37:31 +0200] "GET /gray-polyester-round-chair-cushion-p-44376.html HTTP/1.0" 200 76877 "-" "Mozilla/5.0 (compatible; AhrefsBot/7.0; +http://ahrefs.com/robot/)"
216.244.66.242 - - [03/Oct/2023:18:37:31 +0200] "GET /mini-magnetic-plate-coffee-the-most-necessary-of-all-evils-p-34419.html HTTP/1.0" 301 73837 "-" "Mozilla/5.0 (compatible; DotBot/1.2; +https://opensiteexplorer.org/dotbot; help@moz.com)"
157.90.182.25 - - [03/Oct/2023:18:37:33 +0200] "GET /cotton-floor-cushion-green-p-48835.html HTTP/1.0" 200 76962 "-" "Mozilla/5.0 (compatible; BLEXBot/1.0; +http://webmeup-crawler.com/)"
85.208.96.193 - - [03/Oct/2023:18:37:38 +0200] "GET /-p-23405.html HTTP/1.0" 200 73770 "-" "Mozilla/5.0 (compatible; SemrushBot/7~bl; +http://www.semrush.com/bot.html)"
157.90.182.25 - - [03/Oct/2023:18:37:38 +0200] "GET /cotton-floor-cushion-green-p-60770.html HTTP/1.0" 200 76345 "-" "Mozilla/5.0 (compatible; BLEXBot/1.0; +http://webmeup-crawler.com/)"
157.90.182.25 - - [03/Oct/2023:18:37:44 +0200] "GET /cotton-floor-cushion-grey-p-48312.html HTTP/1.0" 200 76955 "-" "Mozilla/5.0 (compatible; BLEXBot/1.0; +http://webmeup-crawler.com/)"
216.244.66.242 - - [03/Oct/2023:18:37:45 +0200] "GET /angel-glitter-ball-p-27609.html HTTP/1.0" 200 76342 "-" "Mozilla/5.0 (compatible; DotBot/1.2; +https://opensiteexplorer.org/dotbot; help@moz.com)"
157.90.182.25 - - [03/Oct/2023:18:37:51 +0200] "GET /cotton-floor-cushion-jade-p-60768.html HTTP/1.0" 200 76340 "-" "Mozilla/5.0 (compatible; BLEXBot/1.0; +http://webmeup-crawler.com/)"
157.90.182.25 - - [03/Oct/2023:18:37:58 +0200] "GET /cotton-floor-cushion-louison-p-51658.html HTTP/1.0" 200 77207 "-" "Mozilla/5.0 (compatible; BLEXBot/1.0; +http://webmeup-crawler.com/)"
54.36.148.2 - - [03/Oct/2023:18:38:03 +0200] "GET /doors-metal-keyring-p-23083.html HTTP/1.0" 200 76112 "-" "Mozilla/5.0 (compatible; AhrefsBot/7.0; +http://ahrefs.com/robot/)"
157.90.182.25 - - [03/Oct/2023:18:38:04 +0200] "GET /cotton-floor-cushion-navy-blue-p-60769.html HTTP/1.0" 200 76365 "-" "Mozilla/5.0 (compatible; BLEXBot/1.0; +http://webmeup-crawler.com/)"
157.90.182.25 - - [03/Oct/2023:18:38:10 +0200] "GET /cotton-floor-cushion-pink-p-60772.html HTTP/1.0" 200 76340 "-" "Mozilla/5.0 (compatible; BLEXBot/1.0; +http://webmeup-crawler.com/)"
157.90.182.25 - - [03/Oct/2023:18:38:16 +0200] "GET /cotton-floor-cushion-yellow-p-44044.html HTTP/1.0" 200 76969 "-" "Mozilla/5.0 (compatible; BLEXBot/1.0; +http://webmeup-crawler.com/)"
185.191.171.5 - - [03/Oct/2023:18:38:17 +0200] "GET /small-resin-monkey-statuettes-p-53901.html HTTP/1.0" 200 73880 "-" "Mozilla/5.0 (compatible; SemrushBot/7~bl; +http://www.semrush.com/bot.html)"
157.90.182.25 - - [03/Oct/2023:18:38:21 +0200] "GET /cotton-floor-cushion-yellow-p-48833.html HTTP/1.0" 200 76969 "-" "Mozilla/5.0 (compatible; BLEXBot/1.0; +http://webmeup-crawler.com/)"
157.90.182.25 - - [03/Oct/2023:18:38:27 +0200] "GET /cotton-mattress-anti-dust-mite-p-48991.html HTTP/1.0" 200 76353 "-" "Mozilla/5.0 (compatible; BLEXBot/1.0; +http://webmeup-crawler.com/)"
157.90.182.25 - - [03/Oct/2023:18:38:32 +0200] "GET /cotton-mattress-boil-p-48988.html HTTP/1.0" 200 76322 "-" "Mozilla/5.0 (compatible; BLEXBot/1.0; +http://webmeup-crawler.com/)"
54.36.148.18 - - [03/Oct/2023:18:38:37 +0200] "GET /figurine-resin-decorative-p-58782.html HTTP/1.0" 200 76920 "-" "Mozilla/5.0 (compatible; AhrefsBot/7.0; +http://ahrefs.com/robot/)"
157.90.182.25 - - [03/Oct/2023:18:38:37 +0200] "GET /cotton-mattress-range-p-49440.html HTTP/1.0" 200 76330 "-" "Mozilla/5.0 (compatible; BLEXBot/1.0; +http://webmeup-crawler.com/)"
157.90.182.25 - - [03/Oct/2023:18:38:45 +0200] "GET /cotton-napkin-sold-individually-p-51264.html HTTP/1.0" 200 76295 "-" "Mozilla/5.0 (compatible; BLEXBot/1.0; +http://webmeup-crawler.com/)"
157.90.182.25 - - [03/Oct/2023:18:38:50 +0200] "GET /cotton-napkin-sold-individually-p-51265.html HTTP/1.0" 200 76936 "-" "Mozilla/5.0 (compatible; BLEXBot/1.0; +http://webmeup-crawler.com/)"
157.90.182.25 - - [03/Oct/2023:18:38:57 +0200] "GET /cotton-napkin-sold-individually-p-51266.html HTTP/1.0" 200 76936 "-" "Mozilla/5.0 (compatible; BLEXBot/1.0; +http://webmeup-crawler.com/)"
157.90.182.25 - - [03/Oct/2023:18:39:03 +0200] "GET /cotton-napkin-sold-individually-p-52106.html HTTP/1.0" 200 76296 "-" "Mozilla/5.0 (compatible; BLEXBot/1.0; +http://webmeup-crawler.com/)"
54.36.148.147 - - [03/Oct/2023:18:39:07 +0200] "GET /little-prince-placemat-p-27371.html HTTP/1.0" 200 76186 "-" "Mozilla/5.0 (compatible; AhrefsBot/7.0; +http://ahrefs.com/robot/)"
157.90.182.25 - - [03/Oct/2023:18:39:09 +0200] "GET /cotton-napkin-sold-individually-p-52107.html HTTP/1.0" 200 76296 "-" "Mozilla/5.0 (compatible; BLEXBot/1.0; +http://webmeup-crawler.com/)"
157.90.182.25 - - [03/Oct/2023:18:39:15 +0200] "GET /cotton-napkin-sold-individually-p-52108.html HTTP/1.0" 200 76295 "-" "Mozilla/5.0 (compatible; BLEXBot/1.0; +http://webmeup-crawler.com/)"
157.90.182.25 - - [03/Oct/2023:18:39:21 +0200] "GET /countertop-bell-p-60778.html HTTP/1.0" 200 76888 "-" "Mozilla/5.0 (compatible; BLEXBot/1.0; +http://webmeup-crawler.com/)"
157.90.182.25 - - [03/Oct/2023:18:39:27 +0200] "GET /crasy-allen-cotton-pouch-p-53175.html HTTP/1.0" 200 76233 "-" "Mozilla/5.0 (compatible; BLEXBot/1.0; +http://webmeup-crawler.com/)"
85.208.96.202 - - [03/Oct/2023:18:39:34 +0200] "GET /robots.txt HTTP/1.0" 200 245 "-" "Mozilla/5.0 (compatible; SemrushBot/7~bl; +http://www.semrush.com/bot.html)"
157.90.182.25 - - [03/Oct/2023:18:39:33 +0200] "GET /crasy-allen-cotton-pouch-p-53176.html HTTP/1.0" 200 76233 "-" "Mozilla/5.0 (compatible; BLEXBot/1.0; +http://webmeup-crawler.com/)"
185.191.171.17 - - [03/Oct/2023:18:39:34 +0200] "GET /door-bottom-cushion-chez-nous-bien-p-60756.html HTTP/1.0" 200 77047 "-" "Mozilla/5.0 (compatible; SemrushBot/7~bl; +http://www.semrush.com/bot.html)"
157.90.182.25 - - [03/Oct/2023:18:39:39 +0200] "GET /cream-face-vase-p-57292.html HTTP/1.0" 200 77032 "-" "Mozilla/5.0 (compatible; BLEXBot/1.0; +http://webmeup-crawler.com/)"
54.36.148.213 - - [03/Oct/2023:18:39:43 +0200] "GET /bamboo-fiber-plant-cover-p-57465.html HTTP/1.0" 200 76777 "-" "Mozilla/5.0 (compatible; AhrefsBot/7.0; +http://ahrefs.com/robot/)"
157.90.182.25 - - [03/Oct/2023:18:39:45 +0200] "GET /creative-hobbies-coloring-c-129_30.html?page=2 HTTP/1.0" 200 88331 "-" "Mozilla/5.0 (compatible; BLEXBot/1.0; +http://webmeup-crawler.com/)"
54.36.148.209 - - [03/Oct/2023:18:39:50 +0200] "GET /images/big_prod/8422048821713.jpg HTTP/1.0" 200 268 "-" "Mozilla/5.0 (compatible; AhrefsBot/7.0; +http://ahrefs.com/robot/)"
157.90.182.25 - - [03/Oct/2023:18:39:53 +0200] "GET /croissant-metal-metal-paper-reel-p-42683.html HTTP/1.0" 200 76269 "-" "Mozilla/5.0 (compatible; BLEXBot/1.0; +http://webmeup-crawler.com/)"
157.90.182.25 - - [03/Oct/2023:18:39:58 +0200] "GET /cuba-cork-coaster-p-40268.html HTTP/1.0" 200 76057 "-" "Mozilla/5.0 (compatible; BLEXBot/1.0; +http://webmeup-crawler.com/)"
157.90.182.25 - - [03/Oct/2023:18:40:04 +0200] "GET /cuba-mouse-cbkreation-p-29813.html HTTP/1.0" 200 76155 "-" "Mozilla/5.0 (compatible; BLEXBot/1.0; +http://webmeup-crawler.com/)"
103.136.220.222 - - [03/Oct/2023:18:40:07 +0200] "GET /images/mini_prod/3503420112188.jpg HTTP/1.0" 200 269 "-" "Mozilla/5.0 (X11; Ubuntu; Linux x86_64; rv:72.0) Gecko/20100101 Firefox/72.0"
157.90.182.25 - - [03/Oct/2023:18:40:10 +0200] "GET /cuba-toothpick-display-p-53466.html HTTP/1.0" 200 76104 "-" "Mozilla/5.0 (compatible; BLEXBot/1.0; +http://webmeup-crawler.com/)"
54.36.148.160 - - [03/Oct/2023:18:40:15 +0200] "GET /cement-tile-stickers-p-50341.html HTTP/1.0" 200 77064 "-" "Mozilla/5.0 (compatible; AhrefsBot/7.0; +http://ahrefs.com/robot/)"
157.90.182.25 - - [03/Oct/2023:18:40:17 +0200] "GET /cubi-door-wood-amateurs-bons-p-56788.html HTTP/1.0" 200 76919 "-" "Mozilla/5.0 (compatible; BLEXBot/1.0; +http://webmeup-crawler.com/)"
157.90.182.25 - - [03/Oct/2023:18:40:23 +0200] "GET /cubi-door-wood-copains-abord-p-56140.html HTTP/1.0" 200 76938 "-" "Mozilla/5.0 (compatible; BLEXBot/1.0; +http://webmeup-crawler.com/)"
157.90.182.25 - - [03/Oct/2023:18:40:29 +0200] "GET /cubi-door-wood-copines-p-56138.html HTTP/1.0" 200 76904 "-" "Mozilla/5.0 (compatible; BLEXBot/1.0; +http://webmeup-crawler.com/)"
34.77.246.194 - - [03/Oct/2023:18:40:28 +0200] "GET / HTTP/1.0" 200 152999 "-" "Mozilla/5.0 (Windows NT 10.0; Win64; x64) AppleWebKit/537.36 (KHTML, like Gecko) Chrome/84.0.4147.105 Safari/537.36"
54.36.148.246 - - [03/Oct/2023:18:40:33 +0200] "GET /images/big_prod/3609810063211a.jpg HTTP/1.0" 200 269 "-" "Mozilla/5.0 (compatible; AhrefsBot/7.0; +http://ahrefs.com/robot/)"
157.90.182.25 - - [03/Oct/2023:18:40:33 +0200] "GET /cubi-door-wood-place-apro-p-56139.html HTTP/1.0" 200 76904 "-" "Mozilla/5.0 (compatible; BLEXBot/1.0; +http://webmeup-crawler.com/)"
185.191.171.1 - - [03/Oct/2023:18:40:38 +0200] "GET /harley-davidson-garage-metal-plate-p-33719.html HTTP/1.0" 200 73894 "-" "Mozilla/5.0 (compatible; SemrushBot/7~bl; +http://www.semrush.com/bot.html)"
157.90.182.25 - - [03/Oct/2023:18:40:39 +0200] "GET /cupcakes-cushion-personalized-picture-p-16981.html HTTP/1.0" 200 76990 "-" "Mozilla/5.0 (compatible; BLEXBot/1.0; +http://webmeup-crawler.com/)"
157.90.182.25 - - [03/Oct/2023:18:40:46 +0200] "GET /cupcakes-small-white-cushion-with-personalized-picture-p-16982.html HTTP/1.0" 200 77149 "-" "Mozilla/5.0 (compatible; BLEXBot/1.0; +http://webmeup-crawler.com/)"
54.36.149.93 - - [03/Oct/2023:18:40:51 +0200] "GET /mala-bracelet-xinyi-jade-elastic-p-57281.html HTTP/1.0" 200 77907 "-" "Mozilla/5.0 (compatible; AhrefsBot/7.0; +http://ahrefs.com/robot/)"
157.90.182.25 - - [03/Oct/2023:18:40:52 +0200] "GET /curry-polyester-round-chair-cushion-p-55088.html HTTP/1.0" 200 76877 "-" "Mozilla/5.0 (compatible; BLEXBot/1.0; +http://webmeup-crawler.com/)"
54.36.149.63 - - [03/Oct/2023:18:40:57 +0200] "GET /images/big_prod_1/8720512971835B.jpg HTTP/1.0" 200 271 "-" "Mozilla/5.0 (compatible; AhrefsBot/7.0; +http://ahrefs.com/robot/)"
157.90.182.25 - - [03/Oct/2023:18:40:58 +0200] "GET /curtain-eyelets-blue-p-35311.html HTTP/1.0" 200 79084 "-" "Mozilla/5.0 (compatible; BLEXBot/1.0; +http://webmeup-crawler.com/)"
157.90.182.25 - - [03/Oct/2023:18:41:03 +0200] "GET /curtain-eyelets-yellow-p-49126.html HTTP/1.0" 200 78466 "-" "Mozilla/5.0 (compatible; BLEXBot/1.0; +http://webmeup-crawler.com/)"
157.90.182.25 - - [03/Oct/2023:18:41:11 +0200] "GET /curtains-lace-curtains-c-11_69.html?page=2 HTTP/1.0" 200 88917 "-" "Mozilla/5.0 (compatible; BLEXBot/1.0; +http://webmeup-crawler.com/)"
157.90.182.25 - - [03/Oct/2023:18:41:16 +0200] "GET /cushion-cover-boho-p-49957.html HTTP/1.0" 200 76399 "-" "Mozilla/5.0 (compatible; BLEXBot/1.0; +http://webmeup-crawler.com/)"
54.36.148.94 - - [03/Oct/2023:18:41:20 +0200] "GET /zodiac-white-women-shirt-p-30796.html HTTP/1.0" 200 78128 "-" "Mozilla/5.0 (compatible; AhrefsBot/7.0; +http://ahrefs.com/robot/)"
157.90.182.25 - - [03/Oct/2023:18:41:24 +0200] "GET /cushion-cover-cacatoeas-p-52019.html HTTP/1.0" 200 77040 "-" "Mozilla/5.0 (compatible; BLEXBot/1.0; +http://webmeup-crawler.com/)"
157.90.182.25 - - [03/Oct/2023:18:41:31 +0200] "GET /cushion-cover-cement-tiles-p-49958.html HTTP/1.0" 200 77073 "-" "Mozilla/5.0 (compatible; BLEXBot/1.0; +http://webmeup-crawler.com/)"
157.90.182.25 - - [03/Oct/2023:18:41:38 +0200] "GET /cushion-cover-cement-tiles-p-56313.html HTTP/1.0" 200 77060 "-" "Mozilla/5.0 (compatible; BLEXBot/1.0; +http://webmeup-crawler.com/)"
157.90.182.25 - - [03/Oct/2023:18:41:47 +0200] "GET /cushion-cover-cement-tiles-p-56314.html HTTP/1.0" 200 77059 "-" "Mozilla/5.0 (compatible; BLEXBot/1.0; +http://webmeup-crawler.com/)"
54.36.148.49 - - [03/Oct/2023:18:41:52 +0200] "GET /little-prince-placemat-p-47172.html HTTP/1.0" 200 76204 "-" "Mozilla/5.0 (compatible; AhrefsBot/7.0; +http://ahrefs.com/robot/)"
157.90.182.25 - - [03/Oct/2023:18:41:53 +0200] "GET /cushion-cover-cement-tiles-p-56315.html HTTP/1.0" 200 77070 "-" "Mozilla/5.0 (compatible; BLEXBot/1.0; +http://webmeup-crawler.com/)"
157.90.182.25 - - [03/Oct/2023:18:42:00 +0200] "GET /cushion-cover-ecru-p-43147.html HTTP/1.0" 200 77083 "-" "Mozilla/5.0 (compatible; BLEXBot/1.0; +http://webmeup-crawler.com/)"
157.90.182.25 - - [03/Oct/2023:18:42:10 +0200] "GET /cushion-cover-ethnik-p-49952.html HTTP/1.0" 200 77030 "-" "Mozilla/5.0 (compatible; BLEXBot/1.0; +http://webmeup-crawler.com/)"
157.90.182.25 - - [03/Oct/2023:18:42:20 +0200] "GET /cushion-cover-flamingos-p-55153.html HTTP/1.0" 200 77038 "-" "Mozilla/5.0 (compatible; BLEXBot/1.0; +http://webmeup-crawler.com/)"
157.55.39.203 - - [03/Oct/2023:18:42:21 +0200] "GET /bracelets-c-3_200.html?page=2 HTTP/1.0" 200 94541 "-" "Mozilla/5.0 AppleWebKit/537.36 (KHTML, like Gecko; compatible; bingbot/2.0; +http://www.bing.com/bingbot.htm) Chrome/103.0.5060.134 Safari/537.36"
54.36.148.246 - - [03/Oct/2023:18:42:25 +0200] "GET /colt-metal-plate-deco-p-47182.html HTTP/1.0" 200 76212 "-" "Mozilla/5.0 (compatible; AhrefsBot/7.0; +http://ahrefs.com/robot/)"
157.90.182.25 - - [03/Oct/2023:18:42:28 +0200] "GET /cushion-cover-leaf-p-52020.html HTTP/1.0" 200 77005 "-" "Mozilla/5.0 (compatible; BLEXBot/1.0; +http://webmeup-crawler.com/)"
157.90.182.25 - - [03/Oct/2023:18:42:37 +0200] "GET /cushion-cover-p-43616.html HTTP/1.0" 200 76928 "-" "Mozilla/5.0 (compatible; BLEXBot/1.0; +http://webmeup-crawler.com/)"
85.208.96.204 - - [03/Oct/2023:18:42:39 +0200] "GET /adults-c-53.html?page=7 HTTP/1.0" 200 91543 "-" "Mozilla/5.0 (compatible; SemrushBot/7~bl; +http://www.semrush.com/bot.html)"
157.90.182.25 - - [03/Oct/2023:18:42:43 +0200] "GET /cushion-cover-p-52123.html HTTP/1.0" 200 76346 "-" "Mozilla/5.0 (compatible; BLEXBot/1.0; +http://webmeup-crawler.com/)"
157.90.182.25 - - [03/Oct/2023:18:42:49 +0200] "GET /cushion-cover-toucan-p-51899.html HTTP/1.0" 200 77019 "-" "Mozilla/5.0 (compatible; BLEXBot/1.0; +http://webmeup-crawler.com/)"
54.36.148.92 - - [03/Oct/2023:18:42:55 +0200] "GET /mustard-patinated-vase-p-57297.html HTTP/1.0" 200 77130 "-" "Mozilla/5.0 (compatible; AhrefsBot/7.0; +http://ahrefs.com/robot/)"
157.90.182.25 - - [03/Oct/2023:18:42:56 +0200] "GET /cushion-upholstery-cover-p-50031.html HTTP/1.0" 200 76342 "-" "Mozilla/5.0 (compatible; BLEXBot/1.0; +http://webmeup-crawler.com/)"
157.90.182.25 - - [03/Oct/2023:18:43:04 +0200] "GET /cushion-upholstery-cover-p-56065.html HTTP/1.0" 200 76405 "-" "Mozilla/5.0 (compatible; BLEXBot/1.0; +http://webmeup-crawler.com/)"
157.90.182.25 - - [03/Oct/2023:18:43:11 +0200] "GET /cushion-upholstery-cover-p-56066.html HTTP/1.0" 200 76405 "-" "Mozilla/5.0 (compatible; BLEXBot/1.0; +http://webmeup-crawler.com/)"
157.90.182.25 - - [03/Oct/2023:18:43:18 +0200] "GET /cushion-upholstery-cover-p-56067.html HTTP/1.0" 200 77036 "-" "Mozilla/5.0 (compatible; BLEXBot/1.0; +http://webmeup-crawler.com/)"
17.241.219.188 - - [03/Oct/2023:18:43:21 +0200] "GET /glittery-pink-glass-cover-p-58060.html HTTP/1.0" 200 76845 "-" "Mozilla/5.0 (Macintosh; Intel Mac OS X 10_15_5) AppleWebKit/605.1.15 (KHTML, like Gecko) Version/13.1.1 Safari/605.1.15 (Applebot/0.1; +http://www.apple.com/go/applebot)"
54.36.148.186 - - [03/Oct/2023:18:43:27 +0200] "GET /lamas-table-p-45632.html HTTP/1.0" 200 76022 "-" "Mozilla/5.0 (compatible; AhrefsBot/7.0; +http://ahrefs.com/robot/)"
157.90.182.25 - - [03/Oct/2023:18:43:32 +0200] "GET /cushion-upholstery-cover-p-56958.html HTTP/1.0" 200 76429 "-" "Mozilla/5.0 (compatible; BLEXBot/1.0; +http://webmeup-crawler.com/)"
157.90.182.25 - - [03/Oct/2023:18:43:38 +0200] "GET /cushion-upholstery-cover-p-56959.html HTTP/1.0" 200 76424 "-" "Mozilla/5.0 (compatible; BLEXBot/1.0; +http://webmeup-crawler.com/)"
157.90.182.25 - - [03/Oct/2023:18:43:45 +0200] "GET /cushion-upholstery-cover-p-58290.html HTTP/1.0" 200 76405 "-" "Mozilla/5.0 (compatible; BLEXBot/1.0; +http://webmeup-crawler.com/)"
157.90.182.25 - - [03/Oct/2023:18:43:52 +0200] "GET /cushion-upholstery-cover-p-59787.html HTTP/1.0" 200 77037 "-" "Mozilla/5.0 (compatible; BLEXBot/1.0; +http://webmeup-crawler.com/)"
66.249.66.205 - - [03/Oct/2023:18:43:58 +0200] "GET /incense-rose-grams-about-sticks-p-52436.html HTTP/1.0" 200 76412 "-" "Mozilla/5.0 (Linux; Android 6.0.1; Nexus 5X Build/MMB29P) AppleWebKit/537.36 (KHTML, like Gecko) Chrome/117.0.5938.132 Mobile Safari/537.36 (compatible; Googlebot/2.1; +http://www.google.com/bot.html)"
157.90.182.25 - - [03/Oct/2023:18:44:01 +0200] "GET /cushions-c-11_71_283.html?page=2 HTTP/1.0" 200 94225 "-" "Mozilla/5.0 (compatible; BLEXBot/1.0; +http://webmeup-crawler.com/)"
54.36.148.32 - - [03/Oct/2023:18:44:07 +0200] "GET /fiat-yellow-pencil-case-p-17069.html HTTP/1.0" 200 76388 "-" "Mozilla/5.0 (compatible; AhrefsBot/7.0; +http://ahrefs.com/robot/)"
157.90.182.25 - - [03/Oct/2023:18:44:09 +0200] "GET /cushions-draft-excluders-c-11_71_316.html?page=2 HTTP/1.0" 200 81469 "-" "Mozilla/5.0 (compatible; BLEXBot/1.0; +http://webmeup-crawler.com/)"
157.90.182.25 - - [03/Oct/2023:18:44:18 +0200] "GET /cushions-floor-cushions-cushion-covers-c-11_71.html?page=2 HTTP/1.0" 200 96062 "-" "Mozilla/5.0 (compatible; BLEXBot/1.0; +http://webmeup-crawler.com/)"
185.191.171.18 - - [03/Oct/2023:18:44:20 +0200] "GET /mareva-coated-tablecloth-grey-yellow-p-45344.html HTTP/1.0" 200 73880 "-" "Mozilla/5.0 (compatible; SemrushBot/7~bl; +http://www.semrush.com/bot.html)"
157.55.39.203 - - [03/Oct/2023:18:44:22 +0200] "GET /school-trolley-c-31_169.html HTTP/1.0" 200 84391 "-" "Mozilla/5.0 AppleWebKit/537.36 (KHTML, like Gecko; compatible; bingbot/2.0; +http://www.bing.com/bingbot.htm) Chrome/103.0.5060.134 Safari/537.36"
157.90.182.25 - - [03/Oct/2023:18:44:25 +0200] "GET /cushions-floor-cushions-cushion-covers-c-11_71.html?page=3 HTTP/1.0" 200 95869 "-" "Mozilla/5.0 (compatible; BLEXBot/1.0; +http://webmeup-crawler.com/)"
157.90.182.25 - - [03/Oct/2023:18:44:36 +0200] "GET /cushions-floor-cushions-cushion-covers-c-11_71.html?page=4 HTTP/1.0" 200 96215 "-" "Mozilla/5.0 (compatible; BLEXBot/1.0; +http://webmeup-crawler.com/)"
54.36.148.20 - - [03/Oct/2023:18:44:41 +0200] "GET /letter-wall-decor-sticker-gray-p-57797.html HTTP/1.0" 200 77005 "-" "Mozilla/5.0 (compatible; AhrefsBot/7.0; +http://ahrefs.com/robot/)"
157.90.182.25 - - [03/Oct/2023:18:44:43 +0200] "GET /cushions-floor-cushions-cushion-covers-c-11_71.html?page=5 HTTP/1.0" 200 95970 "-" "Mozilla/5.0 (compatible; BLEXBot/1.0; +http://webmeup-crawler.com/)"
85.208.96.207 - - [03/Oct/2023:18:44:45 +0200] "GET /ball-lamp-polished-pebbles-rock-crystal-p-47200.html HTTP/1.0" 200 77229 "-" "Mozilla/5.0 (compatible; SemrushBot/7~bl; +http://www.semrush.com/bot.html)"
157.90.182.25 - - [03/Oct/2023:18:44:50 +0200] "GET /cushions-floor-cushions-cushion-covers-c-11_71.html?page=6 HTTP/1.0" 200 96165 "-" "Mozilla/5.0 (compatible; BLEXBot/1.0; +http://webmeup-crawler.com/)"
157.90.182.25 - - [03/Oct/2023:18:44:58 +0200] "GET /cushions-floor-cushions-cushion-covers-c-11_71.html?page=7 HTTP/1.0" 200 96573 "-" "Mozilla/5.0 (compatible; BLEXBot/1.0; +http://webmeup-crawler.com/)"
157.90.182.25 - - [03/Oct/2023:18:45:07 +0200] "GET /cushions-floor-cushions-cushion-covers-c-11_71.html?page=8 HTTP/1.0" 200 97165 "-" "Mozilla/5.0 (compatible; BLEXBot/1.0; +http://webmeup-crawler.com/)"
85.208.96.195 - - [03/Oct/2023:18:45:09 +0200] "GET /black-ball-p-54492.html HTTP/1.0" 200 76144 "-" "Mozilla/5.0 (compatible; SemrushBot/7~bl; +http://www.semrush.com/bot.html)"
157.90.182.25 - - [03/Oct/2023:18:45:15 +0200] "GET /cushions-floor-cushions-cushion-covers-c-11_71.html?page=9 HTTP/1.0" 200 83382 "-" "Mozilla/5.0 (compatible; BLEXBot/1.0; +http://webmeup-crawler.com/)"
54.36.149.78 - - [03/Oct/2023:18:45:18 +0200] "GET /bamboo-fiber-plant-cover-p-58260.html HTTP/1.0" 200 76797 "-" "Mozilla/5.0 (compatible; AhrefsBot/7.0; +http://ahrefs.com/robot/)"
157.90.182.25 - - [03/Oct/2023:18:45:22 +0200] "GET /cyrielle-bedclothes-p-58442.html HTTP/1.0" 200 76853 "-" "Mozilla/5.0 (compatible; BLEXBot/1.0; +http://webmeup-crawler.com/)"
54.36.148.214 - - [03/Oct/2023:18:45:25 +0200] "GET /images/big_prod_1/8422048840912B.jpg HTTP/1.0" 200 271 "-" "Mozilla/5.0 (compatible; AhrefsBot/7.0; +http://ahrefs.com/robot/)"
157.90.182.25 - - [03/Oct/2023:18:45:29 +0200] "GET /daisy-duck-figure-p-2857.html HTTP/1.0" 200 76190 "-" "Mozilla/5.0 (compatible; BLEXBot/1.0; +http://webmeup-crawler.com/)"
157.90.182.25 - - [03/Oct/2023:18:45:34 +0200] "GET /daisy-duck-hair-ornements-p-19277.html HTTP/1.0" 200 78743 "-" "Mozilla/5.0 (compatible; BLEXBot/1.0; +http://webmeup-crawler.com/)"
157.90.182.25 - - [03/Oct/2023:18:45:42 +0200] "GET /daisy-duck-sports-bottle-p-25065.html HTTP/1.0" 200 76960 "-" "Mozilla/5.0 (compatible; BLEXBot/1.0; +http://webmeup-crawler.com/)"
157.90.182.25 - - [03/Oct/2023:18:45:48 +0200] "GET /daisy-minnie-lunch-bottle-p-31685.html HTTP/1.0" 200 76374 "-" "Mozilla/5.0 (compatible; BLEXBot/1.0; +http://webmeup-crawler.com/)"
54.36.148.87 - - [03/Oct/2023:18:45:51 +0200] "GET /letter-wall-decor-sticker-gray-p-57792.html HTTP/1.0" 200 77004 "-" "Mozilla/5.0 (compatible; AhrefsBot/7.0; +http://ahrefs.com/robot/)"
54.36.149.29 - - [03/Oct/2023:18:45:54 +0200] "GET /images/big_prod/3700281666878.jpg HTTP/1.0" 200 268 "-" "Mozilla/5.0 (compatible; AhrefsBot/7.0; +http://ahrefs.com/robot/)"
157.90.182.25 - - [03/Oct/2023:18:45:55 +0200] "GET /dalmatian-cushion-p-40177.html HTTP/1.0" 200 76255 "-" "Mozilla/5.0 (compatible; BLEXBot/1.0; +http://webmeup-crawler.com/)"
157.90.182.25 - - [03/Oct/2023:18:46:02 +0200] "GET /damask-shower-curtain-p-52460.html HTTP/1.0" 200 76845 "-" "Mozilla/5.0 (compatible; BLEXBot/1.0; +http://webmeup-crawler.com/)"
157.90.182.25 - - [03/Oct/2023:18:46:08 +0200] "GET /dameron-miniature-character-p-32466.html HTTP/1.0" 200 76376 "-" "Mozilla/5.0 (compatible; BLEXBot/1.0; +http://webmeup-crawler.com/)"
157.90.182.25 - - [03/Oct/2023:18:46:14 +0200] "GET /dancer-ballerina-jewelry-phosphorescent-p-50832.html HTTP/1.0" 200 77514 "-" "Mozilla/5.0 (compatible; BLEXBot/1.0; +http://webmeup-crawler.com/)"
157.90.182.25 - - [03/Oct/2023:18:46:21 +0200] "GET /dancer-ballerina-jewelry-phosphorescent-p-50834.html HTTP/1.0" 200 77755 "-" "Mozilla/5.0 (compatible; BLEXBot/1.0; +http://webmeup-crawler.com/)"
157.90.182.25 - - [03/Oct/2023:18:46:26 +0200] "GET /dancer-jewelery-p-42718.html HTTP/1.0" 200 76864 "-" "Mozilla/5.0 (compatible; BLEXBot/1.0; +http://webmeup-crawler.com/)"
54.36.149.53 - - [03/Oct/2023:18:46:27 +0200] "GET /letter-wall-decor-sticker-gray-p-57796.html HTTP/1.0" 200 77005 "-" "Mozilla/5.0 (compatible; AhrefsBot/7.0; +http://ahrefs.com/robot/)"
157.90.182.25 - - [03/Oct/2023:18:46:32 +0200] "GET /dancing-solar-santa-p-59620.html HTTP/1.0" 200 77195 "-" "Mozilla/5.0 (compatible; BLEXBot/1.0; +http://webmeup-crawler.com/)"
157.90.182.25 - - [03/Oct/2023:18:46:38 +0200] "GET /dark-blue-polyester-round-chair-cushion-p-60654.html HTTP/1.0" 200 76895 "-" "Mozilla/5.0 (compatible; BLEXBot/1.0; +http://webmeup-crawler.com/)"
157.90.182.25 - - [03/Oct/2023:18:46:45 +0200] "GET /dark-cutie-dude-women-shirt-white-p-60751.html HTTP/1.0" 200 76284 "-" "Mozilla/5.0 (compatible; BLEXBot/1.0; +http://webmeup-crawler.com/)"
157.90.182.25 - - [03/Oct/2023:18:46:52 +0200] "GET /dark-dudes-doggy-dude-pencil-case-p-6152.html HTTP/1.0" 200 76369 "-" "Mozilla/5.0 (compatible; BLEXBot/1.0; +http://webmeup-crawler.com/)"
54.36.148.102 - - [03/Oct/2023:18:46:53 +0200] "GET /chantilly-fitted-sheet-p-43577.html HTTP/1.0" 200 76232 "-" "Mozilla/5.0 (compatible; AhrefsBot/7.0; +http://ahrefs.com/robot/)"
157.90.182.25 - - [03/Oct/2023:18:46:58 +0200] "GET /dark-gray-sandstone-lamp-p-56457.html HTTP/1.0" 200 76883 "-" "Mozilla/5.0 (compatible; BLEXBot/1.0; +http://webmeup-crawler.com/)"
157.90.182.25 - - [03/Oct/2023:18:47:09 +0200] "GET /deco-soapstone-tree-life-blue-p-53789.html HTTP/1.0" 200 77060 "-" "Mozilla/5.0 (compatible; BLEXBot/1.0; +http://webmeup-crawler.com/)"
