54.36.149.102 - - [03/Oct/2023:23:37:51 +0200] "GET /images/big_prod_1/3442440248920a.jpg HTTP/1.0" 200 271 "-" "Mozilla/5.0 (compatible; AhrefsBot/7.0; +http://ahrefs.com/robot/)"
157.90.182.25 - - [03/Oct/2023:23:37:55 +0200] "GET /wall-decoration-wood-c-13_274.html?page=2 HTTP/1.0" 200 97794 "-" "Mozilla/5.0 (compatible; BLEXBot/1.0; +http://webmeup-crawler.com/)"
157.90.182.25 - - [03/Oct/2023:23:38:03 +0200] "GET /wall-decoration-wood-c-13_274.html?page=3 HTTP/1.0" 200 97373 "-" "Mozilla/5.0 (compatible; BLEXBot/1.0; +http://webmeup-crawler.com/)"
157.90.182.25 - - [03/Oct/2023:23:38:09 +0200] "GET /wall-decoration-wood-c-13_274.html?page=4 HTTP/1.0" 200 97374 "-" "Mozilla/5.0 (compatible; BLEXBot/1.0; +http://webmeup-crawler.com/)"
103.136.221.62 - - [03/Oct/2023:23:38:16 +0200] "GET /images/mini_prod/3014627939664.jpg HTTP/1.0" 200 269 "-" "Mozilla/5.0 (X11; Ubuntu; Linux x86_64; rv:72.0) Gecko/20100101 Firefox/72.0"
157.90.182.25 - - [03/Oct/2023:23:38:16 +0200] "GET /wall-decoration-wood-c-13_274.html?page=5 HTTP/1.0" 200 97773 "-" "Mozilla/5.0 (compatible; BLEXBot/1.0; +http://webmeup-crawler.com/)"
157.90.182.25 - - [03/Oct/2023:23:38:21 +0200] "GET /wall-decoration-wood-c-13_274.html?page=6 HTTP/1.0" 200 97929 "-" "Mozilla/5.0 (compatible; BLEXBot/1.0; +http://webmeup-crawler.com/)"
54.36.148.0 - - [03/Oct/2023:23:38:24 +0200] "GET /maori-jute-cotton-basket-p-57621.html HTTP/1.0" 200 76988 "-" "Mozilla/5.0 (compatible; AhrefsBot/7.0; +http://ahrefs.com/robot/)"
157.90.182.25 - - [03/Oct/2023:23:38:28 +0200] "GET /wall-decoration-wood-c-13_274.html?page=7 HTTP/1.0" 200 97949 "-" "Mozilla/5.0 (compatible; BLEXBot/1.0; +http://webmeup-crawler.com/)"
85.208.96.193 - - [03/Oct/2023:23:38:32 +0200] "GET /toucan-porcelain-bowl-p-44480.html HTTP/1.0" 200 76123 "-" "Mozilla/5.0 (compatible; SemrushBot/7~bl; +http://www.semrush.com/bot.html)"
54.36.148.153 - - [03/Oct/2023:23:38:34 +0200] "GET /images/big_prod/3665269183177.jpg HTTP/1.0" 200 268 "-" "Mozilla/5.0 (compatible; AhrefsBot/7.0; +http://ahrefs.com/robot/)"
157.90.182.25 - - [03/Oct/2023:23:38:35 +0200] "GET /wall-decoration-wood-c-13_274.html?page=8 HTTP/1.0" 200 98067 "-" "Mozilla/5.0 (compatible; BLEXBot/1.0; +http://webmeup-crawler.com/)"
157.90.182.25 - - [03/Oct/2023:23:38:43 +0200] "GET /wall-decoration-wood-c-13_274.html?page=9 HTTP/1.0" 200 99324 "-" "Mozilla/5.0 (compatible; BLEXBot/1.0; +http://webmeup-crawler.com/)"
157.90.182.25 - - [03/Oct/2023:23:38:50 +0200] "GET /wall-sticker-c-13_187.html?page=10 HTTP/1.0" 200 97536 "-" "Mozilla/5.0 (compatible; BLEXBot/1.0; +http://webmeup-crawler.com/)"
114.119.147.213 - - [03/Oct/2023:23:38:52 +0200] "GET /teo-jasmin-blue-melamine-tray-p-50098.html HTTP/1.0" 301 73960 "http://www.wonder-geek.com/mini-trays-c-12_159_260.html?page=4" "Mozilla/5.0 (Linux; Android 7.0;) AppleWebKit/537.36 (KHTML, like Gecko) Mobile Safari/537.36 (compatible; PetalBot;+https://webmaster.petalsearch.com/site/petalbot)"
157.90.182.25 - - [03/Oct/2023:23:38:56 +0200] "GET /wall-sticker-c-13_187.html?page=11 HTTP/1.0" 200 97584 "-" "Mozilla/5.0 (compatible; BLEXBot/1.0; +http://webmeup-crawler.com/)"
114.119.147.213 - - [03/Oct/2023:23:38:58 +0200] "GET /jasmin-blue-melamine-tray-p-50098.html HTTP/1.0" 200 73868 "http://www.wonder-geek.com/mini-trays-c-12_159_260.html?page=4" "Mozilla/5.0 (Linux; Android 7.0;) AppleWebKit/537.36 (KHTML, like Gecko) Mobile Safari/537.36 (compatible; PetalBot;+https://webmaster.petalsearch.com/site/petalbot)"
169.233.1.13 - - [03/Oct/2023:23:39:03 +0200] "GET /images/mini_prod/3438100322253.jpg HTTP/1.0" 200 269 "-" "Mozilla/5.0 (X11; Ubuntu; Linux x86_64; rv:72.0) Gecko/20100101 Firefox/72.0"
54.36.148.246 - - [03/Oct/2023:23:39:03 +0200] "GET /beautiful-babushka-kimmidoll-black-notebook-p-33221.html HTTP/1.0" 200 76418 "-" "Mozilla/5.0 (compatible; AhrefsBot/7.0; +http://ahrefs.com/robot/)"
157.90.182.25 - - [03/Oct/2023:23:39:03 +0200] "GET /wall-sticker-c-13_187.html?page=2 HTTP/1.0" 200 97060 "-" "Mozilla/5.0 (compatible; BLEXBot/1.0; +http://webmeup-crawler.com/)"
157.90.182.25 - - [03/Oct/2023:23:39:09 +0200] "GET /wall-sticker-c-13_187.html?page=3 HTTP/1.0" 200 97165 "-" "Mozilla/5.0 (compatible; BLEXBot/1.0; +http://webmeup-crawler.com/)"
157.90.182.25 - - [03/Oct/2023:23:39:17 +0200] "GET /wall-sticker-c-13_187.html?page=4 HTTP/1.0" 200 97551 "-" "Mozilla/5.0 (compatible; BLEXBot/1.0; +http://webmeup-crawler.com/)"
66.249.66.206 - - [03/Oct/2023:23:39:24 +0200] "GET /splendid-skaters-victorian-mickey-minnie-mouse-waterbal-p-56581.html HTTP/1.0" 200 77953 "-" "Mozilla/5.0 (Linux; Android 6.0.1; Nexus 5X Build/MMB29P) AppleWebKit/537.36 (KHTML, like Gecko) Chrome/117.0.5938.132 Mobile Safari/537.36 (compatible; Googlebot/2.1; +http://www.google.com/bot.html)"
66.249.66.205 - - [03/Oct/2023:23:39:25 +0200] "GET /carafe-with-multi-function-infuser-cherry-blossom-p-51733.html HTTP/1.0" 200 73956 "-" "Mozilla/5.0 (compatible; Googlebot/2.1; +http://www.google.com/bot.html)"
157.90.182.25 - - [03/Oct/2023:23:39:26 +0200] "GET /wall-sticker-c-13_187.html?page=5 HTTP/1.0" 200 98271 "-" "Mozilla/5.0 (compatible; BLEXBot/1.0; +http://webmeup-crawler.com/)"
185.191.171.16 - - [03/Oct/2023:23:39:32 +0200] "GET /-p-34916.html HTTP/1.0" 200 73770 "-" "Mozilla/5.0 (compatible; SemrushBot/7~bl; +http://www.semrush.com/bot.html)"
157.90.182.25 - - [03/Oct/2023:23:39:33 +0200] "GET /wall-sticker-c-13_187.html?page=6 HTTP/1.0" 200 97790 "-" "Mozilla/5.0 (compatible; BLEXBot/1.0; +http://webmeup-crawler.com/)"
54.36.149.57 - - [03/Oct/2023:23:39:39 +0200] "GET /scented-candle-made-france-lavender-p-57034.html HTTP/1.0" 200 77716 "-" "Mozilla/5.0 (compatible; AhrefsBot/7.0; +http://ahrefs.com/robot/)"
157.90.182.25 - - [03/Oct/2023:23:39:41 +0200] "GET /wall-sticker-c-13_187.html?page=7 HTTP/1.0" 200 97213 "-" "Mozilla/5.0 (compatible; BLEXBot/1.0; +http://webmeup-crawler.com/)"
54.36.148.176 - - [03/Oct/2023:23:39:45 +0200] "GET /images/big_prod/8422084818098.jpg HTTP/1.0" 200 268 "-" "Mozilla/5.0 (compatible; AhrefsBot/7.0; +http://ahrefs.com/robot/)"
157.90.182.25 - - [03/Oct/2023:23:39:49 +0200] "GET /wall-sticker-c-13_187.html?page=8 HTTP/1.0" 200 97096 "-" "Mozilla/5.0 (compatible; BLEXBot/1.0; +http://webmeup-crawler.com/)"
157.90.182.25 - - [03/Oct/2023:23:39:57 +0200] "GET /wall-sticker-c-13_187.html?page=9 HTTP/1.0" 200 97367 "-" "Mozilla/5.0 (compatible; BLEXBot/1.0; +http://webmeup-crawler.com/)"
85.208.96.205 - - [03/Oct/2023:23:39:59 +0200] "GET /bleu-lampshade-p-58054.html HTTP/1.0" 200 73816 "-" "Mozilla/5.0 (compatible; SemrushBot/7~bl; +http://www.semrush.com/bot.html)"
157.90.182.25 - - [03/Oct/2023:23:40:04 +0200] "GET /wallet-c-31_237.html?page=2 HTTP/1.0" 200 91397 "-" "Mozilla/5.0 (compatible; BLEXBot/1.0; +http://webmeup-crawler.com/)"
157.90.182.25 - - [03/Oct/2023:23:40:11 +0200] "GET /wanted-photo-frame-p-28800.html HTTP/1.0" 200 76090 "-" "Mozilla/5.0 (compatible; BLEXBot/1.0; +http://webmeup-crawler.com/)"
157.90.182.25 - - [03/Oct/2023:23:40:19 +0200] "GET /water-bottles-heaters-c-13_288.html?page=2 HTTP/1.0" 200 94101 "-" "Mozilla/5.0 (compatible; BLEXBot/1.0; +http://webmeup-crawler.com/)"
54.36.148.225 - - [03/Oct/2023:23:40:25 +0200] "GET /canvas-frame-yoga-poses-p-60469.html HTTP/1.0" 200 76789 "-" "Mozilla/5.0 (compatible; AhrefsBot/7.0; +http://ahrefs.com/robot/)"
157.90.182.25 - - [03/Oct/2023:23:40:27 +0200] "GET /water-bottles-heaters-c-13_288.html?page=3 HTTP/1.0" 200 94502 "-" "Mozilla/5.0 (compatible; BLEXBot/1.0; +http://webmeup-crawler.com/)"
54.36.149.105 - - [03/Oct/2023:23:40:29 +0200] "GET /images/big_prod/3700281688528.jpg HTTP/1.0" 200 268 "-" "Mozilla/5.0 (compatible; AhrefsBot/7.0; +http://ahrefs.com/robot/)"
8.219.138.46 - - [03/Oct/2023:23:40:32 +0200] "GET /images/mini_prod/5036278051050.jpg HTTP/1.0" 200 269 "-" "python-requests/2.31.0"
157.90.182.25 - - [03/Oct/2023:23:40:36 +0200] "GET /water-bottles-heaters-c-13_288.html?page=4 HTTP/1.0" 200 86446 "-" "Mozilla/5.0 (compatible; BLEXBot/1.0; +http://webmeup-crawler.com/)"
157.90.182.25 - - [03/Oct/2023:23:40:43 +0200] "GET /water-bottles-sport-bottles-c-12_161.html?page=10 HTTP/1.0" 200 100029 "-" "Mozilla/5.0 (compatible; BLEXBot/1.0; +http://webmeup-crawler.com/)"
157.90.182.25 - - [03/Oct/2023:23:40:50 +0200] "GET /water-bottles-sport-bottles-c-12_161.html?page=11 HTTP/1.0" 200 88687 "-" "Mozilla/5.0 (compatible; BLEXBot/1.0; +http://webmeup-crawler.com/)"
85.208.96.211 - - [03/Oct/2023:23:40:55 +0200] "GET /hello-kitty-camomilla-purple-sequins-shopping-p-8396.html HTTP/1.0" 200 76622 "-" "Mozilla/5.0 (compatible; SemrushBot/7~bl; +http://www.semrush.com/bot.html)"
157.90.182.25 - - [03/Oct/2023:23:40:56 +0200] "GET /water-bottles-sport-bottles-c-12_161.html?page=2 HTTP/1.0" 200 98500 "-" "Mozilla/5.0 (compatible; BLEXBot/1.0; +http://webmeup-crawler.com/)"
85.208.96.207 - - [03/Oct/2023:23:41:00 +0200] "GET /tassen-mood-made-germany-p-43327.html HTTP/1.0" 200 76459 "-" "Mozilla/5.0 (compatible; SemrushBot/7~bl; +http://www.semrush.com/bot.html)"
157.90.182.25 - - [03/Oct/2023:23:41:03 +0200] "GET /water-bottles-sport-bottles-c-12_161.html?page=3 HTTP/1.0" 200 99053 "-" "Mozilla/5.0 (compatible; BLEXBot/1.0; +http://webmeup-crawler.com/)"
54.36.148.241 - - [03/Oct/2023:23:41:08 +0200] "GET /paperweight-glass-flower-p-60839.html HTTP/1.0" 200 76170 "-" "Mozilla/5.0 (compatible; AhrefsBot/7.0; +http://ahrefs.com/robot/)"
157.90.182.25 - - [03/Oct/2023:23:41:10 +0200] "GET /water-bottles-sport-bottles-c-12_161.html?page=4 HTTP/1.0" 200 98319 "-" "Mozilla/5.0 (compatible; BLEXBot/1.0; +http://webmeup-crawler.com/)"
157.90.182.25 - - [03/Oct/2023:23:41:18 +0200] "GET /water-bottles-sport-bottles-c-12_161.html?page=5 HTTP/1.0" 200 99309 "-" "Mozilla/5.0 (compatible; BLEXBot/1.0; +http://webmeup-crawler.com/)"
157.90.182.25 - - [03/Oct/2023:23:41:26 +0200] "GET /water-bottles-sport-bottles-c-12_161.html?page=6 HTTP/1.0" 200 99511 "-" "Mozilla/5.0 (compatible; BLEXBot/1.0; +http://webmeup-crawler.com/)"
157.90.182.25 - - [03/Oct/2023:23:41:32 +0200] "GET /water-bottles-sport-bottles-c-12_161.html?page=7 HTTP/1.0" 200 100356 "-" "Mozilla/5.0 (compatible; BLEXBot/1.0; +http://webmeup-crawler.com/)"
157.90.182.25 - - [03/Oct/2023:23:41:38 +0200] "GET /water-bottles-sport-bottles-c-12_161.html?page=8 HTTP/1.0" 200 100149 "-" "Mozilla/5.0 (compatible; BLEXBot/1.0; +http://webmeup-crawler.com/)"
54.36.149.24 - - [03/Oct/2023:23:41:43 +0200] "GET /corsica-metal-plate-p-52527.html HTTP/1.0" 200 76095 "-" "Mozilla/5.0 (compatible; AhrefsBot/7.0; +http://ahrefs.com/robot/)"
157.90.182.25 - - [03/Oct/2023:23:41:46 +0200] "GET /water-bottles-sport-bottles-c-12_161.html?page=9 HTTP/1.0" 200 100340 "-" "Mozilla/5.0 (compatible; BLEXBot/1.0; +http://webmeup-crawler.com/)"
157.90.182.25 - - [03/Oct/2023:23:41:53 +0200] "GET /water-outdoor-games-c-4_143.html?page=2 HTTP/1.0" 200 84963 "-" "Mozilla/5.0 (compatible; BLEXBot/1.0; +http://webmeup-crawler.com/)"
157.90.182.25 - - [03/Oct/2023:23:42:00 +0200] "GET /waterproof-polyester-mattress-protector-p-49341.html HTTP/1.0" 200 76370 "-" "Mozilla/5.0 (compatible; BLEXBot/1.0; +http://webmeup-crawler.com/)"
157.90.182.25 - - [03/Oct/2023:23:42:09 +0200] "GET /wave-teapot-p-56169.html HTTP/1.0" 200 77231 "-" "Mozilla/5.0 (compatible; BLEXBot/1.0; +http://webmeup-crawler.com/)"
157.90.182.25 - - [03/Oct/2023:23:42:16 +0200] "GET /weenicons-east-cost-shirt-p-29582.html HTTP/1.0" 200 77583 "-" "Mozilla/5.0 (compatible; BLEXBot/1.0; +http://webmeup-crawler.com/)"
54.36.148.25 - - [03/Oct/2023:23:42:21 +0200] "GET /louison-bedclothes-p-52099.html HTTP/1.0" 200 76206 "-" "Mozilla/5.0 (compatible; AhrefsBot/7.0; +http://ahrefs.com/robot/)"
157.90.182.25 - - [03/Oct/2023:23:42:22 +0200] "GET /weenicons-talking-shirt-p-29585.html HTTP/1.0" 200 77374 "-" "Mozilla/5.0 (compatible; BLEXBot/1.0; +http://webmeup-crawler.com/)"
157.55.39.51 - - [03/Oct/2023:23:42:26 +0200] "GET /bagshandbags-shoulder-bags-c-31_81.html?page=2 HTTP/1.0" 200 99100 "-" "Mozilla/5.0 AppleWebKit/537.36 (KHTML, like Gecko; compatible; bingbot/2.0; +http://www.bing.com/bingbot.htm) Chrome/103.0.5060.134 Safari/537.36"
85.208.96.195 - - [03/Oct/2023:23:42:28 +0200] "GET /swiss-cbkreation-p-33769.html HTTP/1.0" 200 76108 "-" "Mozilla/5.0 (compatible; SemrushBot/7~bl; +http://www.semrush.com/bot.html)"
157.90.182.25 - - [03/Oct/2023:23:42:29 +0200] "GET /white-black-skull-keyrings-sound-light-p-40194.html HTTP/1.0" 200 76361 "-" "Mozilla/5.0 (compatible; BLEXBot/1.0; +http://webmeup-crawler.com/)"
157.90.182.25 - - [03/Oct/2023:23:42:36 +0200] "GET /white-black-terrestrial-globe-p-60871.html HTTP/1.0" 200 76921 "-" "Mozilla/5.0 (compatible; BLEXBot/1.0; +http://webmeup-crawler.com/)"
157.90.182.25 - - [03/Oct/2023:23:42:42 +0200] "GET /white-board-wood-p-39456.html HTTP/1.0" 200 76370 "-" "Mozilla/5.0 (compatible; BLEXBot/1.0; +http://webmeup-crawler.com/)"
157.90.182.25 - - [03/Oct/2023:23:42:48 +0200] "GET /white-bubble-girl-vase-p-60374.html HTTP/1.0" 200 76981 "-" "Mozilla/5.0 (compatible; BLEXBot/1.0; +http://webmeup-crawler.com/)"
157.90.182.25 - - [03/Oct/2023:23:42:55 +0200] "GET /white-cats-salt-pepper-p-52793.html HTTP/1.0" 200 76767 "-" "Mozilla/5.0 (compatible; BLEXBot/1.0; +http://webmeup-crawler.com/)"
54.36.148.180 - - [03/Oct/2023:23:42:57 +0200] "GET /incense-sticks-burner-storage-flowers-p-58689.html HTTP/1.0" 200 77479 "-" "Mozilla/5.0 (compatible; AhrefsBot/7.0; +http://ahrefs.com/robot/)"
157.90.182.25 - - [03/Oct/2023:23:43:02 +0200] "GET /white-ceramic-p-50009.html HTTP/1.0" 200 76097 "-" "Mozilla/5.0 (compatible; BLEXBot/1.0; +http://webmeup-crawler.com/)"
157.90.182.25 - - [03/Oct/2023:23:43:09 +0200] "GET /white-ceramic-p-55575.html HTTP/1.0" 200 76646 "-" "Mozilla/5.0 (compatible; BLEXBot/1.0; +http://webmeup-crawler.com/)"
157.90.182.25 - - [03/Oct/2023:23:43:15 +0200] "GET /white-ceramic-p-55576.html HTTP/1.0" 200 76647 "-" "Mozilla/5.0 (compatible; BLEXBot/1.0; +http://webmeup-crawler.com/)"
169.233.1.13 - - [03/Oct/2023:23:43:16 +0200] "GET /images/mini_prod/3453131148979.jpg HTTP/1.0" 200 269 "-" "Mozilla/5.0 (X11; Ubuntu; Linux x86_64; rv:72.0) Gecko/20100101 Firefox/72.0"
157.90.182.25 - - [03/Oct/2023:23:43:21 +0200] "GET /white-ceramic-p-55577.html HTTP/1.0" 200 76646 "-" "Mozilla/5.0 (compatible; BLEXBot/1.0; +http://webmeup-crawler.com/)"
157.90.182.25 - - [03/Oct/2023:23:43:27 +0200] "GET /white-cotton-chandelier-p-58310.html HTTP/1.0" 200 77003 "-" "Mozilla/5.0 (compatible; BLEXBot/1.0; +http://webmeup-crawler.com/)"
157.90.182.25 - - [03/Oct/2023:23:43:34 +0200] "GET /white-decorative-statue-p-31563.html HTTP/1.0" 200 76285 "-" "Mozilla/5.0 (compatible; BLEXBot/1.0; +http://webmeup-crawler.com/)"
185.191.171.2 - - [03/Oct/2023:23:43:38 +0200] "GET /jasmin-coasters-p-34892.html HTTP/1.0" 200 76085 "-" "Mozilla/5.0 (compatible; SemrushBot/7~bl; +http://www.semrush.com/bot.html)"
54.36.148.134 - - [03/Oct/2023:23:43:40 +0200] "GET /scented-candle-made-france-cotton-flower-p-57027.html HTTP/1.0" 200 77630 "-" "Mozilla/5.0 (compatible; AhrefsBot/7.0; +http://ahrefs.com/robot/)"
157.90.182.25 - - [03/Oct/2023:23:43:41 +0200] "GET /white-gold-jewelry-holder-p-58457.html HTTP/1.0" 200 77182 "-" "Mozilla/5.0 (compatible; BLEXBot/1.0; +http://webmeup-crawler.com/)"
54.36.148.33 - - [03/Oct/2023:23:43:44 +0200] "GET /images/big_prod_2/8422084818029C.jpg HTTP/1.0" 200 271 "-" "Mozilla/5.0 (compatible; AhrefsBot/7.0; +http://ahrefs.com/robot/)"
157.90.182.25 - - [03/Oct/2023:23:43:47 +0200] "GET /white-kitchen-towel-p-38795.html HTTP/1.0" 200 76150 "-" "Mozilla/5.0 (compatible; BLEXBot/1.0; +http://webmeup-crawler.com/)"
47.245.92.230 - - [03/Oct/2023:23:43:51 +0200] "GET /images/big_prod_1/8435337095610B.jpg HTTP/1.0" 200 271 "-" "python-requests/2.31.0"
157.90.182.25 - - [03/Oct/2023:23:43:51 +0200] "GET /white-lampshade-p-53665.html HTTP/1.0" 200 76923 "-" "Mozilla/5.0 (compatible; BLEXBot/1.0; +http://webmeup-crawler.com/)"
157.90.182.25 - - [03/Oct/2023:23:43:58 +0200] "GET /white-lampshade-p-53672.html HTTP/1.0" 200 76160 "-" "Mozilla/5.0 (compatible; BLEXBot/1.0; +http://webmeup-crawler.com/)"
185.191.171.6 - - [03/Oct/2023:23:44:04 +0200] "GET /robots.txt HTTP/1.0" 200 245 "-" "Mozilla/5.0 (compatible; SemrushBot/7~bl; +http://www.semrush.com/bot.html)"
157.90.182.25 - - [03/Oct/2023:23:44:04 +0200] "GET /white-lampshade-p-56443.html HTTP/1.0" 200 76922 "-" "Mozilla/5.0 (compatible; BLEXBot/1.0; +http://webmeup-crawler.com/)"
185.191.171.19 - - [03/Oct/2023:23:44:04 +0200] "GET /small-pink-elefant-money-p-54806.html HTTP/1.0" 200 76207 "-" "Mozilla/5.0 (compatible; SemrushBot/7~bl; +http://www.semrush.com/bot.html)"
157.90.182.25 - - [03/Oct/2023:23:44:11 +0200] "GET /white-metal-chandelier-p-58722.html HTTP/1.0" 200 76976 "-" "Mozilla/5.0 (compatible; BLEXBot/1.0; +http://webmeup-crawler.com/)"
54.36.149.59 - - [03/Oct/2023:23:44:17 +0200] "GET /cats-dubout-vase-trio-p-35042.html HTTP/1.0" 200 77168 "-" "Mozilla/5.0 (compatible; AhrefsBot/7.0; +http://ahrefs.com/robot/)"
157.90.182.25 - - [03/Oct/2023:23:44:18 +0200] "GET /white-metal-chandelier-p-58724.html HTTP/1.0" 200 76980 "-" "Mozilla/5.0 (compatible; BLEXBot/1.0; +http://webmeup-crawler.com/)"
185.191.171.7 - - [03/Oct/2023:23:44:19 +0200] "GET /salt-with-wooden-spoon-aderne-p-54828.html HTTP/1.0" 200 73872 "-" "Mozilla/5.0 (compatible; SemrushBot/7~bl; +http://www.semrush.com/bot.html)"
157.90.182.25 - - [03/Oct/2023:23:44:25 +0200] "GET /white-metal-chandelier-p-58726.html HTTP/1.0" 200 76979 "-" "Mozilla/5.0 (compatible; BLEXBot/1.0; +http://webmeup-crawler.com/)"
157.90.182.25 - - [03/Oct/2023:23:44:31 +0200] "GET /white-metal-umbrella-stand-p-59110.html HTTP/1.0" 200 76819 "-" "Mozilla/5.0 (compatible; BLEXBot/1.0; +http://webmeup-crawler.com/)"
85.208.96.193 - - [03/Oct/2023:23:44:37 +0200] "GET /flower-joris-collection-gray-whale-p-54668.html HTTP/1.0" 200 76316 "-" "Mozilla/5.0 (compatible; SemrushBot/7~bl; +http://www.semrush.com/bot.html)"
157.90.182.25 - - [03/Oct/2023:23:44:38 +0200] "GET /white-metal-umbrella-stand-p-59745.html HTTP/1.0" 200 76799 "-" "Mozilla/5.0 (compatible; BLEXBot/1.0; +http://webmeup-crawler.com/)"
51.68.224.127 - - [03/Oct/2023:23:44:40 +0200] "GET /adminweb/export_orders_xml.php?token=256de2z6edz6ed2z6DFSFsed2zed6zeDSFDSGdzedezfzf&maxorders=10&orderstart=1&status=14&start_date=2018-10-01 HTTP/1.0" 200 285 "-" "GesCom CharlotteBoutik Serveur"
51.68.224.127 - - [03/Oct/2023:23:44:40 +0200] "GET /adminweb/export_orders_xml.php?token=256de2z6edz6ed2z6DFSFsed2zed6zeDSFDSGdzedezfzf&maxorders=10&orderstart=1&status=6&start_date=2018-10-01 HTTP/1.0" 200 33939 "-" "GesCom CharlotteBoutik Serveur"
157.90.182.25 - - [03/Oct/2023:23:44:46 +0200] "GET /white-moustache-ring-p-18243.html HTTP/1.0" 200 76561 "-" "Mozilla/5.0 (compatible; BLEXBot/1.0; +http://webmeup-crawler.com/)"
157.90.182.25 - - [03/Oct/2023:23:44:53 +0200] "GET /white-natural-mini-wooden-p-55032.html HTTP/1.0" 200 77028 "-" "Mozilla/5.0 (compatible; BLEXBot/1.0; +http://webmeup-crawler.com/)"
54.36.148.18 - - [03/Oct/2023:23:44:59 +0200] "GET /scent-heart-home-sweet-black-cherries-p-53874.html HTTP/1.0" 200 76688 "-" "Mozilla/5.0 (compatible; AhrefsBot/7.0; +http://ahrefs.com/robot/)"
157.90.182.25 - - [03/Oct/2023:23:45:00 +0200] "GET /white-natural-mini-wooden-p-55036.html HTTP/1.0" 200 77028 "-" "Mozilla/5.0 (compatible; BLEXBot/1.0; +http://webmeup-crawler.com/)"
157.90.182.25 - - [03/Oct/2023:23:45:07 +0200] "GET /white-natural-wooden-mini-p-55033.html HTTP/1.0" 200 77028 "-" "Mozilla/5.0 (compatible; BLEXBot/1.0; +http://webmeup-crawler.com/)"
157.90.182.25 - - [03/Oct/2023:23:45:14 +0200] "GET /white-natural-wooden-p-55034.html HTTP/1.0" 200 76993 "-" "Mozilla/5.0 (compatible; BLEXBot/1.0; +http://webmeup-crawler.com/)"
17.241.75.73 - - [03/Oct/2023:23:45:20 +0200] "GET /js/jquery.min.js HTTP/1.0" 404 1308 "http://www.wonder-geek.com/school-trolley-c-31_169.html" "Mozilla/5.0 (Macintosh; Intel Mac OS X 10_15_5) AppleWebKit/605.1.15 (KHTML, like Gecko) Version/13.1.1 Safari/605.1.15 (Applebot/0.1; +http://www.apple.com/go/applebot)"
17.241.75.128 - - [03/Oct/2023:23:45:20 +0200] "GET /highslide/highslide.js HTTP/1.0" 200 262 "http://www.wonder-geek.com/school-trolley-c-31_169.html" "Mozilla/5.0 (Macintosh; Intel Mac OS X 10_15_5) AppleWebKit/605.1.15 (KHTML, like Gecko) Version/13.1.1 Safari/605.1.15 (Applebot/0.1; +http://www.apple.com/go/applebot)"
17.241.75.36 - - [03/Oct/2023:23:45:21 +0200] "GET /js/jquery.js HTTP/1.0" 200 252 "http://www.wonder-geek.com/school-trolley-c-31_169.html" "Mozilla/5.0 (Macintosh; Intel Mac OS X 10_15_5) AppleWebKit/605.1.15 (KHTML, like Gecko) Version/13.1.1 Safari/605.1.15 (Applebot/0.1; +http://www.apple.com/go/applebot)"
17.241.219.185 - - [03/Oct/2023:23:45:21 +0200] "GET /mondial_relay/js/jquery-1.3.2.min.js HTTP/1.0" 200 276 "http://www.wonder-geek.com/school-trolley-c-31_169.html" "Mozilla/5.0 (Macintosh; Intel Mac OS X 10_15_5) AppleWebKit/605.1.15 (KHTML, like Gecko) Version/13.1.1 Safari/605.1.15 (Applebot/0.1; +http://www.apple.com/go/applebot)"
17.241.75.139 - - [03/Oct/2023:23:45:22 +0200] "GET /js/jquery.jqzoom.js HTTP/1.0" 200 259 "http://www.wonder-geek.com/school-trolley-c-31_169.html" "Mozilla/5.0 (Macintosh; Intel Mac OS X 10_15_5) AppleWebKit/605.1.15 (KHTML, like Gecko) Version/13.1.1 Safari/605.1.15 (Applebot/0.1; +http://www.apple.com/go/applebot)"
17.241.227.29 - - [03/Oct/2023:23:45:22 +0200] "GET /swfobject.js HTTP/1.0" 404 1308 "http://www.wonder-geek.com/school-trolley-c-31_169.html" "Mozilla/5.0 (Macintosh; Intel Mac OS X 10_15_5) AppleWebKit/605.1.15 (KHTML, like Gecko) Version/13.1.1 Safari/605.1.15 (Applebot/0.1; +http://www.apple.com/go/applebot)"
17.241.75.73 - - [03/Oct/2023:23:45:22 +0200] "GET /js/jquery.masonry.min.js HTTP/1.0" 200 264 "http://www.wonder-geek.com/school-trolley-c-31_169.html" "Mozilla/5.0 (Macintosh; Intel Mac OS X 10_15_5) AppleWebKit/605.1.15 (KHTML, like Gecko) Version/13.1.1 Safari/605.1.15 (Applebot/0.1; +http://www.apple.com/go/applebot)"
185.191.171.2 - - [03/Oct/2023:23:45:21 +0200] "GET /basque-flag-p-41708.html HTTP/1.0" 200 73828 "-" "Mozilla/5.0 (compatible; SemrushBot/7~bl; +http://www.semrush.com/bot.html)"
17.241.75.128 - - [03/Oct/2023:23:45:23 +0200] "GET /js/modernizr-transitions.js HTTP/1.0" 200 267 "http://www.wonder-geek.com/school-trolley-c-31_169.html" "Mozilla/5.0 (Macintosh; Intel Mac OS X 10_15_5) AppleWebKit/605.1.15 (KHTML, like Gecko) Version/13.1.1 Safari/605.1.15 (Applebot/0.1; +http://www.apple.com/go/applebot)"
157.90.182.25 - - [03/Oct/2023:23:45:22 +0200] "GET /white-natural-wooden-p-55037.html HTTP/1.0" 200 76913 "-" "Mozilla/5.0 (compatible; BLEXBot/1.0; +http://webmeup-crawler.com/)"
157.55.39.51 - - [03/Oct/2023:23:45:24 +0200] "GET /smokers-items-c-3_112.html?page=6 HTTP/1.0" 200 89128 "-" "Mozilla/5.0 AppleWebKit/537.36 (KHTML, like Gecko; compatible; bingbot/2.0; +http://www.bing.com/bingbot.htm) Chrome/103.0.5060.134 Safari/537.36"
85.208.96.210 - - [03/Oct/2023:23:45:26 +0200] "GET /bench-stool-p-57163.html HTTP/1.0" 200 76919 "-" "Mozilla/5.0 (compatible; SemrushBot/7~bl; +http://www.semrush.com/bot.html)"
157.90.182.25 - - [03/Oct/2023:23:45:28 +0200] "GET /white-patinated-wood-p-58806.html HTTP/1.0" 200 77145 "-" "Mozilla/5.0 (compatible; BLEXBot/1.0; +http://webmeup-crawler.com/)"
157.90.182.25 - - [03/Oct/2023:23:45:34 +0200] "GET /white-patinated-wood-p-58807.html HTTP/1.0" 200 77137 "-" "Mozilla/5.0 (compatible; BLEXBot/1.0; +http://webmeup-crawler.com/)"
157.90.182.25 - - [03/Oct/2023:23:45:41 +0200] "GET /white-piggy-bank-p-55553.html HTTP/1.0" 200 76891 "-" "Mozilla/5.0 (compatible; BLEXBot/1.0; +http://webmeup-crawler.com/)"
54.36.148.242 - - [03/Oct/2023:23:45:47 +0200] "GET /johnny-hallyday-p-19526.html HTTP/1.0" 200 76248 "-" "Mozilla/5.0 (compatible; AhrefsBot/7.0; +http://ahrefs.com/robot/)"
157.90.182.25 - - [03/Oct/2023:23:45:48 +0200] "GET /white-polyester-chandelier-p-58373.html HTTP/1.0" 200 77444 "-" "Mozilla/5.0 (compatible; BLEXBot/1.0; +http://webmeup-crawler.com/)"
54.36.148.34 - - [03/Oct/2023:23:45:52 +0200] "GET /images/3609810006157.jpg HTTP/1.0" 200 259 "-" "Mozilla/5.0 (compatible; AhrefsBot/7.0; +http://ahrefs.com/robot/)"
157.90.182.25 - - [03/Oct/2023:23:45:55 +0200] "GET /white-rabbit-decorative-statue-p-31562.html HTTP/1.0" 200 76318 "-" "Mozilla/5.0 (compatible; BLEXBot/1.0; +http://webmeup-crawler.com/)"
157.90.182.25 - - [03/Oct/2023:23:46:01 +0200] "GET /white-sage-california-incense-p-48492.html HTTP/1.0" 200 76201 "-" "Mozilla/5.0 (compatible; BLEXBot/1.0; +http://webmeup-crawler.com/)"
157.90.182.25 - - [03/Oct/2023:23:46:07 +0200] "GET /white-sheep-cushion-cover-p-59579.html HTTP/1.0" 200 77383 "-" "Mozilla/5.0 (compatible; BLEXBot/1.0; +http://webmeup-crawler.com/)"
157.90.182.25 - - [03/Oct/2023:23:46:14 +0200] "GET /white-shell-galaxy-note-with-personalized-picture-p-16354.html HTTP/1.0" 200 76787 "-" "Mozilla/5.0 (compatible; BLEXBot/1.0; +http://webmeup-crawler.com/)"
157.90.182.25 - - [03/Oct/2023:23:46:20 +0200] "GET /white-shell-samsung-with-personalized-picture-p-16356.html HTTP/1.0" 200 76854 "-" "Mozilla/5.0 (compatible; BLEXBot/1.0; +http://webmeup-crawler.com/)"
54.36.149.24 - - [03/Oct/2023:23:46:24 +0200] "GET /super-mario-ceramic-p-53479.html HTTP/1.0" 200 76972 "-" "Mozilla/5.0 (compatible; AhrefsBot/7.0; +http://ahrefs.com/robot/)"
185.191.171.9 - - [03/Oct/2023:23:46:28 +0200] "GET /mini-rectangular-tray-lunaria-p-60548.html?action=add_product HTTP/1.0" 302 476 "-" "Mozilla/5.0 (compatible; SemrushBot/7~bl; +http://www.semrush.com/bot.html)"
157.90.182.25 - - [03/Oct/2023:23:46:27 +0200] "GET /white-skull-keyring-p-28904.html HTTP/1.0" 200 76088 "-" "Mozilla/5.0 (compatible; BLEXBot/1.0; +http://webmeup-crawler.com/)"
54.36.149.0 - - [03/Oct/2023:23:46:29 +0200] "GET /images/big_prod_2/4029811451302D.jpg HTTP/1.0" 200 271 "-" "Mozilla/5.0 (compatible; AhrefsBot/7.0; +http://ahrefs.com/robot/)"
54.36.148.187 - - [03/Oct/2023:23:46:29 +0200] "GET /images/big_prod/4029811451302B.jpg HTTP/1.0" 200 269 "-" "Mozilla/5.0 (compatible; AhrefsBot/7.0; +http://ahrefs.com/robot/)"
157.90.182.25 - - [03/Oct/2023:23:46:32 +0200] "GET /white-skull-keyrings-sound-light-p-40193.html HTTP/1.0" 200 76337 "-" "Mozilla/5.0 (compatible; BLEXBot/1.0; +http://webmeup-crawler.com/)"
157.90.182.25 - - [03/Oct/2023:23:46:39 +0200] "GET /white-stained-pine-wood-chest-p-53540.html HTTP/1.0" 200 76815 "-" "Mozilla/5.0 (compatible; BLEXBot/1.0; +http://webmeup-crawler.com/)"
157.90.182.25 - - [03/Oct/2023:23:46:45 +0200] "GET /white-statuette-p-51725.html HTTP/1.0" 200 76254 "-" "Mozilla/5.0 (compatible; BLEXBot/1.0; +http://webmeup-crawler.com/)"
157.90.182.25 - - [03/Oct/2023:23:46:51 +0200] "GET /white-unicorn-moneybox-p-50753.html HTTP/1.0" 200 76140 "-" "Mozilla/5.0 (compatible; BLEXBot/1.0; +http://webmeup-crawler.com/)"
157.90.182.25 - - [03/Oct/2023:23:46:57 +0200] "GET /white-wood-p-45693.html HTTP/1.0" 200 76330 "-" "Mozilla/5.0 (compatible; BLEXBot/1.0; +http://webmeup-crawler.com/)"
157.90.182.25 - - [03/Oct/2023:23:47:01 +0200] "GET /white-wood-p-52595.html HTTP/1.0" 200 76919 "-" "Mozilla/5.0 (compatible; BLEXBot/1.0; +http://webmeup-crawler.com/)"
54.36.149.29 - - [03/Oct/2023:23:47:05 +0200] "GET /pepe-jeans-sport-p-41322.html HTTP/1.0" 200 76437 "-" "Mozilla/5.0 (compatible; AhrefsBot/7.0; +http://ahrefs.com/robot/)"
157.90.182.25 - - [03/Oct/2023:23:47:06 +0200] "GET /white-wood-p-56383.html HTTP/1.0" 200 77278 "-" "Mozilla/5.0 (compatible; BLEXBot/1.0; +http://webmeup-crawler.com/)"
216.244.66.242 - - [03/Oct/2023:23:47:09 +0200] "GET /paris-p-28388.html HTTP/1.0" 301 73837 "-" "Mozilla/5.0 (compatible; DotBot/1.2; +https://opensiteexplorer.org/dotbot; help@moz.com)"
157.90.182.25 - - [03/Oct/2023:23:47:12 +0200] "GET /white-wooden-perpetual-calendar-p-60322.html HTTP/1.0" 200 77053 "-" "Mozilla/5.0 (compatible; BLEXBot/1.0; +http://webmeup-crawler.com/)"
157.90.182.25 - - [03/Oct/2023:23:47:19 +0200] "GET /white-wooden-tray-aged-appearance-p-40590.html HTTP/1.0" 200 76351 "-" "Mozilla/5.0 (compatible; BLEXBot/1.0; +http://webmeup-crawler.com/)"
157.90.182.25 - - [03/Oct/2023:23:47:24 +0200] "GET /white-wooden-tray-aged-appearance-p-40591.html HTTP/1.0" 200 76368 "-" "Mozilla/5.0 (compatible; BLEXBot/1.0; +http://webmeup-crawler.com/)"
157.90.182.25 - - [03/Oct/2023:23:47:31 +0200] "GET /white-wooden-tray-aged-appearance-p-40592.html HTTP/1.0" 200 76364 "-" "Mozilla/5.0 (compatible; BLEXBot/1.0; +http://webmeup-crawler.com/)"
157.90.182.25 - - [03/Oct/2023:23:47:37 +0200] "GET /wild-about-words-bowl-p-31970.html HTTP/1.0" 200 76014 "-" "Mozilla/5.0 (compatible; BLEXBot/1.0; +http://webmeup-crawler.com/)"
157.90.182.25 - - [03/Oct/2023:23:47:43 +0200] "GET /willow-tree-collection-mother-daughter-p-55500.html HTTP/1.0" 200 77871 "-" "Mozilla/5.0 (compatible; BLEXBot/1.0; +http://webmeup-crawler.com/)"
54.36.149.97 - - [03/Oct/2023:23:47:49 +0200] "GET /glitter-adhesive-roll-p-51413.html HTTP/1.0" 200 77064 "-" "Mozilla/5.0 (compatible; AhrefsBot/7.0; +http://ahrefs.com/robot/)"
157.90.182.25 - - [03/Oct/2023:23:47:49 +0200] "GET /willow-tree-collection-tree-player-p-55499.html HTTP/1.0" 200 78053 "-" "Mozilla/5.0 (compatible; BLEXBot/1.0; +http://webmeup-crawler.com/)"
216.244.66.242 - - [03/Oct/2023:23:47:51 +0200] "GET /atlantique-rtro-malle-p-41887.html HTTP/1.0" 301 73837 "-" "Mozilla/5.0 (compatible; DotBot/1.2; +https://opensiteexplorer.org/dotbot; help@moz.com)"
157.90.182.25 - - [03/Oct/2023:23:47:55 +0200] "GET /wind-chime-flower-life-with-rudraksha-beads-p-40220.html HTTP/1.0" 200 77155 "-" "Mozilla/5.0 (compatible; BLEXBot/1.0; +http://webmeup-crawler.com/)"
54.36.148.138 - - [03/Oct/2023:23:47:57 +0200] "GET /images/big_prod_1/8422810090736a.jpg HTTP/1.0" 200 271 "-" "Mozilla/5.0 (compatible; AhrefsBot/7.0; +http://ahrefs.com/robot/)"
216.244.66.242 - - [03/Oct/2023:23:47:59 +0200] "GET /beatles-metal-keyring-p-32340.html HTTP/1.0" 301 73837 "-" "Mozilla/5.0 (compatible; DotBot/1.2; +https://opensiteexplorer.org/dotbot; help@moz.com)"
157.90.182.25 - - [03/Oct/2023:23:48:01 +0200] "GET /windchime-bonheur-chimes-p-43530.html HTTP/1.0" 200 76760 "-" "Mozilla/5.0 (compatible; BLEXBot/1.0; +http://webmeup-crawler.com/)"
185.191.171.6 - - [03/Oct/2023:23:48:05 +0200] "GET /scent-heart-home-frosted-apple-spice-p-49936.html HTTP/1.0" 200 73924 "-" "Mozilla/5.0 (compatible; SemrushBot/7~bl; +http://www.semrush.com/bot.html)"
157.90.182.25 - - [03/Oct/2023:23:48:07 +0200] "GET /windchime-chimes-p-43532.html HTTP/1.0" 200 76724 "-" "Mozilla/5.0 (compatible; BLEXBot/1.0; +http://webmeup-crawler.com/)"
157.90.182.25 - - [03/Oct/2023:23:48:15 +0200] "GET /window-sticker-flower-life-gold-p-44278.html HTTP/1.0" 200 76217 "-" "Mozilla/5.0 (compatible; BLEXBot/1.0; +http://webmeup-crawler.com/)"
216.244.66.242 - - [03/Oct/2023:23:48:16 +0200] "GET /cherry-blossoms-blue-p-39298.html HTTP/1.0" 301 73837 "-" "Mozilla/5.0 (compatible; DotBot/1.2; +https://opensiteexplorer.org/dotbot; help@moz.com)"
103.136.220.222 - - [03/Oct/2023:23:48:19 +0200] "GET /images/mini_prod/1384010190012.jpg HTTP/1.0" 200 269 "-" "Mozilla/5.0 (X11; Ubuntu; Linux x86_64; rv:72.0) Gecko/20100101 Firefox/72.0"
157.90.182.25 - - [03/Oct/2023:23:48:21 +0200] "GET /window-sticker-flower-life-p-60803.html HTTP/1.0" 200 76788 "-" "Mozilla/5.0 (compatible; BLEXBot/1.0; +http://webmeup-crawler.com/)"
54.36.148.24 - - [03/Oct/2023:23:48:25 +0200] "GET /adhesive-roll-grass-p-55513.html HTTP/1.0" 200 77005 "-" "Mozilla/5.0 (compatible; AhrefsBot/7.0; +http://ahrefs.com/robot/)"
157.90.182.25 - - [03/Oct/2023:23:48:27 +0200] "GET /wine-michelle-allen-glass-p-47695.html HTTP/1.0" 200 76924 "-" "Mozilla/5.0 (compatible; BLEXBot/1.0; +http://webmeup-crawler.com/)"
216.244.66.242 - - [03/Oct/2023:23:48:31 +0200] "GET /despicable-me-minion-lamp-p-32887.html HTTP/1.0" 301 73837 "-" "Mozilla/5.0 (compatible; DotBot/1.2; +https://opensiteexplorer.org/dotbot; help@moz.com)"
157.90.182.25 - - [03/Oct/2023:23:48:34 +0200] "GET /wine-michelle-allen-glass-p-47696.html HTTP/1.0" 200 76882 "-" "Mozilla/5.0 (compatible; BLEXBot/1.0; +http://webmeup-crawler.com/)"
54.36.149.54 - - [03/Oct/2023:23:48:36 +0200] "GET /images/big_prod_1/3700281650280a.jpg HTTP/1.0" 200 271 "-" "Mozilla/5.0 (compatible; AhrefsBot/7.0; +http://ahrefs.com/robot/)"
157.90.182.25 - - [03/Oct/2023:23:48:38 +0200] "GET /winnie-pooh-ball-filled-p-11522.html HTTP/1.0" 200 76600 "-" "Mozilla/5.0 (compatible; BLEXBot/1.0; +http://webmeup-crawler.com/)"
157.90.182.25 - - [03/Oct/2023:23:48:44 +0200] "GET /winnie-pooh-blue-swimsuit-p-30831.html HTTP/1.0" 200 77896 "-" "Mozilla/5.0 (compatible; BLEXBot/1.0; +http://webmeup-crawler.com/)"
216.244.66.242 - - [03/Oct/2023:23:48:44 +0200] "GET /expresso-set-provence-p-21395.html HTTP/1.0" 301 76633 "-" "Mozilla/5.0 (compatible; DotBot/1.2; +https://opensiteexplorer.org/dotbot; help@moz.com)"
157.90.182.25 - - [03/Oct/2023:23:48:50 +0200] "GET /winnie-pooh-hair-ornements-p-13565.html HTTP/1.0" 200 76282 "-" "Mozilla/5.0 (compatible; BLEXBot/1.0; +http://webmeup-crawler.com/)"
157.90.182.25 - - [03/Oct/2023:23:48:56 +0200] "GET /winnie-pooh-mini-silicone-p-17924.html HTTP/1.0" 200 76275 "-" "Mozilla/5.0 (compatible; BLEXBot/1.0; +http://webmeup-crawler.com/)"
216.244.66.242 - - [03/Oct/2023:23:48:57 +0200] "GET /harley-davidson-khaki-p-23280.html HTTP/1.0" 301 73837 "-" "Mozilla/5.0 (compatible; DotBot/1.2; +https://opensiteexplorer.org/dotbot; help@moz.com)"
157.90.182.25 - - [03/Oct/2023:23:49:02 +0200] "GET /winnie-pooh-orange-swimsuit-p-30832.html HTTP/1.0" 200 77930 "-" "Mozilla/5.0 (compatible; BLEXBot/1.0; +http://webmeup-crawler.com/)"
157.90.182.25 - - [03/Oct/2023:23:49:07 +0200] "GET /winnie-pooh-pirate-figure-p-4716.html HTTP/1.0" 200 76284 "-" "Mozilla/5.0 (compatible; BLEXBot/1.0; +http://webmeup-crawler.com/)"
216.244.66.242 - - [03/Oct/2023:23:49:08 +0200] "GET /jasmin-purse-rockabilly-p-39134.html HTTP/1.0" 301 73837 "-" "Mozilla/5.0 (compatible; DotBot/1.2; +https://opensiteexplorer.org/dotbot; help@moz.com)"
157.90.182.25 - - [03/Oct/2023:23:49:14 +0200] "GET /winnie-pooh-wall-storage-p-1207.html HTTP/1.0" 200 76453 "-" "Mozilla/5.0 (compatible; BLEXBot/1.0; +http://webmeup-crawler.com/)"
54.36.148.255 - - [03/Oct/2023:23:49:17 +0200] "GET /fitted-sheet-cotton-percale-threads-p-51245.html HTTP/1.0" 200 77130 "-" "Mozilla/5.0 (compatible; AhrefsBot/7.0; +http://ahrefs.com/robot/)"
216.244.66.242 - - [03/Oct/2023:23:49:18 +0200] "GET /mini-bright-christmas-fir-p-38256.html HTTP/1.0" 301 76287 "-" "Mozilla/5.0 (compatible; DotBot/1.2; +https://opensiteexplorer.org/dotbot; help@moz.com)"
157.90.182.25 - - [03/Oct/2023:23:49:19 +0200] "GET /winnie-pooh-with-honey-mini-figurine-p-41978.html HTTP/1.0" 200 77567 "-" "Mozilla/5.0 (compatible; BLEXBot/1.0; +http://webmeup-crawler.com/)"
157.90.182.25 - - [03/Oct/2023:23:49:23 +0200] "GET /winnie-pooh-yellow-swimsuit-p-30253.html HTTP/1.0" 200 77628 "-" "Mozilla/5.0 (compatible; BLEXBot/1.0; +http://webmeup-crawler.com/)"
54.36.148.44 - - [03/Oct/2023:23:49:25 +0200] "GET /images/big_prod_1/3442440234220b.jpg HTTP/1.0" 200 271 "-" "Mozilla/5.0 (compatible; AhrefsBot/7.0; +http://ahrefs.com/robot/)"
157.90.182.25 - - [03/Oct/2023:23:49:28 +0200] "GET /winnie-toddler-flatware-p-20354.html HTTP/1.0" 200 76712 "-" "Mozilla/5.0 (compatible; BLEXBot/1.0; +http://webmeup-crawler.com/)"
216.244.66.242 - - [03/Oct/2023:23:49:31 +0200] "GET /paperweight-cm-p-50129.html HTTP/1.0" 301 73837 "-" "Mozilla/5.0 (compatible; DotBot/1.2; +https://opensiteexplorer.org/dotbot; help@moz.com)"
85.208.96.204 - - [03/Oct/2023:23:49:31 +0200] "GET /chair-cushion-scratchs-jade-gray-p-60565.html?action=add_product HTTP/1.0" 302 476 "-" "Mozilla/5.0 (compatible; SemrushBot/7~bl; +http://www.semrush.com/bot.html)"
157.90.182.25 - - [03/Oct/2023:23:49:34 +0200] "GET /winter-greenery-oven-mitt-p-60919.html HTTP/1.0" 200 76852 "-" "Mozilla/5.0 (compatible; BLEXBot/1.0; +http://webmeup-crawler.com/)"
157.90.182.25 - - [03/Oct/2023:23:49:40 +0200] "GET /winx-club-jeans-p-30212.html HTTP/1.0" 200 77232 "-" "Mozilla/5.0 (compatible; BLEXBot/1.0; +http://webmeup-crawler.com/)"
216.244.66.242 - - [03/Oct/2023:23:49:42 +0200] "GET /paris-romance-great-lamp-p-41903.html HTTP/1.0" 301 73837 "-" "Mozilla/5.0 (compatible; DotBot/1.2; +https://opensiteexplorer.org/dotbot; help@moz.com)"
157.90.182.25 - - [03/Oct/2023:23:49:45 +0200] "GET /winx-club-toddler-flatware-p-17136.html HTTP/1.0" 200 78051 "-" "Mozilla/5.0 (compatible; BLEXBot/1.0; +http://webmeup-crawler.com/)"
157.90.182.25 - - [03/Oct/2023:23:49:50 +0200] "GET /winx-picnic-p-17167.html HTTP/1.0" 200 76972 "-" "Mozilla/5.0 (compatible; BLEXBot/1.0; +http://webmeup-crawler.com/)"
54.36.148.185 - - [03/Oct/2023:23:49:53 +0200] "GET /baskets-wicker-baskets-p-50696.html HTTP/1.0" 200 77296 "-" "Mozilla/5.0 (compatible; AhrefsBot/7.0; +http://ahrefs.com/robot/)"
85.208.96.193 - - [03/Oct/2023:23:49:53 +0200] "GET /precious-pearl-ariel-deluxe-figurine-p-58591.html HTTP/1.0" 200 77857 "-" "Mozilla/5.0 (compatible; SemrushBot/7~bl; +http://www.semrush.com/bot.html)"
157.90.182.25 - - [03/Oct/2023:23:49:57 +0200] "GET /winx-picnic-p-17168.html HTTP/1.0" 200 76972 "-" "Mozilla/5.0 (compatible; BLEXBot/1.0; +http://webmeup-crawler.com/)"
216.244.66.242 - - [03/Oct/2023:23:49:58 +0200] "GET /pink-owl-statuette-10-cm-p-44500.html HTTP/1.0" 301 76305 "-" "Mozilla/5.0 (compatible; DotBot/1.2; +https://opensiteexplorer.org/dotbot; help@moz.com)"
157.90.182.25 - - [03/Oct/2023:23:50:02 +0200] "GET /winx-training-bottle-p-14881.html HTTP/1.0" 200 78243 "-" "Mozilla/5.0 (compatible; BLEXBot/1.0; +http://webmeup-crawler.com/)"
157.90.182.25 - - [03/Oct/2023:23:50:07 +0200] "GET /wise-wings-glasses-case-p-51857.html HTTP/1.0" 200 76530 "-" "Mozilla/5.0 (compatible; BLEXBot/1.0; +http://webmeup-crawler.com/)"
157.90.182.25 - - [03/Oct/2023:23:50:12 +0200] "GET /wise-wings-glasses-case-p-51858.html HTTP/1.0" 200 77129 "-" "Mozilla/5.0 (compatible; BLEXBot/1.0; +http://webmeup-crawler.com/)"
216.244.66.242 - - [03/Oct/2023:23:50:12 +0200] "GET /square-carved-gilded-p-47412.html HTTP/1.0" 301 73837 "-" "Mozilla/5.0 (compatible; DotBot/1.2; +https://opensiteexplorer.org/dotbot; help@moz.com)"
157.90.182.25 - - [03/Oct/2023:23:50:17 +0200] "GET /wise-wings-glasses-case-p-51859.html HTTP/1.0" 200 76530 "-" "Mozilla/5.0 (compatible; BLEXBot/1.0; +http://webmeup-crawler.com/)"
157.90.182.25 - - [03/Oct/2023:23:50:22 +0200] "GET /with-infuser-c-12_221.html?page=2 HTTP/1.0" 200 95157 "-" "Mozilla/5.0 (compatible; BLEXBot/1.0; +http://webmeup-crawler.com/)"
216.244.66.242 - - [03/Oct/2023:23:50:27 +0200] "GET /teo-jasmin-frere-purse-p-32965.html HTTP/1.0" 301 73922 "-" "Mozilla/5.0 (compatible; DotBot/1.2; +https://opensiteexplorer.org/dotbot; help@moz.com)"
157.90.182.25 - - [03/Oct/2023:23:50:28 +0200] "GET /with-infuser-c-12_221.html?page=3 HTTP/1.0" 200 95698 "-" "Mozilla/5.0 (compatible; BLEXBot/1.0; +http://webmeup-crawler.com/)"
54.36.149.58 - - [03/Oct/2023:23:50:32 +0200] "GET /embossed-hanging-plaque-p-60156.html HTTP/1.0" 200 76757 "-" "Mozilla/5.0 (compatible; AhrefsBot/7.0; +http://ahrefs.com/robot/)"
54.36.148.18 - - [03/Oct/2023:23:50:38 +0200] "GET /images/big_prod/3700281683110.jpg HTTP/1.0" 200 268 "-" "Mozilla/5.0 (compatible; AhrefsBot/7.0; +http://ahrefs.com/robot/)"
54.36.148.234 - - [03/Oct/2023:23:50:40 +0200] "GET /images/big_prod_1/3700281683110B.jpg HTTP/1.0" 200 271 "-" "Mozilla/5.0 (compatible; AhrefsBot/7.0; +http://ahrefs.com/robot/)"
216.244.66.242 - - [03/Oct/2023:23:50:39 +0200] "GET /collectible-figurines-and-decorative-c-135.html HTTP/1.0" 301 97339 "-" "Mozilla/5.0 (compatible; DotBot/1.2; +https://opensiteexplorer.org/dotbot; help@moz.com)"
157.90.182.25 - - [03/Oct/2023:23:50:40 +0200] "GET /with-infuser-c-12_221.html?page=4 HTTP/1.0" 200 95305 "-" "Mozilla/5.0 (compatible; BLEXBot/1.0; +http://webmeup-crawler.com/)"
85.208.96.205 - - [03/Oct/2023:23:50:43 +0200] "GET /ethnic-decorative-tray-p-48803.html HTTP/1.0" 200 73860 "-" "Mozilla/5.0 (compatible; SemrushBot/7~bl; +http://www.semrush.com/bot.html)"
157.90.182.25 - - [03/Oct/2023:23:50:47 +0200] "GET /with-infuser-c-12_221.html?page=5 HTTP/1.0" 200 95159 "-" "Mozilla/5.0 (compatible; BLEXBot/1.0; +http://webmeup-crawler.com/)"
207.46.13.86 - - [03/Oct/2023:23:50:49 +0200] "GET /images/big_prod/4260082936956.jpg HTTP/1.0" 200 268 "-" "Mozilla/5.0 AppleWebKit/537.36 (KHTML, like Gecko; compatible; bingbot/2.0; +http://www.bing.com/bingbot.htm) Chrome/103.0.5060.134 Safari/537.36"
157.90.182.25 - - [03/Oct/2023:23:50:52 +0200] "GET /with-infuser-c-12_221.html?page=6 HTTP/1.0" 200 95877 "-" "Mozilla/5.0 (compatible; BLEXBot/1.0; +http://webmeup-crawler.com/)"
216.244.66.242 - - [03/Oct/2023:23:50:55 +0200] "GET /hello-kitty-purple-square-leisure-bag-p-20563.html HTTP/1.0" 301 74000 "-" "Mozilla/5.0 (compatible; DotBot/1.2; +https://opensiteexplorer.org/dotbot; help@moz.com)"
157.90.182.25 - - [03/Oct/2023:23:50:59 +0200] "GET /with-infuser-c-12_221.html?page=7 HTTP/1.0" 200 89071 "-" "Mozilla/5.0 (compatible; BLEXBot/1.0; +http://webmeup-crawler.com/)"
157.90.182.25 - - [03/Oct/2023:23:51:07 +0200] "GET /with-personalized-picture-p-47057.html HTTP/1.0" 200 76699 "-" "Mozilla/5.0 (compatible; BLEXBot/1.0; +http://webmeup-crawler.com/)"
216.244.66.242 - - [03/Oct/2023:23:51:09 +0200] "GET /ice-cold-beer-free-metal-plate-deco-p-42113.html HTTP/1.0" 301 73990 "-" "Mozilla/5.0 (compatible; DotBot/1.2; +https://opensiteexplorer.org/dotbot; help@moz.com)"
157.90.182.25 - - [03/Oct/2023:23:51:16 +0200] "GET /with-personalized-picture-p-47775.html HTTP/1.0" 200 75925 "-" "Mozilla/5.0 (compatible; BLEXBot/1.0; +http://webmeup-crawler.com/)"
54.36.148.200 - - [03/Oct/2023:23:51:19 +0200] "GET /fitted-sheet-cotton-percale-threads-p-52137.html HTTP/1.0" 200 77125 "-" "Mozilla/5.0 (compatible; AhrefsBot/7.0; +http://ahrefs.com/robot/)"
157.90.182.25 - - [03/Oct/2023:23:51:21 +0200] "GET /wolverine-figure-p-23421.html HTTP/1.0" 200 76223 "-" "Mozilla/5.0 (compatible; BLEXBot/1.0; +http://webmeup-crawler.com/)"
85.208.96.204 - - [03/Oct/2023:23:51:24 +0200] "GET /tetsubin-bleu-teapot-japanese-liter-p-40140.html HTTP/1.0" 200 73908 "-" "Mozilla/5.0 (compatible; SemrushBot/7~bl; +http://www.semrush.com/bot.html)"
106.11.62.128 - - [03/Oct/2023:23:51:26 +0200] "GET /images/mini_prod/1399984244135.jpg HTTP/1.0" 200 269 "-" "Mozilla/5.0 (X11; Ubuntu; Linux x86_64; rv:72.0) Gecko/20100101 Firefox/72.0"
157.90.182.25 - - [03/Oct/2023:23:51:27 +0200] "GET /wood-cactus-neon-ornament-p-45692.html HTTP/1.0" 200 76244 "-" "Mozilla/5.0 (compatible; BLEXBot/1.0; +http://webmeup-crawler.com/)"
157.90.182.25 - - [03/Oct/2023:23:51:35 +0200] "GET /wood-land-curry-stool-p-54374.html HTTP/1.0" 200 76923 "-" "Mozilla/5.0 (compatible; BLEXBot/1.0; +http://webmeup-crawler.com/)"
216.244.66.242 - - [03/Oct/2023:23:51:37 +0200] "GET /silver-white-elephant-table-lamp-p-54618.html HTTP/1.0" 301 73837 "-" "Mozilla/5.0 (compatible; DotBot/1.2; +https://opensiteexplorer.org/dotbot; help@moz.com)"
157.90.182.25 - - [03/Oct/2023:23:51:41 +0200] "GET /wood-land-wolf-stool-p-54375.html HTTP/1.0" 200 76951 "-" "Mozilla/5.0 (compatible; BLEXBot/1.0; +http://webmeup-crawler.com/)"
157.90.182.25 - - [03/Oct/2023:23:51:47 +0200] "GET /wooden-aperitif-board-cups-spoons-p-55441.html HTTP/1.0" 200 77209 "-" "Mozilla/5.0 (compatible; BLEXBot/1.0; +http://webmeup-crawler.com/)"
157.90.182.25 - - [03/Oct/2023:23:51:52 +0200] "GET /wooden-bottle-rack-p-54557.html HTTP/1.0" 200 76738 "-" "Mozilla/5.0 (compatible; BLEXBot/1.0; +http://webmeup-crawler.com/)"
157.90.182.25 - - [03/Oct/2023:23:51:57 +0200] "GET /wooden-boxes-storage-c-13_150_220.html?page=2 HTTP/1.0" 200 94119 "-" "Mozilla/5.0 (compatible; BLEXBot/1.0; +http://webmeup-crawler.com/)"
216.244.66.242 - - [03/Oct/2023:23:52:00 +0200] "GET /square-tablecloth-valdrome-blue-p-43967.html HTTP/1.0" 301 73837 "-" "Mozilla/5.0 (compatible; DotBot/1.2; +https://opensiteexplorer.org/dotbot; help@moz.com)"
54.36.149.61 - - [03/Oct/2023:23:52:00 +0200] "GET /insulated-bottle-planet-p-58200.html HTTP/1.0" 200 77062 "-" "Mozilla/5.0 (compatible; AhrefsBot/7.0; +http://ahrefs.com/robot/)"
54.36.148.131 - - [03/Oct/2023:23:52:05 +0200] "GET /images/big_prod/8053806012113A.jpg HTTP/1.0" 200 269 "-" "Mozilla/5.0 (compatible; AhrefsBot/7.0; +http://ahrefs.com/robot/)"
157.90.182.25 - - [03/Oct/2023:23:52:04 +0200] "GET /wooden-boxes-storage-c-13_150_220.html?page=3 HTTP/1.0" 200 94023 "-" "Mozilla/5.0 (compatible; BLEXBot/1.0; +http://webmeup-crawler.com/)"
85.208.96.198 - - [03/Oct/2023:23:52:05 +0200] "GET /coasters-silicone-p-38020.html HTTP/1.0" 200 76125 "-" "Mozilla/5.0 (compatible; SemrushBot/7~bl; +http://www.semrush.com/bot.html)"
157.90.182.25 - - [03/Oct/2023:23:52:11 +0200] "GET /wooden-boxes-storage-c-13_150_220.html?page=4 HTTP/1.0" 200 87751 "-" "Mozilla/5.0 (compatible; BLEXBot/1.0; +http://webmeup-crawler.com/)"
157.90.182.25 - - [03/Oct/2023:23:52:16 +0200] "GET /wooden-calavera-blue-p-19079.html HTTP/1.0" 200 77044 "-" "Mozilla/5.0 (compatible; BLEXBot/1.0; +http://webmeup-crawler.com/)"
157.90.182.25 - - [03/Oct/2023:23:52:22 +0200] "GET /wooden-deco-tray-p-47306.html HTTP/1.0" 200 77035 "-" "Mozilla/5.0 (compatible; BLEXBot/1.0; +http://webmeup-crawler.com/)"
216.244.66.242 - - [03/Oct/2023:23:52:22 +0200] "GET /toucan-bath-towel-100-180-cm-p-43993.html HTTP/1.0" 301 73837 "-" "Mozilla/5.0 (compatible; DotBot/1.2; +https://opensiteexplorer.org/dotbot; help@moz.com)"
157.90.182.25 - - [03/Oct/2023:23:52:27 +0200] "GET /wooden-deco-tray-p-47310.html HTTP/1.0" 200 77033 "-" "Mozilla/5.0 (compatible; BLEXBot/1.0; +http://webmeup-crawler.com/)"
157.90.182.25 - - [03/Oct/2023:23:52:32 +0200] "GET /wooden-dish-p-46492.html HTTP/1.0" 200 76260 "-" "Mozilla/5.0 (compatible; BLEXBot/1.0; +http://webmeup-crawler.com/)"
157.90.182.25 - - [03/Oct/2023:23:52:38 +0200] "GET /wooden-dish-p-53549.html HTTP/1.0" 200 76836 "-" "Mozilla/5.0 (compatible; BLEXBot/1.0; +http://webmeup-crawler.com/)"
54.36.148.68 - - [03/Oct/2023:23:52:40 +0200] "GET /decorative-hourglass-purple-sand-p-59669.html HTTP/1.0" 200 77455 "-" "Mozilla/5.0 (compatible; AhrefsBot/7.0; +http://ahrefs.com/robot/)"
157.90.182.25 - - [03/Oct/2023:23:52:44 +0200] "GET /wooden-elephant-head-decoration-p-60991.html HTTP/1.0" 200 76404 "-" "Mozilla/5.0 (compatible; BLEXBot/1.0; +http://webmeup-crawler.com/)"
216.244.66.242 - - [03/Oct/2023:23:52:47 +0200] "GET /wooden-wall-decoration-hang-p-41540.html HTTP/1.0" 301 73837 "-" "Mozilla/5.0 (compatible; DotBot/1.2; +https://opensiteexplorer.org/dotbot; help@moz.com)"
157.90.182.25 - - [03/Oct/2023:23:52:50 +0200] "GET /wooden-hanging-tree-decoration-p-56572.html HTTP/1.0" 200 76895 "-" "Mozilla/5.0 (compatible; BLEXBot/1.0; +http://webmeup-crawler.com/)"
157.90.182.25 - - [03/Oct/2023:23:52:58 +0200] "GET /wooden-hanging-tree-decoration-p-56574.html HTTP/1.0" 200 76897 "-" "Mozilla/5.0 (compatible; BLEXBot/1.0; +http://webmeup-crawler.com/)"
182.22.30.79 - - [03/Oct/2023:23:53:01 +0200] "GET /zippo-viking-design-p-61038.html HTTP/1.0" 200 75480 "-" "Mozilla/5.0 (compatible; Y!J-WSC/1.0; +https://yahoo.jp/3BSZgF)"
157.90.182.25 - - [03/Oct/2023:23:53:04 +0200] "GET /wooden-hanging-tree-decoration-p-58752.html HTTP/1.0" 200 76897 "-" "Mozilla/5.0 (compatible; BLEXBot/1.0; +http://webmeup-crawler.com/)"
216.244.66.242 - - [03/Oct/2023:23:53:09 +0200] "GET /gorjuss-cards-supplied-with-an-envelope-sweet-tea-p-48389.html HTTP/1.0" 301 73837 "-" "Mozilla/5.0 (compatible; DotBot/1.2; +https://opensiteexplorer.org/dotbot; help@moz.com)"
157.90.182.25 - - [03/Oct/2023:23:53:10 +0200] "GET /wooden-incense-stick-holder-buddha-p-60895.html HTTP/1.0" 200 77208 "-" "Mozilla/5.0 (compatible; BLEXBot/1.0; +http://webmeup-crawler.com/)"
103.136.220.222 - - [03/Oct/2023:23:53:14 +0200] "GET /images/mini_prod/8422019609050.jpg HTTP/1.0" 200 269 "-" "Mozilla/5.0 (X11; Ubuntu; Linux x86_64; rv:72.0) Gecko/20100101 Firefox/72.0"
54.36.148.20 - - [03/Oct/2023:23:53:13 +0200] "GET /cement-tile-stickers-p-51627.html HTTP/1.0" 200 77066 "-" "Mozilla/5.0 (compatible; AhrefsBot/7.0; +http://ahrefs.com/robot/)"
157.90.182.25 - - [03/Oct/2023:23:53:16 +0200] "GET /wooden-incense-stick-holder-dolphin-p-60897.html HTTP/1.0" 200 76994 "-" "Mozilla/5.0 (compatible; BLEXBot/1.0; +http://webmeup-crawler.com/)"
157.90.182.25 - - [03/Oct/2023:23:53:22 +0200] "GET /wooden-incense-stick-holder-ganesh-p-60896.html HTTP/1.0" 200 76987 "-" "Mozilla/5.0 (compatible; BLEXBot/1.0; +http://webmeup-crawler.com/)"
157.90.182.25 - - [03/Oct/2023:23:53:27 +0200] "GET /wooden-incense-stick-holder-p-60894.html HTTP/1.0" 200 76960 "-" "Mozilla/5.0 (compatible; BLEXBot/1.0; +http://webmeup-crawler.com/)"
157.90.182.25 - - [03/Oct/2023:23:53:35 +0200] "GET /wooden-incense-stick-holder-peace-love-p-60899.html HTTP/1.0" 200 77035 "-" "Mozilla/5.0 (compatible; BLEXBot/1.0; +http://webmeup-crawler.com/)"
157.90.182.25 - - [03/Oct/2023:23:53:42 +0200] "GET /wooden-incense-stick-holder-star-p-60898.html HTTP/1.0" 200 76974 "-" "Mozilla/5.0 (compatible; BLEXBot/1.0; +http://webmeup-crawler.com/)"
157.90.182.25 - - [03/Oct/2023:23:53:48 +0200] "GET /wooden-keyrings-p-47689.html HTTP/1.0" 200 76901 "-" "Mozilla/5.0 (compatible; BLEXBot/1.0; +http://webmeup-crawler.com/)"
54.36.148.223 - - [03/Oct/2023:23:53:54 +0200] "GET /rectangular-tray-paris-p-54780.html HTTP/1.0" 200 76900 "-" "Mozilla/5.0 (compatible; AhrefsBot/7.0; +http://ahrefs.com/robot/)"
157.90.182.25 - - [03/Oct/2023:23:53:54 +0200] "GET /wooden-keyrings-with-mirror-p-52597.html HTTP/1.0" 200 76991 "-" "Mozilla/5.0 (compatible; BLEXBot/1.0; +http://webmeup-crawler.com/)"
157.90.182.25 - - [03/Oct/2023:23:54:00 +0200] "GET /wooden-p-58109.html HTTP/1.0" 200 76789 "-" "Mozilla/5.0 (compatible; BLEXBot/1.0; +http://webmeup-crawler.com/)"
