66.249.66.193 - - [03/Oct/2023:22:34:12 +0200] "GET /cats-dubout-figurine-babies-p-33339.html HTTP/1.0" 200 77332 "-" "Mozilla/5.0 (compatible; Googlebot/2.1; +http://www.google.com/bot.html)"
157.90.182.25 - - [03/Oct/2023:22:34:15 +0200] "GET /saint-seiya-stickers-p-15397.html HTTP/1.0" 200 76074 "-" "Mozilla/5.0 (compatible; BLEXBot/1.0; +http://webmeup-crawler.com/)"
71.18.255.79 - - [03/Oct/2023:22:34:18 +0200] "GET /images/mini_prod/1399984244609.jpg HTTP/1.0" 200 269 "-" "Mozilla/5.0 (X11; Ubuntu; Linux x86_64; rv:72.0) Gecko/20100101 Firefox/72.0"
85.208.96.195 - - [03/Oct/2023:22:34:18 +0200] "GET /frame-canvas-puppies-p-26141.html HTTP/1.0" 200 76156 "-" "Mozilla/5.0 (compatible; SemrushBot/7~bl; +http://www.semrush.com/bot.html)"
157.90.182.25 - - [03/Oct/2023:22:34:21 +0200] "GET /salad-servers-coconut-wood-p-59595.html HTTP/1.0" 200 77240 "-" "Mozilla/5.0 (compatible; BLEXBot/1.0; +http://webmeup-crawler.com/)"
157.90.182.25 - - [03/Oct/2023:22:34:26 +0200] "GET /salamander-wall-decoration-p-47400.html HTTP/1.0" 200 76201 "-" "Mozilla/5.0 (compatible; BLEXBot/1.0; +http://webmeup-crawler.com/)"
157.90.182.25 - - [03/Oct/2023:22:34:31 +0200] "GET /salamander-wall-decoration-p-59234.html HTTP/1.0" 200 76818 "-" "Mozilla/5.0 (compatible; BLEXBot/1.0; +http://webmeup-crawler.com/)"
54.36.149.96 - - [03/Oct/2023:22:34:32 +0200] "GET /herbarium-frames-wall-sticker-p-52220.html HTTP/1.0" 200 76905 "-" "Mozilla/5.0 (compatible; AhrefsBot/7.0; +http://ahrefs.com/robot/)"
54.36.149.85 - - [03/Oct/2023:22:34:37 +0200] "GET /images/big_prod_1/3609810099012a.jpg HTTP/1.0" 200 271 "-" "Mozilla/5.0 (compatible; AhrefsBot/7.0; +http://ahrefs.com/robot/)"
157.90.182.25 - - [03/Oct/2023:22:34:38 +0200] "GET /salamander-wall-decoration-p-59235.html HTTP/1.0" 200 76818 "-" "Mozilla/5.0 (compatible; BLEXBot/1.0; +http://webmeup-crawler.com/)"
157.90.182.25 - - [03/Oct/2023:22:34:42 +0200] "GET /salamander-wall-decoration-p-59239.html HTTP/1.0" 200 76808 "-" "Mozilla/5.0 (compatible; BLEXBot/1.0; +http://webmeup-crawler.com/)"
157.90.182.25 - - [03/Oct/2023:22:34:49 +0200] "GET /salamander-wall-decoration-p-59240.html HTTP/1.0" 200 77021 "-" "Mozilla/5.0 (compatible; BLEXBot/1.0; +http://webmeup-crawler.com/)"
157.90.182.25 - - [03/Oct/2023:22:34:54 +0200] "GET /salamander-wall-decoration-p-59241.html HTTP/1.0" 200 77021 "-" "Mozilla/5.0 (compatible; BLEXBot/1.0; +http://webmeup-crawler.com/)"
157.90.182.25 - - [03/Oct/2023:22:34:58 +0200] "GET /salamander-wall-decoration-p-59496.html HTTP/1.0" 200 76818 "-" "Mozilla/5.0 (compatible; BLEXBot/1.0; +http://webmeup-crawler.com/)"
157.90.182.25 - - [03/Oct/2023:22:35:03 +0200] "GET /salamander-wall-decoration-p-59497.html HTTP/1.0" 200 76818 "-" "Mozilla/5.0 (compatible; BLEXBot/1.0; +http://webmeup-crawler.com/)"
157.90.182.25 - - [03/Oct/2023:22:35:09 +0200] "GET /salamander-wall-decoration-p-59498.html HTTP/1.0" 200 76818 "-" "Mozilla/5.0 (compatible; BLEXBot/1.0; +http://webmeup-crawler.com/)"
185.191.171.12 - - [03/Oct/2023:22:35:09 +0200] "GET /small-metallic-retro-welcome-surfing-p-38918.html HTTP/1.0" 200 73918 "-" "Mozilla/5.0 (compatible; SemrushBot/7~bl; +http://www.semrush.com/bot.html)"
54.36.148.246 - - [03/Oct/2023:22:35:11 +0200] "GET /corsica-metal-plate-p-52529.html HTTP/1.0" 200 76093 "-" "Mozilla/5.0 (compatible; AhrefsBot/7.0; +http://ahrefs.com/robot/)"
157.90.182.25 - - [03/Oct/2023:22:35:14 +0200] "GET /salsa-hermetic-p-37454.html HTTP/1.0" 200 76099 "-" "Mozilla/5.0 (compatible; BLEXBot/1.0; +http://webmeup-crawler.com/)"
157.90.182.25 - - [03/Oct/2023:22:35:19 +0200] "GET /salsa-ramekin-p-37453.html HTTP/1.0" 200 76070 "-" "Mozilla/5.0 (compatible; BLEXBot/1.0; +http://webmeup-crawler.com/)"
157.90.182.25 - - [03/Oct/2023:22:35:24 +0200] "GET /salt-boxes-jars-c-12_223.html?page=2 HTTP/1.0" 200 85162 "-" "Mozilla/5.0 (compatible; BLEXBot/1.0; +http://webmeup-crawler.com/)"
157.90.182.25 - - [03/Oct/2023:22:35:29 +0200] "GET /salt-pepper-faces-p-32463.html HTTP/1.0" 200 76155 "-" "Mozilla/5.0 (compatible; BLEXBot/1.0; +http://webmeup-crawler.com/)"
47.128.17.8 - - [03/Oct/2023:22:35:34 +0200] "GET /trays-c-12_159.html?page=3 HTTP/1.0" 200 95103 "-" "Mozilla/5.0 (compatible; Bytespider; spider-feedback@bytedance.com) AppleWebKit/537.36 (KHTML, like Gecko) Chrome/70.0.0.0 Safari/537.36"
157.90.182.25 - - [03/Oct/2023:22:35:35 +0200] "GET /salt-pepper-p-49111.html HTTP/1.0" 200 76127 "-" "Mozilla/5.0 (compatible; BLEXBot/1.0; +http://webmeup-crawler.com/)"
47.128.17.8 - - [03/Oct/2023:22:35:36 +0200] "GET /swfobject.js HTTP/1.0" 404 1308 "http://www.wonder-geek.com/trays-c-12_159.html?page=3" "Mozilla/5.0 (compatible; Bytespider; spider-feedback@bytedance.com) AppleWebKit/537.36 (KHTML, like Gecko) Chrome/70.0.0.0 Safari/537.36"
157.90.182.25 - - [03/Oct/2023:22:35:40 +0200] "GET /salt-pepper-p-50747.html HTTP/1.0" 200 76786 "-" "Mozilla/5.0 (compatible; BLEXBot/1.0; +http://webmeup-crawler.com/)"
47.128.17.8 - - [03/Oct/2023:22:35:43 +0200] "GET /js/jquery.min.js HTTP/1.0" 404 1308 "http://www.wonder-geek.com/trays-c-12_159.html?page=3" "Mozilla/5.0 (compatible; Bytespider; spider-feedback@bytedance.com) AppleWebKit/537.36 (KHTML, like Gecko) Chrome/70.0.0.0 Safari/537.36"
47.128.17.8 - - [03/Oct/2023:22:35:44 +0200] "GET /highslide/graphics/zoomout.cur HTTP/1.0" 200 614 "http://www.wonder-geek.com/trays-c-12_159.html?page=3" "Mozilla/5.0 (compatible; Bytespider; spider-feedback@bytedance.com) AppleWebKit/537.36 (KHTML, like Gecko) Chrome/70.0.0.0 Safari/537.36"
47.128.17.8 - - [03/Oct/2023:22:35:44 +0200] "GET /highslide/graphics/outlines/drop-shadow.png HTTP/1.0" 200 277 "http://www.wonder-geek.com/trays-c-12_159.html?page=3" "Mozilla/5.0 (compatible; Bytespider; spider-feedback@bytedance.com) AppleWebKit/537.36 (KHTML, like Gecko) Chrome/70.0.0.0 Safari/537.36"
207.46.13.54 - - [03/Oct/2023:22:35:45 +0200] "GET /furnishings-c-13_87.html HTTP/1.0" 301 85829 "-" "Mozilla/5.0 AppleWebKit/537.36 (KHTML, like Gecko; compatible; bingbot/2.0; +http://www.bing.com/bingbot.htm) Chrome/103.0.5060.134 Safari/537.36"
157.90.182.25 - - [03/Oct/2023:22:35:46 +0200] "GET /salt-pepper-p-52772.html HTTP/1.0" 200 76941 "-" "Mozilla/5.0 (compatible; BLEXBot/1.0; +http://webmeup-crawler.com/)"
157.90.182.25 - - [03/Oct/2023:22:35:53 +0200] "GET /salt-pepper-savoie-p-56559.html HTTP/1.0" 200 76294 "-" "Mozilla/5.0 (compatible; BLEXBot/1.0; +http://webmeup-crawler.com/)"
157.90.182.25 - - [03/Oct/2023:22:35:58 +0200] "GET /salt-pepper-shaker-p-40790.html HTTP/1.0" 200 76147 "-" "Mozilla/5.0 (compatible; BLEXBot/1.0; +http://webmeup-crawler.com/)"
157.90.182.25 - - [03/Oct/2023:22:36:04 +0200] "GET /salt-pepper-shaker-p-40791.html HTTP/1.0" 200 76168 "-" "Mozilla/5.0 (compatible; BLEXBot/1.0; +http://webmeup-crawler.com/)"
157.90.182.25 - - [03/Oct/2023:22:36:13 +0200] "GET /salt-pepper-shaker-p-40792.html HTTP/1.0" 200 76240 "-" "Mozilla/5.0 (compatible; BLEXBot/1.0; +http://webmeup-crawler.com/)"
185.191.171.4 - - [03/Oct/2023:22:36:13 +0200] "GET /corsica-decorative-coasters-p-58051.html HTTP/1.0" 200 76769 "-" "Mozilla/5.0 (compatible; SemrushBot/7~bl; +http://www.semrush.com/bot.html)"
54.36.149.82 - - [03/Oct/2023:22:36:14 +0200] "GET /decorative-candle-white-lantern-p-56872.html HTTP/1.0" 200 76288 "-" "Mozilla/5.0 (compatible; AhrefsBot/7.0; +http://ahrefs.com/robot/)"
157.90.182.25 - - [03/Oct/2023:22:36:18 +0200] "GET /salt-pepper-shaker-p-40794.html HTTP/1.0" 200 76239 "-" "Mozilla/5.0 (compatible; BLEXBot/1.0; +http://webmeup-crawler.com/)"
157.90.182.25 - - [03/Oct/2023:22:36:23 +0200] "GET /salt-pepper-shaker-p-40795.html HTTP/1.0" 200 76240 "-" "Mozilla/5.0 (compatible; BLEXBot/1.0; +http://webmeup-crawler.com/)"
157.90.182.25 - - [03/Oct/2023:22:36:29 +0200] "GET /salt-pepper-shaker-p-40798.html HTTP/1.0" 200 76240 "-" "Mozilla/5.0 (compatible; BLEXBot/1.0; +http://webmeup-crawler.com/)"
157.90.182.25 - - [03/Oct/2023:22:36:34 +0200] "GET /salt-pepper-shaker-sets-c-12_160.html?page=2 HTTP/1.0" 200 94440 "-" "Mozilla/5.0 (compatible; BLEXBot/1.0; +http://webmeup-crawler.com/)"
157.90.182.25 - - [03/Oct/2023:22:36:40 +0200] "GET /salt-pepper-shaker-sets-c-12_160.html?page=3 HTTP/1.0" 200 94883 "-" "Mozilla/5.0 (compatible; BLEXBot/1.0; +http://webmeup-crawler.com/)"
213.180.203.107 - - [03/Oct/2023:22:36:43 +0200] "GET /robots.txt HTTP/1.0" 200 245 "-" "Mozilla/5.0 (compatible; YandexBot/3.0; +http://yandex.com/bots)"
87.250.224.17 - - [03/Oct/2023:22:36:43 +0200] "GET /images/big_prod/3700572751702B.jpg HTTP/1.0" 200 269 "-" "Mozilla/5.0 (compatible; YandexImages/3.0; +http://yandex.com/bots)"
54.36.148.68 - - [03/Oct/2023:22:36:46 +0200] "GET /figure-collection-romero-britto-p-53510.html HTTP/1.0" 200 77272 "-" "Mozilla/5.0 (compatible; AhrefsBot/7.0; +http://ahrefs.com/robot/)"
157.90.182.25 - - [03/Oct/2023:22:36:46 +0200] "GET /salt-pepper-shaker-sets-c-12_160.html?page=4 HTTP/1.0" 200 86082 "-" "Mozilla/5.0 (compatible; BLEXBot/1.0; +http://webmeup-crawler.com/)"
157.90.182.25 - - [03/Oct/2023:22:36:52 +0200] "GET /salt-pepper-small-fish-p-54509.html HTTP/1.0" 200 76274 "-" "Mozilla/5.0 (compatible; BLEXBot/1.0; +http://webmeup-crawler.com/)"
185.191.171.1 - - [03/Oct/2023:22:36:55 +0200] "GET /incense-archangels-p-43188.html HTTP/1.0" 200 76993 "-" "Mozilla/5.0 (compatible; SemrushBot/7~bl; +http://www.semrush.com/bot.html)"
157.90.182.25 - - [03/Oct/2023:22:36:58 +0200] "GET /salt-silver-pepper-p-53747.html HTTP/1.0" 200 76873 "-" "Mozilla/5.0 (compatible; BLEXBot/1.0; +http://webmeup-crawler.com/)"
157.90.182.25 - - [03/Oct/2023:22:37:03 +0200] "GET /salt-with-spoon-cabourg-p-50636.html HTTP/1.0" 200 76240 "-" "Mozilla/5.0 (compatible; BLEXBot/1.0; +http://webmeup-crawler.com/)"
157.90.182.25 - - [03/Oct/2023:22:37:08 +0200] "GET /salt-with-spoon-camargua-p-54571.html HTTP/1.0" 200 76168 "-" "Mozilla/5.0 (compatible; BLEXBot/1.0; +http://webmeup-crawler.com/)"
157.90.182.25 - - [03/Oct/2023:22:37:15 +0200] "GET /salt-with-wooden-spoon-aderne-p-54500.html HTTP/1.0" 200 76291 "-" "Mozilla/5.0 (compatible; BLEXBot/1.0; +http://webmeup-crawler.com/)"
157.90.182.25 - - [03/Oct/2023:22:37:21 +0200] "GET /salt-with-wooden-spoon-p-60456.html HTTP/1.0" 200 77054 "-" "Mozilla/5.0 (compatible; BLEXBot/1.0; +http://webmeup-crawler.com/)"
54.36.148.85 - - [03/Oct/2023:22:37:24 +0200] "GET /postcard-with-envelope-elephant-p-48857.html HTTP/1.0" 200 76303 "-" "Mozilla/5.0 (compatible; AhrefsBot/7.0; +http://ahrefs.com/robot/)"
157.90.182.25 - - [03/Oct/2023:22:37:26 +0200] "GET /salt-with-wooden-spoon-p-60457.html HTTP/1.0" 200 77055 "-" "Mozilla/5.0 (compatible; BLEXBot/1.0; +http://webmeup-crawler.com/)"
157.90.182.25 - - [03/Oct/2023:22:37:32 +0200] "GET /salt-with-wooden-spoon-sardy-p-54510.html HTTP/1.0" 200 76180 "-" "Mozilla/5.0 (compatible; BLEXBot/1.0; +http://webmeup-crawler.com/)"
157.90.182.25 - - [03/Oct/2023:22:37:39 +0200] "GET /sandstone-butter-dish-with-bees-pattern-p-57766.html HTTP/1.0" 200 77190 "-" "Mozilla/5.0 (compatible; BLEXBot/1.0; +http://webmeup-crawler.com/)"
157.90.182.25 - - [03/Oct/2023:22:37:45 +0200] "GET /santa-claus-pocket-heater-p-59451.html HTTP/1.0" 200 76971 "-" "Mozilla/5.0 (compatible; BLEXBot/1.0; +http://webmeup-crawler.com/)"
157.90.182.25 - - [03/Oct/2023:22:37:50 +0200] "GET /santa-claus-solar-powered-dancing-p-33073.html HTTP/1.0" 200 76467 "-" "Mozilla/5.0 (compatible; BLEXBot/1.0; +http://webmeup-crawler.com/)"
157.90.182.25 - - [03/Oct/2023:22:37:56 +0200] "GET /santa-sleigh-saucer-p-56236.html HTTP/1.0" 200 76185 "-" "Mozilla/5.0 (compatible; BLEXBot/1.0; +http://webmeup-crawler.com/)"
54.36.149.0 - - [03/Oct/2023:22:37:56 +0200] "GET /poppies-small-ashtray-p-49154.html HTTP/1.0" 200 76111 "-" "Mozilla/5.0 (compatible; AhrefsBot/7.0; +http://ahrefs.com/robot/)"
157.90.182.25 - - [03/Oct/2023:22:38:02 +0200] "GET /sardinerie-kitchen-utensil-holder-p-56555.html HTTP/1.0" 200 76439 "-" "Mozilla/5.0 (compatible; BLEXBot/1.0; +http://webmeup-crawler.com/)"
157.90.182.25 - - [03/Oct/2023:22:38:07 +0200] "GET /saturnin-bedclothes-p-57076.html HTTP/1.0" 200 76880 "-" "Mozilla/5.0 (compatible; BLEXBot/1.0; +http://webmeup-crawler.com/)"
157.90.182.25 - - [03/Oct/2023:22:38:12 +0200] "GET /saucer-p-53820.html HTTP/1.0" 200 76677 "-" "Mozilla/5.0 (compatible; BLEXBot/1.0; +http://webmeup-crawler.com/)"
185.191.171.16 - - [03/Oct/2023:22:38:14 +0200] "GET /mini-rectangular-kitten-tray-p-60848.html HTTP/1.0" 200 76861 "-" "Mozilla/5.0 (compatible; SemrushBot/7~bl; +http://www.semrush.com/bot.html)"
157.90.182.25 - - [03/Oct/2023:22:38:18 +0200] "GET /saucer-p-57179.html HTTP/1.0" 200 76676 "-" "Mozilla/5.0 (compatible; BLEXBot/1.0; +http://webmeup-crawler.com/)"
157.90.182.25 - - [03/Oct/2023:22:38:24 +0200] "GET /saucer-p-57180.html HTTP/1.0" 200 76677 "-" "Mozilla/5.0 (compatible; BLEXBot/1.0; +http://webmeup-crawler.com/)"
157.90.182.25 - - [03/Oct/2023:22:38:30 +0200] "GET /saucer-p-57185.html HTTP/1.0" 200 76677 "-" "Mozilla/5.0 (compatible; BLEXBot/1.0; +http://webmeup-crawler.com/)"
157.90.182.25 - - [03/Oct/2023:22:38:34 +0200] "GET /saucer-p-57188.html HTTP/1.0" 200 76677 "-" "Mozilla/5.0 (compatible; BLEXBot/1.0; +http://webmeup-crawler.com/)"
54.36.148.8 - - [03/Oct/2023:22:38:37 +0200] "GET /fitted-sheet-with-head-foot-lifting-p-43761.html HTTP/1.0" 200 76868 "-" "Mozilla/5.0 (compatible; AhrefsBot/7.0; +http://ahrefs.com/robot/)"
157.90.182.25 - - [03/Oct/2023:22:38:40 +0200] "GET /sausage-apro-p-58143.html HTTP/1.0" 200 76711 "-" "Mozilla/5.0 (compatible; BLEXBot/1.0; +http://webmeup-crawler.com/)"
157.90.182.25 - - [03/Oct/2023:22:38:45 +0200] "GET /sausage-apro-recrute-p-58142.html HTTP/1.0" 200 76752 "-" "Mozilla/5.0 (compatible; BLEXBot/1.0; +http://webmeup-crawler.com/)"
157.90.182.25 - - [03/Oct/2023:22:38:50 +0200] "GET /sausage-tout-travail-p-58141.html HTTP/1.0" 200 76722 "-" "Mozilla/5.0 (compatible; BLEXBot/1.0; +http://webmeup-crawler.com/)"
157.90.182.25 - - [03/Oct/2023:22:38:54 +0200] "GET /sausage-veillis-p-58140.html HTTP/1.0" 200 76737 "-" "Mozilla/5.0 (compatible; BLEXBot/1.0; +http://webmeup-crawler.com/)"
157.90.182.25 - - [03/Oct/2023:22:39:00 +0200] "GET /sausage-with-knife-excuse-french-p-47322.html HTTP/1.0" 200 76839 "-" "Mozilla/5.0 (compatible; BLEXBot/1.0; +http://webmeup-crawler.com/)"
157.90.182.25 - - [03/Oct/2023:22:39:05 +0200] "GET /savonnette-provence-made-france-sweet-almond-milk-p-44883.html HTTP/1.0" 200 76784 "-" "Mozilla/5.0 (compatible; BLEXBot/1.0; +http://webmeup-crawler.com/)"
157.90.182.25 - - [03/Oct/2023:22:39:09 +0200] "GET /scarf-gloves-bratz-yellow-color-p-22128.html HTTP/1.0" 200 76432 "-" "Mozilla/5.0 (compatible; BLEXBot/1.0; +http://webmeup-crawler.com/)"
54.36.148.33 - - [03/Oct/2023:22:39:13 +0200] "GET /magnet-citron-p-40123.html HTTP/1.0" 200 76142 "-" "Mozilla/5.0 (compatible; AhrefsBot/7.0; +http://ahrefs.com/robot/)"
157.90.182.25 - - [03/Oct/2023:22:39:15 +0200] "GET /scented-candles-novenas-c-231_227.html?page=10 HTTP/1.0" 200 97754 "-" "Mozilla/5.0 (compatible; BLEXBot/1.0; +http://webmeup-crawler.com/)"
157.90.182.25 - - [03/Oct/2023:22:39:23 +0200] "GET /scented-candles-novenas-c-231_227.html?page=11 HTTP/1.0" 200 97905 "-" "Mozilla/5.0 (compatible; BLEXBot/1.0; +http://webmeup-crawler.com/)"
157.90.182.25 - - [03/Oct/2023:22:39:29 +0200] "GET /scented-candles-novenas-c-231_227.html?page=2 HTTP/1.0" 200 96495 "-" "Mozilla/5.0 (compatible; BLEXBot/1.0; +http://webmeup-crawler.com/)"
85.208.96.196 - - [03/Oct/2023:22:39:30 +0200] "GET /pokemon-pikachu-pencil-case-p-60777.html HTTP/1.0" 200 77154 "-" "Mozilla/5.0 (compatible; SemrushBot/7~bl; +http://www.semrush.com/bot.html)"
157.90.182.25 - - [03/Oct/2023:22:39:35 +0200] "GET /scented-candles-novenas-c-231_227.html?page=3 HTTP/1.0" 200 97533 "-" "Mozilla/5.0 (compatible; BLEXBot/1.0; +http://webmeup-crawler.com/)"
85.208.96.197 - - [03/Oct/2023:22:39:35 +0200] "GET /dubout-cats-white-ceramic-p-40080.html HTTP/1.0" 200 76271 "-" "Mozilla/5.0 (compatible; SemrushBot/7~bl; +http://www.semrush.com/bot.html)"
157.90.182.25 - - [03/Oct/2023:22:39:46 +0200] "GET /scented-candles-novenas-c-231_227.html?page=4 HTTP/1.0" 200 97816 "-" "Mozilla/5.0 (compatible; BLEXBot/1.0; +http://webmeup-crawler.com/)"
51.68.224.127 - - [03/Oct/2023:22:39:54 +0200] "GET /adminweb/export_orders_xml.php?token=256de2z6edz6ed2z6DFSFsed2zed6zeDSFDSGdzedezfzf&maxorders=10&orderstart=1&status=14&start_date=2018-10-01 HTTP/1.0" 200 285 "-" "GesCom CharlotteBoutik Serveur"
51.68.224.127 - - [03/Oct/2023:22:39:54 +0200] "GET /adminweb/export_orders_xml.php?token=256de2z6edz6ed2z6DFSFsed2zed6zeDSFDSGdzedezfzf&maxorders=10&orderstart=1&status=6&start_date=2018-10-01 HTTP/1.0" 200 33939 "-" "GesCom CharlotteBoutik Serveur"
54.36.148.12 - - [03/Oct/2023:22:39:54 +0200] "GET /owls-michelle-allen-flat-pocket-p-37693.html HTTP/1.0" 200 76271 "-" "Mozilla/5.0 (compatible; AhrefsBot/7.0; +http://ahrefs.com/robot/)"
157.90.182.25 - - [03/Oct/2023:22:39:59 +0200] "GET /scented-candles-novenas-c-231_227.html?page=5 HTTP/1.0" 200 97570 "-" "Mozilla/5.0 (compatible; BLEXBot/1.0; +http://webmeup-crawler.com/)"
157.90.182.25 - - [03/Oct/2023:22:40:04 +0200] "GET /scented-candles-novenas-c-231_227.html?page=6 HTTP/1.0" 200 97697 "-" "Mozilla/5.0 (compatible; BLEXBot/1.0; +http://webmeup-crawler.com/)"
157.90.182.25 - - [03/Oct/2023:22:40:10 +0200] "GET /scented-candles-novenas-c-231_227.html?page=7 HTTP/1.0" 200 97362 "-" "Mozilla/5.0 (compatible; BLEXBot/1.0; +http://webmeup-crawler.com/)"
157.90.182.25 - - [03/Oct/2023:22:40:17 +0200] "GET /scented-candles-novenas-c-231_227.html?page=8 HTTP/1.0" 200 97222 "-" "Mozilla/5.0 (compatible; BLEXBot/1.0; +http://webmeup-crawler.com/)"
54.36.149.66 - - [03/Oct/2023:22:40:24 +0200] "GET /statuette-merciful-christ-bronze-color-p-59315.html HTTP/1.0" 200 78011 "-" "Mozilla/5.0 (compatible; AhrefsBot/7.0; +http://ahrefs.com/robot/)"
157.90.182.25 - - [03/Oct/2023:22:40:25 +0200] "GET /scented-candles-novenas-c-231_227.html?page=9 HTTP/1.0" 200 97695 "-" "Mozilla/5.0 (compatible; BLEXBot/1.0; +http://webmeup-crawler.com/)"
54.36.149.38 - - [03/Oct/2023:22:40:30 +0200] "GET /images/big_prod/3700344940549B.jpg HTTP/1.0" 200 269 "-" "Mozilla/5.0 (compatible; AhrefsBot/7.0; +http://ahrefs.com/robot/)"
157.90.182.25 - - [03/Oct/2023:22:40:32 +0200] "GET /scents-provence-teapot-p-52686.html HTTP/1.0" 200 76136 "-" "Mozilla/5.0 (compatible; BLEXBot/1.0; +http://webmeup-crawler.com/)"
157.90.182.25 - - [03/Oct/2023:22:40:36 +0200] "GET /school-gorjuss-sugar-spice-agenda-year-2017-2018-p-39785.html HTTP/1.0" 200 76628 "-" "Mozilla/5.0 (compatible; BLEXBot/1.0; +http://webmeup-crawler.com/)"
54.36.149.63 - - [03/Oct/2023:22:40:40 +0200] "GET /images/big_prod_3/3700344940549E.jpg HTTP/1.0" 200 271 "-" "Mozilla/5.0 (compatible; AhrefsBot/7.0; +http://ahrefs.com/robot/)"
157.90.182.25 - - [03/Oct/2023:22:40:41 +0200] "GET /scooby-p-27884.html HTTP/1.0" 200 76258 "-" "Mozilla/5.0 (compatible; BLEXBot/1.0; +http://webmeup-crawler.com/)"
54.36.148.19 - - [03/Oct/2023:22:40:45 +0200] "GET /images/big_prod_2/3700344940549D.jpg HTTP/1.0" 200 271 "-" "Mozilla/5.0 (compatible; AhrefsBot/7.0; +http://ahrefs.com/robot/)"
157.90.182.25 - - [03/Oct/2023:22:40:46 +0200] "GET /scratch-france-wall-decoration-paper-p-56711.html HTTP/1.0" 200 77008 "-" "Mozilla/5.0 (compatible; BLEXBot/1.0; +http://webmeup-crawler.com/)"
54.36.149.102 - - [03/Oct/2023:22:40:51 +0200] "GET /images/big_prod_4/3700344940549F.jpg HTTP/1.0" 200 271 "-" "Mozilla/5.0 (compatible; AhrefsBot/7.0; +http://ahrefs.com/robot/)"
157.90.182.25 - - [03/Oct/2023:22:40:58 +0200] "GET /sculpted-resin-celtic-goddesses-p-57561.html HTTP/1.0" 200 76388 "-" "Mozilla/5.0 (compatible; BLEXBot/1.0; +http://webmeup-crawler.com/)"
85.208.96.205 - - [03/Oct/2023:22:40:59 +0200] "GET /-p-36771.html HTTP/1.0" 200 73770 "-" "Mozilla/5.0 (compatible; SemrushBot/7~bl; +http://www.semrush.com/bot.html)"
54.36.149.43 - - [03/Oct/2023:22:41:00 +0200] "GET /tinted-candle-silver-color-p-48934.html HTTP/1.0" 200 76188 "-" "Mozilla/5.0 (compatible; AhrefsBot/7.0; +http://ahrefs.com/robot/)"
157.90.182.25 - - [03/Oct/2023:22:41:04 +0200] "GET /serve-coffee-cutting-board-p-40647.html HTTP/1.0" 200 76237 "-" "Mozilla/5.0 (compatible; BLEXBot/1.0; +http://webmeup-crawler.com/)"
157.90.182.25 - - [03/Oct/2023:22:41:09 +0200] "GET /seven-dwarfs-hair-clips-p-19417.html HTTP/1.0" 200 79053 "-" "Mozilla/5.0 (compatible; BLEXBot/1.0; +http://webmeup-crawler.com/)"
85.208.96.199 - - [03/Oct/2023:22:41:10 +0200] "GET /small-bamboo-table-lamp-white-shade-p-54582.html HTTP/1.0" 200 73908 "-" "Mozilla/5.0 (compatible; SemrushBot/7~bl; +http://www.semrush.com/bot.html)"
157.90.182.25 - - [03/Oct/2023:22:41:16 +0200] "GET /shadoks-pencil-case-p-19626.html HTTP/1.0" 200 76264 "-" "Mozilla/5.0 (compatible; BLEXBot/1.0; +http://webmeup-crawler.com/)"
157.90.182.25 - - [03/Oct/2023:22:41:22 +0200] "GET /sheep-cushion-cover-p-59580.html HTTP/1.0" 200 77311 "-" "Mozilla/5.0 (compatible; BLEXBot/1.0; +http://webmeup-crawler.com/)"
157.90.182.25 - - [03/Oct/2023:22:41:27 +0200] "GET /shirts-sweatshirts-c-53_54.html?page=2 HTTP/1.0" 200 94444 "-" "Mozilla/5.0 (compatible; BLEXBot/1.0; +http://webmeup-crawler.com/)"
157.90.182.25 - - [03/Oct/2023:22:41:32 +0200] "GET /shirts-sweatshirts-c-53_54.html?page=3 HTTP/1.0" 200 86021 "-" "Mozilla/5.0 (compatible; BLEXBot/1.0; +http://webmeup-crawler.com/)"
54.36.148.104 - - [03/Oct/2023:22:41:33 +0200] "GET /white-ceramic-espresso-saucer-p-60409.html HTTP/1.0" 200 76932 "-" "Mozilla/5.0 (compatible; AhrefsBot/7.0; +http://ahrefs.com/robot/)"
157.90.182.25 - - [03/Oct/2023:22:41:37 +0200] "GET /shirts-sweatshirts-women-c-53_55.html?page=2 HTTP/1.0" 200 94286 "-" "Mozilla/5.0 (compatible; BLEXBot/1.0; +http://webmeup-crawler.com/)"
157.90.182.25 - - [03/Oct/2023:22:41:42 +0200] "GET /shirts-sweatshirts-women-c-53_55.html?page=3 HTTP/1.0" 200 91790 "-" "Mozilla/5.0 (compatible; BLEXBot/1.0; +http://webmeup-crawler.com/)"
54.36.148.168 - - [03/Oct/2023:22:41:48 +0200] "GET /images/big_prod_1/8422068763321B.jpg HTTP/1.0" 200 271 "-" "Mozilla/5.0 (compatible; AhrefsBot/7.0; +http://ahrefs.com/robot/)"
157.90.182.25 - - [03/Oct/2023:22:41:47 +0200] "GET /shooter-mona-lisa-p-38614.html HTTP/1.0" 200 76085 "-" "Mozilla/5.0 (compatible; BLEXBot/1.0; +http://webmeup-crawler.com/)"
157.90.182.25 - - [03/Oct/2023:22:41:52 +0200] "GET /shop-c-155.html?page=2 HTTP/1.0" 200 82093 "-" "Mozilla/5.0 (compatible; BLEXBot/1.0; +http://webmeup-crawler.com/)"
54.36.148.123 - - [03/Oct/2023:22:41:54 +0200] "GET /images/big_prod/8422068763321.jpg HTTP/1.0" 200 268 "-" "Mozilla/5.0 (compatible; AhrefsBot/7.0; +http://ahrefs.com/robot/)"
157.90.182.25 - - [03/Oct/2023:22:41:57 +0200] "GET /shopping-cats-dubout-dodo-p-44030.html HTTP/1.0" 200 77093 "-" "Mozilla/5.0 (compatible; BLEXBot/1.0; +http://webmeup-crawler.com/)"
157.90.182.25 - - [03/Oct/2023:22:42:02 +0200] "GET /shopping-cats-dubout-p-53970.html HTTP/1.0" 200 76366 "-" "Mozilla/5.0 (compatible; BLEXBot/1.0; +http://webmeup-crawler.com/)"
157.90.182.25 - - [03/Oct/2023:22:42:08 +0200] "GET /shopping-cats-dubout-p-59921.html HTTP/1.0" 200 77250 "-" "Mozilla/5.0 (compatible; BLEXBot/1.0; +http://webmeup-crawler.com/)"
54.36.148.92 - - [03/Oct/2023:22:42:09 +0200] "GET /postcard-with-envelope-butterflies-p-48854.html HTTP/1.0" 200 76307 "-" "Mozilla/5.0 (compatible; AhrefsBot/7.0; +http://ahrefs.com/robot/)"
157.90.182.25 - - [03/Oct/2023:22:42:13 +0200] "GET /shopping-cats-dubout-p-60651.html HTTP/1.0" 200 76952 "-" "Mozilla/5.0 (compatible; BLEXBot/1.0; +http://webmeup-crawler.com/)"
157.90.182.25 - - [03/Oct/2023:22:42:22 +0200] "GET /shopping-gogh-iris-p-53536.html HTTP/1.0" 200 76971 "-" "Mozilla/5.0 (compatible; BLEXBot/1.0; +http://webmeup-crawler.com/)"
157.90.182.25 - - [03/Oct/2023:22:42:32 +0200] "GET /shopping-kandinsky-p-53535.html HTTP/1.0" 200 76923 "-" "Mozilla/5.0 (compatible; BLEXBot/1.0; +http://webmeup-crawler.com/)"
157.90.182.25 - - [03/Oct/2023:22:42:38 +0200] "GET /shower-curtain-blue-bubbles-p-59790.html HTTP/1.0" 200 77009 "-" "Mozilla/5.0 (compatible; BLEXBot/1.0; +http://webmeup-crawler.com/)"
157.90.182.25 - - [03/Oct/2023:22:42:46 +0200] "GET /shower-curtain-c-11_168.html?page=2 HTTP/1.0" 200 84816 "-" "Mozilla/5.0 (compatible; BLEXBot/1.0; +http://webmeup-crawler.com/)"
157.90.182.25 - - [03/Oct/2023:22:42:52 +0200] "GET /shower-curtain-cactus-p-59788.html HTTP/1.0" 200 76964 "-" "Mozilla/5.0 (compatible; BLEXBot/1.0; +http://webmeup-crawler.com/)"
157.90.182.25 - - [03/Oct/2023:22:42:57 +0200] "GET /shower-curtain-grey-p-59789.html HTTP/1.0" 200 76928 "-" "Mozilla/5.0 (compatible; BLEXBot/1.0; +http://webmeup-crawler.com/)"
54.36.149.69 - - [03/Oct/2023:22:42:57 +0200] "GET /papa-super-papa-adult-apron-p-55221.html HTTP/1.0" 200 76237 "-" "Mozilla/5.0 (compatible; AhrefsBot/7.0; +http://ahrefs.com/robot/)"
130.245.191.224 - - [03/Oct/2023:22:43:00 +0200] "GET /images/big_prod/3014627830404.jpg HTTP/1.0" 200 268 "-" "Mozilla/5.0 (X11; Ubuntu; Linux x86_64; rv:72.0) Gecko/20100101 Firefox/72.0"
157.90.182.25 - - [03/Oct/2023:22:43:01 +0200] "GET /shower-curtain-p-50727.html HTTP/1.0" 200 77019 "-" "Mozilla/5.0 (compatible; BLEXBot/1.0; +http://webmeup-crawler.com/)"
157.90.182.25 - - [03/Oct/2023:22:43:06 +0200] "GET /shower-curtain-p-57890.html HTTP/1.0" 200 76807 "-" "Mozilla/5.0 (compatible; BLEXBot/1.0; +http://webmeup-crawler.com/)"
157.90.182.25 - - [03/Oct/2023:22:43:12 +0200] "GET /shower-curtain-p-58602.html HTTP/1.0" 200 76807 "-" "Mozilla/5.0 (compatible; BLEXBot/1.0; +http://webmeup-crawler.com/)"
157.90.182.25 - - [03/Oct/2023:22:43:17 +0200] "GET /shower-curtain-p-58603.html HTTP/1.0" 200 77018 "-" "Mozilla/5.0 (compatible; BLEXBot/1.0; +http://webmeup-crawler.com/)"
157.55.39.9 - - [03/Oct/2023:22:43:19 +0200] "GET /array-m-124.html HTTP/1.0" 200 94207 "-" "Mozilla/5.0 AppleWebKit/537.36 (KHTML, like Gecko; compatible; bingbot/2.0; +http://www.bing.com/bingbot.htm) Chrome/103.0.5060.134 Safari/537.36"
157.90.182.25 - - [03/Oct/2023:22:43:22 +0200] "GET /silver-amethyst-brass-earrings-p-44818.html HTTP/1.0" 200 76221 "-" "Mozilla/5.0 (compatible; BLEXBot/1.0; +http://webmeup-crawler.com/)"
157.90.182.25 - - [03/Oct/2023:22:43:27 +0200] "GET /silver-amethyst-brass-earrings-p-44961.html HTTP/1.0" 200 76256 "-" "Mozilla/5.0 (compatible; BLEXBot/1.0; +http://webmeup-crawler.com/)"
157.90.182.25 - - [03/Oct/2023:22:43:32 +0200] "GET /silver-face-jewelry-holder-p-60299.html HTTP/1.0" 200 77317 "-" "Mozilla/5.0 (compatible; BLEXBot/1.0; +http://webmeup-crawler.com/)"
54.36.148.113 - - [03/Oct/2023:22:43:35 +0200] "GET /jane-crowther-ziggy-rabbit-saucer-p-57192.html HTTP/1.0" 200 76980 "-" "Mozilla/5.0 (compatible; AhrefsBot/7.0; +http://ahrefs.com/robot/)"
157.90.182.25 - - [03/Oct/2023:22:43:37 +0200] "GET /silver-metal-umbrella-stand-p-59111.html HTTP/1.0" 200 77046 "-" "Mozilla/5.0 (compatible; BLEXBot/1.0; +http://webmeup-crawler.com/)"
54.36.148.81 - - [03/Oct/2023:22:43:41 +0200] "GET /images/big_prod_1/3700572752136C.jpg HTTP/1.0" 200 271 "-" "Mozilla/5.0 (compatible; AhrefsBot/7.0; +http://ahrefs.com/robot/)"
157.90.182.25 - - [03/Oct/2023:22:43:42 +0200] "GET /silver-skull-keyrings-p-34191.html HTTP/1.0" 200 76160 "-" "Mozilla/5.0 (compatible; BLEXBot/1.0; +http://webmeup-crawler.com/)"
85.208.96.212 - - [03/Oct/2023:22:43:45 +0200] "GET /robots.txt HTTP/1.0" 200 245 "-" "Mozilla/5.0 (compatible; SemrushBot/7~bl; +http://www.semrush.com/bot.html)"
85.208.96.197 - - [03/Oct/2023:22:43:45 +0200] "GET /-p-28918.html HTTP/1.0" 200 73770 "-" "Mozilla/5.0 (compatible; SemrushBot/7~bl; +http://www.semrush.com/bot.html)"
157.90.182.25 - - [03/Oct/2023:22:43:52 +0200] "GET /silver-tourmaline-brass-earrings-p-48664.html HTTP/1.0" 200 76244 "-" "Mozilla/5.0 (compatible; BLEXBot/1.0; +http://webmeup-crawler.com/)"
157.90.182.25 - - [03/Oct/2023:22:43:58 +0200] "GET /silver-wall-mirror-p-53690.html HTTP/1.0" 200 76104 "-" "Mozilla/5.0 (compatible; BLEXBot/1.0; +http://webmeup-crawler.com/)"
185.191.171.4 - - [03/Oct/2023:22:44:02 +0200] "GET /-p-43660.html HTTP/1.0" 200 73770 "-" "Mozilla/5.0 (compatible; SemrushBot/7~bl; +http://www.semrush.com/bot.html)"
157.90.182.25 - - [03/Oct/2023:22:44:04 +0200] "GET /silvery-with-personalized-picture-p-16299.html HTTP/1.0" 200 76682 "-" "Mozilla/5.0 (compatible; BLEXBot/1.0; +http://webmeup-crawler.com/)"
54.36.148.155 - - [03/Oct/2023:22:44:07 +0200] "GET /candle-virgin-child-p-48671.html HTTP/1.0" 200 76188 "-" "Mozilla/5.0 (compatible; AhrefsBot/7.0; +http://ahrefs.com/robot/)"
157.90.182.25 - - [03/Oct/2023:22:44:09 +0200] "GET /simpsons-shirt-p-29593.html HTTP/1.0" 200 77511 "-" "Mozilla/5.0 (compatible; BLEXBot/1.0; +http://webmeup-crawler.com/)"
157.90.182.25 - - [03/Oct/2023:22:44:15 +0200] "GET /since-1960-small-clock-p-55074.html HTTP/1.0" 200 76215 "-" "Mozilla/5.0 (compatible; BLEXBot/1.0; +http://webmeup-crawler.com/)"
157.90.182.25 - - [03/Oct/2023:22:44:21 +0200] "GET /sixtine-plaid-p-51299.html HTTP/1.0" 200 76828 "-" "Mozilla/5.0 (compatible; BLEXBot/1.0; +http://webmeup-crawler.com/)"
157.90.182.25 - - [03/Oct/2023:22:44:27 +0200] "GET /skeleton-black-shirt-p-30128.html HTTP/1.0" 200 77302 "-" "Mozilla/5.0 (compatible; BLEXBot/1.0; +http://webmeup-crawler.com/)"
157.90.182.25 - - [03/Oct/2023:22:44:33 +0200] "GET /skull-bottle-p-42717.html HTTP/1.0" 200 76053 "-" "Mozilla/5.0 (compatible; BLEXBot/1.0; +http://webmeup-crawler.com/)"
157.90.182.25 - - [03/Oct/2023:22:44:39 +0200] "GET /skull-shaped-drink-dispenser-p-56368.html HTTP/1.0" 200 77018 "-" "Mozilla/5.0 (compatible; BLEXBot/1.0; +http://webmeup-crawler.com/)"
54.36.149.65 - - [03/Oct/2023:22:44:46 +0200] "GET /mickey-romero-britto-small-notebook-p-27938.html HTTP/1.0" 200 76270 "-" "Mozilla/5.0 (compatible; AhrefsBot/7.0; +http://ahrefs.com/robot/)"
157.90.182.25 - - [03/Oct/2023:22:44:46 +0200] "GET /sleepy-figure-collection-disney-tired-dwarf-p-23122.html HTTP/1.0" 200 76421 "-" "Mozilla/5.0 (compatible; BLEXBot/1.0; +http://webmeup-crawler.com/)"
157.90.182.25 - - [03/Oct/2023:22:44:58 +0200] "GET /sloth-moneybox-p-52234.html HTTP/1.0" 200 76671 "-" "Mozilla/5.0 (compatible; BLEXBot/1.0; +http://webmeup-crawler.com/)"
157.90.182.25 - - [03/Oct/2023:22:45:03 +0200] "GET /smack-down-small-reels-p-13882.html HTTP/1.0" 200 76528 "-" "Mozilla/5.0 (compatible; BLEXBot/1.0; +http://webmeup-crawler.com/)"
157.90.182.25 - - [03/Oct/2023:22:45:09 +0200] "GET /small-adjustable-brown-lampshade-p-59431.html HTTP/1.0" 200 77089 "-" "Mozilla/5.0 (compatible; BLEXBot/1.0; +http://webmeup-crawler.com/)"
157.90.182.25 - - [03/Oct/2023:22:45:15 +0200] "GET /small-adjustable-white-lampshade-p-58796.html HTTP/1.0" 200 77090 "-" "Mozilla/5.0 (compatible; BLEXBot/1.0; +http://webmeup-crawler.com/)"
85.208.96.200 - - [03/Oct/2023:22:45:18 +0200] "GET /-p-7704.html HTTP/1.0" 200 73768 "-" "Mozilla/5.0 (compatible; SemrushBot/7~bl; +http://www.semrush.com/bot.html)"
157.90.182.25 - - [03/Oct/2023:22:45:21 +0200] "GET /small-angel-flower-stitch-collectible-statuette-p-56327.html HTTP/1.0" 200 77586 "-" "Mozilla/5.0 (compatible; BLEXBot/1.0; +http://webmeup-crawler.com/)"
85.208.96.203 - - [03/Oct/2023:22:45:25 +0200] "GET /pocket-warmer-p-58828.html HTTP/1.0" 200 76995 "-" "Mozilla/5.0 (compatible; SemrushBot/7~bl; +http://www.semrush.com/bot.html)"
54.36.148.179 - - [03/Oct/2023:22:45:26 +0200] "GET /cement-tile-stickers-p-50340.html HTTP/1.0" 200 77064 "-" "Mozilla/5.0 (compatible; AhrefsBot/7.0; +http://ahrefs.com/robot/)"
157.90.182.25 - - [03/Oct/2023:22:45:27 +0200] "GET /small-angel-heart-stitch-collectible-statuette-p-56318.html HTTP/1.0" 200 77571 "-" "Mozilla/5.0 (compatible; BLEXBot/1.0; +http://webmeup-crawler.com/)"
157.90.182.25 - - [03/Oct/2023:22:45:35 +0200] "GET /small-baby-teeth-adam-small-mouse-p-47096.html HTTP/1.0" 200 77057 "-" "Mozilla/5.0 (compatible; BLEXBot/1.0; +http://webmeup-crawler.com/)"
54.36.148.224 - - [03/Oct/2023:22:45:40 +0200] "GET /images/big_prod_1/3609810063198a.jpg HTTP/1.0" 200 271 "-" "Mozilla/5.0 (compatible; AhrefsBot/7.0; +http://ahrefs.com/robot/)"
157.90.182.25 - - [03/Oct/2023:22:45:41 +0200] "GET /small-baby-teeth-gold-p-36445.html HTTP/1.0" 200 76285 "-" "Mozilla/5.0 (compatible; BLEXBot/1.0; +http://webmeup-crawler.com/)"
157.90.182.25 - - [03/Oct/2023:22:45:46 +0200] "GET /small-baby-teeth-jade-p-50813.html HTTP/1.0" 200 76902 "-" "Mozilla/5.0 (compatible; BLEXBot/1.0; +http://webmeup-crawler.com/)"
157.90.182.25 - - [03/Oct/2023:22:45:52 +0200] "GET /small-baby-teeth-p-50815.html HTTP/1.0" 200 76846 "-" "Mozilla/5.0 (compatible; BLEXBot/1.0; +http://webmeup-crawler.com/)"
54.36.148.6 - - [03/Oct/2023:22:45:55 +0200] "GET /table-lamp-metal-gray-color-p-57003.html HTTP/1.0" 200 76882 "-" "Mozilla/5.0 (compatible; AhrefsBot/7.0; +http://ahrefs.com/robot/)"
157.90.182.25 - - [03/Oct/2023:22:45:57 +0200] "GET /small-baby-teeth-p-56213.html HTTP/1.0" 200 76864 "-" "Mozilla/5.0 (compatible; BLEXBot/1.0; +http://webmeup-crawler.com/)"
157.90.182.25 - - [03/Oct/2023:22:46:02 +0200] "GET /small-baby-teeth-p-56216.html HTTP/1.0" 200 76866 "-" "Mozilla/5.0 (compatible; BLEXBot/1.0; +http://webmeup-crawler.com/)"
54.36.148.225 - - [03/Oct/2023:22:46:04 +0200] "GET /images/big_prod/8445146036186.jpg HTTP/1.0" 200 268 "-" "Mozilla/5.0 (compatible; AhrefsBot/7.0; +http://ahrefs.com/robot/)"
157.90.182.25 - - [03/Oct/2023:22:46:12 +0200] "GET /small-baby-teeth-p-56217.html HTTP/1.0" 200 76866 "-" "Mozilla/5.0 (compatible; BLEXBot/1.0; +http://webmeup-crawler.com/)"
157.90.182.25 - - [03/Oct/2023:22:46:18 +0200] "GET /small-baby-teeth-p-57829.html HTTP/1.0" 200 76843 "-" "Mozilla/5.0 (compatible; BLEXBot/1.0; +http://webmeup-crawler.com/)"
85.208.96.209 - - [03/Oct/2023:22:46:19 +0200] "GET /tropical-paradise-skull-surfboard-wooden-wall-decoration-p-49187.html HTTP/1.0" 200 73984 "-" "Mozilla/5.0 (compatible; SemrushBot/7~bl; +http://www.semrush.com/bot.html)"
157.90.182.25 - - [03/Oct/2023:22:46:23 +0200] "GET /small-baby-teeth-pink-unicorn-p-43013.html HTTP/1.0" 200 76990 "-" "Mozilla/5.0 (compatible; BLEXBot/1.0; +http://webmeup-crawler.com/)"
157.90.182.25 - - [03/Oct/2023:22:46:27 +0200] "GET /small-baby-teeth-pink-unicorn-p-51937.html HTTP/1.0" 200 76982 "-" "Mozilla/5.0 (compatible; BLEXBot/1.0; +http://webmeup-crawler.com/)"
157.90.182.25 - - [03/Oct/2023:22:46:32 +0200] "GET /small-baby-teeth-simon-bear-p-50818.html HTTP/1.0" 200 76330 "-" "Mozilla/5.0 (compatible; BLEXBot/1.0; +http://webmeup-crawler.com/)"
185.191.171.10 - - [03/Oct/2023:22:46:37 +0200] "GET /owls-cast-iron-trivet-p-53642.html HTTP/1.0" 200 76099 "-" "Mozilla/5.0 (compatible; SemrushBot/7~bl; +http://www.semrush.com/bot.html)"
157.90.182.25 - - [03/Oct/2023:22:46:37 +0200] "GET /small-baby-teeth-small-mouse-p-45386.html HTTP/1.0" 200 76369 "-" "Mozilla/5.0 (compatible; BLEXBot/1.0; +http://webmeup-crawler.com/)"
54.36.148.44 - - [03/Oct/2023:22:46:38 +0200] "GET /ambient-light-under-glass-bell-p-43220.html HTTP/1.0" 200 76267 "-" "Mozilla/5.0 (compatible; AhrefsBot/7.0; +http://ahrefs.com/robot/)"
157.90.182.25 - - [03/Oct/2023:22:46:43 +0200] "GET /small-baby-teeth-small-mouse-p-49162.html HTTP/1.0" 200 76369 "-" "Mozilla/5.0 (compatible; BLEXBot/1.0; +http://webmeup-crawler.com/)"
185.191.171.19 - - [03/Oct/2023:22:46:48 +0200] "GET /wall-stickers-children-vintage-cars-p-60524.html?action=add_product HTTP/1.0" 302 476 "-" "Mozilla/5.0 (compatible; SemrushBot/7~bl; +http://www.semrush.com/bot.html)"
157.90.182.25 - - [03/Oct/2023:22:46:48 +0200] "GET /small-baby-teeth-small-mouse-p-53419.html HTTP/1.0" 200 76394 "-" "Mozilla/5.0 (compatible; BLEXBot/1.0; +http://webmeup-crawler.com/)"
157.90.182.25 - - [03/Oct/2023:22:46:52 +0200] "GET /small-baby-teeth-white-beige-p-36691.html HTTP/1.0" 200 76365 "-" "Mozilla/5.0 (compatible; BLEXBot/1.0; +http://webmeup-crawler.com/)"
157.90.182.25 - - [03/Oct/2023:22:46:58 +0200] "GET /small-bamboo-tray-cats-p-49572.html HTTP/1.0" 200 76196 "-" "Mozilla/5.0 (compatible; BLEXBot/1.0; +http://webmeup-crawler.com/)"
157.90.182.25 - - [03/Oct/2023:22:47:03 +0200] "GET /small-bamboo-tray-fish-p-49571.html HTTP/1.0" 200 76196 "-" "Mozilla/5.0 (compatible; BLEXBot/1.0; +http://webmeup-crawler.com/)"
157.90.182.25 - - [03/Oct/2023:22:47:09 +0200] "GET /small-bamboo-tray-lama-p-49570.html HTTP/1.0" 200 76198 "-" "Mozilla/5.0 (compatible; BLEXBot/1.0; +http://webmeup-crawler.com/)"
54.36.148.145 - - [03/Oct/2023:22:47:13 +0200] "GET /ethnic-mask-wall-stickers-p-52319.html HTTP/1.0" 200 76836 "-" "Mozilla/5.0 (compatible; AhrefsBot/7.0; +http://ahrefs.com/robot/)"
157.90.182.25 - - [03/Oct/2023:22:47:14 +0200] "GET /small-boxes-pill-c-13_150_154.html?page=2 HTTP/1.0" 200 93352 "-" "Mozilla/5.0 (compatible; BLEXBot/1.0; +http://webmeup-crawler.com/)"
157.90.182.25 - - [03/Oct/2023:22:47:20 +0200] "GET /small-brass-bell-p-46616.html HTTP/1.0" 200 76101 "-" "Mozilla/5.0 (compatible; BLEXBot/1.0; +http://webmeup-crawler.com/)"
157.90.182.25 - - [03/Oct/2023:22:47:26 +0200] "GET /small-cabinet-wooden-deco-p-37184.html HTTP/1.0" 200 76255 "-" "Mozilla/5.0 (compatible; BLEXBot/1.0; +http://webmeup-crawler.com/)"
216.244.66.242 - - [03/Oct/2023:22:47:31 +0200] "GET /robots.txt HTTP/1.0" 200 245 "-" "Mozilla/5.0 (compatible; DotBot/1.2; +https://opensiteexplorer.org/dotbot; help@moz.com)"
157.90.182.25 - - [03/Oct/2023:22:47:31 +0200] "GET /small-ceramic-starfish-bowl-p-54823.html HTTP/1.0" 200 76153 "-" "Mozilla/5.0 (compatible; BLEXBot/1.0; +http://webmeup-crawler.com/)"
157.90.182.25 - - [03/Oct/2023:22:47:37 +0200] "GET /small-chocolate-scented-candle-handmade-p-60979.html HTTP/1.0" 200 77589 "-" "Mozilla/5.0 (compatible; BLEXBot/1.0; +http://webmeup-crawler.com/)"
157.90.182.25 - - [03/Oct/2023:22:47:42 +0200] "GET /small-cool-allen-p-48517.html HTTP/1.0" 200 76810 "-" "Mozilla/5.0 (compatible; BLEXBot/1.0; +http://webmeup-crawler.com/)"
101.70.124.222 - - [03/Oct/2023:22:47:46 +0200] "GET /images/mini_prod/3700574900535.jpg HTTP/1.0" 200 269 "-" "Mozilla/5.0 (Windows NT 10.0; Win64; x64) AppleWebKit/537.36 (KHTML, like Gecko) Chrome/103.0.0.0 Safari/537.36"
157.90.182.25 - - [03/Oct/2023:22:47:48 +0200] "GET /small-cool-lunch-pink-p-44327.html HTTP/1.0" 200 76322 "-" "Mozilla/5.0 (compatible; BLEXBot/1.0; +http://webmeup-crawler.com/)"
54.36.148.91 - - [03/Oct/2023:22:47:48 +0200] "GET /real-madrid-kids-school-p-36254.html HTTP/1.0" 200 76463 "-" "Mozilla/5.0 (compatible; AhrefsBot/7.0; +http://ahrefs.com/robot/)"
157.90.182.25 - - [03/Oct/2023:22:47:56 +0200] "GET /small-cool-lunch-tour-france-p-51683.html HTTP/1.0" 200 76376 "-" "Mozilla/5.0 (compatible; BLEXBot/1.0; +http://webmeup-crawler.com/)"
157.90.182.25 - - [03/Oct/2023:22:48:03 +0200] "GET /small-cool-lunch-tour-france-p-54354.html HTTP/1.0" 200 76376 "-" "Mozilla/5.0 (compatible; BLEXBot/1.0; +http://webmeup-crawler.com/)"
157.90.182.25 - - [03/Oct/2023:22:48:11 +0200] "GET /small-corsican-money-p-54517.html HTTP/1.0" 200 76236 "-" "Mozilla/5.0 (compatible; BLEXBot/1.0; +http://webmeup-crawler.com/)"
157.90.182.25 - - [03/Oct/2023:22:48:19 +0200] "GET /small-cups-plank-christmas-p-57089.html HTTP/1.0" 200 76336 "-" "Mozilla/5.0 (compatible; BLEXBot/1.0; +http://webmeup-crawler.com/)"
54.36.148.121 - - [03/Oct/2023:22:48:20 +0200] "GET /postcard-with-envelope-dove-p-48862.html HTTP/1.0" 200 76283 "-" "Mozilla/5.0 (compatible; AhrefsBot/7.0; +http://ahrefs.com/robot/)"
85.208.96.202 - - [03/Oct/2023:22:48:27 +0200] "GET /-p-27996.html HTTP/1.0" 200 73770 "-" "Mozilla/5.0 (compatible; SemrushBot/7~bl; +http://www.semrush.com/bot.html)"
157.90.182.25 - - [03/Oct/2023:22:48:27 +0200] "GET /small-dancing-stitch-collectible-statuette-p-56316.html HTTP/1.0" 200 77506 "-" "Mozilla/5.0 (compatible; BLEXBot/1.0; +http://webmeup-crawler.com/)"
157.90.182.25 - - [03/Oct/2023:22:48:35 +0200] "GET /small-glass-cups-michelle-allen-designs-p-36960.html HTTP/1.0" 200 76541 "-" "Mozilla/5.0 (compatible; BLEXBot/1.0; +http://webmeup-crawler.com/)"
157.90.182.25 - - [03/Oct/2023:22:48:41 +0200] "GET /small-green-japanese-enameled-cast-iron-teapot-liter-p-57681.html HTTP/1.0" 200 76545 "-" "Mozilla/5.0 (compatible; BLEXBot/1.0; +http://webmeup-crawler.com/)"
157.90.182.25 - - [03/Oct/2023:22:48:48 +0200] "GET /small-indoor-buddha-fountain-p-41300.html HTTP/1.0" 200 76356 "-" "Mozilla/5.0 (compatible; BLEXBot/1.0; +http://webmeup-crawler.com/)"
157.90.182.25 - - [03/Oct/2023:22:48:53 +0200] "GET /small-insulated-snack-little-prince-kiub-p-60859.html HTTP/1.0" 200 77147 "-" "Mozilla/5.0 (compatible; BLEXBot/1.0; +http://webmeup-crawler.com/)"
157.90.182.25 - - [03/Oct/2023:22:48:59 +0200] "GET /small-insulated-snack-little-prince-kiub-p-60860.html HTTP/1.0" 200 77147 "-" "Mozilla/5.0 (compatible; BLEXBot/1.0; +http://webmeup-crawler.com/)"
54.36.149.70 - - [03/Oct/2023:22:49:00 +0200] "GET /gogh-terrasse-soir-adult-apron-p-47666.html HTTP/1.0" 200 76182 "-" "Mozilla/5.0 (compatible; AhrefsBot/7.0; +http://ahrefs.com/robot/)"
157.90.182.25 - - [03/Oct/2023:22:49:07 +0200] "GET /small-japanese-enameled-cast-iron-teapot-liter-p-57682.html HTTP/1.0" 200 76521 "-" "Mozilla/5.0 (compatible; BLEXBot/1.0; +http://webmeup-crawler.com/)"
114.119.141.206 - - [03/Oct/2023:22:49:11 +0200] "GET /wooden-wall-decoration-60-20-cm-tahitian-theme-p-47315.html HTTP/1.0" 301 73837 "http://www.wonder-geek.com/home-and-decoration-c-13.html?page=93" "Mozilla/5.0 (Linux; Android 7.0;) AppleWebKit/537.36 (KHTML, like Gecko) Mobile Safari/537.36 (compatible; PetalBot;+https://webmaster.petalsearch.com/site/petalbot)"
157.90.182.25 - - [03/Oct/2023:22:49:13 +0200] "GET /small-louis-philippe-pink-liberty-cushion-p-16230.html HTTP/1.0" 200 77221 "-" "Mozilla/5.0 (compatible; BLEXBot/1.0; +http://webmeup-crawler.com/)"
114.119.141.206 - - [03/Oct/2023:22:49:15 +0200] "GET /-p-47315.html HTTP/1.0" 200 73770 "http://www.wonder-geek.com/home-and-decoration-c-13.html?page=93" "Mozilla/5.0 (Linux; Android 7.0;) AppleWebKit/537.36 (KHTML, like Gecko) Mobile Safari/537.36 (compatible; PetalBot;+https://webmaster.petalsearch.com/site/petalbot)"
85.208.96.193 - - [03/Oct/2023:22:49:15 +0200] "GET /porcelain-musician-cats-kiub-p-57953.html HTTP/1.0" 200 76888 "-" "Mozilla/5.0 (compatible; SemrushBot/7~bl; +http://www.semrush.com/bot.html)"
157.90.182.25 - - [03/Oct/2023:22:49:19 +0200] "GET /small-louis-philippe-wallpaper-cushion-p-16229.html HTTP/1.0" 200 77198 "-" "Mozilla/5.0 (compatible; BLEXBot/1.0; +http://webmeup-crawler.com/)"
157.90.182.25 - - [03/Oct/2023:22:49:26 +0200] "GET /small-melamine-tray-hana-collection-p-52672.html HTTP/1.0" 200 76312 "-" "Mozilla/5.0 (compatible; BLEXBot/1.0; +http://webmeup-crawler.com/)"
157.90.182.25 - - [03/Oct/2023:22:49:32 +0200] "GET /small-metal-beer-bucket-barbecue-p-41207.html HTTP/1.0" 200 76267 "-" "Mozilla/5.0 (compatible; BLEXBot/1.0; +http://webmeup-crawler.com/)"
54.36.148.240 - - [03/Oct/2023:22:49:36 +0200] "GET /volkswagen-light-keychain-p-28755.html HTTP/1.0" 200 76171 "-" "Mozilla/5.0 (compatible; AhrefsBot/7.0; +http://ahrefs.com/robot/)"
157.90.182.25 - - [03/Oct/2023:22:49:39 +0200] "GET /small-metal-beer-bucket-cocktail-lounge-p-41208.html HTTP/1.0" 200 76355 "-" "Mozilla/5.0 (compatible; BLEXBot/1.0; +http://webmeup-crawler.com/)"
157.90.182.25 - - [03/Oct/2023:22:49:45 +0200] "GET /small-oval-placemat-p-17138.html HTTP/1.0" 200 76484 "-" "Mozilla/5.0 (compatible; BLEXBot/1.0; +http://webmeup-crawler.com/)"
157.90.182.25 - - [03/Oct/2023:22:49:50 +0200] "GET /small-plush-ball-tree-decoration-bear-p-56330.html HTTP/1.0" 200 77240 "-" "Mozilla/5.0 (compatible; BLEXBot/1.0; +http://webmeup-crawler.com/)"
157.90.182.25 - - [03/Oct/2023:22:49:56 +0200] "GET /small-plush-ball-tree-decoration-p-56329.html HTTP/1.0" 200 77224 "-" "Mozilla/5.0 (compatible; BLEXBot/1.0; +http://webmeup-crawler.com/)"
157.90.182.25 - - [03/Oct/2023:22:50:02 +0200] "GET /small-pokemon-trolley-p-60212.html HTTP/1.0" 200 76960 "-" "Mozilla/5.0 (compatible; BLEXBot/1.0; +http://webmeup-crawler.com/)"
157.90.182.25 - - [03/Oct/2023:22:50:11 +0200] "GET /small-school-caramel-green-p-55622.html HTTP/1.0" 200 77333 "-" "Mozilla/5.0 (compatible; BLEXBot/1.0; +http://webmeup-crawler.com/)"
114.119.154.237 - - [03/Oct/2023:22:50:13 +0200] "GET /monaco-handbag-black-with-sequins-p-38644.html HTTP/1.0" 200 73896 "http://www.wonder-geek.com/luggages-schoolbags-leather-shop-c-31.html?page=34" "Mozilla/5.0 (Linux; Android 7.0;) AppleWebKit/537.36 (KHTML, like Gecko) Mobile Safari/537.36 (compatible; PetalBot;+https://webmaster.petalsearch.com/site/petalbot)"
157.90.182.25 - - [03/Oct/2023:22:50:19 +0200] "GET /small-school-caramel-p-55620.html HTTP/1.0" 200 77012 "-" "Mozilla/5.0 (compatible; BLEXBot/1.0; +http://webmeup-crawler.com/)"
54.36.148.24 - - [03/Oct/2023:22:50:19 +0200] "GET /white-blue-stoneware-p-59015.html HTTP/1.0" 200 76771 "-" "Mozilla/5.0 (compatible; AhrefsBot/7.0; +http://ahrefs.com/robot/)"
17.241.219.210 - - [03/Oct/2023:22:50:21 +0200] "GET /elmer-toddler-flatware-p-4016.html HTTP/1.0" 200 73854 "-" "Mozilla/5.0 (Macintosh; Intel Mac OS X 10_15_5) AppleWebKit/605.1.15 (KHTML, like Gecko) Version/13.1.1 Safari/605.1.15 (Applebot/0.1; +http://www.apple.com/go/applebot)"
54.36.148.219 - - [03/Oct/2023:22:50:29 +0200] "GET /images/big_prod_1/8422020024514D.jpg HTTP/1.0" 200 271 "-" "Mozilla/5.0 (compatible; AhrefsBot/7.0; +http://ahrefs.com/robot/)"
157.90.182.25 - - [03/Oct/2023:22:50:29 +0200] "GET /small-school-caramel-p-55815.html HTTP/1.0" 200 77223 "-" "Mozilla/5.0 (compatible; BLEXBot/1.0; +http://webmeup-crawler.com/)"
157.90.182.25 - - [03/Oct/2023:22:50:35 +0200] "GET /small-school-caramel-p-56844.html HTTP/1.0" 200 77223 "-" "Mozilla/5.0 (compatible; BLEXBot/1.0; +http://webmeup-crawler.com/)"
157.90.182.25 - - [03/Oct/2023:22:50:40 +0200] "GET /small-shopping-birds-ohara-koson-p-60652.html HTTP/1.0" 200 77071 "-" "Mozilla/5.0 (compatible; BLEXBot/1.0; +http://webmeup-crawler.com/)"
85.208.96.195 - - [03/Oct/2023:22:50:46 +0200] "GET /-p-43588.html HTTP/1.0" 200 73770 "-" "Mozilla/5.0 (compatible; SemrushBot/7~bl; +http://www.semrush.com/bot.html)"
157.90.182.25 - - [03/Oct/2023:22:50:47 +0200] "GET /small-simple-with-personalized-picture-p-16330.html HTTP/1.0" 200 76723 "-" "Mozilla/5.0 (compatible; BLEXBot/1.0; +http://webmeup-crawler.com/)"
185.191.171.17 - - [03/Oct/2023:22:50:49 +0200] "GET /wall-decoration-shape-hand-symbol-p-49184.html HTTP/1.0" 200 76902 "-" "Mozilla/5.0 (compatible; SemrushBot/7~bl; +http://www.semrush.com/bot.html)"
157.90.182.25 - - [03/Oct/2023:22:50:52 +0200] "GET /small-sommelier-shape-book-p-54552.html HTTP/1.0" 200 77182 "-" "Mozilla/5.0 (compatible; BLEXBot/1.0; +http://webmeup-crawler.com/)"
157.90.182.25 - - [03/Oct/2023:22:50:57 +0200] "GET /small-sommelier-shape-book-p-54553.html HTTP/1.0" 200 77182 "-" "Mozilla/5.0 (compatible; BLEXBot/1.0; +http://webmeup-crawler.com/)"
54.36.148.203 - - [03/Oct/2023:22:50:58 +0200] "GET /bamboo-fiber-plant-cover-p-58915.html HTTP/1.0" 200 76964 "-" "Mozilla/5.0 (compatible; AhrefsBot/7.0; +http://ahrefs.com/robot/)"
157.90.182.25 - - [03/Oct/2023:22:51:02 +0200] "GET /small-sommelier-shape-book-p-55935.html HTTP/1.0" 200 77415 "-" "Mozilla/5.0 (compatible; BLEXBot/1.0; +http://webmeup-crawler.com/)"
157.90.182.25 - - [03/Oct/2023:22:51:07 +0200] "GET /small-sommelier-shape-book-p-59770.html HTTP/1.0" 200 77182 "-" "Mozilla/5.0 (compatible; BLEXBot/1.0; +http://webmeup-crawler.com/)"
157.90.182.25 - - [03/Oct/2023:22:51:12 +0200] "GET /small-stick-stitch-collectible-statuette-p-56317.html HTTP/1.0" 200 77526 "-" "Mozilla/5.0 (compatible; BLEXBot/1.0; +http://webmeup-crawler.com/)"
157.90.182.25 - - [03/Oct/2023:22:51:17 +0200] "GET /small-tinbox-rtro-motorcycle-p-41341.html HTTP/1.0" 200 76430 "-" "Mozilla/5.0 (compatible; BLEXBot/1.0; +http://webmeup-crawler.com/)"
157.90.182.25 - - [03/Oct/2023:22:51:24 +0200] "GET /small-trays-c-12_159_261.html?page=2 HTTP/1.0" 200 91210 "-" "Mozilla/5.0 (compatible; BLEXBot/1.0; +http://webmeup-crawler.com/)"
157.90.182.25 - - [03/Oct/2023:22:51:32 +0200] "GET /small-white-corsican-money-p-54518.html HTTP/1.0" 200 76246 "-" "Mozilla/5.0 (compatible; BLEXBot/1.0; +http://webmeup-crawler.com/)"
54.36.148.76 - - [03/Oct/2023:22:51:32 +0200] "GET /flocked-black-resin-figurine-sees-nothing-p-59605.html HTTP/1.0" 200 77336 "-" "Mozilla/5.0 (compatible; AhrefsBot/7.0; +http://ahrefs.com/robot/)"
54.36.148.206 - - [03/Oct/2023:22:51:37 +0200] "GET /images/big_prod_2/8422016028014C.jpg HTTP/1.0" 200 271 "-" "Mozilla/5.0 (compatible; AhrefsBot/7.0; +http://ahrefs.com/robot/)"
157.90.182.25 - - [03/Oct/2023:22:51:39 +0200] "GET /small-white-cushion-with-personalized-picture-p-16257.html HTTP/1.0" 200 77061 "-" "Mozilla/5.0 (compatible; BLEXBot/1.0; +http://webmeup-crawler.com/)"
54.36.148.132 - - [03/Oct/2023:22:51:45 +0200] "GET /images/big_prod_1/8422016028014.jpg HTTP/1.0" 200 270 "-" "Mozilla/5.0 (compatible; AhrefsBot/7.0; +http://ahrefs.com/robot/)"
157.90.182.25 - - [03/Oct/2023:22:51:45 +0200] "GET /small-white-gold-wall-mirror-p-59369.html HTTP/1.0" 200 77014 "-" "Mozilla/5.0 (compatible; BLEXBot/1.0; +http://webmeup-crawler.com/)"
157.90.182.25 - - [03/Oct/2023:22:51:50 +0200] "GET /small-white-torn-paper-cushion-with-personalized-picture-p-16615.html HTTP/1.0" 200 77175 "-" "Mozilla/5.0 (compatible; BLEXBot/1.0; +http://webmeup-crawler.com/)"
157.90.182.25 - - [03/Oct/2023:22:51:55 +0200] "GET /small-wooden-towel-holder-hang-p-51016.html HTTP/1.0" 200 76256 "-" "Mozilla/5.0 (compatible; BLEXBot/1.0; +http://webmeup-crawler.com/)"
157.90.182.25 - - [03/Oct/2023:22:52:01 +0200] "GET /small-wooden-towel-holder-hang-p-51017.html HTTP/1.0" 200 76256 "-" "Mozilla/5.0 (compatible; BLEXBot/1.0; +http://webmeup-crawler.com/)"
157.90.182.25 - - [03/Oct/2023:22:52:06 +0200] "GET /small-wooden-towel-holder-hang-p-51018.html HTTP/1.0" 200 76256 "-" "Mozilla/5.0 (compatible; BLEXBot/1.0; +http://webmeup-crawler.com/)"
