157.90.182.25 - - [03/Oct/2023:20:11:09 +0200] "GET /household-linen-c-11.html?page=3 HTTP/1.0" 200 94869 "-" "Mozilla/5.0 (compatible; BLEXBot/1.0; +http://webmeup-crawler.com/)"
157.90.182.25 - - [03/Oct/2023:20:11:18 +0200] "GET /household-linen-c-11.html?page=4 HTTP/1.0" 200 95655 "-" "Mozilla/5.0 (compatible; BLEXBot/1.0; +http://webmeup-crawler.com/)"
157.90.182.25 - - [03/Oct/2023:20:11:25 +0200] "GET /household-linen-c-11.html?page=5 HTTP/1.0" 200 95702 "-" "Mozilla/5.0 (compatible; BLEXBot/1.0; +http://webmeup-crawler.com/)"
54.36.148.145 - - [03/Oct/2023:20:11:31 +0200] "GET /cotton-floor-cushion-cavaillon-p-54416.html HTTP/1.0" 200 77351 "-" "Mozilla/5.0 (compatible; AhrefsBot/7.0; +http://ahrefs.com/robot/)"
157.90.182.25 - - [03/Oct/2023:20:11:32 +0200] "GET /household-linen-c-11.html?page=6 HTTP/1.0" 200 95440 "-" "Mozilla/5.0 (compatible; BLEXBot/1.0; +http://webmeup-crawler.com/)"
157.90.182.25 - - [03/Oct/2023:20:11:41 +0200] "GET /household-linen-c-11.html?page=7 HTTP/1.0" 200 95499 "-" "Mozilla/5.0 (compatible; BLEXBot/1.0; +http://webmeup-crawler.com/)"
157.90.182.25 - - [03/Oct/2023:20:11:48 +0200] "GET /household-linen-c-11.html?page=8 HTTP/1.0" 200 96345 "-" "Mozilla/5.0 (compatible; BLEXBot/1.0; +http://webmeup-crawler.com/)"
157.90.182.25 - - [03/Oct/2023:20:11:56 +0200] "GET /household-linen-c-11.html?page=9 HTTP/1.0" 200 95555 "-" "Mozilla/5.0 (compatible; BLEXBot/1.0; +http://webmeup-crawler.com/)"
203.185.131.166 - - [03/Oct/2023:20:12:05 +0200] "GET /images/mini_prod/J1399984249239J.jpg HTTP/1.0" 200 271 "-" "Mozilla/5.0 (X11; Ubuntu; Linux x86_64; rv:72.0) Gecko/20100101 Firefox/72.0"
157.90.182.25 - - [03/Oct/2023:20:12:04 +0200] "GET /humorous-thermometer-apro-p-53418.html HTTP/1.0" 200 77113 "-" "Mozilla/5.0 (compatible; BLEXBot/1.0; +http://webmeup-crawler.com/)"
54.36.148.22 - - [03/Oct/2023:20:12:07 +0200] "GET /vanua-cotton-basket-planter-p-57834.html HTTP/1.0" 200 76997 "-" "Mozilla/5.0 (compatible; AhrefsBot/7.0; +http://ahrefs.com/robot/)"
185.191.171.6 - - [03/Oct/2023:20:12:10 +0200] "GET /door-bottom-cushion-maison-p-60757.html HTTP/1.0" 200 76996 "-" "Mozilla/5.0 (compatible; SemrushBot/7~bl; +http://www.semrush.com/bot.html)"
54.36.148.237 - - [03/Oct/2023:20:12:12 +0200] "GET /images/big_prod/SAC4A011003g.jpg HTTP/1.0" 200 267 "-" "Mozilla/5.0 (compatible; AhrefsBot/7.0; +http://ahrefs.com/robot/)"
157.90.182.25 - - [03/Oct/2023:20:12:10 +0200] "GET /humorous-thermometer-p-59947.html HTTP/1.0" 200 77021 "-" "Mozilla/5.0 (compatible; BLEXBot/1.0; +http://webmeup-crawler.com/)"
54.36.148.129 - - [03/Oct/2023:20:12:14 +0200] "GET /images/big_prod_1/SAC4A011003a1.jpg HTTP/1.0" 200 270 "-" "Mozilla/5.0 (compatible; AhrefsBot/7.0; +http://ahrefs.com/robot/)"
157.90.182.25 - - [03/Oct/2023:20:12:20 +0200] "GET /humorous-thermometer-p-59949.html HTTP/1.0" 200 77021 "-" "Mozilla/5.0 (compatible; BLEXBot/1.0; +http://webmeup-crawler.com/)"
157.90.182.25 - - [03/Oct/2023:20:12:27 +0200] "GET /humorous-thermometer-p-59950.html HTTP/1.0" 200 77021 "-" "Mozilla/5.0 (compatible; BLEXBot/1.0; +http://webmeup-crawler.com/)"
157.90.182.25 - - [03/Oct/2023:20:12:34 +0200] "GET /incas-shower-curtain-p-60818.html HTTP/1.0" 200 76836 "-" "Mozilla/5.0 (compatible; BLEXBot/1.0; +http://webmeup-crawler.com/)"
54.36.148.46 - - [03/Oct/2023:20:12:39 +0200] "GET /london-companion-wallet-p-33062.html HTTP/1.0" 200 76302 "-" "Mozilla/5.0 (compatible; AhrefsBot/7.0; +http://ahrefs.com/robot/)"
185.191.171.14 - - [03/Oct/2023:20:12:39 +0200] "GET /zodiac-black-women-shirt-p-30811.html HTTP/1.0" 200 78130 "-" "Mozilla/5.0 (compatible; SemrushBot/7~bl; +http://www.semrush.com/bot.html)"
157.90.182.25 - - [03/Oct/2023:20:12:40 +0200] "GET /incense-aura-cleansing-grams-about-sticks-p-52435.html HTTP/1.0" 200 76661 "-" "Mozilla/5.0 (compatible; BLEXBot/1.0; +http://webmeup-crawler.com/)"
157.90.182.25 - - [03/Oct/2023:20:12:46 +0200] "GET /incense-c-231_226.html?page=2 HTTP/1.0" 200 96301 "-" "Mozilla/5.0 (compatible; BLEXBot/1.0; +http://webmeup-crawler.com/)"
157.90.182.25 - - [03/Oct/2023:20:12:52 +0200] "GET /incense-c-231_226.html?page=3 HTTP/1.0" 200 95191 "-" "Mozilla/5.0 (compatible; BLEXBot/1.0; +http://webmeup-crawler.com/)"
185.191.171.6 - - [03/Oct/2023:20:12:55 +0200] "GET /lois-black-leather-wallet-p-36017.html HTTP/1.0" 200 76284 "-" "Mozilla/5.0 (compatible; SemrushBot/7~bl; +http://www.semrush.com/bot.html)"
157.90.182.25 - - [03/Oct/2023:20:12:59 +0200] "GET /incense-c-231_226.html?page=4 HTTP/1.0" 200 95725 "-" "Mozilla/5.0 (compatible; BLEXBot/1.0; +http://webmeup-crawler.com/)"
182.22.30.115 - - [03/Oct/2023:20:13:06 +0200] "GET /images/mini_prod/3442440312690.jpg HTTP/1.0" 200 269 "-" "Mozilla/5.0 (compatible; Y!J-WSC/1.0; +https://yahoo.jp/3BSZgF)"
157.90.182.25 - - [03/Oct/2023:20:13:06 +0200] "GET /incense-c-231_226.html?page=5 HTTP/1.0" 200 95204 "-" "Mozilla/5.0 (compatible; BLEXBot/1.0; +http://webmeup-crawler.com/)"
157.90.182.25 - - [03/Oct/2023:20:13:14 +0200] "GET /incense-c-231_226.html?page=6 HTTP/1.0" 200 95738 "-" "Mozilla/5.0 (compatible; BLEXBot/1.0; +http://webmeup-crawler.com/)"
54.36.148.115 - - [03/Oct/2023:20:13:19 +0200] "GET /tree-bears-lighting-p-55819.html HTTP/1.0" 200 76897 "-" "Mozilla/5.0 (compatible; AhrefsBot/7.0; +http://ahrefs.com/robot/)"
157.90.182.25 - - [03/Oct/2023:20:13:22 +0200] "GET /incense-c-231_226.html?page=7 HTTP/1.0" 200 95949 "-" "Mozilla/5.0 (compatible; BLEXBot/1.0; +http://webmeup-crawler.com/)"
54.36.148.246 - - [03/Oct/2023:20:13:29 +0200] "GET /images/big_prod_2/3520071792576B.jpg HTTP/1.0" 200 271 "-" "Mozilla/5.0 (compatible; AhrefsBot/7.0; +http://ahrefs.com/robot/)"
54.36.148.131 - - [03/Oct/2023:20:13:30 +0200] "GET /images/big_prod/3520071792576D.jpg HTTP/1.0" 200 269 "-" "Mozilla/5.0 (compatible; AhrefsBot/7.0; +http://ahrefs.com/robot/)"
157.90.182.25 - - [03/Oct/2023:20:13:32 +0200] "GET /incense-c-231_226.html?page=8 HTTP/1.0" 200 81684 "-" "Mozilla/5.0 (compatible; BLEXBot/1.0; +http://webmeup-crawler.com/)"
157.90.182.25 - - [03/Oct/2023:20:13:38 +0200] "GET /incense-champa-super-grams-about-sticks-p-48090.html HTTP/1.0" 200 76715 "-" "Mozilla/5.0 (compatible; BLEXBot/1.0; +http://webmeup-crawler.com/)"
157.90.182.25 - - [03/Oct/2023:20:13:44 +0200] "GET /incense-holder-incense-burner-c-231_229.html?page=2 HTTP/1.0" 200 95543 "-" "Mozilla/5.0 (compatible; BLEXBot/1.0; +http://webmeup-crawler.com/)"
54.36.149.16 - - [03/Oct/2023:20:13:52 +0200] "GET /zodiac-black-women-shirt-p-30810.html HTTP/1.0" 200 78128 "-" "Mozilla/5.0 (compatible; AhrefsBot/7.0; +http://ahrefs.com/robot/)"
157.90.182.25 - - [03/Oct/2023:20:13:52 +0200] "GET /incense-holder-incense-burner-c-231_229.html?page=3 HTTP/1.0" 200 95651 "-" "Mozilla/5.0 (compatible; BLEXBot/1.0; +http://webmeup-crawler.com/)"
51.68.224.127 - - [03/Oct/2023:20:13:57 +0200] "GET /adminweb/export_orders_xml.php?token=256de2z6edz6ed2z6DFSFsed2zed6zeDSFDSGdzedezfzf&maxorders=10&orderstart=1&status=14&start_date=2018-10-01 HTTP/1.0" 200 285 "-" "GesCom CharlotteBoutik Serveur"
66.249.66.205 - - [03/Oct/2023:20:13:56 +0200] "GET /paris-bistro-retro-clock-p-34162.html HTTP/1.0" 301 73837 "-" "Mozilla/5.0 (compatible; Googlebot/2.1; +http://www.google.com/bot.html)"
51.68.224.127 - - [03/Oct/2023:20:13:57 +0200] "GET /adminweb/export_orders_xml.php?token=256de2z6edz6ed2z6DFSFsed2zed6zeDSFDSGdzedezfzf&maxorders=10&orderstart=1&status=6&start_date=2018-10-01 HTTP/1.0" 200 33939 "-" "GesCom CharlotteBoutik Serveur"
66.249.66.205 - - [03/Oct/2023:20:13:58 +0200] "GET /-p-34162.html HTTP/1.0" 200 73770 "-" "Mozilla/5.0 (compatible; Googlebot/2.1; +http://www.google.com/bot.html)"
157.90.182.25 - - [03/Oct/2023:20:13:59 +0200] "GET /incense-holder-incense-burner-c-231_229.html?page=4 HTTP/1.0" 200 95851 "-" "Mozilla/5.0 (compatible; BLEXBot/1.0; +http://webmeup-crawler.com/)"
157.90.182.25 - - [03/Oct/2023:20:14:06 +0200] "GET /incense-holder-incense-burner-c-231_229.html?page=5 HTTP/1.0" 200 95903 "-" "Mozilla/5.0 (compatible; BLEXBot/1.0; +http://webmeup-crawler.com/)"
157.90.182.25 - - [03/Oct/2023:20:14:13 +0200] "GET /incense-holder-incense-burner-c-231_229.html?page=6 HTTP/1.0" 200 93194 "-" "Mozilla/5.0 (compatible; BLEXBot/1.0; +http://webmeup-crawler.com/)"
198.252.105.19 - - [03/Oct/2023:20:14:19 +0200] "GET /contact_us.php HTTP/1.0" 200 26241 "http://www.wonder-geek.com/contact_us.php" "Mozilla/5.0 (Windows NT 6.3; Win64; x64) AppleWebKit/537.36 (KHTML, like Gecko) Chrome/90.0.4430.72 Safari/537.36 Edg/90.0.818.42"
198.252.105.19 - - [03/Oct/2023:20:14:20 +0200] "POST /contact_us.php?action=send HTTP/1.0" 200 26486 "http://www.wonder-geek.com/contact_us.php" "Mozilla/5.0 (Windows NT 6.3; Win64; x64) AppleWebKit/537.36 (KHTML, like Gecko) Chrome/90.0.4430.72 Safari/537.36 Edg/90.0.818.42"
157.90.182.25 - - [03/Oct/2023:20:14:20 +0200] "GET /incense-meditation-grams-about-sticks-p-45149.html HTTP/1.0" 200 76654 "-" "Mozilla/5.0 (compatible; BLEXBot/1.0; +http://webmeup-crawler.com/)"
85.208.96.208 - - [03/Oct/2023:20:14:24 +0200] "GET /doudou-bedclothes-p-53971.html HTTP/1.0" 200 73840 "-" "Mozilla/5.0 (compatible; SemrushBot/7~bl; +http://www.semrush.com/bot.html)"
157.90.182.25 - - [03/Oct/2023:20:14:27 +0200] "GET /incense-namaste-grams-about-sticks-p-45147.html HTTP/1.0" 200 76630 "-" "Mozilla/5.0 (compatible; BLEXBot/1.0; +http://webmeup-crawler.com/)"
54.36.149.66 - - [03/Oct/2023:20:14:29 +0200] "GET /vieillis-adult-apron-p-53178.html HTTP/1.0" 200 76091 "-" "Mozilla/5.0 (compatible; AhrefsBot/7.0; +http://ahrefs.com/robot/)"
157.90.182.25 - - [03/Oct/2023:20:14:33 +0200] "GET /incense-positive-vibes-grams-about-sticks-p-45148.html HTTP/1.0" 200 77340 "-" "Mozilla/5.0 (compatible; BLEXBot/1.0; +http://webmeup-crawler.com/)"
185.191.171.7 - - [03/Oct/2023:20:14:37 +0200] "GET /-p-54631.html?action=add_product HTTP/1.0" 302 476 "-" "Mozilla/5.0 (compatible; SemrushBot/7~bl; +http://www.semrush.com/bot.html)"
85.208.96.200 - - [03/Oct/2023:20:14:39 +0200] "GET /-p-39532.html HTTP/1.0" 200 73770 "-" "Mozilla/5.0 (compatible; SemrushBot/7~bl; +http://www.semrush.com/bot.html)"
157.90.182.25 - - [03/Oct/2023:20:14:40 +0200] "GET /incense-reiki-grams-about-sticks-p-45146.html HTTP/1.0" 200 76614 "-" "Mozilla/5.0 (compatible; BLEXBot/1.0; +http://webmeup-crawler.com/)"
157.90.182.25 - - [03/Oct/2023:20:14:47 +0200] "GET /incense-rose-grams-about-sticks-p-52436.html HTTP/1.0" 200 76412 "-" "Mozilla/5.0 (compatible; BLEXBot/1.0; +http://webmeup-crawler.com/)"
157.90.182.25 - - [03/Oct/2023:20:14:54 +0200] "GET /incense-satya-champa-jasmine-grams-about-sticks-p-44396.html HTTP/1.0" 200 76770 "-" "Mozilla/5.0 (compatible; BLEXBot/1.0; +http://webmeup-crawler.com/)"
85.208.96.203 - - [03/Oct/2023:20:14:59 +0200] "GET /reading-kitchen-lectern-white-wood-p-60110.html HTTP/1.0" 200 76335 "-" "Mozilla/5.0 (compatible; SemrushBot/7~bl; +http://www.semrush.com/bot.html)"
157.90.182.25 - - [03/Oct/2023:20:15:01 +0200] "GET /incense-satya-champa-karma-grams-about-sticks-p-45279.html HTTP/1.0" 200 76755 "-" "Mozilla/5.0 (compatible; BLEXBot/1.0; +http://webmeup-crawler.com/)"
54.36.148.107 - - [03/Oct/2023:20:15:08 +0200] "GET /crystal-salt-lamp-drop-shaped-p-52243.html HTTP/1.0" 200 78352 "-" "Mozilla/5.0 (compatible; AhrefsBot/7.0; +http://ahrefs.com/robot/)"
157.90.182.25 - - [03/Oct/2023:20:15:09 +0200] "GET /incense-satya-dragon-blood-grams-about-sticks-p-54739.html HTTP/1.0" 200 76744 "-" "Mozilla/5.0 (compatible; BLEXBot/1.0; +http://webmeup-crawler.com/)"
54.36.148.252 - - [03/Oct/2023:20:15:16 +0200] "GET /images/big_prod_2/8720088291917C.jpg HTTP/1.0" 200 271 "-" "Mozilla/5.0 (compatible; AhrefsBot/7.0; +http://ahrefs.com/robot/)"
54.36.149.11 - - [03/Oct/2023:20:15:18 +0200] "GET /images/big_prod/8720088291917.jpg HTTP/1.0" 200 268 "-" "Mozilla/5.0 (compatible; AhrefsBot/7.0; +http://ahrefs.com/robot/)"
54.36.149.41 - - [03/Oct/2023:20:15:19 +0200] "GET /images/big_prod_3/8720088291917D.jpg HTTP/1.0" 200 271 "-" "Mozilla/5.0 (compatible; AhrefsBot/7.0; +http://ahrefs.com/robot/)"
157.90.182.25 - - [03/Oct/2023:20:15:17 +0200] "GET /incense-satya-lavender-grams-about-sticks-p-54235.html HTTP/1.0" 200 76707 "-" "Mozilla/5.0 (compatible; BLEXBot/1.0; +http://webmeup-crawler.com/)"
157.90.182.25 - - [03/Oct/2023:20:15:25 +0200] "GET /incense-satya-meditation-grams-about-sticks-p-54237.html HTTP/1.0" 200 76723 "-" "Mozilla/5.0 (compatible; BLEXBot/1.0; +http://webmeup-crawler.com/)"
185.191.171.11 - - [03/Oct/2023:20:15:25 +0200] "GET /-p-41182.html HTTP/1.0" 200 73770 "-" "Mozilla/5.0 (compatible; SemrushBot/7~bl; +http://www.semrush.com/bot.html)"
157.90.182.25 - - [03/Oct/2023:20:15:32 +0200] "GET /incense-satya-musk-grams-about-sticks-p-53925.html HTTP/1.0" 200 77191 "-" "Mozilla/5.0 (compatible; BLEXBot/1.0; +http://webmeup-crawler.com/)"
54.36.148.103 - - [03/Oct/2023:20:15:38 +0200] "GET /michelle-allen-keyring-p-36950.html HTTP/1.0" 200 77399 "-" "Mozilla/5.0 (compatible; AhrefsBot/7.0; +http://ahrefs.com/robot/)"
157.90.182.25 - - [03/Oct/2023:20:15:41 +0200] "GET /incense-satya-myrrh-grams-about-sticks-p-54219.html HTTP/1.0" 200 76678 "-" "Mozilla/5.0 (compatible; BLEXBot/1.0; +http://webmeup-crawler.com/)"
157.90.182.25 - - [03/Oct/2023:20:15:48 +0200] "GET /incense-spiritual-guide-contains-incense-sticks-p-57226.html HTTP/1.0" 200 77198 "-" "Mozilla/5.0 (compatible; BLEXBot/1.0; +http://webmeup-crawler.com/)"
157.90.182.25 - - [03/Oct/2023:20:15:56 +0200] "GET /incense-spiritual-guide-grams-about-sticks-p-35490.html HTTP/1.0" 200 76502 "-" "Mozilla/5.0 (compatible; BLEXBot/1.0; +http://webmeup-crawler.com/)"
157.90.182.25 - - [03/Oct/2023:20:16:01 +0200] "GET /incense-stick-holder-buddha-p-39334.html HTTP/1.0" 200 76456 "-" "Mozilla/5.0 (compatible; BLEXBot/1.0; +http://webmeup-crawler.com/)"
114.119.148.108 - - [03/Oct/2023:20:16:05 +0200] "GET /simpsons-black-p-12806.html HTTP/1.0" 200 73843 "http://www.wonder-geek.com/mugs-mazagrans-c-12_57.html?page=9" "Mozilla/5.0 (Linux; Android 7.0;) AppleWebKit/537.36 (KHTML, like Gecko) Mobile Safari/537.36 (compatible; PetalBot;+https://webmaster.petalsearch.com/site/petalbot)"
157.90.182.25 - - [03/Oct/2023:20:16:08 +0200] "GET /incense-stick-holder-buddha-p-59077.html HTTP/1.0" 200 77134 "-" "Mozilla/5.0 (compatible; BLEXBot/1.0; +http://webmeup-crawler.com/)"
54.36.148.40 - - [03/Oct/2023:20:16:15 +0200] "GET /incense-sticks-burner-storage-tree-life-p-42834.html HTTP/1.0" 200 77285 "-" "Mozilla/5.0 (compatible; AhrefsBot/7.0; +http://ahrefs.com/robot/)"
157.90.182.25 - - [03/Oct/2023:20:16:17 +0200] "GET /incense-stick-holder-elephant-p-35503.html HTTP/1.0" 200 77158 "-" "Mozilla/5.0 (compatible; BLEXBot/1.0; +http://webmeup-crawler.com/)"
106.11.62.116 - - [03/Oct/2023:20:16:19 +0200] "GET /images/mini_prod/8906022930499.jpg HTTP/1.0" 200 269 "-" "Mozilla/5.0 (X11; Ubuntu; Linux x86_64; rv:72.0) Gecko/20100101 Firefox/72.0"
54.36.149.46 - - [03/Oct/2023:20:16:22 +0200] "GET /images/big_prod/8719075391631.jpg HTTP/1.0" 200 268 "-" "Mozilla/5.0 (compatible; AhrefsBot/7.0; +http://ahrefs.com/robot/)"
47.128.48.128 - - [03/Oct/2023:20:16:23 +0200] "GET /images/big_prod/8445148900980A.jpg HTTP/1.0" 200 269 "http://rrscrap.co.uk/bxeww-617381-Rustproof-Airer-Dryer-Underwear-Storage-Rack/" "Mozilla/5.0 (Linux; Android 5.0) AppleWebKit/537.36 (KHTML, like Gecko) Mobile Safari/537.36 (compatible; Bytespider; spider-feedback@bytedance.com)"
157.90.182.25 - - [03/Oct/2023:20:16:24 +0200] "GET /incense-stick-holder-ganesh-p-35506.html HTTP/1.0" 200 76927 "-" "Mozilla/5.0 (compatible; BLEXBot/1.0; +http://webmeup-crawler.com/)"
157.90.182.25 - - [03/Oct/2023:20:16:31 +0200] "GET /incense-stick-holder-lotus-p-52501.html HTTP/1.0" 200 76291 "-" "Mozilla/5.0 (compatible; BLEXBot/1.0; +http://webmeup-crawler.com/)"
85.208.96.203 - - [03/Oct/2023:20:16:35 +0200] "GET /handy-manny-figure-p-6922.html HTTP/1.0" 200 76183 "-" "Mozilla/5.0 (compatible; SemrushBot/7~bl; +http://www.semrush.com/bot.html)"
157.90.182.25 - - [03/Oct/2023:20:16:37 +0200] "GET /incense-stick-holder-moon-p-56704.html HTTP/1.0" 200 76907 "-" "Mozilla/5.0 (compatible; BLEXBot/1.0; +http://webmeup-crawler.com/)"
185.191.171.5 - - [03/Oct/2023:20:16:38 +0200] "GET /-p-44172.html HTTP/1.0" 200 73770 "-" "Mozilla/5.0 (compatible; SemrushBot/7~bl; +http://www.semrush.com/bot.html)"
157.90.182.25 - - [03/Oct/2023:20:16:44 +0200] "GET /incense-stick-holder-p-35505.html HTTP/1.0" 200 77682 "-" "Mozilla/5.0 (compatible; BLEXBot/1.0; +http://webmeup-crawler.com/)"
157.90.182.25 - - [03/Oct/2023:20:16:49 +0200] "GET /incense-stick-holder-p-59079.html HTTP/1.0" 200 76890 "-" "Mozilla/5.0 (compatible; BLEXBot/1.0; +http://webmeup-crawler.com/)"
54.36.148.51 - - [03/Oct/2023:20:16:52 +0200] "GET /weapon-mtal-keyring-p-31993.html HTTP/1.0" 200 76128 "-" "Mozilla/5.0 (compatible; AhrefsBot/7.0; +http://ahrefs.com/robot/)"
157.90.182.25 - - [03/Oct/2023:20:16:56 +0200] "GET /incense-stick-holder-yang-p-59080.html HTTP/1.0" 200 77150 "-" "Mozilla/5.0 (compatible; BLEXBot/1.0; +http://webmeup-crawler.com/)"
157.90.182.25 - - [03/Oct/2023:20:17:04 +0200] "GET /incense-sticks-camphor-p-51691.html HTTP/1.0" 200 76374 "-" "Mozilla/5.0 (compatible; BLEXBot/1.0; +http://webmeup-crawler.com/)"
157.90.182.25 - - [03/Oct/2023:20:17:11 +0200] "GET /index.php HTTP/1.0" 200 153016 "-" "Mozilla/5.0 (compatible; BLEXBot/1.0; +http://webmeup-crawler.com/)"
157.90.182.25 - - [03/Oct/2023:20:17:20 +0200] "GET /indian-craft-drawers-p-37257.html HTTP/1.0" 200 76454 "-" "Mozilla/5.0 (compatible; BLEXBot/1.0; +http://webmeup-crawler.com/)"
157.90.182.25 - - [03/Oct/2023:20:17:27 +0200] "GET /indian-craft-drawers-p-37259.html HTTP/1.0" 200 76457 "-" "Mozilla/5.0 (compatible; BLEXBot/1.0; +http://webmeup-crawler.com/)"
157.90.182.25 - - [03/Oct/2023:20:17:33 +0200] "GET /indoor-buddha-fountain-p-48808.html HTTP/1.0" 200 76325 "-" "Mozilla/5.0 (compatible; BLEXBot/1.0; +http://webmeup-crawler.com/)"
54.36.149.51 - - [03/Oct/2023:20:17:34 +0200] "GET /spongebob-picnic-p-54627.html HTTP/1.0" 200 77191 "-" "Mozilla/5.0 (compatible; AhrefsBot/7.0; +http://ahrefs.com/robot/)"
54.36.149.52 - - [03/Oct/2023:20:17:41 +0200] "GET /images/big_prod/8003990628102a.jpg HTTP/1.0" 200 269 "-" "Mozilla/5.0 (compatible; AhrefsBot/7.0; +http://ahrefs.com/robot/)"
157.90.182.25 - - [03/Oct/2023:20:17:40 +0200] "GET /indoor-ganesh-fountain-p-47227.html HTTP/1.0" 200 76921 "-" "Mozilla/5.0 (compatible; BLEXBot/1.0; +http://webmeup-crawler.com/)"
71.18.255.62 - - [03/Oct/2023:20:17:48 +0200] "GET /images/mini_prod/1399984257203.jpg HTTP/1.0" 200 269 "-" "Mozilla/5.0 (X11; Ubuntu; Linux x86_64; rv:72.0) Gecko/20100101 Firefox/72.0"
157.90.182.25 - - [03/Oct/2023:20:17:49 +0200] "GET /industrial-pouf-storage-large-size-only-p-48579.html HTTP/1.0" 200 77100 "-" "Mozilla/5.0 (compatible; BLEXBot/1.0; +http://webmeup-crawler.com/)"
157.90.182.25 - - [03/Oct/2023:20:17:57 +0200] "GET /industrial-pouf-storage-medium-size-only-p-48581.html HTTP/1.0" 200 77106 "-" "Mozilla/5.0 (compatible; BLEXBot/1.0; +http://webmeup-crawler.com/)"
207.46.13.154 - - [03/Oct/2023:20:18:00 +0200] "GET /money-boxes-c-13_83.html HTTP/1.0" 200 96427 "-" "Mozilla/5.0 AppleWebKit/537.36 (KHTML, like Gecko; compatible; bingbot/2.0; +http://www.bing.com/bingbot.htm) Chrome/103.0.5060.134 Safari/537.36"
157.90.182.25 - - [03/Oct/2023:20:18:03 +0200] "GET /industrial-pouf-storage-small-size-only-p-48580.html HTTP/1.0" 200 77029 "-" "Mozilla/5.0 (compatible; BLEXBot/1.0; +http://webmeup-crawler.com/)"
54.36.148.149 - - [03/Oct/2023:20:18:07 +0200] "GET /love-peace-pink-shirt-p-30150.html HTTP/1.0" 200 77603 "-" "Mozilla/5.0 (compatible; AhrefsBot/7.0; +http://ahrefs.com/robot/)"
157.90.182.25 - - [03/Oct/2023:20:18:09 +0200] "GET /infuser-rest-c-12_247.html?page=2 HTTP/1.0" 200 94372 "-" "Mozilla/5.0 (compatible; BLEXBot/1.0; +http://webmeup-crawler.com/)"
114.119.153.114 - - [03/Oct/2023:20:18:10 +0200] "GET /swallow-wall-decoration-p-43105.html HTTP/1.0" 200 76195 "http://www.wonder-geek.com/metal-wall-decor-c-13_308.html" "Mozilla/5.0 (Linux; Android 7.0;) AppleWebKit/537.36 (KHTML, like Gecko) Mobile Safari/537.36 (compatible; PetalBot;+https://webmaster.petalsearch.com/site/petalbot)"
157.90.182.25 - - [03/Oct/2023:20:18:15 +0200] "GET /infuser-rest-c-12_247.html?page=3 HTTP/1.0" 200 94021 "-" "Mozilla/5.0 (compatible; BLEXBot/1.0; +http://webmeup-crawler.com/)"
157.90.182.25 - - [03/Oct/2023:20:18:22 +0200] "GET /infuser-rest-c-12_247.html?page=4 HTTP/1.0" 200 84597 "-" "Mozilla/5.0 (compatible; BLEXBot/1.0; +http://webmeup-crawler.com/)"
185.191.171.14 - - [03/Oct/2023:20:18:24 +0200] "GET /cache-natural-wood-p-59158.html HTTP/1.0" 200 77243 "-" "Mozilla/5.0 (compatible; SemrushBot/7~bl; +http://www.semrush.com/bot.html)"
157.90.182.25 - - [03/Oct/2023:20:18:29 +0200] "GET /inuit-bedclothes-p-28332.html HTTP/1.0" 200 76360 "-" "Mozilla/5.0 (compatible; BLEXBot/1.0; +http://webmeup-crawler.com/)"
85.208.96.200 - - [03/Oct/2023:20:18:30 +0200] "GET /alarm-clock-gorjuss-moon-buttons-p-53968.html HTTP/1.0" 200 76854 "-" "Mozilla/5.0 (compatible; SemrushBot/7~bl; +http://www.semrush.com/bot.html)"
85.208.96.207 - - [03/Oct/2023:20:18:33 +0200] "GET /bamboo-fiber-plant-cover-p-55180.html HTTP/1.0" 200 73856 "-" "Mozilla/5.0 (compatible; SemrushBot/7~bl; +http://www.semrush.com/bot.html)"
157.90.182.25 - - [03/Oct/2023:20:18:36 +0200] "GET /invitation-cards-envelopes-p-2101.html HTTP/1.0" 200 76331 "-" "Mozilla/5.0 (compatible; BLEXBot/1.0; +http://webmeup-crawler.com/)"
157.90.182.25 - - [03/Oct/2023:20:18:43 +0200] "GET /ipad-black-shell-with-personalized-picture-p-16335.html HTTP/1.0" 200 76803 "-" "Mozilla/5.0 (compatible; BLEXBot/1.0; +http://webmeup-crawler.com/)"
54.36.148.77 - - [03/Oct/2023:20:18:44 +0200] "GET /ultrasonic-aroma-diffuser-forest-brown-p-56153.html HTTP/1.0" 200 78150 "-" "Mozilla/5.0 (compatible; AhrefsBot/7.0; +http://ahrefs.com/robot/)"
157.90.182.25 - - [03/Oct/2023:20:18:50 +0200] "GET /ipad-pink-shell-with-personalized-picture-p-16336.html HTTP/1.0" 200 76799 "-" "Mozilla/5.0 (compatible; BLEXBot/1.0; +http://webmeup-crawler.com/)"
54.36.148.118 - - [03/Oct/2023:20:18:52 +0200] "GET /images/big_prod/8720088297070.jpg HTTP/1.0" 200 268 "-" "Mozilla/5.0 (compatible; AhrefsBot/7.0; +http://ahrefs.com/robot/)"
54.36.149.15 - - [03/Oct/2023:20:18:53 +0200] "GET /images/big_prod_2/8720088297070b.jpg HTTP/1.0" 200 271 "-" "Mozilla/5.0 (compatible; AhrefsBot/7.0; +http://ahrefs.com/robot/)"
157.90.182.25 - - [03/Oct/2023:20:18:57 +0200] "GET /ipad-white-shell-with-personalized-picture-p-16337.html HTTP/1.0" 200 76808 "-" "Mozilla/5.0 (compatible; BLEXBot/1.0; +http://webmeup-crawler.com/)"
157.90.182.25 - - [03/Oct/2023:20:19:04 +0200] "GET /iphone-black-shell-with-personalized-picture-p-16338.html HTTP/1.0" 200 76861 "-" "Mozilla/5.0 (compatible; BLEXBot/1.0; +http://webmeup-crawler.com/)"
114.119.138.250 - - [03/Oct/2023:20:19:05 +0200] "GET /noddy-baby-training-cup-p-18269.html HTTP/1.0" 301 76238 "http://www.wonder-geek.com/glasses-and-drinking-cup-c-12_62.html?page=4" "Mozilla/5.0 (Linux; Android 7.0;) AppleWebKit/537.36 (KHTML, like Gecko) Mobile Safari/537.36 (compatible; PetalBot;+https://webmaster.petalsearch.com/site/petalbot)"
114.119.138.250 - - [03/Oct/2023:20:19:09 +0200] "GET /noddy-baby-training-p-18269.html HTTP/1.0" 200 76152 "http://www.wonder-geek.com/glasses-and-drinking-cup-c-12_62.html?page=4" "Mozilla/5.0 (Linux; Android 7.0;) AppleWebKit/537.36 (KHTML, like Gecko) Mobile Safari/537.36 (compatible; PetalBot;+https://webmaster.petalsearch.com/site/petalbot)"
157.90.182.25 - - [03/Oct/2023:20:19:10 +0200] "GET /iphone-silicone-black-shell-audiocassette-p-18936.html HTTP/1.0" 200 79618 "-" "Mozilla/5.0 (compatible; BLEXBot/1.0; +http://webmeup-crawler.com/)"
157.90.182.25 - - [03/Oct/2023:20:19:18 +0200] "GET /iphone-silicone-bleue-shell-audiocassette-p-18940.html HTTP/1.0" 200 79551 "-" "Mozilla/5.0 (compatible; BLEXBot/1.0; +http://webmeup-crawler.com/)"
54.36.148.151 - - [03/Oct/2023:20:19:19 +0200] "GET /isothermic-stainless-steel-bottle-meilleure-maman-p-54540.html HTTP/1.0" 200 76985 "-" "Mozilla/5.0 (compatible; AhrefsBot/7.0; +http://ahrefs.com/robot/)"
157.90.182.25 - - [03/Oct/2023:20:19:24 +0200] "GET /iphone-transparent-shell-with-personalized-picture-p-16340.html HTTP/1.0" 200 76925 "-" "Mozilla/5.0 (compatible; BLEXBot/1.0; +http://webmeup-crawler.com/)"
54.36.149.42 - - [03/Oct/2023:20:19:26 +0200] "GET /images/big_prod_1/3453131157360D.jpg HTTP/1.0" 200 271 "-" "Mozilla/5.0 (compatible; AhrefsBot/7.0; +http://ahrefs.com/robot/)"
157.90.182.25 - - [03/Oct/2023:20:19:29 +0200] "GET /iphone-white-shell-with-personalized-picture-p-16339.html HTTP/1.0" 200 76871 "-" "Mozilla/5.0 (compatible; BLEXBot/1.0; +http://webmeup-crawler.com/)"
46.8.34.46 - - [03/Oct/2023:20:19:33 +0200] "GET /contact_us.php HTTP/1.0" 301 539 "http://wonder-geek.com/contact_us.php" "Mozilla/5.0 (Windows NT 10.0; Win64; x64) AppleWebKit/537.36 (KHTML, like Gecko) Chrome/103.0.5060.66 Safari/537.36"
46.8.34.46 - - [03/Oct/2023:20:19:33 +0200] "GET /contact_us.php HTTP/1.0" 200 26241 "http://www.wonder-geek.com/contact_us.php" "Mozilla/5.0 (Windows NT 10.0; Win64; x64) AppleWebKit/537.36 (KHTML, like Gecko) Chrome/103.0.5060.66 Safari/537.36"
46.8.34.46 - - [03/Oct/2023:20:19:34 +0200] "POST /contact_us.php?action=send HTTP/1.0" 200 27363 "http://www.wonder-geek.com/contact_us.php" "Mozilla/5.0 (Windows NT 10.0; Win64; x64) AppleWebKit/537.36 (KHTML, like Gecko) Chrome/103.0.5060.66 Safari/537.36"
46.8.34.46 - - [03/Oct/2023:20:19:35 +0200] "GET /contact_us.php HTTP/1.0" 200 26241 "http://www.wonder-geek.com/contact_us.php" "Mozilla/5.0 (Windows NT 10.0; Win64; x64) AppleWebKit/537.36 (KHTML, like Gecko) Chrome/103.0.5060.66 Safari/537.36"
157.90.182.25 - - [03/Oct/2023:20:19:35 +0200] "GET /iridescent-photo-garland-p-60626.html HTTP/1.0" 200 76897 "-" "Mozilla/5.0 (compatible; BLEXBot/1.0; +http://webmeup-crawler.com/)"
157.90.182.25 - - [03/Oct/2023:20:19:42 +0200] "GET /isothermic-stainless-steel-bottle-cbkreation-p-51159.html HTTP/1.0" 200 75472 "-" "Mozilla/5.0 (compatible; BLEXBot/1.0; +http://webmeup-crawler.com/)"
157.90.182.25 - - [03/Oct/2023:20:19:47 +0200] "GET /isothermic-stainless-steel-bottle-cbkreation-p-57638.html HTTP/1.0" 200 75473 "-" "Mozilla/5.0 (compatible; BLEXBot/1.0; +http://webmeup-crawler.com/)"
85.208.96.203 - - [03/Oct/2023:20:19:48 +0200] "GET /honorine-bedspread-plaid-blue-p-56976.html HTTP/1.0" 200 73892 "-" "Mozilla/5.0 (compatible; SemrushBot/7~bl; +http://www.semrush.com/bot.html)"
157.90.182.25 - - [03/Oct/2023:20:19:52 +0200] "GET /italia-small-oddments-p-25933.html HTTP/1.0" 200 76183 "-" "Mozilla/5.0 (compatible; BLEXBot/1.0; +http://webmeup-crawler.com/)"
54.36.148.51 - - [03/Oct/2023:20:19:53 +0200] "GET /mdite-p-49538.html HTTP/1.0" 200 75996 "-" "Mozilla/5.0 (compatible; AhrefsBot/7.0; +http://ahrefs.com/robot/)"
157.90.182.25 - - [03/Oct/2023:20:19:58 +0200] "GET /italia-tablecloth-anti-stain-p-34994.html HTTP/1.0" 200 76244 "-" "Mozilla/5.0 (compatible; BLEXBot/1.0; +http://webmeup-crawler.com/)"
157.90.182.25 - - [03/Oct/2023:20:20:04 +0200] "GET /italian-scooter-wood-clock-p-41360.html HTTP/1.0" 200 76229 "-" "Mozilla/5.0 (compatible; BLEXBot/1.0; +http://webmeup-crawler.com/)"
185.191.171.10 - - [03/Oct/2023:20:20:04 +0200] "GET /soap-olive-cube-cotton-flower-p-37478.html HTTP/1.0" 200 73896 "-" "Mozilla/5.0 (compatible; SemrushBot/7~bl; +http://www.semrush.com/bot.html)"
66.249.66.207 - - [03/Oct/2023:20:20:05 +0200] "GET /ceramic-salt-aderne-p-47879.html HTTP/1.0" 200 73830 "-" "Mozilla/5.0 (compatible; Googlebot/2.1; +http://www.google.com/bot.html)"
157.90.182.25 - - [03/Oct/2023:20:20:10 +0200] "GET /italian-style-mirror-p-21298.html HTTP/1.0" 200 76028 "-" "Mozilla/5.0 (compatible; BLEXBot/1.0; +http://webmeup-crawler.com/)"
157.90.182.25 - - [03/Oct/2023:20:20:16 +0200] "GET /ivory-beige-kitchen-towel-p-44421.html HTTP/1.0" 200 76161 "-" "Mozilla/5.0 (compatible; BLEXBot/1.0; +http://webmeup-crawler.com/)"
157.90.182.25 - - [03/Oct/2023:20:20:22 +0200] "GET /jacadi-kids-school-navy-blue-p-44879.html HTTP/1.0" 200 77266 "-" "Mozilla/5.0 (compatible; BLEXBot/1.0; +http://webmeup-crawler.com/)"
54.36.148.90 - - [03/Oct/2023:20:20:25 +0200] "GET /organic-cotton-fitted-sheet-color-linen-size-p-58701.html HTTP/1.0" 200 77342 "-" "Mozilla/5.0 (compatible; AhrefsBot/7.0; +http://ahrefs.com/robot/)"
157.90.182.25 - - [03/Oct/2023:20:20:29 +0200] "GET /jack-sally-trinket-p-56311.html HTTP/1.0" 200 77315 "-" "Mozilla/5.0 (compatible; BLEXBot/1.0; +http://webmeup-crawler.com/)"
54.36.149.7 - - [03/Oct/2023:20:20:34 +0200] "GET /images/big_prod_1/3665269133578a.jpg HTTP/1.0" 200 271 "-" "Mozilla/5.0 (compatible; AhrefsBot/7.0; +http://ahrefs.com/robot/)"
157.90.182.25 - - [03/Oct/2023:20:20:35 +0200] "GET /jacquard-anti-stain-tablecloth-charcoal-grey-p-34054.html HTTP/1.0" 200 76406 "-" "Mozilla/5.0 (compatible; BLEXBot/1.0; +http://webmeup-crawler.com/)"
157.90.182.25 - - [03/Oct/2023:20:20:42 +0200] "GET /jade-polyester-round-chair-cushion-p-60653.html HTTP/1.0" 200 76860 "-" "Mozilla/5.0 (compatible; BLEXBot/1.0; +http://webmeup-crawler.com/)"
85.208.96.196 - - [03/Oct/2023:20:20:43 +0200] "GET /small-resin-dinosaur-money-bank-p-56199.html HTTP/1.0" 200 77037 "-" "Mozilla/5.0 (compatible; SemrushBot/7~bl; +http://www.semrush.com/bot.html)"
157.90.182.25 - - [03/Oct/2023:20:20:51 +0200] "GET /jaguars-shower-curtain-p-57892.html HTTP/1.0" 200 77075 "-" "Mozilla/5.0 (compatible; BLEXBot/1.0; +http://webmeup-crawler.com/)"
157.90.182.25 - - [03/Oct/2023:20:20:57 +0200] "GET /jake-never-land-pirates-jack-figure-p-27306.html HTTP/1.0" 200 76376 "-" "Mozilla/5.0 (compatible; BLEXBot/1.0; +http://webmeup-crawler.com/)"
54.36.148.161 - - [03/Oct/2023:20:21:01 +0200] "GET /fitted-sheet-cotton-percale-threads-p-52134.html HTTP/1.0" 200 77127 "-" "Mozilla/5.0 (compatible; AhrefsBot/7.0; +http://ahrefs.com/robot/)"
157.90.182.25 - - [03/Oct/2023:20:21:02 +0200] "GET /jake-never-land-pirates-toddler-flatware-p-27545.html HTTP/1.0" 200 76319 "-" "Mozilla/5.0 (compatible; BLEXBot/1.0; +http://webmeup-crawler.com/)"
157.90.182.25 - - [03/Oct/2023:20:21:07 +0200] "GET /jamaca-case-lenticulaire-iphone-sries-p-24226.html HTTP/1.0" 200 78956 "-" "Mozilla/5.0 (compatible; BLEXBot/1.0; +http://webmeup-crawler.com/)"
157.55.39.203 - - [03/Oct/2023:20:21:12 +0200] "GET /towel-bath-towels-c-11_70.html?page=3 HTTP/1.0" 200 90941 "-" "Mozilla/5.0 AppleWebKit/537.36 (KHTML, like Gecko; compatible; bingbot/2.0; +http://www.bing.com/bingbot.htm) Chrome/103.0.5060.134 Safari/537.36"
157.90.182.25 - - [03/Oct/2023:20:21:13 +0200] "GET /jamaica-coasters-p-24228.html HTTP/1.0" 200 76064 "-" "Mozilla/5.0 (compatible; BLEXBot/1.0; +http://webmeup-crawler.com/)"
157.90.182.25 - - [03/Oct/2023:20:21:19 +0200] "GET /jamaica-mouse-p-19552.html HTTP/1.0" 200 76172 "-" "Mozilla/5.0 (compatible; BLEXBot/1.0; +http://webmeup-crawler.com/)"
157.90.182.25 - - [03/Oct/2023:20:21:24 +0200] "GET /jamaica-mouse-p-19554.html HTTP/1.0" 200 76172 "-" "Mozilla/5.0 (compatible; BLEXBot/1.0; +http://webmeup-crawler.com/)"
157.90.182.25 - - [03/Oct/2023:20:21:29 +0200] "GET /jamaica-paper-towel-dispenser-p-17439.html HTTP/1.0" 200 76172 "-" "Mozilla/5.0 (compatible; BLEXBot/1.0; +http://webmeup-crawler.com/)"
54.36.148.101 - - [03/Oct/2023:20:21:35 +0200] "GET /images/big_prod_1/3442440233865b.jpg HTTP/1.0" 200 271 "-" "Mozilla/5.0 (compatible; AhrefsBot/7.0; +http://ahrefs.com/robot/)"
157.90.182.25 - - [03/Oct/2023:20:21:35 +0200] "GET /jamaican-cbkreation-alarm-clock-p-25002.html HTTP/1.0" 200 76251 "-" "Mozilla/5.0 (compatible; BLEXBot/1.0; +http://webmeup-crawler.com/)"
54.36.149.1 - - [03/Oct/2023:20:21:37 +0200] "GET /cement-cover-dark-gray-p-57985.html HTTP/1.0" 200 76775 "-" "Mozilla/5.0 (compatible; AhrefsBot/7.0; +http://ahrefs.com/robot/)"
157.90.182.25 - - [03/Oct/2023:20:21:43 +0200] "GET /jamaican-clock-p-24958.html HTTP/1.0" 200 76061 "-" "Mozilla/5.0 (compatible; BLEXBot/1.0; +http://webmeup-crawler.com/)"
54.36.148.140 - - [03/Oct/2023:20:21:48 +0200] "GET /images/big_prod/8422012717639A.jpg HTTP/1.0" 200 269 "-" "Mozilla/5.0 (compatible; AhrefsBot/7.0; +http://ahrefs.com/robot/)"
157.90.182.25 - - [03/Oct/2023:20:21:48 +0200] "GET /jamaican-sound-clock-p-24960.html HTTP/1.0" 200 76107 "-" "Mozilla/5.0 (compatible; BLEXBot/1.0; +http://webmeup-crawler.com/)"
54.36.148.169 - - [03/Oct/2023:20:21:50 +0200] "GET /images/big_prod_1/842201271760a.jpg HTTP/1.0" 200 270 "-" "Mozilla/5.0 (compatible; AhrefsBot/7.0; +http://ahrefs.com/robot/)"
157.90.182.25 - - [03/Oct/2023:20:21:54 +0200] "GET /james-towel-p-39101.html HTTP/1.0" 200 76105 "-" "Mozilla/5.0 (compatible; BLEXBot/1.0; +http://webmeup-crawler.com/)"
157.90.182.25 - - [03/Oct/2023:20:21:59 +0200] "GET /james-towel-p-39104.html HTTP/1.0" 200 76126 "-" "Mozilla/5.0 (compatible; BLEXBot/1.0; +http://webmeup-crawler.com/)"
157.90.182.25 - - [03/Oct/2023:20:22:06 +0200] "GET /japan-alarm-clock-cbkreation-p-24998.html HTTP/1.0" 200 76228 "-" "Mozilla/5.0 (compatible; BLEXBot/1.0; +http://webmeup-crawler.com/)"
54.36.148.87 - - [03/Oct/2023:20:22:11 +0200] "GET /lihit-punilabo-bookmark-case-bear-p-49233.html HTTP/1.0" 200 77703 "-" "Mozilla/5.0 (compatible; AhrefsBot/7.0; +http://ahrefs.com/robot/)"
157.90.182.25 - - [03/Oct/2023:20:22:11 +0200] "GET /japandi-white-eyelet-curtain-p-59774.html HTTP/1.0" 200 77184 "-" "Mozilla/5.0 (compatible; BLEXBot/1.0; +http://webmeup-crawler.com/)"
157.90.182.25 - - [03/Oct/2023:20:22:17 +0200] "GET /jar-for-jam-p-56573.html HTTP/1.0" 200 76019 "-" "Mozilla/5.0 (compatible; BLEXBot/1.0; +http://webmeup-crawler.com/)"
54.36.148.114 - - [03/Oct/2023:20:22:19 +0200] "GET /images/big_prod/028399186709.jpg HTTP/1.0" 200 267 "-" "Mozilla/5.0 (compatible; AhrefsBot/7.0; +http://ahrefs.com/robot/)"
54.36.149.46 - - [03/Oct/2023:20:22:20 +0200] "GET /images/big_prod_1/b028399186730.jpg HTTP/1.0" 200 270 "-" "Mozilla/5.0 (compatible; AhrefsBot/7.0; +http://ahrefs.com/robot/)"
54.36.148.43 - - [03/Oct/2023:20:22:20 +0200] "GET /images/big_prod_2/a028399186730.jpg HTTP/1.0" 200 270 "-" "Mozilla/5.0 (compatible; AhrefsBot/7.0; +http://ahrefs.com/robot/)"
54.36.148.24 - - [03/Oct/2023:20:22:21 +0200] "GET /images/big_prod_4/d028399186730.jpg HTTP/1.0" 200 270 "-" "Mozilla/5.0 (compatible; AhrefsBot/7.0; +http://ahrefs.com/robot/)"
157.90.182.25 - - [03/Oct/2023:20:22:23 +0200] "GET /jarvis-carpet-p-60079.html HTTP/1.0" 200 77029 "-" "Mozilla/5.0 (compatible; BLEXBot/1.0; +http://webmeup-crawler.com/)"
157.90.182.25 - - [03/Oct/2023:20:22:29 +0200] "GET /jasmin-companion-portfolio-amrica-white-p-38696.html HTTP/1.0" 200 77511 "-" "Mozilla/5.0 (compatible; BLEXBot/1.0; +http://webmeup-crawler.com/)"
157.90.182.25 - - [03/Oct/2023:20:22:34 +0200] "GET /jasmin-companion-portfolio-denim-p-37995.html HTTP/1.0" 200 77730 "-" "Mozilla/5.0 (compatible; BLEXBot/1.0; +http://webmeup-crawler.com/)"
157.90.182.25 - - [03/Oct/2023:20:22:40 +0200] "GET /jasmin-dessert-spoon-p-32024.html HTTP/1.0" 200 76098 "-" "Mozilla/5.0 (compatible; BLEXBot/1.0; +http://webmeup-crawler.com/)"
54.36.149.55 - - [03/Oct/2023:20:22:43 +0200] "GET /incense-sticks-burner-storage-lotus-p-39489.html HTTP/1.0" 200 77211 "-" "Mozilla/5.0 (compatible; AhrefsBot/7.0; +http://ahrefs.com/robot/)"
157.90.182.25 - - [03/Oct/2023:20:22:45 +0200] "GET /jasmin-jasmine-companion-portfolio-maiko-p-44222.html HTTP/1.0" 200 77377 "-" "Mozilla/5.0 (compatible; BLEXBot/1.0; +http://webmeup-crawler.com/)"
157.90.182.25 - - [03/Oct/2023:20:22:50 +0200] "GET /jasmin-jasmine-companion-portfolio-morioka-p-44224.html HTTP/1.0" 200 77395 "-" "Mozilla/5.0 (compatible; BLEXBot/1.0; +http://webmeup-crawler.com/)"
157.90.182.25 - - [03/Oct/2023:20:22:57 +0200] "GET /jasmin-kawai-blue-scarf-p-35978.html HTTP/1.0" 200 76156 "-" "Mozilla/5.0 (compatible; BLEXBot/1.0; +http://webmeup-crawler.com/)"
114.119.135.30 - - [03/Oct/2023:20:23:02 +0200] "GET /images/big_prod/1384010204788.jpg HTTP/1.0" 200 268 "http://www.wonder-geek.com/butterfly-wall-decoration-21-24-cm-multicolored-model-p-38575.html" "Mozilla/5.0 (Linux; Android 7.0;) AppleWebKit/537.36 (KHTML, like Gecko) Mobile Safari/537.36 (compatible; PetalBot;+https://webmaster.petalsearch.com/site/petalbot)"
157.90.182.25 - - [03/Oct/2023:20:23:02 +0200] "GET /jasmin-kitten-scarf-p-35977.html HTTP/1.0" 200 76132 "-" "Mozilla/5.0 (compatible; BLEXBot/1.0; +http://webmeup-crawler.com/)"
157.90.182.25 - - [03/Oct/2023:20:23:08 +0200] "GET /jasmin-large-round-melamine-plate-p-37912.html HTTP/1.0" 200 76220 "-" "Mozilla/5.0 (compatible; BLEXBot/1.0; +http://webmeup-crawler.com/)"
157.90.182.25 - - [03/Oct/2023:20:23:15 +0200] "GET /jasmin-melamine-dish-cake-p-37906.html HTTP/1.0" 200 76162 "-" "Mozilla/5.0 (compatible; BLEXBot/1.0; +http://webmeup-crawler.com/)"
157.90.182.25 - - [03/Oct/2023:20:23:20 +0200] "GET /jasmin-melamine-dish-cake-p-41623.html HTTP/1.0" 200 76163 "-" "Mozilla/5.0 (compatible; BLEXBot/1.0; +http://webmeup-crawler.com/)"
54.36.148.230 - - [03/Oct/2023:20:23:20 +0200] "GET /cats-love-oven-mitt-p-43813.html HTTP/1.0" 200 76131 "-" "Mozilla/5.0 (compatible; AhrefsBot/7.0; +http://ahrefs.com/robot/)"
157.90.182.25 - - [03/Oct/2023:20:23:27 +0200] "GET /jasmin-racing-scarf-p-35979.html HTTP/1.0" 200 76126 "-" "Mozilla/5.0 (compatible; BLEXBot/1.0; +http://webmeup-crawler.com/)"
59.82.78.193 - - [03/Oct/2023:20:23:32 +0200] "GET /images/mini_prod/3560600293310.jpg HTTP/1.0" 200 269 "-" "Mozilla/5.0 (X11; Ubuntu; Linux x86_64; rv:72.0) Gecko/20100101 Firefox/72.0"
157.90.182.25 - - [03/Oct/2023:20:23:32 +0200] "GET /jasmin-saucer-p-37959.html HTTP/1.0" 200 76142 "-" "Mozilla/5.0 (compatible; BLEXBot/1.0; +http://webmeup-crawler.com/)"
157.90.182.25 - - [03/Oct/2023:20:23:38 +0200] "GET /jasmin-scarf-p-32502.html HTTP/1.0" 200 76080 "-" "Mozilla/5.0 (compatible; BLEXBot/1.0; +http://webmeup-crawler.com/)"
157.90.182.25 - - [03/Oct/2023:20:23:44 +0200] "GET /jeans-jack-wallet-purse-p-41312.html HTTP/1.0" 200 76965 "-" "Mozilla/5.0 (compatible; BLEXBot/1.0; +http://webmeup-crawler.com/)"
157.90.182.25 - - [03/Oct/2023:20:23:49 +0200] "GET /jerry-toddler-flatware-p-14878.html HTTP/1.0" 200 76609 "-" "Mozilla/5.0 (compatible; BLEXBot/1.0; +http://webmeup-crawler.com/)"
157.90.182.25 - - [03/Oct/2023:20:23:55 +0200] "GET /jeux-vido-ruin-black-shirt-p-30072.html HTTP/1.0" 200 77483 "-" "Mozilla/5.0 (compatible; BLEXBot/1.0; +http://webmeup-crawler.com/)"
54.36.148.228 - - [03/Oct/2023:20:23:55 +0200] "GET /little-buddha-collection-keychain-p-53301.html HTTP/1.0" 200 76219 "-" "Mozilla/5.0 (compatible; AhrefsBot/7.0; +http://ahrefs.com/robot/)"
157.90.182.25 - - [03/Oct/2023:20:24:00 +0200] "GET /jewel-p-48485.html HTTP/1.0" 200 76776 "-" "Mozilla/5.0 (compatible; BLEXBot/1.0; +http://webmeup-crawler.com/)"
123.126.68.150 - - [03/Oct/2023:20:24:02 +0200] "GET / HTTP/1.0" 200 153333 "-" "Sogou web spider/4.0(+http://www.sogou.com/docs/help/webmasters.htm#07)"
157.90.182.25 - - [03/Oct/2023:20:24:06 +0200] "GET /jewel-seed-life-p-48486.html HTTP/1.0" 200 76883 "-" "Mozilla/5.0 (compatible; BLEXBot/1.0; +http://webmeup-crawler.com/)"
85.208.96.208 - - [03/Oct/2023:20:24:10 +0200] "GET /dragon-wooden-wall-decoration-p-46434.html HTTP/1.0" 200 73888 "-" "Mozilla/5.0 (compatible; SemrushBot/7~bl; +http://www.semrush.com/bot.html)"
157.90.182.25 - - [03/Oct/2023:20:24:12 +0200] "GET /jewel-tree-life-p-48484.html HTTP/1.0" 200 76856 "-" "Mozilla/5.0 (compatible; BLEXBot/1.0; +http://webmeup-crawler.com/)"
157.90.182.25 - - [03/Oct/2023:20:24:18 +0200] "GET /johnny-hallyday-mouse-p-10931.html HTTP/1.0" 200 76734 "-" "Mozilla/5.0 (compatible; BLEXBot/1.0; +http://webmeup-crawler.com/)"
157.90.182.25 - - [03/Oct/2023:20:24:24 +0200] "GET /johnny-hallyday-mouse-p-10932.html HTTP/1.0" 200 76734 "-" "Mozilla/5.0 (compatible; BLEXBot/1.0; +http://webmeup-crawler.com/)"
157.90.182.25 - - [03/Oct/2023:20:24:30 +0200] "GET /johnny-hallyday-mouse-p-6833.html HTTP/1.0" 200 76722 "-" "Mozilla/5.0 (compatible; BLEXBot/1.0; +http://webmeup-crawler.com/)"
54.36.149.102 - - [03/Oct/2023:20:24:37 +0200] "GET /harley-davidson-grey-dusk-zippo-lighter-p-52760.html HTTP/1.0" 200 79438 "-" "Mozilla/5.0 (compatible; AhrefsBot/7.0; +http://ahrefs.com/robot/)"
157.90.182.25 - - [03/Oct/2023:20:24:37 +0200] "GET /johnny-hallyday-mouse-p-6834.html HTTP/1.0" 200 76722 "-" "Mozilla/5.0 (compatible; BLEXBot/1.0; +http://webmeup-crawler.com/)"
54.36.148.121 - - [03/Oct/2023:20:24:43 +0200] "GET /images/big_prod_2/8419169309428C.jpg HTTP/1.0" 200 271 "-" "Mozilla/5.0 (compatible; AhrefsBot/7.0; +http://ahrefs.com/robot/)"
54.36.148.80 - - [03/Oct/2023:20:24:44 +0200] "GET /images/big_prod_1/8419169309428B.jpg HTTP/1.0" 200 271 "-" "Mozilla/5.0 (compatible; AhrefsBot/7.0; +http://ahrefs.com/robot/)"
157.90.182.25 - - [03/Oct/2023:20:24:43 +0200] "GET /johnny-hallyday-mouse-p-6835.html HTTP/1.0" 200 76737 "-" "Mozilla/5.0 (compatible; BLEXBot/1.0; +http://webmeup-crawler.com/)"
157.90.182.25 - - [03/Oct/2023:20:24:49 +0200] "GET /johnny-hallyday-mouse-p-6836.html HTTP/1.0" 200 76722 "-" "Mozilla/5.0 (compatible; BLEXBot/1.0; +http://webmeup-crawler.com/)"
157.90.182.25 - - [03/Oct/2023:20:24:55 +0200] "GET /johnny-hallyday-p-19526.html HTTP/1.0" 200 76248 "-" "Mozilla/5.0 (compatible; BLEXBot/1.0; +http://webmeup-crawler.com/)"
185.191.171.11 - - [03/Oct/2023:20:24:59 +0200] "GET /nice-trivet-p-41050.html HTTP/1.0" 200 73830 "-" "Mozilla/5.0 (compatible; SemrushBot/7~bl; +http://www.semrush.com/bot.html)"
157.90.182.25 - - [03/Oct/2023:20:25:00 +0200] "GET /jolie-provence-metal-tray-p-47717.html HTTP/1.0" 200 76255 "-" "Mozilla/5.0 (compatible; BLEXBot/1.0; +http://webmeup-crawler.com/)"
157.90.182.25 - - [03/Oct/2023:20:25:08 +0200] "GET /keith-haring-tote-p-29252.html HTTP/1.0" 200 76174 "-" "Mozilla/5.0 (compatible; BLEXBot/1.0; +http://webmeup-crawler.com/)"
157.90.182.25 - - [03/Oct/2023:20:25:13 +0200] "GET /keith-haring-tote-p-39089.html HTTP/1.0" 200 76192 "-" "Mozilla/5.0 (compatible; BLEXBot/1.0; +http://webmeup-crawler.com/)"
54.36.148.133 - - [03/Oct/2023:20:25:16 +0200] "GET /pugsley-keel-toys-plush-winged-p-46898.html HTTP/1.0" 200 76350 "-" "Mozilla/5.0 (compatible; AhrefsBot/7.0; +http://ahrefs.com/robot/)"
157.90.182.25 - - [03/Oct/2023:20:25:18 +0200] "GET /keyboard-cube-p-24899.html HTTP/1.0" 200 76100 "-" "Mozilla/5.0 (compatible; BLEXBot/1.0; +http://webmeup-crawler.com/)"
157.90.182.25 - - [03/Oct/2023:20:25:23 +0200] "GET /keyboard-cube-p-27590.html HTTP/1.0" 200 76052 "-" "Mozilla/5.0 (compatible; BLEXBot/1.0; +http://webmeup-crawler.com/)"
114.119.137.105 - - [03/Oct/2023:20:25:27 +0200] "GET /tweety-skateboard-figurine-p-42729.html HTTP/1.0" 200 73842 "http://www.wonder-geek.com/collectible-figurines-decorative-c-13_135.html?page=3" "Mozilla/5.0 (Linux; Android 7.0;) AppleWebKit/537.36 (KHTML, like Gecko) Mobile Safari/537.36 (compatible; PetalBot;+https://webmaster.petalsearch.com/site/petalbot)"
157.90.182.25 - - [03/Oct/2023:20:25:29 +0200] "GET /keyboard-shaped-house-p-47687.html HTTP/1.0" 200 76330 "-" "Mozilla/5.0 (compatible; BLEXBot/1.0; +http://webmeup-crawler.com/)"
157.90.182.25 - - [03/Oct/2023:20:25:34 +0200] "GET /keyrings-c-31_52.html?page=10 HTTP/1.0" 200 97354 "-" "Mozilla/5.0 (compatible; BLEXBot/1.0; +http://webmeup-crawler.com/)"
157.90.182.25 - - [03/Oct/2023:20:25:40 +0200] "GET /keyrings-c-31_52.html?page=11 HTTP/1.0" 200 95627 "-" "Mozilla/5.0 (compatible; BLEXBot/1.0; +http://webmeup-crawler.com/)"
54.36.148.133 - - [03/Oct/2023:20:25:46 +0200] "GET /wick-ellipse-candle-heart-home-sanctuary-p-57843.html HTTP/1.0" 200 77866 "-" "Mozilla/5.0 (compatible; AhrefsBot/7.0; +http://ahrefs.com/robot/)"
157.90.182.25 - - [03/Oct/2023:20:25:47 +0200] "GET /keyrings-c-31_52.html?page=2 HTTP/1.0" 200 96747 "-" "Mozilla/5.0 (compatible; BLEXBot/1.0; +http://webmeup-crawler.com/)"
85.208.96.208 - - [03/Oct/2023:20:25:52 +0200] "GET /-p-39994.html HTTP/1.0" 200 73770 "-" "Mozilla/5.0 (compatible; SemrushBot/7~bl; +http://www.semrush.com/bot.html)"
54.36.148.132 - - [03/Oct/2023:20:25:55 +0200] "GET /images/big_prod_1/5051276448718a.jpg HTTP/1.0" 200 271 "-" "Mozilla/5.0 (compatible; AhrefsBot/7.0; +http://ahrefs.com/robot/)"
157.90.182.25 - - [03/Oct/2023:20:25:53 +0200] "GET /keyrings-c-31_52.html?page=3 HTTP/1.0" 200 97564 "-" "Mozilla/5.0 (compatible; BLEXBot/1.0; +http://webmeup-crawler.com/)"
157.90.182.25 - - [03/Oct/2023:20:26:01 +0200] "GET /keyrings-c-31_52.html?page=4 HTTP/1.0" 200 97421 "-" "Mozilla/5.0 (compatible; BLEXBot/1.0; +http://webmeup-crawler.com/)"
157.90.182.25 - - [03/Oct/2023:20:26:06 +0200] "GET /keyrings-c-31_52.html?page=5 HTTP/1.0" 200 97676 "-" "Mozilla/5.0 (compatible; BLEXBot/1.0; +http://webmeup-crawler.com/)"
157.90.182.25 - - [03/Oct/2023:20:26:12 +0200] "GET /keyrings-c-31_52.html?page=6 HTTP/1.0" 200 97897 "-" "Mozilla/5.0 (compatible; BLEXBot/1.0; +http://webmeup-crawler.com/)"
157.90.182.25 - - [03/Oct/2023:20:26:19 +0200] "GET /keyrings-c-31_52.html?page=7 HTTP/1.0" 200 97735 "-" "Mozilla/5.0 (compatible; BLEXBot/1.0; +http://webmeup-crawler.com/)"
54.36.148.71 - - [03/Oct/2023:20:26:28 +0200] "GET /amlie-cups-spoons-p-59611.html HTTP/1.0" 200 77029 "-" "Mozilla/5.0 (compatible; AhrefsBot/7.0; +http://ahrefs.com/robot/)"
157.90.182.25 - - [03/Oct/2023:20:26:27 +0200] "GET /keyrings-c-31_52.html?page=8 HTTP/1.0" 200 97945 "-" "Mozilla/5.0 (compatible; BLEXBot/1.0; +http://webmeup-crawler.com/)"
54.36.148.186 - - [03/Oct/2023:20:26:36 +0200] "GET /images/big_prod/5400924279042.jpg HTTP/1.0" 200 268 "-" "Mozilla/5.0 (compatible; AhrefsBot/7.0; +http://ahrefs.com/robot/)"
157.90.182.25 - - [03/Oct/2023:20:26:35 +0200] "GET /keyrings-c-31_52.html?page=9 HTTP/1.0" 200 97727 "-" "Mozilla/5.0 (compatible; BLEXBot/1.0; +http://webmeup-crawler.com/)"
54.36.148.22 - - [03/Oct/2023:20:26:38 +0200] "GET /images/big_prod_2/5400924279042B.jpg HTTP/1.0" 200 271 "-" "Mozilla/5.0 (compatible; AhrefsBot/7.0; +http://ahrefs.com/robot/)"
157.90.182.25 - - [03/Oct/2023:20:26:41 +0200] "GET /kidcat-salt-pepper-p-46876.html HTTP/1.0" 200 76723 "-" "Mozilla/5.0 (compatible; BLEXBot/1.0; +http://webmeup-crawler.com/)"
157.90.182.25 - - [03/Oct/2023:20:26:47 +0200] "GET /kids-school-p-52080.html HTTP/1.0" 200 76974 "-" "Mozilla/5.0 (compatible; BLEXBot/1.0; +http://webmeup-crawler.com/)"
157.90.182.25 - - [03/Oct/2023:20:26:53 +0200] "GET /kimmi-junior-best-friend-necklaces-p-8750.html HTTP/1.0" 200 76256 "-" "Mozilla/5.0 (compatible; BLEXBot/1.0; +http://webmeup-crawler.com/)"
54.36.149.0 - - [03/Oct/2023:20:27:00 +0200] "GET /minions-poster-p-30933.html HTTP/1.0" 200 76064 "-" "Mozilla/5.0 (compatible; AhrefsBot/7.0; +http://ahrefs.com/robot/)"
157.90.182.25 - - [03/Oct/2023:20:27:03 +0200] "GET /kimmi-junior-best-friend-necklaces-p-8753.html HTTP/1.0" 200 76245 "-" "Mozilla/5.0 (compatible; BLEXBot/1.0; +http://webmeup-crawler.com/)"
157.90.182.25 - - [03/Oct/2023:20:27:10 +0200] "GET /kimmi-junior-best-friend-necklaces-p-8754.html HTTP/1.0" 200 76245 "-" "Mozilla/5.0 (compatible; BLEXBot/1.0; +http://webmeup-crawler.com/)"
157.90.182.25 - - [03/Oct/2023:20:27:16 +0200] "GET /kimmi-junior-best-friend-necklaces-p-8755.html HTTP/1.0" 200 76245 "-" "Mozilla/5.0 (compatible; BLEXBot/1.0; +http://webmeup-crawler.com/)"
157.90.182.25 - - [03/Oct/2023:20:27:24 +0200] "GET /kimmi-junior-best-friend-necklaces-p-8756.html HTTP/1.0" 200 76245 "-" "Mozilla/5.0 (compatible; BLEXBot/1.0; +http://webmeup-crawler.com/)"
157.90.182.25 - - [03/Oct/2023:20:27:29 +0200] "GET /kimmi-junior-glass-p-11840.html HTTP/1.0" 200 73832 "-" "Mozilla/5.0 (compatible; BLEXBot/1.0; +http://webmeup-crawler.com/)"
157.90.182.25 - - [03/Oct/2023:20:27:35 +0200] "GET /kimmi-junior-meika-pocket-mirror-p-15846.html HTTP/1.0" 200 79217 "-" "Mozilla/5.0 (compatible; BLEXBot/1.0; +http://webmeup-crawler.com/)"
157.90.182.25 - - [03/Oct/2023:20:27:42 +0200] "GET /kimmi-junior-polar-plaid-p-13087.html HTTP/1.0" 200 76295 "-" "Mozilla/5.0 (compatible; BLEXBot/1.0; +http://webmeup-crawler.com/)"
54.36.148.0 - - [03/Oct/2023:20:27:44 +0200] "GET /paperweight-glass-flower-p-59155.html HTTP/1.0" 200 76992 "-" "Mozilla/5.0 (compatible; AhrefsBot/7.0; +http://ahrefs.com/robot/)"
157.90.182.25 - - [03/Oct/2023:20:27:49 +0200] "GET /kimmidoll-airi-nail-files-p-31933.html HTTP/1.0" 200 76217 "-" "Mozilla/5.0 (compatible; BLEXBot/1.0; +http://webmeup-crawler.com/)"
157.90.182.25 - - [03/Oct/2023:20:27:55 +0200] "GET /kimmidoll-brush-p-44111.html HTTP/1.0" 200 76121 "-" "Mozilla/5.0 (compatible; BLEXBot/1.0; +http://webmeup-crawler.com/)"
157.90.182.25 - - [03/Oct/2023:20:28:01 +0200] "GET /kimmidoll-brush-p-44814.html HTTP/1.0" 200 76121 "-" "Mozilla/5.0 (compatible; BLEXBot/1.0; +http://webmeup-crawler.com/)"
157.90.182.25 - - [03/Oct/2023:20:28:09 +0200] "GET /kimmidoll-brush-p-44882.html HTTP/1.0" 200 76121 "-" "Mozilla/5.0 (compatible; BLEXBot/1.0; +http://webmeup-crawler.com/)"
54.36.149.3 - - [03/Oct/2023:20:28:15 +0200] "GET /jellyfish-yellow-glass-paperweight-p-60047.html HTTP/1.0" 200 76882 "-" "Mozilla/5.0 (compatible; AhrefsBot/7.0; +http://ahrefs.com/robot/)"
157.90.182.25 - - [03/Oct/2023:20:28:16 +0200] "GET /kimmidoll-kazumi-nail-files-p-31934.html HTTP/1.0" 200 76233 "-" "Mozilla/5.0 (compatible; BLEXBot/1.0; +http://webmeup-crawler.com/)"
54.36.148.152 - - [03/Oct/2023:20:28:22 +0200] "GET /images/big_prod_1/5400924304317B.jpg HTTP/1.0" 200 271 "-" "Mozilla/5.0 (compatible; AhrefsBot/7.0; +http://ahrefs.com/robot/)"
157.90.182.25 - - [03/Oct/2023:20:28:23 +0200] "GET /kimmidoll-love-bonbon-earrings-p-21704.html HTTP/1.0" 200 76189 "-" "Mozilla/5.0 (compatible; BLEXBot/1.0; +http://webmeup-crawler.com/)"
157.90.182.25 - - [03/Oct/2023:20:28:29 +0200] "GET /kimmidoll-love-miso-cute-earrings-p-21707.html HTTP/1.0" 200 76216 "-" "Mozilla/5.0 (compatible; BLEXBot/1.0; +http://webmeup-crawler.com/)"
