54.36.148.51 - - [03/Oct/2023:19:41:19 +0200] "GET /images/mini_prod/1399984252178b.jpg HTTP/1.0" 200 270 "-" "Mozilla/5.0 (compatible; AhrefsBot/7.0; +http://ahrefs.com/robot/)"
157.90.182.25 - - [03/Oct/2023:19:41:17 +0200] "GET /glasses-case-c-31_164.html?page=2 HTTP/1.0" 200 93835 "-" "Mozilla/5.0 (compatible; BLEXBot/1.0; +http://webmeup-crawler.com/)"
54.36.148.183 - - [03/Oct/2023:19:41:20 +0200] "GET /images/mini_prod/1384010205242B.jpg HTTP/1.0" 200 270 "-" "Mozilla/5.0 (compatible; AhrefsBot/7.0; +http://ahrefs.com/robot/)"
54.36.149.25 - - [03/Oct/2023:19:41:20 +0200] "GET /images/mini_prod/3662468001080.jpg HTTP/1.0" 200 269 "-" "Mozilla/5.0 (compatible; AhrefsBot/7.0; +http://ahrefs.com/robot/)"
54.36.148.225 - - [03/Oct/2023:19:41:21 +0200] "GET /images/mini_prod/4007176127674.gif HTTP/1.0" 200 268 "-" "Mozilla/5.0 (compatible; AhrefsBot/7.0; +http://ahrefs.com/robot/)"
54.36.149.65 - - [03/Oct/2023:19:41:22 +0200] "GET /images/mini_prod/3609810010864.jpg HTTP/1.0" 200 269 "-" "Mozilla/5.0 (compatible; AhrefsBot/7.0; +http://ahrefs.com/robot/)"
54.36.148.28 - - [03/Oct/2023:19:41:22 +0200] "GET /images/mini_prod/8412906996752.jpg HTTP/1.0" 200 269 "-" "Mozilla/5.0 (compatible; AhrefsBot/7.0; +http://ahrefs.com/robot/)"
83.197.21.36 - - [03/Oct/2023:19:41:21 +0200] "GET /rigid-glasses-cats-p-53838.html HTTP/1.0" 200 76224 "http://www.wonder-geek.com/glasses-case-c-31_164.html?page=2" "Mozilla/5.0 (Macintosh; Intel Mac OS X 10_15_7) AppleWebKit/605.1.15 (KHTML, like Gecko) Version/16.6 Safari/605.1.15"
83.197.21.36 - - [03/Oct/2023:19:41:23 +0200] "GET /images/big_prod/8422172730899.jpg HTTP/1.0" 200 268 "http://www.wonder-geek.com/rigid-glasses-cats-p-53838.html" "Mozilla/5.0 (Macintosh; Intel Mac OS X 10_15_7) AppleWebKit/605.1.15 (KHTML, like Gecko) Version/16.6 Safari/605.1.15"
54.36.149.67 - - [03/Oct/2023:19:41:23 +0200] "GET /images/mini_prod/4007176129319.jpg HTTP/1.0" 200 269 "-" "Mozilla/5.0 (compatible; AhrefsBot/7.0; +http://ahrefs.com/robot/)"
54.36.148.52 - - [03/Oct/2023:19:41:23 +0200] "GET /images/mini_prod/8412906996745.jpg HTTP/1.0" 200 269 "-" "Mozilla/5.0 (compatible; AhrefsBot/7.0; +http://ahrefs.com/robot/)"
54.36.148.168 - - [03/Oct/2023:19:41:24 +0200] "GET /images/mini_prod/102_4340.gif HTTP/1.0" 200 263 "-" "Mozilla/5.0 (compatible; AhrefsBot/7.0; +http://ahrefs.com/robot/)"
157.90.182.25 - - [03/Oct/2023:19:41:23 +0200] "GET /glasses-case-c-31_164.html?page=3 HTTP/1.0" 200 85177 "-" "Mozilla/5.0 (compatible; BLEXBot/1.0; +http://webmeup-crawler.com/)"
54.36.148.133 - - [03/Oct/2023:19:41:25 +0200] "GET /images/mini_prod/3619810010863.jpg HTTP/1.0" 200 269 "-" "Mozilla/5.0 (compatible; AhrefsBot/7.0; +http://ahrefs.com/robot/)"
54.36.148.117 - - [03/Oct/2023:19:41:25 +0200] "GET /images/mini_prod/8412906960104.jpg HTTP/1.0" 200 269 "-" "Mozilla/5.0 (compatible; AhrefsBot/7.0; +http://ahrefs.com/robot/)"
83.197.21.36 - - [03/Oct/2023:19:41:29 +0200] "GET /highslide/graphics/fullexpand.gif HTTP/1.0" 200 495 "http://www.wonder-geek.com/rigid-glasses-cats-p-53838.html" "Mozilla/5.0 (Macintosh; Intel Mac OS X 10_15_7) AppleWebKit/605.1.15 (KHTML, like Gecko) Version/16.6 Safari/605.1.15"
157.90.182.25 - - [03/Oct/2023:19:41:31 +0200] "GET /glasses-drinking-c-12_62.html?page=2 HTTP/1.0" 200 94528 "-" "Mozilla/5.0 (compatible; BLEXBot/1.0; +http://webmeup-crawler.com/)"
51.68.224.127 - - [03/Oct/2023:19:41:37 +0200] "GET /adminweb/export_orders_xml.php?token=256de2z6edz6ed2z6DFSFsed2zed6zeDSFDSGdzedezfzf&maxorders=10&orderstart=1&status=14&start_date=2018-10-01 HTTP/1.0" 200 285 "-" "GesCom CharlotteBoutik Serveur"
51.68.224.127 - - [03/Oct/2023:19:41:37 +0200] "GET /adminweb/export_orders_xml.php?token=256de2z6edz6ed2z6DFSFsed2zed6zeDSFDSGdzedezfzf&maxorders=10&orderstart=1&status=6&start_date=2018-10-01 HTTP/1.0" 200 33939 "-" "GesCom CharlotteBoutik Serveur"
54.36.148.190 - - [03/Oct/2023:19:41:37 +0200] "GET /sausage-apro-recrute-p-58142.html HTTP/1.0" 200 76752 "-" "Mozilla/5.0 (compatible; AhrefsBot/7.0; +http://ahrefs.com/robot/)"
157.90.182.25 - - [03/Oct/2023:19:41:37 +0200] "GET /glasses-drinking-c-12_62.html?page=3 HTTP/1.0" 200 94601 "-" "Mozilla/5.0 (compatible; BLEXBot/1.0; +http://webmeup-crawler.com/)"
54.36.149.23 - - [03/Oct/2023:19:41:43 +0200] "GET /images/big_prod_1/3453131159609B.jpg HTTP/1.0" 200 271 "-" "Mozilla/5.0 (compatible; AhrefsBot/7.0; +http://ahrefs.com/robot/)"
157.90.182.25 - - [03/Oct/2023:19:41:44 +0200] "GET /glasses-drinking-c-12_62.html?page=4 HTTP/1.0" 200 90840 "-" "Mozilla/5.0 (compatible; BLEXBot/1.0; +http://webmeup-crawler.com/)"
83.197.21.36 - - [03/Oct/2023:19:41:50 +0200] "GET /glasses-case-c-31_164.html?page=3 HTTP/1.0" 200 85177 "http://www.wonder-geek.com/glasses-case-c-31_164.html?page=2" "Mozilla/5.0 (Macintosh; Intel Mac OS X 10_15_7) AppleWebKit/605.1.15 (KHTML, like Gecko) Version/16.6 Safari/605.1.15"
83.197.21.36 - - [03/Oct/2023:19:41:51 +0200] "GET /images/mini_prod/3160704002377.jpg HTTP/1.0" 200 269 "http://www.wonder-geek.com/glasses-case-c-31_164.html?page=3" "Mozilla/5.0 (Macintosh; Intel Mac OS X 10_15_7) AppleWebKit/605.1.15 (KHTML, like Gecko) Version/16.6 Safari/605.1.15"
83.197.21.36 - - [03/Oct/2023:19:41:51 +0200] "GET /images/mini_prod/3700602762173.jpg HTTP/1.0" 200 269 "http://www.wonder-geek.com/glasses-case-c-31_164.html?page=3" "Mozilla/5.0 (Macintosh; Intel Mac OS X 10_15_7) AppleWebKit/605.1.15 (KHTML, like Gecko) Version/16.6 Safari/605.1.15"
83.197.21.36 - - [03/Oct/2023:19:41:51 +0200] "GET /images/mini_prod/3700612762170.jpg HTTP/1.0" 200 269 "http://www.wonder-geek.com/glasses-case-c-31_164.html?page=3" "Mozilla/5.0 (Macintosh; Intel Mac OS X 10_15_7) AppleWebKit/605.1.15 (KHTML, like Gecko) Version/16.6 Safari/605.1.15"
83.197.21.36 - - [03/Oct/2023:19:41:51 +0200] "GET /images/mini_prod/1020322298564.jpg HTTP/1.0" 200 269 "http://www.wonder-geek.com/glasses-case-c-31_164.html?page=3" "Mozilla/5.0 (Macintosh; Intel Mac OS X 10_15_7) AppleWebKit/605.1.15 (KHTML, like Gecko) Version/16.6 Safari/605.1.15"
83.197.21.36 - - [03/Oct/2023:19:41:51 +0200] "GET /images/mini_prod/3160704002605.jpg HTTP/1.0" 200 269 "http://www.wonder-geek.com/glasses-case-c-31_164.html?page=3" "Mozilla/5.0 (Macintosh; Intel Mac OS X 10_15_7) AppleWebKit/605.1.15 (KHTML, like Gecko) Version/16.6 Safari/605.1.15"
83.197.21.36 - - [03/Oct/2023:19:41:51 +0200] "GET /images/mini_prod/3700622762177.jpg HTTP/1.0" 200 269 "http://www.wonder-geek.com/glasses-case-c-31_164.html?page=3" "Mozilla/5.0 (Macintosh; Intel Mac OS X 10_15_7) AppleWebKit/605.1.15 (KHTML, like Gecko) Version/16.6 Safari/605.1.15"
83.197.21.36 - - [03/Oct/2023:19:41:51 +0200] "GET /images/mini_prod/1300000022705.jpg HTTP/1.0" 200 269 "http://www.wonder-geek.com/glasses-case-c-31_164.html?page=3" "Mozilla/5.0 (Macintosh; Intel Mac OS X 10_15_7) AppleWebKit/605.1.15 (KHTML, like Gecko) Version/16.6 Safari/605.1.15"
157.90.182.25 - - [03/Oct/2023:19:41:51 +0200] "GET /glazed-p-58716.html HTTP/1.0" 200 76956 "-" "Mozilla/5.0 (compatible; BLEXBot/1.0; +http://webmeup-crawler.com/)"
83.197.21.36 - - [03/Oct/2023:19:41:55 +0200] "GET /rigid-glasses-kitten-pile-books-p-60612.html HTTP/1.0" 200 76990 "http://www.wonder-geek.com/glasses-case-c-31_164.html?page=3" "Mozilla/5.0 (Macintosh; Intel Mac OS X 10_15_7) AppleWebKit/605.1.15 (KHTML, like Gecko) Version/16.6 Safari/605.1.15"
83.197.21.36 - - [03/Oct/2023:19:41:57 +0200] "GET /images/big_prod/3700602762173.jpg HTTP/1.0" 200 268 "http://www.wonder-geek.com/rigid-glasses-kitten-pile-books-p-60612.html" "Mozilla/5.0 (Macintosh; Intel Mac OS X 10_15_7) AppleWebKit/605.1.15 (KHTML, like Gecko) Version/16.6 Safari/605.1.15"
83.197.21.36 - - [03/Oct/2023:19:41:57 +0200] "GET /images/big_prod_1/3700602762173B.jpg HTTP/1.0" 200 271 "http://www.wonder-geek.com/rigid-glasses-kitten-pile-books-p-60612.html" "Mozilla/5.0 (Macintosh; Intel Mac OS X 10_15_7) AppleWebKit/605.1.15 (KHTML, like Gecko) Version/16.6 Safari/605.1.15"
157.90.182.25 - - [03/Oct/2023:19:41:57 +0200] "GET /glitter-ball-meilleure-maman-p-60424.html HTTP/1.0" 200 76802 "-" "Mozilla/5.0 (compatible; BLEXBot/1.0; +http://webmeup-crawler.com/)"
157.90.182.25 - - [03/Oct/2023:19:42:04 +0200] "GET /glitter-ball-meilleure-maman-toute-terre-p-57231.html HTTP/1.0" 200 76992 "-" "Mozilla/5.0 (compatible; BLEXBot/1.0; +http://webmeup-crawler.com/)"
83.197.21.36 - - [03/Oct/2023:19:42:08 +0200] "GET /rigid-glasses-kitten-pile-books-p-60612.html HTTP/1.0" 200 76990 "-" "Mozilla/5.0 (Macintosh; Intel Mac OS X 10_15_7) AppleWebKit/605.1.15 (KHTML, like Gecko) Version/16.6 Mobile/15E148 Safari/604.1"
83.197.21.36 - - [03/Oct/2023:19:42:10 +0200] "GET /apple-touch-icon-152x152-precomposed.png HTTP/1.0" 404 1308 "-" "MobileSafari/8615.3.12.10.2 CFNetwork/1410.0.3 Darwin/22.6.0"
83.197.21.36 - - [03/Oct/2023:19:42:10 +0200] "GET /apple-touch-icon-152x152.png HTTP/1.0" 404 1308 "-" "MobileSafari/8615.3.12.10.2 CFNetwork/1410.0.3 Darwin/22.6.0"
83.197.21.36 - - [03/Oct/2023:19:42:10 +0200] "GET /apple-touch-icon-precomposed.png HTTP/1.0" 404 1308 "-" "MobileSafari/8615.3.12.10.2 CFNetwork/1410.0.3 Darwin/22.6.0"
83.197.21.36 - - [03/Oct/2023:19:42:10 +0200] "GET /apple-touch-icon.png HTTP/1.0" 404 1308 "-" "MobileSafari/8615.3.12.10.2 CFNetwork/1410.0.3 Darwin/22.6.0"
83.197.21.36 - - [03/Oct/2023:19:42:10 +0200] "GET /favicon.ico HTTP/1.0" 200 260 "-" "MobileSafari/8615.3.12.10.2 CFNetwork/1410.0.3 Darwin/22.6.0"
54.36.148.84 - - [03/Oct/2023:19:42:12 +0200] "GET /miracle-tattoos-augmented-reality-p-30664.html HTTP/1.0" 200 77091 "-" "Mozilla/5.0 (compatible; AhrefsBot/7.0; +http://ahrefs.com/robot/)"
157.90.182.25 - - [03/Oct/2023:19:42:12 +0200] "GET /glitters-black-p-53392.html HTTP/1.0" 200 76090 "-" "Mozilla/5.0 (compatible; BLEXBot/1.0; +http://webmeup-crawler.com/)"
85.208.96.203 - - [03/Oct/2023:19:42:14 +0200] "GET /ashtrays-c-13_240.html HTTP/1.0" 200 93655 "-" "Mozilla/5.0 (compatible; SemrushBot/7~bl; +http://www.semrush.com/bot.html)"
157.90.182.25 - - [03/Oct/2023:19:42:17 +0200] "GET /glitters-blue-p-53397.html HTTP/1.0" 200 76085 "-" "Mozilla/5.0 (compatible; BLEXBot/1.0; +http://webmeup-crawler.com/)"
157.90.182.25 - - [03/Oct/2023:19:42:23 +0200] "GET /glitters-green-p-53396.html HTTP/1.0" 200 76091 "-" "Mozilla/5.0 (compatible; BLEXBot/1.0; +http://webmeup-crawler.com/)"
157.90.182.25 - - [03/Oct/2023:19:42:28 +0200] "GET /glitters-p-53394.html HTTP/1.0" 200 76072 "-" "Mozilla/5.0 (compatible; BLEXBot/1.0; +http://webmeup-crawler.com/)"
157.90.182.25 - - [03/Oct/2023:19:42:34 +0200] "GET /glitters-pink-p-53395.html HTTP/1.0" 200 76086 "-" "Mozilla/5.0 (compatible; BLEXBot/1.0; +http://webmeup-crawler.com/)"
185.191.171.4 - - [03/Oct/2023:19:42:39 +0200] "GET /small-candle-christmas-tree-p-53323.html HTTP/1.0" 200 73882 "-" "Mozilla/5.0 (compatible; SemrushBot/7~bl; +http://www.semrush.com/bot.html)"
157.90.182.25 - - [03/Oct/2023:19:42:39 +0200] "GET /glitters-white-p-53393.html HTTP/1.0" 200 76091 "-" "Mozilla/5.0 (compatible; BLEXBot/1.0; +http://webmeup-crawler.com/)"
157.90.182.25 - - [03/Oct/2023:19:42:45 +0200] "GET /globe-armillaire-decoration-p-56632.html HTTP/1.0" 200 76200 "-" "Mozilla/5.0 (compatible; BLEXBot/1.0; +http://webmeup-crawler.com/)"
157.55.39.49 - - [03/Oct/2023:19:42:47 +0200] "GET /accessories-c-3.html HTTP/1.0" 200 96521 "-" "Mozilla/5.0 AppleWebKit/537.36 (KHTML, like Gecko; compatible; bingbot/2.0; +http://www.bing.com/bingbot.htm) Chrome/103.0.5060.134 Safari/537.36"
54.36.148.24 - - [03/Oct/2023:19:42:48 +0200] "GET /incense-burner-brass-charcoal-incense-sticks-green-p-58684.html HTTP/1.0" 200 77261 "-" "Mozilla/5.0 (compatible; AhrefsBot/7.0; +http://ahrefs.com/robot/)"
157.90.182.25 - - [03/Oct/2023:19:42:50 +0200] "GET /globe-armillaire-decoration-p-59964.html HTTP/1.0" 200 76200 "-" "Mozilla/5.0 (compatible; BLEXBot/1.0; +http://webmeup-crawler.com/)"
185.191.171.3 - - [03/Oct/2023:19:42:53 +0200] "GET /bilbao-coated-tablecloth-tomette-p-60579.html HTTP/1.0" 200 76263 "-" "Mozilla/5.0 (compatible; SemrushBot/7~bl; +http://www.semrush.com/bot.html)"
157.90.182.25 - - [03/Oct/2023:19:42:56 +0200] "GET /globe-liege-p-49447.html HTTP/1.0" 200 76693 "-" "Mozilla/5.0 (compatible; BLEXBot/1.0; +http://webmeup-crawler.com/)"
157.90.182.25 - - [03/Oct/2023:19:43:01 +0200] "GET /globe-tripod-p-51548.html HTTP/1.0" 200 76790 "-" "Mozilla/5.0 (compatible; BLEXBot/1.0; +http://webmeup-crawler.com/)"
157.90.182.25 - - [03/Oct/2023:19:43:07 +0200] "GET /globe-tripod-white-p-52304.html HTTP/1.0" 200 77055 "-" "Mozilla/5.0 (compatible; BLEXBot/1.0; +http://webmeup-crawler.com/)"
216.244.66.242 - - [03/Oct/2023:19:43:10 +0200] "GET /robots.txt HTTP/1.0" 200 245 "-" "Mozilla/5.0 (compatible; DotBot/1.2; +https://opensiteexplorer.org/dotbot; help@moz.com)"
157.90.182.25 - - [03/Oct/2023:19:43:13 +0200] "GET /gloss-duckling-random-color-according-arrival-p-31892.html HTTP/1.0" 200 76519 "-" "Mozilla/5.0 (compatible; BLEXBot/1.0; +http://webmeup-crawler.com/)"
157.90.182.25 - - [03/Oct/2023:19:43:19 +0200] "GET /gloss-lips-london-letters-p-28848.html HTTP/1.0" 200 76338 "-" "Mozilla/5.0 (compatible; BLEXBot/1.0; +http://webmeup-crawler.com/)"
157.90.182.25 - - [03/Oct/2023:19:43:25 +0200] "GET /gloss-lips-london-phone-p-28847.html HTTP/1.0" 200 76294 "-" "Mozilla/5.0 (compatible; BLEXBot/1.0; +http://webmeup-crawler.com/)"
54.36.148.202 - - [03/Oct/2023:19:43:27 +0200] "GET /saint-michael-salt-lamp-approx-p-56836.html HTTP/1.0" 200 77223 "-" "Mozilla/5.0 (compatible; AhrefsBot/7.0; +http://ahrefs.com/robot/)"
54.36.148.165 - - [03/Oct/2023:19:43:33 +0200] "GET /images/big_prod_1/3700344927243a.jpg HTTP/1.0" 200 271 "-" "Mozilla/5.0 (compatible; AhrefsBot/7.0; +http://ahrefs.com/robot/)"
157.90.182.25 - - [03/Oct/2023:19:43:32 +0200] "GET /gloss-lips-london-phone-p-37162.html HTTP/1.0" 200 76346 "-" "Mozilla/5.0 (compatible; BLEXBot/1.0; +http://webmeup-crawler.com/)"
66.249.66.205 - - [03/Oct/2023:19:43:39 +0200] "GET /zippo-torque-bracelet-twisted-stainless-steel-p-49084.html HTTP/1.0" 200 77196 "-" "Mozilla/5.0 (Linux; Android 6.0.1; Nexus 5X Build/MMB29P) AppleWebKit/537.36 (KHTML, like Gecko) Chrome/117.0.5938.132 Mobile Safari/537.36 (compatible; Googlebot/2.1; +http://www.google.com/bot.html)"
157.90.182.25 - - [03/Oct/2023:19:43:40 +0200] "GET /gloss-lips-white-deluxe-chocolate-p-28865.html HTTP/1.0" 200 76374 "-" "Mozilla/5.0 (compatible; BLEXBot/1.0; +http://webmeup-crawler.com/)"
157.90.182.25 - - [03/Oct/2023:19:43:46 +0200] "GET /gnome-garden-glitter-ball-p-35637.html HTTP/1.0" 200 76263 "-" "Mozilla/5.0 (compatible; BLEXBot/1.0; +http://webmeup-crawler.com/)"
157.90.182.25 - - [03/Oct/2023:19:43:52 +0200] "GET /godfather-little-p-8269.html HTTP/1.0" 200 76108 "-" "Mozilla/5.0 (compatible; BLEXBot/1.0; +http://webmeup-crawler.com/)"
59.82.78.126 - - [03/Oct/2023:19:43:55 +0200] "GET /images/mini_prod/8435333824252.jpg HTTP/1.0" 200 269 "-" "Mozilla/5.0 (X11; Ubuntu; Linux x86_64; rv:72.0) Gecko/20100101 Firefox/72.0"
119.8.242.38 - - [03/Oct/2023:19:43:57 +0200] "GET /images/mini_prod/8718375751336.jpg HTTP/1.0" 200 269 "-" "Mozilla/5.0 (X11; Ubuntu; Linux x86_64; rv:72.0) Gecko/20100101 Firefox/72.0"
66.249.66.206 - - [03/Oct/2023:19:43:56 +0200] "GET /glass-ceramic-hermetic-p-41245.html HTTP/1.0" 200 76205 "-" "Mozilla/5.0 (Linux; Android 6.0.1; Nexus 5X Build/MMB29P) AppleWebKit/537.36 (KHTML, like Gecko) Chrome/117.0.5938.132 Mobile Safari/537.36 (compatible; Googlebot/2.1; +http://www.google.com/bot.html)"
157.90.182.25 - - [03/Oct/2023:19:43:59 +0200] "GET /godfather-spiral-notebook-p-8877.html HTTP/1.0" 200 76165 "-" "Mozilla/5.0 (compatible; BLEXBot/1.0; +http://webmeup-crawler.com/)"
54.36.148.124 - - [03/Oct/2023:19:44:01 +0200] "GET /love-personnalized-white-shell-galaxy-note-p-17688.html HTTP/1.0" 200 76758 "-" "Mozilla/5.0 (compatible; AhrefsBot/7.0; +http://ahrefs.com/robot/)"
157.90.182.25 - - [03/Oct/2023:19:44:05 +0200] "GET /gogh-little-tray-p-51668.html HTTP/1.0" 200 79764 "-" "Mozilla/5.0 (compatible; BLEXBot/1.0; +http://webmeup-crawler.com/)"
157.90.182.25 - - [03/Oct/2023:19:44:11 +0200] "GET /gogh-nuit-toile-cotton-pouch-p-47657.html HTTP/1.0" 200 76909 "-" "Mozilla/5.0 (compatible; BLEXBot/1.0; +http://webmeup-crawler.com/)"
157.90.182.25 - - [03/Oct/2023:19:44:15 +0200] "GET /gold-ceramic-vase-p-60010.html HTTP/1.0" 200 76723 "-" "Mozilla/5.0 (compatible; BLEXBot/1.0; +http://webmeup-crawler.com/)"
157.90.182.25 - - [03/Oct/2023:19:44:21 +0200] "GET /gold-cream-globe-decoration-p-58713.html HTTP/1.0" 200 77252 "-" "Mozilla/5.0 (compatible; BLEXBot/1.0; +http://webmeup-crawler.com/)"
157.90.182.25 - - [03/Oct/2023:19:44:27 +0200] "GET /gold-jewelry-stand-white-p-48823.html HTTP/1.0" 200 76367 "-" "Mozilla/5.0 (compatible; BLEXBot/1.0; +http://webmeup-crawler.com/)"
157.90.182.25 - - [03/Oct/2023:19:44:33 +0200] "GET /gold-wall-mirror-p-53691.html HTTP/1.0" 200 76088 "-" "Mozilla/5.0 (compatible; BLEXBot/1.0; +http://webmeup-crawler.com/)"
54.36.148.31 - - [03/Oct/2023:19:44:34 +0200] "GET /summertime-mini-rectangular-tray-p-56860.html HTTP/1.0" 200 76264 "-" "Mozilla/5.0 (compatible; AhrefsBot/7.0; +http://ahrefs.com/robot/)"
157.90.182.25 - - [03/Oct/2023:19:44:39 +0200] "GET /golden-aluminum-chandelier-p-59836.html HTTP/1.0" 200 77219 "-" "Mozilla/5.0 (compatible; BLEXBot/1.0; +http://webmeup-crawler.com/)"
157.90.182.25 - - [03/Oct/2023:19:44:45 +0200] "GET /golden-brass-bell-p-56645.html HTTP/1.0" 200 76705 "-" "Mozilla/5.0 (compatible; BLEXBot/1.0; +http://webmeup-crawler.com/)"
47.245.91.8 - - [03/Oct/2023:19:44:48 +0200] "GET /images/4010070244156.jpg HTTP/1.0" 200 259 "-" "python-requests/2.31.0"
157.90.182.25 - - [03/Oct/2023:19:44:51 +0200] "GET /golden-buddha-incense-grams-about-sticks-p-35493.html HTTP/1.0" 200 76616 "-" "Mozilla/5.0 (compatible; BLEXBot/1.0; +http://webmeup-crawler.com/)"
157.90.182.25 - - [03/Oct/2023:19:44:57 +0200] "GET /golden-buddha-incense-grams-about-sticks-p-60516.html HTTP/1.0" 200 76617 "-" "Mozilla/5.0 (compatible; BLEXBot/1.0; +http://webmeup-crawler.com/)"
157.90.182.25 - - [03/Oct/2023:19:45:02 +0200] "GET /golden-face-jewelry-holder-p-60298.html HTTP/1.0" 200 77317 "-" "Mozilla/5.0 (compatible; BLEXBot/1.0; +http://webmeup-crawler.com/)"
54.36.148.116 - - [03/Oct/2023:19:45:06 +0200] "GET /incense-marco-polo-treasures-kampuram-grams-p-45151.html HTTP/1.0" 200 77121 "-" "Mozilla/5.0 (compatible; AhrefsBot/7.0; +http://ahrefs.com/robot/)"
157.90.182.25 - - [03/Oct/2023:19:45:08 +0200] "GET /golden-retriever-puppy-small-round-magnet-p-31909.html HTTP/1.0" 200 76258 "-" "Mozilla/5.0 (compatible; BLEXBot/1.0; +http://webmeup-crawler.com/)"
157.90.182.25 - - [03/Oct/2023:19:45:14 +0200] "GET /goodbye-kitty-david-goliath-shoulderbag-p-5257.html HTTP/1.0" 200 76586 "-" "Mozilla/5.0 (compatible; BLEXBot/1.0; +http://webmeup-crawler.com/)"
157.90.182.25 - - [03/Oct/2023:19:45:20 +0200] "GET /gorilla-hoodies-p-33759.html HTTP/1.0" 200 78767 "-" "Mozilla/5.0 (compatible; BLEXBot/1.0; +http://webmeup-crawler.com/)"
157.90.182.25 - - [03/Oct/2023:19:45:27 +0200] "GET /gorilla-night-light-p-59656.html HTTP/1.0" 200 77855 "-" "Mozilla/5.0 (compatible; BLEXBot/1.0; +http://webmeup-crawler.com/)"
157.90.182.25 - - [03/Oct/2023:19:45:33 +0200] "GET /gorjuss-coaster-loved-p-47742.html HTTP/1.0" 200 76289 "-" "Mozilla/5.0 (compatible; BLEXBot/1.0; +http://webmeup-crawler.com/)"
157.90.182.25 - - [03/Oct/2023:19:45:39 +0200] "GET /gorjuss-daily-planner-rainbow-heaven-p-49478.html HTTP/1.0" 200 78144 "-" "Mozilla/5.0 (compatible; BLEXBot/1.0; +http://webmeup-crawler.com/)"
54.36.148.92 - - [03/Oct/2023:19:45:42 +0200] "GET /heart-home-small-candle-freesia-white-jasmine-p-55377.html HTTP/1.0" 200 77497 "-" "Mozilla/5.0 (compatible; AhrefsBot/7.0; +http://ahrefs.com/robot/)"
157.90.182.25 - - [03/Oct/2023:19:45:45 +0200] "GET /gorjuss-gift-2020-family-calendar-p-49480.html HTTP/1.0" 200 77911 "-" "Mozilla/5.0 (compatible; BLEXBot/1.0; +http://webmeup-crawler.com/)"
157.90.182.25 - - [03/Oct/2023:19:45:51 +0200] "GET /gorjuss-heart-shaped-rosebud-p-49474.html HTTP/1.0" 200 77090 "-" "Mozilla/5.0 (compatible; BLEXBot/1.0; +http://webmeup-crawler.com/)"
157.90.182.25 - - [03/Oct/2023:19:45:57 +0200] "GET /gorjuss-heart-shaped-story-p-49476.html HTTP/1.0" 200 77094 "-" "Mozilla/5.0 (compatible; BLEXBot/1.0; +http://webmeup-crawler.com/)"
157.90.182.25 - - [03/Oct/2023:19:46:04 +0200] "GET /gorjuss-heart-shaped-time-p-49472.html HTTP/1.0" 200 77116 "-" "Mozilla/5.0 (compatible; BLEXBot/1.0; +http://webmeup-crawler.com/)"
157.90.182.25 - - [03/Oct/2023:19:46:10 +0200] "GET /gorjuss-heart-shaped-walk-together-p-49475.html HTTP/1.0" 200 77174 "-" "Mozilla/5.0 (compatible; BLEXBot/1.0; +http://webmeup-crawler.com/)"
47.128.43.85 - - [03/Oct/2023:19:46:15 +0200] "GET /salt-boxes-jars-c-12_223.html?page=2 HTTP/1.0" 200 85162 "-" "Mozilla/5.0 (compatible; Bytespider; spider-feedback@bytedance.com) AppleWebKit/537.36 (KHTML, like Gecko) Chrome/70.0.0.0 Safari/537.36"
157.90.182.25 - - [03/Oct/2023:19:46:16 +0200] "GET /gorjuss-tartan-suitcase-boxes-p-48415.html HTTP/1.0" 200 78404 "-" "Mozilla/5.0 (compatible; BLEXBot/1.0; +http://webmeup-crawler.com/)"
47.128.43.85 - - [03/Oct/2023:19:46:18 +0200] "GET /swfobject.js HTTP/1.0" 404 1308 "http://www.wonder-geek.com/salt-boxes-jars-c-12_223.html?page=2" "Mozilla/5.0 (compatible; Bytespider; spider-feedback@bytedance.com) AppleWebKit/537.36 (KHTML, like Gecko) Chrome/70.0.0.0 Safari/537.36"
54.36.148.116 - - [03/Oct/2023:19:46:18 +0200] "GET /moroccan-ashtray-p-56490.html HTTP/1.0" 200 76162 "-" "Mozilla/5.0 (compatible; AhrefsBot/7.0; +http://ahrefs.com/robot/)"
47.128.54.165 - - [03/Oct/2023:19:46:19 +0200] "GET /-p-42883.html HTTP/1.0" 200 73770 "-" "Mozilla/5.0 (compatible; Bytespider; spider-feedback@bytedance.com) AppleWebKit/537.36 (KHTML, like Gecko) Chrome/70.0.0.0 Safari/537.36"
47.128.54.165 - - [03/Oct/2023:19:46:21 +0200] "GET /swfobject.js HTTP/1.0" 404 1308 "http://www.wonder-geek.com/-p-42883.html" "Mozilla/5.0 (compatible; Bytespider; spider-feedback@bytedance.com) AppleWebKit/537.36 (KHTML, like Gecko) Chrome/70.0.0.0 Safari/537.36"
47.128.54.165 - - [03/Oct/2023:19:46:22 +0200] "GET /highslide/graphics/outlines/drop-shadow.png HTTP/1.0" 200 277 "http://www.wonder-geek.com/-p-42883.html" "Mozilla/5.0 (compatible; Bytespider; spider-feedback@bytedance.com) AppleWebKit/537.36 (KHTML, like Gecko) Chrome/70.0.0.0 Safari/537.36"
47.128.54.165 - - [03/Oct/2023:19:46:22 +0200] "GET /highslide/graphics/zoomout.cur HTTP/1.0" 200 614 "http://www.wonder-geek.com/-p-42883.html" "Mozilla/5.0 (compatible; Bytespider; spider-feedback@bytedance.com) AppleWebKit/537.36 (KHTML, like Gecko) Chrome/70.0.0.0 Safari/537.36"
47.128.43.85 - - [03/Oct/2023:19:46:23 +0200] "GET /js/jquery.min.js HTTP/1.0" 404 1308 "http://www.wonder-geek.com/salt-boxes-jars-c-12_223.html?page=2" "Mozilla/5.0 (compatible; Bytespider; spider-feedback@bytedance.com) AppleWebKit/537.36 (KHTML, like Gecko) Chrome/70.0.0.0 Safari/537.36"
47.128.43.85 - - [03/Oct/2023:19:46:23 +0200] "GET /highslide/graphics/zoomout.cur HTTP/1.0" 200 614 "http://www.wonder-geek.com/salt-boxes-jars-c-12_223.html?page=2" "Mozilla/5.0 (compatible; Bytespider; spider-feedback@bytedance.com) AppleWebKit/537.36 (KHTML, like Gecko) Chrome/70.0.0.0 Safari/537.36"
47.128.43.85 - - [03/Oct/2023:19:46:23 +0200] "GET /highslide/graphics/outlines/drop-shadow.png HTTP/1.0" 200 277 "http://www.wonder-geek.com/salt-boxes-jars-c-12_223.html?page=2" "Mozilla/5.0 (compatible; Bytespider; spider-feedback@bytedance.com) AppleWebKit/537.36 (KHTML, like Gecko) Chrome/70.0.0.0 Safari/537.36"
47.128.40.189 - - [03/Oct/2023:19:46:22 +0200] "GET /pacha-p-49540.html HTTP/1.0" 200 75978 "-" "Mozilla/5.0 (compatible; Bytespider; spider-feedback@bytedance.com) AppleWebKit/537.36 (KHTML, like Gecko) Chrome/70.0.0.0 Safari/537.36"
157.90.182.25 - - [03/Oct/2023:19:46:23 +0200] "GET /gorjuss-trinket-autumn-leaves-p-51405.html HTTP/1.0" 200 77460 "-" "Mozilla/5.0 (compatible; BLEXBot/1.0; +http://webmeup-crawler.com/)"
47.128.40.189 - - [03/Oct/2023:19:46:24 +0200] "GET /swfobject.js HTTP/1.0" 404 1308 "http://www.wonder-geek.com/pacha-p-49540.html" "Mozilla/5.0 (compatible; Bytespider; spider-feedback@bytedance.com) AppleWebKit/537.36 (KHTML, like Gecko) Chrome/70.0.0.0 Safari/537.36"
47.128.40.189 - - [03/Oct/2023:19:46:25 +0200] "GET /highslide/graphics/outlines/drop-shadow.png HTTP/1.0" 200 277 "http://www.wonder-geek.com/pacha-p-49540.html" "Mozilla/5.0 (compatible; Bytespider; spider-feedback@bytedance.com) AppleWebKit/537.36 (KHTML, like Gecko) Chrome/70.0.0.0 Safari/537.36"
47.128.40.189 - - [03/Oct/2023:19:46:25 +0200] "GET /highslide/graphics/zoomout.cur HTTP/1.0" 200 614 "http://www.wonder-geek.com/pacha-p-49540.html" "Mozilla/5.0 (compatible; Bytespider; spider-feedback@bytedance.com) AppleWebKit/537.36 (KHTML, like Gecko) Chrome/70.0.0.0 Safari/537.36"
47.128.40.189 - - [03/Oct/2023:19:46:26 +0200] "GET /images/big_prod/3609810070967.jpg HTTP/1.0" 200 268 "http://www.wonder-geek.com/pacha-p-49540.html" "Mozilla/5.0 (compatible; Bytespider; spider-feedback@bytedance.com) AppleWebKit/537.36 (KHTML, like Gecko) Chrome/70.0.0.0 Safari/537.36"
47.128.51.89 - - [03/Oct/2023:19:46:28 +0200] "GET /swfobject.js HTTP/1.0" 404 1308 "http://www.wonder-geek.com/home-decoration-c-13.html?page=14" "Mozilla/5.0 (compatible; Bytespider; spider-feedback@bytedance.com) AppleWebKit/537.36 (KHTML, like Gecko) Chrome/70.0.0.0 Safari/537.36"
47.128.51.89 - - [03/Oct/2023:19:46:25 +0200] "GET /home-decoration-c-13.html?page=14 HTTP/1.0" 200 96094 "-" "Mozilla/5.0 (compatible; Bytespider; spider-feedback@bytedance.com) AppleWebKit/537.36 (KHTML, like Gecko) Chrome/70.0.0.0 Safari/537.36"
47.128.51.89 - - [03/Oct/2023:19:46:32 +0200] "GET /js/jquery.min.js HTTP/1.0" 404 1308 "http://www.wonder-geek.com/home-decoration-c-13.html?page=14" "Mozilla/5.0 (compatible; Bytespider; spider-feedback@bytedance.com) AppleWebKit/537.36 (KHTML, like Gecko) Chrome/70.0.0.0 Safari/537.36"
47.128.56.156 - - [03/Oct/2023:19:46:31 +0200] "GET /incense-c-231_226.html HTTP/1.0" 200 95772 "-" "Mozilla/5.0 (compatible; Bytespider; spider-feedback@bytedance.com) AppleWebKit/537.36 (KHTML, like Gecko) Chrome/70.0.0.0 Safari/537.36"
47.128.51.89 - - [03/Oct/2023:19:46:33 +0200] "GET /highslide/graphics/outlines/drop-shadow.png HTTP/1.0" 200 277 "http://www.wonder-geek.com/home-decoration-c-13.html?page=14" "Mozilla/5.0 (compatible; Bytespider; spider-feedback@bytedance.com) AppleWebKit/537.36 (KHTML, like Gecko) Chrome/70.0.0.0 Safari/537.36"
47.128.51.89 - - [03/Oct/2023:19:46:33 +0200] "GET /highslide/graphics/zoomout.cur HTTP/1.0" 200 614 "http://www.wonder-geek.com/home-decoration-c-13.html?page=14" "Mozilla/5.0 (compatible; Bytespider; spider-feedback@bytedance.com) AppleWebKit/537.36 (KHTML, like Gecko) Chrome/70.0.0.0 Safari/537.36"
47.128.56.156 - - [03/Oct/2023:19:46:33 +0200] "GET /swfobject.js HTTP/1.0" 404 1308 "http://www.wonder-geek.com/incense-c-231_226.html" "Mozilla/5.0 (compatible; Bytespider; spider-feedback@bytedance.com) AppleWebKit/537.36 (KHTML, like Gecko) Chrome/70.0.0.0 Safari/537.36"
157.90.182.25 - - [03/Oct/2023:19:46:32 +0200] "GET /gormiti-bike-helmet-p-8327.html HTTP/1.0" 200 76295 "-" "Mozilla/5.0 (compatible; BLEXBot/1.0; +http://webmeup-crawler.com/)"
47.128.56.156 - - [03/Oct/2023:19:46:39 +0200] "GET /js/jquery.min.js HTTP/1.0" 404 1308 "http://www.wonder-geek.com/incense-c-231_226.html" "Mozilla/5.0 (compatible; Bytespider; spider-feedback@bytedance.com) AppleWebKit/537.36 (KHTML, like Gecko) Chrome/70.0.0.0 Safari/537.36"
185.191.171.5 - - [03/Oct/2023:19:46:38 +0200] "GET /-p-39306.html HTTP/1.0" 200 73770 "-" "Mozilla/5.0 (compatible; SemrushBot/7~bl; +http://www.semrush.com/bot.html)"
157.90.182.25 - - [03/Oct/2023:19:46:38 +0200] "GET /gormiti-cushion-p-6320.html HTTP/1.0" 200 76415 "-" "Mozilla/5.0 (compatible; BLEXBot/1.0; +http://webmeup-crawler.com/)"
47.128.56.156 - - [03/Oct/2023:19:46:40 +0200] "GET /highslide/graphics/outlines/drop-shadow.png HTTP/1.0" 200 277 "http://www.wonder-geek.com/incense-c-231_226.html" "Mozilla/5.0 (compatible; Bytespider; spider-feedback@bytedance.com) AppleWebKit/537.36 (KHTML, like Gecko) Chrome/70.0.0.0 Safari/537.36"
47.128.56.156 - - [03/Oct/2023:19:46:40 +0200] "GET /highslide/graphics/zoomout.cur HTTP/1.0" 200 614 "http://www.wonder-geek.com/incense-c-231_226.html" "Mozilla/5.0 (compatible; Bytespider; spider-feedback@bytedance.com) AppleWebKit/537.36 (KHTML, like Gecko) Chrome/70.0.0.0 Safari/537.36"
157.90.182.25 - - [03/Oct/2023:19:46:45 +0200] "GET /gormiti-pairs-socks-size-p-50916.html HTTP/1.0" 200 76161 "-" "Mozilla/5.0 (compatible; BLEXBot/1.0; +http://webmeup-crawler.com/)"
157.90.182.25 - - [03/Oct/2023:19:46:51 +0200] "GET /gormiti-stamp-p-6583.html HTTP/1.0" 200 76308 "-" "Mozilla/5.0 (compatible; BLEXBot/1.0; +http://webmeup-crawler.com/)"
157.90.182.25 - - [03/Oct/2023:19:46:57 +0200] "GET /gormiti-swimming-armband-p-9112.html HTTP/1.0" 200 76297 "-" "Mozilla/5.0 (compatible; BLEXBot/1.0; +http://webmeup-crawler.com/)"
157.90.182.25 - - [03/Oct/2023:19:47:03 +0200] "GET /gorse-umbrella-flower-fairies-p-41705.html HTTP/1.0" 200 78022 "-" "Mozilla/5.0 (compatible; BLEXBot/1.0; +http://webmeup-crawler.com/)"
54.36.148.133 - - [03/Oct/2023:19:47:06 +0200] "GET /gorjuss-daily-planner-rainbow-heaven-p-49478.html HTTP/1.0" 200 78144 "-" "Mozilla/5.0 (compatible; AhrefsBot/7.0; +http://ahrefs.com/robot/)"
54.36.149.16 - - [03/Oct/2023:19:47:10 +0200] "GET /images/big_prod/5018997626924.jpg HTTP/1.0" 200 268 "-" "Mozilla/5.0 (compatible; AhrefsBot/7.0; +http://ahrefs.com/robot/)"
54.36.148.76 - - [03/Oct/2023:19:47:11 +0200] "GET /images/big_prod_1/5018997626924A.jpg HTTP/1.0" 200 271 "-" "Mozilla/5.0 (compatible; AhrefsBot/7.0; +http://ahrefs.com/robot/)"
157.90.182.25 - - [03/Oct/2023:19:47:10 +0200] "GET /gothic-lolita-white-cushion-p-22188.html HTTP/1.0" 200 76448 "-" "Mozilla/5.0 (compatible; BLEXBot/1.0; +http://webmeup-crawler.com/)"
54.36.148.89 - - [03/Oct/2023:19:47:11 +0200] "GET /images/big_prod_4/5018997626924D.jpg HTTP/1.0" 200 271 "-" "Mozilla/5.0 (compatible; AhrefsBot/7.0; +http://ahrefs.com/robot/)"
54.36.148.103 - - [03/Oct/2023:19:47:12 +0200] "GET /images/big_prod_3/5018997626924C.jpg HTTP/1.0" 200 271 "-" "Mozilla/5.0 (compatible; AhrefsBot/7.0; +http://ahrefs.com/robot/)"
185.191.171.10 - - [03/Oct/2023:19:47:16 +0200] "GET /elmer-felt-p-15261.html HTTP/1.0" 200 73841 "-" "Mozilla/5.0 (compatible; SemrushBot/7~bl; +http://www.semrush.com/bot.html)"
157.90.182.25 - - [03/Oct/2023:19:47:17 +0200] "GET /gourmand-little-tray-p-39090.html HTTP/1.0" 200 76229 "-" "Mozilla/5.0 (compatible; BLEXBot/1.0; +http://webmeup-crawler.com/)"
157.90.182.25 - - [03/Oct/2023:19:47:22 +0200] "GET /gourmandise-joli-dfaut-little-tray-p-42088.html HTTP/1.0" 200 76384 "-" "Mozilla/5.0 (compatible; BLEXBot/1.0; +http://webmeup-crawler.com/)"
157.90.182.25 - - [03/Oct/2023:19:47:28 +0200] "GET /graphic-birds-sugar-p-39836.html HTTP/1.0" 200 76107 "-" "Mozilla/5.0 (compatible; BLEXBot/1.0; +http://webmeup-crawler.com/)"
157.90.182.25 - - [03/Oct/2023:19:47:33 +0200] "GET /gray-metal-flask-p-54982.html HTTP/1.0" 200 76654 "-" "Mozilla/5.0 (compatible; BLEXBot/1.0; +http://webmeup-crawler.com/)"
157.90.182.25 - - [03/Oct/2023:19:47:40 +0200] "GET /gray-metal-flask-p-54983.html HTTP/1.0" 200 76703 "-" "Mozilla/5.0 (compatible; BLEXBot/1.0; +http://webmeup-crawler.com/)"
54.36.148.131 - - [03/Oct/2023:19:47:44 +0200] "GET /brazil-alarm-clock-cbkreation-p-25009.html HTTP/1.0" 200 76237 "-" "Mozilla/5.0 (compatible; AhrefsBot/7.0; +http://ahrefs.com/robot/)"
157.90.182.25 - - [03/Oct/2023:19:47:45 +0200] "GET /gray-metal-zippo-cigarette-case-carabiner-clip-p-46843.html HTTP/1.0" 200 77603 "-" "Mozilla/5.0 (compatible; BLEXBot/1.0; +http://webmeup-crawler.com/)"
157.90.182.25 - - [03/Oct/2023:19:47:51 +0200] "GET /gray-polyester-round-chair-cushion-p-43895.html HTTP/1.0" 200 76875 "-" "Mozilla/5.0 (compatible; BLEXBot/1.0; +http://webmeup-crawler.com/)"
157.90.182.25 - - [03/Oct/2023:19:47:57 +0200] "GET /gray-polyester-round-chair-cushion-p-44376.html HTTP/1.0" 200 76877 "-" "Mozilla/5.0 (compatible; BLEXBot/1.0; +http://webmeup-crawler.com/)"
157.90.182.25 - - [03/Oct/2023:19:48:03 +0200] "GET /gray-polyester-round-chair-cushion-p-47031.html HTTP/1.0" 200 76878 "-" "Mozilla/5.0 (compatible; BLEXBot/1.0; +http://webmeup-crawler.com/)"
157.90.182.25 - - [03/Oct/2023:19:48:08 +0200] "GET /gray-porcelain-bowl-with-small-gold-hearts-p-53703.html HTTP/1.0" 200 76904 "-" "Mozilla/5.0 (compatible; BLEXBot/1.0; +http://webmeup-crawler.com/)"
157.90.182.25 - - [03/Oct/2023:19:48:15 +0200] "GET /great-bowls-table-p-31429.html HTTP/1.0" 200 76182 "-" "Mozilla/5.0 (compatible; BLEXBot/1.0; +http://webmeup-crawler.com/)"
185.191.171.14 - - [03/Oct/2023:19:48:15 +0200] "GET /door-bottom-cushion-bienvenue-chez-nous-p-60753.html HTTP/1.0" 200 77032 "-" "Mozilla/5.0 (compatible; SemrushBot/7~bl; +http://www.semrush.com/bot.html)"
216.244.66.242 - - [03/Oct/2023:19:48:16 +0200] "GET /white-wooden-surfboard-clock-50-cm-p-42048.html HTTP/1.0" 301 73837 "-" "Mozilla/5.0 (compatible; DotBot/1.2; +https://opensiteexplorer.org/dotbot; help@moz.com)"
54.36.148.232 - - [03/Oct/2023:19:48:20 +0200] "GET /luggages-schoolbags-leather-shop-c-31.html?page=32 HTTP/1.0" 200 96797 "-" "Mozilla/5.0 (compatible; AhrefsBot/7.0; +http://ahrefs.com/robot/)"
157.90.182.25 - - [03/Oct/2023:19:48:22 +0200] "GET /green-adult-cotton-apron-p-44359.html HTTP/1.0" 200 76120 "-" "Mozilla/5.0 (compatible; BLEXBot/1.0; +http://webmeup-crawler.com/)"
106.11.62.47 - - [03/Oct/2023:19:48:25 +0200] "GET /images/mini_prod/4029811379408.jpg HTTP/1.0" 200 269 "-" "Mozilla/5.0 (X11; Ubuntu; Linux x86_64; rv:72.0) Gecko/20100101 Firefox/72.0"
157.90.182.25 - - [03/Oct/2023:19:48:27 +0200] "GET /green-adult-cotton-apron-p-44360.html HTTP/1.0" 200 76120 "-" "Mozilla/5.0 (compatible; BLEXBot/1.0; +http://webmeup-crawler.com/)"
54.36.148.39 - - [03/Oct/2023:19:48:30 +0200] "GET /images/mini_prod/3700572762838F.jpg HTTP/1.0" 200 270 "-" "Mozilla/5.0 (compatible; AhrefsBot/7.0; +http://ahrefs.com/robot/)"
216.244.66.242 - - [03/Oct/2023:19:48:29 +0200] "GET /zen-serenity-bedclothes-240-220-cm-p-36593.html HTTP/1.0" 301 73837 "-" "Mozilla/5.0 (compatible; DotBot/1.2; +https://opensiteexplorer.org/dotbot; help@moz.com)"
54.36.148.248 - - [03/Oct/2023:19:48:31 +0200] "GET /images/mini_prod/1328399089253.jpg HTTP/1.0" 200 269 "-" "Mozilla/5.0 (compatible; AhrefsBot/7.0; +http://ahrefs.com/robot/)"
54.36.148.85 - - [03/Oct/2023:19:48:32 +0200] "GET /images/mini_prod/3700602762173.jpg HTTP/1.0" 200 269 "-" "Mozilla/5.0 (compatible; AhrefsBot/7.0; +http://ahrefs.com/robot/)"
54.36.148.111 - - [03/Oct/2023:19:48:33 +0200] "GET /images/mini_prod/3681643302088.jpg HTTP/1.0" 200 269 "-" "Mozilla/5.0 (compatible; AhrefsBot/7.0; +http://ahrefs.com/robot/)"
54.36.149.74 - - [03/Oct/2023:19:48:34 +0200] "GET /images/mini_prod/1384010205105.jpg HTTP/1.0" 200 269 "-" "Mozilla/5.0 (compatible; AhrefsBot/7.0; +http://ahrefs.com/robot/)"
54.36.149.30 - - [03/Oct/2023:19:48:34 +0200] "GET /images/mini_prod/775GJ11.jpg HTTP/1.0" 200 263 "-" "Mozilla/5.0 (compatible; AhrefsBot/7.0; +http://ahrefs.com/robot/)"
54.36.148.185 - - [03/Oct/2023:19:48:34 +0200] "GET /images/mini_prod/3700572773162.jpg HTTP/1.0" 200 269 "-" "Mozilla/5.0 (compatible; AhrefsBot/7.0; +http://ahrefs.com/robot/)"
157.90.182.25 - - [03/Oct/2023:19:48:33 +0200] "GET /green-beauty-nail-p-28907.html HTTP/1.0" 200 76244 "-" "Mozilla/5.0 (compatible; BLEXBot/1.0; +http://webmeup-crawler.com/)"
54.36.148.148 - - [03/Oct/2023:19:48:35 +0200] "GET /images/mini_prod/3700572762418.jpg HTTP/1.0" 200 269 "-" "Mozilla/5.0 (compatible; AhrefsBot/7.0; +http://ahrefs.com/robot/)"
54.36.149.87 - - [03/Oct/2023:19:48:35 +0200] "GET /images/mini_prod/775GJ09.jpg HTTP/1.0" 200 263 "-" "Mozilla/5.0 (compatible; AhrefsBot/7.0; +http://ahrefs.com/robot/)"
54.36.148.48 - - [03/Oct/2023:19:48:36 +0200] "GET /images/mini_prod/3700612762170.jpg HTTP/1.0" 200 269 "-" "Mozilla/5.0 (compatible; AhrefsBot/7.0; +http://ahrefs.com/robot/)"
54.36.148.147 - - [03/Oct/2023:19:48:36 +0200] "GET /images/mini_prod/1384010205099.jpg HTTP/1.0" 200 269 "-" "Mozilla/5.0 (compatible; AhrefsBot/7.0; +http://ahrefs.com/robot/)"
54.36.148.166 - - [03/Oct/2023:19:48:38 +0200] "GET /images/mini_prod/3660173174549B.jpg HTTP/1.0" 200 270 "-" "Mozilla/5.0 (compatible; AhrefsBot/7.0; +http://ahrefs.com/robot/)"
54.36.149.82 - - [03/Oct/2023:19:48:39 +0200] "GET /images/mini_prod/3700622762177.jpg HTTP/1.0" 200 269 "-" "Mozilla/5.0 (compatible; AhrefsBot/7.0; +http://ahrefs.com/robot/)"
54.36.149.78 - - [03/Oct/2023:19:48:39 +0200] "GET /images/mini_prod/3438100323298Z.jpg HTTP/1.0" 200 270 "-" "Mozilla/5.0 (compatible; AhrefsBot/7.0; +http://ahrefs.com/robot/)"
54.36.148.214 - - [03/Oct/2023:19:48:39 +0200] "GET /images/mini_prod/1384010177358.jpg HTTP/1.0" 200 269 "-" "Mozilla/5.0 (compatible; AhrefsBot/7.0; +http://ahrefs.com/robot/)"
54.36.149.30 - - [03/Oct/2023:19:48:39 +0200] "GET /images/mini_prod/3438100339015.jpg HTTP/1.0" 200 269 "-" "Mozilla/5.0 (compatible; AhrefsBot/7.0; +http://ahrefs.com/robot/)"
54.36.148.170 - - [03/Oct/2023:19:48:40 +0200] "GET /images/mini_prod/1384010205082.jpg HTTP/1.0" 200 269 "-" "Mozilla/5.0 (compatible; AhrefsBot/7.0; +http://ahrefs.com/robot/)"
157.90.182.25 - - [03/Oct/2023:19:48:40 +0200] "GET /green-cushion-p-36804.html HTTP/1.0" 200 76231 "-" "Mozilla/5.0 (compatible; BLEXBot/1.0; +http://webmeup-crawler.com/)"
157.90.182.25 - - [03/Oct/2023:19:48:46 +0200] "GET /green-globe-decoration-p-52917.html HTTP/1.0" 200 76185 "-" "Mozilla/5.0 (compatible; BLEXBot/1.0; +http://webmeup-crawler.com/)"
157.90.182.25 - - [03/Oct/2023:19:48:52 +0200] "GET /green-kitchen-towel-p-44419.html HTTP/1.0" 200 76131 "-" "Mozilla/5.0 (compatible; BLEXBot/1.0; +http://webmeup-crawler.com/)"
157.90.182.25 - - [03/Oct/2023:19:48:58 +0200] "GET /green-perfume-diffuser-p-35889.html HTTP/1.0" 200 76247 "-" "Mozilla/5.0 (compatible; BLEXBot/1.0; +http://webmeup-crawler.com/)"
157.55.39.15 - - [03/Oct/2023:19:48:59 +0200] "GET /bob-marley-m-166.html HTTP/1.0" 200 87763 "-" "Mozilla/5.0 AppleWebKit/537.36 (KHTML, like Gecko; compatible; bingbot/2.0; +http://www.bing.com/bingbot.htm) Chrome/103.0.5060.134 Safari/537.36"
54.36.148.1 - - [03/Oct/2023:19:49:01 +0200] "GET /sweet-lily-mini-rectangular-tray-p-54916.html HTTP/1.0" 200 76264 "-" "Mozilla/5.0 (compatible; AhrefsBot/7.0; +http://ahrefs.com/robot/)"
157.90.182.25 - - [03/Oct/2023:19:49:04 +0200] "GET /green-stained-pine-wood-chest-p-53541.html HTTP/1.0" 200 77024 "-" "Mozilla/5.0 (compatible; BLEXBot/1.0; +http://webmeup-crawler.com/)"
157.90.182.25 - - [03/Oct/2023:19:49:09 +0200] "GET /grenache-polyester-round-chair-cushion-p-59260.html HTTP/1.0" 200 76887 "-" "Mozilla/5.0 (compatible; BLEXBot/1.0; +http://webmeup-crawler.com/)"
157.90.182.25 - - [03/Oct/2023:19:49:15 +0200] "GET /grey-adult-cotton-apron-p-59463.html HTTP/1.0" 200 76712 "-" "Mozilla/5.0 (compatible; BLEXBot/1.0; +http://webmeup-crawler.com/)"
157.90.182.25 - - [03/Oct/2023:19:49:20 +0200] "GET /grey-eyelet-curtain-p-39034.html HTTP/1.0" 200 78354 "-" "Mozilla/5.0 (compatible; BLEXBot/1.0; +http://webmeup-crawler.com/)"
185.191.171.13 - - [03/Oct/2023:19:49:22 +0200] "GET /-p-48220.html HTTP/1.0" 200 73770 "-" "Mozilla/5.0 (compatible; SemrushBot/7~bl; +http://www.semrush.com/bot.html)"
157.90.182.25 - - [03/Oct/2023:19:49:27 +0200] "GET /grey-fitted-sheet-p-34828.html HTTP/1.0" 200 76139 "-" "Mozilla/5.0 (compatible; BLEXBot/1.0; +http://webmeup-crawler.com/)"
54.36.148.130 - - [03/Oct/2023:19:49:30 +0200] "GET /gift-wood-towels-grm2-p-53712.html HTTP/1.0" 200 77266 "-" "Mozilla/5.0 (compatible; AhrefsBot/7.0; +http://ahrefs.com/robot/)"
157.90.182.25 - - [03/Oct/2023:19:49:34 +0200] "GET /grey-foliage-soliflore-p-36361.html HTTP/1.0" 200 76245 "-" "Mozilla/5.0 (compatible; BLEXBot/1.0; +http://webmeup-crawler.com/)"
54.36.148.103 - - [03/Oct/2023:19:49:39 +0200] "GET /images/big_prod_2/8424346360376b.jpg HTTP/1.0" 200 271 "-" "Mozilla/5.0 (compatible; AhrefsBot/7.0; +http://ahrefs.com/robot/)"
54.36.148.155 - - [03/Oct/2023:19:49:40 +0200] "GET /images/big_prod/8424346360376.jpg HTTP/1.0" 200 268 "-" "Mozilla/5.0 (compatible; AhrefsBot/7.0; +http://ahrefs.com/robot/)"
157.90.182.25 - - [03/Oct/2023:19:49:39 +0200] "GET /grey-home-sweet-home-perfume-diffuser-p-40552.html HTTP/1.0" 200 76366 "-" "Mozilla/5.0 (compatible; BLEXBot/1.0; +http://webmeup-crawler.com/)"
157.90.182.25 - - [03/Oct/2023:19:49:45 +0200] "GET /grey-kitchen-towel-p-44413.html HTTP/1.0" 200 76126 "-" "Mozilla/5.0 (compatible; BLEXBot/1.0; +http://webmeup-crawler.com/)"
157.90.182.25 - - [03/Oct/2023:19:49:51 +0200] "GET /grey-lampshade-p-53666.html HTTP/1.0" 200 76913 "-" "Mozilla/5.0 (compatible; BLEXBot/1.0; +http://webmeup-crawler.com/)"
157.90.182.25 - - [03/Oct/2023:19:49:57 +0200] "GET /grey-lampshade-p-53667.html HTTP/1.0" 200 76912 "-" "Mozilla/5.0 (compatible; BLEXBot/1.0; +http://webmeup-crawler.com/)"
157.90.182.25 - - [03/Oct/2023:19:50:02 +0200] "GET /grey-lampshade-p-53668.html HTTP/1.0" 200 76913 "-" "Mozilla/5.0 (compatible; BLEXBot/1.0; +http://webmeup-crawler.com/)"
157.90.182.25 - - [03/Oct/2023:19:50:08 +0200] "GET /grey-lampshade-p-53671.html HTTP/1.0" 200 76911 "-" "Mozilla/5.0 (compatible; BLEXBot/1.0; +http://webmeup-crawler.com/)"
54.36.148.11 - - [03/Oct/2023:19:50:14 +0200] "GET /grey-sandstone-lamp-p-58969.html HTTP/1.0" 200 76863 "-" "Mozilla/5.0 (compatible; AhrefsBot/7.0; +http://ahrefs.com/robot/)"
157.90.182.25 - - [03/Oct/2023:19:50:15 +0200] "GET /grey-lampshade-p-55305.html HTTP/1.0" 200 76985 "-" "Mozilla/5.0 (compatible; BLEXBot/1.0; +http://webmeup-crawler.com/)"
54.36.149.15 - - [03/Oct/2023:19:50:19 +0200] "GET /images/big_prod/8422019680523.jpg HTTP/1.0" 200 268 "-" "Mozilla/5.0 (compatible; AhrefsBot/7.0; +http://ahrefs.com/robot/)"
157.90.182.25 - - [03/Oct/2023:19:50:22 +0200] "GET /grey-lampshade-p-56445.html HTTP/1.0" 200 76912 "-" "Mozilla/5.0 (compatible; BLEXBot/1.0; +http://webmeup-crawler.com/)"
85.208.96.200 - - [03/Oct/2023:19:50:25 +0200] "GET /jasmin-make-pouch-nikko-p-44221.html HTTP/1.0" 200 73854 "-" "Mozilla/5.0 (compatible; SemrushBot/7~bl; +http://www.semrush.com/bot.html)"
157.90.182.25 - - [03/Oct/2023:19:50:27 +0200] "GET /grey-lampshade-p-56791.html HTTP/1.0" 200 76986 "-" "Mozilla/5.0 (compatible; BLEXBot/1.0; +http://webmeup-crawler.com/)"
157.90.182.25 - - [03/Oct/2023:19:50:34 +0200] "GET /grey-metal-umbrella-stand-p-57885.html HTTP/1.0" 200 76796 "-" "Mozilla/5.0 (compatible; BLEXBot/1.0; +http://webmeup-crawler.com/)"
157.90.182.25 - - [03/Oct/2023:19:50:40 +0200] "GET /grey-metal-umbrella-stand-p-58133.html HTTP/1.0" 200 77121 "-" "Mozilla/5.0 (compatible; BLEXBot/1.0; +http://webmeup-crawler.com/)"
54.36.148.79 - - [03/Oct/2023:19:50:42 +0200] "GET /english-bulldog-cushion-p-40179.html HTTP/1.0" 200 76303 "-" "Mozilla/5.0 (compatible; AhrefsBot/7.0; +http://ahrefs.com/robot/)"
157.90.182.25 - - [03/Oct/2023:19:50:45 +0200] "GET /grey-metal-umbrella-stand-p-59112.html HTTP/1.0" 200 76809 "-" "Mozilla/5.0 (compatible; BLEXBot/1.0; +http://webmeup-crawler.com/)"
157.90.182.25 - - [03/Oct/2023:19:50:51 +0200] "GET /grey-metal-umbrella-stand-p-59744.html HTTP/1.0" 200 76805 "-" "Mozilla/5.0 (compatible; BLEXBot/1.0; +http://webmeup-crawler.com/)"
173.236.170.54 - - [03/Oct/2023:19:50:53 +0200] "GET /contact_us.php HTTP/1.0" 200 26241 "http://www.wonder-geek.com/contact_us.php" "Mozilla/5.0 (Windows NT 10.0; WOW64) AppleWebKit/537.36 (KHTML, like Gecko) Chrome/90.0.4430.93 Safari/537.36"
173.236.170.54 - - [03/Oct/2023:19:50:55 +0200] "POST /contact_us.php?action=send HTTP/1.0" 200 26515 "http://www.wonder-geek.com/contact_us.php" "Mozilla/5.0 (Windows NT 10.0; WOW64) AppleWebKit/537.36 (KHTML, like Gecko) Chrome/90.0.4430.93 Safari/537.36"
157.90.182.25 - - [03/Oct/2023:19:50:56 +0200] "GET /grey-sherpa-ribbed-flannel-sofa-p-60091.html HTTP/1.0" 200 78001 "-" "Mozilla/5.0 (compatible; BLEXBot/1.0; +http://webmeup-crawler.com/)"
157.90.182.25 - - [03/Oct/2023:19:51:02 +0200] "GET /grey-sherpa-ribbed-flannel-sofa-p-60092.html HTTP/1.0" 200 78014 "-" "Mozilla/5.0 (compatible; BLEXBot/1.0; +http://webmeup-crawler.com/)"
157.90.182.25 - - [03/Oct/2023:19:51:08 +0200] "GET /grey-white-soap-dish-p-39766.html HTTP/1.0" 200 76146 "-" "Mozilla/5.0 (compatible; BLEXBot/1.0; +http://webmeup-crawler.com/)"
157.90.182.25 - - [03/Oct/2023:19:51:14 +0200] "GET /ground-sheet-p-59895.html HTTP/1.0" 200 77103 "-" "Mozilla/5.0 (compatible; BLEXBot/1.0; +http://webmeup-crawler.com/)"
157.90.182.25 - - [03/Oct/2023:19:51:20 +0200] "GET /guardian-angel-statue-birth-baptism-p-55484.html HTTP/1.0" 200 76347 "-" "Mozilla/5.0 (compatible; BLEXBot/1.0; +http://webmeup-crawler.com/)"
54.36.148.167 - - [03/Oct/2023:19:51:21 +0200] "GET /ceramic-cork-trivet-cement-tiles-p-59690.html HTTP/1.0" 200 76263 "-" "Mozilla/5.0 (compatible; AhrefsBot/7.0; +http://ahrefs.com/robot/)"
157.90.182.25 - - [03/Oct/2023:19:51:25 +0200] "GET /gund-mini-horse-sound-plush-p-32795.html HTTP/1.0" 200 76263 "-" "Mozilla/5.0 (compatible; BLEXBot/1.0; +http://webmeup-crawler.com/)"
157.55.39.15 - - [03/Oct/2023:19:51:28 +0200] "GET /decorations-c-13_89.html HTTP/1.0" 200 94965 "-" "Mozilla/5.0 AppleWebKit/537.36 (KHTML, like Gecko; compatible; bingbot/2.0; +http://www.bing.com/bingbot.htm) Chrome/103.0.5060.134 Safari/537.36"
157.90.182.25 - - [03/Oct/2023:19:51:31 +0200] "GET /gund-mini-plush-beige-p-51581.html HTTP/1.0" 200 76308 "-" "Mozilla/5.0 (compatible; BLEXBot/1.0; +http://webmeup-crawler.com/)"
85.208.96.197 - - [03/Oct/2023:19:51:32 +0200] "GET /toiletry-p-43804.html HTTP/1.0" 200 73800 "-" "Mozilla/5.0 (compatible; SemrushBot/7~bl; +http://www.semrush.com/bot.html)"
157.90.182.25 - - [03/Oct/2023:19:51:37 +0200] "GET /guzmanie-shower-curtain-p-53942.html HTTP/1.0" 200 76881 "-" "Mozilla/5.0 (compatible; BLEXBot/1.0; +http://webmeup-crawler.com/)"
157.90.182.25 - - [03/Oct/2023:19:51:43 +0200] "GET /hand-fatima-wooden-tray-p-60779.html HTTP/1.0" 200 77046 "-" "Mozilla/5.0 (compatible; BLEXBot/1.0; +http://webmeup-crawler.com/)"
157.90.182.25 - - [03/Oct/2023:19:51:48 +0200] "GET /hand-fatma-acrylic-magnet-p-52882.html HTTP/1.0" 200 76162 "-" "Mozilla/5.0 (compatible; BLEXBot/1.0; +http://webmeup-crawler.com/)"
157.90.182.25 - - [03/Oct/2023:19:51:54 +0200] "GET /hand-fatma-acrylic-magnet-p-52883.html HTTP/1.0" 200 76162 "-" "Mozilla/5.0 (compatible; BLEXBot/1.0; +http://webmeup-crawler.com/)"
54.36.148.107 - - [03/Oct/2023:19:51:55 +0200] "GET /family-safe-book-p-59932.html HTTP/1.0" 200 77458 "-" "Mozilla/5.0 (compatible; AhrefsBot/7.0; +http://ahrefs.com/robot/)"
185.191.171.14 - - [03/Oct/2023:19:52:00 +0200] "GET /burlap-round-table-bistrot-p-51525.html HTTP/1.0" 200 76737 "-" "Mozilla/5.0 (compatible; SemrushBot/7~bl; +http://www.semrush.com/bot.html)"
157.90.182.25 - - [03/Oct/2023:19:52:00 +0200] "GET /hand-fatma-acrylic-magnet-p-52884.html HTTP/1.0" 200 76162 "-" "Mozilla/5.0 (compatible; BLEXBot/1.0; +http://webmeup-crawler.com/)"
54.36.148.200 - - [03/Oct/2023:19:52:04 +0200] "GET /images/big_prod/8424345498032.jpg HTTP/1.0" 200 268 "-" "Mozilla/5.0 (compatible; AhrefsBot/7.0; +http://ahrefs.com/robot/)"
54.36.148.221 - - [03/Oct/2023:19:52:05 +0200] "GET /images/big_prod_2/8424344980316b.jpg HTTP/1.0" 200 271 "-" "Mozilla/5.0 (compatible; AhrefsBot/7.0; +http://ahrefs.com/robot/)"
54.36.148.147 - - [03/Oct/2023:19:52:05 +0200] "GET /images/big_prod_3/8424345498032c.jpg HTTP/1.0" 200 271 "-" "Mozilla/5.0 (compatible; AhrefsBot/7.0; +http://ahrefs.com/robot/)"
157.90.182.25 - - [03/Oct/2023:19:52:06 +0200] "GET /hand-fatma-tray-empty-pocket-carved-wood-pattern-p-53774.html HTTP/1.0" 200 77160 "-" "Mozilla/5.0 (compatible; BLEXBot/1.0; +http://webmeup-crawler.com/)"
157.90.182.25 - - [03/Oct/2023:19:52:11 +0200] "GET /hand-fatma-with-infuser-p-56674.html HTTP/1.0" 200 76760 "-" "Mozilla/5.0 (compatible; BLEXBot/1.0; +http://webmeup-crawler.com/)"
157.90.182.25 - - [03/Oct/2023:19:52:17 +0200] "GET /hand-fatma-with-infuser-p-56675.html HTTP/1.0" 200 76760 "-" "Mozilla/5.0 (compatible; BLEXBot/1.0; +http://webmeup-crawler.com/)"
157.55.39.15 - - [03/Oct/2023:19:52:19 +0200] "GET /honey-mousse-scented-candle-handmade-p-60972.html HTTP/1.0" 200 77387 "-" "Mozilla/5.0 AppleWebKit/537.36 (KHTML, like Gecko; compatible; bingbot/2.0; +http://www.bing.com/bingbot.htm) Chrome/103.0.5060.134 Safari/537.36"
157.90.182.25 - - [03/Oct/2023:19:52:22 +0200] "GET /hand-fatma-with-infuser-p-56676.html HTTP/1.0" 200 76760 "-" "Mozilla/5.0 (compatible; BLEXBot/1.0; +http://webmeup-crawler.com/)"
157.90.182.25 - - [03/Oct/2023:19:52:28 +0200] "GET /hand-fatma-with-infuser-p-56677.html HTTP/1.0" 200 76760 "-" "Mozilla/5.0 (compatible; BLEXBot/1.0; +http://webmeup-crawler.com/)"
54.36.148.2 - - [03/Oct/2023:19:52:33 +0200] "GET /corsica-grey-shirt-p-33762.html HTTP/1.0" 200 78070 "-" "Mozilla/5.0 (compatible; AhrefsBot/7.0; +http://ahrefs.com/robot/)"
157.90.182.25 - - [03/Oct/2023:19:52:34 +0200] "GET /handcraft-sheet-p-51599.html HTTP/1.0" 200 77081 "-" "Mozilla/5.0 (compatible; BLEXBot/1.0; +http://webmeup-crawler.com/)"
157.90.182.25 - - [03/Oct/2023:19:52:40 +0200] "GET /handcrafted-chocolate-tartlet-scented-candle-p-60967.html HTTP/1.0" 200 77464 "-" "Mozilla/5.0 (compatible; BLEXBot/1.0; +http://webmeup-crawler.com/)"
157.90.182.25 - - [03/Oct/2023:19:52:46 +0200] "GET /handcrafted-madeleine-scented-candle-p-60971.html HTTP/1.0" 200 77384 "-" "Mozilla/5.0 (compatible; BLEXBot/1.0; +http://webmeup-crawler.com/)"
157.90.182.25 - - [03/Oct/2023:19:52:51 +0200] "GET /handful-light-cable-cover-made-germany-p-56886.html HTTP/1.0" 200 78953 "-" "Mozilla/5.0 (compatible; BLEXBot/1.0; +http://webmeup-crawler.com/)"
