157.90.182.25 - - [03/Oct/2023:19:32:26 +0200] "GET /friends-bedclothes-p-59688.html HTTP/1.0" 200 76870 "-" "Mozilla/5.0 (compatible; BLEXBot/1.0; +http://webmeup-crawler.com/)"
157.90.182.25 - - [03/Oct/2023:19:32:32 +0200] "GET /frosted-glass-betty-boop-eighteen-p-52349.html HTTP/1.0" 200 76787 "-" "Mozilla/5.0 (compatible; BLEXBot/1.0; +http://webmeup-crawler.com/)"
157.90.182.25 - - [03/Oct/2023:19:32:37 +0200] "GET /frosted-glass-betty-boop-quarantine-p-15441.html HTTP/1.0" 200 76916 "-" "Mozilla/5.0 (compatible; BLEXBot/1.0; +http://webmeup-crawler.com/)"
54.36.149.69 - - [03/Oct/2023:19:32:38 +0200] "GET /minnie-mouse-friends-journal-p-26053.html HTTP/1.0" 200 76497 "-" "Mozilla/5.0 (compatible; AhrefsBot/7.0; +http://ahrefs.com/robot/)"
157.90.182.25 - - [03/Oct/2023:19:32:43 +0200] "GET /frosted-glass-betty-boop-thirties-p-13084.html HTTP/1.0" 200 76854 "-" "Mozilla/5.0 (compatible; BLEXBot/1.0; +http://webmeup-crawler.com/)"
157.90.182.25 - - [03/Oct/2023:19:32:49 +0200] "GET /frozen-anna-disney-glitter-globe-p-33587.html HTTP/1.0" 200 76337 "-" "Mozilla/5.0 (compatible; BLEXBot/1.0; +http://webmeup-crawler.com/)"
157.90.182.25 - - [03/Oct/2023:19:32:53 +0200] "GET /frozen-disney-glitter-globe-p-34084.html HTTP/1.0" 200 76865 "-" "Mozilla/5.0 (compatible; BLEXBot/1.0; +http://webmeup-crawler.com/)"
157.90.182.25 - - [03/Oct/2023:19:33:00 +0200] "GET /frozen-disney-small-backpack-p-32748.html HTTP/1.0" 200 76560 "-" "Mozilla/5.0 (compatible; BLEXBot/1.0; +http://webmeup-crawler.com/)"
182.22.30.95 - - [03/Oct/2023:19:33:06 +0200] "GET /images/mini_prod/5400924363970.jpg HTTP/1.0" 200 269 "-" "Mozilla/5.0 (compatible; Y!J-WSC/1.0; +https://yahoo.jp/3BSZgF)"
157.90.182.25 - - [03/Oct/2023:19:33:07 +0200] "GET /frozen-elsa-anna-jewelry-p-37026.html HTTP/1.0" 200 77062 "-" "Mozilla/5.0 (compatible; BLEXBot/1.0; +http://webmeup-crawler.com/)"
157.90.182.25 - - [03/Oct/2023:19:33:12 +0200] "GET /frozen-elsa-anna-jewelry-p-37027.html HTTP/1.0" 200 77062 "-" "Mozilla/5.0 (compatible; BLEXBot/1.0; +http://webmeup-crawler.com/)"
54.36.148.229 - - [03/Oct/2023:19:33:18 +0200] "GET /yumiko-gold-p-50772.html HTTP/1.0" 200 77104 "-" "Mozilla/5.0 (compatible; AhrefsBot/7.0; +http://ahrefs.com/robot/)"
157.90.182.25 - - [03/Oct/2023:19:33:18 +0200] "GET /frozen-elsa-anna-jewelry-p-37028.html HTTP/1.0" 200 77062 "-" "Mozilla/5.0 (compatible; BLEXBot/1.0; +http://webmeup-crawler.com/)"
157.90.182.25 - - [03/Oct/2023:19:33:25 +0200] "GET /frozen-flat-pocket-p-34132.html HTTP/1.0" 200 76198 "-" "Mozilla/5.0 (compatible; BLEXBot/1.0; +http://webmeup-crawler.com/)"
54.36.149.96 - - [03/Oct/2023:19:33:28 +0200] "GET /images/big_prod/4260082937182b.jpg HTTP/1.0" 200 269 "-" "Mozilla/5.0 (compatible; AhrefsBot/7.0; +http://ahrefs.com/robot/)"
157.90.182.25 - - [03/Oct/2023:19:33:30 +0200] "GET /frozen-rectangular-mirror-p-31611.html HTTP/1.0" 200 76138 "-" "Mozilla/5.0 (compatible; BLEXBot/1.0; +http://webmeup-crawler.com/)"
157.90.182.25 - - [03/Oct/2023:19:33:35 +0200] "GET /frozen-rectangular-mirror-p-31612.html HTTP/1.0" 200 76138 "-" "Mozilla/5.0 (compatible; BLEXBot/1.0; +http://webmeup-crawler.com/)"
185.191.171.1 - - [03/Oct/2023:19:33:39 +0200] "GET /shelf-furniture-c-13_87.html?page=7 HTTP/1.0" 200 85761 "-" "Mozilla/5.0 (compatible; SemrushBot/7~bl; +http://www.semrush.com/bot.html)"
157.90.182.25 - - [03/Oct/2023:19:33:41 +0200] "GET /frozen-rubber-keychain-anna-p-34067.html HTTP/1.0" 200 76191 "-" "Mozilla/5.0 (compatible; BLEXBot/1.0; +http://webmeup-crawler.com/)"
157.90.182.25 - - [03/Oct/2023:19:33:45 +0200] "GET /frozen-rubber-keychain-elsa-p-34068.html HTTP/1.0" 200 76189 "-" "Mozilla/5.0 (compatible; BLEXBot/1.0; +http://webmeup-crawler.com/)"
157.90.182.25 - - [03/Oct/2023:19:33:51 +0200] "GET /funky-dolls-round-p-18851.html HTTP/1.0" 200 76232 "-" "Mozilla/5.0 (compatible; BLEXBot/1.0; +http://webmeup-crawler.com/)"
54.36.148.223 - - [03/Oct/2023:19:33:52 +0200] "GET /window-stickers-cockatoo-p-59728.html HTTP/1.0" 200 76978 "-" "Mozilla/5.0 (compatible; AhrefsBot/7.0; +http://ahrefs.com/robot/)"
157.90.182.25 - - [03/Oct/2023:19:33:55 +0200] "GET /funny-little-bugs-pairs-socks-size-p-25322.html HTTP/1.0" 200 76419 "-" "Mozilla/5.0 (compatible; BLEXBot/1.0; +http://webmeup-crawler.com/)"
157.90.182.25 - - [03/Oct/2023:19:34:01 +0200] "GET /funny-little-bugs-pairs-socks-size-p-25323.html HTTP/1.0" 200 76419 "-" "Mozilla/5.0 (compatible; BLEXBot/1.0; +http://webmeup-crawler.com/)"
54.36.148.121 - - [03/Oct/2023:19:34:05 +0200] "GET /images/big_prod_1/3700281674415a.jpg HTTP/1.0" 200 271 "-" "Mozilla/5.0 (compatible; AhrefsBot/7.0; +http://ahrefs.com/robot/)"
157.90.182.25 - - [03/Oct/2023:19:34:05 +0200] "GET /funny-little-bugs-pairs-socks-size-p-25326.html HTTP/1.0" 200 76417 "-" "Mozilla/5.0 (compatible; BLEXBot/1.0; +http://webmeup-crawler.com/)"
157.90.182.25 - - [03/Oct/2023:19:34:11 +0200] "GET /funny-pets-mobile-sock-p-33078.html HTTP/1.0" 200 76275 "-" "Mozilla/5.0 (compatible; BLEXBot/1.0; +http://webmeup-crawler.com/)"
54.36.148.114 - - [03/Oct/2023:19:34:15 +0200] "GET /images/big_prod/3700281674415.jpg HTTP/1.0" 200 268 "-" "Mozilla/5.0 (compatible; AhrefsBot/7.0; +http://ahrefs.com/robot/)"
157.90.182.25 - - [03/Oct/2023:19:34:15 +0200] "GET /funny-pets-mobile-sock-p-33094.html HTTP/1.0" 200 76275 "-" "Mozilla/5.0 (compatible; BLEXBot/1.0; +http://webmeup-crawler.com/)"
157.90.182.25 - - [03/Oct/2023:19:34:20 +0200] "GET /funny-pets-mobile-sock-p-33096.html HTTP/1.0" 200 76275 "-" "Mozilla/5.0 (compatible; BLEXBot/1.0; +http://webmeup-crawler.com/)"
54.36.148.158 - - [03/Oct/2023:19:34:24 +0200] "GET /ceramic-incense-burner-p-59622.html HTTP/1.0" 200 76888 "-" "Mozilla/5.0 (compatible; AhrefsBot/7.0; +http://ahrefs.com/robot/)"
157.90.182.25 - - [03/Oct/2023:19:34:25 +0200] "GET /funny-pets-mobile-sock-p-33097.html HTTP/1.0" 200 76275 "-" "Mozilla/5.0 (compatible; BLEXBot/1.0; +http://webmeup-crawler.com/)"
157.90.182.25 - - [03/Oct/2023:19:34:29 +0200] "GET /furby-pencil-case-p-20237.html HTTP/1.0" 200 76302 "-" "Mozilla/5.0 (compatible; BLEXBot/1.0; +http://webmeup-crawler.com/)"
54.36.148.150 - - [03/Oct/2023:19:34:32 +0200] "GET /images/big_prod/4029832500478.jpg HTTP/1.0" 200 268 "-" "Mozilla/5.0 (compatible; AhrefsBot/7.0; +http://ahrefs.com/robot/)"
157.90.182.25 - - [03/Oct/2023:19:34:35 +0200] "GET /furniture-knob-children-sold-individually-pink-butterfly-p-57142.html HTTP/1.0" 200 77454 "-" "Mozilla/5.0 (compatible; BLEXBot/1.0; +http://webmeup-crawler.com/)"
157.90.182.25 - - [03/Oct/2023:19:34:41 +0200] "GET /furniture-knob-children-sold-individually-pink-heart-p-57141.html HTTP/1.0" 200 77415 "-" "Mozilla/5.0 (compatible; BLEXBot/1.0; +http://webmeup-crawler.com/)"
157.90.182.25 - - [03/Oct/2023:19:34:45 +0200] "GET /furniture-knob-sold-individually-p-55678.html HTTP/1.0" 200 77114 "-" "Mozilla/5.0 (compatible; BLEXBot/1.0; +http://webmeup-crawler.com/)"
157.90.182.25 - - [03/Oct/2023:19:34:50 +0200] "GET /furniture-knob-sold-individually-p-55701.html HTTP/1.0" 200 77113 "-" "Mozilla/5.0 (compatible; BLEXBot/1.0; +http://webmeup-crawler.com/)"
157.90.182.25 - - [03/Oct/2023:19:34:54 +0200] "GET /furniture-knob-sold-individually-p-55702.html HTTP/1.0" 200 77114 "-" "Mozilla/5.0 (compatible; BLEXBot/1.0; +http://webmeup-crawler.com/)"
54.36.148.190 - - [03/Oct/2023:19:34:57 +0200] "GET /wood-cactus-neon-ornament-p-45692.html HTTP/1.0" 200 76244 "-" "Mozilla/5.0 (compatible; AhrefsBot/7.0; +http://ahrefs.com/robot/)"
157.90.182.25 - - [03/Oct/2023:19:35:00 +0200] "GET /furniture-knob-sold-individually-p-55704.html HTTP/1.0" 200 77114 "-" "Mozilla/5.0 (compatible; BLEXBot/1.0; +http://webmeup-crawler.com/)"
157.90.182.25 - - [03/Oct/2023:19:35:06 +0200] "GET /furniture-knob-sold-individually-p-55725.html HTTP/1.0" 200 77113 "-" "Mozilla/5.0 (compatible; BLEXBot/1.0; +http://webmeup-crawler.com/)"
157.90.182.25 - - [03/Oct/2023:19:35:10 +0200] "GET /furniture-knob-sold-individually-p-55730.html HTTP/1.0" 200 77114 "-" "Mozilla/5.0 (compatible; BLEXBot/1.0; +http://webmeup-crawler.com/)"
157.90.182.25 - - [03/Oct/2023:19:35:15 +0200] "GET /fuzion-flying-eagle-zippo-lighter-p-41038.html HTTP/1.0" 200 78130 "-" "Mozilla/5.0 (compatible; BLEXBot/1.0; +http://webmeup-crawler.com/)"
157.90.182.25 - - [03/Oct/2023:19:35:19 +0200] "GET /game-over-moneybox-p-60959.html HTTP/1.0" 200 76704 "-" "Mozilla/5.0 (compatible; BLEXBot/1.0; +http://webmeup-crawler.com/)"
157.90.182.25 - - [03/Oct/2023:19:35:25 +0200] "GET /game-thrones-keyring-p-28268.html HTTP/1.0" 200 76084 "-" "Mozilla/5.0 (compatible; BLEXBot/1.0; +http://webmeup-crawler.com/)"
157.90.182.25 - - [03/Oct/2023:19:35:31 +0200] "GET /games-toys-c-4.html?page=2 HTTP/1.0" 200 95897 "-" "Mozilla/5.0 (compatible; BLEXBot/1.0; +http://webmeup-crawler.com/)"
71.18.255.15 - - [03/Oct/2023:19:35:34 +0200] "GET /images/mini_prod/1186747042905.jpg HTTP/1.0" 200 269 "-" "Mozilla/5.0 (X11; Ubuntu; Linux x86_64; rv:72.0) Gecko/20100101 Firefox/72.0"
157.90.182.25 - - [03/Oct/2023:19:35:37 +0200] "GET /games-toys-c-4.html?page=3 HTTP/1.0" 200 95442 "-" "Mozilla/5.0 (compatible; BLEXBot/1.0; +http://webmeup-crawler.com/)"
202.40.181.218 - - [03/Oct/2023:19:35:40 +0200] "GET /contact_us.php HTTP/1.0" 200 26241 "http://www.wonder-geek.com/contact_us.php" "Mozilla/5.0 (Windows NT 10.0; WOW64) AppleWebKit/537.36 (KHTML, like Gecko) Chrome/90.0.4430.72 Safari/537.36"
157.90.182.25 - - [03/Oct/2023:19:35:42 +0200] "GET /games-toys-c-4.html?page=4 HTTP/1.0" 200 95799 "-" "Mozilla/5.0 (compatible; BLEXBot/1.0; +http://webmeup-crawler.com/)"
54.36.148.191 - - [03/Oct/2023:19:35:43 +0200] "GET /placemat-little-prince-p-59071.html HTTP/1.0" 200 76728 "-" "Mozilla/5.0 (compatible; AhrefsBot/7.0; +http://ahrefs.com/robot/)"
185.191.171.11 - - [03/Oct/2023:19:35:46 +0200] "GET /ceramic-lamp-p-51783.html HTTP/1.0" 200 73820 "-" "Mozilla/5.0 (compatible; SemrushBot/7~bl; +http://www.semrush.com/bot.html)"
54.36.148.227 - - [03/Oct/2023:19:35:48 +0200] "GET /images/big_prod/3700572774206.jpg HTTP/1.0" 200 268 "-" "Mozilla/5.0 (compatible; AhrefsBot/7.0; +http://ahrefs.com/robot/)"
157.90.182.25 - - [03/Oct/2023:19:35:48 +0200] "GET /games-toys-c-4.html?page=5 HTTP/1.0" 200 95245 "-" "Mozilla/5.0 (compatible; BLEXBot/1.0; +http://webmeup-crawler.com/)"
157.90.182.25 - - [03/Oct/2023:19:35:55 +0200] "GET /games-toys-c-4.html?page=6 HTTP/1.0" 200 94847 "-" "Mozilla/5.0 (compatible; BLEXBot/1.0; +http://webmeup-crawler.com/)"
157.90.182.25 - - [03/Oct/2023:19:36:02 +0200] "GET /games-toys-c-4.html?page=7 HTTP/1.0" 200 94777 "-" "Mozilla/5.0 (compatible; BLEXBot/1.0; +http://webmeup-crawler.com/)"
157.90.182.25 - - [03/Oct/2023:19:36:09 +0200] "GET /games-toys-c-4.html?page=8 HTTP/1.0" 200 95345 "-" "Mozilla/5.0 (compatible; BLEXBot/1.0; +http://webmeup-crawler.com/)"
157.90.182.25 - - [03/Oct/2023:19:36:16 +0200] "GET /games-toys-c-4.html?page=9 HTTP/1.0" 200 88267 "-" "Mozilla/5.0 (compatible; BLEXBot/1.0; +http://webmeup-crawler.com/)"
157.55.39.51 - - [03/Oct/2023:19:36:19 +0200] "GET /placemats-c-12_156.html HTTP/1.0" 200 96079 "-" "Mozilla/5.0 AppleWebKit/537.36 (KHTML, like Gecko; compatible; bingbot/2.0; +http://www.bing.com/bingbot.htm) Chrome/103.0.5060.134 Safari/537.36"
157.90.182.25 - - [03/Oct/2023:19:36:21 +0200] "GET /gaming-master-yoda-shirt-p-29575.html HTTP/1.0" 200 77324 "-" "Mozilla/5.0 (compatible; BLEXBot/1.0; +http://webmeup-crawler.com/)"
54.36.148.135 - - [03/Oct/2023:19:36:28 +0200] "GET /bamboo-fiber-plant-cover-p-58895.html HTTP/1.0" 200 76802 "-" "Mozilla/5.0 (compatible; AhrefsBot/7.0; +http://ahrefs.com/robot/)"
157.90.182.25 - - [03/Oct/2023:19:36:28 +0200] "GET /garden-party-small-ashtray-p-37386.html HTTP/1.0" 200 76151 "-" "Mozilla/5.0 (compatible; BLEXBot/1.0; +http://webmeup-crawler.com/)"
54.36.148.123 - - [03/Oct/2023:19:36:31 +0200] "GET /images/big_prod/8422094881228.jpg HTTP/1.0" 200 268 "-" "Mozilla/5.0 (compatible; AhrefsBot/7.0; +http://ahrefs.com/robot/)"
157.90.182.25 - - [03/Oct/2023:19:36:33 +0200] "GET /gardena-ethnic-p-45414.html HTTP/1.0" 200 77292 "-" "Mozilla/5.0 (compatible; BLEXBot/1.0; +http://webmeup-crawler.com/)"
157.55.39.49 - - [03/Oct/2023:19:36:39 +0200] "GET /mondial_relay/js/jquery-1.3.2.min.js HTTP/1.0" 200 276 "-" "Mozilla/5.0 AppleWebKit/537.36 (KHTML, like Gecko; compatible; bingbot/2.0; +http://www.bing.com/bingbot.htm) Chrome/103.0.5060.134 Safari/537.36"
157.90.182.25 - - [03/Oct/2023:19:36:39 +0200] "GET /gaston-potholder-camargua-collection-p-54748.html HTTP/1.0" 200 76260 "-" "Mozilla/5.0 (compatible; BLEXBot/1.0; +http://webmeup-crawler.com/)"
157.90.182.25 - - [03/Oct/2023:19:36:44 +0200] "GET /geisha-figurines-p-54863.html HTTP/1.0" 200 77076 "-" "Mozilla/5.0 (compatible; BLEXBot/1.0; +http://webmeup-crawler.com/)"
157.90.182.25 - - [03/Oct/2023:19:36:50 +0200] "GET /geishas-cookware-cbkreation-p-29710.html HTTP/1.0" 200 76173 "-" "Mozilla/5.0 (compatible; BLEXBot/1.0; +http://webmeup-crawler.com/)"
157.90.182.25 - - [03/Oct/2023:19:36:55 +0200] "GET /gift-diffusers-with-sticks-heart-home-p-57109.html HTTP/1.0" 200 77598 "-" "Mozilla/5.0 (compatible; BLEXBot/1.0; +http://webmeup-crawler.com/)"
157.90.182.25 - - [03/Oct/2023:19:37:00 +0200] "GET /gift-heart-home-friendly-stick-diffusers-p-59005.html HTTP/1.0" 200 77180 "-" "Mozilla/5.0 (compatible; BLEXBot/1.0; +http://webmeup-crawler.com/)"
54.36.149.49 - - [03/Oct/2023:19:37:01 +0200] "GET /pillow-case-black-p-34836.html HTTP/1.0" 200 76963 "-" "Mozilla/5.0 (compatible; AhrefsBot/7.0; +http://ahrefs.com/robot/)"
85.208.96.206 - - [03/Oct/2023:19:37:00 +0200] "GET /home-decoration-c-13.html?page=124 HTTP/1.0" 200 95671 "-" "Mozilla/5.0 (compatible; SemrushBot/7~bl; +http://www.semrush.com/bot.html)"
54.36.148.60 - - [03/Oct/2023:19:37:06 +0200] "GET /images/big_prod_1/3014627829873b.jpg HTTP/1.0" 200 271 "-" "Mozilla/5.0 (compatible; AhrefsBot/7.0; +http://ahrefs.com/robot/)"
157.90.182.25 - - [03/Oct/2023:19:37:06 +0200] "GET /gift-made-metal-towels-p-50887.html HTTP/1.0" 200 76374 "-" "Mozilla/5.0 (compatible; BLEXBot/1.0; +http://webmeup-crawler.com/)"
157.90.182.25 - - [03/Oct/2023:19:37:11 +0200] "GET /gift-watch-vespa-black-women-keychain-p-32663.html HTTP/1.0" 200 77658 "-" "Mozilla/5.0 (compatible; BLEXBot/1.0; +http://webmeup-crawler.com/)"
157.90.182.25 - - [03/Oct/2023:19:37:16 +0200] "GET /gift-wood-towels-grm2-p-53712.html HTTP/1.0" 200 77266 "-" "Mozilla/5.0 (compatible; BLEXBot/1.0; +http://webmeup-crawler.com/)"
157.90.182.25 - - [03/Oct/2023:19:37:23 +0200] "GET /gilt-with-personalized-picture-p-16639.html HTTP/1.0" 200 76657 "-" "Mozilla/5.0 (compatible; BLEXBot/1.0; +http://webmeup-crawler.com/)"
157.90.182.25 - - [03/Oct/2023:19:37:28 +0200] "GET /gingerbread-cake-dish-p-33301.html HTTP/1.0" 200 76097 "-" "Mozilla/5.0 (compatible; BLEXBot/1.0; +http://webmeup-crawler.com/)"
157.90.182.25 - - [03/Oct/2023:19:37:35 +0200] "GET /gingerbread-little-tray-p-30690.html HTTP/1.0" 200 76208 "-" "Mozilla/5.0 (compatible; BLEXBot/1.0; +http://webmeup-crawler.com/)"
85.208.96.207 - - [03/Oct/2023:19:37:36 +0200] "GET /lois-brown-leather-wallet-p-36015.html HTTP/1.0" 200 76268 "-" "Mozilla/5.0 (compatible; SemrushBot/7~bl; +http://www.semrush.com/bot.html)"
54.36.148.51 - - [03/Oct/2023:19:37:38 +0200] "GET /laissez-lucie-faire-small-wallet-tino-p-49015.html HTTP/1.0" 200 76974 "-" "Mozilla/5.0 (compatible; AhrefsBot/7.0; +http://ahrefs.com/robot/)"
157.90.182.25 - - [03/Oct/2023:19:37:42 +0200] "GET /gipsy-lichen-bedspread-p-60887.html HTTP/1.0" 200 76490 "-" "Mozilla/5.0 (compatible; BLEXBot/1.0; +http://webmeup-crawler.com/)"
157.90.182.25 - - [03/Oct/2023:19:37:48 +0200] "GET /gipsy-lichen-bedspread-p-60888.html HTTP/1.0" 200 76490 "-" "Mozilla/5.0 (compatible; BLEXBot/1.0; +http://webmeup-crawler.com/)"
157.90.182.25 - - [03/Oct/2023:19:37:56 +0200] "GET /girl-baby-shower-confetti-p-55933.html HTTP/1.0" 200 77287 "-" "Mozilla/5.0 (compatible; BLEXBot/1.0; +http://webmeup-crawler.com/)"
54.36.148.187 - - [03/Oct/2023:19:38:04 +0200] "GET /household-linen-c-11.html?page=46 HTTP/1.0" 200 96231 "-" "Mozilla/5.0 (compatible; AhrefsBot/7.0; +http://ahrefs.com/robot/)"
157.90.182.25 - - [03/Oct/2023:19:38:06 +0200] "GET /girls-c-1.html?page=2 HTTP/1.0" 200 95965 "-" "Mozilla/5.0 (compatible; BLEXBot/1.0; +http://webmeup-crawler.com/)"
54.36.148.175 - - [03/Oct/2023:19:38:12 +0200] "GET /images/mini_prod/3442440310054.jpg HTTP/1.0" 200 269 "-" "Mozilla/5.0 (compatible; AhrefsBot/7.0; +http://ahrefs.com/robot/)"
54.36.148.49 - - [03/Oct/2023:19:38:13 +0200] "GET /images/mini_prod/3418176178213.jpg HTTP/1.0" 200 269 "-" "Mozilla/5.0 (compatible; AhrefsBot/7.0; +http://ahrefs.com/robot/)"
54.36.148.222 - - [03/Oct/2023:19:38:13 +0200] "GET /images/mini_prod/3418176178077.jpg HTTP/1.0" 200 269 "-" "Mozilla/5.0 (compatible; AhrefsBot/7.0; +http://ahrefs.com/robot/)"
54.36.148.158 - - [03/Oct/2023:19:38:14 +0200] "GET /images/mini_prod/3700572762869N.jpg HTTP/1.0" 200 270 "-" "Mozilla/5.0 (compatible; AhrefsBot/7.0; +http://ahrefs.com/robot/)"
54.36.148.198 - - [03/Oct/2023:19:38:15 +0200] "GET /images/mini_prod/3418176178282.jpg HTTP/1.0" 200 269 "-" "Mozilla/5.0 (compatible; AhrefsBot/7.0; +http://ahrefs.com/robot/)"
54.36.148.188 - - [03/Oct/2023:19:38:15 +0200] "GET /images/mini_prod/3665269101669.jpg HTTP/1.0" 200 269 "-" "Mozilla/5.0 (compatible; AhrefsBot/7.0; +http://ahrefs.com/robot/)"
157.90.182.25 - - [03/Oct/2023:19:38:13 +0200] "GET /girls-c-1.html?page=3 HTTP/1.0" 200 95933 "-" "Mozilla/5.0 (compatible; BLEXBot/1.0; +http://webmeup-crawler.com/)"
54.36.148.193 - - [03/Oct/2023:19:38:16 +0200] "GET /images/mini_prod/3665269039566.jpg HTTP/1.0" 200 269 "-" "Mozilla/5.0 (compatible; AhrefsBot/7.0; +http://ahrefs.com/robot/)"
54.36.148.181 - - [03/Oct/2023:19:38:17 +0200] "GET /images/mini_prod/3560600303507.jpg HTTP/1.0" 200 269 "-" "Mozilla/5.0 (compatible; AhrefsBot/7.0; +http://ahrefs.com/robot/)"
54.36.148.209 - - [03/Oct/2023:19:38:17 +0200] "GET /images/mini_prod/3560600301046.jpg HTTP/1.0" 200 269 "-" "Mozilla/5.0 (compatible; AhrefsBot/7.0; +http://ahrefs.com/robot/)"
54.36.149.74 - - [03/Oct/2023:19:38:17 +0200] "GET /images/mini_prod/3574642859403.jpg HTTP/1.0" 200 269 "-" "Mozilla/5.0 (compatible; AhrefsBot/7.0; +http://ahrefs.com/robot/)"
54.36.148.37 - - [03/Oct/2023:19:38:18 +0200] "GET /images/mini_prod/3560600311700.jpg HTTP/1.0" 200 269 "-" "Mozilla/5.0 (compatible; AhrefsBot/7.0; +http://ahrefs.com/robot/)"
54.36.148.23 - - [03/Oct/2023:19:38:19 +0200] "GET /images/mini_prod/8424346367481.jpg HTTP/1.0" 200 269 "-" "Mozilla/5.0 (compatible; AhrefsBot/7.0; +http://ahrefs.com/robot/)"
54.36.149.105 - - [03/Oct/2023:19:38:19 +0200] "GET /images/mini_prod/3418176178275.jpg HTTP/1.0" 200 269 "-" "Mozilla/5.0 (compatible; AhrefsBot/7.0; +http://ahrefs.com/robot/)"
111.225.149.236 - - [03/Oct/2023:19:38:19 +0200] "GET /incense-reiki-grams-about-sticks-p-45146.html HTTP/1.0" 200 76614 "-" "Mozilla/5.0 (Linux; Android 5.0) AppleWebKit/537.36 (KHTML, like Gecko) Mobile Safari/537.36 (compatible; Bytespider; https://zhanzhang.toutiao.com/)"
111.225.149.247 - - [03/Oct/2023:19:38:21 +0200] "GET /mondial_relay/js/jquery-1.3.2.min.js HTTP/1.0" 200 276 "http://www.wonder-geek.com/incense-reiki-grams-about-sticks-p-45146.html" "Mozilla/5.0 (Linux; Android 5.0) AppleWebKit/537.36 (KHTML, like Gecko) Mobile Safari/537.36 (compatible; Bytespider; https://zhanzhang.toutiao.com/)"
111.225.149.247 - - [03/Oct/2023:19:38:21 +0200] "GET /highslide/highslide.js HTTP/1.0" 200 262 "http://www.wonder-geek.com/incense-reiki-grams-about-sticks-p-45146.html" "Mozilla/5.0 (Linux; Android 5.0) AppleWebKit/537.36 (KHTML, like Gecko) Mobile Safari/537.36 (compatible; Bytespider; https://zhanzhang.toutiao.com/)"
111.225.149.240 - - [03/Oct/2023:19:38:21 +0200] "GET /js/jquery.js HTTP/1.0" 200 252 "http://www.wonder-geek.com/incense-reiki-grams-about-sticks-p-45146.html" "Mozilla/5.0 (Linux; Android 5.0) AppleWebKit/537.36 (KHTML, like Gecko) Mobile Safari/537.36 (compatible; Bytespider; https://zhanzhang.toutiao.com/)"
111.225.149.233 - - [03/Oct/2023:19:38:21 +0200] "GET /js/jquery.jqzoom.js HTTP/1.0" 200 259 "http://www.wonder-geek.com/incense-reiki-grams-about-sticks-p-45146.html" "Mozilla/5.0 (Linux; Android 5.0) AppleWebKit/537.36 (KHTML, like Gecko) Mobile Safari/537.36 (compatible; Bytespider; https://zhanzhang.toutiao.com/)"
111.225.149.240 - - [03/Oct/2023:19:38:21 +0200] "GET /swfobject.js HTTP/1.0" 404 1308 "http://www.wonder-geek.com/incense-reiki-grams-about-sticks-p-45146.html" "Mozilla/5.0 (Linux; Android 5.0) AppleWebKit/537.36 (KHTML, like Gecko) Mobile Safari/537.36 (compatible; Bytespider; https://zhanzhang.toutiao.com/)"
157.90.182.25 - - [03/Oct/2023:19:38:22 +0200] "GET /girls-c-1.html?page=4 HTTP/1.0" 200 95148 "-" "Mozilla/5.0 (compatible; BLEXBot/1.0; +http://webmeup-crawler.com/)"
157.90.182.25 - - [03/Oct/2023:19:38:30 +0200] "GET /girls-c-1.html?page=5 HTTP/1.0" 200 85727 "-" "Mozilla/5.0 (compatible; BLEXBot/1.0; +http://webmeup-crawler.com/)"
111.225.149.247 - - [03/Oct/2023:19:38:34 +0200] "GET /swfobject.js HTTP/1.0" 404 1308 "http://www.wonder-geek.com/incense-reiki-grams-about-sticks-p-45146.html" "Mozilla/5.0 (Linux; Android 5.0) AppleWebKit/537.36 (KHTML, like Gecko) Mobile Safari/537.36 (compatible; Bytespider; https://zhanzhang.toutiao.com/)"
111.225.149.242 - - [03/Oct/2023:19:38:35 +0200] "GET /highslide/graphics/zoomout.cur HTTP/1.0" 200 614 "http://www.wonder-geek.com/incense-reiki-grams-about-sticks-p-45146.html" "Mozilla/5.0 (Linux; Android 5.0) AppleWebKit/537.36 (KHTML, like Gecko) Mobile Safari/537.36 (compatible; Bytespider; https://zhanzhang.toutiao.com/)"
111.225.149.244 - - [03/Oct/2023:19:38:35 +0200] "GET /images/big_prod/8904245400026.jpg HTTP/1.0" 200 268 "http://www.wonder-geek.com/incense-reiki-grams-about-sticks-p-45146.html" "Mozilla/5.0 (Linux; Android 5.0) AppleWebKit/537.36 (KHTML, like Gecko) Mobile Safari/537.36 (compatible; Bytespider; https://zhanzhang.toutiao.com/)"
157.90.182.25 - - [03/Oct/2023:19:38:37 +0200] "GET /glass-ashtray-p-55679.html HTTP/1.0" 200 76730 "-" "Mozilla/5.0 (compatible; BLEXBot/1.0; +http://webmeup-crawler.com/)"
157.90.182.25 - - [03/Oct/2023:19:38:45 +0200] "GET /glass-ashtray-p-57472.html HTTP/1.0" 200 76729 "-" "Mozilla/5.0 (compatible; BLEXBot/1.0; +http://webmeup-crawler.com/)"
54.36.148.141 - - [03/Oct/2023:19:38:47 +0200] "GET /natural-floor-carpet-p-52150.html HTTP/1.0" 200 77164 "-" "Mozilla/5.0 (compatible; AhrefsBot/7.0; +http://ahrefs.com/robot/)"
20.71.12.143 - - [03/Oct/2023:19:38:51 +0200] "GET /images/big_prod/8720088299470.jpg HTTP/1.0" 200 268 "-" "DuckDuckBot/1.1; (+http://duckduckgo.com/duckduckbot.html)"
157.90.182.25 - - [03/Oct/2023:19:38:54 +0200] "GET /glass-ashtray-p-57473.html HTTP/1.0" 200 76729 "-" "Mozilla/5.0 (compatible; BLEXBot/1.0; +http://webmeup-crawler.com/)"
157.90.182.25 - - [03/Oct/2023:19:39:01 +0200] "GET /glass-ceramic-hermetic-p-41245.html HTTP/1.0" 200 76205 "-" "Mozilla/5.0 (compatible; BLEXBot/1.0; +http://webmeup-crawler.com/)"
157.90.182.25 - - [03/Oct/2023:19:39:08 +0200] "GET /glass-ceramic-hermetic-p-41246.html HTTP/1.0" 200 76205 "-" "Mozilla/5.0 (compatible; BLEXBot/1.0; +http://webmeup-crawler.com/)"
157.90.182.25 - - [03/Oct/2023:19:39:15 +0200] "GET /glass-dolphin-paperweight-black-white-p-60843.html HTTP/1.0" 200 76971 "-" "Mozilla/5.0 (compatible; BLEXBot/1.0; +http://webmeup-crawler.com/)"
185.191.171.9 - - [03/Oct/2023:19:39:18 +0200] "GET /manjushri-statue-p-37198.html HTTP/1.0" 200 76175 "-" "Mozilla/5.0 (compatible; SemrushBot/7~bl; +http://www.semrush.com/bot.html)"
54.36.149.72 - - [03/Oct/2023:19:39:22 +0200] "GET /metallic-silver-gorilla-ceramic-statue-p-60345.html HTTP/1.0" 200 77404 "-" "Mozilla/5.0 (compatible; AhrefsBot/7.0; +http://ahrefs.com/robot/)"
157.90.182.25 - - [03/Oct/2023:19:39:23 +0200] "GET /glass-jellyfish-paperweight-p-52788.html HTTP/1.0" 200 76190 "-" "Mozilla/5.0 (compatible; BLEXBot/1.0; +http://webmeup-crawler.com/)"
54.36.148.130 - - [03/Oct/2023:19:39:26 +0200] "GET /images/big_prod/8435684220802.jpg HTTP/1.0" 200 268 "-" "Mozilla/5.0 (compatible; AhrefsBot/7.0; +http://ahrefs.com/robot/)"
54.36.149.32 - - [03/Oct/2023:19:39:27 +0200] "GET /images/big_prod_2/8435684220802C.jpg HTTP/1.0" 200 271 "-" "Mozilla/5.0 (compatible; AhrefsBot/7.0; +http://ahrefs.com/robot/)"
54.36.148.21 - - [03/Oct/2023:19:39:28 +0200] "GET /images/big_prod_1/8435684220802B.jpg HTTP/1.0" 200 271 "-" "Mozilla/5.0 (compatible; AhrefsBot/7.0; +http://ahrefs.com/robot/)"
157.90.182.25 - - [03/Oct/2023:19:39:32 +0200] "GET /glass-paperweight-blue-waves-p-60044.html HTTP/1.0" 200 76194 "-" "Mozilla/5.0 (compatible; BLEXBot/1.0; +http://webmeup-crawler.com/)"
157.90.182.25 - - [03/Oct/2023:19:39:38 +0200] "GET /glass-photo-frame-little-prince-p-47069.html HTTP/1.0" 200 76286 "-" "Mozilla/5.0 (compatible; BLEXBot/1.0; +http://webmeup-crawler.com/)"
157.90.182.25 - - [03/Oct/2023:19:39:45 +0200] "GET /glass-side-table-mandala-p-58381.html HTTP/1.0" 200 76746 "-" "Mozilla/5.0 (compatible; BLEXBot/1.0; +http://webmeup-crawler.com/)"
157.90.182.25 - - [03/Oct/2023:19:39:52 +0200] "GET /glass-side-table-mandala-p-58382.html HTTP/1.0" 200 76746 "-" "Mozilla/5.0 (compatible; BLEXBot/1.0; +http://webmeup-crawler.com/)"
157.90.182.25 - - [03/Oct/2023:19:40:00 +0200] "GET /glass-side-table-tree-life-p-58379.html HTTP/1.0" 200 76789 "-" "Mozilla/5.0 (compatible; BLEXBot/1.0; +http://webmeup-crawler.com/)"
54.36.149.97 - - [03/Oct/2023:19:40:01 +0200] "GET /glass-ashtray-p-55743.html HTTP/1.0" 200 76150 "-" "Mozilla/5.0 (compatible; AhrefsBot/7.0; +http://ahrefs.com/robot/)"
157.90.182.25 - - [03/Oct/2023:19:40:07 +0200] "GET /glass-side-table-trees-life-p-58380.html HTTP/1.0" 200 76799 "-" "Mozilla/5.0 (compatible; BLEXBot/1.0; +http://webmeup-crawler.com/)"
157.90.182.25 - - [03/Oct/2023:19:40:13 +0200] "GET /glass-trivet-bistrot-white-p-47887.html HTTP/1.0" 200 76137 "-" "Mozilla/5.0 (compatible; BLEXBot/1.0; +http://webmeup-crawler.com/)"
157.90.182.25 - - [03/Oct/2023:19:40:20 +0200] "GET /glass-votive-candles-holder-arrows-p-42177.html HTTP/1.0" 200 76318 "-" "Mozilla/5.0 (compatible; BLEXBot/1.0; +http://webmeup-crawler.com/)"
83.197.21.36 - - [03/Oct/2023:19:40:26 +0200] "GET /templates/Pixame_v1/stylesheet.css HTTP/1.0" 200 267 "http://www.wonder-geek.com/jane-crowther-cats-p-54759.html" "Mozilla/5.0 (Macintosh; Intel Mac OS X 10_15_7) AppleWebKit/605.1.15 (KHTML, like Gecko) Version/16.6 Safari/605.1.15"
83.197.21.36 - - [03/Oct/2023:19:40:26 +0200] "GET /highslide/highslide.js HTTP/1.0" 200 262 "http://www.wonder-geek.com/jane-crowther-cats-p-54759.html" "Mozilla/5.0 (Macintosh; Intel Mac OS X 10_15_7) AppleWebKit/605.1.15 (KHTML, like Gecko) Version/16.6 Safari/605.1.15"
83.197.21.36 - - [03/Oct/2023:19:40:24 +0200] "GET /jane-crowther-cats-p-54759.html HTTP/1.0" 200 76834 "https://www.google.co.uk/" "Mozilla/5.0 (Macintosh; Intel Mac OS X 10_15_7) AppleWebKit/605.1.15 (KHTML, like Gecko) Version/16.6 Safari/605.1.15"
83.197.21.36 - - [03/Oct/2023:19:40:26 +0200] "GET /js/jquery.js HTTP/1.0" 200 252 "http://www.wonder-geek.com/jane-crowther-cats-p-54759.html" "Mozilla/5.0 (Macintosh; Intel Mac OS X 10_15_7) AppleWebKit/605.1.15 (KHTML, like Gecko) Version/16.6 Safari/605.1.15"
83.197.21.36 - - [03/Oct/2023:19:40:26 +0200] "GET /js/jquery.jqzoom.js HTTP/1.0" 200 259 "http://www.wonder-geek.com/jane-crowther-cats-p-54759.html" "Mozilla/5.0 (Macintosh; Intel Mac OS X 10_15_7) AppleWebKit/605.1.15 (KHTML, like Gecko) Version/16.6 Safari/605.1.15"
83.197.21.36 - - [03/Oct/2023:19:40:26 +0200] "GET /mondial_relay/js/jquery-1.3.2.min.js HTTP/1.0" 200 276 "http://www.wonder-geek.com/jane-crowther-cats-p-54759.html" "Mozilla/5.0 (Macintosh; Intel Mac OS X 10_15_7) AppleWebKit/605.1.15 (KHTML, like Gecko) Version/16.6 Safari/605.1.15"
83.197.21.36 - - [03/Oct/2023:19:40:26 +0200] "GET /swfobject.js HTTP/1.0" 404 1308 "http://www.wonder-geek.com/jane-crowther-cats-p-54759.html" "Mozilla/5.0 (Macintosh; Intel Mac OS X 10_15_7) AppleWebKit/605.1.15 (KHTML, like Gecko) Version/16.6 Safari/605.1.15"
83.197.21.36 - - [03/Oct/2023:19:40:26 +0200] "GET /templates/Pixame_v1/images/icon_accueil2.png HTTP/1.0" 200 278 "http://www.wonder-geek.com/jane-crowther-cats-p-54759.html" "Mozilla/5.0 (Macintosh; Intel Mac OS X 10_15_7) AppleWebKit/605.1.15 (KHTML, like Gecko) Version/16.6 Safari/605.1.15"
83.197.21.36 - - [03/Oct/2023:19:40:26 +0200] "GET /templates/Pixame_v1/images/infobox/pixel_trans.gif HTTP/1.0" 200 328 "http://www.wonder-geek.com/jane-crowther-cats-p-54759.html" "Mozilla/5.0 (Macintosh; Intel Mac OS X 10_15_7) AppleWebKit/605.1.15 (KHTML, like Gecko) Version/16.6 Safari/605.1.15"
83.197.21.36 - - [03/Oct/2023:19:40:26 +0200] "GET /images/pixel_trans.gif HTTP/1.0" 200 328 "http://www.wonder-geek.com/jane-crowther-cats-p-54759.html" "Mozilla/5.0 (Macintosh; Intel Mac OS X 10_15_7) AppleWebKit/605.1.15 (KHTML, like Gecko) Version/16.6 Safari/605.1.15"
83.197.21.36 - - [03/Oct/2023:19:40:26 +0200] "GET /templates/Pixame_v1/images/pixel_trans.gif HTTP/1.0" 200 328 "http://www.wonder-geek.com/jane-crowther-cats-p-54759.html" "Mozilla/5.0 (Macintosh; Intel Mac OS X 10_15_7) AppleWebKit/605.1.15 (KHTML, like Gecko) Version/16.6 Safari/605.1.15"
83.197.21.36 - - [03/Oct/2023:19:40:26 +0200] "GET /images/big_prod/3700572752969.jpg HTTP/1.0" 200 268 "http://www.wonder-geek.com/jane-crowther-cats-p-54759.html" "Mozilla/5.0 (Macintosh; Intel Mac OS X 10_15_7) AppleWebKit/605.1.15 (KHTML, like Gecko) Version/16.6 Safari/605.1.15"
83.197.21.36 - - [03/Oct/2023:19:40:26 +0200] "GET /images/big_prod_1/3700572752969B.jpg HTTP/1.0" 200 271 "http://www.wonder-geek.com/jane-crowther-cats-p-54759.html" "Mozilla/5.0 (Macintosh; Intel Mac OS X 10_15_7) AppleWebKit/605.1.15 (KHTML, like Gecko) Version/16.6 Safari/605.1.15"
83.197.21.36 - - [03/Oct/2023:19:40:26 +0200] "GET /templates/Pixame_v1/images/Bottom_texture.jpg HTTP/1.0" 200 280 "http://www.wonder-geek.com/jane-crowther-cats-p-54759.html" "Mozilla/5.0 (Macintosh; Intel Mac OS X 10_15_7) AppleWebKit/605.1.15 (KHTML, like Gecko) Version/16.6 Safari/605.1.15"
83.197.21.36 - - [03/Oct/2023:19:40:26 +0200] "GET /templates/Pixame_v1/images/nav.png HTTP/1.0" 200 268 "http://www.wonder-geek.com/jane-crowther-cats-p-54759.html" "Mozilla/5.0 (Macintosh; Intel Mac OS X 10_15_7) AppleWebKit/605.1.15 (KHTML, like Gecko) Version/16.6 Safari/605.1.15"
83.197.21.36 - - [03/Oct/2023:19:40:26 +0200] "GET /templates/Pixame_v1/images/Middle_texture.jpg HTTP/1.0" 200 280 "http://www.wonder-geek.com/jane-crowther-cats-p-54759.html" "Mozilla/5.0 (Macintosh; Intel Mac OS X 10_15_7) AppleWebKit/605.1.15 (KHTML, like Gecko) Version/16.6 Safari/605.1.15"
83.197.21.36 - - [03/Oct/2023:19:40:26 +0200] "GET /templates/Pixame_v1/images/header.png HTTP/1.0" 200 271 "http://www.wonder-geek.com/jane-crowther-cats-p-54759.html" "Mozilla/5.0 (Macintosh; Intel Mac OS X 10_15_7) AppleWebKit/605.1.15 (KHTML, like Gecko) Version/16.6 Safari/605.1.15"
83.197.21.36 - - [03/Oct/2023:19:40:26 +0200] "GET /templates/Pixame_v1/images/infobox/infobox_footer_middle.gif HTTP/1.0" 200 357 "http://www.wonder-geek.com/jane-crowther-cats-p-54759.html" "Mozilla/5.0 (Macintosh; Intel Mac OS X 10_15_7) AppleWebKit/605.1.15 (KHTML, like Gecko) Version/16.6 Safari/605.1.15"
83.197.21.36 - - [03/Oct/2023:19:40:27 +0200] "GET /templates/Pixame_v1/images/header-object.png HTTP/1.0" 200 278 "http://www.wonder-geek.com/jane-crowther-cats-p-54759.html" "Mozilla/5.0 (Macintosh; Intel Mac OS X 10_15_7) AppleWebKit/605.1.15 (KHTML, like Gecko) Version/16.6 Safari/605.1.15"
83.197.21.36 - - [03/Oct/2023:19:40:27 +0200] "GET /design/productsenstock.png HTTP/1.0" 200 260 "http://www.wonder-geek.com/jane-crowther-cats-p-54759.html" "Mozilla/5.0 (Macintosh; Intel Mac OS X 10_15_7) AppleWebKit/605.1.15 (KHTML, like Gecko) Version/16.6 Safari/605.1.15"
83.197.21.36 - - [03/Oct/2023:19:40:27 +0200] "GET /templates/Pixame_v1/images/buttons/english/button_in_cart.gif HTTP/1.0" 200 295 "http://www.wonder-geek.com/jane-crowther-cats-p-54759.html" "Mozilla/5.0 (Macintosh; Intel Mac OS X 10_15_7) AppleWebKit/605.1.15 (KHTML, like Gecko) Version/16.6 Safari/605.1.15"
83.197.21.36 - - [03/Oct/2023:19:40:27 +0200] "GET /highslide/graphics/zoomin.cur HTTP/1.0" 200 614 "http://www.wonder-geek.com/jane-crowther-cats-p-54759.html" "Mozilla/5.0 (Macintosh; Intel Mac OS X 10_15_7) AppleWebKit/605.1.15 (KHTML, like Gecko) Version/16.6 Safari/605.1.15"
83.197.21.36 - - [03/Oct/2023:19:40:27 +0200] "GET /highslide/graphics/outlines/drop-shadow.png HTTP/1.0" 200 277 "http://www.wonder-geek.com/jane-crowther-cats-p-54759.html" "Mozilla/5.0 (Macintosh; Intel Mac OS X 10_15_7) AppleWebKit/605.1.15 (KHTML, like Gecko) Version/16.6 Safari/605.1.15"
83.197.21.36 - - [03/Oct/2023:19:40:27 +0200] "GET /highslide/graphics/zoomout.cur HTTP/1.0" 200 614 "http://www.wonder-geek.com/jane-crowther-cats-p-54759.html" "Mozilla/5.0 (Macintosh; Intel Mac OS X 10_15_7) AppleWebKit/605.1.15 (KHTML, like Gecko) Version/16.6 Safari/605.1.15"
83.197.21.36 - - [03/Oct/2023:19:40:27 +0200] "GET /highslide/graphics/loader.white.gif HTTP/1.0" 200 960 "http://www.wonder-geek.com/jane-crowther-cats-p-54759.html" "Mozilla/5.0 (Macintosh; Intel Mac OS X 10_15_7) AppleWebKit/605.1.15 (KHTML, like Gecko) Version/16.6 Safari/605.1.15"
157.90.182.25 - - [03/Oct/2023:19:40:26 +0200] "GET /glass-votive-candles-holder-feather-with-love-p-42176.html HTTP/1.0" 200 76405 "-" "Mozilla/5.0 (compatible; BLEXBot/1.0; +http://webmeup-crawler.com/)"
83.197.21.36 - - [03/Oct/2023:19:40:27 +0200] "GET /favicon.ico HTTP/1.0" 200 260 "http://www.wonder-geek.com/jane-crowther-cats-p-54759.html" "Mozilla/5.0 (Macintosh; Intel Mac OS X 10_15_7) AppleWebKit/605.1.15 (KHTML, like Gecko) Version/16.6 Safari/605.1.15"
54.36.148.128 - - [03/Oct/2023:19:40:28 +0200] "GET /sonny-angel-animal-series-p-59851.html HTTP/1.0" 200 73864 "-" "Mozilla/5.0 (compatible; AhrefsBot/7.0; +http://ahrefs.com/robot/)"
157.90.182.25 - - [03/Oct/2023:19:40:32 +0200] "GET /glass-votive-candles-holder-silver-feather-p-42175.html HTTP/1.0" 200 76381 "-" "Mozilla/5.0 (compatible; BLEXBot/1.0; +http://webmeup-crawler.com/)"
157.90.182.25 - - [03/Oct/2023:19:40:40 +0200] "GET /glass-votive-holder-gold-p-42646.html HTTP/1.0" 200 76331 "-" "Mozilla/5.0 (compatible; BLEXBot/1.0; +http://webmeup-crawler.com/)"
157.90.182.25 - - [03/Oct/2023:19:40:47 +0200] "GET /glass-votive-holder-heart-home-metallic-blue-p-39903.html HTTP/1.0" 200 77349 "-" "Mozilla/5.0 (compatible; BLEXBot/1.0; +http://webmeup-crawler.com/)"
83.197.21.36 - - [03/Oct/2023:19:40:53 +0200] "GET /glasses-case-c-31_164.html HTTP/1.0" 200 93405 "http://www.wonder-geek.com/jane-crowther-cats-p-54759.html" "Mozilla/5.0 (Macintosh; Intel Mac OS X 10_15_7) AppleWebKit/605.1.15 (KHTML, like Gecko) Version/16.6 Safari/605.1.15"
83.197.21.36 - - [03/Oct/2023:19:40:55 +0200] "GET /images/mini_prod/3612875116754.jpg HTTP/1.0" 200 269 "http://www.wonder-geek.com/glasses-case-c-31_164.html" "Mozilla/5.0 (Macintosh; Intel Mac OS X 10_15_7) AppleWebKit/605.1.15 (KHTML, like Gecko) Version/16.6 Safari/605.1.15"
83.197.21.36 - - [03/Oct/2023:19:40:55 +0200] "GET /images/mini_prod/1399984280324.jpg HTTP/1.0" 200 269 "http://www.wonder-geek.com/glasses-case-c-31_164.html" "Mozilla/5.0 (Macintosh; Intel Mac OS X 10_15_7) AppleWebKit/605.1.15 (KHTML, like Gecko) Version/16.6 Safari/605.1.15"
83.197.21.36 - - [03/Oct/2023:19:40:55 +0200] "GET /images/mini_prod/9316188077521.jpg HTTP/1.0" 200 269 "http://www.wonder-geek.com/glasses-case-c-31_164.html" "Mozilla/5.0 (Macintosh; Intel Mac OS X 10_15_7) AppleWebKit/605.1.15 (KHTML, like Gecko) Version/16.6 Safari/605.1.15"
83.197.21.36 - - [03/Oct/2023:19:40:55 +0200] "GET /images/mini_prod/1399984280294.jpg HTTP/1.0" 200 269 "http://www.wonder-geek.com/glasses-case-c-31_164.html" "Mozilla/5.0 (Macintosh; Intel Mac OS X 10_15_7) AppleWebKit/605.1.15 (KHTML, like Gecko) Version/16.6 Safari/605.1.15"
83.197.21.36 - - [03/Oct/2023:19:40:55 +0200] "GET /images/mini_prod/1399984280263.jpg HTTP/1.0" 200 269 "http://www.wonder-geek.com/glasses-case-c-31_164.html" "Mozilla/5.0 (Macintosh; Intel Mac OS X 10_15_7) AppleWebKit/605.1.15 (KHTML, like Gecko) Version/16.6 Safari/605.1.15"
83.197.21.36 - - [03/Oct/2023:19:40:55 +0200] "GET /js/jquery.min.js HTTP/1.0" 404 1308 "http://www.wonder-geek.com/glasses-case-c-31_164.html" "Mozilla/5.0 (Macintosh; Intel Mac OS X 10_15_7) AppleWebKit/605.1.15 (KHTML, like Gecko) Version/16.6 Safari/605.1.15"
83.197.21.36 - - [03/Oct/2023:19:40:55 +0200] "GET /js/jquery.masonry.min.js HTTP/1.0" 200 264 "http://www.wonder-geek.com/glasses-case-c-31_164.html" "Mozilla/5.0 (Macintosh; Intel Mac OS X 10_15_7) AppleWebKit/605.1.15 (KHTML, like Gecko) Version/16.6 Safari/605.1.15"
83.197.21.36 - - [03/Oct/2023:19:40:55 +0200] "GET /js/modernizr-transitions.js HTTP/1.0" 200 267 "http://www.wonder-geek.com/glasses-case-c-31_164.html" "Mozilla/5.0 (Macintosh; Intel Mac OS X 10_15_7) AppleWebKit/605.1.15 (KHTML, like Gecko) Version/16.6 Safari/605.1.15"
83.197.21.36 - - [03/Oct/2023:19:40:55 +0200] "GET /design/fondothers.jpg HTTP/1.0" 200 667 "http://www.wonder-geek.com/glasses-case-c-31_164.html" "Mozilla/5.0 (Macintosh; Intel Mac OS X 10_15_7) AppleWebKit/605.1.15 (KHTML, like Gecko) Version/16.6 Safari/605.1.15"
83.197.21.36 - - [03/Oct/2023:19:40:55 +0200] "GET /images/mini_prod/1399984280270.jpg HTTP/1.0" 200 269 "http://www.wonder-geek.com/glasses-case-c-31_164.html" "Mozilla/5.0 (Macintosh; Intel Mac OS X 10_15_7) AppleWebKit/605.1.15 (KHTML, like Gecko) Version/16.6 Safari/605.1.15"
83.197.21.36 - - [03/Oct/2023:19:40:55 +0200] "GET /design/fondcurrent.jpg HTTP/1.0" 200 683 "http://www.wonder-geek.com/glasses-case-c-31_164.html" "Mozilla/5.0 (Macintosh; Intel Mac OS X 10_15_7) AppleWebKit/605.1.15 (KHTML, like Gecko) Version/16.6 Safari/605.1.15"
83.197.21.36 - - [03/Oct/2023:19:40:55 +0200] "GET /images/mini_prod/9316188082167.jpg HTTP/1.0" 200 269 "http://www.wonder-geek.com/glasses-case-c-31_164.html" "Mozilla/5.0 (Macintosh; Intel Mac OS X 10_15_7) AppleWebKit/605.1.15 (KHTML, like Gecko) Version/16.6 Safari/605.1.15"
83.197.21.36 - - [03/Oct/2023:19:40:55 +0200] "GET /images/mini_prod/9316188087247.jpg HTTP/1.0" 200 269 "http://www.wonder-geek.com/glasses-case-c-31_164.html" "Mozilla/5.0 (Macintosh; Intel Mac OS X 10_15_7) AppleWebKit/605.1.15 (KHTML, like Gecko) Version/16.6 Safari/605.1.15"
83.197.21.36 - - [03/Oct/2023:19:40:55 +0200] "GET /images/mini_prod/9316188087278.jpg HTTP/1.0" 200 269 "http://www.wonder-geek.com/glasses-case-c-31_164.html" "Mozilla/5.0 (Macintosh; Intel Mac OS X 10_15_7) AppleWebKit/605.1.15 (KHTML, like Gecko) Version/16.6 Safari/605.1.15"
83.197.21.36 - - [03/Oct/2023:19:40:55 +0200] "GET /images/mini_prod/9316188087254.jpg HTTP/1.0" 200 269 "http://www.wonder-geek.com/glasses-case-c-31_164.html" "Mozilla/5.0 (Macintosh; Intel Mac OS X 10_15_7) AppleWebKit/605.1.15 (KHTML, like Gecko) Version/16.6 Safari/605.1.15"
83.197.21.36 - - [03/Oct/2023:19:40:55 +0200] "GET /images/mini_prod/9316188081993.jpg HTTP/1.0" 200 269 "http://www.wonder-geek.com/glasses-case-c-31_164.html" "Mozilla/5.0 (Macintosh; Intel Mac OS X 10_15_7) AppleWebKit/605.1.15 (KHTML, like Gecko) Version/16.6 Safari/605.1.15"
83.197.21.36 - - [03/Oct/2023:19:40:55 +0200] "GET /images/mini_prod/9316188081979.jpg HTTP/1.0" 200 269 "http://www.wonder-geek.com/glasses-case-c-31_164.html" "Mozilla/5.0 (Macintosh; Intel Mac OS X 10_15_7) AppleWebKit/605.1.15 (KHTML, like Gecko) Version/16.6 Safari/605.1.15"
83.197.21.36 - - [03/Oct/2023:19:40:55 +0200] "GET /images/mini_prod/9316188082006.jpg HTTP/1.0" 200 269 "http://www.wonder-geek.com/glasses-case-c-31_164.html" "Mozilla/5.0 (Macintosh; Intel Mac OS X 10_15_7) AppleWebKit/605.1.15 (KHTML, like Gecko) Version/16.6 Safari/605.1.15"
83.197.21.36 - - [03/Oct/2023:19:40:55 +0200] "GET /images/mini_prod/9316188068246.jpg HTTP/1.0" 200 269 "http://www.wonder-geek.com/glasses-case-c-31_164.html" "Mozilla/5.0 (Macintosh; Intel Mac OS X 10_15_7) AppleWebKit/605.1.15 (KHTML, like Gecko) Version/16.6 Safari/605.1.15"
83.197.21.36 - - [03/Oct/2023:19:40:55 +0200] "GET /images/mini_prod/9316188080040.jpg HTTP/1.0" 200 269 "http://www.wonder-geek.com/glasses-case-c-31_164.html" "Mozilla/5.0 (Macintosh; Intel Mac OS X 10_15_7) AppleWebKit/605.1.15 (KHTML, like Gecko) Version/16.6 Safari/605.1.15"
83.197.21.36 - - [03/Oct/2023:19:40:55 +0200] "GET /images/mini_prod/9316188080033.jpg HTTP/1.0" 200 269 "http://www.wonder-geek.com/glasses-case-c-31_164.html" "Mozilla/5.0 (Macintosh; Intel Mac OS X 10_15_7) AppleWebKit/605.1.15 (KHTML, like Gecko) Version/16.6 Safari/605.1.15"
83.197.21.36 - - [03/Oct/2023:19:40:55 +0200] "GET /images/mini_prod/9316188079242.jpg HTTP/1.0" 200 269 "http://www.wonder-geek.com/glasses-case-c-31_164.html" "Mozilla/5.0 (Macintosh; Intel Mac OS X 10_15_7) AppleWebKit/605.1.15 (KHTML, like Gecko) Version/16.6 Safari/605.1.15"
83.197.21.36 - - [03/Oct/2023:19:40:55 +0200] "GET /images/mini_prod/9316188079259.jpg HTTP/1.0" 200 269 "http://www.wonder-geek.com/glasses-case-c-31_164.html" "Mozilla/5.0 (Macintosh; Intel Mac OS X 10_15_7) AppleWebKit/605.1.15 (KHTML, like Gecko) Version/16.6 Safari/605.1.15"
83.197.21.36 - - [03/Oct/2023:19:40:55 +0200] "GET /images/mini_prod/9316188079235.jpg HTTP/1.0" 200 269 "http://www.wonder-geek.com/glasses-case-c-31_164.html" "Mozilla/5.0 (Macintosh; Intel Mac OS X 10_15_7) AppleWebKit/605.1.15 (KHTML, like Gecko) Version/16.6 Safari/605.1.15"
83.197.21.36 - - [03/Oct/2023:19:40:55 +0200] "GET /images/mini_prod/3612875115917.jpg HTTP/1.0" 200 269 "http://www.wonder-geek.com/glasses-case-c-31_164.html" "Mozilla/5.0 (Macintosh; Intel Mac OS X 10_15_7) AppleWebKit/605.1.15 (KHTML, like Gecko) Version/16.6 Safari/605.1.15"
185.191.171.6 - - [03/Oct/2023:19:40:56 +0200] "GET /robots.txt HTTP/1.0" 200 245 "-" "Mozilla/5.0 (compatible; SemrushBot/7~bl; +http://www.semrush.com/bot.html)"
157.90.182.25 - - [03/Oct/2023:19:40:55 +0200] "GET /glass-votive-holder-heart-home-metallic-pink-p-39904.html HTTP/1.0" 200 77349 "-" "Mozilla/5.0 (compatible; BLEXBot/1.0; +http://webmeup-crawler.com/)"
85.208.96.207 - - [03/Oct/2023:19:40:56 +0200] "GET /large-dolomite-lamp-p-49333.html HTTP/1.0" 200 76164 "-" "Mozilla/5.0 (compatible; SemrushBot/7~bl; +http://www.semrush.com/bot.html)"
157.90.182.25 - - [03/Oct/2023:19:41:01 +0200] "GET /glass-votive-holder-heart-home-metallic-yellow-p-39905.html HTTP/1.0" 200 77369 "-" "Mozilla/5.0 (compatible; BLEXBot/1.0; +http://webmeup-crawler.com/)"
54.36.149.58 - - [03/Oct/2023:19:41:05 +0200] "GET /specials.php?page=11 HTTP/1.0" 200 121347 "-" "Mozilla/5.0 (compatible; AhrefsBot/7.0; +http://ahrefs.com/robot/)"
157.90.182.25 - - [03/Oct/2023:19:41:07 +0200] "GET /glass-with-porcelain-infuser-p-41870.html HTTP/1.0" 200 76209 "-" "Mozilla/5.0 (compatible; BLEXBot/1.0; +http://webmeup-crawler.com/)"
83.197.21.36 - - [03/Oct/2023:19:41:07 +0200] "GET /glasses-case-c-31_164.html?page=2 HTTP/1.0" 200 93835 "http://www.wonder-geek.com/glasses-case-c-31_164.html" "Mozilla/5.0 (Macintosh; Intel Mac OS X 10_15_7) AppleWebKit/605.1.15 (KHTML, like Gecko) Version/16.6 Safari/605.1.15"
83.197.21.36 - - [03/Oct/2023:19:41:10 +0200] "GET /images/mini_prod/3453131151276.jpg HTTP/1.0" 200 269 "http://www.wonder-geek.com/glasses-case-c-31_164.html?page=2" "Mozilla/5.0 (Macintosh; Intel Mac OS X 10_15_7) AppleWebKit/605.1.15 (KHTML, like Gecko) Version/16.6 Safari/605.1.15"
83.197.21.36 - - [03/Oct/2023:19:41:10 +0200] "GET /images/mini_prod/3453131151283.jpg HTTP/1.0" 200 269 "http://www.wonder-geek.com/glasses-case-c-31_164.html?page=2" "Mozilla/5.0 (Macintosh; Intel Mac OS X 10_15_7) AppleWebKit/605.1.15 (KHTML, like Gecko) Version/16.6 Safari/605.1.15"
83.197.21.36 - - [03/Oct/2023:19:41:10 +0200] "GET /images/mini_prod/3453131151290.jpg HTTP/1.0" 200 269 "http://www.wonder-geek.com/glasses-case-c-31_164.html?page=2" "Mozilla/5.0 (Macintosh; Intel Mac OS X 10_15_7) AppleWebKit/605.1.15 (KHTML, like Gecko) Version/16.6 Safari/605.1.15"
83.197.21.36 - - [03/Oct/2023:19:41:10 +0200] "GET /images/mini_prod/3453131151269.jpg HTTP/1.0" 200 269 "http://www.wonder-geek.com/glasses-case-c-31_164.html?page=2" "Mozilla/5.0 (Macintosh; Intel Mac OS X 10_15_7) AppleWebKit/605.1.15 (KHTML, like Gecko) Version/16.6 Safari/605.1.15"
83.197.21.36 - - [03/Oct/2023:19:41:10 +0200] "GET /images/mini_prod/3453131143158.jpg HTTP/1.0" 200 269 "http://www.wonder-geek.com/glasses-case-c-31_164.html?page=2" "Mozilla/5.0 (Macintosh; Intel Mac OS X 10_15_7) AppleWebKit/605.1.15 (KHTML, like Gecko) Version/16.6 Safari/605.1.15"
83.197.21.36 - - [03/Oct/2023:19:41:10 +0200] "GET /images/mini_prod/3453131145701.jpg HTTP/1.0" 200 269 "http://www.wonder-geek.com/glasses-case-c-31_164.html?page=2" "Mozilla/5.0 (Macintosh; Intel Mac OS X 10_15_7) AppleWebKit/605.1.15 (KHTML, like Gecko) Version/16.6 Safari/605.1.15"
83.197.21.36 - - [03/Oct/2023:19:41:10 +0200] "GET /images/mini_prod/3453131145237.jpg HTTP/1.0" 200 269 "http://www.wonder-geek.com/glasses-case-c-31_164.html?page=2" "Mozilla/5.0 (Macintosh; Intel Mac OS X 10_15_7) AppleWebKit/605.1.15 (KHTML, like Gecko) Version/16.6 Safari/605.1.15"
83.197.21.36 - - [03/Oct/2023:19:41:10 +0200] "GET /images/mini_prod/3453131145251NN.jpg HTTP/1.0" 200 271 "http://www.wonder-geek.com/glasses-case-c-31_164.html?page=2" "Mozilla/5.0 (Macintosh; Intel Mac OS X 10_15_7) AppleWebKit/605.1.15 (KHTML, like Gecko) Version/16.6 Safari/605.1.15"
83.197.21.36 - - [03/Oct/2023:19:41:10 +0200] "GET /images/mini_prod/3453131145251.jpg HTTP/1.0" 200 269 "http://www.wonder-geek.com/glasses-case-c-31_164.html?page=2" "Mozilla/5.0 (Macintosh; Intel Mac OS X 10_15_7) AppleWebKit/605.1.15 (KHTML, like Gecko) Version/16.6 Safari/605.1.15"
83.197.21.36 - - [03/Oct/2023:19:41:10 +0200] "GET /images/mini_prod/8422072740776.jpg HTTP/1.0" 200 269 "http://www.wonder-geek.com/glasses-case-c-31_164.html?page=2" "Mozilla/5.0 (Macintosh; Intel Mac OS X 10_15_7) AppleWebKit/605.1.15 (KHTML, like Gecko) Version/16.6 Safari/605.1.15"
83.197.21.36 - - [03/Oct/2023:19:41:10 +0200] "GET /images/mini_prod/8422172730899.jpg HTTP/1.0" 200 269 "http://www.wonder-geek.com/glasses-case-c-31_164.html?page=2" "Mozilla/5.0 (Macintosh; Intel Mac OS X 10_15_7) AppleWebKit/605.1.15 (KHTML, like Gecko) Version/16.6 Safari/605.1.15"
83.197.21.36 - - [03/Oct/2023:19:41:10 +0200] "GET /images/mini_prod/8422172730905.jpg HTTP/1.0" 200 269 "http://www.wonder-geek.com/glasses-case-c-31_164.html?page=2" "Mozilla/5.0 (Macintosh; Intel Mac OS X 10_15_7) AppleWebKit/605.1.15 (KHTML, like Gecko) Version/16.6 Safari/605.1.15"
83.197.21.36 - - [03/Oct/2023:19:41:10 +0200] "GET /images/mini_prod/3700602783383.jpg HTTP/1.0" 200 269 "http://www.wonder-geek.com/glasses-case-c-31_164.html?page=2" "Mozilla/5.0 (Macintosh; Intel Mac OS X 10_15_7) AppleWebKit/605.1.15 (KHTML, like Gecko) Version/16.6 Safari/605.1.15"
83.197.21.36 - - [03/Oct/2023:19:41:10 +0200] "GET /images/mini_prod/3700612783380.jpg HTTP/1.0" 200 269 "http://www.wonder-geek.com/glasses-case-c-31_164.html?page=2" "Mozilla/5.0 (Macintosh; Intel Mac OS X 10_15_7) AppleWebKit/605.1.15 (KHTML, like Gecko) Version/16.6 Safari/605.1.15"
83.197.21.36 - - [03/Oct/2023:19:41:10 +0200] "GET /images/mini_prod/3700622783387.jpg HTTP/1.0" 200 269 "http://www.wonder-geek.com/glasses-case-c-31_164.html?page=2" "Mozilla/5.0 (Macintosh; Intel Mac OS X 10_15_7) AppleWebKit/605.1.15 (KHTML, like Gecko) Version/16.6 Safari/605.1.15"
83.197.21.36 - - [03/Oct/2023:19:41:10 +0200] "GET /images/mini_prod/3700602783376.jpg HTTP/1.0" 200 269 "http://www.wonder-geek.com/glasses-case-c-31_164.html?page=2" "Mozilla/5.0 (Macintosh; Intel Mac OS X 10_15_7) AppleWebKit/605.1.15 (KHTML, like Gecko) Version/16.6 Safari/605.1.15"
83.197.21.36 - - [03/Oct/2023:19:41:10 +0200] "GET /images/mini_prod/3700622783370.jpg HTTP/1.0" 200 269 "http://www.wonder-geek.com/glasses-case-c-31_164.html?page=2" "Mozilla/5.0 (Macintosh; Intel Mac OS X 10_15_7) AppleWebKit/605.1.15 (KHTML, like Gecko) Version/16.6 Safari/605.1.15"
83.197.21.36 - - [03/Oct/2023:19:41:10 +0200] "GET /images/mini_prod/3700612783373.jpg HTTP/1.0" 200 269 "http://www.wonder-geek.com/glasses-case-c-31_164.html?page=2" "Mozilla/5.0 (Macintosh; Intel Mac OS X 10_15_7) AppleWebKit/605.1.15 (KHTML, like Gecko) Version/16.6 Safari/605.1.15"
83.197.21.36 - - [03/Oct/2023:19:41:10 +0200] "GET /images/mini_prod/3700602752686.jpg HTTP/1.0" 200 269 "http://www.wonder-geek.com/glasses-case-c-31_164.html?page=2" "Mozilla/5.0 (Macintosh; Intel Mac OS X 10_15_7) AppleWebKit/605.1.15 (KHTML, like Gecko) Version/16.6 Safari/605.1.15"
83.197.21.36 - - [03/Oct/2023:19:41:10 +0200] "GET /images/mini_prod/3700602752693.jpg HTTP/1.0" 200 269 "http://www.wonder-geek.com/glasses-case-c-31_164.html?page=2" "Mozilla/5.0 (Macintosh; Intel Mac OS X 10_15_7) AppleWebKit/605.1.15 (KHTML, like Gecko) Version/16.6 Safari/605.1.15"
157.90.182.25 - - [03/Oct/2023:19:41:12 +0200] "GET /glass-with-porcelain-infuser-p-41871.html HTTP/1.0" 200 76209 "-" "Mozilla/5.0 (compatible; BLEXBot/1.0; +http://webmeup-crawler.com/)"
54.36.149.7 - - [03/Oct/2023:19:41:14 +0200] "GET /images/mini_prod/6953270923965A.jpg HTTP/1.0" 200 270 "-" "Mozilla/5.0 (compatible; AhrefsBot/7.0; +http://ahrefs.com/robot/)"
54.36.148.37 - - [03/Oct/2023:19:41:15 +0200] "GET /images/mini_prod/8412906960210.jpg HTTP/1.0" 200 269 "-" "Mozilla/5.0 (compatible; AhrefsBot/7.0; +http://ahrefs.com/robot/)"
54.36.149.97 - - [03/Oct/2023:19:41:16 +0200] "GET /images/mini_prod/1384010205235.jpg HTTP/1.0" 200 269 "-" "Mozilla/5.0 (compatible; AhrefsBot/7.0; +http://ahrefs.com/robot/)"
54.36.149.30 - - [03/Oct/2023:19:41:17 +0200] "GET /images/mini_prod/1140176020422.jpg HTTP/1.0" 200 269 "-" "Mozilla/5.0 (compatible; AhrefsBot/7.0; +http://ahrefs.com/robot/)"
