216.244.66.242 - - [03/Oct/2023:20:28:30 +0200] "GET /robots.txt HTTP/1.0" 200 245 "-" "Mozilla/5.0 (compatible; DotBot/1.2; +https://opensiteexplorer.org/dotbot; help@moz.com)"
157.90.182.25 - - [03/Oct/2023:20:28:35 +0200] "GET /kimmidoll-love-p-21768.html HTTP/1.0" 200 80566 "-" "Mozilla/5.0 (compatible; BLEXBot/1.0; +http://webmeup-crawler.com/)"
157.90.182.25 - - [03/Oct/2023:20:28:42 +0200] "GET /kimmidoll-masayo-nail-files-p-31932.html HTTP/1.0" 200 76232 "-" "Mozilla/5.0 (compatible; BLEXBot/1.0; +http://webmeup-crawler.com/)"
203.185.131.166 - - [03/Oct/2023:20:28:46 +0200] "GET /images/mini_prod/3560600297318.jpg HTTP/1.0" 200 269 "-" "Mozilla/5.0 (X11; Ubuntu; Linux x86_64; rv:72.0) Gecko/20100101 Firefox/72.0"
157.90.182.25 - - [03/Oct/2023:20:28:47 +0200] "GET /kimmidoll-namika-nail-files-p-31931.html HTTP/1.0" 200 76233 "-" "Mozilla/5.0 (compatible; BLEXBot/1.0; +http://webmeup-crawler.com/)"
157.90.182.25 - - [03/Oct/2023:20:28:54 +0200] "GET /kimmijunior-charly-girly-p-17994.html HTTP/1.0" 200 76525 "-" "Mozilla/5.0 (compatible; BLEXBot/1.0; +http://webmeup-crawler.com/)"
54.36.148.20 - - [03/Oct/2023:20:28:54 +0200] "GET /pulp-fiction-zombis-poster-p-32264.html HTTP/1.0" 200 76176 "-" "Mozilla/5.0 (compatible; AhrefsBot/7.0; +http://ahrefs.com/robot/)"
157.90.182.25 - - [03/Oct/2023:20:28:59 +0200] "GET /kimmijunior-summer-girly-p-17995.html HTTP/1.0" 200 77154 "-" "Mozilla/5.0 (compatible; BLEXBot/1.0; +http://webmeup-crawler.com/)"
157.90.182.25 - - [03/Oct/2023:20:29:06 +0200] "GET /kimmijunior-taylor-girly-p-17990.html HTTP/1.0" 200 76525 "-" "Mozilla/5.0 (compatible; BLEXBot/1.0; +http://webmeup-crawler.com/)"
157.90.182.25 - - [03/Oct/2023:20:29:12 +0200] "GET /kimmijunior-willow-girly-p-17993.html HTTP/1.0" 200 77154 "-" "Mozilla/5.0 (compatible; BLEXBot/1.0; +http://webmeup-crawler.com/)"
157.90.182.25 - - [03/Oct/2023:20:29:18 +0200] "GET /kitchen-gloves-potholders-c-11_178.html?page=2 HTTP/1.0" 200 94165 "-" "Mozilla/5.0 (compatible; BLEXBot/1.0; +http://webmeup-crawler.com/)"
114.119.131.166 - - [03/Oct/2023:20:29:21 +0200] "GET /sonny-angel-cherry-blossom-series-night-version-figures-p-54723.html HTTP/1.0" 301 73837 "https://dcsoftware.online/sonny-angel-cherry-blossom-qpfbsg.html" "Mozilla/5.0 (Linux; Android 7.0;) AppleWebKit/537.36 (KHTML, like Gecko) Mobile Safari/537.36 (compatible; PetalBot;+https://webmaster.petalsearch.com/site/petalbot)"
114.119.131.166 - - [03/Oct/2023:20:29:25 +0200] "GET /-p-54723.html HTTP/1.0" 200 73770 "https://dcsoftware.online/sonny-angel-cherry-blossom-qpfbsg.html" "Mozilla/5.0 (Linux; Android 7.0;) AppleWebKit/537.36 (KHTML, like Gecko) Mobile Safari/537.36 (compatible; PetalBot;+https://webmaster.petalsearch.com/site/petalbot)"
157.90.182.25 - - [03/Oct/2023:20:29:28 +0200] "GET /kitchen-gloves-potholders-c-11_178.html?page=3 HTTP/1.0" 200 93971 "-" "Mozilla/5.0 (compatible; BLEXBot/1.0; +http://webmeup-crawler.com/)"
54.36.148.19 - - [03/Oct/2023:20:29:30 +0200] "GET /chocolate-brown-zippo-wallet-with-stitching-p-49093.html HTTP/1.0" 200 77468 "-" "Mozilla/5.0 (compatible; AhrefsBot/7.0; +http://ahrefs.com/robot/)"
157.90.182.25 - - [03/Oct/2023:20:29:38 +0200] "GET /kitchen-gloves-potholders-c-11_178.html?page=4 HTTP/1.0" 200 94610 "-" "Mozilla/5.0 (compatible; BLEXBot/1.0; +http://webmeup-crawler.com/)"
54.36.148.31 - - [03/Oct/2023:20:29:44 +0200] "GET /images/big_prod/4045233021626.jpg HTTP/1.0" 200 268 "-" "Mozilla/5.0 (compatible; AhrefsBot/7.0; +http://ahrefs.com/robot/)"
54.36.148.107 - - [03/Oct/2023:20:29:45 +0200] "GET /images/big_prod_3/4045233021619D.jpg HTTP/1.0" 200 271 "-" "Mozilla/5.0 (compatible; AhrefsBot/7.0; +http://ahrefs.com/robot/)"
54.36.149.61 - - [03/Oct/2023:20:29:46 +0200] "GET /images/big_prod_1/4045233021626B.jpg HTTP/1.0" 200 271 "-" "Mozilla/5.0 (compatible; AhrefsBot/7.0; +http://ahrefs.com/robot/)"
157.90.182.25 - - [03/Oct/2023:20:29:44 +0200] "GET /kitchen-gloves-potholders-c-11_178.html?page=5 HTTP/1.0" 200 83144 "-" "Mozilla/5.0 (compatible; BLEXBot/1.0; +http://webmeup-crawler.com/)"
157.90.182.25 - - [03/Oct/2023:20:29:49 +0200] "GET /kitchen-p-51893.html HTTP/1.0" 200 76187 "-" "Mozilla/5.0 (compatible; BLEXBot/1.0; +http://webmeup-crawler.com/)"
157.90.182.25 - - [03/Oct/2023:20:29:55 +0200] "GET /kitchen-p-51894.html HTTP/1.0" 200 76251 "-" "Mozilla/5.0 (compatible; BLEXBot/1.0; +http://webmeup-crawler.com/)"
157.90.182.25 - - [03/Oct/2023:20:30:00 +0200] "GET /kitchen-p-51895.html HTTP/1.0" 200 76185 "-" "Mozilla/5.0 (compatible; BLEXBot/1.0; +http://webmeup-crawler.com/)"
157.90.182.25 - - [03/Oct/2023:20:30:07 +0200] "GET /kitchen-p-51896.html HTTP/1.0" 200 76185 "-" "Mozilla/5.0 (compatible; BLEXBot/1.0; +http://webmeup-crawler.com/)"
54.36.149.80 - - [03/Oct/2023:20:30:08 +0200] "GET /guam-cotton-basket-p-57903.html HTTP/1.0" 200 76742 "-" "Mozilla/5.0 (compatible; AhrefsBot/7.0; +http://ahrefs.com/robot/)"
51.68.224.127 - - [03/Oct/2023:20:30:11 +0200] "GET /adminweb/export_orders_xml.php?token=256de2z6edz6ed2z6DFSFsed2zed6zeDSFDSGdzedezfzf&maxorders=10&orderstart=1&status=14&start_date=2018-10-01 HTTP/1.0" 200 285 "-" "GesCom CharlotteBoutik Serveur"
51.68.224.127 - - [03/Oct/2023:20:30:11 +0200] "GET /adminweb/export_orders_xml.php?token=256de2z6edz6ed2z6DFSFsed2zed6zeDSFDSGdzedezfzf&maxorders=10&orderstart=1&status=6&start_date=2018-10-01 HTTP/1.0" 200 33939 "-" "GesCom CharlotteBoutik Serveur"
157.90.182.25 - - [03/Oct/2023:20:30:13 +0200] "GET /kitchen-p-51897.html HTTP/1.0" 200 76185 "-" "Mozilla/5.0 (compatible; BLEXBot/1.0; +http://webmeup-crawler.com/)"
157.90.182.25 - - [03/Oct/2023:20:30:20 +0200] "GET /kitchen-support-p-40857.html HTTP/1.0" 200 76334 "-" "Mozilla/5.0 (compatible; BLEXBot/1.0; +http://webmeup-crawler.com/)"
31.217.221.74 - - [03/Oct/2023:20:30:22 +0200] "GET /contact_us.php HTTP/1.0" 200 26241 "http://www.wonder-geek.com/contact_us.php" "Mozilla/5.0 (Windows NT 6.1; Win64; x64) AppleWebKit/537.36 (KHTML, like Gecko) Chrome/90.0.4430.72 Safari/537.36"
157.90.182.25 - - [03/Oct/2023:20:30:25 +0200] "GET /kitchen-support-p-40859.html HTTP/1.0" 200 76334 "-" "Mozilla/5.0 (compatible; BLEXBot/1.0; +http://webmeup-crawler.com/)"
157.90.182.25 - - [03/Oct/2023:20:30:31 +0200] "GET /kitchen-supports-p-44485.html HTTP/1.0" 200 76321 "-" "Mozilla/5.0 (compatible; BLEXBot/1.0; +http://webmeup-crawler.com/)"
157.90.182.25 - - [03/Oct/2023:20:30:38 +0200] "GET /kitchen-timer-pink-metal-p-40920.html HTTP/1.0" 200 76151 "-" "Mozilla/5.0 (compatible; BLEXBot/1.0; +http://webmeup-crawler.com/)"
157.90.182.25 - - [03/Oct/2023:20:30:43 +0200] "GET /kitchen-towel-beige-p-54117.html HTTP/1.0" 200 76137 "-" "Mozilla/5.0 (compatible; BLEXBot/1.0; +http://webmeup-crawler.com/)"
54.36.148.177 - - [03/Oct/2023:20:30:50 +0200] "GET /fitted-sheet-dark-grey-p-43578.html HTTP/1.0" 200 77041 "-" "Mozilla/5.0 (compatible; AhrefsBot/7.0; +http://ahrefs.com/robot/)"
157.90.182.25 - - [03/Oct/2023:20:30:50 +0200] "GET /kitchen-towel-blue-p-54115.html HTTP/1.0" 200 76132 "-" "Mozilla/5.0 (compatible; BLEXBot/1.0; +http://webmeup-crawler.com/)"
54.36.149.7 - - [03/Oct/2023:20:30:55 +0200] "GET /images/big_prod_2/3574642011542c.jpg HTTP/1.0" 200 271 "-" "Mozilla/5.0 (compatible; AhrefsBot/7.0; +http://ahrefs.com/robot/)"
54.36.148.223 - - [03/Oct/2023:20:30:56 +0200] "GET /images/big_prod_1/3574642011542b.jpg HTTP/1.0" 200 271 "-" "Mozilla/5.0 (compatible; AhrefsBot/7.0; +http://ahrefs.com/robot/)"
157.90.182.25 - - [03/Oct/2023:20:30:56 +0200] "GET /kitchen-towel-brown-p-54118.html HTTP/1.0" 200 76137 "-" "Mozilla/5.0 (compatible; BLEXBot/1.0; +http://webmeup-crawler.com/)"
157.90.182.25 - - [03/Oct/2023:20:31:02 +0200] "GET /kitchen-towel-brown-p-54119.html HTTP/1.0" 200 76137 "-" "Mozilla/5.0 (compatible; BLEXBot/1.0; +http://webmeup-crawler.com/)"
157.90.182.25 - - [03/Oct/2023:20:31:08 +0200] "GET /kitchen-towel-dark-blue-p-54116.html HTTP/1.0" 200 76157 "-" "Mozilla/5.0 (compatible; BLEXBot/1.0; +http://webmeup-crawler.com/)"
103.136.221.142 - - [03/Oct/2023:20:31:11 +0200] "GET /images/mini_prod/5018997621738.jpg HTTP/1.0" 404 1308 "-" "Mozilla/5.0 (X11; Ubuntu; Linux x86_64; rv:72.0) Gecko/20100101 Firefox/72.0"
157.90.182.25 - - [03/Oct/2023:20:31:13 +0200] "GET /kitchen-towel-green-p-54120.html HTTP/1.0" 200 76136 "-" "Mozilla/5.0 (compatible; BLEXBot/1.0; +http://webmeup-crawler.com/)"
157.90.182.25 - - [03/Oct/2023:20:31:19 +0200] "GET /kitchen-towel-holder-hooks-p-47376.html HTTP/1.0" 200 76761 "-" "Mozilla/5.0 (compatible; BLEXBot/1.0; +http://webmeup-crawler.com/)"
157.90.182.25 - - [03/Oct/2023:20:31:24 +0200] "GET /kitchen-towel-holder-hooks-p-52709.html HTTP/1.0" 200 76775 "-" "Mozilla/5.0 (compatible; BLEXBot/1.0; +http://webmeup-crawler.com/)"
54.36.149.68 - - [03/Oct/2023:20:31:25 +0200] "GET /fitted-sheet-color-light-grey-p-38889.html HTTP/1.0" 200 76284 "-" "Mozilla/5.0 (compatible; AhrefsBot/7.0; +http://ahrefs.com/robot/)"
157.90.182.25 - - [03/Oct/2023:20:31:30 +0200] "GET /kitchen-towel-p-44414.html HTTP/1.0" 200 76112 "-" "Mozilla/5.0 (compatible; BLEXBot/1.0; +http://webmeup-crawler.com/)"
157.90.182.25 - - [03/Oct/2023:20:31:38 +0200] "GET /kitten-cardboard-p-27643.html HTTP/1.0" 200 76340 "-" "Mozilla/5.0 (compatible; BLEXBot/1.0; +http://webmeup-crawler.com/)"
157.90.182.25 - - [03/Oct/2023:20:31:44 +0200] "GET /kitten-cardboard-p-27644.html HTTP/1.0" 200 76338 "-" "Mozilla/5.0 (compatible; BLEXBot/1.0; +http://webmeup-crawler.com/)"
185.191.171.19 - - [03/Oct/2023:20:31:46 +0200] "GET /large-glasses-cocktails-world-p-46447.html HTTP/1.0" 200 73908 "-" "Mozilla/5.0 (compatible; SemrushBot/7~bl; +http://www.semrush.com/bot.html)"
157.90.182.25 - - [03/Oct/2023:20:31:49 +0200] "GET /kitten-glass-clock-p-27208.html HTTP/1.0" 200 76098 "-" "Mozilla/5.0 (compatible; BLEXBot/1.0; +http://webmeup-crawler.com/)"
157.90.182.25 - - [03/Oct/2023:20:31:54 +0200] "GET /kitten-glue-stick-p-40832.html HTTP/1.0" 200 76108 "-" "Mozilla/5.0 (compatible; BLEXBot/1.0; +http://webmeup-crawler.com/)"
157.90.182.25 - - [03/Oct/2023:20:31:59 +0200] "GET /kiub-collection-cats-cool-p-54782.html HTTP/1.0" 200 76954 "-" "Mozilla/5.0 (compatible; BLEXBot/1.0; +http://webmeup-crawler.com/)"
216.244.66.242 - - [03/Oct/2023:20:32:04 +0200] "GET /cats-love-potholder-p-37464.html HTTP/1.0" 301 73837 "-" "Mozilla/5.0 (compatible; DotBot/1.2; +https://opensiteexplorer.org/dotbot; help@moz.com)"
157.90.182.25 - - [03/Oct/2023:20:32:08 +0200] "GET /kiub-collection-cats-cool-p-56239.html HTTP/1.0" 200 76932 "-" "Mozilla/5.0 (compatible; BLEXBot/1.0; +http://webmeup-crawler.com/)"
54.36.149.19 - - [03/Oct/2023:20:32:12 +0200] "GET /spiderman-glasses-p-2388.html HTTP/1.0" 200 76706 "-" "Mozilla/5.0 (compatible; AhrefsBot/7.0; +http://ahrefs.com/robot/)"
157.90.182.25 - - [03/Oct/2023:20:32:15 +0200] "GET /kiub-collection-cats-cool-p-57314.html HTTP/1.0" 200 76327 "-" "Mozilla/5.0 (compatible; BLEXBot/1.0; +http://webmeup-crawler.com/)"
216.244.66.242 - - [03/Oct/2023:20:32:17 +0200] "GET /stade-toulousain-beer-glasses-p-40806.html HTTP/1.0" 301 73837 "-" "Mozilla/5.0 (compatible; DotBot/1.2; +https://opensiteexplorer.org/dotbot; help@moz.com)"
54.36.148.107 - - [03/Oct/2023:20:32:19 +0200] "GET /images/big_prod_1/4025055990843B.jpg HTTP/1.0" 200 271 "-" "Mozilla/5.0 (compatible; AhrefsBot/7.0; +http://ahrefs.com/robot/)"
157.90.182.25 - - [03/Oct/2023:20:32:21 +0200] "GET /kiub-collection-cats-cool-p-57957.html HTTP/1.0" 200 77079 "-" "Mozilla/5.0 (compatible; BLEXBot/1.0; +http://webmeup-crawler.com/)"
157.90.182.25 - - [03/Oct/2023:20:32:25 +0200] "GET /kiub-collection-cats-cool-p-60858.html HTTP/1.0" 200 76930 "-" "Mozilla/5.0 (compatible; BLEXBot/1.0; +http://webmeup-crawler.com/)"
157.90.182.25 - - [03/Oct/2023:20:32:39 +0200] "GET /kiub-collection-cool-p-57315.html HTTP/1.0" 200 77159 "-" "Mozilla/5.0 (compatible; BLEXBot/1.0; +http://webmeup-crawler.com/)"
157.90.182.25 - - [03/Oct/2023:20:32:47 +0200] "GET /kiub-collection-jewels-butterflies-cool-p-57958.html HTTP/1.0" 200 77090 "-" "Mozilla/5.0 (compatible; BLEXBot/1.0; +http://webmeup-crawler.com/)"
54.36.148.84 - - [03/Oct/2023:20:32:47 +0200] "GET /lihit-punilabo-bookmark-case-p-49235.html HTTP/1.0" 200 77682 "-" "Mozilla/5.0 (compatible; AhrefsBot/7.0; +http://ahrefs.com/robot/)"
157.90.182.25 - - [03/Oct/2023:20:32:52 +0200] "GET /kiub-collection-jewels-cool-p-57955.html HTTP/1.0" 200 77044 "-" "Mozilla/5.0 (compatible; BLEXBot/1.0; +http://webmeup-crawler.com/)"
157.90.182.25 - - [03/Oct/2023:20:32:57 +0200] "GET /kiub-collection-little-prince-cool-p-59040.html HTTP/1.0" 200 77014 "-" "Mozilla/5.0 (compatible; BLEXBot/1.0; +http://webmeup-crawler.com/)"
85.208.96.205 - - [03/Oct/2023:20:33:01 +0200] "GET /-p-58467.html HTTP/1.0" 200 73770 "-" "Mozilla/5.0 (compatible; SemrushBot/7~bl; +http://www.semrush.com/bot.html)"
157.90.182.25 - - [03/Oct/2023:20:33:02 +0200] "GET /kiub-collection-little-prince-cool-p-60605.html HTTP/1.0" 200 77012 "-" "Mozilla/5.0 (compatible; BLEXBot/1.0; +http://webmeup-crawler.com/)"
182.22.30.7 - - [03/Oct/2023:20:33:07 +0200] "GET /images/mini_prod/844580472334.jpg HTTP/1.0" 200 268 "-" "Mozilla/5.0 (compatible; Y!J-WSC/1.0; +https://yahoo.jp/3BSZgF)"
157.90.182.25 - - [03/Oct/2023:20:33:07 +0200] "GET /kiub-collection-little-prince-p-56240.html HTTP/1.0" 200 76906 "-" "Mozilla/5.0 (compatible; BLEXBot/1.0; +http://webmeup-crawler.com/)"
157.90.182.25 - - [03/Oct/2023:20:33:12 +0200] "GET /kiub-collection-squirrel-cool-p-59058.html HTTP/1.0" 200 76930 "-" "Mozilla/5.0 (compatible; BLEXBot/1.0; +http://webmeup-crawler.com/)"
49.7.21.82 - - [03/Oct/2023:20:33:13 +0200] "GET / HTTP/1.0" 301 511 "-" "Sogou web spider/4.0(+http://www.sogou.com/docs/help/webmasters.htm#07)"
157.90.182.25 - - [03/Oct/2023:20:33:17 +0200] "GET /kiub-jungle-paperweight-cacatoes-p-55888.html HTTP/1.0" 200 76832 "-" "Mozilla/5.0 (compatible; BLEXBot/1.0; +http://webmeup-crawler.com/)"
157.90.182.25 - - [03/Oct/2023:20:33:22 +0200] "GET /kiub-jungle-paperweight-parrot-p-55886.html HTTP/1.0" 200 76818 "-" "Mozilla/5.0 (compatible; BLEXBot/1.0; +http://webmeup-crawler.com/)"
157.90.182.25 - - [03/Oct/2023:20:33:26 +0200] "GET /kiub-jungle-paperweight-parrots-p-55887.html HTTP/1.0" 200 76825 "-" "Mozilla/5.0 (compatible; BLEXBot/1.0; +http://webmeup-crawler.com/)"
54.36.148.148 - - [03/Oct/2023:20:33:28 +0200] "GET /aromatic-candle-stearin-chakra-hours-p-39565.html HTTP/1.0" 200 78478 "-" "Mozilla/5.0 (compatible; AhrefsBot/7.0; +http://ahrefs.com/robot/)"
157.90.182.25 - - [03/Oct/2023:20:33:31 +0200] "GET /kiub-jungle-paperweight-toucan-p-55885.html HTTP/1.0" 200 76818 "-" "Mozilla/5.0 (compatible; BLEXBot/1.0; +http://webmeup-crawler.com/)"
54.36.148.83 - - [03/Oct/2023:20:33:33 +0200] "GET /images/big_prod_1/8718657460079B.jpg HTTP/1.0" 200 271 "-" "Mozilla/5.0 (compatible; AhrefsBot/7.0; +http://ahrefs.com/robot/)"
157.90.182.25 - - [03/Oct/2023:20:33:36 +0200] "GET /kiub-savane-paperweight-zebras-p-55889.html HTTP/1.0" 200 76846 "-" "Mozilla/5.0 (compatible; BLEXBot/1.0; +http://webmeup-crawler.com/)"
207.46.13.130 - - [03/Oct/2023:20:33:40 +0200] "GET /sonny-angel-figure-marines-series-p-13109.html HTTP/1.0" 301 73837 "-" "Mozilla/5.0 AppleWebKit/537.36 (KHTML, like Gecko; compatible; bingbot/2.0; +http://www.bing.com/bingbot.htm) Chrome/103.0.5060.134 Safari/537.36"
157.90.182.25 - - [03/Oct/2023:20:33:41 +0200] "GET /klimt-cotton-pouch-p-51203.html HTTP/1.0" 200 76155 "-" "Mozilla/5.0 (compatible; BLEXBot/1.0; +http://webmeup-crawler.com/)"
157.90.182.25 - - [03/Oct/2023:20:33:48 +0200] "GET /klimt-little-tray-p-51678.html HTTP/1.0" 200 76157 "-" "Mozilla/5.0 (compatible; BLEXBot/1.0; +http://webmeup-crawler.com/)"
157.90.182.25 - - [03/Oct/2023:20:33:58 +0200] "GET /koala-nightlight-p-53123.html HTTP/1.0" 200 77087 "-" "Mozilla/5.0 (compatible; BLEXBot/1.0; +http://webmeup-crawler.com/)"
157.90.182.25 - - [03/Oct/2023:20:34:02 +0200] "GET /koala-nightlight-pink-p-55360.html HTTP/1.0" 200 77170 "-" "Mozilla/5.0 (compatible; BLEXBot/1.0; +http://webmeup-crawler.com/)"
54.36.149.6 - - [03/Oct/2023:20:34:05 +0200] "GET /fitted-sheet-light-grey-p-43579.html HTTP/1.0" 200 76832 "-" "Mozilla/5.0 (compatible; AhrefsBot/7.0; +http://ahrefs.com/robot/)"
157.90.182.25 - - [03/Oct/2023:20:34:07 +0200] "GET /koala-pocket-warmer-p-58834.html HTTP/1.0" 200 77006 "-" "Mozilla/5.0 (compatible; BLEXBot/1.0; +http://webmeup-crawler.com/)"
157.90.182.25 - - [03/Oct/2023:20:34:12 +0200] "GET /kori-kumi-calendar-year-2017-p-36750.html HTTP/1.0" 200 76352 "-" "Mozilla/5.0 (compatible; BLEXBot/1.0; +http://webmeup-crawler.com/)"
54.36.148.223 - - [03/Oct/2023:20:34:16 +0200] "GET /images/big_prod_1/3574642011528b.jpg HTTP/1.0" 200 271 "-" "Mozilla/5.0 (compatible; AhrefsBot/7.0; +http://ahrefs.com/robot/)"
157.90.182.25 - - [03/Oct/2023:20:34:17 +0200] "GET /kori-kumi-small-notepad-p-30497.html HTTP/1.0" 200 76176 "-" "Mozilla/5.0 (compatible; BLEXBot/1.0; +http://webmeup-crawler.com/)"
157.90.182.25 - - [03/Oct/2023:20:34:31 +0200] "GET /kori-kumi-vanity-p-30500.html HTTP/1.0" 200 76797 "-" "Mozilla/5.0 (compatible; BLEXBot/1.0; +http://webmeup-crawler.com/)"
54.36.148.103 - - [03/Oct/2023:20:34:37 +0200] "GET /cats-butterflies-porcelain-kiub-collection-p-60831.html HTTP/1.0" 200 77300 "-" "Mozilla/5.0 (compatible; AhrefsBot/7.0; +http://ahrefs.com/robot/)"
157.90.182.25 - - [03/Oct/2023:20:34:37 +0200] "GET /kothai-small-p-26705.html HTTP/1.0" 200 76196 "-" "Mozilla/5.0 (compatible; BLEXBot/1.0; +http://webmeup-crawler.com/)"
157.55.39.15 - - [03/Oct/2023:20:34:38 +0200] "GET /fishes-stickers-p-39237.html HTTP/1.0" 301 73837 "-" "Mozilla/5.0 AppleWebKit/537.36 (KHTML, like Gecko; compatible; bingbot/2.0; +http://www.bing.com/bingbot.htm) Chrome/103.0.5060.134 Safari/537.36"
157.90.182.25 - - [03/Oct/2023:20:34:42 +0200] "GET /labrador-puppies-bedside-lamp-p-26616.html HTTP/1.0" 200 76246 "-" "Mozilla/5.0 (compatible; BLEXBot/1.0; +http://webmeup-crawler.com/)"
54.36.148.145 - - [03/Oct/2023:20:34:44 +0200] "GET /images/big_prod_1/3700572784304C.jpg HTTP/1.0" 200 271 "-" "Mozilla/5.0 (compatible; AhrefsBot/7.0; +http://ahrefs.com/robot/)"
54.36.148.205 - - [03/Oct/2023:20:34:47 +0200] "GET /images/big_prod/3700572784304B.jpg HTTP/1.0" 200 269 "-" "Mozilla/5.0 (compatible; AhrefsBot/7.0; +http://ahrefs.com/robot/)"
157.90.182.25 - - [03/Oct/2023:20:34:47 +0200] "GET /ladybug-metal-glass-decoration-p-42809.html HTTP/1.0" 200 76314 "-" "Mozilla/5.0 (compatible; BLEXBot/1.0; +http://webmeup-crawler.com/)"
157.90.182.25 - - [03/Oct/2023:20:34:52 +0200] "GET /ladybug-moneybox-p-37738.html HTTP/1.0" 200 76676 "-" "Mozilla/5.0 (compatible; BLEXBot/1.0; +http://webmeup-crawler.com/)"
157.90.182.25 - - [03/Oct/2023:20:34:56 +0200] "GET /lagoona-blue-figure-p-22568.html HTTP/1.0" 200 76190 "-" "Mozilla/5.0 (compatible; BLEXBot/1.0; +http://webmeup-crawler.com/)"
169.233.1.13 - - [03/Oct/2023:20:35:04 +0200] "GET /images/mini_prod/SXP10027.jpg HTTP/1.0" 200 264 "-" "Mozilla/5.0 (X11; Ubuntu; Linux x86_64; rv:72.0) Gecko/20100101 Firefox/72.0"
157.90.182.25 - - [03/Oct/2023:20:35:03 +0200] "GET /laissez-lucie-faire-liberty-sugar-p-39835.html HTTP/1.0" 200 76219 "-" "Mozilla/5.0 (compatible; BLEXBot/1.0; +http://webmeup-crawler.com/)"
157.90.182.25 - - [03/Oct/2023:20:35:07 +0200] "GET /laitiere-tablecloth-p-28546.html HTTP/1.0" 200 76119 "-" "Mozilla/5.0 (compatible; BLEXBot/1.0; +http://webmeup-crawler.com/)"
54.36.149.13 - - [03/Oct/2023:20:35:12 +0200] "GET /decorative-door-sticker-p-51538.html HTTP/1.0" 200 76952 "-" "Mozilla/5.0 (compatible; AhrefsBot/7.0; +http://ahrefs.com/robot/)"
157.90.182.25 - - [03/Oct/2023:20:35:13 +0200] "GET /lamp-buddha-green-p-44890.html HTTP/1.0" 200 76210 "-" "Mozilla/5.0 (compatible; BLEXBot/1.0; +http://webmeup-crawler.com/)"
157.90.182.25 - - [03/Oct/2023:20:35:21 +0200] "GET /lamp-buddha-pink-p-44891.html HTTP/1.0" 200 77264 "-" "Mozilla/5.0 (compatible; BLEXBot/1.0; +http://webmeup-crawler.com/)"
157.90.182.25 - - [03/Oct/2023:20:35:27 +0200] "GET /lampshades-c-86_277.html?page=2 HTTP/1.0" 200 86046 "-" "Mozilla/5.0 (compatible; BLEXBot/1.0; +http://webmeup-crawler.com/)"
85.208.96.198 - - [03/Oct/2023:20:35:27 +0200] "GET /-p-32345.html HTTP/1.0" 200 73770 "-" "Mozilla/5.0 (compatible; SemrushBot/7~bl; +http://www.semrush.com/bot.html)"
157.90.182.25 - - [03/Oct/2023:20:35:32 +0200] "GET /large-allen-design-bloom-umbrella-p-54947.html HTTP/1.0" 200 77172 "-" "Mozilla/5.0 (compatible; BLEXBot/1.0; +http://webmeup-crawler.com/)"
17.241.219.169 - - [03/Oct/2023:20:35:32 +0200] "GET /padma-blue-p-54308.html HTTP/1.0" 200 76851 "-" "Mozilla/5.0 (Macintosh; Intel Mac OS X 10_15_5) AppleWebKit/605.1.15 (KHTML, like Gecko) Version/13.1.1 Safari/605.1.15 (Applebot/0.1; +http://www.apple.com/go/applebot)"
85.208.96.193 - - [03/Oct/2023:20:35:33 +0200] "GET /cotton-apron-owlet-allen-designs-p-56807.html HTTP/1.0" 200 76950 "-" "Mozilla/5.0 (compatible; SemrushBot/7~bl; +http://www.semrush.com/bot.html)"
185.191.171.12 - - [03/Oct/2023:20:35:37 +0200] "GET /-p-53025.html HTTP/1.0" 200 73770 "-" "Mozilla/5.0 (compatible; SemrushBot/7~bl; +http://www.semrush.com/bot.html)"
157.90.182.25 - - [03/Oct/2023:20:35:37 +0200] "GET /large-allen-design-crasy-umbrella-p-54948.html HTTP/1.0" 200 76985 "-" "Mozilla/5.0 (compatible; BLEXBot/1.0; +http://webmeup-crawler.com/)"
157.90.182.25 - - [03/Oct/2023:20:35:43 +0200] "GET /large-bamboo-humming-bird-p-49568.html HTTP/1.0" 200 76128 "-" "Mozilla/5.0 (compatible; BLEXBot/1.0; +http://webmeup-crawler.com/)"
85.208.96.197 - - [03/Oct/2023:20:35:48 +0200] "GET /cats-dubout-bowl-p-45217.html HTTP/1.0" 200 76071 "-" "Mozilla/5.0 (compatible; SemrushBot/7~bl; +http://www.semrush.com/bot.html)"
157.90.182.25 - - [03/Oct/2023:20:35:49 +0200] "GET /large-bowl-p-53012.html HTTP/1.0" 200 75992 "-" "Mozilla/5.0 (compatible; BLEXBot/1.0; +http://webmeup-crawler.com/)"
54.36.148.99 - - [03/Oct/2023:20:35:50 +0200] "GET /embossed-hanging-plaque-p-60153.html HTTP/1.0" 200 76757 "-" "Mozilla/5.0 (compatible; AhrefsBot/7.0; +http://ahrefs.com/robot/)"
54.36.149.50 - - [03/Oct/2023:20:35:55 +0200] "GET /images/big_prod_1/3700281683134B.jpg HTTP/1.0" 200 271 "-" "Mozilla/5.0 (compatible; AhrefsBot/7.0; +http://ahrefs.com/robot/)"
54.36.148.41 - - [03/Oct/2023:20:35:57 +0200] "GET /images/big_prod/3700281683134.jpg HTTP/1.0" 200 268 "-" "Mozilla/5.0 (compatible; AhrefsBot/7.0; +http://ahrefs.com/robot/)"
157.90.182.25 - - [03/Oct/2023:20:35:56 +0200] "GET /large-bowl-p-53013.html HTTP/1.0" 200 75992 "-" "Mozilla/5.0 (compatible; BLEXBot/1.0; +http://webmeup-crawler.com/)"
213.180.203.46 - - [03/Oct/2023:20:35:57 +0200] "GET /robots.txt HTTP/1.0" 200 245 "-" "Mozilla/5.0 (compatible; YandexBot/3.0; +http://yandex.com/bots)"
213.180.203.225 - - [03/Oct/2023:20:35:58 +0200] "GET /walking-dead-shirt-p-29584.html HTTP/1.0" 200 77269 "-" "Mozilla/5.0 (compatible; YandexBot/3.0; +http://yandex.com/bots)"
157.90.182.25 - - [03/Oct/2023:20:36:00 +0200] "GET /large-bowl-p-53014.html HTTP/1.0" 200 75992 "-" "Mozilla/5.0 (compatible; BLEXBot/1.0; +http://webmeup-crawler.com/)"
157.90.182.25 - - [03/Oct/2023:20:36:07 +0200] "GET /large-bowl-p-53015.html HTTP/1.0" 200 75992 "-" "Mozilla/5.0 (compatible; BLEXBot/1.0; +http://webmeup-crawler.com/)"
157.90.182.25 - - [03/Oct/2023:20:36:13 +0200] "GET /large-bowl-p-53016.html HTTP/1.0" 200 75998 "-" "Mozilla/5.0 (compatible; BLEXBot/1.0; +http://webmeup-crawler.com/)"
157.90.182.25 - - [03/Oct/2023:20:36:19 +0200] "GET /large-bowl-p-53017.html HTTP/1.0" 200 75992 "-" "Mozilla/5.0 (compatible; BLEXBot/1.0; +http://webmeup-crawler.com/)"
106.11.62.3 - - [03/Oct/2023:20:36:24 +0200] "GET /images/mini_prod/1399984221297.jpg HTTP/1.0" 200 269 "-" "Mozilla/5.0 (X11; Ubuntu; Linux x86_64; rv:72.0) Gecko/20100101 Firefox/72.0"
157.90.182.25 - - [03/Oct/2023:20:36:24 +0200] "GET /large-decorative-bell-gold-metal-p-56600.html HTTP/1.0" 200 77144 "-" "Mozilla/5.0 (compatible; BLEXBot/1.0; +http://webmeup-crawler.com/)"
54.36.149.2 - - [03/Oct/2023:20:36:24 +0200] "GET /copains-abord-wooden-tray-p-58484.html HTTP/1.0" 200 76927 "-" "Mozilla/5.0 (compatible; AhrefsBot/7.0; +http://ahrefs.com/robot/)"
157.90.182.25 - - [03/Oct/2023:20:36:30 +0200] "GET /large-decorative-bell-gold-metal-p-56601.html HTTP/1.0" 200 77065 "-" "Mozilla/5.0 (compatible; BLEXBot/1.0; +http://webmeup-crawler.com/)"
157.90.182.25 - - [03/Oct/2023:20:36:37 +0200] "GET /large-decorative-bell-gold-metal-p-56602.html HTTP/1.0" 200 77075 "-" "Mozilla/5.0 (compatible; BLEXBot/1.0; +http://webmeup-crawler.com/)"
114.119.148.161 - - [03/Oct/2023:20:36:42 +0200] "GET /tisanire-cement-tiles-green-p-55751.html HTTP/1.0" 200 76176 "http://www.wonder-geek.com/with-infuser-c-12_221.html?page=2" "Mozilla/5.0 (Linux; Android 7.0;) AppleWebKit/537.36 (KHTML, like Gecko) Mobile Safari/537.36 (compatible; PetalBot;+https://webmaster.petalsearch.com/site/petalbot)"
157.90.182.25 - - [03/Oct/2023:20:36:45 +0200] "GET /large-ethnic-elephant-storage-p-57346.html HTTP/1.0" 200 77364 "-" "Mozilla/5.0 (compatible; BLEXBot/1.0; +http://webmeup-crawler.com/)"
157.90.182.25 - - [03/Oct/2023:20:36:52 +0200] "GET /large-gogh-umbrella-p-52394.html HTTP/1.0" 200 76829 "-" "Mozilla/5.0 (compatible; BLEXBot/1.0; +http://webmeup-crawler.com/)"
157.90.182.25 - - [03/Oct/2023:20:36:58 +0200] "GET /large-gogh-umbrella-p-52395.html HTTP/1.0" 200 76829 "-" "Mozilla/5.0 (compatible; BLEXBot/1.0; +http://webmeup-crawler.com/)"
54.36.148.116 - - [03/Oct/2023:20:37:00 +0200] "GET /decorative-door-sticker-p-51536.html HTTP/1.0" 200 76948 "-" "Mozilla/5.0 (compatible; AhrefsBot/7.0; +http://ahrefs.com/robot/)"
216.244.66.242 - - [03/Oct/2023:20:37:02 +0200] "GET /scooters-saltshaker-pepper-p-27737.html HTTP/1.0" 200 73880 "-" "Mozilla/5.0 (compatible; DotBot/1.2; +https://opensiteexplorer.org/dotbot; help@moz.com)"
54.36.149.6 - - [03/Oct/2023:20:37:04 +0200] "GET /images/big_prod/3609810096226B.jpg HTTP/1.0" 200 269 "-" "Mozilla/5.0 (compatible; AhrefsBot/7.0; +http://ahrefs.com/robot/)"
157.90.182.25 - - [03/Oct/2023:20:37:04 +0200] "GET /large-maxi-trays-c-12_159_262.html?page=2 HTTP/1.0" 200 89147 "-" "Mozilla/5.0 (compatible; BLEXBot/1.0; +http://webmeup-crawler.com/)"
157.90.182.25 - - [03/Oct/2023:20:37:13 +0200] "GET /large-wallet-terrasse-soir-gogh-p-54978.html HTTP/1.0" 200 77209 "-" "Mozilla/5.0 (compatible; BLEXBot/1.0; +http://webmeup-crawler.com/)"
157.90.182.25 - - [03/Oct/2023:20:37:19 +0200] "GET /large-woven-bamboo-tray-p-59922.html HTTP/1.0" 200 77021 "-" "Mozilla/5.0 (compatible; BLEXBot/1.0; +http://webmeup-crawler.com/)"
157.90.182.25 - - [03/Oct/2023:20:37:25 +0200] "GET /lavande-soap-soap-p-40113.html HTTP/1.0" 200 76418 "-" "Mozilla/5.0 (compatible; BLEXBot/1.0; +http://webmeup-crawler.com/)"
157.90.182.25 - - [03/Oct/2023:20:37:32 +0200] "GET /lavander-bath-soap-dish-p-51392.html HTTP/1.0" 200 76758 "-" "Mozilla/5.0 (compatible; BLEXBot/1.0; +http://webmeup-crawler.com/)"
157.90.182.25 - - [03/Oct/2023:20:37:38 +0200] "GET /lavander-cotton-table-runner-p-60394.html HTTP/1.0" 200 77114 "-" "Mozilla/5.0 (compatible; BLEXBot/1.0; +http://webmeup-crawler.com/)"
54.36.148.88 - - [03/Oct/2023:20:37:42 +0200] "GET /fitted-sheet-mastic-p-43594.html HTTP/1.0" 200 76155 "-" "Mozilla/5.0 (compatible; AhrefsBot/7.0; +http://ahrefs.com/robot/)"
157.90.182.25 - - [03/Oct/2023:20:37:44 +0200] "GET /lavender-provence-little-tray-p-39727.html HTTP/1.0" 200 76974 "-" "Mozilla/5.0 (compatible; BLEXBot/1.0; +http://webmeup-crawler.com/)"
157.90.182.25 - - [03/Oct/2023:20:37:52 +0200] "GET /lavender-soap-dispenser-p-51395.html HTTP/1.0" 200 76173 "-" "Mozilla/5.0 (compatible; BLEXBot/1.0; +http://webmeup-crawler.com/)"
157.90.182.25 - - [03/Oct/2023:20:37:58 +0200] "GET /league-passport-case-p-24992.html HTTP/1.0" 200 76799 "-" "Mozilla/5.0 (compatible; BLEXBot/1.0; +http://webmeup-crawler.com/)"
157.90.182.25 - - [03/Oct/2023:20:38:08 +0200] "GET /leather-wallet-indian-skull-black-p-47354.html HTTP/1.0" 200 77052 "-" "Mozilla/5.0 (compatible; BLEXBot/1.0; +http://webmeup-crawler.com/)"
157.90.182.25 - - [03/Oct/2023:20:38:12 +0200] "GET /leather-wallet-spades-p-47351.html HTTP/1.0" 200 77173 "-" "Mozilla/5.0 (compatible; BLEXBot/1.0; +http://webmeup-crawler.com/)"
54.36.148.152 - - [03/Oct/2023:20:38:14 +0200] "GET /monster-high-stationery-p-20401.html HTTP/1.0" 200 76392 "-" "Mozilla/5.0 (compatible; AhrefsBot/7.0; +http://ahrefs.com/robot/)"
157.90.182.25 - - [03/Oct/2023:20:38:17 +0200] "GET /leaves-cookware-p-51794.html HTTP/1.0" 200 76766 "-" "Mozilla/5.0 (compatible; BLEXBot/1.0; +http://webmeup-crawler.com/)"
54.36.149.77 - - [03/Oct/2023:20:38:22 +0200] "GET /images/3700791200159.jpg HTTP/1.0" 200 259 "-" "Mozilla/5.0 (compatible; AhrefsBot/7.0; +http://ahrefs.com/robot/)"
157.90.182.25 - - [03/Oct/2023:20:38:22 +0200] "GET /lego-star-wars-polar-blanket-p-49677.html HTTP/1.0" 200 76823 "-" "Mozilla/5.0 (compatible; BLEXBot/1.0; +http://webmeup-crawler.com/)"
157.90.182.25 - - [03/Oct/2023:20:38:26 +0200] "GET /lemons-cotton-table-runner-p-60545.html HTTP/1.0" 200 77084 "-" "Mozilla/5.0 (compatible; BLEXBot/1.0; +http://webmeup-crawler.com/)"
157.90.182.25 - - [03/Oct/2023:20:38:31 +0200] "GET /lena-bedclothes-p-57075.html HTTP/1.0" 200 76840 "-" "Mozilla/5.0 (compatible; BLEXBot/1.0; +http://webmeup-crawler.com/)"
157.90.182.25 - - [03/Oct/2023:20:38:36 +0200] "GET /lentil-case-p-47534.html HTTP/1.0" 200 76732 "-" "Mozilla/5.0 (compatible; BLEXBot/1.0; +http://webmeup-crawler.com/)"
157.90.182.25 - - [03/Oct/2023:20:38:41 +0200] "GET /letter-wall-decor-sticker-gray-p-57772.html HTTP/1.0" 200 76944 "-" "Mozilla/5.0 (compatible; BLEXBot/1.0; +http://webmeup-crawler.com/)"
157.90.182.25 - - [03/Oct/2023:20:38:50 +0200] "GET /letter-wall-decor-sticker-gray-p-57773.html HTTP/1.0" 200 77005 "-" "Mozilla/5.0 (compatible; BLEXBot/1.0; +http://webmeup-crawler.com/)"
157.90.182.25 - - [03/Oct/2023:20:38:56 +0200] "GET /letter-wall-decor-sticker-gray-p-57774.html HTTP/1.0" 200 77005 "-" "Mozilla/5.0 (compatible; BLEXBot/1.0; +http://webmeup-crawler.com/)"
54.36.148.37 - - [03/Oct/2023:20:38:57 +0200] "GET /guam-cotton-basket-p-57905.html HTTP/1.0" 200 76742 "-" "Mozilla/5.0 (compatible; AhrefsBot/7.0; +http://ahrefs.com/robot/)"
185.191.171.4 - - [03/Oct/2023:20:39:00 +0200] "GET /-p-32888.html?action=add_product HTTP/1.0" 302 476 "-" "Mozilla/5.0 (compatible; SemrushBot/7~bl; +http://www.semrush.com/bot.html)"
54.36.148.116 - - [03/Oct/2023:20:39:01 +0200] "GET /images/big_prod_1/3665269198195a.jpg HTTP/1.0" 200 271 "-" "Mozilla/5.0 (compatible; AhrefsBot/7.0; +http://ahrefs.com/robot/)"
54.36.148.183 - - [03/Oct/2023:20:39:03 +0200] "GET /images/big_prod/3665269198195.jpg HTTP/1.0" 200 268 "-" "Mozilla/5.0 (compatible; AhrefsBot/7.0; +http://ahrefs.com/robot/)"
157.90.182.25 - - [03/Oct/2023:20:39:04 +0200] "GET /letter-wall-decor-sticker-gray-p-57775.html HTTP/1.0" 200 77004 "-" "Mozilla/5.0 (compatible; BLEXBot/1.0; +http://webmeup-crawler.com/)"
157.90.182.25 - - [03/Oct/2023:20:39:10 +0200] "GET /letter-wall-decor-sticker-gray-p-57776.html HTTP/1.0" 200 77005 "-" "Mozilla/5.0 (compatible; BLEXBot/1.0; +http://webmeup-crawler.com/)"
157.90.182.25 - - [03/Oct/2023:20:39:15 +0200] "GET /letter-wall-decor-sticker-gray-p-57777.html HTTP/1.0" 200 77005 "-" "Mozilla/5.0 (compatible; BLEXBot/1.0; +http://webmeup-crawler.com/)"
157.90.182.25 - - [03/Oct/2023:20:39:19 +0200] "GET /letter-wall-decor-sticker-gray-p-57778.html HTTP/1.0" 200 77005 "-" "Mozilla/5.0 (compatible; BLEXBot/1.0; +http://webmeup-crawler.com/)"
157.90.182.25 - - [03/Oct/2023:20:39:24 +0200] "GET /letter-wall-decor-sticker-gray-p-57779.html HTTP/1.0" 200 77004 "-" "Mozilla/5.0 (compatible; BLEXBot/1.0; +http://webmeup-crawler.com/)"
54.36.149.63 - - [03/Oct/2023:20:39:29 +0200] "GET /mobile-lunar-phases-p-55724.html HTTP/1.0" 200 76721 "-" "Mozilla/5.0 (compatible; AhrefsBot/7.0; +http://ahrefs.com/robot/)"
157.90.182.25 - - [03/Oct/2023:20:39:30 +0200] "GET /letter-wall-decor-sticker-gray-p-57780.html HTTP/1.0" 200 77005 "-" "Mozilla/5.0 (compatible; BLEXBot/1.0; +http://webmeup-crawler.com/)"
114.119.131.200 - - [03/Oct/2023:20:39:30 +0200] "GET /metal-tray-p-45853.html HTTP/1.0" 200 76180 "http://www.wonder-geek.com/dishes-c-12.html?page=38" "Mozilla/5.0 (Linux; Android 7.0;) AppleWebKit/537.36 (KHTML, like Gecko) Mobile Safari/537.36 (compatible; PetalBot;+https://webmaster.petalsearch.com/site/petalbot)"
54.36.148.23 - - [03/Oct/2023:20:39:36 +0200] "GET /images/big_prod_1/3520071776903a.jpg HTTP/1.0" 200 271 "-" "Mozilla/5.0 (compatible; AhrefsBot/7.0; +http://ahrefs.com/robot/)"
157.90.182.25 - - [03/Oct/2023:20:39:36 +0200] "GET /letter-wall-decor-sticker-gray-p-57781.html HTTP/1.0" 200 77005 "-" "Mozilla/5.0 (compatible; BLEXBot/1.0; +http://webmeup-crawler.com/)"
157.90.182.25 - - [03/Oct/2023:20:39:41 +0200] "GET /letter-wall-decor-sticker-gray-p-57782.html HTTP/1.0" 200 77004 "-" "Mozilla/5.0 (compatible; BLEXBot/1.0; +http://webmeup-crawler.com/)"
157.90.182.25 - - [03/Oct/2023:20:39:46 +0200] "GET /letter-wall-decor-sticker-gray-p-57783.html HTTP/1.0" 200 77004 "-" "Mozilla/5.0 (compatible; BLEXBot/1.0; +http://webmeup-crawler.com/)"
185.191.171.5 - - [03/Oct/2023:20:39:52 +0200] "GET /beatles-sergent-peppers-black-cover-ipad-tablets-p-17618.html HTTP/1.0" 200 76600 "-" "Mozilla/5.0 (compatible; SemrushBot/7~bl; +http://www.semrush.com/bot.html)"
157.90.182.25 - - [03/Oct/2023:20:39:53 +0200] "GET /letter-wall-decor-sticker-gray-p-57784.html HTTP/1.0" 200 77005 "-" "Mozilla/5.0 (compatible; BLEXBot/1.0; +http://webmeup-crawler.com/)"
157.90.182.25 - - [03/Oct/2023:20:39:57 +0200] "GET /letter-wall-decor-sticker-gray-p-57785.html HTTP/1.0" 200 76998 "-" "Mozilla/5.0 (compatible; BLEXBot/1.0; +http://webmeup-crawler.com/)"
185.191.171.13 - - [03/Oct/2023:20:40:00 +0200] "GET /round-straw-placemat-black-p-60893.html HTTP/1.0" 200 76718 "-" "Mozilla/5.0 (compatible; SemrushBot/7~bl; +http://www.semrush.com/bot.html)"
157.90.182.25 - - [03/Oct/2023:20:40:02 +0200] "GET /letter-wall-decor-sticker-gray-p-57786.html HTTP/1.0" 200 77005 "-" "Mozilla/5.0 (compatible; BLEXBot/1.0; +http://webmeup-crawler.com/)"
157.90.182.25 - - [03/Oct/2023:20:40:11 +0200] "GET /letter-wall-decor-sticker-gray-p-57787.html HTTP/1.0" 200 77005 "-" "Mozilla/5.0 (compatible; BLEXBot/1.0; +http://webmeup-crawler.com/)"
54.36.149.25 - - [03/Oct/2023:20:40:16 +0200] "GET /wooden-tray-with-aluminum-handles-p-54589.html HTTP/1.0" 200 76982 "-" "Mozilla/5.0 (compatible; AhrefsBot/7.0; +http://ahrefs.com/robot/)"
157.90.182.25 - - [03/Oct/2023:20:40:17 +0200] "GET /letter-wall-decor-sticker-gray-p-57788.html HTTP/1.0" 200 77005 "-" "Mozilla/5.0 (compatible; BLEXBot/1.0; +http://webmeup-crawler.com/)"
157.90.182.25 - - [03/Oct/2023:20:40:24 +0200] "GET /letter-wall-decor-sticker-gray-p-57789.html HTTP/1.0" 200 76958 "-" "Mozilla/5.0 (compatible; BLEXBot/1.0; +http://webmeup-crawler.com/)"
157.90.182.25 - - [03/Oct/2023:20:40:29 +0200] "GET /letter-wall-decor-sticker-gray-p-57790.html HTTP/1.0" 200 77005 "-" "Mozilla/5.0 (compatible; BLEXBot/1.0; +http://webmeup-crawler.com/)"
157.90.182.25 - - [03/Oct/2023:20:40:35 +0200] "GET /light-brown-bubble-girl-vase-p-60375.html HTTP/1.0" 200 77041 "-" "Mozilla/5.0 (compatible; BLEXBot/1.0; +http://webmeup-crawler.com/)"
157.90.182.25 - - [03/Oct/2023:20:40:41 +0200] "GET /light-brown-fitted-sheet-p-39683.html HTTP/1.0" 200 76820 "-" "Mozilla/5.0 (compatible; BLEXBot/1.0; +http://webmeup-crawler.com/)"
157.90.182.25 - - [03/Oct/2023:20:40:47 +0200] "GET /light-bulb-loop-p-42508.html HTTP/1.0" 200 76116 "-" "Mozilla/5.0 (compatible; BLEXBot/1.0; +http://webmeup-crawler.com/)"
157.90.182.25 - - [03/Oct/2023:20:40:52 +0200] "GET /light-bulb-p-58052.html HTTP/1.0" 200 76692 "-" "Mozilla/5.0 (compatible; BLEXBot/1.0; +http://webmeup-crawler.com/)"
54.36.148.35 - - [03/Oct/2023:20:40:53 +0200] "GET /ball-keyring-p-56637.html HTTP/1.0" 200 76864 "-" "Mozilla/5.0 (compatible; AhrefsBot/7.0; +http://ahrefs.com/robot/)"
114.119.139.133 - - [03/Oct/2023:20:40:54 +0200] "GET /ty-the-beanie-buddies-plush-my-little-pony-rarity-30-cm-p-27344.html HTTP/1.0" 301 74054 "http://www.wonder-geek.com/games-and-toys-c-4.html?page=14" "Mozilla/5.0 (Linux; Android 7.0;) AppleWebKit/537.36 (KHTML, like Gecko) Mobile Safari/537.36 (compatible; PetalBot;+https://webmaster.petalsearch.com/site/petalbot)"
157.90.182.25 - - [03/Oct/2023:20:40:57 +0200] "GET /light-garland-collection-canar-girly-p-39463.html HTTP/1.0" 200 77172 "-" "Mozilla/5.0 (compatible; BLEXBot/1.0; +http://webmeup-crawler.com/)"
185.191.171.7 - - [03/Oct/2023:20:41:04 +0200] "GET /robots.txt HTTP/1.0" 200 245 "-" "Mozilla/5.0 (compatible; SemrushBot/7~bl; +http://www.semrush.com/bot.html)"
157.90.182.25 - - [03/Oct/2023:20:41:03 +0200] "GET /light-garland-collection-canar-love-vilain-p-39461.html HTTP/1.0" 200 77225 "-" "Mozilla/5.0 (compatible; BLEXBot/1.0; +http://webmeup-crawler.com/)"
85.208.96.200 - - [03/Oct/2023:20:41:04 +0200] "GET /-p-23404.html HTTP/1.0" 200 73770 "-" "Mozilla/5.0 (compatible; SemrushBot/7~bl; +http://www.semrush.com/bot.html)"
54.36.148.62 - - [03/Oct/2023:20:41:07 +0200] "GET /images/big_prod_2/3700516241221C.jpg HTTP/1.0" 200 271 "-" "Mozilla/5.0 (compatible; AhrefsBot/7.0; +http://ahrefs.com/robot/)"
85.208.96.196 - - [03/Oct/2023:20:41:07 +0200] "GET /mickey-mouse-sports-bottle-p-25061.html HTTP/1.0" 200 76983 "-" "Mozilla/5.0 (compatible; SemrushBot/7~bl; +http://www.semrush.com/bot.html)"
157.90.182.25 - - [03/Oct/2023:20:41:07 +0200] "GET /light-garland-collection-canar-multicolor-p-39459.html HTTP/1.0" 200 77037 "-" "Mozilla/5.0 (compatible; BLEXBot/1.0; +http://webmeup-crawler.com/)"
54.36.148.72 - - [03/Oct/2023:20:41:09 +0200] "GET /images/big_prod/3700516241221.jpg HTTP/1.0" 200 268 "-" "Mozilla/5.0 (compatible; AhrefsBot/7.0; +http://ahrefs.com/robot/)"
114.119.139.133 - - [03/Oct/2023:20:41:12 +0200] "GET /beanie-buddies-plush-little-pony-rarity-p-27344.html HTTP/1.0" 200 73948 "http://www.wonder-geek.com/games-and-toys-c-4.html?page=14" "Mozilla/5.0 (Linux; Android 7.0;) AppleWebKit/537.36 (KHTML, like Gecko) Mobile Safari/537.36 (compatible; PetalBot;+https://webmaster.petalsearch.com/site/petalbot)"
157.90.182.25 - - [03/Oct/2023:20:41:12 +0200] "GET /light-garland-collection-canar-p-39464.html HTTP/1.0" 200 77145 "-" "Mozilla/5.0 (compatible; BLEXBot/1.0; +http://webmeup-crawler.com/)"
157.90.182.25 - - [03/Oct/2023:20:41:17 +0200] "GET /light-garland-collection-canar-p-39466.html HTTP/1.0" 200 77145 "-" "Mozilla/5.0 (compatible; BLEXBot/1.0; +http://webmeup-crawler.com/)"
157.90.182.25 - - [03/Oct/2023:20:41:22 +0200] "GET /light-garland-collection-canar-rainbow-p-39460.html HTTP/1.0" 200 77016 "-" "Mozilla/5.0 (compatible; BLEXBot/1.0; +http://webmeup-crawler.com/)"
157.90.182.25 - - [03/Oct/2023:20:41:27 +0200] "GET /light-garland-collection-canar-soft-pink-p-39465.html HTTP/1.0" 200 77263 "-" "Mozilla/5.0 (compatible; BLEXBot/1.0; +http://webmeup-crawler.com/)"
216.244.66.242 - - [03/Oct/2023:20:41:30 +0200] "GET /-p-31347.html HTTP/1.0" 200 73770 "-" "Mozilla/5.0 (compatible; DotBot/1.2; +https://opensiteexplorer.org/dotbot; help@moz.com)"
54.36.149.57 - - [03/Oct/2023:20:41:31 +0200] "GET /statuette-saint-joseph-bronze-color-p-59319.html HTTP/1.0" 200 77920 "-" "Mozilla/5.0 (compatible; AhrefsBot/7.0; +http://ahrefs.com/robot/)"
157.90.182.25 - - [03/Oct/2023:20:41:31 +0200] "GET /light-garland-pastel-deer-p-55385.html HTTP/1.0" 200 77333 "-" "Mozilla/5.0 (compatible; BLEXBot/1.0; +http://webmeup-crawler.com/)"
54.36.149.49 - - [03/Oct/2023:20:41:37 +0200] "GET /images/big_prod_2/3700344940587D.jpg HTTP/1.0" 200 271 "-" "Mozilla/5.0 (compatible; AhrefsBot/7.0; +http://ahrefs.com/robot/)"
54.36.148.122 - - [03/Oct/2023:20:41:37 +0200] "GET /images/big_prod_1/3700344940587C.jpg HTTP/1.0" 200 271 "-" "Mozilla/5.0 (compatible; AhrefsBot/7.0; +http://ahrefs.com/robot/)"
157.90.182.25 - - [03/Oct/2023:20:41:36 +0200] "GET /light-grey-lampshade-p-56444.html HTTP/1.0" 200 76982 "-" "Mozilla/5.0 (compatible; BLEXBot/1.0; +http://webmeup-crawler.com/)"
54.36.149.30 - - [03/Oct/2023:20:41:38 +0200] "GET /images/big_prod_3/3700344940587E.jpg HTTP/1.0" 200 271 "-" "Mozilla/5.0 (compatible; AhrefsBot/7.0; +http://ahrefs.com/robot/)"
54.36.148.254 - - [03/Oct/2023:20:41:41 +0200] "GET /images/big_prod/3700344940587B.jpg HTTP/1.0" 200 269 "-" "Mozilla/5.0 (compatible; AhrefsBot/7.0; +http://ahrefs.com/robot/)"
157.90.182.25 - - [03/Oct/2023:20:41:41 +0200] "GET /light-purple-adult-cotton-apron-p-44363.html HTTP/1.0" 200 76176 "-" "Mozilla/5.0 (compatible; BLEXBot/1.0; +http://webmeup-crawler.com/)"
157.90.182.25 - - [03/Oct/2023:20:41:47 +0200] "GET /lighting-c-86.html?page=10 HTTP/1.0" 200 94928 "-" "Mozilla/5.0 (compatible; BLEXBot/1.0; +http://webmeup-crawler.com/)"
157.90.182.25 - - [03/Oct/2023:20:41:52 +0200] "GET /lighting-c-86.html?page=11 HTTP/1.0" 200 95598 "-" "Mozilla/5.0 (compatible; BLEXBot/1.0; +http://webmeup-crawler.com/)"
216.244.66.242 - - [03/Oct/2023:20:41:54 +0200] "GET /vintage-adult-apron-p-38481.html HTTP/1.0" 200 76103 "-" "Mozilla/5.0 (compatible; DotBot/1.2; +https://opensiteexplorer.org/dotbot; help@moz.com)"
157.90.182.25 - - [03/Oct/2023:20:41:57 +0200] "GET /lighting-c-86.html?page=2 HTTP/1.0" 200 94431 "-" "Mozilla/5.0 (compatible; BLEXBot/1.0; +http://webmeup-crawler.com/)"
157.90.182.25 - - [03/Oct/2023:20:42:02 +0200] "GET /lighting-c-86.html?page=3 HTTP/1.0" 200 95098 "-" "Mozilla/5.0 (compatible; BLEXBot/1.0; +http://webmeup-crawler.com/)"
54.36.149.105 - - [03/Oct/2023:20:42:04 +0200] "GET /sequined-african-elephant-statue-p-59224.html HTTP/1.0" 200 77229 "-" "Mozilla/5.0 (compatible; AhrefsBot/7.0; +http://ahrefs.com/robot/)"
157.90.182.25 - - [03/Oct/2023:20:42:07 +0200] "GET /lighting-c-86.html?page=4 HTTP/1.0" 200 95084 "-" "Mozilla/5.0 (compatible; BLEXBot/1.0; +http://webmeup-crawler.com/)"
114.119.148.155 - - [03/Oct/2023:20:42:17 +0200] "GET /tree-life-isothermic-stainless-steel-bottle-cbkreation-p-51015.html HTTP/1.0" 200 76407 "http://www.wonder-geek.com/water-bottles-sport-bottles-c-12_161.html?page=9" "Mozilla/5.0 (Linux; Android 7.0;) AppleWebKit/537.36 (KHTML, like Gecko) Mobile Safari/537.36 (compatible; PetalBot;+https://webmaster.petalsearch.com/site/petalbot)"
157.90.182.25 - - [03/Oct/2023:20:42:18 +0200] "GET /lighting-c-86.html?page=5 HTTP/1.0" 200 94785 "-" "Mozilla/5.0 (compatible; BLEXBot/1.0; +http://webmeup-crawler.com/)"
157.90.182.25 - - [03/Oct/2023:20:42:26 +0200] "GET /lighting-c-86.html?page=6 HTTP/1.0" 200 94804 "-" "Mozilla/5.0 (compatible; BLEXBot/1.0; +http://webmeup-crawler.com/)"
157.90.182.25 - - [03/Oct/2023:20:42:31 +0200] "GET /lighting-c-86.html?page=7 HTTP/1.0" 200 95360 "-" "Mozilla/5.0 (compatible; BLEXBot/1.0; +http://webmeup-crawler.com/)"
157.90.182.25 - - [03/Oct/2023:20:42:36 +0200] "GET /lighting-c-86.html?page=8 HTTP/1.0" 200 94701 "-" "Mozilla/5.0 (compatible; BLEXBot/1.0; +http://webmeup-crawler.com/)"
157.90.182.25 - - [03/Oct/2023:20:42:41 +0200] "GET /lighting-c-86.html?page=9 HTTP/1.0" 200 95473 "-" "Mozilla/5.0 (compatible; BLEXBot/1.0; +http://webmeup-crawler.com/)"
54.36.148.47 - - [03/Oct/2023:20:42:45 +0200] "GET /amethyst-salt-lamp-p-50903.html HTTP/1.0" 200 78574 "-" "Mozilla/5.0 (compatible; AhrefsBot/7.0; +http://ahrefs.com/robot/)"
157.90.182.25 - - [03/Oct/2023:20:42:46 +0200] "GET /lilac-kitchen-towel-p-44422.html HTTP/1.0" 200 76131 "-" "Mozilla/5.0 (compatible; BLEXBot/1.0; +http://webmeup-crawler.com/)"
54.36.148.171 - - [03/Oct/2023:20:42:50 +0200] "GET /images/big_prod_1/8719497619993a.jpg HTTP/1.0" 200 271 "-" "Mozilla/5.0 (compatible; AhrefsBot/7.0; +http://ahrefs.com/robot/)"
157.90.182.25 - - [03/Oct/2023:20:42:52 +0200] "GET /limited-edition-small-wallet-ladybird-gorjuss-p-35138.html HTTP/1.0" 200 77231 "-" "Mozilla/5.0 (compatible; BLEXBot/1.0; +http://webmeup-crawler.com/)"
114.119.148.189 - - [03/Oct/2023:20:42:53 +0200] "GET /teo-jasmin-large-cabas-jasmine-p-46986.html HTTP/1.0" 301 73837 "http://www.wonder-geek.com/bagshandbags-shoulder-bags-c-31_81.html?page=11" "Mozilla/5.0 (Linux; Android 7.0;) AppleWebKit/537.36 (KHTML, like Gecko) Mobile Safari/537.36 (compatible; PetalBot;+https://webmaster.petalsearch.com/site/petalbot)"
114.119.148.189 - - [03/Oct/2023:20:42:56 +0200] "GET /-p-46986.html HTTP/1.0" 200 73770 "http://www.wonder-geek.com/bagshandbags-shoulder-bags-c-31_81.html?page=11" "Mozilla/5.0 (Linux; Android 7.0;) AppleWebKit/537.36 (KHTML, like Gecko) Mobile Safari/537.36 (compatible; PetalBot;+https://webmaster.petalsearch.com/site/petalbot)"
157.90.182.25 - - [03/Oct/2023:20:42:57 +0200] "GET /linda-shower-curtain-p-60817.html HTTP/1.0" 200 76836 "-" "Mozilla/5.0 (compatible; BLEXBot/1.0; +http://webmeup-crawler.com/)"
157.90.182.25 - - [03/Oct/2023:20:43:02 +0200] "GET /line-phone-cover-iphone-p-14763.html HTTP/1.0" 200 76953 "-" "Mozilla/5.0 (compatible; BLEXBot/1.0; +http://webmeup-crawler.com/)"
157.90.182.25 - - [03/Oct/2023:20:43:07 +0200] "GET /linen-c-11_68.html?page=2 HTTP/1.0" 200 94109 "-" "Mozilla/5.0 (compatible; BLEXBot/1.0; +http://webmeup-crawler.com/)"
157.90.182.25 - - [03/Oct/2023:20:43:16 +0200] "GET /linen-c-11_68.html?page=3 HTTP/1.0" 200 94263 "-" "Mozilla/5.0 (compatible; BLEXBot/1.0; +http://webmeup-crawler.com/)"
54.36.148.223 - - [03/Oct/2023:20:43:28 +0200] "GET /funny-pets-mobile-sock-p-33096.html HTTP/1.0" 200 76275 "-" "Mozilla/5.0 (compatible; AhrefsBot/7.0; +http://ahrefs.com/robot/)"
157.90.182.25 - - [03/Oct/2023:20:43:29 +0200] "GET /linen-c-11_68.html?page=4 HTTP/1.0" 200 91353 "-" "Mozilla/5.0 (compatible; BLEXBot/1.0; +http://webmeup-crawler.com/)"
54.36.149.15 - - [03/Oct/2023:20:43:34 +0200] "GET /images/big_prod/1399984286210.jpg HTTP/1.0" 200 268 "-" "Mozilla/5.0 (compatible; AhrefsBot/7.0; +http://ahrefs.com/robot/)"
157.90.182.25 - - [03/Oct/2023:20:43:36 +0200] "GET /litre-p-33908.html HTTP/1.0" 200 76084 "-" "Mozilla/5.0 (compatible; BLEXBot/1.0; +http://webmeup-crawler.com/)"
157.90.182.25 - - [03/Oct/2023:20:43:41 +0200] "GET /little-black-moustache-ring-p-18693.html HTTP/1.0" 200 77376 "-" "Mozilla/5.0 (compatible; BLEXBot/1.0; +http://webmeup-crawler.com/)"
157.90.182.25 - - [03/Oct/2023:20:43:45 +0200] "GET /little-buddha-glasses-case-green-p-50253.html HTTP/1.0" 200 76880 "-" "Mozilla/5.0 (compatible; BLEXBot/1.0; +http://webmeup-crawler.com/)"
157.90.182.25 - - [03/Oct/2023:20:43:51 +0200] "GET /little-buddha-glasses-case-p-53303.html HTTP/1.0" 200 76223 "-" "Mozilla/5.0 (compatible; BLEXBot/1.0; +http://webmeup-crawler.com/)"
157.90.182.25 - - [03/Oct/2023:20:43:56 +0200] "GET /little-buddha-glasses-case-p-53304.html HTTP/1.0" 200 76223 "-" "Mozilla/5.0 (compatible; BLEXBot/1.0; +http://webmeup-crawler.com/)"
66.249.66.196 - - [03/Oct/2023:20:43:57 +0200] "GET /grapefruit-kitchen-towel-p-43333.html HTTP/1.0" 200 73856 "-" "Mozilla/5.0 (Linux; Android 6.0.1; Nexus 5X Build/MMB29P) AppleWebKit/537.36 (KHTML, like Gecko) Chrome/117.0.5938.132 Mobile Safari/537.36 (compatible; Googlebot/2.1; +http://www.google.com/bot.html)"
54.36.148.251 - - [03/Oct/2023:20:43:59 +0200] "GET /white-ceramic-p-55576.html HTTP/1.0" 200 76647 "-" "Mozilla/5.0 (compatible; AhrefsBot/7.0; +http://ahrefs.com/robot/)"
157.90.182.25 - - [03/Oct/2023:20:44:00 +0200] "GET /little-buddha-glasses-case-p-53306.html HTTP/1.0" 200 76223 "-" "Mozilla/5.0 (compatible; BLEXBot/1.0; +http://webmeup-crawler.com/)"
157.90.182.25 - - [03/Oct/2023:20:44:06 +0200] "GET /little-buddha-glasses-case-pink-p-50255.html HTTP/1.0" 200 76873 "-" "Mozilla/5.0 (compatible; BLEXBot/1.0; +http://webmeup-crawler.com/)"
54.36.149.6 - - [03/Oct/2023:20:44:08 +0200] "GET /images/big_prod_1/8422010197716a.jpg HTTP/1.0" 200 271 "-" "Mozilla/5.0 (compatible; AhrefsBot/7.0; +http://ahrefs.com/robot/)"
185.191.171.19 - - [03/Oct/2023:20:44:09 +0200] "GET /-p-45447.html HTTP/1.0" 200 73770 "-" "Mozilla/5.0 (compatible; SemrushBot/7~bl; +http://www.semrush.com/bot.html)"
157.90.182.25 - - [03/Oct/2023:20:44:11 +0200] "GET /little-buddha-glasses-case-yellow-p-50252.html HTTP/1.0" 200 76887 "-" "Mozilla/5.0 (compatible; BLEXBot/1.0; +http://webmeup-crawler.com/)"
157.90.182.25 - - [03/Oct/2023:20:44:15 +0200] "GET /little-buddha-happy-statue-p-37709.html HTTP/1.0" 200 76226 "-" "Mozilla/5.0 (compatible; BLEXBot/1.0; +http://webmeup-crawler.com/)"
157.90.182.25 - - [03/Oct/2023:20:44:20 +0200] "GET /little-buddha-happy-statue-p-37710.html HTTP/1.0" 200 76226 "-" "Mozilla/5.0 (compatible; BLEXBot/1.0; +http://webmeup-crawler.com/)"
157.90.182.25 - - [03/Oct/2023:20:44:25 +0200] "GET /little-buddha-resin-money-blue-p-56378.html HTTP/1.0" 200 76822 "-" "Mozilla/5.0 (compatible; BLEXBot/1.0; +http://webmeup-crawler.com/)"
185.191.171.8 - - [03/Oct/2023:20:44:28 +0200] "GET /decorations-c-13_89.html?page=8 HTTP/1.0" 200 81847 "-" "Mozilla/5.0 (compatible; SemrushBot/7~bl; +http://www.semrush.com/bot.html)"
157.90.182.25 - - [03/Oct/2023:20:44:30 +0200] "GET /little-buddha-resin-money-green-p-56377.html HTTP/1.0" 200 76829 "-" "Mozilla/5.0 (compatible; BLEXBot/1.0; +http://webmeup-crawler.com/)"
20.12.62.92 - - [03/Oct/2023:20:44:32 +0200] "HEAD /wordpress HTTP/1.0" 301 199 "-" "Mozilla/5.0 (Windows NT 10.0; Win64; x64) AppleWebKit/537.36 (KHTML, like Gecko) Chrome/74.0.3729.169 Safari/537.36"
20.12.62.92 - - [03/Oct/2023:20:44:32 +0200] "HEAD /wordpress HTTP/1.0" 404 272 "http://wonder-geek.com/wordpress" "Mozilla/5.0 (Windows NT 10.0; Win64; x64) AppleWebKit/537.36 (KHTML, like Gecko) Chrome/74.0.3729.169 Safari/537.36"
20.12.62.92 - - [03/Oct/2023:20:44:33 +0200] "HEAD / HTTP/1.0" 301 190 "-" "Mozilla/5.0 (Windows NT 10.0; Win64; x64) AppleWebKit/537.36 (KHTML, like Gecko) Chrome/74.0.3729.169 Safari/537.36"
20.12.62.92 - - [03/Oct/2023:20:44:33 +0200] "HEAD / HTTP/1.0" 200 386 "http://wonder-geek.com/" "Mozilla/5.0 (Windows NT 10.0; Win64; x64) AppleWebKit/537.36 (KHTML, like Gecko) Chrome/74.0.3729.169 Safari/537.36"
