157.90.182.25 - - [03/Oct/2023:18:47:17 +0200] "GET /deco-soapstone-tree-life-green-p-53787.html HTTP/1.0" 200 77069 "-" "Mozilla/5.0 (compatible; BLEXBot/1.0; +http://webmeup-crawler.com/)"
157.90.182.25 - - [03/Oct/2023:18:47:23 +0200] "GET /deco-soapstone-tree-life-orange-p-53791.html HTTP/1.0" 200 77078 "-" "Mozilla/5.0 (compatible; BLEXBot/1.0; +http://webmeup-crawler.com/)"
157.90.182.25 - - [03/Oct/2023:18:47:29 +0200] "GET /deco-soapstone-tree-life-purple-p-53790.html HTTP/1.0" 200 77078 "-" "Mozilla/5.0 (compatible; BLEXBot/1.0; +http://webmeup-crawler.com/)"
54.36.148.201 - - [03/Oct/2023:18:47:33 +0200] "GET /embossed-hanging-plaque-p-60154.html HTTP/1.0" 200 76759 "-" "Mozilla/5.0 (compatible; AhrefsBot/7.0; +http://ahrefs.com/robot/)"
157.90.182.25 - - [03/Oct/2023:18:47:35 +0200] "GET /decoration-hippos-p-21332.html HTTP/1.0" 200 76565 "-" "Mozilla/5.0 (compatible; BLEXBot/1.0; +http://webmeup-crawler.com/)"
54.36.148.154 - - [03/Oct/2023:18:47:38 +0200] "GET /images/big_prod/3700281683141C.jpg HTTP/1.0" 200 269 "-" "Mozilla/5.0 (compatible; AhrefsBot/7.0; +http://ahrefs.com/robot/)"
54.36.148.109 - - [03/Oct/2023:18:47:39 +0200] "GET /images/big_prod_1/3700281683141B.jpg HTTP/1.0" 200 271 "-" "Mozilla/5.0 (compatible; AhrefsBot/7.0; +http://ahrefs.com/robot/)"
157.90.182.25 - - [03/Oct/2023:18:47:41 +0200] "GET /decoration-sunflowers-p-21334.html HTTP/1.0" 200 76597 "-" "Mozilla/5.0 (compatible; BLEXBot/1.0; +http://webmeup-crawler.com/)"
157.90.182.25 - - [03/Oct/2023:18:47:47 +0200] "GET /decoration-thermometers-c-13_145.html?page=2 HTTP/1.0" 200 95244 "-" "Mozilla/5.0 (compatible; BLEXBot/1.0; +http://webmeup-crawler.com/)"
157.90.182.25 - - [03/Oct/2023:18:47:53 +0200] "GET /decoration-thermometers-c-13_145.html?page=3 HTTP/1.0" 200 95206 "-" "Mozilla/5.0 (compatible; BLEXBot/1.0; +http://webmeup-crawler.com/)"
157.90.182.25 - - [03/Oct/2023:18:48:02 +0200] "GET /decoration-thermometers-c-13_145.html?page=4 HTTP/1.0" 200 86772 "-" "Mozilla/5.0 (compatible; BLEXBot/1.0; +http://webmeup-crawler.com/)"
54.36.149.59 - - [03/Oct/2023:18:48:03 +0200] "GET /guam-cotton-basket-p-57902.html HTTP/1.0" 200 76742 "-" "Mozilla/5.0 (compatible; AhrefsBot/7.0; +http://ahrefs.com/robot/)"
157.90.182.25 - - [03/Oct/2023:18:48:09 +0200] "GET /decoration-world-p-48248.html HTTP/1.0" 200 76158 "-" "Mozilla/5.0 (compatible; BLEXBot/1.0; +http://webmeup-crawler.com/)"
157.90.182.25 - - [03/Oct/2023:18:48:17 +0200] "GET /decoration-world-p-59126.html HTTP/1.0" 200 76751 "-" "Mozilla/5.0 (compatible; BLEXBot/1.0; +http://webmeup-crawler.com/)"
85.208.96.207 - - [03/Oct/2023:18:48:24 +0200] "GET /-p-48782.html HTTP/1.0" 200 73770 "-" "Mozilla/5.0 (compatible; SemrushBot/7~bl; +http://www.semrush.com/bot.html)"
157.90.182.25 - - [03/Oct/2023:18:48:24 +0200] "GET /decorations-c-13_89.html?page=2 HTTP/1.0" 200 95375 "-" "Mozilla/5.0 (compatible; BLEXBot/1.0; +http://webmeup-crawler.com/)"
157.90.182.25 - - [03/Oct/2023:18:48:30 +0200] "GET /decorations-c-13_89.html?page=3 HTTP/1.0" 200 95432 "-" "Mozilla/5.0 (compatible; BLEXBot/1.0; +http://webmeup-crawler.com/)"
185.191.171.4 - - [03/Oct/2023:18:48:31 +0200] "GET /paris-white-women-shirt-p-30991.html HTTP/1.0" 200 73888 "-" "Mozilla/5.0 (compatible; SemrushBot/7~bl; +http://www.semrush.com/bot.html)"
157.90.182.25 - - [03/Oct/2023:18:48:36 +0200] "GET /decorations-c-13_89.html?page=4 HTTP/1.0" 200 95346 "-" "Mozilla/5.0 (compatible; BLEXBot/1.0; +http://webmeup-crawler.com/)"
54.36.149.102 - - [03/Oct/2023:18:48:38 +0200] "GET /white-black-moroccan-ashtray-p-56529.html HTTP/1.0" 200 76797 "-" "Mozilla/5.0 (compatible; AhrefsBot/7.0; +http://ahrefs.com/robot/)"
157.90.182.25 - - [03/Oct/2023:18:48:43 +0200] "GET /decorations-c-13_89.html?page=5 HTTP/1.0" 200 95097 "-" "Mozilla/5.0 (compatible; BLEXBot/1.0; +http://webmeup-crawler.com/)"
17.241.219.165 - - [03/Oct/2023:18:48:47 +0200] "GET /pugsley-keel-toys-plush-p-46901.html HTTP/1.0" 200 73864 "-" "Mozilla/5.0 (Macintosh; Intel Mac OS X 10_15_5) AppleWebKit/605.1.15 (KHTML, like Gecko) Version/13.1.1 Safari/605.1.15 (Applebot/0.1; +http://www.apple.com/go/applebot)"
157.90.182.25 - - [03/Oct/2023:18:48:50 +0200] "GET /decorations-c-13_89.html?page=6 HTTP/1.0" 200 81847 "-" "Mozilla/5.0 (compatible; BLEXBot/1.0; +http://webmeup-crawler.com/)"
157.90.182.25 - - [03/Oct/2023:18:48:57 +0200] "GET /decorative-blue-globe-p-45095.html HTTP/1.0" 200 76188 "-" "Mozilla/5.0 (compatible; BLEXBot/1.0; +http://webmeup-crawler.com/)"
157.90.182.25 - - [03/Oct/2023:18:49:04 +0200] "GET /decorative-carpets-c-11_269_167.html?page=2 HTTP/1.0" 200 93792 "-" "Mozilla/5.0 (compatible; BLEXBot/1.0; +http://webmeup-crawler.com/)"
54.36.148.4 - - [03/Oct/2023:18:49:09 +0200] "GET /little-prince-placemat-p-47173.html HTTP/1.0" 200 76204 "-" "Mozilla/5.0 (compatible; AhrefsBot/7.0; +http://ahrefs.com/robot/)"
157.90.182.25 - - [03/Oct/2023:18:49:10 +0200] "GET /decorative-carpets-c-11_269_167.html?page=3 HTTP/1.0" 200 93665 "-" "Mozilla/5.0 (compatible; BLEXBot/1.0; +http://webmeup-crawler.com/)"
157.90.182.25 - - [03/Oct/2023:18:49:16 +0200] "GET /decorative-carpets-c-11_269_167.html?page=4 HTTP/1.0" 200 87119 "-" "Mozilla/5.0 (compatible; BLEXBot/1.0; +http://webmeup-crawler.com/)"
51.68.224.127 - - [03/Oct/2023:18:49:23 +0200] "GET /adminweb/export_orders_xml.php?token=256de2z6edz6ed2z6DFSFsed2zed6zeDSFDSGdzedezfzf&maxorders=10&orderstart=1&status=14&start_date=2018-10-01 HTTP/1.0" 200 285 "-" "GesCom CharlotteBoutik Serveur"
157.90.182.25 - - [03/Oct/2023:18:49:23 +0200] "GET /decorative-cotton-hearts-hang-adelaide-p-59741.html HTTP/1.0" 200 77389 "-" "Mozilla/5.0 (compatible; BLEXBot/1.0; +http://webmeup-crawler.com/)"
51.68.224.127 - - [03/Oct/2023:18:49:23 +0200] "GET /adminweb/export_orders_xml.php?token=256de2z6edz6ed2z6DFSFsed2zed6zeDSFDSGdzedezfzf&maxorders=10&orderstart=1&status=6&start_date=2018-10-01 HTTP/1.0" 200 33939 "-" "GesCom CharlotteBoutik Serveur"
157.90.182.25 - - [03/Oct/2023:18:49:29 +0200] "GET /decorative-cotton-hearts-hang-bonnie-p-57684.html HTTP/1.0" 200 77356 "-" "Mozilla/5.0 (compatible; BLEXBot/1.0; +http://webmeup-crawler.com/)"
157.90.182.25 - - [03/Oct/2023:18:49:34 +0200] "GET /decorative-cotton-hearts-hang-pauline-p-56794.html HTTP/1.0" 200 77377 "-" "Mozilla/5.0 (compatible; BLEXBot/1.0; +http://webmeup-crawler.com/)"
157.90.182.25 - - [03/Oct/2023:18:49:40 +0200] "GET /decorative-cotton-hearts-hang-pauline-p-57824.html HTTP/1.0" 200 77377 "-" "Mozilla/5.0 (compatible; BLEXBot/1.0; +http://webmeup-crawler.com/)"
157.90.182.25 - - [03/Oct/2023:18:49:45 +0200] "GET /decorative-cotton-hearts-hang-sophie-p-60686.html HTTP/1.0" 200 77104 "-" "Mozilla/5.0 (compatible; BLEXBot/1.0; +http://webmeup-crawler.com/)"
85.208.96.199 - - [03/Oct/2023:18:49:46 +0200] "GET /-p-42541.html HTTP/1.0" 200 73770 "-" "Mozilla/5.0 (compatible; SemrushBot/7~bl; +http://www.semrush.com/bot.html)"
54.36.148.88 - - [03/Oct/2023:18:49:47 +0200] "GET /jasmin-keychains-p-32018.html HTTP/1.0" 200 76310 "-" "Mozilla/5.0 (compatible; AhrefsBot/7.0; +http://ahrefs.com/robot/)"
157.90.182.25 - - [03/Oct/2023:18:49:50 +0200] "GET /decorative-earth-globes-c-13_233.html?page=2 HTTP/1.0" 200 86691 "-" "Mozilla/5.0 (compatible; BLEXBot/1.0; +http://webmeup-crawler.com/)"
85.208.96.204 - - [03/Oct/2023:18:49:51 +0200] "GET /mini-trays-c-12_159_260.html?page=6 HTTP/1.0" 200 97459 "-" "Mozilla/5.0 (compatible; SemrushBot/7~bl; +http://www.semrush.com/bot.html)"
47.245.92.230 - - [03/Oct/2023:18:49:55 +0200] "GET /images/mini_prod/3612874117806.jpg HTTP/1.0" 200 269 "-" "python-requests/2.31.0"
157.90.182.25 - - [03/Oct/2023:18:49:56 +0200] "GET /decorative-faces-with-varied-expressions-p-50612.html HTTP/1.0" 200 77224 "-" "Mozilla/5.0 (compatible; BLEXBot/1.0; +http://webmeup-crawler.com/)"
157.90.182.25 - - [03/Oct/2023:18:50:03 +0200] "GET /decorative-fruit-figurine-cherry-glossy-white-p-52716.html HTTP/1.0" 200 76421 "-" "Mozilla/5.0 (compatible; BLEXBot/1.0; +http://webmeup-crawler.com/)"
157.90.182.25 - - [03/Oct/2023:18:50:08 +0200] "GET /decorative-fruit-figurine-cherry-matte-white-p-52715.html HTTP/1.0" 200 76406 "-" "Mozilla/5.0 (compatible; BLEXBot/1.0; +http://webmeup-crawler.com/)"
54.36.148.166 - - [03/Oct/2023:18:50:13 +0200] "GET /embossed-hanging-plaque-p-60155.html HTTP/1.0" 200 76757 "-" "Mozilla/5.0 (compatible; AhrefsBot/7.0; +http://ahrefs.com/robot/)"
157.90.182.25 - - [03/Oct/2023:18:50:15 +0200] "GET /decorative-globe-p-49401.html HTTP/1.0" 200 76717 "-" "Mozilla/5.0 (compatible; BLEXBot/1.0; +http://webmeup-crawler.com/)"
157.90.182.25 - - [03/Oct/2023:18:50:19 +0200] "GET /decorative-hanging-beige-outline-p-35424.html HTTP/1.0" 200 76234 "-" "Mozilla/5.0 (compatible; BLEXBot/1.0; +http://webmeup-crawler.com/)"
185.191.171.13 - - [03/Oct/2023:18:50:25 +0200] "GET /jungle-p-51731.html HTTP/1.0" 200 76789 "-" "Mozilla/5.0 (compatible; SemrushBot/7~bl; +http://www.semrush.com/bot.html)"
157.90.182.25 - - [03/Oct/2023:18:50:26 +0200] "GET /decorative-hanging-blue-outline-p-35425.html HTTP/1.0" 200 76226 "-" "Mozilla/5.0 (compatible; BLEXBot/1.0; +http://webmeup-crawler.com/)"
185.191.171.10 - - [03/Oct/2023:18:50:28 +0200] "GET /-p-25100.html HTTP/1.0" 200 73770 "-" "Mozilla/5.0 (compatible; SemrushBot/7~bl; +http://www.semrush.com/bot.html)"
157.90.182.25 - - [03/Oct/2023:18:50:31 +0200] "GET /decorative-hanging-brown-outline-p-35423.html HTTP/1.0" 200 76234 "-" "Mozilla/5.0 (compatible; BLEXBot/1.0; +http://webmeup-crawler.com/)"
157.90.182.25 - - [03/Oct/2023:18:50:37 +0200] "GET /decorative-hedgehog-p-49176.html HTTP/1.0" 200 76237 "-" "Mozilla/5.0 (compatible; BLEXBot/1.0; +http://webmeup-crawler.com/)"
51.68.224.127 - - [03/Oct/2023:18:50:42 +0200] "GET /adminweb/export_orders_xml.php?token=256de2z6edz6ed2z6DFSFsed2zed6zeDSFDSGdzedezfzf&maxorders=10&orderstart=1&status=14&start_date=2018-10-01 HTTP/1.0" 200 285 "-" "GesCom CharlotteBoutik Serveur"
51.68.224.127 - - [03/Oct/2023:18:50:42 +0200] "GET /adminweb/export_orders_xml.php?token=256de2z6edz6ed2z6DFSFsed2zed6zeDSFDSGdzedezfzf&maxorders=10&orderstart=1&status=6&start_date=2018-10-01 HTTP/1.0" 200 33939 "-" "GesCom CharlotteBoutik Serveur"
157.90.182.25 - - [03/Oct/2023:18:50:42 +0200] "GET /decorative-henna-foot-wood-p-46814.html HTTP/1.0" 200 76358 "-" "Mozilla/5.0 (compatible; BLEXBot/1.0; +http://webmeup-crawler.com/)"
54.36.148.54 - - [03/Oct/2023:18:50:44 +0200] "GET /smokers-items-c-3_112.html?page=1 HTTP/1.0" 200 95094 "-" "Mozilla/5.0 (compatible; AhrefsBot/7.0; +http://ahrefs.com/robot/)"
157.90.182.25 - - [03/Oct/2023:18:50:47 +0200] "GET /decorative-leaf-centerpiece-p-54588.html HTTP/1.0" 200 77035 "-" "Mozilla/5.0 (compatible; BLEXBot/1.0; +http://webmeup-crawler.com/)"
157.90.182.25 - - [03/Oct/2023:18:50:52 +0200] "GET /decorative-mango-wood-with-sand-drawing-p-60627.html HTTP/1.0" 200 77310 "-" "Mozilla/5.0 (compatible; BLEXBot/1.0; +http://webmeup-crawler.com/)"
157.90.182.25 - - [03/Oct/2023:18:50:57 +0200] "GET /decorative-mango-wood-with-sand-drawing-p-60628.html HTTP/1.0" 200 77310 "-" "Mozilla/5.0 (compatible; BLEXBot/1.0; +http://webmeup-crawler.com/)"
157.90.182.25 - - [03/Oct/2023:18:51:03 +0200] "GET /decorative-mango-wood-with-sand-drawing-p-60629.html HTTP/1.0" 200 77310 "-" "Mozilla/5.0 (compatible; BLEXBot/1.0; +http://webmeup-crawler.com/)"
157.90.182.25 - - [03/Oct/2023:18:51:08 +0200] "GET /decorative-metal-bell-with-rope-p-41462.html HTTP/1.0" 200 76202 "-" "Mozilla/5.0 (compatible; BLEXBot/1.0; +http://webmeup-crawler.com/)"
157.90.182.25 - - [03/Oct/2023:18:51:18 +0200] "GET /decorative-statuette-monkey-baby-p-51562.html HTTP/1.0" 200 76358 "-" "Mozilla/5.0 (compatible; BLEXBot/1.0; +http://webmeup-crawler.com/)"
157.90.182.25 - - [03/Oct/2023:18:51:22 +0200] "GET /decorative-statuette-p-54215.html HTTP/1.0" 200 76246 "-" "Mozilla/5.0 (compatible; BLEXBot/1.0; +http://webmeup-crawler.com/)"
54.36.149.7 - - [03/Oct/2023:18:51:25 +0200] "GET /products_new.php?page=7 HTTP/1.0" 200 85184 "-" "Mozilla/5.0 (compatible; AhrefsBot/7.0; +http://ahrefs.com/robot/)"
157.90.182.25 - - [03/Oct/2023:18:51:26 +0200] "GET /decorative-statuette-sitting-rabbit-p-55947.html HTTP/1.0" 200 76977 "-" "Mozilla/5.0 (compatible; BLEXBot/1.0; +http://webmeup-crawler.com/)"
157.90.182.25 - - [03/Oct/2023:18:51:30 +0200] "GET /decorative-tray-patinated-gold-wood-p-59754.html HTTP/1.0" 200 77173 "-" "Mozilla/5.0 (compatible; BLEXBot/1.0; +http://webmeup-crawler.com/)"
54.36.149.16 - - [03/Oct/2023:18:51:32 +0200] "GET /images/mini_prod/8445146097989.jpg HTTP/1.0" 200 269 "-" "Mozilla/5.0 (compatible; AhrefsBot/7.0; +http://ahrefs.com/robot/)"
157.90.182.25 - - [03/Oct/2023:18:51:35 +0200] "GET /decorative-tray-patinated-gold-wood-p-59755.html HTTP/1.0" 200 77173 "-" "Mozilla/5.0 (compatible; BLEXBot/1.0; +http://webmeup-crawler.com/)"
157.90.182.25 - - [03/Oct/2023:18:51:39 +0200] "GET /decorative-turttle-statue-p-52824.html HTTP/1.0" 200 76283 "-" "Mozilla/5.0 (compatible; BLEXBot/1.0; +http://webmeup-crawler.com/)"
157.90.182.25 - - [03/Oct/2023:18:51:42 +0200] "GET /decorative-useful-gogh-yellow-iris-p-56991.html HTTP/1.0" 200 76965 "-" "Mozilla/5.0 (compatible; BLEXBot/1.0; +http://webmeup-crawler.com/)"
157.90.182.25 - - [03/Oct/2023:18:51:46 +0200] "GET /decorative-useful-klimt-p-52199.html HTTP/1.0" 200 76801 "-" "Mozilla/5.0 (compatible; BLEXBot/1.0; +http://webmeup-crawler.com/)"
157.90.182.25 - - [03/Oct/2023:18:51:49 +0200] "GET /decorative-useful-marseille-p-58486.html HTTP/1.0" 200 76838 "-" "Mozilla/5.0 (compatible; BLEXBot/1.0; +http://webmeup-crawler.com/)"
157.90.182.25 - - [03/Oct/2023:18:51:52 +0200] "GET /decorative-vase-indian-inspiration-p-41523.html HTTP/1.0" 200 77177 "-" "Mozilla/5.0 (compatible; BLEXBot/1.0; +http://webmeup-crawler.com/)"
66.249.66.205 - - [03/Oct/2023:18:51:52 +0200] "GET /statuette-fawn-resin-p-52585.html HTTP/1.0" 200 76314 "-" "Mozilla/5.0 (compatible; Googlebot/2.1; +http://www.google.com/bot.html)"
51.68.224.127 - - [03/Oct/2023:18:51:55 +0200] "GET /adminweb/export_orders_xml.php?token=256de2z6edz6ed2z6DFSFsed2zed6zeDSFDSGdzedezfzf&maxorders=10&orderstart=1&status=14&start_date=2018-10-01 HTTP/1.0" 200 285 "-" "GesCom CharlotteBoutik Serveur"
51.68.224.127 - - [03/Oct/2023:18:51:55 +0200] "GET /adminweb/export_orders_xml.php?token=256de2z6edz6ed2z6DFSFsed2zed6zeDSFDSGdzedezfzf&maxorders=10&orderstart=1&status=6&start_date=2018-10-01 HTTP/1.0" 200 33939 "-" "GesCom CharlotteBoutik Serveur"
157.90.182.25 - - [03/Oct/2023:18:51:56 +0200] "GET /decorative-vase-indian-inspiration-p-41524.html HTTP/1.0" 200 76298 "-" "Mozilla/5.0 (compatible; BLEXBot/1.0; +http://webmeup-crawler.com/)"
157.90.182.25 - - [03/Oct/2023:18:52:01 +0200] "GET /decorative-white-squirrel-p-47109.html HTTP/1.0" 200 76294 "-" "Mozilla/5.0 (compatible; BLEXBot/1.0; +http://webmeup-crawler.com/)"
54.36.148.172 - - [03/Oct/2023:18:52:01 +0200] "GET /wicker-basket-p-48598.html HTTP/1.0" 200 76079 "-" "Mozilla/5.0 (compatible; AhrefsBot/7.0; +http://ahrefs.com/robot/)"
157.90.182.25 - - [03/Oct/2023:18:52:07 +0200] "GET /decorative-word-wood-apro-p-60410.html HTTP/1.0" 200 76911 "-" "Mozilla/5.0 (compatible; BLEXBot/1.0; +http://webmeup-crawler.com/)"
157.90.182.25 - - [03/Oct/2023:18:52:13 +0200] "GET /decorative-word-wood-cuisine-p-60412.html HTTP/1.0" 200 76927 "-" "Mozilla/5.0 (compatible; BLEXBot/1.0; +http://webmeup-crawler.com/)"
157.90.182.25 - - [03/Oct/2023:18:52:18 +0200] "GET /decorative-word-wood-p-60411.html HTTP/1.0" 200 76878 "-" "Mozilla/5.0 (compatible; BLEXBot/1.0; +http://webmeup-crawler.com/)"
157.90.182.25 - - [03/Oct/2023:18:52:23 +0200] "GET /decorative-word-wood-p-60413.html HTTP/1.0" 200 76896 "-" "Mozilla/5.0 (compatible; BLEXBot/1.0; +http://webmeup-crawler.com/)"
157.90.182.25 - - [03/Oct/2023:18:52:28 +0200] "GET /desk-organizer-patined-wood-p-56396.html HTTP/1.0" 200 77069 "-" "Mozilla/5.0 (compatible; BLEXBot/1.0; +http://webmeup-crawler.com/)"
54.36.148.55 - - [03/Oct/2023:18:52:32 +0200] "GET /flowerpot-cover-textured-wicker-p-58280.html HTTP/1.0" 200 76928 "-" "Mozilla/5.0 (compatible; AhrefsBot/7.0; +http://ahrefs.com/robot/)"
157.90.182.25 - - [03/Oct/2023:18:52:34 +0200] "GET /despicable-homework-notebooks-p-35840.html HTTP/1.0" 200 76580 "-" "Mozilla/5.0 (compatible; BLEXBot/1.0; +http://webmeup-crawler.com/)"
157.90.182.25 - - [03/Oct/2023:18:52:39 +0200] "GET /despicable-large-flat-pocket-p-34125.html HTTP/1.0" 200 76297 "-" "Mozilla/5.0 (compatible; BLEXBot/1.0; +http://webmeup-crawler.com/)"
103.136.220.142 - - [03/Oct/2023:18:52:41 +0200] "GET /images/mini_prod/1399984247242.jpg HTTP/1.0" 200 269 "-" "Mozilla/5.0 (X11; Ubuntu; Linux x86_64; rv:72.0) Gecko/20100101 Firefox/72.0"
157.90.182.25 - - [03/Oct/2023:18:52:45 +0200] "GET /despicable-magnetic-board-p-32472.html HTTP/1.0" 200 76338 "-" "Mozilla/5.0 (compatible; BLEXBot/1.0; +http://webmeup-crawler.com/)"
157.90.182.25 - - [03/Oct/2023:18:52:52 +0200] "GET /despicable-marbles-p-33480.html HTTP/1.0" 200 76307 "-" "Mozilla/5.0 (compatible; BLEXBot/1.0; +http://webmeup-crawler.com/)"
157.90.182.25 - - [03/Oct/2023:18:52:57 +0200] "GET /despicable-minion-blue-watch-p-31604.html HTTP/1.0" 200 76399 "-" "Mozilla/5.0 (compatible; BLEXBot/1.0; +http://webmeup-crawler.com/)"
157.90.182.25 - - [03/Oct/2023:18:53:03 +0200] "GET /despicable-mirror-p-32539.html HTTP/1.0" 200 76094 "-" "Mozilla/5.0 (compatible; BLEXBot/1.0; +http://webmeup-crawler.com/)"
51.68.224.127 - - [03/Oct/2023:18:53:06 +0200] "GET /adminweb/export_orders_xml.php?token=256de2z6edz6ed2z6DFSFsed2zed6zeDSFDSGdzedezfzf&maxorders=10&orderstart=1&status=14&start_date=2018-10-01 HTTP/1.0" 200 285 "-" "GesCom CharlotteBoutik Serveur"
51.68.224.127 - - [03/Oct/2023:18:53:06 +0200] "GET /adminweb/export_orders_xml.php?token=256de2z6edz6ed2z6DFSFsed2zed6zeDSFDSGdzedezfzf&maxorders=10&orderstart=1&status=6&start_date=2018-10-01 HTTP/1.0" 200 33939 "-" "GesCom CharlotteBoutik Serveur"
157.90.182.25 - - [03/Oct/2023:18:53:08 +0200] "GET /despicable-pencil-case-p-35773.html HTTP/1.0" 200 76165 "-" "Mozilla/5.0 (compatible; BLEXBot/1.0; +http://webmeup-crawler.com/)"
54.36.148.162 - - [03/Oct/2023:18:53:10 +0200] "GET /bamboo-fiber-plant-cover-p-58259.html HTTP/1.0" 200 73856 "-" "Mozilla/5.0 (compatible; AhrefsBot/7.0; +http://ahrefs.com/robot/)"
157.90.182.25 - - [03/Oct/2023:18:53:14 +0200] "GET /dessert-dish-glass-with-anti-slip-feet-p-47330.html HTTP/1.0" 200 76224 "-" "Mozilla/5.0 (compatible; BLEXBot/1.0; +http://webmeup-crawler.com/)"
157.90.182.25 - - [03/Oct/2023:18:53:20 +0200] "GET /dessert-dish-glass-with-anti-slip-feet-p-47332.html HTTP/1.0" 200 76224 "-" "Mozilla/5.0 (compatible; BLEXBot/1.0; +http://webmeup-crawler.com/)"
157.90.182.25 - - [03/Oct/2023:18:53:25 +0200] "GET /dessert-dish-glass-with-anti-slip-feet-p-47333.html HTTP/1.0" 200 76224 "-" "Mozilla/5.0 (compatible; BLEXBot/1.0; +http://webmeup-crawler.com/)"
157.90.182.25 - - [03/Oct/2023:18:53:30 +0200] "GET /dessert-dish-glass-with-anti-slip-feet-p-47334.html HTTP/1.0" 200 76853 "-" "Mozilla/5.0 (compatible; BLEXBot/1.0; +http://webmeup-crawler.com/)"
157.90.182.25 - - [03/Oct/2023:18:53:36 +0200] "GET /dessert-dish-glass-with-anti-slip-feet-p-47335.html HTTP/1.0" 200 76854 "-" "Mozilla/5.0 (compatible; BLEXBot/1.0; +http://webmeup-crawler.com/)"
54.36.148.34 - - [03/Oct/2023:18:53:39 +0200] "GET /mojito-metal-plate-deco-p-60370.html HTTP/1.0" 200 76708 "-" "Mozilla/5.0 (compatible; AhrefsBot/7.0; +http://ahrefs.com/robot/)"
157.90.182.25 - - [03/Oct/2023:18:53:41 +0200] "GET /dessert-dish-glass-with-anti-slip-feet-p-47336.html HTTP/1.0" 200 76853 "-" "Mozilla/5.0 (compatible; BLEXBot/1.0; +http://webmeup-crawler.com/)"
54.36.149.66 - - [03/Oct/2023:18:53:43 +0200] "GET /images/big_prod/B3609810059153.jpg HTTP/1.0" 200 269 "-" "Mozilla/5.0 (compatible; AhrefsBot/7.0; +http://ahrefs.com/robot/)"
54.36.148.115 - - [03/Oct/2023:18:53:48 +0200] "GET /images/big_prod_1/B3609810059153a.jpg HTTP/1.0" 200 272 "-" "Mozilla/5.0 (compatible; AhrefsBot/7.0; +http://ahrefs.com/robot/)"
157.90.182.25 - - [03/Oct/2023:18:53:47 +0200] "GET /dessert-dish-glass-with-anti-slip-feet-p-55838.html HTTP/1.0" 200 77078 "-" "Mozilla/5.0 (compatible; BLEXBot/1.0; +http://webmeup-crawler.com/)"
157.90.182.25 - - [03/Oct/2023:18:53:52 +0200] "GET /dessert-dish-glass-with-anti-slip-feet-p-55839.html HTTP/1.0" 200 77078 "-" "Mozilla/5.0 (compatible; BLEXBot/1.0; +http://webmeup-crawler.com/)"
157.90.182.25 - - [03/Oct/2023:18:53:58 +0200] "GET /dessert-dish-glass-with-anti-slip-feet-p-58314.html HTTP/1.0" 200 76226 "-" "Mozilla/5.0 (compatible; BLEXBot/1.0; +http://webmeup-crawler.com/)"
157.90.182.25 - - [03/Oct/2023:18:54:06 +0200] "GET /dessert-dish-glass-with-anti-slip-feet-p-58315.html HTTP/1.0" 200 76226 "-" "Mozilla/5.0 (compatible; BLEXBot/1.0; +http://webmeup-crawler.com/)"
157.90.182.25 - - [03/Oct/2023:18:54:11 +0200] "GET /dessert-dish-glass-with-anti-slip-feet-p-58316.html HTTP/1.0" 200 76226 "-" "Mozilla/5.0 (compatible; BLEXBot/1.0; +http://webmeup-crawler.com/)"
157.90.182.25 - - [03/Oct/2023:18:54:15 +0200] "GET /dessert-dish-glass-with-anti-slip-feet-p-58317.html HTTP/1.0" 200 76226 "-" "Mozilla/5.0 (compatible; BLEXBot/1.0; +http://webmeup-crawler.com/)"
54.36.148.23 - - [03/Oct/2023:18:54:17 +0200] "GET /adult-apron-arabica-collection-p-52678.html HTTP/1.0" 200 76179 "-" "Mozilla/5.0 (compatible; AhrefsBot/7.0; +http://ahrefs.com/robot/)"
157.90.182.25 - - [03/Oct/2023:18:54:20 +0200] "GET /dexter-shirt-p-29488.html HTTP/1.0" 200 77741 "-" "Mozilla/5.0 (compatible; BLEXBot/1.0; +http://webmeup-crawler.com/)"
157.90.182.25 - - [03/Oct/2023:18:54:28 +0200] "GET /dexter-shirt-p-29489.html HTTP/1.0" 200 77206 "-" "Mozilla/5.0 (compatible; BLEXBot/1.0; +http://webmeup-crawler.com/)"
157.90.182.25 - - [03/Oct/2023:18:54:33 +0200] "GET /diddl-backpack-p-5919.html HTTP/1.0" 200 76363 "-" "Mozilla/5.0 (compatible; BLEXBot/1.0; +http://webmeup-crawler.com/)"
157.90.182.25 - - [03/Oct/2023:18:54:38 +0200] "GET /difference-accessoriess-c-12_59.html?page=2 HTTP/1.0" 200 92545 "-" "Mozilla/5.0 (compatible; BLEXBot/1.0; +http://webmeup-crawler.com/)"
54.36.148.220 - - [03/Oct/2023:18:54:44 +0200] "GET /christmas-carousel-small-p-57006.html HTTP/1.0" 200 77218 "-" "Mozilla/5.0 (compatible; AhrefsBot/7.0; +http://ahrefs.com/robot/)"
157.90.182.25 - - [03/Oct/2023:18:54:45 +0200] "GET /diffuser-perfume-essential-oils-c-231_162.html?page=2 HTTP/1.0" 200 94478 "-" "Mozilla/5.0 (compatible; BLEXBot/1.0; +http://webmeup-crawler.com/)"
54.36.148.110 - - [03/Oct/2023:18:54:49 +0200] "GET /images/big_prod_2/5051276424347B.jpg HTTP/1.0" 200 271 "-" "Mozilla/5.0 (compatible; AhrefsBot/7.0; +http://ahrefs.com/robot/)"
54.36.148.178 - - [03/Oct/2023:18:54:51 +0200] "GET /images/big_prod_1/5051276424347V.jpg HTTP/1.0" 200 271 "-" "Mozilla/5.0 (compatible; AhrefsBot/7.0; +http://ahrefs.com/robot/)"
157.90.182.25 - - [03/Oct/2023:18:54:51 +0200] "GET /diffuser-perfume-essential-oils-c-231_162.html?page=3 HTTP/1.0" 200 94887 "-" "Mozilla/5.0 (compatible; BLEXBot/1.0; +http://webmeup-crawler.com/)"
157.90.182.25 - - [03/Oct/2023:18:54:57 +0200] "GET /diffuser-perfume-essential-oils-c-231_162.html?page=4 HTTP/1.0" 200 95774 "-" "Mozilla/5.0 (compatible; BLEXBot/1.0; +http://webmeup-crawler.com/)"
157.90.182.25 - - [03/Oct/2023:18:55:03 +0200] "GET /diffuser-perfume-essential-oils-c-231_162.html?page=5 HTTP/1.0" 200 85868 "-" "Mozilla/5.0 (compatible; BLEXBot/1.0; +http://webmeup-crawler.com/)"
157.90.182.25 - - [03/Oct/2023:18:55:08 +0200] "GET /diner-paper-towel-dispenser-p-48688.html HTTP/1.0" 200 76746 "-" "Mozilla/5.0 (compatible; BLEXBot/1.0; +http://webmeup-crawler.com/)"
110.249.201.121 - - [03/Oct/2023:18:55:12 +0200] "GET /images/big_prod/3662498031132.jpg HTTP/1.0" 200 268 "http://bojan-savic.com/School-Bags-Pencil-Cases-Sets/Products-556440/JACADI-kids-School-Bag.php" "Mozilla/5.0 (Linux; Android 5.0) AppleWebKit/537.36 (KHTML, like Gecko) Mobile Safari/537.36 (compatible; Bytespider; spider-feedback@bytedance.com)"
157.90.182.25 - - [03/Oct/2023:18:55:14 +0200] "GET /dinosaur-light-garland-p-55387.html HTTP/1.0" 200 77112 "-" "Mozilla/5.0 (compatible; BLEXBot/1.0; +http://webmeup-crawler.com/)"
54.36.149.75 - - [03/Oct/2023:18:55:14 +0200] "GET /flower-aged-ceramic-green-p-58232.html HTTP/1.0" 200 77290 "-" "Mozilla/5.0 (compatible; AhrefsBot/7.0; +http://ahrefs.com/robot/)"
157.90.182.25 - - [03/Oct/2023:18:55:19 +0200] "GET /dinosaur-nightlight-p-53121.html HTTP/1.0" 200 77308 "-" "Mozilla/5.0 (compatible; BLEXBot/1.0; +http://webmeup-crawler.com/)"
157.90.182.25 - - [03/Oct/2023:18:55:24 +0200] "GET /dishes-c-12.html?page=10 HTTP/1.0" 200 95395 "-" "Mozilla/5.0 (compatible; BLEXBot/1.0; +http://webmeup-crawler.com/)"
157.90.182.25 - - [03/Oct/2023:18:55:31 +0200] "GET /dishes-c-12.html?page=11 HTTP/1.0" 200 95641 "-" "Mozilla/5.0 (compatible; BLEXBot/1.0; +http://webmeup-crawler.com/)"
157.90.182.25 - - [03/Oct/2023:18:55:38 +0200] "GET /dishes-c-12.html?page=2 HTTP/1.0" 200 94935 "-" "Mozilla/5.0 (compatible; BLEXBot/1.0; +http://webmeup-crawler.com/)"
157.90.182.25 - - [03/Oct/2023:18:55:47 +0200] "GET /dishes-c-12.html?page=3 HTTP/1.0" 200 94333 "-" "Mozilla/5.0 (compatible; BLEXBot/1.0; +http://webmeup-crawler.com/)"
54.36.148.88 - - [03/Oct/2023:18:55:49 +0200] "GET /boat-bell-fixed-wall-p-56647.html HTTP/1.0" 200 76838 "-" "Mozilla/5.0 (compatible; AhrefsBot/7.0; +http://ahrefs.com/robot/)"
54.36.148.116 - - [03/Oct/2023:18:55:55 +0200] "GET /images/big_prod/8433933578575.jpg HTTP/1.0" 200 268 "-" "Mozilla/5.0 (compatible; AhrefsBot/7.0; +http://ahrefs.com/robot/)"
157.90.182.25 - - [03/Oct/2023:18:55:54 +0200] "GET /dishes-c-12.html?page=4 HTTP/1.0" 200 94475 "-" "Mozilla/5.0 (compatible; BLEXBot/1.0; +http://webmeup-crawler.com/)"
157.90.182.25 - - [03/Oct/2023:18:55:59 +0200] "GET /dishes-c-12.html?page=5 HTTP/1.0" 200 95249 "-" "Mozilla/5.0 (compatible; BLEXBot/1.0; +http://webmeup-crawler.com/)"
157.90.182.25 - - [03/Oct/2023:18:56:06 +0200] "GET /dishes-c-12.html?page=6 HTTP/1.0" 200 95794 "-" "Mozilla/5.0 (compatible; BLEXBot/1.0; +http://webmeup-crawler.com/)"
157.90.182.25 - - [03/Oct/2023:18:56:15 +0200] "GET /dishes-c-12.html?page=7 HTTP/1.0" 200 94838 "-" "Mozilla/5.0 (compatible; BLEXBot/1.0; +http://webmeup-crawler.com/)"
103.136.221.62 - - [03/Oct/2023:18:56:22 +0200] "GET /images/mini_prod/3438100339787.jpg HTTP/1.0" 200 269 "-" "Mozilla/5.0 (X11; Ubuntu; Linux x86_64; rv:72.0) Gecko/20100101 Firefox/72.0"
54.36.149.4 - - [03/Oct/2023:18:56:21 +0200] "GET /marley-green-alarm-clock-p-14115.html HTTP/1.0" 200 76192 "-" "Mozilla/5.0 (compatible; AhrefsBot/7.0; +http://ahrefs.com/robot/)"
157.90.182.25 - - [03/Oct/2023:18:56:23 +0200] "GET /dishes-c-12.html?page=8 HTTP/1.0" 200 95206 "-" "Mozilla/5.0 (compatible; BLEXBot/1.0; +http://webmeup-crawler.com/)"
157.90.182.25 - - [03/Oct/2023:18:56:31 +0200] "GET /dishes-c-12.html?page=9 HTTP/1.0" 200 95559 "-" "Mozilla/5.0 (compatible; BLEXBot/1.0; +http://webmeup-crawler.com/)"
157.90.182.25 - - [03/Oct/2023:18:56:38 +0200] "GET /dishes-dishes-c-12_251.html?page=2 HTTP/1.0" 200 84521 "-" "Mozilla/5.0 (compatible; BLEXBot/1.0; +http://webmeup-crawler.com/)"
157.90.182.25 - - [03/Oct/2023:18:56:42 +0200] "GET /disney-mcstuffins-fruit-juice-glass-p-28183.html HTTP/1.0" 200 76277 "-" "Mozilla/5.0 (compatible; BLEXBot/1.0; +http://webmeup-crawler.com/)"
157.90.182.25 - - [03/Oct/2023:18:56:46 +0200] "GET /disney-planes-fruit-juice-glasses-p-24533.html HTTP/1.0" 200 76217 "-" "Mozilla/5.0 (compatible; BLEXBot/1.0; +http://webmeup-crawler.com/)"
157.90.182.25 - - [03/Oct/2023:18:56:51 +0200] "GET /disney-planes-photo-frame-p-37014.html HTTP/1.0" 200 76208 "-" "Mozilla/5.0 (compatible; BLEXBot/1.0; +http://webmeup-crawler.com/)"
54.36.149.72 - - [03/Oct/2023:18:56:57 +0200] "GET /decorative-carpets-c-11_269_167.html HTTP/1.0" 200 93366 "-" "Mozilla/5.0 (compatible; AhrefsBot/7.0; +http://ahrefs.com/robot/)"
157.90.182.25 - - [03/Oct/2023:18:57:01 +0200] "GET /disney-planes-slate-p-27806.html HTTP/1.0" 200 76158 "-" "Mozilla/5.0 (compatible; BLEXBot/1.0; +http://webmeup-crawler.com/)"
54.36.149.18 - - [03/Oct/2023:18:57:07 +0200] "GET /images/mini_prod/3665269216677.jpg HTTP/1.0" 200 269 "-" "Mozilla/5.0 (compatible; AhrefsBot/7.0; +http://ahrefs.com/robot/)"
157.90.182.25 - - [03/Oct/2023:18:57:06 +0200] "GET /disney-planes-storage-stool-p-24530.html HTTP/1.0" 200 76921 "-" "Mozilla/5.0 (compatible; BLEXBot/1.0; +http://webmeup-crawler.com/)"
54.36.148.37 - - [03/Oct/2023:18:57:08 +0200] "GET /images/mini_prod/3665269216691.jpg HTTP/1.0" 200 269 "-" "Mozilla/5.0 (compatible; AhrefsBot/7.0; +http://ahrefs.com/robot/)"
54.36.148.77 - - [03/Oct/2023:18:57:09 +0200] "GET /images/mini_prod/3665269216721.jpg HTTP/1.0" 200 269 "-" "Mozilla/5.0 (compatible; AhrefsBot/7.0; +http://ahrefs.com/robot/)"
54.36.148.177 - - [03/Oct/2023:18:57:10 +0200] "GET /images/mini_prod/3665269216714.jpg HTTP/1.0" 200 269 "-" "Mozilla/5.0 (compatible; AhrefsBot/7.0; +http://ahrefs.com/robot/)"
54.36.148.98 - - [03/Oct/2023:18:57:10 +0200] "GET /images/mini_prod/3665269216653.jpg HTTP/1.0" 200 269 "-" "Mozilla/5.0 (compatible; AhrefsBot/7.0; +http://ahrefs.com/robot/)"
54.36.149.9 - - [03/Oct/2023:18:57:11 +0200] "GET /images/mini_prod/8433933112793.jpg HTTP/1.0" 200 269 "-" "Mozilla/5.0 (compatible; AhrefsBot/7.0; +http://ahrefs.com/robot/)"
54.36.148.253 - - [03/Oct/2023:18:57:11 +0200] "GET /images/mini_prod/3665269216684.jpg HTTP/1.0" 200 269 "-" "Mozilla/5.0 (compatible; AhrefsBot/7.0; +http://ahrefs.com/robot/)"
54.36.149.32 - - [03/Oct/2023:18:57:11 +0200] "GET /images/mini_prod/3665269132038.jpg HTTP/1.0" 200 269 "-" "Mozilla/5.0 (compatible; AhrefsBot/7.0; +http://ahrefs.com/robot/)"
54.36.148.84 - - [03/Oct/2023:18:57:12 +0200] "GET /images/mini_prod/3665269216707.jpg HTTP/1.0" 200 269 "-" "Mozilla/5.0 (compatible; AhrefsBot/7.0; +http://ahrefs.com/robot/)"
54.36.148.68 - - [03/Oct/2023:18:57:12 +0200] "GET /images/mini_prod/3665269216660.jpg HTTP/1.0" 200 269 "-" "Mozilla/5.0 (compatible; AhrefsBot/7.0; +http://ahrefs.com/robot/)"
157.90.182.25 - - [03/Oct/2023:18:57:12 +0200] "GET /disney-princess-aurora-jacket-p-31248.html HTTP/1.0" 200 77507 "-" "Mozilla/5.0 (compatible; BLEXBot/1.0; +http://webmeup-crawler.com/)"
157.90.182.25 - - [03/Oct/2023:18:57:19 +0200] "GET /disney-princess-backpack-p-25086.html HTTP/1.0" 200 76456 "-" "Mozilla/5.0 (compatible; BLEXBot/1.0; +http://webmeup-crawler.com/)"
85.208.96.195 - - [03/Oct/2023:18:57:22 +0200] "GET /ornaments-over-fine-bone-china-p-59585.html HTTP/1.0" 200 77256 "-" "Mozilla/5.0 (compatible; SemrushBot/7~bl; +http://www.semrush.com/bot.html)"
157.90.182.25 - - [03/Oct/2023:18:57:25 +0200] "GET /disney-princess-belle-metal-p-26698.html HTTP/1.0" 200 76292 "-" "Mozilla/5.0 (compatible; BLEXBot/1.0; +http://webmeup-crawler.com/)"
185.191.171.13 - - [03/Oct/2023:18:57:26 +0200] "GET /rallye-mont-carlo-poster-p-54664.html HTTP/1.0" 200 76190 "-" "Mozilla/5.0 (compatible; SemrushBot/7~bl; +http://www.semrush.com/bot.html)"
54.36.148.3 - - [03/Oct/2023:18:57:28 +0200] "GET /potholder-lemons-p-59801.html HTTP/1.0" 200 76177 "-" "Mozilla/5.0 (compatible; AhrefsBot/7.0; +http://ahrefs.com/robot/)"
157.90.182.25 - - [03/Oct/2023:18:57:30 +0200] "GET /disney-princess-blue-swimsuit-p-30309.html HTTP/1.0" 200 77894 "-" "Mozilla/5.0 (compatible; BLEXBot/1.0; +http://webmeup-crawler.com/)"
85.208.96.196 - - [03/Oct/2023:18:57:32 +0200] "GET /raving-rabbids-cushion-p-27534.html HTTP/1.0" 200 73848 "-" "Mozilla/5.0 (compatible; SemrushBot/7~bl; +http://www.semrush.com/bot.html)"
157.90.182.25 - - [03/Oct/2023:18:57:36 +0200] "GET /disney-princess-christmas-ball-filled-p-11525.html HTTP/1.0" 200 76674 "-" "Mozilla/5.0 (compatible; BLEXBot/1.0; +http://webmeup-crawler.com/)"
157.90.182.25 - - [03/Oct/2023:18:57:42 +0200] "GET /disney-princess-crayons-p-497.html HTTP/1.0" 200 76962 "-" "Mozilla/5.0 (compatible; BLEXBot/1.0; +http://webmeup-crawler.com/)"
157.90.182.25 - - [03/Oct/2023:18:57:48 +0200] "GET /disney-princess-dress-p-31106.html HTTP/1.0" 200 77255 "-" "Mozilla/5.0 (compatible; BLEXBot/1.0; +http://webmeup-crawler.com/)"
85.208.96.198 - - [03/Oct/2023:18:57:51 +0200] "GET /exupry-petit-prince-holder-rose-p-53859.html HTTP/1.0" 200 76948 "-" "Mozilla/5.0 (compatible; SemrushBot/7~bl; +http://www.semrush.com/bot.html)"
157.90.182.25 - - [03/Oct/2023:18:57:53 +0200] "GET /disney-princess-dress-p-31107.html HTTP/1.0" 200 77811 "-" "Mozilla/5.0 (compatible; BLEXBot/1.0; +http://webmeup-crawler.com/)"
157.90.182.25 - - [03/Oct/2023:18:57:59 +0200] "GET /disney-princess-jewelry-p-37039.html HTTP/1.0" 200 77045 "-" "Mozilla/5.0 (compatible; BLEXBot/1.0; +http://webmeup-crawler.com/)"
216.244.66.242 - - [03/Oct/2023:18:58:02 +0200] "GET /robots.txt HTTP/1.0" 200 245 "-" "Mozilla/5.0 (compatible; DotBot/1.2; +https://opensiteexplorer.org/dotbot; help@moz.com)"
157.90.182.25 - - [03/Oct/2023:18:58:03 +0200] "GET /disney-princess-large-metal-p-26701.html HTTP/1.0" 200 76291 "-" "Mozilla/5.0 (compatible; BLEXBot/1.0; +http://webmeup-crawler.com/)"
54.36.148.113 - - [03/Oct/2023:18:58:04 +0200] "GET /-c-95_323.html HTTP/1.0" 200 72638 "-" "Mozilla/5.0 (compatible; AhrefsBot/7.0; +http://ahrefs.com/robot/)"
157.90.182.25 - - [03/Oct/2023:18:58:08 +0200] "GET /disney-princess-little-backpack-p-20330.html HTTP/1.0" 200 76411 "-" "Mozilla/5.0 (compatible; BLEXBot/1.0; +http://webmeup-crawler.com/)"
47.128.33.138 - - [03/Oct/2023:18:58:09 +0200] "GET /umbrellas-c-3_16.html HTTP/1.0" 200 88738 "-" "Mozilla/5.0 (compatible; Bytespider; spider-feedback@bytedance.com) AppleWebKit/537.36 (KHTML, like Gecko) Chrome/70.0.0.0 Safari/537.36"
47.128.33.217 - - [03/Oct/2023:18:58:11 +0200] "GET /toiletry-p-43423.html HTTP/1.0" 200 76140 "-" "Mozilla/5.0 (compatible; Bytespider; spider-feedback@bytedance.com) AppleWebKit/537.36 (KHTML, like Gecko) Chrome/70.0.0.0 Safari/537.36"
47.128.33.138 - - [03/Oct/2023:18:58:13 +0200] "GET /swfobject.js HTTP/1.0" 404 1308 "http://www.wonder-geek.com/umbrellas-c-3_16.html" "Mozilla/5.0 (compatible; Bytespider; spider-feedback@bytedance.com) AppleWebKit/537.36 (KHTML, like Gecko) Chrome/70.0.0.0 Safari/537.36"
47.128.33.217 - - [03/Oct/2023:18:58:13 +0200] "GET /swfobject.js HTTP/1.0" 404 1308 "http://www.wonder-geek.com/toiletry-p-43423.html" "Mozilla/5.0 (compatible; Bytespider; spider-feedback@bytedance.com) AppleWebKit/537.36 (KHTML, like Gecko) Chrome/70.0.0.0 Safari/537.36"
157.90.182.25 - - [03/Oct/2023:18:58:15 +0200] "GET /disney-princess-long-sleeve-shirt-p-31028.html HTTP/1.0" 200 77333 "-" "Mozilla/5.0 (compatible; BLEXBot/1.0; +http://webmeup-crawler.com/)"
47.128.33.144 - - [03/Oct/2023:18:58:15 +0200] "GET /accessories-mobiles-c-3_17.html?page=4 HTTP/1.0" 200 97906 "-" "Mozilla/5.0 (compatible; Bytespider; spider-feedback@bytedance.com) AppleWebKit/537.36 (KHTML, like Gecko) Chrome/70.0.0.0 Safari/537.36"
47.128.33.144 - - [03/Oct/2023:18:58:17 +0200] "GET /swfobject.js HTTP/1.0" 404 1308 "http://www.wonder-geek.com/accessories-mobiles-c-3_17.html?page=4" "Mozilla/5.0 (compatible; Bytespider; spider-feedback@bytedance.com) AppleWebKit/537.36 (KHTML, like Gecko) Chrome/70.0.0.0 Safari/537.36"
47.128.33.217 - - [03/Oct/2023:18:58:21 +0200] "GET /highslide/graphics/outlines/drop-shadow.png HTTP/1.0" 200 277 "http://www.wonder-geek.com/toiletry-p-43423.html" "Mozilla/5.0 (compatible; Bytespider; spider-feedback@bytedance.com) AppleWebKit/537.36 (KHTML, like Gecko) Chrome/70.0.0.0 Safari/537.36"
47.128.33.217 - - [03/Oct/2023:18:58:21 +0200] "GET /highslide/graphics/zoomout.cur HTTP/1.0" 200 614 "http://www.wonder-geek.com/toiletry-p-43423.html" "Mozilla/5.0 (compatible; Bytespider; spider-feedback@bytedance.com) AppleWebKit/537.36 (KHTML, like Gecko) Chrome/70.0.0.0 Safari/537.36"
47.128.33.217 - - [03/Oct/2023:18:58:21 +0200] "GET /images/big_prod/1399986102686.jpg HTTP/1.0" 200 268 "http://www.wonder-geek.com/toiletry-p-43423.html" "Mozilla/5.0 (compatible; Bytespider; spider-feedback@bytedance.com) AppleWebKit/537.36 (KHTML, like Gecko) Chrome/70.0.0.0 Safari/537.36"
157.55.39.54 - - [03/Oct/2023:18:58:23 +0200] "GET /cotton-floor-cushion-45-cm-albertine-p-51078.html HTTP/1.0" 301 73837 "-" "Mozilla/5.0 AppleWebKit/537.36 (KHTML, like Gecko; compatible; bingbot/2.0; +http://www.bing.com/bingbot.htm) Chrome/103.0.5060.134 Safari/537.36"
47.128.33.144 - - [03/Oct/2023:18:58:25 +0200] "GET /js/jquery.min.js HTTP/1.0" 404 1308 "http://www.wonder-geek.com/accessories-mobiles-c-3_17.html?page=4" "Mozilla/5.0 (compatible; Bytespider; spider-feedback@bytedance.com) AppleWebKit/537.36 (KHTML, like Gecko) Chrome/70.0.0.0 Safari/537.36"
47.128.33.144 - - [03/Oct/2023:18:58:25 +0200] "GET /highslide/graphics/zoomout.cur HTTP/1.0" 200 614 "http://www.wonder-geek.com/accessories-mobiles-c-3_17.html?page=4" "Mozilla/5.0 (compatible; Bytespider; spider-feedback@bytedance.com) AppleWebKit/537.36 (KHTML, like Gecko) Chrome/70.0.0.0 Safari/537.36"
47.128.33.144 - - [03/Oct/2023:18:58:25 +0200] "GET /highslide/graphics/outlines/drop-shadow.png HTTP/1.0" 200 277 "http://www.wonder-geek.com/accessories-mobiles-c-3_17.html?page=4" "Mozilla/5.0 (compatible; Bytespider; spider-feedback@bytedance.com) AppleWebKit/537.36 (KHTML, like Gecko) Chrome/70.0.0.0 Safari/537.36"
185.191.171.14 - - [03/Oct/2023:18:58:24 +0200] "GET /lotus-wall-stickers-p-60121.html HTTP/1.0" 200 76891 "-" "Mozilla/5.0 (compatible; SemrushBot/7~bl; +http://www.semrush.com/bot.html)"
47.128.33.138 - - [03/Oct/2023:18:58:26 +0200] "GET /js/jquery.min.js HTTP/1.0" 404 1308 "http://www.wonder-geek.com/umbrellas-c-3_16.html" "Mozilla/5.0 (compatible; Bytespider; spider-feedback@bytedance.com) AppleWebKit/537.36 (KHTML, like Gecko) Chrome/70.0.0.0 Safari/537.36"
47.128.33.138 - - [03/Oct/2023:18:58:26 +0200] "GET /highslide/graphics/outlines/drop-shadow.png HTTP/1.0" 200 277 "http://www.wonder-geek.com/umbrellas-c-3_16.html" "Mozilla/5.0 (compatible; Bytespider; spider-feedback@bytedance.com) AppleWebKit/537.36 (KHTML, like Gecko) Chrome/70.0.0.0 Safari/537.36"
47.128.33.138 - - [03/Oct/2023:18:58:26 +0200] "GET /highslide/graphics/zoomout.cur HTTP/1.0" 200 614 "http://www.wonder-geek.com/umbrellas-c-3_16.html" "Mozilla/5.0 (compatible; Bytespider; spider-feedback@bytedance.com) AppleWebKit/537.36 (KHTML, like Gecko) Chrome/70.0.0.0 Safari/537.36"
157.55.39.54 - - [03/Oct/2023:18:58:26 +0200] "GET /glasses-case-c-31_164.html?page=2 HTTP/1.0" 200 93835 "-" "Mozilla/5.0 AppleWebKit/537.36 (KHTML, like Gecko; compatible; bingbot/2.0; +http://www.bing.com/bingbot.htm) Chrome/103.0.5060.134 Safari/537.36"
54.36.148.5 - - [03/Oct/2023:18:58:36 +0200] "GET /fantasy-watch-women-fowers-p-49960.html HTTP/1.0" 200 76828 "-" "Mozilla/5.0 (compatible; AhrefsBot/7.0; +http://ahrefs.com/robot/)"
185.191.171.1 - - [03/Oct/2023:18:58:38 +0200] "GET /betty-boop-mobile-sock-p-32844.html HTTP/1.0" 200 76293 "-" "Mozilla/5.0 (compatible; SemrushBot/7~bl; +http://www.semrush.com/bot.html)"
85.208.96.202 - - [03/Oct/2023:18:58:45 +0200] "GET /-p-40503.html HTTP/1.0" 200 73770 "-" "Mozilla/5.0 (compatible; SemrushBot/7~bl; +http://www.semrush.com/bot.html)"
157.90.182.25 - - [03/Oct/2023:18:58:48 +0200] "GET /disney-princess-mattress-swimming-pool-p-19982.html HTTP/1.0" 200 76614 "-" "Mozilla/5.0 (compatible; BLEXBot/1.0; +http://webmeup-crawler.com/)"
5.80.133.230 - - [03/Oct/2023:18:58:54 +0200] "GET /fudge-buddha-perfume-diffuser-cracked-ceramic-p-36552.html HTTP/1.0" 200 76458 "-" "Mozilla/5.0 (Linux; Android 6.0; Nexus 5 Build/MRA58N) AppleWebKit/537.36 (KHTML, like Gecko) Chrome/44.0.9704.1361 Mobile Safari/537.36"
92.10.216.9 - - [03/Oct/2023:18:58:56 +0200] "GET /swfobject.js HTTP/1.0" 404 1308 "http://www.wonder-geek.com/fudge-buddha-perfume-diffuser-cracked-ceramic-p-36552.html" "Mozilla/5.0 (Linux; Android 6.0; Nexus 5 Build/MRA58N) AppleWebKit/537.36 (KHTML, like Gecko) Chrome/44.0.9704.1361 Mobile Safari/537.36"
157.90.182.25 - - [03/Oct/2023:18:58:55 +0200] "GET /disney-princess-metal-p-26697.html HTTP/1.0" 200 76242 "-" "Mozilla/5.0 (compatible; BLEXBot/1.0; +http://webmeup-crawler.com/)"
2.99.201.225 - - [03/Oct/2023:18:59:00 +0200] "GET /highslide/graphics/zoomout.cur HTTP/1.0" 200 614 "http://www.wonder-geek.com/fudge-buddha-perfume-diffuser-cracked-ceramic-p-36552.html" "Mozilla/5.0 (Linux; Android 6.0; Nexus 5 Build/MRA58N) AppleWebKit/537.36 (KHTML, like Gecko) Chrome/44.0.9704.1361 Mobile Safari/537.36"
109.156.95.44 - - [03/Oct/2023:18:59:01 +0200] "GET /highslide/graphics/outlines/drop-shadow.png HTTP/1.0" 200 277 "http://www.wonder-geek.com/fudge-buddha-perfume-diffuser-cracked-ceramic-p-36552.html" "Mozilla/5.0 (Linux; Android 6.0; Nexus 5 Build/MRA58N) AppleWebKit/537.36 (KHTML, like Gecko) Chrome/44.0.9704.1361 Mobile Safari/537.36"
157.90.182.25 - - [03/Oct/2023:18:59:02 +0200] "GET /disney-princess-pencil-case-p-44919.html HTTP/1.0" 200 76192 "-" "Mozilla/5.0 (compatible; BLEXBot/1.0; +http://webmeup-crawler.com/)"
157.90.182.25 - - [03/Oct/2023:18:59:12 +0200] "GET /disney-princess-rainwear-p-31243.html HTTP/1.0" 200 77294 "-" "Mozilla/5.0 (compatible; BLEXBot/1.0; +http://webmeup-crawler.com/)"
54.36.148.32 - - [03/Oct/2023:18:59:13 +0200] "GET /monster-doll-cushion-personalized-picture-p-16681.html HTTP/1.0" 200 77021 "-" "Mozilla/5.0 (compatible; AhrefsBot/7.0; +http://ahrefs.com/robot/)"
157.90.182.25 - - [03/Oct/2023:18:59:20 +0200] "GET /disney-princess-slate-p-27809.html HTTP/1.0" 200 76174 "-" "Mozilla/5.0 (compatible; BLEXBot/1.0; +http://webmeup-crawler.com/)"
157.90.182.25 - - [03/Oct/2023:18:59:25 +0200] "GET /disney-princess-snow-white-parka-p-31246.html HTTP/1.0" 200 77401 "-" "Mozilla/5.0 (compatible; BLEXBot/1.0; +http://webmeup-crawler.com/)"
157.90.182.25 - - [03/Oct/2023:18:59:32 +0200] "GET /disney-princess-white-swimsuit-p-30311.html HTTP/1.0" 200 77314 "-" "Mozilla/5.0 (compatible; BLEXBot/1.0; +http://webmeup-crawler.com/)"
157.90.182.25 - - [03/Oct/2023:18:59:38 +0200] "GET /disney-princess-white-swimsuit-p-30312.html HTTP/1.0" 200 77348 "-" "Mozilla/5.0 (compatible; BLEXBot/1.0; +http://webmeup-crawler.com/)"
157.90.182.25 - - [03/Oct/2023:18:59:44 +0200] "GET /disney-princesses-cardigan-p-31129.html HTTP/1.0" 200 77626 "-" "Mozilla/5.0 (compatible; BLEXBot/1.0; +http://webmeup-crawler.com/)"
54.36.148.219 - - [03/Oct/2023:18:59:46 +0200] "GET /black-brown-leather-bracelet-p-38486.html HTTP/1.0" 200 76148 "-" "Mozilla/5.0 (compatible; AhrefsBot/7.0; +http://ahrefs.com/robot/)"
85.208.96.212 - - [03/Oct/2023:18:59:49 +0200] "GET /-p-31674.html HTTP/1.0" 200 73770 "-" "Mozilla/5.0 (compatible; SemrushBot/7~bl; +http://www.semrush.com/bot.html)"
157.90.182.25 - - [03/Oct/2023:18:59:50 +0200] "GET /disney-princesses-pull-under-p-31127.html HTTP/1.0" 200 77349 "-" "Mozilla/5.0 (compatible; BLEXBot/1.0; +http://webmeup-crawler.com/)"
157.90.182.25 - - [03/Oct/2023:18:59:56 +0200] "GET /disturb-wooden-frame-p-46085.html HTTP/1.0" 200 77062 "-" "Mozilla/5.0 (compatible; BLEXBot/1.0; +http://webmeup-crawler.com/)"
157.90.182.25 - - [03/Oct/2023:19:00:02 +0200] "GET /dolphin-hand-bell-golden-brass-p-57548.html HTTP/1.0" 200 76822 "-" "Mozilla/5.0 (compatible; BLEXBot/1.0; +http://webmeup-crawler.com/)"
157.90.182.25 - - [03/Oct/2023:19:00:08 +0200] "GET /domo-black-shirt-p-30048.html HTTP/1.0" 200 77261 "-" "Mozilla/5.0 (compatible; BLEXBot/1.0; +http://webmeup-crawler.com/)"
157.90.182.25 - - [03/Oct/2023:19:00:13 +0200] "GET /domo-frankunstein-shirt-p-29504.html HTTP/1.0" 200 77572 "-" "Mozilla/5.0 (compatible; BLEXBot/1.0; +http://webmeup-crawler.com/)"
54.36.148.126 - - [03/Oct/2023:19:00:17 +0200] "GET /wooden-storage-boxes-p-56511.html HTTP/1.0" 200 77317 "-" "Mozilla/5.0 (compatible; AhrefsBot/7.0; +http://ahrefs.com/robot/)"
157.90.182.25 - - [03/Oct/2023:19:00:20 +0200] "GET /donkey-kong-shirt-p-29598.html HTTP/1.0" 200 77520 "-" "Mozilla/5.0 (compatible; BLEXBot/1.0; +http://webmeup-crawler.com/)"
157.90.182.25 - - [03/Oct/2023:19:00:26 +0200] "GET /door-bottom-cushion-belle-p-59716.html HTTP/1.0" 200 77046 "-" "Mozilla/5.0 (compatible; BLEXBot/1.0; +http://webmeup-crawler.com/)"
157.90.182.25 - - [03/Oct/2023:19:00:33 +0200] "GET /door-bottom-cushion-bienvenue-chez-nous-p-60753.html HTTP/1.0" 200 77032 "-" "Mozilla/5.0 (compatible; BLEXBot/1.0; +http://webmeup-crawler.com/)"
157.90.182.25 - - [03/Oct/2023:19:00:38 +0200] "GET /door-bottom-cushion-bienvenue-p-59715.html HTTP/1.0" 200 76998 "-" "Mozilla/5.0 (compatible; BLEXBot/1.0; +http://webmeup-crawler.com/)"
157.90.182.25 - - [03/Oct/2023:19:00:45 +0200] "GET /door-bottom-cushion-chez-nous-bien-p-60756.html HTTP/1.0" 200 77047 "-" "Mozilla/5.0 (compatible; BLEXBot/1.0; +http://webmeup-crawler.com/)"
157.90.182.25 - - [03/Oct/2023:19:00:51 +0200] "GET /door-bottom-cushion-home-sweet-home-p-59714.html HTTP/1.0" 200 77058 "-" "Mozilla/5.0 (compatible; BLEXBot/1.0; +http://webmeup-crawler.com/)"
54.36.148.239 - - [03/Oct/2023:19:00:55 +0200] "GET /large-gogh-umbrella-p-52395.html HTTP/1.0" 200 76829 "-" "Mozilla/5.0 (compatible; AhrefsBot/7.0; +http://ahrefs.com/robot/)"
157.90.182.25 - - [03/Oct/2023:19:00:58 +0200] "GET /door-bottom-cushion-maison-amour-p-60755.html HTTP/1.0" 200 77023 "-" "Mozilla/5.0 (compatible; BLEXBot/1.0; +http://webmeup-crawler.com/)"
54.36.148.61 - - [03/Oct/2023:19:01:04 +0200] "GET /images/big_prod_1/8424346364558B.jpg HTTP/1.0" 200 271 "-" "Mozilla/5.0 (compatible; AhrefsBot/7.0; +http://ahrefs.com/robot/)"
157.90.182.25 - - [03/Oct/2023:19:01:05 +0200] "GET /door-bottom-cushion-maison-bonheur-p-59713.html HTTP/1.0" 200 77096 "-" "Mozilla/5.0 (compatible; BLEXBot/1.0; +http://webmeup-crawler.com/)"
54.36.148.162 - - [03/Oct/2023:19:01:11 +0200] "GET /images/big_prod_3/8424346364558D.jpg HTTP/1.0" 200 271 "-" "Mozilla/5.0 (compatible; AhrefsBot/7.0; +http://ahrefs.com/robot/)"
54.36.149.53 - - [03/Oct/2023:19:01:12 +0200] "GET /images/big_prod/8424346364558.jpg HTTP/1.0" 200 268 "-" "Mozilla/5.0 (compatible; AhrefsBot/7.0; +http://ahrefs.com/robot/)"
54.36.149.41 - - [03/Oct/2023:19:01:12 +0200] "GET /images/big_prod_1/3453131153430B.jpg HTTP/1.0" 200 271 "-" "Mozilla/5.0 (compatible; AhrefsBot/7.0; +http://ahrefs.com/robot/)"
157.90.182.25 - - [03/Oct/2023:19:01:11 +0200] "GET /door-bottom-cushion-maison-chaleureuse-p-59718.html HTTP/1.0" 200 77088 "-" "Mozilla/5.0 (compatible; BLEXBot/1.0; +http://webmeup-crawler.com/)"
185.191.171.12 - - [03/Oct/2023:19:01:13 +0200] "GET /-p-32413.html HTTP/1.0" 200 73770 "-" "Mozilla/5.0 (compatible; SemrushBot/7~bl; +http://www.semrush.com/bot.html)"
54.36.148.92 - - [03/Oct/2023:19:01:15 +0200] "GET /images/big_prod/3453131153430.jpg HTTP/1.0" 200 268 "-" "Mozilla/5.0 (compatible; AhrefsBot/7.0; +http://ahrefs.com/robot/)"
157.90.182.25 - - [03/Oct/2023:19:01:16 +0200] "GET /door-bottom-cushion-maison-p-60757.html HTTP/1.0" 200 76996 "-" "Mozilla/5.0 (compatible; BLEXBot/1.0; +http://webmeup-crawler.com/)"
157.90.182.25 - - [03/Oct/2023:19:01:22 +0200] "GET /door-bottom-cushion-petit-douillet-p-59717.html HTTP/1.0" 200 77080 "-" "Mozilla/5.0 (compatible; BLEXBot/1.0; +http://webmeup-crawler.com/)"
157.90.182.25 - - [03/Oct/2023:19:01:28 +0200] "GET /door-bottom-cushion-reste-chaud-p-60754.html HTTP/1.0" 200 77006 "-" "Mozilla/5.0 (compatible; BLEXBot/1.0; +http://webmeup-crawler.com/)"
157.90.182.25 - - [03/Oct/2023:19:01:34 +0200] "GET /door-bottom-cushion-sheep-p-60577.html HTTP/1.0" 200 76477 "-" "Mozilla/5.0 (compatible; BLEXBot/1.0; +http://webmeup-crawler.com/)"
54.36.149.66 - - [03/Oct/2023:19:01:35 +0200] "GET /novena-candle-saint-pierre-p-59401.html HTTP/1.0" 200 76921 "-" "Mozilla/5.0 (compatible; AhrefsBot/7.0; +http://ahrefs.com/robot/)"
157.90.182.25 - - [03/Oct/2023:19:01:39 +0200] "GET /door-bottom-cushion-welcome-home-p-60752.html HTTP/1.0" 200 76983 "-" "Mozilla/5.0 (compatible; BLEXBot/1.0; +http://webmeup-crawler.com/)"
157.90.182.25 - - [03/Oct/2023:19:01:44 +0200] "GET /door-coconut-fiber-p-48674.html HTTP/1.0" 200 76303 "-" "Mozilla/5.0 (compatible; BLEXBot/1.0; +http://webmeup-crawler.com/)"
157.90.182.25 - - [03/Oct/2023:19:01:50 +0200] "GET /door-plate-bathroom-p-48977.html HTTP/1.0" 200 76768 "-" "Mozilla/5.0 (compatible; BLEXBot/1.0; +http://webmeup-crawler.com/)"
157.90.182.25 - - [03/Oct/2023:19:01:56 +0200] "GET /door-plate-bathroom-p-53387.html HTTP/1.0" 200 76766 "-" "Mozilla/5.0 (compatible; BLEXBot/1.0; +http://webmeup-crawler.com/)"
157.90.182.25 - - [03/Oct/2023:19:02:01 +0200] "GET /door-plate-bathroom-p-54955.html HTTP/1.0" 200 76754 "-" "Mozilla/5.0 (compatible; BLEXBot/1.0; +http://webmeup-crawler.com/)"
54.36.148.146 - - [03/Oct/2023:19:02:05 +0200] "GET /retro-chest-weathered-wood-p-52933.html HTTP/1.0" 200 76146 "-" "Mozilla/5.0 (compatible; AhrefsBot/7.0; +http://ahrefs.com/robot/)"
185.191.171.7 - - [03/Oct/2023:19:02:08 +0200] "GET /-p-32755.html HTTP/1.0" 200 73770 "-" "Mozilla/5.0 (compatible; SemrushBot/7~bl; +http://www.semrush.com/bot.html)"
157.90.182.25 - - [03/Oct/2023:19:02:08 +0200] "GET /door-plate-bedroom-p-50998.html HTTP/1.0" 200 76769 "-" "Mozilla/5.0 (compatible; BLEXBot/1.0; +http://webmeup-crawler.com/)"
157.90.182.25 - - [03/Oct/2023:19:02:14 +0200] "GET /door-plate-bedroom-p-52416.html HTTP/1.0" 200 76163 "-" "Mozilla/5.0 (compatible; BLEXBot/1.0; +http://webmeup-crawler.com/)"
157.55.39.203 - - [03/Oct/2023:19:02:17 +0200] "GET /christmas-tree-ornament-christmas-balls-c-13_271.html HTTP/1.0" 200 94173 "-" "Mozilla/5.0 AppleWebKit/537.36 (KHTML, like Gecko; compatible; bingbot/2.0; +http://www.bing.com/bingbot.htm) Chrome/103.0.5060.134 Safari/537.36"
157.90.182.25 - - [03/Oct/2023:19:02:21 +0200] "GET /door-plate-bedroom-p-54956.html HTTP/1.0" 200 76743 "-" "Mozilla/5.0 (compatible; BLEXBot/1.0; +http://webmeup-crawler.com/)"
157.90.182.25 - - [03/Oct/2023:19:02:27 +0200] "GET /door-plate-cooked-p-54957.html HTTP/1.0" 200 76733 "-" "Mozilla/5.0 (compatible; BLEXBot/1.0; +http://webmeup-crawler.com/)"
