20.12.62.92 - - [03/Oct/2023:20:44:34 +0200] "HEAD /wp HTTP/1.0" 301 192 "-" "Mozilla/5.0 (Windows NT 10.0; Win64; x64) AppleWebKit/537.36 (KHTML, like Gecko) Chrome/74.0.3729.169 Safari/537.36"
20.12.62.92 - - [03/Oct/2023:20:44:34 +0200] "HEAD /wp HTTP/1.0" 404 272 "http://wonder-geek.com/wp" "Mozilla/5.0 (Windows NT 10.0; Win64; x64) AppleWebKit/537.36 (KHTML, like Gecko) Chrome/74.0.3729.169 Safari/537.36"
20.12.62.92 - - [03/Oct/2023:20:44:34 +0200] "HEAD /bc HTTP/1.0" 301 192 "-" "Mozilla/5.0 (Windows NT 10.0; Win64; x64) AppleWebKit/537.36 (KHTML, like Gecko) Chrome/74.0.3729.169 Safari/537.36"
20.12.62.92 - - [03/Oct/2023:20:44:34 +0200] "HEAD /bc HTTP/1.0" 404 272 "http://wonder-geek.com/bc" "Mozilla/5.0 (Windows NT 10.0; Win64; x64) AppleWebKit/537.36 (KHTML, like Gecko) Chrome/74.0.3729.169 Safari/537.36"
20.12.62.92 - - [03/Oct/2023:20:44:34 +0200] "HEAD /bk HTTP/1.0" 301 192 "-" "Mozilla/5.0 (Windows NT 10.0; Win64; x64) AppleWebKit/537.36 (KHTML, like Gecko) Chrome/74.0.3729.169 Safari/537.36"
20.12.62.92 - - [03/Oct/2023:20:44:34 +0200] "HEAD /bk HTTP/1.0" 404 272 "http://wonder-geek.com/bk" "Mozilla/5.0 (Windows NT 10.0; Win64; x64) AppleWebKit/537.36 (KHTML, like Gecko) Chrome/74.0.3729.169 Safari/537.36"
20.12.62.92 - - [03/Oct/2023:20:44:34 +0200] "HEAD /backup HTTP/1.0" 301 196 "-" "Mozilla/5.0 (Windows NT 10.0; Win64; x64) AppleWebKit/537.36 (KHTML, like Gecko) Chrome/74.0.3729.169 Safari/537.36"
20.12.62.92 - - [03/Oct/2023:20:44:34 +0200] "HEAD /backup HTTP/1.0" 404 272 "http://wonder-geek.com/backup" "Mozilla/5.0 (Windows NT 10.0; Win64; x64) AppleWebKit/537.36 (KHTML, like Gecko) Chrome/74.0.3729.169 Safari/537.36"
20.12.62.92 - - [03/Oct/2023:20:44:35 +0200] "HEAD /old HTTP/1.0" 301 193 "-" "Mozilla/5.0 (Windows NT 10.0; Win64; x64) AppleWebKit/537.36 (KHTML, like Gecko) Chrome/74.0.3729.169 Safari/537.36"
20.12.62.92 - - [03/Oct/2023:20:44:35 +0200] "HEAD /old HTTP/1.0" 404 272 "http://wonder-geek.com/old" "Mozilla/5.0 (Windows NT 10.0; Win64; x64) AppleWebKit/537.36 (KHTML, like Gecko) Chrome/74.0.3729.169 Safari/537.36"
20.12.62.92 - - [03/Oct/2023:20:44:35 +0200] "HEAD /new HTTP/1.0" 301 193 "-" "Mozilla/5.0 (Windows NT 10.0; Win64; x64) AppleWebKit/537.36 (KHTML, like Gecko) Chrome/74.0.3729.169 Safari/537.36"
20.12.62.92 - - [03/Oct/2023:20:44:35 +0200] "HEAD /new HTTP/1.0" 404 272 "http://wonder-geek.com/new" "Mozilla/5.0 (Windows NT 10.0; Win64; x64) AppleWebKit/537.36 (KHTML, like Gecko) Chrome/74.0.3729.169 Safari/537.36"
20.12.62.92 - - [03/Oct/2023:20:44:35 +0200] "HEAD /main HTTP/1.0" 301 194 "-" "Mozilla/5.0 (Windows NT 10.0; Win64; x64) AppleWebKit/537.36 (KHTML, like Gecko) Chrome/74.0.3729.169 Safari/537.36"
20.12.62.92 - - [03/Oct/2023:20:44:35 +0200] "HEAD /main HTTP/1.0" 404 272 "http://wonder-geek.com/main" "Mozilla/5.0 (Windows NT 10.0; Win64; x64) AppleWebKit/537.36 (KHTML, like Gecko) Chrome/74.0.3729.169 Safari/537.36"
20.12.62.92 - - [03/Oct/2023:20:44:35 +0200] "HEAD /home HTTP/1.0" 301 194 "-" "Mozilla/5.0 (Windows NT 10.0; Win64; x64) AppleWebKit/537.36 (KHTML, like Gecko) Chrome/74.0.3729.169 Safari/537.36"
20.12.62.92 - - [03/Oct/2023:20:44:35 +0200] "HEAD /home HTTP/1.0" 404 272 "http://wonder-geek.com/home" "Mozilla/5.0 (Windows NT 10.0; Win64; x64) AppleWebKit/537.36 (KHTML, like Gecko) Chrome/74.0.3729.169 Safari/537.36"
157.90.182.25 - - [03/Oct/2023:20:44:35 +0200] "GET /little-buddha-resin-money-pink-p-56379.html HTTP/1.0" 200 76822 "-" "Mozilla/5.0 (compatible; BLEXBot/1.0; +http://webmeup-crawler.com/)"
54.36.149.28 - - [03/Oct/2023:20:44:39 +0200] "GET /bracelets-c-3_200.html?page=1 HTTP/1.0" 200 94342 "-" "Mozilla/5.0 (compatible; AhrefsBot/7.0; +http://ahrefs.com/robot/)"
157.90.182.25 - - [03/Oct/2023:20:44:39 +0200] "GET /little-frog-savings-bank-p-48694.html HTTP/1.0" 200 76126 "-" "Mozilla/5.0 (compatible; BLEXBot/1.0; +http://webmeup-crawler.com/)"
157.90.182.25 - - [03/Oct/2023:20:44:44 +0200] "GET /little-geisha-p-39290.html HTTP/1.0" 200 76864 "-" "Mozilla/5.0 (compatible; BLEXBot/1.0; +http://webmeup-crawler.com/)"
54.36.149.26 - - [03/Oct/2023:20:44:47 +0200] "GET /images/mini_prod/1300000023955NN.jpg HTTP/1.0" 200 271 "-" "Mozilla/5.0 (compatible; AhrefsBot/7.0; +http://ahrefs.com/robot/)"
54.36.148.64 - - [03/Oct/2023:20:44:47 +0200] "GET /images/mini_prod/1384010202814.jpg HTTP/1.0" 200 269 "-" "Mozilla/5.0 (compatible; AhrefsBot/7.0; +http://ahrefs.com/robot/)"
54.36.148.228 - - [03/Oct/2023:20:44:48 +0200] "GET /images/mini_prod/1384010202791.jpg HTTP/1.0" 200 269 "-" "Mozilla/5.0 (compatible; AhrefsBot/7.0; +http://ahrefs.com/robot/)"
54.36.148.217 - - [03/Oct/2023:20:44:49 +0200] "GET /images/mini_prod/1300000023962.jpg HTTP/1.0" 200 269 "-" "Mozilla/5.0 (compatible; AhrefsBot/7.0; +http://ahrefs.com/robot/)"
157.90.182.25 - - [03/Oct/2023:20:44:49 +0200] "GET /little-geisha-p-50778.html HTTP/1.0" 200 77131 "-" "Mozilla/5.0 (compatible; BLEXBot/1.0; +http://webmeup-crawler.com/)"
54.36.148.108 - - [03/Oct/2023:20:44:51 +0200] "GET /images/mini_prod/1384010202753.jpg HTTP/1.0" 200 269 "-" "Mozilla/5.0 (compatible; AhrefsBot/7.0; +http://ahrefs.com/robot/)"
54.36.148.245 - - [03/Oct/2023:20:44:51 +0200] "GET /images/mini_prod/1300000023986.jpg HTTP/1.0" 200 269 "-" "Mozilla/5.0 (compatible; AhrefsBot/7.0; +http://ahrefs.com/robot/)"
54.36.149.15 - - [03/Oct/2023:20:44:53 +0200] "GET /images/mini_prod/1384010202746.jpg HTTP/1.0" 200 269 "-" "Mozilla/5.0 (compatible; AhrefsBot/7.0; +http://ahrefs.com/robot/)"
54.36.149.90 - - [03/Oct/2023:20:44:53 +0200] "GET /images/mini_prod/1300000024013.jpg HTTP/1.0" 200 269 "-" "Mozilla/5.0 (compatible; AhrefsBot/7.0; +http://ahrefs.com/robot/)"
54.36.148.99 - - [03/Oct/2023:20:44:53 +0200] "GET /images/mini_prod/1300000023979.jpg HTTP/1.0" 200 269 "-" "Mozilla/5.0 (compatible; AhrefsBot/7.0; +http://ahrefs.com/robot/)"
54.36.148.95 - - [03/Oct/2023:20:44:54 +0200] "GET /images/mini_prod/1384010202784.jpg HTTP/1.0" 200 269 "-" "Mozilla/5.0 (compatible; AhrefsBot/7.0; +http://ahrefs.com/robot/)"
54.36.148.110 - - [03/Oct/2023:20:44:54 +0200] "GET /images/mini_prod/1384010202807.jpg HTTP/1.0" 200 269 "-" "Mozilla/5.0 (compatible; AhrefsBot/7.0; +http://ahrefs.com/robot/)"
54.36.148.230 - - [03/Oct/2023:20:44:54 +0200] "GET /images/mini_prod/1300000024051NN.jpg HTTP/1.0" 200 271 "-" "Mozilla/5.0 (compatible; AhrefsBot/7.0; +http://ahrefs.com/robot/)"
54.36.148.227 - - [03/Oct/2023:20:44:54 +0200] "GET /images/mini_prod/1300000024020.jpg HTTP/1.0" 200 269 "-" "Mozilla/5.0 (compatible; AhrefsBot/7.0; +http://ahrefs.com/robot/)"
54.36.148.132 - - [03/Oct/2023:20:44:55 +0200] "GET /images/mini_prod/1300000024051.jpg HTTP/1.0" 200 269 "-" "Mozilla/5.0 (compatible; AhrefsBot/7.0; +http://ahrefs.com/robot/)"
157.90.182.25 - - [03/Oct/2023:20:44:53 +0200] "GET /little-geisha-p-50779.html HTTP/1.0" 200 77129 "-" "Mozilla/5.0 (compatible; BLEXBot/1.0; +http://webmeup-crawler.com/)"
54.36.148.191 - - [03/Oct/2023:20:44:56 +0200] "GET /images/mini_prod/1300000023948NN.jpg HTTP/1.0" 200 271 "-" "Mozilla/5.0 (compatible; AhrefsBot/7.0; +http://ahrefs.com/robot/)"
54.36.148.49 - - [03/Oct/2023:20:44:56 +0200] "GET /images/mini_prod/1300000024006.jpg HTTP/1.0" 200 269 "-" "Mozilla/5.0 (compatible; AhrefsBot/7.0; +http://ahrefs.com/robot/)"
54.36.149.25 - - [03/Oct/2023:20:44:56 +0200] "GET /images/mini_prod/1384010202777.jpg HTTP/1.0" 200 269 "-" "Mozilla/5.0 (compatible; AhrefsBot/7.0; +http://ahrefs.com/robot/)"
54.36.148.115 - - [03/Oct/2023:20:44:57 +0200] "GET /images/mini_prod/1300000023993.jpg HTTP/1.0" 200 269 "-" "Mozilla/5.0 (compatible; AhrefsBot/7.0; +http://ahrefs.com/robot/)"
54.36.148.147 - - [03/Oct/2023:20:44:57 +0200] "GET /images/mini_prod/1384010202760.jpg HTTP/1.0" 200 269 "-" "Mozilla/5.0 (compatible; AhrefsBot/7.0; +http://ahrefs.com/robot/)"
157.90.182.25 - - [03/Oct/2023:20:45:04 +0200] "GET /little-geisha-small-p-39302.html HTTP/1.0" 200 76357 "-" "Mozilla/5.0 (compatible; BLEXBot/1.0; +http://webmeup-crawler.com/)"
157.90.182.25 - - [03/Oct/2023:20:45:11 +0200] "GET /little-green-moustache-ring-p-18697.html HTTP/1.0" 200 76616 "-" "Mozilla/5.0 (compatible; BLEXBot/1.0; +http://webmeup-crawler.com/)"
54.36.149.9 - - [03/Oct/2023:20:45:13 +0200] "GET /insulated-bottle-planet-p-58205.html HTTP/1.0" 200 77062 "-" "Mozilla/5.0 (compatible; AhrefsBot/7.0; +http://ahrefs.com/robot/)"
157.55.39.201 - - [03/Oct/2023:20:45:12 +0200] "GET /barbapapa-m-7.html HTTP/1.0" 200 93947 "-" "Mozilla/5.0 AppleWebKit/537.36 (KHTML, like Gecko; compatible; bingbot/2.0; +http://www.bing.com/bingbot.htm) Chrome/103.0.5060.134 Safari/537.36"
157.90.182.25 - - [03/Oct/2023:20:45:16 +0200] "GET /little-londoner-payphone-sticker-photo-frame-p-26133.html HTTP/1.0" 200 76343 "-" "Mozilla/5.0 (compatible; BLEXBot/1.0; +http://webmeup-crawler.com/)"
54.36.148.123 - - [03/Oct/2023:20:45:19 +0200] "GET /images/big_prod/8053806018733A.jpg HTTP/1.0" 200 269 "-" "Mozilla/5.0 (compatible; AhrefsBot/7.0; +http://ahrefs.com/robot/)"
157.90.182.25 - - [03/Oct/2023:20:45:27 +0200] "GET /little-miss-sunshine-beige-wallet-p-2681.html HTTP/1.0" 200 79686 "-" "Mozilla/5.0 (compatible; BLEXBot/1.0; +http://webmeup-crawler.com/)"
185.191.171.8 - - [03/Oct/2023:20:45:31 +0200] "GET /kori-kumi-pencil-case-p-30485.html HTTP/1.0" 200 76139 "-" "Mozilla/5.0 (compatible; SemrushBot/7~bl; +http://www.semrush.com/bot.html)"
157.90.182.25 - - [03/Oct/2023:20:45:35 +0200] "GET /little-miss-sunshine-canvas-photo-frame-p-6257.html HTTP/1.0" 200 76274 "-" "Mozilla/5.0 (compatible; BLEXBot/1.0; +http://webmeup-crawler.com/)"
157.90.182.25 - - [03/Oct/2023:20:45:41 +0200] "GET /little-miss-sunshine-pink-wallet-p-2682.html HTTP/1.0" 200 77294 "-" "Mozilla/5.0 (compatible; BLEXBot/1.0; +http://webmeup-crawler.com/)"
157.90.182.25 - - [03/Oct/2023:20:45:47 +0200] "GET /little-moustache-ring-p-18696.html HTTP/1.0" 200 77215 "-" "Mozilla/5.0 (compatible; BLEXBot/1.0; +http://webmeup-crawler.com/)"
157.90.182.25 - - [03/Oct/2023:20:45:52 +0200] "GET /little-orange-moustache-ring-p-18700.html HTTP/1.0" 200 76625 "-" "Mozilla/5.0 (compatible; BLEXBot/1.0; +http://webmeup-crawler.com/)"
54.36.149.103 - - [03/Oct/2023:20:45:59 +0200] "GET /cement-cover-orange-p-57983.html HTTP/1.0" 200 76755 "-" "Mozilla/5.0 (compatible; AhrefsBot/7.0; +http://ahrefs.com/robot/)"
216.244.66.242 - - [03/Oct/2023:20:45:59 +0200] "GET /gingerbread-cake-dish-p-33301.html HTTP/1.0" 200 76097 "-" "Mozilla/5.0 (compatible; DotBot/1.2; +https://opensiteexplorer.org/dotbot; help@moz.com)"
54.36.148.166 - - [03/Oct/2023:20:46:03 +0200] "GET /images/big_prod_1/8422012717615B.jpg HTTP/1.0" 200 271 "-" "Mozilla/5.0 (compatible; AhrefsBot/7.0; +http://ahrefs.com/robot/)"
157.90.182.25 - - [03/Oct/2023:20:46:02 +0200] "GET /little-pink-moustache-ring-p-18694.html HTTP/1.0" 200 77234 "-" "Mozilla/5.0 (compatible; BLEXBot/1.0; +http://webmeup-crawler.com/)"
54.36.149.29 - - [03/Oct/2023:20:46:06 +0200] "GET /images/big_prod/8422012717615A.jpg HTTP/1.0" 200 269 "-" "Mozilla/5.0 (compatible; AhrefsBot/7.0; +http://ahrefs.com/robot/)"
157.90.182.25 - - [03/Oct/2023:20:46:10 +0200] "GET /little-pony-mini-glitter-shake-shine-p-31919.html HTTP/1.0" 200 76649 "-" "Mozilla/5.0 (compatible; BLEXBot/1.0; +http://webmeup-crawler.com/)"
157.90.182.25 - - [03/Oct/2023:20:46:15 +0200] "GET /little-pony-mini-glitter-shake-shine-p-31922.html HTTP/1.0" 200 76648 "-" "Mozilla/5.0 (compatible; BLEXBot/1.0; +http://webmeup-crawler.com/)"
157.90.182.25 - - [03/Oct/2023:20:46:20 +0200] "GET /little-pony-mousepad-p-16006.html HTTP/1.0" 200 76266 "-" "Mozilla/5.0 (compatible; BLEXBot/1.0; +http://webmeup-crawler.com/)"
120.92.12.104 - - [03/Oct/2023:20:46:25 +0200] "GET /images/mini_prod/4043946232193.jpg HTTP/1.0" 200 269 "-" "Mozilla/5.0 (X11; Ubuntu; Linux x86_64; rv:72.0) Gecko/20100101 Firefox/72.0"
157.90.182.25 - - [03/Oct/2023:20:46:25 +0200] "GET /little-prince-flowers-paper-towel-dispenser-p-35242.html HTTP/1.0" 200 76292 "-" "Mozilla/5.0 (compatible; BLEXBot/1.0; +http://webmeup-crawler.com/)"
157.90.182.25 - - [03/Oct/2023:20:46:31 +0200] "GET /little-prince-green-jewelry-p-53235.html HTTP/1.0" 200 77440 "-" "Mozilla/5.0 (compatible; BLEXBot/1.0; +http://webmeup-crawler.com/)"
51.68.224.127 - - [03/Oct/2023:20:46:37 +0200] "GET /adminweb/export_orders_xml.php?token=256de2z6edz6ed2z6DFSFsed2zed6zeDSFDSGdzedezfzf&maxorders=10&orderstart=1&status=14&start_date=2018-10-01 HTTP/1.0" 200 285 "-" "GesCom CharlotteBoutik Serveur"
157.90.182.25 - - [03/Oct/2023:20:46:36 +0200] "GET /little-prince-jewelry-p-51620.html HTTP/1.0" 200 77551 "-" "Mozilla/5.0 (compatible; BLEXBot/1.0; +http://webmeup-crawler.com/)"
51.68.224.127 - - [03/Oct/2023:20:46:38 +0200] "GET /adminweb/export_orders_xml.php?token=256de2z6edz6ed2z6DFSFsed2zed6zeDSFDSGdzedezfzf&maxorders=10&orderstart=1&status=6&start_date=2018-10-01 HTTP/1.0" 200 33939 "-" "GesCom CharlotteBoutik Serveur"
54.36.148.136 - - [03/Oct/2023:20:46:38 +0200] "GET /metal-coffee-capacity-poppy-p-58334.html HTTP/1.0" 200 77173 "-" "Mozilla/5.0 (compatible; AhrefsBot/7.0; +http://ahrefs.com/robot/)"
157.90.182.25 - - [03/Oct/2023:20:46:40 +0200] "GET /little-prince-navy-blue-jewelry-phosphorescent-p-16447.html HTTP/1.0" 200 77648 "-" "Mozilla/5.0 (compatible; BLEXBot/1.0; +http://webmeup-crawler.com/)"
157.90.182.25 - - [03/Oct/2023:20:46:45 +0200] "GET /little-prince-paper-towel-dispenser-p-28596.html HTTP/1.0" 200 76228 "-" "Mozilla/5.0 (compatible; BLEXBot/1.0; +http://webmeup-crawler.com/)"
54.36.149.29 - - [03/Oct/2023:20:46:47 +0200] "GET /images/big_prod_1/4260082938417B.jpg HTTP/1.0" 200 271 "-" "Mozilla/5.0 (compatible; AhrefsBot/7.0; +http://ahrefs.com/robot/)"
114.119.133.234 - - [03/Oct/2023:20:46:51 +0200] "GET /gorjuss-coaster-the-fox-p-46926.html HTTP/1.0" 301 73902 "http://www.wonder-geek.com/coasters-c-12_157.html?page=2" "Mozilla/5.0 (Linux; Android 7.0;) AppleWebKit/537.36 (KHTML, like Gecko) Mobile Safari/537.36 (compatible; PetalBot;+https://webmaster.petalsearch.com/site/petalbot)"
157.90.182.25 - - [03/Oct/2023:20:46:51 +0200] "GET /little-prince-pink-apron-p-10315.html HTTP/1.0" 200 76901 "-" "Mozilla/5.0 (compatible; BLEXBot/1.0; +http://webmeup-crawler.com/)"
114.119.133.234 - - [03/Oct/2023:20:46:54 +0200] "GET /gorjuss-coaster-p-46926.html HTTP/1.0" 200 73820 "http://www.wonder-geek.com/coasters-c-12_157.html?page=2" "Mozilla/5.0 (Linux; Android 7.0;) AppleWebKit/537.36 (KHTML, like Gecko) Mobile Safari/537.36 (compatible; PetalBot;+https://webmaster.petalsearch.com/site/petalbot)"
157.90.182.25 - - [03/Oct/2023:20:46:55 +0200] "GET /little-prince-pocket-warmer-p-59045.html HTTP/1.0" 200 77329 "-" "Mozilla/5.0 (compatible; BLEXBot/1.0; +http://webmeup-crawler.com/)"
106.11.62.84 - - [03/Oct/2023:20:46:58 +0200] "GET /images/mini_prod/3014627885879.jpg HTTP/1.0" 200 269 "-" "Mozilla/5.0 (X11; Ubuntu; Linux x86_64; rv:72.0) Gecko/20100101 Firefox/72.0"
157.90.182.25 - - [03/Oct/2023:20:47:00 +0200] "GET /little-prince-pocket-warmer-p-59046.html HTTP/1.0" 200 77329 "-" "Mozilla/5.0 (compatible; BLEXBot/1.0; +http://webmeup-crawler.com/)"
157.90.182.25 - - [03/Oct/2023:20:47:05 +0200] "GET /little-prince-pocket-warmer-p-59047.html HTTP/1.0" 200 77329 "-" "Mozilla/5.0 (compatible; BLEXBot/1.0; +http://webmeup-crawler.com/)"
157.90.182.25 - - [03/Oct/2023:20:47:10 +0200] "GET /little-prince-pocket-warmer-p-59048.html HTTP/1.0" 200 77118 "-" "Mozilla/5.0 (compatible; BLEXBot/1.0; +http://webmeup-crawler.com/)"
207.46.13.154 - - [03/Oct/2023:20:47:13 +0200] "GET /small-baby-teeth-p-60189.html HTTP/1.0" 200 76831 "-" "Mozilla/5.0 AppleWebKit/537.36 (KHTML, like Gecko; compatible; bingbot/2.0; +http://www.bing.com/bingbot.htm) Chrome/103.0.5060.134 Safari/537.36"
157.90.182.25 - - [03/Oct/2023:20:47:14 +0200] "GET /little-prince-tote-p-50595.html HTTP/1.0" 200 76193 "-" "Mozilla/5.0 (compatible; BLEXBot/1.0; +http://webmeup-crawler.com/)"
54.36.148.229 - - [03/Oct/2023:20:47:14 +0200] "GET /fitted-sheet-cotton-percale-threads-p-51246.html HTTP/1.0" 200 76460 "-" "Mozilla/5.0 (compatible; AhrefsBot/7.0; +http://ahrefs.com/robot/)"
85.208.96.197 - - [03/Oct/2023:20:47:15 +0200] "GET /indian-motorcycle-metal-plate-deco-p-50978.html HTTP/1.0" 200 76316 "-" "Mozilla/5.0 (compatible; SemrushBot/7~bl; +http://www.semrush.com/bot.html)"
157.90.182.25 - - [03/Oct/2023:20:47:20 +0200] "GET /little-teddy-bear-bookends-p-60873.html HTTP/1.0" 200 76757 "-" "Mozilla/5.0 (compatible; BLEXBot/1.0; +http://webmeup-crawler.com/)"
157.90.182.25 - - [03/Oct/2023:20:47:24 +0200] "GET /little-tortoise-statuette-p-43103.html HTTP/1.0" 200 76280 "-" "Mozilla/5.0 (compatible; BLEXBot/1.0; +http://webmeup-crawler.com/)"
157.90.182.25 - - [03/Oct/2023:20:47:29 +0200] "GET /little-white-moustache-ring-p-18695.html HTTP/1.0" 200 76616 "-" "Mozilla/5.0 (compatible; BLEXBot/1.0; +http://webmeup-crawler.com/)"
157.90.182.25 - - [03/Oct/2023:20:47:34 +0200] "GET /little-yellow-moustache-ring-p-53467.html HTTP/1.0" 200 76625 "-" "Mozilla/5.0 (compatible; BLEXBot/1.0; +http://webmeup-crawler.com/)"
157.90.182.25 - - [03/Oct/2023:20:47:39 +0200] "GET /littlest-petshop-backpack-p-25773.html HTTP/1.0" 200 76454 "-" "Mozilla/5.0 (compatible; BLEXBot/1.0; +http://webmeup-crawler.com/)"
157.90.182.25 - - [03/Oct/2023:20:47:44 +0200] "GET /littlest-petshop-backpack-p-6365.html HTTP/1.0" 200 76404 "-" "Mozilla/5.0 (compatible; BLEXBot/1.0; +http://webmeup-crawler.com/)"
157.90.182.25 - - [03/Oct/2023:20:47:49 +0200] "GET /littlest-petshop-multicolour-swimsuit-p-30265.html HTTP/1.0" 200 77662 "-" "Mozilla/5.0 (compatible; BLEXBot/1.0; +http://webmeup-crawler.com/)"
157.90.182.25 - - [03/Oct/2023:20:47:55 +0200] "GET /littlest-petshop-p-1192.html HTTP/1.0" 200 76393 "-" "Mozilla/5.0 (compatible; BLEXBot/1.0; +http://webmeup-crawler.com/)"
54.36.148.18 - - [03/Oct/2023:20:47:55 +0200] "GET /lihit-punilabo-bookmark-case-panda-p-49236.html HTTP/1.0" 200 77716 "-" "Mozilla/5.0 (compatible; AhrefsBot/7.0; +http://ahrefs.com/robot/)"
157.90.182.25 - - [03/Oct/2023:20:47:59 +0200] "GET /littlest-petshop-padded-jacket-p-31266.html HTTP/1.0" 200 77460 "-" "Mozilla/5.0 (compatible; BLEXBot/1.0; +http://webmeup-crawler.com/)"
157.90.182.25 - - [03/Oct/2023:20:48:07 +0200] "GET /littlest-petshop-pink-swimsuit-p-30317.html HTTP/1.0" 200 77591 "-" "Mozilla/5.0 (compatible; BLEXBot/1.0; +http://webmeup-crawler.com/)"
157.90.182.25 - - [03/Oct/2023:20:48:14 +0200] "GET /littlest-petshop-swimsuit-p-30263.html HTTP/1.0" 200 77544 "-" "Mozilla/5.0 (compatible; BLEXBot/1.0; +http://webmeup-crawler.com/)"
157.90.182.25 - - [03/Oct/2023:20:48:20 +0200] "GET /littlest-petshop-tights-p-31089.html HTTP/1.0" 200 77546 "-" "Mozilla/5.0 (compatible; BLEXBot/1.0; +http://webmeup-crawler.com/)"
157.90.182.25 - - [03/Oct/2023:20:48:25 +0200] "GET /littlest-petshop-white-swimsuit-p-30316.html HTTP/1.0" 200 77606 "-" "Mozilla/5.0 (compatible; BLEXBot/1.0; +http://webmeup-crawler.com/)"
157.90.182.25 - - [03/Oct/2023:20:48:30 +0200] "GET /littlest-petshop-yellow-swimsuit-p-30264.html HTTP/1.0" 200 77617 "-" "Mozilla/5.0 (compatible; BLEXBot/1.0; +http://webmeup-crawler.com/)"
54.36.148.72 - - [03/Oct/2023:20:48:32 +0200] "GET /insulated-bottle-planet-p-58206.html HTTP/1.0" 200 77062 "-" "Mozilla/5.0 (compatible; AhrefsBot/7.0; +http://ahrefs.com/robot/)"
157.90.182.25 - - [03/Oct/2023:20:48:36 +0200] "GET /live-dream-pencil-cbkreation-p-43444.html HTTP/1.0" 200 76237 "-" "Mozilla/5.0 (compatible; BLEXBot/1.0; +http://webmeup-crawler.com/)"
157.90.182.25 - - [03/Oct/2023:20:48:42 +0200] "GET /llama-love-glasses-case-p-47581.html HTTP/1.0" 200 76791 "-" "Mozilla/5.0 (compatible; BLEXBot/1.0; +http://webmeup-crawler.com/)"
157.90.182.25 - - [03/Oct/2023:20:48:47 +0200] "GET /lois-jean-manufacturer-wallet-p-38161.html HTTP/1.0" 200 76944 "-" "Mozilla/5.0 (compatible; BLEXBot/1.0; +http://webmeup-crawler.com/)"
157.90.182.25 - - [03/Oct/2023:20:49:00 +0200] "GET /lois-manufacturer-wallet-p-41313.html HTTP/1.0" 200 76967 "-" "Mozilla/5.0 (compatible; BLEXBot/1.0; +http://webmeup-crawler.com/)"
54.36.148.72 - - [03/Oct/2023:20:49:07 +0200] "GET /kori-kumi-collection-green-wallet-p-30483.html HTTP/1.0" 200 76291 "-" "Mozilla/5.0 (compatible; AhrefsBot/7.0; +http://ahrefs.com/robot/)"
157.90.182.25 - - [03/Oct/2023:20:49:07 +0200] "GET /lola-shower-towel-p-41785.html HTTP/1.0" 200 77021 "-" "Mozilla/5.0 (compatible; BLEXBot/1.0; +http://webmeup-crawler.com/)"
157.90.182.25 - - [03/Oct/2023:20:49:14 +0200] "GET /lola-shower-towel-white-p-41784.html HTTP/1.0" 200 77049 "-" "Mozilla/5.0 (compatible; BLEXBot/1.0; +http://webmeup-crawler.com/)"
157.90.182.25 - - [03/Oct/2023:20:49:21 +0200] "GET /london-beauty-nail-p-28903.html HTTP/1.0" 200 76237 "-" "Mozilla/5.0 (compatible; BLEXBot/1.0; +http://webmeup-crawler.com/)"
157.90.182.25 - - [03/Oct/2023:20:49:25 +0200] "GET /london-carlin-cookware-cbkreation-p-23970.html HTTP/1.0" 200 76214 "-" "Mozilla/5.0 (compatible; BLEXBot/1.0; +http://webmeup-crawler.com/)"
157.90.182.25 - - [03/Oct/2023:20:49:30 +0200] "GET /london-companion-wallet-p-33062.html HTTP/1.0" 200 76302 "-" "Mozilla/5.0 (compatible; BLEXBot/1.0; +http://webmeup-crawler.com/)"
157.90.182.25 - - [03/Oct/2023:20:49:35 +0200] "GET /london-cookware-cbkreation-p-29706.html HTTP/1.0" 200 76182 "-" "Mozilla/5.0 (compatible; BLEXBot/1.0; +http://webmeup-crawler.com/)"
157.90.182.25 - - [03/Oct/2023:20:49:41 +0200] "GET /london-keyring-p-22603.html HTTP/1.0" 200 76647 "-" "Mozilla/5.0 (compatible; BLEXBot/1.0; +http://webmeup-crawler.com/)"
54.36.148.116 - - [03/Oct/2023:20:49:41 +0200] "GET /beer-glass-bottle-opener-p-53485.html HTTP/1.0" 200 77147 "-" "Mozilla/5.0 (compatible; AhrefsBot/7.0; +http://ahrefs.com/robot/)"
54.36.149.67 - - [03/Oct/2023:20:49:44 +0200] "GET /images/big_prod_1/3453131121729a.jpg HTTP/1.0" 200 271 "-" "Mozilla/5.0 (compatible; AhrefsBot/7.0; +http://ahrefs.com/robot/)"
54.36.148.178 - - [03/Oct/2023:20:49:44 +0200] "GET /images/big_prod_2/3453131121729.jpg HTTP/1.0" 200 270 "-" "Mozilla/5.0 (compatible; AhrefsBot/7.0; +http://ahrefs.com/robot/)"
157.90.182.25 - - [03/Oct/2023:20:49:45 +0200] "GET /london-magazines-holder-p-39355.html HTTP/1.0" 200 76127 "-" "Mozilla/5.0 (compatible; BLEXBot/1.0; +http://webmeup-crawler.com/)"
157.90.182.25 - - [03/Oct/2023:20:49:50 +0200] "GET /london-metal-keyring-mail-p-35350.html HTTP/1.0" 200 76199 "-" "Mozilla/5.0 (compatible; BLEXBot/1.0; +http://webmeup-crawler.com/)"
157.90.182.25 - - [03/Oct/2023:20:49:59 +0200] "GET /london-metal-keyring-p-35352.html HTTP/1.0" 200 76173 "-" "Mozilla/5.0 (compatible; BLEXBot/1.0; +http://webmeup-crawler.com/)"
157.90.182.25 - - [03/Oct/2023:20:50:05 +0200] "GET /london-metal-keyring-phone-p-35351.html HTTP/1.0" 200 76207 "-" "Mozilla/5.0 (compatible; BLEXBot/1.0; +http://webmeup-crawler.com/)"
157.90.182.25 - - [03/Oct/2023:20:50:14 +0200] "GET /london-metal-keyring-union-jack-boot-p-35354.html HTTP/1.0" 200 76266 "-" "Mozilla/5.0 (compatible; BLEXBot/1.0; +http://webmeup-crawler.com/)"
54.36.148.37 - - [03/Oct/2023:20:50:18 +0200] "GET /heart-home-large-candle-hours-mulberry-p-58942.html HTTP/1.0" 200 78298 "-" "Mozilla/5.0 (compatible; AhrefsBot/7.0; +http://ahrefs.com/robot/)"
157.90.182.25 - - [03/Oct/2023:20:50:21 +0200] "GET /london-metal-keyring-union-jack-purse-p-35355.html HTTP/1.0" 200 76274 "-" "Mozilla/5.0 (compatible; BLEXBot/1.0; +http://webmeup-crawler.com/)"
157.90.182.25 - - [03/Oct/2023:20:50:25 +0200] "GET /london-metal-keyring-welsh-guard-p-35353.html HTTP/1.0" 200 76232 "-" "Mozilla/5.0 (compatible; BLEXBot/1.0; +http://webmeup-crawler.com/)"
157.90.182.25 - - [03/Oct/2023:20:50:30 +0200] "GET /london-metal-p-35933.html HTTP/1.0" 200 76203 "-" "Mozilla/5.0 (compatible; BLEXBot/1.0; +http://webmeup-crawler.com/)"
157.90.182.25 - - [03/Oct/2023:20:50:35 +0200] "GET /london-mirror-p-29317.html HTTP/1.0" 200 76133 "-" "Mozilla/5.0 (compatible; BLEXBot/1.0; +http://webmeup-crawler.com/)"
157.90.182.25 - - [03/Oct/2023:20:50:41 +0200] "GET /london-mirror-p-29319.html HTTP/1.0" 200 76137 "-" "Mozilla/5.0 (compatible; BLEXBot/1.0; +http://webmeup-crawler.com/)"
54.36.148.48 - - [03/Oct/2023:20:50:50 +0200] "GET /gray-metal-zippo-cigarette-case-carabiner-clip-p-46843.html HTTP/1.0" 200 77603 "-" "Mozilla/5.0 (compatible; AhrefsBot/7.0; +http://ahrefs.com/robot/)"
157.90.182.25 - - [03/Oct/2023:20:50:53 +0200] "GET /london-poster-p-14409.html HTTP/1.0" 200 76031 "-" "Mozilla/5.0 (compatible; BLEXBot/1.0; +http://webmeup-crawler.com/)"
157.90.182.25 - - [03/Oct/2023:20:50:58 +0200] "GET /london-union-jack-black-shirt-p-30145.html HTTP/1.0" 200 77367 "-" "Mozilla/5.0 (compatible; BLEXBot/1.0; +http://webmeup-crawler.com/)"
85.208.96.197 - - [03/Oct/2023:20:51:01 +0200] "GET /mini-rectangular-kitten-tray-p-60849.html HTTP/1.0" 200 76858 "-" "Mozilla/5.0 (compatible; SemrushBot/7~bl; +http://www.semrush.com/bot.html)"
157.90.182.25 - - [03/Oct/2023:20:51:02 +0200] "GET /london-union-jack-shirt-p-29619.html HTTP/1.0" 200 77305 "-" "Mozilla/5.0 (compatible; BLEXBot/1.0; +http://webmeup-crawler.com/)"
157.90.182.25 - - [03/Oct/2023:20:51:07 +0200] "GET /london-westminster-rectangular-mirror-p-29009.html HTTP/1.0" 200 76231 "-" "Mozilla/5.0 (compatible; BLEXBot/1.0; +http://webmeup-crawler.com/)"
157.90.182.25 - - [03/Oct/2023:20:51:12 +0200] "GET /looney-tunes-black-shirt-p-30146.html HTTP/1.0" 200 77873 "-" "Mozilla/5.0 (compatible; BLEXBot/1.0; +http://webmeup-crawler.com/)"
157.90.182.25 - - [03/Oct/2023:20:51:17 +0200] "GET /losc-lille-kids-school-p-59808.html HTTP/1.0" 200 77261 "-" "Mozilla/5.0 (compatible; BLEXBot/1.0; +http://webmeup-crawler.com/)"
157.90.182.25 - - [03/Oct/2023:20:51:22 +0200] "GET /lotus-atmospheric-light-colours-goldrim-p-43209.html HTTP/1.0" 200 77686 "-" "Mozilla/5.0 (compatible; BLEXBot/1.0; +http://webmeup-crawler.com/)"
54.36.148.152 - - [03/Oct/2023:20:51:29 +0200] "GET /assortment-metal-trays-p-55095.html HTTP/1.0" 200 76885 "-" "Mozilla/5.0 (compatible; AhrefsBot/7.0; +http://ahrefs.com/robot/)"
157.90.182.25 - - [03/Oct/2023:20:51:31 +0200] "GET /lotus-candle-holder-glass-p-42827.html HTTP/1.0" 200 77276 "-" "Mozilla/5.0 (compatible; BLEXBot/1.0; +http://webmeup-crawler.com/)"
54.36.148.144 - - [03/Oct/2023:20:51:33 +0200] "GET /images/big_prod/8433933197073.jpg HTTP/1.0" 200 268 "-" "Mozilla/5.0 (compatible; AhrefsBot/7.0; +http://ahrefs.com/robot/)"
157.90.182.25 - - [03/Oct/2023:20:51:37 +0200] "GET /lotus-candleholder-chakra-indigo-goldlining-p-35519.html HTTP/1.0" 200 77744 "-" "Mozilla/5.0 (compatible; BLEXBot/1.0; +http://webmeup-crawler.com/)"
157.90.182.25 - - [03/Oct/2023:20:51:42 +0200] "GET /lotus-candleholder-chakra-orange-silverlining-p-35529.html HTTP/1.0" 200 77765 "-" "Mozilla/5.0 (compatible; BLEXBot/1.0; +http://webmeup-crawler.com/)"
157.90.182.25 - - [03/Oct/2023:20:51:46 +0200] "GET /lotus-candleholder-chakra-silverlining-p-38922.html HTTP/1.0" 200 77727 "-" "Mozilla/5.0 (compatible; BLEXBot/1.0; +http://webmeup-crawler.com/)"
157.90.182.25 - - [03/Oct/2023:20:51:52 +0200] "GET /lotus-candleholder-pink-silverlining-p-47017.html HTTP/1.0" 200 77656 "-" "Mozilla/5.0 (compatible; BLEXBot/1.0; +http://webmeup-crawler.com/)"
157.90.182.25 - - [03/Oct/2023:20:51:57 +0200] "GET /lotus-petal-atmospheric-light-pink-gold-trim-p-53735.html HTTP/1.0" 200 77719 "-" "Mozilla/5.0 (compatible; BLEXBot/1.0; +http://webmeup-crawler.com/)"
157.90.182.25 - - [03/Oct/2023:20:52:02 +0200] "GET /lotus-petal-atmospheric-light-smoked-beige-gold-trim-p-53737.html HTTP/1.0" 200 77142 "-" "Mozilla/5.0 (compatible; BLEXBot/1.0; +http://webmeup-crawler.com/)"
157.90.182.25 - - [03/Oct/2023:20:52:07 +0200] "GET /lotus-petal-atmospheric-pink-light-green-gold-trim-p-53736.html HTTP/1.0" 200 77126 "-" "Mozilla/5.0 (compatible; BLEXBot/1.0; +http://webmeup-crawler.com/)"
157.90.182.25 - - [03/Oct/2023:20:52:11 +0200] "GET /louis-philippe-pink-liberty-cushion-p-16233.html HTTP/1.0" 200 77167 "-" "Mozilla/5.0 (compatible; BLEXBot/1.0; +http://webmeup-crawler.com/)"
157.90.182.25 - - [03/Oct/2023:20:52:16 +0200] "GET /louis-philippe-wallpaper-cushion-p-16234.html HTTP/1.0" 200 77159 "-" "Mozilla/5.0 (compatible; BLEXBot/1.0; +http://webmeup-crawler.com/)"
157.90.182.25 - - [03/Oct/2023:20:52:21 +0200] "GET /love-calligraphy-compact-mirror-p-26197.html HTTP/1.0" 200 76335 "-" "Mozilla/5.0 (compatible; BLEXBot/1.0; +http://webmeup-crawler.com/)"
157.90.182.25 - - [03/Oct/2023:20:52:26 +0200] "GET /love-kids-school-p-44923.html HTTP/1.0" 200 76348 "-" "Mozilla/5.0 (compatible; BLEXBot/1.0; +http://webmeup-crawler.com/)"
157.90.182.25 - - [03/Oct/2023:20:52:31 +0200] "GET /love-london-rectangular-mirror-p-29008.html HTTP/1.0" 200 76169 "-" "Mozilla/5.0 (compatible; BLEXBot/1.0; +http://webmeup-crawler.com/)"
157.90.182.25 - - [03/Oct/2023:20:52:36 +0200] "GET /love-paris-coasters-p-39750.html HTTP/1.0" 200 76134 "-" "Mozilla/5.0 (compatible; BLEXBot/1.0; +http://webmeup-crawler.com/)"
157.90.182.25 - - [03/Oct/2023:20:52:41 +0200] "GET /love-paris-little-tray-p-39731.html HTTP/1.0" 200 76269 "-" "Mozilla/5.0 (compatible; BLEXBot/1.0; +http://webmeup-crawler.com/)"
157.90.182.25 - - [03/Oct/2023:20:52:45 +0200] "GET /love-peace-black-shirt-p-30149.html HTTP/1.0" 200 77345 "-" "Mozilla/5.0 (compatible; BLEXBot/1.0; +http://webmeup-crawler.com/)"
54.36.148.76 - - [03/Oct/2023:20:52:48 +0200] "GET /candle-light-holder-wicca-fairy-p-45034.html HTTP/1.0" 200 76899 "-" "Mozilla/5.0 (compatible; AhrefsBot/7.0; +http://ahrefs.com/robot/)"
157.90.182.25 - - [03/Oct/2023:20:52:50 +0200] "GET /love-peace-grey-shirt-p-30147.html HTTP/1.0" 200 77605 "-" "Mozilla/5.0 (compatible; BLEXBot/1.0; +http://webmeup-crawler.com/)"
157.90.182.25 - - [03/Oct/2023:20:52:56 +0200] "GET /love-peace-pink-portfolio-p-8763.html HTTP/1.0" 200 76421 "-" "Mozilla/5.0 (compatible; BLEXBot/1.0; +http://webmeup-crawler.com/)"
157.90.182.25 - - [03/Oct/2023:20:53:01 +0200] "GET /love-peace-pink-shirt-p-30150.html HTTP/1.0" 200 77603 "-" "Mozilla/5.0 (compatible; BLEXBot/1.0; +http://webmeup-crawler.com/)"
17.241.227.200 - - [03/Oct/2023:20:53:08 +0200] "GET /jute-grey-eyelets-curtain-p-39809.html HTTP/1.0" 301 73837 "-" "Mozilla/5.0 (Macintosh; Intel Mac OS X 10_15_5) AppleWebKit/605.1.15 (KHTML, like Gecko) Version/13.1.1 Safari/605.1.15 (Applebot/0.1; +http://www.apple.com/go/applebot)"
157.90.182.25 - - [03/Oct/2023:20:53:09 +0200] "GET /love-peace-purple-shirt-p-30152.html HTTP/1.0" 200 77899 "-" "Mozilla/5.0 (compatible; BLEXBot/1.0; +http://webmeup-crawler.com/)"
17.241.227.200 - - [03/Oct/2023:20:53:10 +0200] "GET /-p-39809.html HTTP/1.0" 200 73770 "-" "Mozilla/5.0 (Macintosh; Intel Mac OS X 10_15_5) AppleWebKit/605.1.15 (KHTML, like Gecko) Version/13.1.1 Safari/605.1.15 (Applebot/0.1; +http://www.apple.com/go/applebot)"
157.90.182.25 - - [03/Oct/2023:20:53:18 +0200] "GET /love-personalized-p-17672.html HTTP/1.0" 200 76592 "-" "Mozilla/5.0 (compatible; BLEXBot/1.0; +http://webmeup-crawler.com/)"
157.90.182.25 - - [03/Oct/2023:20:53:22 +0200] "GET /love-personnalized-black-shell-galaxy-note-p-17687.html HTTP/1.0" 200 76760 "-" "Mozilla/5.0 (compatible; BLEXBot/1.0; +http://webmeup-crawler.com/)"
54.36.148.111 - - [03/Oct/2023:20:53:23 +0200] "GET /giant-moroccan-ceramic-ashtray-p-59535.html HTTP/1.0" 200 76798 "-" "Mozilla/5.0 (compatible; AhrefsBot/7.0; +http://ahrefs.com/robot/)"
157.90.182.25 - - [03/Oct/2023:20:53:27 +0200] "GET /love-personnalized-black-shell-samsung-p-17689.html HTTP/1.0" 200 76830 "-" "Mozilla/5.0 (compatible; BLEXBot/1.0; +http://webmeup-crawler.com/)"
157.90.182.25 - - [03/Oct/2023:20:53:32 +0200] "GET /love-personnalized-ipad-black-shell-p-17683.html HTTP/1.0" 200 76777 "-" "Mozilla/5.0 (compatible; BLEXBot/1.0; +http://webmeup-crawler.com/)"
169.233.1.13 - - [03/Oct/2023:20:53:35 +0200] "GET /images/mini_prod/1300000022255.jpg HTTP/1.0" 200 269 "-" "Mozilla/5.0 (X11; Ubuntu; Linux x86_64; rv:72.0) Gecko/20100101 Firefox/72.0"
157.90.182.25 - - [03/Oct/2023:20:53:37 +0200] "GET /love-personnalized-ipad-pink-shell-p-17685.html HTTP/1.0" 200 76768 "-" "Mozilla/5.0 (compatible; BLEXBot/1.0; +http://webmeup-crawler.com/)"
54.36.148.7 - - [03/Oct/2023:20:53:39 +0200] "GET /images/big_prod_1/3700281674026B.jpg HTTP/1.0" 200 271 "-" "Mozilla/5.0 (compatible; AhrefsBot/7.0; +http://ahrefs.com/robot/)"
157.90.182.25 - - [03/Oct/2023:20:53:41 +0200] "GET /love-personnalized-ipad-white-shell-p-17684.html HTTP/1.0" 200 76777 "-" "Mozilla/5.0 (compatible; BLEXBot/1.0; +http://webmeup-crawler.com/)"
157.90.182.25 - - [03/Oct/2023:20:53:46 +0200] "GET /love-personnalized-iphone-shell-p-17686.html HTTP/1.0" 200 76781 "-" "Mozilla/5.0 (compatible; BLEXBot/1.0; +http://webmeup-crawler.com/)"
157.90.182.25 - - [03/Oct/2023:20:53:51 +0200] "GET /love-personnalized-money-boxes-p-17692.html HTTP/1.0" 200 76746 "-" "Mozilla/5.0 (compatible; BLEXBot/1.0; +http://webmeup-crawler.com/)"
85.208.96.205 - - [03/Oct/2023:20:54:00 +0200] "GET /chiloe-bedclothes-p-54669.html HTTP/1.0" 200 73840 "-" "Mozilla/5.0 (compatible; SemrushBot/7~bl; +http://www.semrush.com/bot.html)"
157.90.182.25 - - [03/Oct/2023:20:54:00 +0200] "GET /love-personnalized-mouse-p-17682.html HTTP/1.0" 200 76664 "-" "Mozilla/5.0 (compatible; BLEXBot/1.0; +http://webmeup-crawler.com/)"
54.36.148.180 - - [03/Oct/2023:20:54:04 +0200] "GET /cuba-mouse-cbkreation-p-29813.html HTTP/1.0" 200 76155 "-" "Mozilla/5.0 (compatible; AhrefsBot/7.0; +http://ahrefs.com/robot/)"
157.90.182.25 - - [03/Oct/2023:20:54:05 +0200] "GET /love-personnalized-small-p-17677.html HTTP/1.0" 200 76665 "-" "Mozilla/5.0 (compatible; BLEXBot/1.0; +http://webmeup-crawler.com/)"
157.90.182.25 - - [03/Oct/2023:20:54:10 +0200] "GET /love-personnalized-white-shell-galaxy-note-p-17688.html HTTP/1.0" 200 76758 "-" "Mozilla/5.0 (compatible; BLEXBot/1.0; +http://webmeup-crawler.com/)"
54.36.148.241 - - [03/Oct/2023:20:54:13 +0200] "GET /images/big_prod/cuba1300010240182.jpg HTTP/1.0" 200 272 "-" "Mozilla/5.0 (compatible; AhrefsBot/7.0; +http://ahrefs.com/robot/)"
157.90.182.25 - - [03/Oct/2023:20:54:16 +0200] "GET /love-personnalized-white-shell-samsung-p-17691.html HTTP/1.0" 200 76828 "-" "Mozilla/5.0 (compatible; BLEXBot/1.0; +http://webmeup-crawler.com/)"
85.208.96.198 - - [03/Oct/2023:20:54:21 +0200] "GET /black-decorative-utility-p-60791.html HTTP/1.0" 200 76917 "-" "Mozilla/5.0 (compatible; SemrushBot/7~bl; +http://www.semrush.com/bot.html)"
157.90.182.25 - - [03/Oct/2023:20:54:21 +0200] "GET /love-pucca-mouse-p-2419.html HTTP/1.0" 200 76262 "-" "Mozilla/5.0 (compatible; BLEXBot/1.0; +http://webmeup-crawler.com/)"
114.119.139.78 - - [03/Oct/2023:20:54:22 +0200] "GET /industrial-retro-clock-in-aged-metal-185-85-435-cm-p-48587.html HTTP/1.0" 301 74040 "http://www.wonder-geek.com/clocks-c-13_67.html?page=12" "Mozilla/5.0 (Linux; Android 7.0;) AppleWebKit/537.36 (KHTML, like Gecko) Mobile Safari/537.36 (compatible; PetalBot;+https://webmaster.petalsearch.com/site/petalbot)"
157.90.182.25 - - [03/Oct/2023:20:54:26 +0200] "GET /lucky-solar-figurine-p-59447.html HTTP/1.0" 200 77029 "-" "Mozilla/5.0 (compatible; BLEXBot/1.0; +http://webmeup-crawler.com/)"
114.119.139.78 - - [03/Oct/2023:20:54:27 +0200] "GET /industrial-retro-clock-aged-metal-p-48587.html HTTP/1.0" 200 73940 "http://www.wonder-geek.com/clocks-c-13_67.html?page=12" "Mozilla/5.0 (Linux; Android 7.0;) AppleWebKit/537.36 (KHTML, like Gecko) Mobile Safari/537.36 (compatible; PetalBot;+https://webmaster.petalsearch.com/site/petalbot)"
157.90.182.25 - - [03/Oct/2023:20:54:30 +0200] "GET /lucky-solar-figurine-p-59448.html HTTP/1.0" 200 76832 "-" "Mozilla/5.0 (compatible; BLEXBot/1.0; +http://webmeup-crawler.com/)"
157.90.182.25 - - [03/Oct/2023:20:54:36 +0200] "GET /luggages-schoolbags-leather-shop-c-31.html?page=10 HTTP/1.0" 200 96687 "-" "Mozilla/5.0 (compatible; BLEXBot/1.0; +http://webmeup-crawler.com/)"
157.90.182.25 - - [03/Oct/2023:20:54:41 +0200] "GET /luggages-schoolbags-leather-shop-c-31.html?page=11 HTTP/1.0" 200 97077 "-" "Mozilla/5.0 (compatible; BLEXBot/1.0; +http://webmeup-crawler.com/)"
157.90.182.25 - - [03/Oct/2023:20:54:46 +0200] "GET /luggages-schoolbags-leather-shop-c-31.html?page=2 HTTP/1.0" 200 96401 "-" "Mozilla/5.0 (compatible; BLEXBot/1.0; +http://webmeup-crawler.com/)"
54.36.149.58 - - [03/Oct/2023:20:54:49 +0200] "GET /glass-ashtray-p-55741.html HTTP/1.0" 200 76150 "-" "Mozilla/5.0 (compatible; AhrefsBot/7.0; +http://ahrefs.com/robot/)"
157.90.182.25 - - [03/Oct/2023:20:54:52 +0200] "GET /luggages-schoolbags-leather-shop-c-31.html?page=3 HTTP/1.0" 200 95454 "-" "Mozilla/5.0 (compatible; BLEXBot/1.0; +http://webmeup-crawler.com/)"
157.90.182.25 - - [03/Oct/2023:20:54:58 +0200] "GET /luggages-schoolbags-leather-shop-c-31.html?page=4 HTTP/1.0" 200 95235 "-" "Mozilla/5.0 (compatible; BLEXBot/1.0; +http://webmeup-crawler.com/)"
185.191.171.18 - - [03/Oct/2023:20:55:02 +0200] "GET /dishes-c-13_12.html?page=69 HTTP/1.0" 200 95854 "-" "Mozilla/5.0 (compatible; SemrushBot/7~bl; +http://www.semrush.com/bot.html)"
157.90.182.25 - - [03/Oct/2023:20:55:03 +0200] "GET /luggages-schoolbags-leather-shop-c-31.html?page=5 HTTP/1.0" 200 96235 "-" "Mozilla/5.0 (compatible; BLEXBot/1.0; +http://webmeup-crawler.com/)"
157.90.182.25 - - [03/Oct/2023:20:55:09 +0200] "GET /luggages-schoolbags-leather-shop-c-31.html?page=6 HTTP/1.0" 200 95947 "-" "Mozilla/5.0 (compatible; BLEXBot/1.0; +http://webmeup-crawler.com/)"
157.90.182.25 - - [03/Oct/2023:20:55:14 +0200] "GET /luggages-schoolbags-leather-shop-c-31.html?page=7 HTTP/1.0" 200 95671 "-" "Mozilla/5.0 (compatible; BLEXBot/1.0; +http://webmeup-crawler.com/)"
157.90.182.25 - - [03/Oct/2023:20:55:19 +0200] "GET /luggages-schoolbags-leather-shop-c-31.html?page=8 HTTP/1.0" 200 96728 "-" "Mozilla/5.0 (compatible; BLEXBot/1.0; +http://webmeup-crawler.com/)"
157.90.182.25 - - [03/Oct/2023:20:55:25 +0200] "GET /luggages-schoolbags-leather-shop-c-31.html?page=9 HTTP/1.0" 200 95837 "-" "Mozilla/5.0 (compatible; BLEXBot/1.0; +http://webmeup-crawler.com/)"
54.36.148.225 - - [03/Oct/2023:20:55:26 +0200] "GET /cushion-little-prince-beige-p-59049.html HTTP/1.0" 200 77151 "-" "Mozilla/5.0 (compatible; AhrefsBot/7.0; +http://ahrefs.com/robot/)"
54.36.149.18 - - [03/Oct/2023:20:55:30 +0200] "GET /images/big_prod/3700572727950.jpg HTTP/1.0" 200 268 "-" "Mozilla/5.0 (compatible; AhrefsBot/7.0; +http://ahrefs.com/robot/)"
157.90.182.25 - - [03/Oct/2023:20:55:31 +0200] "GET /lulu-castagnette-cushion-p-24568.html HTTP/1.0" 200 78496 "-" "Mozilla/5.0 (compatible; BLEXBot/1.0; +http://webmeup-crawler.com/)"
54.36.149.82 - - [03/Oct/2023:20:55:33 +0200] "GET /images/big_prod_1/3700572727950B.jpg HTTP/1.0" 200 271 "-" "Mozilla/5.0 (compatible; AhrefsBot/7.0; +http://ahrefs.com/robot/)"
157.90.182.25 - - [03/Oct/2023:20:55:35 +0200] "GET /lulu-castagnette-white-watch-p-47748.html HTTP/1.0" 200 76262 "-" "Mozilla/5.0 (compatible; BLEXBot/1.0; +http://webmeup-crawler.com/)"
157.90.182.25 - - [03/Oct/2023:20:55:47 +0200] "GET /luminous-earth-globe-decoration-p-58452.html HTTP/1.0" 200 77085 "-" "Mozilla/5.0 (compatible; BLEXBot/1.0; +http://webmeup-crawler.com/)"
157.90.182.25 - - [03/Oct/2023:20:55:53 +0200] "GET /luminous-frame-with-color-variations-dragonfly-p-39477.html HTTP/1.0" 200 77001 "-" "Mozilla/5.0 (compatible; BLEXBot/1.0; +http://webmeup-crawler.com/)"
157.90.182.25 - - [03/Oct/2023:20:56:00 +0200] "GET /luna-bath-towel-p-40757.html HTTP/1.0" 200 76106 "-" "Mozilla/5.0 (compatible; BLEXBot/1.0; +http://webmeup-crawler.com/)"
54.36.148.237 - - [03/Oct/2023:20:56:04 +0200] "GET /champa-backflow-incense-cones-p-57300.html HTTP/1.0" 200 76570 "-" "Mozilla/5.0 (compatible; AhrefsBot/7.0; +http://ahrefs.com/robot/)"
157.90.182.25 - - [03/Oct/2023:20:56:07 +0200] "GET /luna-small-p-44806.html HTTP/1.0" 200 76762 "-" "Mozilla/5.0 (compatible; BLEXBot/1.0; +http://webmeup-crawler.com/)"
157.90.182.25 - - [03/Oct/2023:20:56:12 +0200] "GET /lunaria-green-cotton-table-runner-p-59821.html HTTP/1.0" 200 77170 "-" "Mozilla/5.0 (compatible; BLEXBot/1.0; +http://webmeup-crawler.com/)"
157.90.182.25 - - [03/Oct/2023:20:56:17 +0200] "GET /lyon-cookware-cbkreation-p-31271.html HTTP/1.0" 200 76168 "-" "Mozilla/5.0 (compatible; BLEXBot/1.0; +http://webmeup-crawler.com/)"
157.90.182.25 - - [03/Oct/2023:20:56:23 +0200] "GET /macaron-alarm-clock-cbkreation-p-25005.html HTTP/1.0" 200 76251 "-" "Mozilla/5.0 (compatible; BLEXBot/1.0; +http://webmeup-crawler.com/)"
157.90.182.25 - - [03/Oct/2023:20:56:30 +0200] "GET /magician-tweety-mirror-p-17421.html HTTP/1.0" 200 76052 "-" "Mozilla/5.0 (compatible; BLEXBot/1.0; +http://webmeup-crawler.com/)"
54.36.149.73 - - [03/Oct/2023:20:56:31 +0200] "GET /vanilla-aromatika-incense-sticks-p-59271.html HTTP/1.0" 200 76866 "-" "Mozilla/5.0 (compatible; AhrefsBot/7.0; +http://ahrefs.com/robot/)"
54.36.148.153 - - [03/Oct/2023:20:56:36 +0200] "GET /images/big_prod/3700344890721.jpg HTTP/1.0" 200 268 "-" "Mozilla/5.0 (compatible; AhrefsBot/7.0; +http://ahrefs.com/robot/)"
157.90.182.25 - - [03/Oct/2023:20:56:36 +0200] "GET /magnet-apro-recrute-p-56558.html HTTP/1.0" 200 76731 "-" "Mozilla/5.0 (compatible; BLEXBot/1.0; +http://webmeup-crawler.com/)"
157.90.182.25 - - [03/Oct/2023:20:56:42 +0200] "GET /magnet-bires-p-56560.html HTTP/1.0" 200 76721 "-" "Mozilla/5.0 (compatible; BLEXBot/1.0; +http://webmeup-crawler.com/)"
157.90.182.25 - - [03/Oct/2023:20:56:48 +0200] "GET /magnet-decoration-flower-life-p-44406.html HTTP/1.0" 200 76204 "-" "Mozilla/5.0 (compatible; BLEXBot/1.0; +http://webmeup-crawler.com/)"
157.90.182.25 - - [03/Oct/2023:20:56:54 +0200] "GET /magnet-decoration-flower-life-p-56472.html HTTP/1.0" 200 76821 "-" "Mozilla/5.0 (compatible; BLEXBot/1.0; +http://webmeup-crawler.com/)"
54.36.148.125 - - [03/Oct/2023:20:57:03 +0200] "GET /ceramic-cork-trivet-cement-tiles-p-59252.html HTTP/1.0" 200 77141 "-" "Mozilla/5.0 (compatible; AhrefsBot/7.0; +http://ahrefs.com/robot/)"
157.90.182.25 - - [03/Oct/2023:20:57:04 +0200] "GET /magnet-decoration-p-47526.html HTTP/1.0" 200 76136 "-" "Mozilla/5.0 (compatible; BLEXBot/1.0; +http://webmeup-crawler.com/)"
54.36.148.39 - - [03/Oct/2023:20:57:09 +0200] "GET /images/big_prod_1/8433931899214B.jpg HTTP/1.0" 200 271 "-" "Mozilla/5.0 (compatible; AhrefsBot/7.0; +http://ahrefs.com/robot/)"
71.18.255.79 - - [03/Oct/2023:20:57:09 +0200] "GET /images/mini_prod/1399980107755.jpg HTTP/1.0" 200 269 "-" "Mozilla/5.0 (X11; Ubuntu; Linux x86_64; rv:72.0) Gecko/20100101 Firefox/72.0"
157.90.182.25 - - [03/Oct/2023:20:57:13 +0200] "GET /magnet-joyeux-p-56556.html HTTP/1.0" 200 76666 "-" "Mozilla/5.0 (compatible; BLEXBot/1.0; +http://webmeup-crawler.com/)"
54.36.148.118 - - [03/Oct/2023:20:57:17 +0200] "GET /images/big_prod/8433931899214.jpg HTTP/1.0" 200 268 "-" "Mozilla/5.0 (compatible; AhrefsBot/7.0; +http://ahrefs.com/robot/)"
157.90.182.25 - - [03/Oct/2023:20:57:18 +0200] "GET /magnet-maman-fminin-p-57085.html HTTP/1.0" 200 76735 "-" "Mozilla/5.0 (compatible; BLEXBot/1.0; +http://webmeup-crawler.com/)"
157.90.182.25 - - [03/Oct/2023:20:57:27 +0200] "GET /magnet-maman-super-maman-p-57083.html HTTP/1.0" 200 76822 "-" "Mozilla/5.0 (compatible; BLEXBot/1.0; +http://webmeup-crawler.com/)"
157.90.182.25 - - [03/Oct/2023:20:57:36 +0200] "GET /magnet-meilleur-p-56561.html HTTP/1.0" 200 76703 "-" "Mozilla/5.0 (compatible; BLEXBot/1.0; +http://webmeup-crawler.com/)"
54.36.148.210 - - [03/Oct/2023:20:57:40 +0200] "GET /decorative-hanging-plate-p-59548.html HTTP/1.0" 200 76746 "-" "Mozilla/5.0 (compatible; AhrefsBot/7.0; +http://ahrefs.com/robot/)"
157.90.182.25 - - [03/Oct/2023:20:57:43 +0200] "GET /magnet-meilleure-maman-toute-terre-p-57084.html HTTP/1.0" 200 76903 "-" "Mozilla/5.0 (compatible; BLEXBot/1.0; +http://webmeup-crawler.com/)"
54.36.148.122 - - [03/Oct/2023:20:57:45 +0200] "GET /images/big_prod/3700281670905N.jpg HTTP/1.0" 200 269 "-" "Mozilla/5.0 (compatible; AhrefsBot/7.0; +http://ahrefs.com/robot/)"
157.90.182.25 - - [03/Oct/2023:20:57:49 +0200] "GET /magnet-papa-super-papa-p-57080.html HTTP/1.0" 200 76810 "-" "Mozilla/5.0 (compatible; BLEXBot/1.0; +http://webmeup-crawler.com/)"
157.90.182.25 - - [03/Oct/2023:20:57:54 +0200] "GET /magnet-pour-mamie-p-56568.html HTTP/1.0" 200 76748 "-" "Mozilla/5.0 (compatible; BLEXBot/1.0; +http://webmeup-crawler.com/)"
185.191.171.2 - - [03/Oct/2023:20:58:01 +0200] "GET /-p-52424.html HTTP/1.0" 200 73770 "-" "Mozilla/5.0 (compatible; SemrushBot/7~bl; +http://www.semrush.com/bot.html)"
157.90.182.25 - - [03/Oct/2023:20:58:04 +0200] "GET /magnet-pour-meilleur-papi-monde-p-56566.html HTTP/1.0" 200 76855 "-" "Mozilla/5.0 (compatible; BLEXBot/1.0; +http://webmeup-crawler.com/)"
157.90.182.25 - - [03/Oct/2023:20:58:12 +0200] "GET /magnet-provence-p-51204.html HTTP/1.0" 200 76082 "-" "Mozilla/5.0 (compatible; BLEXBot/1.0; +http://webmeup-crawler.com/)"
54.36.149.19 - - [03/Oct/2023:20:58:14 +0200] "GET /mocha-brown-zippo-wallet-with-stitching-p-49090.html HTTP/1.0" 200 77412 "-" "Mozilla/5.0 (compatible; AhrefsBot/7.0; +http://ahrefs.com/robot/)"
54.36.149.59 - - [03/Oct/2023:20:58:18 +0200] "GET /images/big_prod_2/4045233021619C.jpg HTTP/1.0" 200 271 "-" "Mozilla/5.0 (compatible; AhrefsBot/7.0; +http://ahrefs.com/robot/)"
54.36.148.37 - - [03/Oct/2023:20:58:18 +0200] "GET /images/big_prod/4045233021619.jpg HTTP/1.0" 200 268 "-" "Mozilla/5.0 (compatible; AhrefsBot/7.0; +http://ahrefs.com/robot/)"
157.90.182.25 - - [03/Oct/2023:20:58:16 +0200] "GET /magnets-c-13_134.html?page=2 HTTP/1.0" 200 95191 "-" "Mozilla/5.0 (compatible; BLEXBot/1.0; +http://webmeup-crawler.com/)"
54.36.148.30 - - [03/Oct/2023:20:58:19 +0200] "GET /images/big_prod_1/4045233021619B.jpg HTTP/1.0" 200 271 "-" "Mozilla/5.0 (compatible; AhrefsBot/7.0; +http://ahrefs.com/robot/)"
157.90.182.25 - - [03/Oct/2023:20:58:24 +0200] "GET /magnets-c-13_134.html?page=3 HTTP/1.0" 200 95676 "-" "Mozilla/5.0 (compatible; BLEXBot/1.0; +http://webmeup-crawler.com/)"
157.90.182.25 - - [03/Oct/2023:20:58:29 +0200] "GET /magnets-c-13_134.html?page=4 HTTP/1.0" 200 95940 "-" "Mozilla/5.0 (compatible; BLEXBot/1.0; +http://webmeup-crawler.com/)"
54.36.148.98 - - [03/Oct/2023:20:58:43 +0200] "GET /take-cake-made-cuisine-p-48104.html HTTP/1.0" 200 76849 "-" "Mozilla/5.0 (compatible; AhrefsBot/7.0; +http://ahrefs.com/robot/)"
157.90.182.25 - - [03/Oct/2023:20:58:45 +0200] "GET /magnets-c-13_134.html?page=5 HTTP/1.0" 200 96259 "-" "Mozilla/5.0 (compatible; BLEXBot/1.0; +http://webmeup-crawler.com/)"
54.36.149.55 - - [03/Oct/2023:20:58:48 +0200] "GET /images/big_prod/3612875124704.jpg HTTP/1.0" 200 268 "-" "Mozilla/5.0 (compatible; AhrefsBot/7.0; +http://ahrefs.com/robot/)"
54.36.149.3 - - [03/Oct/2023:20:58:51 +0200] "GET /images/big_prod_1/3612875124704b.jpg HTTP/1.0" 200 271 "-" "Mozilla/5.0 (compatible; AhrefsBot/7.0; +http://ahrefs.com/robot/)"
157.90.182.25 - - [03/Oct/2023:20:58:51 +0200] "GET /magnets-c-13_134.html?page=6 HTTP/1.0" 200 95800 "-" "Mozilla/5.0 (compatible; BLEXBot/1.0; +http://webmeup-crawler.com/)"
157.90.182.25 - - [03/Oct/2023:20:58:59 +0200] "GET /magnets-c-13_134.html?page=7 HTTP/1.0" 200 89684 "-" "Mozilla/5.0 (compatible; BLEXBot/1.0; +http://webmeup-crawler.com/)"
106.11.62.238 - - [03/Oct/2023:20:59:04 +0200] "GET /images/mini_prod/3453131150996.jpg HTTP/1.0" 200 269 "-" "Mozilla/5.0 (X11; Ubuntu; Linux x86_64; rv:72.0) Gecko/20100101 Firefox/72.0"
157.90.182.25 - - [03/Oct/2023:20:59:05 +0200] "GET /make-happen-allen-designs-p-60436.html HTTP/1.0" 200 76881 "-" "Mozilla/5.0 (compatible; BLEXBot/1.0; +http://webmeup-crawler.com/)"
114.119.143.225 - - [03/Oct/2023:20:59:08 +0200] "GET /flower-cover-white-metal-shape-p-58277.html HTTP/1.0" 200 77294 "http://www.wonder-geek.com/flower-pots-plant-accessories-c-13_275.html?page=6" "Mozilla/5.0 (Linux; Android 7.0;) AppleWebKit/537.36 (KHTML, like Gecko) Mobile Safari/537.36 (compatible; PetalBot;+https://webmaster.petalsearch.com/site/petalbot)"
157.90.182.25 - - [03/Oct/2023:20:59:13 +0200] "GET /making-friends-mickey-minnie-mouse-with-snowman-figurine-p-56735.html HTTP/1.0" 200 77978 "-" "Mozilla/5.0 (compatible; BLEXBot/1.0; +http://webmeup-crawler.com/)"
157.90.182.25 - - [03/Oct/2023:20:59:20 +0200] "GET /mala-carnelian-beads-p-51006.html HTTP/1.0" 200 79468 "-" "Mozilla/5.0 (compatible; BLEXBot/1.0; +http://webmeup-crawler.com/)"
54.36.149.44 - - [03/Oct/2023:20:59:24 +0200] "GET /bamboo-fiber-plant-cover-petite-plante-p-57720.html HTTP/1.0" 200 77143 "-" "Mozilla/5.0 (compatible; AhrefsBot/7.0; +http://ahrefs.com/robot/)"
157.90.182.25 - - [03/Oct/2023:20:59:27 +0200] "GET /mala-golden-quartz-quality-beads-p-51002.html HTTP/1.0" 200 79348 "-" "Mozilla/5.0 (compatible; BLEXBot/1.0; +http://webmeup-crawler.com/)"
169.233.1.13 - - [03/Oct/2023:20:59:29 +0200] "GET /images/mini_prod/B11068-copie-3.jpg HTTP/1.0" 200 270 "-" "Mozilla/5.0 (X11; Ubuntu; Linux x86_64; rv:72.0) Gecko/20100101 Firefox/72.0"
157.90.182.25 - - [03/Oct/2023:20:59:32 +0200] "GET /malle-pink-trunk-metal-p-34713.html HTTP/1.0" 200 77950 "-" "Mozilla/5.0 (compatible; BLEXBot/1.0; +http://webmeup-crawler.com/)"
185.191.171.14 - - [03/Oct/2023:20:59:33 +0200] "GET /round-carpet-boho-p-47486.html HTTP/1.0" 200 73840 "-" "Mozilla/5.0 (compatible; SemrushBot/7~bl; +http://www.semrush.com/bot.html)"
49.7.21.83 - - [03/Oct/2023:20:59:37 +0200] "GET / HTTP/1.0" 200 153356 "-" "Sogou web spider/4.0(+http://www.sogou.com/docs/help/webmasters.htm#07)"
185.191.171.11 - - [03/Oct/2023:20:59:39 +0200] "GET /-p-48416.html HTTP/1.0" 200 73770 "-" "Mozilla/5.0 (compatible; SemrushBot/7~bl; +http://www.semrush.com/bot.html)"
157.90.182.25 - - [03/Oct/2023:20:59:40 +0200] "GET /mandala-bread-p-46538.html HTTP/1.0" 200 76166 "-" "Mozilla/5.0 (compatible; BLEXBot/1.0; +http://webmeup-crawler.com/)"
157.90.182.25 - - [03/Oct/2023:20:59:44 +0200] "GET /mango-stand-storage-chest-p-52258.html HTTP/1.0" 200 77342 "-" "Mozilla/5.0 (compatible; BLEXBot/1.0; +http://webmeup-crawler.com/)"
