54.36.149.65 - - [03/Oct/2023:17:31:57 +0200] "GET /images/mini_prod/4029811438136.jpg HTTP/1.0" 200 269 "-" "Mozilla/5.0 (compatible; AhrefsBot/7.0; +http://ahrefs.com/robot/)"
54.36.149.58 - - [03/Oct/2023:17:31:58 +0200] "GET /images/mini_prod/1384000000574.jpg HTTP/1.0" 200 269 "-" "Mozilla/5.0 (compatible; AhrefsBot/7.0; +http://ahrefs.com/robot/)"
54.36.148.228 - - [03/Oct/2023:17:31:59 +0200] "GET /images/mini_prod/1399985100522.jpg HTTP/1.0" 200 269 "-" "Mozilla/5.0 (compatible; AhrefsBot/7.0; +http://ahrefs.com/robot/)"
54.36.149.46 - - [03/Oct/2023:17:32:00 +0200] "GET /images/mini_prod/3700281648072.jpg HTTP/1.0" 200 269 "-" "Mozilla/5.0 (compatible; AhrefsBot/7.0; +http://ahrefs.com/robot/)"
54.36.148.113 - - [03/Oct/2023:17:32:00 +0200] "GET /images/mini_prod/3453131143929.jpg HTTP/1.0" 200 269 "-" "Mozilla/5.0 (compatible; AhrefsBot/7.0; +http://ahrefs.com/robot/)"
157.90.182.25 - - [03/Oct/2023:17:31:59 +0200] "GET /bamboo-fiber-plant-cover-p-58893.html HTTP/1.0" 200 76803 "-" "Mozilla/5.0 (compatible; BLEXBot/1.0; +http://webmeup-crawler.com/)"
157.90.182.25 - - [03/Oct/2023:17:31:59 +0200] "GET /bottle-opener-bistrot-p-45614.html HTTP/1.0" 200 76183 "-" "Mozilla/5.0 (compatible; BLEXBot/1.0; +http://webmeup-crawler.com/)"
54.36.148.115 - - [03/Oct/2023:17:32:01 +0200] "GET /images/mini_prod/1399984266335.jpg HTTP/1.0" 200 269 "-" "Mozilla/5.0 (compatible; AhrefsBot/7.0; +http://ahrefs.com/robot/)"
54.36.148.101 - - [03/Oct/2023:17:32:02 +0200] "GET /images/mini_prod/8428888041960.jpg HTTP/1.0" 200 269 "-" "Mozilla/5.0 (compatible; AhrefsBot/7.0; +http://ahrefs.com/robot/)"
54.36.148.25 - - [03/Oct/2023:17:32:02 +0200] "GET /images/mini_prod/3609810052383.jpg HTTP/1.0" 200 269 "-" "Mozilla/5.0 (compatible; AhrefsBot/7.0; +http://ahrefs.com/robot/)"
157.90.182.25 - - [03/Oct/2023:17:32:05 +0200] "GET /bamboo-fiber-plant-cover-p-59084.html HTTP/1.0" 200 76803 "-" "Mozilla/5.0 (compatible; BLEXBot/1.0; +http://webmeup-crawler.com/)"
157.90.182.25 - - [03/Oct/2023:17:32:05 +0200] "GET /bottle-opener-corsica-p-48337.html HTTP/1.0" 200 76138 "-" "Mozilla/5.0 (compatible; BLEXBot/1.0; +http://webmeup-crawler.com/)"
54.36.148.134 - - [03/Oct/2023:17:32:12 +0200] "GET /images/mini_prod/TROME3249.gif HTTP/1.0" 200 264 "-" "Mozilla/5.0 (compatible; AhrefsBot/7.0; +http://ahrefs.com/robot/)"
54.36.148.136 - - [03/Oct/2023:17:32:12 +0200] "GET /images/mini_prod/3700281648041.jpg HTTP/1.0" 200 269 "-" "Mozilla/5.0 (compatible; AhrefsBot/7.0; +http://ahrefs.com/robot/)"
54.36.148.84 - - [03/Oct/2023:17:32:13 +0200] "GET /images/mini_prod/1399984242711.jpg HTTP/1.0" 200 269 "-" "Mozilla/5.0 (compatible; AhrefsBot/7.0; +http://ahrefs.com/robot/)"
157.90.182.25 - - [03/Oct/2023:17:32:11 +0200] "GET /bamboo-fiber-plant-cover-p-59085.html HTTP/1.0" 200 76803 "-" "Mozilla/5.0 (compatible; BLEXBot/1.0; +http://webmeup-crawler.com/)"
54.36.148.237 - - [03/Oct/2023:17:32:13 +0200] "GET /images/mini_prod/1399986100088.jpg HTTP/1.0" 200 269 "-" "Mozilla/5.0 (compatible; AhrefsBot/7.0; +http://ahrefs.com/robot/)"
54.36.148.190 - - [03/Oct/2023:17:32:14 +0200] "GET /images/mini_prod/4260082936864.jpg HTTP/1.0" 200 269 "-" "Mozilla/5.0 (compatible; AhrefsBot/7.0; +http://ahrefs.com/robot/)"
54.36.149.65 - - [03/Oct/2023:17:32:14 +0200] "GET /images/mini_prod/3700281682830.jpg HTTP/1.0" 200 269 "-" "Mozilla/5.0 (compatible; AhrefsBot/7.0; +http://ahrefs.com/robot/)"
157.90.182.25 - - [03/Oct/2023:17:32:12 +0200] "GET /bottle-opener-corsica-p-48338.html HTTP/1.0" 200 76138 "-" "Mozilla/5.0 (compatible; BLEXBot/1.0; +http://webmeup-crawler.com/)"
54.36.148.246 - - [03/Oct/2023:17:32:16 +0200] "GET /johnny-hallyday-neon-wall-clock-p-15428.html HTTP/1.0" 200 76262 "-" "Mozilla/5.0 (compatible; AhrefsBot/7.0; +http://ahrefs.com/robot/)"
157.90.182.25 - - [03/Oct/2023:17:32:17 +0200] "GET /bamboo-fiber-plant-cover-p-60056.html HTTP/1.0" 200 76805 "-" "Mozilla/5.0 (compatible; BLEXBot/1.0; +http://webmeup-crawler.com/)"
157.90.182.25 - - [03/Oct/2023:17:32:19 +0200] "GET /bottle-opener-corsica-p-48339.html HTTP/1.0" 200 76136 "-" "Mozilla/5.0 (compatible; BLEXBot/1.0; +http://webmeup-crawler.com/)"
157.90.182.25 - - [03/Oct/2023:17:32:25 +0200] "GET /boudoir-bowl-white-taupe-p-52649.html HTTP/1.0" 200 76134 "-" "Mozilla/5.0 (compatible; BLEXBot/1.0; +http://webmeup-crawler.com/)"
157.90.182.25 - - [03/Oct/2023:17:32:27 +0200] "GET /bamboo-fiber-plant-cover-p-60057.html HTTP/1.0" 200 76803 "-" "Mozilla/5.0 (compatible; BLEXBot/1.0; +http://webmeup-crawler.com/)"
157.90.182.25 - - [03/Oct/2023:17:32:34 +0200] "GET /bamboo-flower-cover-p-55091.html HTTP/1.0" 200 76771 "-" "Mozilla/5.0 (compatible; BLEXBot/1.0; +http://webmeup-crawler.com/)"
157.90.182.25 - - [03/Oct/2023:17:32:37 +0200] "GET /bamboo-love-birds-p-49520.html HTTP/1.0" 200 76173 "-" "Mozilla/5.0 (compatible; BLEXBot/1.0; +http://webmeup-crawler.com/)"
157.90.182.25 - - [03/Oct/2023:17:32:42 +0200] "GET /bamboo-mister-sucre-p-48630.html HTTP/1.0" 200 76122 "-" "Mozilla/5.0 (compatible; BLEXBot/1.0; +http://webmeup-crawler.com/)"
157.90.182.25 - - [03/Oct/2023:17:32:48 +0200] "GET /bamboo-tray-bird-p-56085.html HTTP/1.0" 200 76815 "-" "Mozilla/5.0 (compatible; BLEXBot/1.0; +http://webmeup-crawler.com/)"
157.90.182.25 - - [03/Oct/2023:17:32:49 +0200] "GET /bouteilles-bordeaux-little-tray-p-44552.html HTTP/1.0" 200 76329 "-" "Mozilla/5.0 (compatible; BLEXBot/1.0; +http://webmeup-crawler.com/)"
157.90.182.25 - - [03/Oct/2023:17:32:52 +0200] "GET /beyblade-swimsuit-p-30446.html HTTP/1.0" 200 77274 "-" "Mozilla/5.0 (compatible; BLEXBot/1.0; +http://webmeup-crawler.com/)"
157.90.182.25 - - [03/Oct/2023:17:32:55 +0200] "GET /boutis-bedspread-pillowcases-arkansas-p-38894.html HTTP/1.0" 200 77456 "-" "Mozilla/5.0 (compatible; BLEXBot/1.0; +http://webmeup-crawler.com/)"
157.90.182.25 - - [03/Oct/2023:17:32:57 +0200] "GET /beyblade-swimsuit-p-30448.html HTTP/1.0" 200 77834 "-" "Mozilla/5.0 (compatible; BLEXBot/1.0; +http://webmeup-crawler.com/)"
157.90.182.25 - - [03/Oct/2023:17:33:02 +0200] "GET /bilbao-coated-tablecloth-blue-p-45345.html HTTP/1.0" 200 76856 "-" "Mozilla/5.0 (compatible; BLEXBot/1.0; +http://webmeup-crawler.com/)"
157.90.182.25 - - [03/Oct/2023:17:33:02 +0200] "GET /boutis-bedspread-pillowcases-arkansas-p-39592.html HTTP/1.0" 200 77069 "-" "Mozilla/5.0 (compatible; BLEXBot/1.0; +http://webmeup-crawler.com/)"
157.90.182.25 - - [03/Oct/2023:17:33:07 +0200] "GET /bilbao-coated-tablecloth-grey-orange-p-45343.html HTTP/1.0" 200 76293 "-" "Mozilla/5.0 (compatible; BLEXBot/1.0; +http://webmeup-crawler.com/)"
157.90.182.25 - - [03/Oct/2023:17:33:08 +0200] "GET /boutis-bedspread-pillowcases-bamako-p-60420.html HTTP/1.0" 200 77199 "-" "Mozilla/5.0 (compatible; BLEXBot/1.0; +http://webmeup-crawler.com/)"
157.90.182.25 - - [03/Oct/2023:17:33:11 +0200] "GET /bird-feeder-cement-p-45089.html HTTP/1.0" 200 75952 "-" "Mozilla/5.0 (compatible; BLEXBot/1.0; +http://webmeup-crawler.com/)"
157.90.182.25 - - [03/Oct/2023:17:33:15 +0200] "GET /boutis-bedspread-pillowcases-cynthia-p-60290.html HTTP/1.0" 200 77445 "-" "Mozilla/5.0 (compatible; BLEXBot/1.0; +http://webmeup-crawler.com/)"
157.90.182.25 - - [03/Oct/2023:17:33:16 +0200] "GET /bird-feeder-cement-p-45090.html HTTP/1.0" 200 75952 "-" "Mozilla/5.0 (compatible; BLEXBot/1.0; +http://webmeup-crawler.com/)"
185.191.171.11 - - [03/Oct/2023:17:33:19 +0200] "GET /buddha-bookends-p-56818.html HTTP/1.0" 200 73820 "-" "Mozilla/5.0 (compatible; SemrushBot/7~bl; +http://www.semrush.com/bot.html)"
54.36.149.106 - - [03/Oct/2023:17:33:20 +0200] "GET /heart-home-votive-candle-hours-sweet-peas-p-55373.html HTTP/1.0" 200 77282 "-" "Mozilla/5.0 (compatible; AhrefsBot/7.0; +http://ahrefs.com/robot/)"
157.90.182.25 - - [03/Oct/2023:17:33:21 +0200] "GET /birds-jewels-saucer-p-57182.html HTTP/1.0" 200 76158 "-" "Mozilla/5.0 (compatible; BLEXBot/1.0; +http://webmeup-crawler.com/)"
157.90.182.25 - - [03/Oct/2023:17:33:21 +0200] "GET /boutis-bedspread-pillowcases-cynthia-p-60291.html HTTP/1.0" 200 77445 "-" "Mozilla/5.0 (compatible; BLEXBot/1.0; +http://webmeup-crawler.com/)"
54.36.149.6 - - [03/Oct/2023:17:33:26 +0200] "GET /images/big_prod_1/5051276416816a.jpg HTTP/1.0" 200 271 "-" "Mozilla/5.0 (compatible; AhrefsBot/7.0; +http://ahrefs.com/robot/)"
157.90.182.25 - - [03/Oct/2023:17:33:26 +0200] "GET /birds-palette-knife-p-41593.html HTTP/1.0" 200 76059 "-" "Mozilla/5.0 (compatible; BLEXBot/1.0; +http://webmeup-crawler.com/)"
157.90.182.25 - - [03/Oct/2023:17:33:28 +0200] "GET /boutis-bedspread-pillowcases-cynthia-p-60292.html HTTP/1.0" 200 77445 "-" "Mozilla/5.0 (compatible; BLEXBot/1.0; +http://webmeup-crawler.com/)"
157.90.182.25 - - [03/Oct/2023:17:33:31 +0200] "GET /bires-coasters-p-50290.html HTTP/1.0" 200 76150 "-" "Mozilla/5.0 (compatible; BLEXBot/1.0; +http://webmeup-crawler.com/)"
157.90.182.25 - - [03/Oct/2023:17:33:35 +0200] "GET /boutis-bedspread-pillowcases-julianne-blue-p-60419.html HTTP/1.0" 200 77262 "-" "Mozilla/5.0 (compatible; BLEXBot/1.0; +http://webmeup-crawler.com/)"
157.90.182.25 - - [03/Oct/2023:17:33:41 +0200] "GET /bison-girly-cushion-p-28714.html HTTP/1.0" 200 76273 "-" "Mozilla/5.0 (compatible; BLEXBot/1.0; +http://webmeup-crawler.com/)"
54.36.148.118 - - [03/Oct/2023:17:33:45 +0200] "GET /large-coconut-bowl-p-59592.html HTTP/1.0" 200 77904 "-" "Mozilla/5.0 (compatible; AhrefsBot/7.0; +http://ahrefs.com/robot/)"
157.90.182.25 - - [03/Oct/2023:17:33:47 +0200] "GET /bistrot-ceramic-pitcher-p-45678.html HTTP/1.0" 200 76200 "-" "Mozilla/5.0 (compatible; BLEXBot/1.0; +http://webmeup-crawler.com/)"
157.90.182.25 - - [03/Oct/2023:17:33:57 +0200] "GET /bistrot-chez-copains-side-table-p-56623.html HTTP/1.0" 200 77065 "-" "Mozilla/5.0 (compatible; BLEXBot/1.0; +http://webmeup-crawler.com/)"
157.90.182.25 - - [03/Oct/2023:17:33:58 +0200] "GET /boutis-quilt-bedspread-c-11_194.html?page=2 HTTP/1.0" 200 84561 "-" "Mozilla/5.0 (compatible; BLEXBot/1.0; +http://webmeup-crawler.com/)"
157.90.182.25 - - [03/Oct/2023:17:34:02 +0200] "GET /bistrot-coasters-p-55054.html HTTP/1.0" 200 76717 "-" "Mozilla/5.0 (compatible; BLEXBot/1.0; +http://webmeup-crawler.com/)"
54.36.148.166 - - [03/Oct/2023:17:34:04 +0200] "GET /pick-venus-firefighter-p-46446.html HTTP/1.0" 200 76464 "-" "Mozilla/5.0 (compatible; AhrefsBot/7.0; +http://ahrefs.com/robot/)"
157.90.182.25 - - [03/Oct/2023:17:34:06 +0200] "GET /bowl-french-kiss-paris-p-37291.html HTTP/1.0" 200 76133 "-" "Mozilla/5.0 (compatible; BLEXBot/1.0; +http://webmeup-crawler.com/)"
157.90.182.25 - - [03/Oct/2023:17:34:07 +0200] "GET /bistrot-metal-tray-p-53576.html HTTP/1.0" 200 76986 "-" "Mozilla/5.0 (compatible; BLEXBot/1.0; +http://webmeup-crawler.com/)"
157.90.182.25 - - [03/Oct/2023:17:34:11 +0200] "GET /bistrot-motif-side-table-p-56622.html HTTP/1.0" 200 76921 "-" "Mozilla/5.0 (compatible; BLEXBot/1.0; +http://webmeup-crawler.com/)"
157.90.182.25 - - [03/Oct/2023:17:34:13 +0200] "GET /bowl-french-kiss-paris-p-37292.html HTTP/1.0" 200 76086 "-" "Mozilla/5.0 (compatible; BLEXBot/1.0; +http://webmeup-crawler.com/)"
157.90.182.25 - - [03/Oct/2023:17:34:16 +0200] "GET /black-bulldog-bookend-p-60669.html HTTP/1.0" 200 76913 "-" "Mozilla/5.0 (compatible; BLEXBot/1.0; +http://webmeup-crawler.com/)"
157.90.182.25 - - [03/Oct/2023:17:34:19 +0200] "GET /bowl-love-pets-p-31697.html HTTP/1.0" 200 76109 "-" "Mozilla/5.0 (compatible; BLEXBot/1.0; +http://webmeup-crawler.com/)"
157.90.182.25 - - [03/Oct/2023:17:34:20 +0200] "GET /black-fancy-elastic-bracelet-p-43719.html HTTP/1.0" 200 76128 "-" "Mozilla/5.0 (compatible; BLEXBot/1.0; +http://webmeup-crawler.com/)"
157.90.182.25 - - [03/Oct/2023:17:34:25 +0200] "GET /black-fancy-elastic-bracelet-p-43720.html HTTP/1.0" 200 76124 "-" "Mozilla/5.0 (compatible; BLEXBot/1.0; +http://webmeup-crawler.com/)"
157.90.182.25 - - [03/Oct/2023:17:34:25 +0200] "GET /bowl-morning-rules-p-60992.html HTTP/1.0" 200 76053 "-" "Mozilla/5.0 (compatible; BLEXBot/1.0; +http://webmeup-crawler.com/)"
157.90.182.25 - - [03/Oct/2023:17:34:30 +0200] "GET /black-fancy-elastic-bracelet-p-43721.html HTTP/1.0" 200 76124 "-" "Mozilla/5.0 (compatible; BLEXBot/1.0; +http://webmeup-crawler.com/)"
54.36.148.217 - - [03/Oct/2023:17:34:32 +0200] "GET /sumo-solar-powered-dancing-p-33550.html HTTP/1.0" 200 76407 "-" "Mozilla/5.0 (compatible; AhrefsBot/7.0; +http://ahrefs.com/robot/)"
157.90.182.25 - - [03/Oct/2023:17:34:32 +0200] "GET /bowl-p-31702.html HTTP/1.0" 200 76023 "-" "Mozilla/5.0 (compatible; BLEXBot/1.0; +http://webmeup-crawler.com/)"
157.90.182.25 - - [03/Oct/2023:17:34:41 +0200] "GET /bowls-brice-niche-p-46831.html HTTP/1.0" 200 75977 "-" "Mozilla/5.0 (compatible; BLEXBot/1.0; +http://webmeup-crawler.com/)"
157.90.182.25 - - [03/Oct/2023:17:34:41 +0200] "GET /black-fancy-elastic-bracelet-p-43722.html HTTP/1.0" 200 76124 "-" "Mozilla/5.0 (compatible; BLEXBot/1.0; +http://webmeup-crawler.com/)"
157.90.182.25 - - [03/Oct/2023:17:34:48 +0200] "GET /black-fancy-elastic-bracelet-p-43723.html HTTP/1.0" 200 76124 "-" "Mozilla/5.0 (compatible; BLEXBot/1.0; +http://webmeup-crawler.com/)"
157.90.182.25 - - [03/Oct/2023:17:34:55 +0200] "GET /black-fancy-elastic-bracelet-p-43724.html HTTP/1.0" 200 76124 "-" "Mozilla/5.0 (compatible; BLEXBot/1.0; +http://webmeup-crawler.com/)"
54.36.149.16 - - [03/Oct/2023:17:34:56 +0200] "GET /buster-figure-p-8557.html HTTP/1.0" 200 76168 "-" "Mozilla/5.0 (compatible; AhrefsBot/7.0; +http://ahrefs.com/robot/)"
157.90.182.25 - - [03/Oct/2023:17:34:59 +0200] "GET /black-fancy-elastic-bracelet-p-43725.html HTTP/1.0" 200 76128 "-" "Mozilla/5.0 (compatible; BLEXBot/1.0; +http://webmeup-crawler.com/)"
157.90.182.25 - - [03/Oct/2023:17:35:01 +0200] "GET /bowls-british-p-31522.html HTTP/1.0" 200 76039 "-" "Mozilla/5.0 (compatible; BLEXBot/1.0; +http://webmeup-crawler.com/)"
85.208.96.201 - - [03/Oct/2023:17:35:02 +0200] "GET /ethnic-elephant-wall-stickers-p-60162.html HTTP/1.0" 200 76991 "-" "Mozilla/5.0 (compatible; SemrushBot/7~bl; +http://www.semrush.com/bot.html)"
157.90.182.25 - - [03/Oct/2023:17:35:07 +0200] "GET /bowls-c-12_60.html?page=2 HTTP/1.0" 200 94553 "-" "Mozilla/5.0 (compatible; BLEXBot/1.0; +http://webmeup-crawler.com/)"
157.90.182.25 - - [03/Oct/2023:17:35:08 +0200] "GET /black-fancy-elastic-bracelet-p-43726.html HTTP/1.0" 200 76124 "-" "Mozilla/5.0 (compatible; BLEXBot/1.0; +http://webmeup-crawler.com/)"
182.22.30.63 - - [03/Oct/2023:17:35:11 +0200] "GET /images/mini_prod/8445146094018.jpg HTTP/1.0" 200 269 "-" "Mozilla/5.0 (compatible; Y!J-WSC/1.0; +https://yahoo.jp/3BSZgF)"
157.90.182.25 - - [03/Oct/2023:17:35:14 +0200] "GET /black-fancy-elastic-bracelet-p-43727.html HTTP/1.0" 200 76128 "-" "Mozilla/5.0 (compatible; BLEXBot/1.0; +http://webmeup-crawler.com/)"
157.90.182.25 - - [03/Oct/2023:17:35:13 +0200] "GET /bowls-c-12_60.html?page=3 HTTP/1.0" 200 95056 "-" "Mozilla/5.0 (compatible; BLEXBot/1.0; +http://webmeup-crawler.com/)"
157.90.182.25 - - [03/Oct/2023:17:35:19 +0200] "GET /bowls-c-12_60.html?page=4 HTTP/1.0" 200 94869 "-" "Mozilla/5.0 (compatible; BLEXBot/1.0; +http://webmeup-crawler.com/)"
54.36.148.34 - - [03/Oct/2023:17:35:21 +0200] "GET /cats-dubout-metal-plate-p-30397.html HTTP/1.0" 200 76226 "-" "Mozilla/5.0 (compatible; AhrefsBot/7.0; +http://ahrefs.com/robot/)"
157.90.182.25 - - [03/Oct/2023:17:35:22 +0200] "GET /black-fancy-elastic-bracelet-p-43728.html HTTP/1.0" 200 76124 "-" "Mozilla/5.0 (compatible; BLEXBot/1.0; +http://webmeup-crawler.com/)"
157.90.182.25 - - [03/Oct/2023:17:35:25 +0200] "GET /bowls-c-12_60.html?page=5 HTTP/1.0" 200 95575 "-" "Mozilla/5.0 (compatible; BLEXBot/1.0; +http://webmeup-crawler.com/)"
157.90.182.25 - - [03/Oct/2023:17:35:30 +0200] "GET /black-fancy-elastic-bracelet-p-43729.html HTTP/1.0" 200 76124 "-" "Mozilla/5.0 (compatible; BLEXBot/1.0; +http://webmeup-crawler.com/)"
157.90.182.25 - - [03/Oct/2023:17:35:32 +0200] "GET /bowls-c-12_60.html?page=6 HTTP/1.0" 200 96397 "-" "Mozilla/5.0 (compatible; BLEXBot/1.0; +http://webmeup-crawler.com/)"
157.90.182.25 - - [03/Oct/2023:17:35:35 +0200] "GET /black-fancy-elastic-bracelet-p-43730.html HTTP/1.0" 200 76124 "-" "Mozilla/5.0 (compatible; BLEXBot/1.0; +http://webmeup-crawler.com/)"
157.90.182.25 - - [03/Oct/2023:17:35:38 +0200] "GET /bowls-c-12_60.html?page=7 HTTP/1.0" 200 88356 "-" "Mozilla/5.0 (compatible; BLEXBot/1.0; +http://webmeup-crawler.com/)"
157.90.182.25 - - [03/Oct/2023:17:35:44 +0200] "GET /bowls-c-12_60.html?page=8 HTTP/1.0" 200 88356 "-" "Mozilla/5.0 (compatible; BLEXBot/1.0; +http://webmeup-crawler.com/)"
157.90.182.25 - - [03/Oct/2023:17:35:45 +0200] "GET /black-fitted-sheet-p-34830.html HTTP/1.0" 200 76760 "-" "Mozilla/5.0 (compatible; BLEXBot/1.0; +http://webmeup-crawler.com/)"
54.36.148.21 - - [03/Oct/2023:17:35:49 +0200] "GET /heart-home-bamboo-candle-patchouli-guaiac-wood-p-59664.html HTTP/1.0" 200 77791 "-" "Mozilla/5.0 (compatible; AhrefsBot/7.0; +http://ahrefs.com/robot/)"
157.90.182.25 - - [03/Oct/2023:17:35:51 +0200] "GET /black-fitted-sheet-p-34833.html HTTP/1.0" 200 76980 "-" "Mozilla/5.0 (compatible; BLEXBot/1.0; +http://webmeup-crawler.com/)"
157.90.182.25 - - [03/Oct/2023:17:35:55 +0200] "GET /black-gold-globe-p-57571.html HTTP/1.0" 200 76905 "-" "Mozilla/5.0 (compatible; BLEXBot/1.0; +http://webmeup-crawler.com/)"
54.36.148.194 - - [03/Oct/2023:17:35:59 +0200] "GET /images/big_prod_1/5051276416632a.jpg HTTP/1.0" 200 271 "-" "Mozilla/5.0 (compatible; AhrefsBot/7.0; +http://ahrefs.com/robot/)"
54.36.148.116 - - [03/Oct/2023:17:36:02 +0200] "GET /images/big_prod_2/5051276416632b.jpg HTTP/1.0" 200 271 "-" "Mozilla/5.0 (compatible; AhrefsBot/7.0; +http://ahrefs.com/robot/)"
54.36.148.243 - - [03/Oct/2023:17:36:05 +0200] "GET /images/big_prod/5051276416632.jpg HTTP/1.0" 200 268 "-" "Mozilla/5.0 (compatible; AhrefsBot/7.0; +http://ahrefs.com/robot/)"
157.90.182.25 - - [03/Oct/2023:17:36:03 +0200] "GET /black-grey-globe-decoration-p-59425.html HTTP/1.0" 200 76845 "-" "Mozilla/5.0 (compatible; BLEXBot/1.0; +http://webmeup-crawler.com/)"
157.90.182.25 - - [03/Oct/2023:17:36:07 +0200] "GET /bowls-senor-moustache-p-31521.html HTTP/1.0" 200 76163 "-" "Mozilla/5.0 (compatible; BLEXBot/1.0; +http://webmeup-crawler.com/)"
157.90.182.25 - - [03/Oct/2023:17:36:10 +0200] "GET /black-industrial-retro-metal-p-52596.html HTTP/1.0" 200 77021 "-" "Mozilla/5.0 (compatible; BLEXBot/1.0; +http://webmeup-crawler.com/)"
157.90.182.25 - - [03/Oct/2023:17:36:13 +0200] "GET /bowls-table-p-31428.html HTTP/1.0" 200 76132 "-" "Mozilla/5.0 (compatible; BLEXBot/1.0; +http://webmeup-crawler.com/)"
54.36.148.64 - - [03/Oct/2023:17:36:14 +0200] "GET /isothermic-stainless-steel-bottle-aries-cbkreation-p-60707.html HTTP/1.0" 200 77074 "-" "Mozilla/5.0 (compatible; AhrefsBot/7.0; +http://ahrefs.com/robot/)"
157.90.182.25 - - [03/Oct/2023:17:36:14 +0200] "GET /black-kitchen-towel-p-44415.html HTTP/1.0" 200 76130 "-" "Mozilla/5.0 (compatible; BLEXBot/1.0; +http://webmeup-crawler.com/)"
157.90.182.25 - - [03/Oct/2023:17:36:20 +0200] "GET /black-lampshade-p-60987.html HTTP/1.0" 200 76787 "-" "Mozilla/5.0 (compatible; BLEXBot/1.0; +http://webmeup-crawler.com/)"
157.90.182.25 - - [03/Oct/2023:17:36:20 +0200] "GET /boxes-storage-c-13_150.html?page=10 HTTP/1.0" 200 96892 "-" "Mozilla/5.0 (compatible; BLEXBot/1.0; +http://webmeup-crawler.com/)"
157.90.182.25 - - [03/Oct/2023:17:36:25 +0200] "GET /black-lampshade-p-60988.html HTTP/1.0" 200 76745 "-" "Mozilla/5.0 (compatible; BLEXBot/1.0; +http://webmeup-crawler.com/)"
157.90.182.25 - - [03/Oct/2023:17:36:27 +0200] "GET /boxes-storage-c-13_150.html?page=11 HTTP/1.0" 200 97196 "-" "Mozilla/5.0 (compatible; BLEXBot/1.0; +http://webmeup-crawler.com/)"
157.90.182.25 - - [03/Oct/2023:17:36:30 +0200] "GET /black-metal-flask-bourbon-p-37761.html HTTP/1.0" 200 76160 "-" "Mozilla/5.0 (compatible; BLEXBot/1.0; +http://webmeup-crawler.com/)"
157.90.182.25 - - [03/Oct/2023:17:36:33 +0200] "GET /boxes-storage-c-13_150.html?page=2 HTTP/1.0" 200 97383 "-" "Mozilla/5.0 (compatible; BLEXBot/1.0; +http://webmeup-crawler.com/)"
157.90.182.25 - - [03/Oct/2023:17:36:35 +0200] "GET /black-metal-flask-scotch-p-37759.html HTTP/1.0" 200 76176 "-" "Mozilla/5.0 (compatible; BLEXBot/1.0; +http://webmeup-crawler.com/)"
185.191.171.13 - - [03/Oct/2023:17:36:37 +0200] "GET /-p-50765.html HTTP/1.0" 200 73770 "-" "Mozilla/5.0 (compatible; SemrushBot/7~bl; +http://www.semrush.com/bot.html)"
157.90.182.25 - - [03/Oct/2023:17:36:40 +0200] "GET /black-metal-flask-whiskey-p-37762.html HTTP/1.0" 200 76184 "-" "Mozilla/5.0 (compatible; BLEXBot/1.0; +http://webmeup-crawler.com/)"
157.90.182.25 - - [03/Oct/2023:17:36:41 +0200] "GET /boxes-storage-c-13_150.html?page=3 HTTP/1.0" 200 97036 "-" "Mozilla/5.0 (compatible; BLEXBot/1.0; +http://webmeup-crawler.com/)"
157.90.182.25 - - [03/Oct/2023:17:36:48 +0200] "GET /boxes-storage-c-13_150.html?page=4 HTTP/1.0" 200 97328 "-" "Mozilla/5.0 (compatible; BLEXBot/1.0; +http://webmeup-crawler.com/)"
157.90.182.25 - - [03/Oct/2023:17:36:49 +0200] "GET /black-panther-bookend-p-60668.html HTTP/1.0" 200 77003 "-" "Mozilla/5.0 (compatible; BLEXBot/1.0; +http://webmeup-crawler.com/)"
54.36.148.0 - - [03/Oct/2023:17:36:50 +0200] "GET /home-decoration-c-13.html?page=43 HTTP/1.0" 200 96214 "-" "Mozilla/5.0 (compatible; AhrefsBot/7.0; +http://ahrefs.com/robot/)"
54.36.148.250 - - [03/Oct/2023:17:36:57 +0200] "GET /images/mini_prod/4260082930787a.jpg HTTP/1.0" 200 270 "-" "Mozilla/5.0 (compatible; AhrefsBot/7.0; +http://ahrefs.com/robot/)"
157.90.182.25 - - [03/Oct/2023:17:36:56 +0200] "GET /black-polyester-round-chair-cushion-p-47042.html HTTP/1.0" 200 76866 "-" "Mozilla/5.0 (compatible; BLEXBot/1.0; +http://webmeup-crawler.com/)"
54.36.149.16 - - [03/Oct/2023:17:36:58 +0200] "GET /images/mini_prod/4260082938080.jpg HTTP/1.0" 200 269 "-" "Mozilla/5.0 (compatible; AhrefsBot/7.0; +http://ahrefs.com/robot/)"
54.36.148.192 - - [03/Oct/2023:17:36:59 +0200] "GET /images/mini_prod/CD5103.jpg HTTP/1.0" 200 262 "-" "Mozilla/5.0 (compatible; AhrefsBot/7.0; +http://ahrefs.com/robot/)"
54.36.148.65 - - [03/Oct/2023:17:37:00 +0200] "GET /images/mini_prod/4260082938387.jpg HTTP/1.0" 200 269 "-" "Mozilla/5.0 (compatible; AhrefsBot/7.0; +http://ahrefs.com/robot/)"
54.36.148.7 - - [03/Oct/2023:17:37:00 +0200] "GET /images/mini_prod/8422048802514.jpg HTTP/1.0" 200 269 "-" "Mozilla/5.0 (compatible; AhrefsBot/7.0; +http://ahrefs.com/robot/)"
54.36.149.59 - - [03/Oct/2023:17:37:02 +0200] "GET /images/mini_prod/4260082930459.jpg HTTP/1.0" 200 269 "-" "Mozilla/5.0 (compatible; AhrefsBot/7.0; +http://ahrefs.com/robot/)"
54.36.148.116 - - [03/Oct/2023:17:37:03 +0200] "GET /images/mini_prod/4260082938097.jpg HTTP/1.0" 200 269 "-" "Mozilla/5.0 (compatible; AhrefsBot/7.0; +http://ahrefs.com/robot/)"
157.90.182.25 - - [03/Oct/2023:17:37:03 +0200] "GET /black-shell-galaxy-note-with-personalized-picture-p-16352.html HTTP/1.0" 200 76932 "-" "Mozilla/5.0 (compatible; BLEXBot/1.0; +http://webmeup-crawler.com/)"
54.36.148.80 - - [03/Oct/2023:17:37:05 +0200] "GET /images/mini_prod/4260082938370.jpg HTTP/1.0" 200 269 "-" "Mozilla/5.0 (compatible; AhrefsBot/7.0; +http://ahrefs.com/robot/)"
54.36.148.156 - - [03/Oct/2023:17:37:05 +0200] "GET /images/mini_prod/8422048802408.jpg HTTP/1.0" 200 269 "-" "Mozilla/5.0 (compatible; AhrefsBot/7.0; +http://ahrefs.com/robot/)"
54.36.149.104 - - [03/Oct/2023:17:37:06 +0200] "GET /images/mini_prod/3609810093324.jpg HTTP/1.0" 200 269 "-" "Mozilla/5.0 (compatible; AhrefsBot/7.0; +http://ahrefs.com/robot/)"
54.36.148.10 - - [03/Oct/2023:17:37:06 +0200] "GET /images/mini_prod/8422048822086.jpg HTTP/1.0" 200 269 "-" "Mozilla/5.0 (compatible; AhrefsBot/7.0; +http://ahrefs.com/robot/)"
54.36.149.5 - - [03/Oct/2023:17:37:07 +0200] "GET /images/mini_prod/8422048822093.jpg HTTP/1.0" 200 269 "-" "Mozilla/5.0 (compatible; AhrefsBot/7.0; +http://ahrefs.com/robot/)"
54.36.148.110 - - [03/Oct/2023:17:37:08 +0200] "GET /images/mini_prod/a4260082930749.jpg HTTP/1.0" 200 270 "-" "Mozilla/5.0 (compatible; AhrefsBot/7.0; +http://ahrefs.com/robot/)"
54.36.149.23 - - [03/Oct/2023:17:37:08 +0200] "GET /images/mini_prod/4260082938127.jpg HTTP/1.0" 200 269 "-" "Mozilla/5.0 (compatible; AhrefsBot/7.0; +http://ahrefs.com/robot/)"
157.90.182.25 - - [03/Oct/2023:17:37:09 +0200] "GET /black-shell-samsung-with-personalized-picture-p-16359.html HTTP/1.0" 200 76856 "-" "Mozilla/5.0 (compatible; BLEXBot/1.0; +http://webmeup-crawler.com/)"
157.90.182.25 - - [03/Oct/2023:17:37:11 +0200] "GET /boxes-storage-c-13_150.html?page=5 HTTP/1.0" 200 97383 "-" "Mozilla/5.0 (compatible; BLEXBot/1.0; +http://webmeup-crawler.com/)"
54.36.148.138 - - [03/Oct/2023:17:37:15 +0200] "GET /happy-colors-pink-hairbrush-p-22735.html HTTP/1.0" 200 76172 "-" "Mozilla/5.0 (compatible; AhrefsBot/7.0; +http://ahrefs.com/robot/)"
157.90.182.25 - - [03/Oct/2023:17:37:15 +0200] "GET /black-silicon-phone-cover-iphone-p-13830.html HTTP/1.0" 200 77005 "-" "Mozilla/5.0 (compatible; BLEXBot/1.0; +http://webmeup-crawler.com/)"
157.90.182.25 - - [03/Oct/2023:17:37:19 +0200] "GET /boxes-storage-c-13_150.html?page=6 HTTP/1.0" 200 97477 "-" "Mozilla/5.0 (compatible; BLEXBot/1.0; +http://webmeup-crawler.com/)"
157.90.182.25 - - [03/Oct/2023:17:37:21 +0200] "GET /black-silver-globe-decoration-p-51573.html HTTP/1.0" 200 76261 "-" "Mozilla/5.0 (compatible; BLEXBot/1.0; +http://webmeup-crawler.com/)"
157.90.182.25 - - [03/Oct/2023:17:37:27 +0200] "GET /black-swan-money-p-54822.html HTTP/1.0" 200 76234 "-" "Mozilla/5.0 (compatible; BLEXBot/1.0; +http://webmeup-crawler.com/)"
157.90.182.25 - - [03/Oct/2023:17:37:26 +0200] "GET /boxes-storage-c-13_150.html?page=7 HTTP/1.0" 200 96815 "-" "Mozilla/5.0 (compatible; BLEXBot/1.0; +http://webmeup-crawler.com/)"
157.90.182.25 - - [03/Oct/2023:17:37:33 +0200] "GET /black-zippo-candle-utility-lighter-p-51931.html HTTP/1.0" 200 77120 "-" "Mozilla/5.0 (compatible; BLEXBot/1.0; +http://webmeup-crawler.com/)"
157.90.182.25 - - [03/Oct/2023:17:37:34 +0200] "GET /boxes-storage-c-13_150.html?page=8 HTTP/1.0" 200 97137 "-" "Mozilla/5.0 (compatible; BLEXBot/1.0; +http://webmeup-crawler.com/)"
54.36.149.48 - - [03/Oct/2023:17:37:39 +0200] "GET /sonny-angel-figure-marine-series-p-50985.html HTTP/1.0" 200 77127 "-" "Mozilla/5.0 (compatible; AhrefsBot/7.0; +http://ahrefs.com/robot/)"
157.90.182.25 - - [03/Oct/2023:17:37:40 +0200] "GET /black-zippo-fire-starter-p-51933.html HTTP/1.0" 200 77017 "-" "Mozilla/5.0 (compatible; BLEXBot/1.0; +http://webmeup-crawler.com/)"
157.90.182.25 - - [03/Oct/2023:17:37:41 +0200] "GET /boxes-storage-c-13_150.html?page=9 HTTP/1.0" 200 97691 "-" "Mozilla/5.0 (compatible; BLEXBot/1.0; +http://webmeup-crawler.com/)"
157.90.182.25 - - [03/Oct/2023:17:37:44 +0200] "GET /blackout-curtain-with-eyelets-p-60790.html HTTP/1.0" 200 77077 "-" "Mozilla/5.0 (compatible; BLEXBot/1.0; +http://webmeup-crawler.com/)"
157.90.182.25 - - [03/Oct/2023:17:37:46 +0200] "GET /boys-c-2.html?page=2 HTTP/1.0" 200 87969 "-" "Mozilla/5.0 (compatible; BLEXBot/1.0; +http://webmeup-crawler.com/)"
157.90.182.25 - - [03/Oct/2023:17:37:50 +0200] "GET /blacks-litre-p-31417.html HTTP/1.0" 200 76115 "-" "Mozilla/5.0 (compatible; BLEXBot/1.0; +http://webmeup-crawler.com/)"
157.90.182.25 - - [03/Oct/2023:17:37:51 +0200] "GET /bracelets-c-3_200.html?page=2 HTTP/1.0" 200 94541 "-" "Mozilla/5.0 (compatible; BLEXBot/1.0; +http://webmeup-crawler.com/)"
157.90.182.25 - - [03/Oct/2023:17:37:57 +0200] "GET /blue-adult-cotton-apron-p-44330.html HTTP/1.0" 200 76097 "-" "Mozilla/5.0 (compatible; BLEXBot/1.0; +http://webmeup-crawler.com/)"
106.11.62.228 - - [03/Oct/2023:17:38:02 +0200] "GET /images/mini_prod/8433910189923.jpg HTTP/1.0" 200 269 "-" "Mozilla/5.0 (X11; Ubuntu; Linux x86_64; rv:72.0) Gecko/20100101 Firefox/72.0"
157.90.182.25 - - [03/Oct/2023:17:38:02 +0200] "GET /blue-artisanal-p-60306.html HTTP/1.0" 200 76918 "-" "Mozilla/5.0 (compatible; BLEXBot/1.0; +http://webmeup-crawler.com/)"
157.90.182.25 - - [03/Oct/2023:17:38:06 +0200] "GET /blue-basket-corduroy-p-59639.html HTTP/1.0" 200 76996 "-" "Mozilla/5.0 (compatible; BLEXBot/1.0; +http://webmeup-crawler.com/)"
54.36.149.22 - - [03/Oct/2023:17:38:08 +0200] "GET /litre-p-33908.html HTTP/1.0" 200 76084 "-" "Mozilla/5.0 (compatible; AhrefsBot/7.0; +http://ahrefs.com/robot/)"
157.90.182.25 - - [03/Oct/2023:17:38:10 +0200] "GET /blue-color-eyelet-curtain-p-55434.html HTTP/1.0" 200 79033 "-" "Mozilla/5.0 (compatible; BLEXBot/1.0; +http://webmeup-crawler.com/)"
66.249.66.205 - - [03/Oct/2023:17:38:13 +0200] "GET /photo-frames-memo-clips-c-132.html?page=1 HTTP/1.0" 301 93985 "-" "Mozilla/5.0 (Linux; Android 6.0.1; Nexus 5X Build/MMB29P) AppleWebKit/537.36 (KHTML, like Gecko) Chrome/117.0.5938.132 Mobile Safari/537.36 (compatible; Googlebot/2.1; +http://www.google.com/bot.html)"
66.249.66.207 - - [03/Oct/2023:17:38:15 +0200] "GET /photo-frames-memo-clips-c-13_132.html?page=1 HTTP/1.0" 200 94013 "-" "Mozilla/5.0 (Linux; Android 6.0.1; Nexus 5X Build/MMB29P) AppleWebKit/537.36 (KHTML, like Gecko) Chrome/117.0.5938.132 Mobile Safari/537.36 (compatible; Googlebot/2.1; +http://www.google.com/bot.html)"
157.90.182.25 - - [03/Oct/2023:17:38:17 +0200] "GET /blue-distributor-p-50101.html HTTP/1.0" 200 76250 "-" "Mozilla/5.0 (compatible; BLEXBot/1.0; +http://webmeup-crawler.com/)"
66.249.66.205 - - [03/Oct/2023:17:38:19 +0200] "GET /js/jquery.masonry.min.js HTTP/1.0" 200 264 "http://www.wonder-geek.com/photo-frames-memo-clips-c-13_132.html?page=1" "Mozilla/5.0 (Linux; Android 6.0.1; Nexus 5X Build/MMB29P) AppleWebKit/537.36 (KHTML, like Gecko) Chrome/117.0.5938.92 Mobile Safari/537.36 (compatible; Googlebot/2.1; +http://www.google.com/bot.html)"
157.90.182.25 - - [03/Oct/2023:17:38:17 +0200] "GET /bracelets-c-3_200.html?page=3 HTTP/1.0" 200 94946 "-" "Mozilla/5.0 (compatible; BLEXBot/1.0; +http://webmeup-crawler.com/)"
157.90.182.25 - - [03/Oct/2023:17:38:23 +0200] "GET /bracelets-c-3_200.html?page=4 HTTP/1.0" 200 94731 "-" "Mozilla/5.0 (compatible; BLEXBot/1.0; +http://webmeup-crawler.com/)"
157.90.182.25 - - [03/Oct/2023:17:38:24 +0200] "GET /blue-duck-fitted-sheet-p-51979.html HTTP/1.0" 200 76770 "-" "Mozilla/5.0 (compatible; BLEXBot/1.0; +http://webmeup-crawler.com/)"
157.90.182.25 - - [03/Oct/2023:17:38:29 +0200] "GET /blue-duck-fitted-sheet-p-51982.html HTTP/1.0" 200 76156 "-" "Mozilla/5.0 (compatible; BLEXBot/1.0; +http://webmeup-crawler.com/)"
157.90.182.25 - - [03/Oct/2023:17:38:29 +0200] "GET /bracelets-c-3_200.html?page=5 HTTP/1.0" 200 90010 "-" "Mozilla/5.0 (compatible; BLEXBot/1.0; +http://webmeup-crawler.com/)"
54.36.148.81 - - [03/Oct/2023:17:38:33 +0200] "GET /household-linen-c-11.html?page=39 HTTP/1.0" 200 95974 "-" "Mozilla/5.0 (compatible; AhrefsBot/7.0; +http://ahrefs.com/robot/)"
157.90.182.25 - - [03/Oct/2023:17:38:34 +0200] "GET /blue-globe-decoration-p-52916.html HTTP/1.0" 200 76177 "-" "Mozilla/5.0 (compatible; BLEXBot/1.0; +http://webmeup-crawler.com/)"
157.90.182.25 - - [03/Oct/2023:17:38:36 +0200] "GET /braided-paper-fiber-basket-beige-p-58188.html HTTP/1.0" 200 76853 "-" "Mozilla/5.0 (compatible; BLEXBot/1.0; +http://webmeup-crawler.com/)"
17.241.227.109 - - [03/Oct/2023:17:38:38 +0200] "GET /bottle-rack-wine-glass-p-50196.html HTTP/1.0" 200 76293 "-" "Mozilla/5.0 (Macintosh; Intel Mac OS X 10_15_5) AppleWebKit/605.1.15 (KHTML, like Gecko) Version/13.1.1 Safari/605.1.15 (Applebot/0.1; +http://www.apple.com/go/applebot)"
157.90.182.25 - - [03/Oct/2023:17:38:42 +0200] "GET /braided-paper-fiber-basket-beige-p-58189.html HTTP/1.0" 200 76847 "-" "Mozilla/5.0 (compatible; BLEXBot/1.0; +http://webmeup-crawler.com/)"
157.90.182.25 - - [03/Oct/2023:17:38:43 +0200] "GET /blue-jean-fitted-sheet-p-36443.html HTTP/1.0" 200 77027 "-" "Mozilla/5.0 (compatible; BLEXBot/1.0; +http://webmeup-crawler.com/)"
157.90.182.25 - - [03/Oct/2023:17:38:47 +0200] "GET /braided-paper-fiber-basket-beige-p-58190.html HTTP/1.0" 200 76843 "-" "Mozilla/5.0 (compatible; BLEXBot/1.0; +http://webmeup-crawler.com/)"
157.90.182.25 - - [03/Oct/2023:17:38:48 +0200] "GET /blue-peacock-jewelry-holder-statuette-p-56814.html HTTP/1.0" 200 76383 "-" "Mozilla/5.0 (compatible; BLEXBot/1.0; +http://webmeup-crawler.com/)"
157.90.182.25 - - [03/Oct/2023:17:38:54 +0200] "GET /braided-paper-fiber-basket-grey-p-58191.html HTTP/1.0" 200 76835 "-" "Mozilla/5.0 (compatible; BLEXBot/1.0; +http://webmeup-crawler.com/)"
157.90.182.25 - - [03/Oct/2023:17:38:57 +0200] "GET /blue-perfume-diffuser-p-35888.html HTTP/1.0" 200 76239 "-" "Mozilla/5.0 (compatible; BLEXBot/1.0; +http://webmeup-crawler.com/)"
157.90.182.25 - - [03/Oct/2023:17:38:59 +0200] "GET /braided-paper-fiber-basket-grey-p-58192.html HTTP/1.0" 200 76837 "-" "Mozilla/5.0 (compatible; BLEXBot/1.0; +http://webmeup-crawler.com/)"
157.90.182.25 - - [03/Oct/2023:17:39:03 +0200] "GET /blue-pocket-warmer-libre-dgivre-p-56149.html HTTP/1.0" 200 77142 "-" "Mozilla/5.0 (compatible; BLEXBot/1.0; +http://webmeup-crawler.com/)"
54.36.149.77 - - [03/Oct/2023:17:39:03 +0200] "GET /italia-tablecloth-anti-stain-p-34994.html HTTP/1.0" 200 76244 "-" "Mozilla/5.0 (compatible; AhrefsBot/7.0; +http://ahrefs.com/robot/)"
157.90.182.25 - - [03/Oct/2023:17:39:08 +0200] "GET /blue-polyester-round-chair-cushion-p-46459.html HTTP/1.0" 200 76862 "-" "Mozilla/5.0 (compatible; BLEXBot/1.0; +http://webmeup-crawler.com/)"
157.90.182.25 - - [03/Oct/2023:17:39:12 +0200] "GET /blue-polyester-round-chair-cushion-p-47037.html HTTP/1.0" 200 76864 "-" "Mozilla/5.0 (compatible; BLEXBot/1.0; +http://webmeup-crawler.com/)"
157.90.182.25 - - [03/Oct/2023:17:39:17 +0200] "GET /blue-polyester-round-chair-cushion-p-47038.html HTTP/1.0" 200 76859 "-" "Mozilla/5.0 (compatible; BLEXBot/1.0; +http://webmeup-crawler.com/)"
157.90.182.25 - - [03/Oct/2023:17:39:21 +0200] "GET /blue-resin-vase-p-55590.html HTTP/1.0" 200 76689 "-" "Mozilla/5.0 (compatible; BLEXBot/1.0; +http://webmeup-crawler.com/)"
157.55.39.9 - - [03/Oct/2023:17:39:22 +0200] "GET /duvet-cover-in-cotton-percale-80-threads-240-220-cm-p-51259.html HTTP/1.0" 301 77188 "-" "Mozilla/5.0 AppleWebKit/537.36 (KHTML, like Gecko; compatible; bingbot/2.0; +http://www.bing.com/bingbot.htm) Chrome/103.0.5060.134 Safari/537.36"
185.191.171.8 - - [03/Oct/2023:17:39:25 +0200] "GET /robots.txt HTTP/1.0" 200 245 "-" "Mozilla/5.0 (compatible; SemrushBot/7~bl; +http://www.semrush.com/bot.html)"
185.191.171.11 - - [03/Oct/2023:17:39:25 +0200] "GET /magnet-provence-p-51204.html HTTP/1.0" 200 76082 "-" "Mozilla/5.0 (compatible; SemrushBot/7~bl; +http://www.semrush.com/bot.html)"
157.90.182.25 - - [03/Oct/2023:17:39:26 +0200] "GET /braided-paper-fiber-basket-grey-p-58193.html HTTP/1.0" 200 76843 "-" "Mozilla/5.0 (compatible; BLEXBot/1.0; +http://webmeup-crawler.com/)"
54.36.149.92 - - [03/Oct/2023:17:39:27 +0200] "GET /pine-wood-chest-p-53539.html HTTP/1.0" 200 76925 "-" "Mozilla/5.0 (compatible; AhrefsBot/7.0; +http://ahrefs.com/robot/)"
157.90.182.25 - - [03/Oct/2023:17:39:26 +0200] "GET /blue-spiral-glass-paperweight-p-56402.html HTTP/1.0" 200 76283 "-" "Mozilla/5.0 (compatible; BLEXBot/1.0; +http://webmeup-crawler.com/)"
157.90.182.25 - - [03/Oct/2023:17:39:31 +0200] "GET /brasil-mouse-cbkreation-p-25986.html HTTP/1.0" 200 76139 "-" "Mozilla/5.0 (compatible; BLEXBot/1.0; +http://webmeup-crawler.com/)"
54.36.149.102 - - [03/Oct/2023:17:39:36 +0200] "GET /images/big_prod_2/8422057789271D.jpg HTTP/1.0" 200 271 "-" "Mozilla/5.0 (compatible; AhrefsBot/7.0; +http://ahrefs.com/robot/)"
157.90.182.25 - - [03/Oct/2023:17:39:36 +0200] "GET /blue-velvet-chandelier-p-59887.html HTTP/1.0" 200 76973 "-" "Mozilla/5.0 (compatible; BLEXBot/1.0; +http://webmeup-crawler.com/)"
157.90.182.25 - - [03/Oct/2023:17:39:36 +0200] "GET /brasil-passeport-p-19070.html HTTP/1.0" 200 76988 "-" "Mozilla/5.0 (compatible; BLEXBot/1.0; +http://webmeup-crawler.com/)"
54.36.148.190 - - [03/Oct/2023:17:39:38 +0200] "GET /images/big_prod_1/8422057789271C.jpg HTTP/1.0" 200 271 "-" "Mozilla/5.0 (compatible; AhrefsBot/7.0; +http://ahrefs.com/robot/)"
157.90.182.25 - - [03/Oct/2023:17:39:42 +0200] "GET /brass-lapis-lazuli-adjustable-ring-p-57283.html HTTP/1.0" 200 77072 "-" "Mozilla/5.0 (compatible; BLEXBot/1.0; +http://webmeup-crawler.com/)"
157.90.182.25 - - [03/Oct/2023:17:39:44 +0200] "GET /blue-wink-panda-pocket-warmer-p-55002.html HTTP/1.0" 200 77628 "-" "Mozilla/5.0 (compatible; BLEXBot/1.0; +http://webmeup-crawler.com/)"
157.90.182.25 - - [03/Oct/2023:17:39:48 +0200] "GET /brass-patinated-handing-bells-ganesh-p-37219.html HTTP/1.0" 200 76891 "-" "Mozilla/5.0 (compatible; BLEXBot/1.0; +http://webmeup-crawler.com/)"
157.90.182.25 - - [03/Oct/2023:17:39:51 +0200] "GET /bluetooth-guitar-speaker-p-47522.html HTTP/1.0" 200 76978 "-" "Mozilla/5.0 (compatible; BLEXBot/1.0; +http://webmeup-crawler.com/)"
157.90.182.25 - - [03/Oct/2023:17:39:52 +0200] "GET /brass-rock-crystal-adjustable-ring-p-57282.html HTTP/1.0" 200 77072 "-" "Mozilla/5.0 (compatible; BLEXBot/1.0; +http://webmeup-crawler.com/)"
54.36.149.6 - - [03/Oct/2023:17:39:58 +0200] "GET /deco-soapstone-tree-life-blue-p-53789.html HTTP/1.0" 200 77060 "-" "Mozilla/5.0 (compatible; AhrefsBot/7.0; +http://ahrefs.com/robot/)"
157.90.182.25 - - [03/Oct/2023:17:39:59 +0200] "GET /bratz-scarf-glove-p-22129.html HTTP/1.0" 200 76352 "-" "Mozilla/5.0 (compatible; BLEXBot/1.0; +http://webmeup-crawler.com/)"
157.90.182.25 - - [03/Oct/2023:17:40:00 +0200] "GET /bluetooth-speaker-p-57858.html HTTP/1.0" 200 77112 "-" "Mozilla/5.0 (compatible; BLEXBot/1.0; +http://webmeup-crawler.com/)"
157.90.182.25 - - [03/Oct/2023:17:40:04 +0200] "GET /brave-merida-melamine-bowl-p-17122.html HTTP/1.0" 200 76875 "-" "Mozilla/5.0 (compatible; BLEXBot/1.0; +http://webmeup-crawler.com/)"
157.90.182.25 - - [03/Oct/2023:17:40:06 +0200] "GET /bluetooth-speaker-p-57859.html HTTP/1.0" 200 77112 "-" "Mozilla/5.0 (compatible; BLEXBot/1.0; +http://webmeup-crawler.com/)"
157.90.182.25 - - [03/Oct/2023:17:40:16 +0200] "GET /boat-bell-fixed-wall-p-56647.html HTTP/1.0" 200 76838 "-" "Mozilla/5.0 (compatible; BLEXBot/1.0; +http://webmeup-crawler.com/)"
157.90.182.25 - - [03/Oct/2023:17:40:23 +0200] "GET /bodega-bottle-stoppers-p-39485.html HTTP/1.0" 200 76145 "-" "Mozilla/5.0 (compatible; BLEXBot/1.0; +http://webmeup-crawler.com/)"
54.36.148.222 - - [03/Oct/2023:17:40:25 +0200] "GET /burlap-round-table-p-53151.html HTTP/1.0" 200 76671 "-" "Mozilla/5.0 (compatible; AhrefsBot/7.0; +http://ahrefs.com/robot/)"
157.90.182.25 - - [03/Oct/2023:17:40:28 +0200] "GET /brazil-alarm-clock-cbkreation-p-25009.html HTTP/1.0" 200 76237 "-" "Mozilla/5.0 (compatible; BLEXBot/1.0; +http://webmeup-crawler.com/)"
157.90.182.25 - - [03/Oct/2023:17:40:29 +0200] "GET /bodega-cookware-p-37401.html HTTP/1.0" 200 76138 "-" "Mozilla/5.0 (compatible; BLEXBot/1.0; +http://webmeup-crawler.com/)"
157.90.182.25 - - [03/Oct/2023:17:40:35 +0200] "GET /breakfast-c-12_61.html?page=2 HTTP/1.0" 200 95302 "-" "Mozilla/5.0 (compatible; BLEXBot/1.0; +http://webmeup-crawler.com/)"
157.90.182.25 - - [03/Oct/2023:17:40:38 +0200] "GET /bodega-opener-p-19945.html HTTP/1.0" 200 76118 "-" "Mozilla/5.0 (compatible; BLEXBot/1.0; +http://webmeup-crawler.com/)"
216.244.66.242 - - [03/Oct/2023:17:40:40 +0200] "GET /games-toys-c-4.html?page=4 HTTP/1.0" 200 95799 "-" "Mozilla/5.0 (compatible; DotBot/1.2; +https://opensiteexplorer.org/dotbot; help@moz.com)"
157.90.182.25 - - [03/Oct/2023:17:40:42 +0200] "GET /breakfast-c-12_61.html?page=3 HTTP/1.0" 200 95602 "-" "Mozilla/5.0 (compatible; BLEXBot/1.0; +http://webmeup-crawler.com/)"
157.90.182.25 - - [03/Oct/2023:17:40:44 +0200] "GET /bodega-sponge-holder-p-37395.html HTTP/1.0" 200 76085 "-" "Mozilla/5.0 (compatible; BLEXBot/1.0; +http://webmeup-crawler.com/)"
157.90.182.25 - - [03/Oct/2023:17:40:48 +0200] "GET /bodega-toothpick-display-p-53465.html HTTP/1.0" 200 76135 "-" "Mozilla/5.0 (compatible; BLEXBot/1.0; +http://webmeup-crawler.com/)"
157.90.182.25 - - [03/Oct/2023:17:40:49 +0200] "GET /breakfast-c-12_61.html?page=4 HTTP/1.0" 200 95998 "-" "Mozilla/5.0 (compatible; BLEXBot/1.0; +http://webmeup-crawler.com/)"
54.36.148.105 - - [03/Oct/2023:17:40:51 +0200] "GET /wooden-windchime-chimes-p-43534.html HTTP/1.0" 200 76839 "-" "Mozilla/5.0 (compatible; AhrefsBot/7.0; +http://ahrefs.com/robot/)"
157.90.182.25 - - [03/Oct/2023:17:40:52 +0200] "GET /body-baby-knight-p-50931.html HTTP/1.0" 200 76038 "-" "Mozilla/5.0 (compatible; BLEXBot/1.0; +http://webmeup-crawler.com/)"
157.90.182.25 - - [03/Oct/2023:17:40:55 +0200] "GET /breakfast-c-12_61.html?page=5 HTTP/1.0" 200 95843 "-" "Mozilla/5.0 (compatible; BLEXBot/1.0; +http://webmeup-crawler.com/)"
157.90.182.25 - - [03/Oct/2023:17:40:57 +0200] "GET /bohemian-ethnic-lirette-carpet-p-50876.html HTTP/1.0" 200 77358 "-" "Mozilla/5.0 (compatible; BLEXBot/1.0; +http://webmeup-crawler.com/)"
157.90.182.25 - - [03/Oct/2023:17:41:02 +0200] "GET /boho-buffalo-head-plaid-p-42909.html HTTP/1.0" 200 76856 "-" "Mozilla/5.0 (compatible; BLEXBot/1.0; +http://webmeup-crawler.com/)"
157.90.182.25 - - [03/Oct/2023:17:41:03 +0200] "GET /breakfast-c-12_61.html?page=6 HTTP/1.0" 200 88093 "-" "Mozilla/5.0 (compatible; BLEXBot/1.0; +http://webmeup-crawler.com/)"
157.90.182.25 - - [03/Oct/2023:17:41:06 +0200] "GET /boho-canvas-frame-bonheur-voyage-p-39215.html HTTP/1.0" 200 76401 "-" "Mozilla/5.0 (compatible; BLEXBot/1.0; +http://webmeup-crawler.com/)"
157.90.182.25 - - [03/Oct/2023:17:41:09 +0200] "GET /bright-wooden-frame-little-prince-exupery-p-49746.html HTTP/1.0" 200 76445 "-" "Mozilla/5.0 (compatible; BLEXBot/1.0; +http://webmeup-crawler.com/)"
157.90.182.25 - - [03/Oct/2023:17:41:16 +0200] "GET /boho-canvas-frame-dream-catcher-p-39217.html HTTP/1.0" 200 76974 "-" "Mozilla/5.0 (compatible; BLEXBot/1.0; +http://webmeup-crawler.com/)"
54.36.149.25 - - [03/Oct/2023:17:41:20 +0200] "GET /shower-curtain-white-gold-p-59792.html HTTP/1.0" 200 77021 "-" "Mozilla/5.0 (compatible; AhrefsBot/7.0; +http://ahrefs.com/robot/)"
157.90.182.25 - - [03/Oct/2023:17:41:23 +0200] "GET /boho-canvas-frame-dream-love-p-41543.html HTTP/1.0" 200 76333 "-" "Mozilla/5.0 (compatible; BLEXBot/1.0; +http://webmeup-crawler.com/)"
54.36.149.21 - - [03/Oct/2023:17:41:27 +0200] "GET /images/big_prod_1/8445148021951a.jpg HTTP/1.0" 200 271 "-" "Mozilla/5.0 (compatible; AhrefsBot/7.0; +http://ahrefs.com/robot/)"
157.90.182.25 - - [03/Oct/2023:17:41:26 +0200] "GET /boho-canvas-frame-p-41542.html HTTP/1.0" 200 76209 "-" "Mozilla/5.0 (compatible; BLEXBot/1.0; +http://webmeup-crawler.com/)"
106.11.62.102 - - [03/Oct/2023:17:41:30 +0200] "GET /images/mini_prod/8422000971012.jpg HTTP/1.0" 200 269 "-" "Mozilla/5.0 (X11; Ubuntu; Linux x86_64; rv:72.0) Gecko/20100101 Firefox/72.0"
157.90.182.25 - - [03/Oct/2023:17:41:31 +0200] "GET /boho-canvas-frame-wild-p-39218.html HTTP/1.0" 200 76909 "-" "Mozilla/5.0 (compatible; BLEXBot/1.0; +http://webmeup-crawler.com/)"
157.90.182.25 - - [03/Oct/2023:17:41:35 +0200] "GET /boho-indian-pouch-buffalo-head-p-42920.html HTTP/1.0" 200 76336 "-" "Mozilla/5.0 (compatible; BLEXBot/1.0; +http://webmeup-crawler.com/)"
157.90.182.25 - - [03/Oct/2023:17:41:36 +0200] "GET /british-metal-case-business-cards-p-11853.html HTTP/1.0" 200 77080 "-" "Mozilla/5.0 (compatible; BLEXBot/1.0; +http://webmeup-crawler.com/)"
157.90.182.25 - - [03/Oct/2023:17:41:40 +0200] "GET /boho-indian-pouch-free-wild-p-42922.html HTTP/1.0" 200 76336 "-" "Mozilla/5.0 (compatible; BLEXBot/1.0; +http://webmeup-crawler.com/)"
157.90.182.25 - - [03/Oct/2023:17:41:42 +0200] "GET /british-round-p-15931.html HTTP/1.0" 200 76224 "-" "Mozilla/5.0 (compatible; BLEXBot/1.0; +http://webmeup-crawler.com/)"
157.90.182.25 - - [03/Oct/2023:17:41:44 +0200] "GET /boho-wooden-frame-dream-love-p-39228.html HTTP/1.0" 200 76293 "-" "Mozilla/5.0 (compatible; BLEXBot/1.0; +http://webmeup-crawler.com/)"
54.36.148.223 - - [03/Oct/2023:17:41:45 +0200] "GET /astronaut-monkey-chandelier-black-resin-p-59169.html HTTP/1.0" 200 77302 "-" "Mozilla/5.0 (compatible; AhrefsBot/7.0; +http://ahrefs.com/robot/)"
157.90.182.25 - - [03/Oct/2023:17:41:47 +0200] "GET /british-round-p-15933.html HTTP/1.0" 200 76216 "-" "Mozilla/5.0 (compatible; BLEXBot/1.0; +http://webmeup-crawler.com/)"
157.90.182.25 - - [03/Oct/2023:17:41:52 +0200] "GET /bronze-basket-corduroy-p-59638.html HTTP/1.0" 200 77219 "-" "Mozilla/5.0 (compatible; BLEXBot/1.0; +http://webmeup-crawler.com/)"
157.90.182.25 - - [03/Oct/2023:17:41:54 +0200] "GET /bohochic-sheet-p-53474.html HTTP/1.0" 200 77069 "-" "Mozilla/5.0 (compatible; BLEXBot/1.0; +http://webmeup-crawler.com/)"
85.208.96.195 - - [03/Oct/2023:17:41:57 +0200] "GET /home-decoration-c-13.html?page=159 HTTP/1.0" 200 96687 "-" "Mozilla/5.0 (compatible; SemrushBot/7~bl; +http://www.semrush.com/bot.html)"
157.90.182.25 - - [03/Oct/2023:17:42:00 +0200] "GET /brown-adult-cotton-apron-p-41419.html HTTP/1.0" 200 76722 "-" "Mozilla/5.0 (compatible; BLEXBot/1.0; +http://webmeup-crawler.com/)"
157.90.182.25 - - [03/Oct/2023:17:42:01 +0200] "GET /boire-jaune-metal-tray-p-53578.html HTTP/1.0" 200 77042 "-" "Mozilla/5.0 (compatible; BLEXBot/1.0; +http://webmeup-crawler.com/)"
157.90.182.25 - - [03/Oct/2023:17:42:09 +0200] "GET /bolster-case-apple-green-p-36586.html HTTP/1.0" 200 76417 "-" "Mozilla/5.0 (compatible; BLEXBot/1.0; +http://webmeup-crawler.com/)"
157.90.182.25 - - [03/Oct/2023:17:42:10 +0200] "GET /brown-bear-small-melamine-tray-p-45177.html HTTP/1.0" 200 76241 "-" "Mozilla/5.0 (compatible; BLEXBot/1.0; +http://webmeup-crawler.com/)"
54.36.149.51 - - [03/Oct/2023:17:42:11 +0200] "GET /novena-candle-infant-jesus-prague-p-59347.html HTTP/1.0" 200 76980 "-" "Mozilla/5.0 (compatible; AhrefsBot/7.0; +http://ahrefs.com/robot/)"
157.90.182.25 - - [03/Oct/2023:17:42:14 +0200] "GET /brown-door-cushion-p-60151.html HTTP/1.0" 200 77432 "-" "Mozilla/5.0 (compatible; BLEXBot/1.0; +http://webmeup-crawler.com/)"
157.90.182.25 - - [03/Oct/2023:17:42:17 +0200] "GET /bolster-case-black-p-34840.html HTTP/1.0" 200 76360 "-" "Mozilla/5.0 (compatible; BLEXBot/1.0; +http://webmeup-crawler.com/)"
216.244.66.242 - - [03/Oct/2023:17:42:18 +0200] "GET /beatles-p-7723.html HTTP/1.0" 301 73834 "-" "Mozilla/5.0 (compatible; DotBot/1.2; +https://opensiteexplorer.org/dotbot; help@moz.com)"
157.90.182.25 - - [03/Oct/2023:17:42:21 +0200] "GET /bolster-case-blue-jean-p-41569.html HTTP/1.0" 200 76394 "-" "Mozilla/5.0 (compatible; BLEXBot/1.0; +http://webmeup-crawler.com/)"
157.90.182.25 - - [03/Oct/2023:17:42:25 +0200] "GET /bolster-case-brown-p-36587.html HTTP/1.0" 200 76367 "-" "Mozilla/5.0 (compatible; BLEXBot/1.0; +http://webmeup-crawler.com/)"
216.244.66.242 - - [03/Oct/2023:17:42:29 +0200] "GET /cars-p-13446.html HTTP/1.0" 301 73837 "-" "Mozilla/5.0 (compatible; DotBot/1.2; +https://opensiteexplorer.org/dotbot; help@moz.com)"
157.90.182.25 - - [03/Oct/2023:17:42:30 +0200] "GET /bolster-case-brown-p-55448.html HTTP/1.0" 200 77027 "-" "Mozilla/5.0 (compatible; BLEXBot/1.0; +http://webmeup-crawler.com/)"
157.90.182.25 - - [03/Oct/2023:17:42:34 +0200] "GET /bolster-case-color-p-41302.html HTTP/1.0" 200 76384 "-" "Mozilla/5.0 (compatible; BLEXBot/1.0; +http://webmeup-crawler.com/)"
157.90.182.25 - - [03/Oct/2023:17:42:38 +0200] "GET /bolster-case-cotton-percale-threads-p-43859.html HTTP/1.0" 200 77065 "-" "Mozilla/5.0 (compatible; BLEXBot/1.0; +http://webmeup-crawler.com/)"
216.244.66.242 - - [03/Oct/2023:17:42:40 +0200] "GET /lentil-case-p-47531.html HTTP/1.0" 200 73804 "-" "Mozilla/5.0 (compatible; DotBot/1.2; +https://opensiteexplorer.org/dotbot; help@moz.com)"
157.90.182.25 - - [03/Oct/2023:17:42:40 +0200] "GET /brown-horse-training-bottle-cbkreation-p-24338.html HTTP/1.0" 200 76496 "-" "Mozilla/5.0 (compatible; BLEXBot/1.0; +http://webmeup-crawler.com/)"
54.36.149.54 - - [03/Oct/2023:17:42:44 +0200] "GET /sign-beer-aged-metal-p-42505.html HTTP/1.0" 200 76170 "-" "Mozilla/5.0 (compatible; AhrefsBot/7.0; +http://ahrefs.com/robot/)"
157.90.182.25 - - [03/Oct/2023:17:42:48 +0200] "GET /bolster-case-cotton-percale-threads-p-43860.html HTTP/1.0" 200 77067 "-" "Mozilla/5.0 (compatible; BLEXBot/1.0; +http://webmeup-crawler.com/)"
157.90.182.25 - - [03/Oct/2023:17:42:49 +0200] "GET /brown-horses-jewelry-phosphorescent-p-16466.html HTTP/1.0" 200 79658 "-" "Mozilla/5.0 (compatible; BLEXBot/1.0; +http://webmeup-crawler.com/)"
157.90.182.25 - - [03/Oct/2023:17:42:55 +0200] "GET /bolster-case-cotton-percale-threads-p-43862.html HTTP/1.0" 200 77067 "-" "Mozilla/5.0 (compatible; BLEXBot/1.0; +http://webmeup-crawler.com/)"
157.90.182.25 - - [03/Oct/2023:17:42:57 +0200] "GET /brown-lampshade-p-54560.html HTTP/1.0" 200 76925 "-" "Mozilla/5.0 (compatible; BLEXBot/1.0; +http://webmeup-crawler.com/)"
85.208.96.210 - - [03/Oct/2023:17:42:58 +0200] "GET /-p-28123.html HTTP/1.0" 200 73770 "-" "Mozilla/5.0 (compatible; SemrushBot/7~bl; +http://www.semrush.com/bot.html)"
157.90.182.25 - - [03/Oct/2023:17:43:03 +0200] "GET /brown-lampshade-p-54561.html HTTP/1.0" 200 76970 "-" "Mozilla/5.0 (compatible; BLEXBot/1.0; +http://webmeup-crawler.com/)"
54.36.149.42 - - [03/Oct/2023:17:43:04 +0200] "GET /chez-georges-clounet-metal-coffee-pods-p-39483.html HTTP/1.0" 200 76420 "-" "Mozilla/5.0 (compatible; AhrefsBot/7.0; +http://ahrefs.com/robot/)"
157.90.182.25 - - [03/Oct/2023:17:43:10 +0200] "GET /brown-lampshade-p-54562.html HTTP/1.0" 200 76971 "-" "Mozilla/5.0 (compatible; BLEXBot/1.0; +http://webmeup-crawler.com/)"
216.244.66.242 - - [03/Oct/2023:17:43:12 +0200] "GET /amethyst-pendulum-p-44313.html HTTP/1.0" 301 73837 "-" "Mozilla/5.0 (compatible; DotBot/1.2; +https://opensiteexplorer.org/dotbot; help@moz.com)"
157.90.182.25 - - [03/Oct/2023:17:43:16 +0200] "GET /brown-lampshade-p-56063.html HTTP/1.0" 200 76998 "-" "Mozilla/5.0 (compatible; BLEXBot/1.0; +http://webmeup-crawler.com/)"
216.244.66.242 - - [03/Oct/2023:17:43:20 +0200] "GET /blister-figures-p-27816.html HTTP/1.0" 301 73837 "-" "Mozilla/5.0 (compatible; DotBot/1.2; +https://opensiteexplorer.org/dotbot; help@moz.com)"
157.90.182.25 - - [03/Oct/2023:17:43:22 +0200] "GET /brown-lampshade-p-56446.html HTTP/1.0" 200 76161 "-" "Mozilla/5.0 (compatible; BLEXBot/1.0; +http://webmeup-crawler.com/)"
