54.36.148.60 - - [03/Oct/2023:22:52:09 +0200] "GET /poppies-window-sticker-p-55973.html HTTP/1.0" 200 76914 "-" "Mozilla/5.0 (compatible; AhrefsBot/7.0; +http://ahrefs.com/robot/)"
157.90.182.25 - - [03/Oct/2023:22:52:10 +0200] "GET /small-wooden-towel-holder-hang-p-51019.html HTTP/1.0" 200 76256 "-" "Mozilla/5.0 (compatible; BLEXBot/1.0; +http://webmeup-crawler.com/)"
157.90.182.25 - - [03/Oct/2023:22:52:16 +0200] "GET /small-wooden-towel-holder-hang-p-51020.html HTTP/1.0" 200 76256 "-" "Mozilla/5.0 (compatible; BLEXBot/1.0; +http://webmeup-crawler.com/)"
54.36.148.65 - - [03/Oct/2023:22:52:21 +0200] "GET /images/big_prod/3609810085213.jpg HTTP/1.0" 200 268 "-" "Mozilla/5.0 (compatible; AhrefsBot/7.0; +http://ahrefs.com/robot/)"
157.90.182.25 - - [03/Oct/2023:22:52:21 +0200] "GET /small-wooden-towel-holder-hang-p-51021.html HTTP/1.0" 200 76256 "-" "Mozilla/5.0 (compatible; BLEXBot/1.0; +http://webmeup-crawler.com/)"
85.208.96.211 - - [03/Oct/2023:22:52:21 +0200] "GET /chacha-paper-towel-dispenser-p-52662.html HTTP/1.0" 200 76132 "-" "Mozilla/5.0 (compatible; SemrushBot/7~bl; +http://www.semrush.com/bot.html)"
157.90.182.25 - - [03/Oct/2023:22:52:25 +0200] "GET /small-wooden-towel-holder-hang-p-51022.html HTTP/1.0" 200 76256 "-" "Mozilla/5.0 (compatible; BLEXBot/1.0; +http://webmeup-crawler.com/)"
157.90.182.25 - - [03/Oct/2023:22:52:30 +0200] "GET /small-wooden-towel-holder-hang-p-51023.html HTTP/1.0" 200 76256 "-" "Mozilla/5.0 (compatible; BLEXBot/1.0; +http://webmeup-crawler.com/)"
157.90.182.25 - - [03/Oct/2023:22:52:34 +0200] "GET /small-woven-bamboo-tray-p-59920.html HTTP/1.0" 200 77020 "-" "Mozilla/5.0 (compatible; BLEXBot/1.0; +http://webmeup-crawler.com/)"
157.90.182.25 - - [03/Oct/2023:22:52:39 +0200] "GET /smokers-items-c-3_112.html?page=2 HTTP/1.0" 200 95228 "-" "Mozilla/5.0 (compatible; BLEXBot/1.0; +http://webmeup-crawler.com/)"
54.36.148.184 - - [03/Oct/2023:22:52:42 +0200] "GET /cozy-rectangular-corduroy-basket-p-59641.html HTTP/1.0" 200 77102 "-" "Mozilla/5.0 (compatible; AhrefsBot/7.0; +http://ahrefs.com/robot/)"
114.119.158.142 - - [03/Oct/2023:22:52:42 +0200] "GET /llama-love-glasses-case-p-47582.html HTTP/1.0" 200 73852 "http://www.wonder-geek.com/glasses-case-c-31_164.html?page=1" "Mozilla/5.0 (Linux; Android 7.0;) AppleWebKit/537.36 (KHTML, like Gecko) Mobile Safari/537.36 (compatible; PetalBot;+https://webmaster.petalsearch.com/site/petalbot)"
157.90.182.25 - - [03/Oct/2023:22:52:44 +0200] "GET /smokers-items-c-3_112.html?page=3 HTTP/1.0" 200 94974 "-" "Mozilla/5.0 (compatible; BLEXBot/1.0; +http://webmeup-crawler.com/)"
54.36.148.253 - - [03/Oct/2023:22:52:49 +0200] "GET /images/big_prod_2/3574641611248b.jpg HTTP/1.0" 200 271 "-" "Mozilla/5.0 (compatible; AhrefsBot/7.0; +http://ahrefs.com/robot/)"
157.90.182.25 - - [03/Oct/2023:22:52:49 +0200] "GET /smokers-items-c-3_112.html?page=4 HTTP/1.0" 200 94704 "-" "Mozilla/5.0 (compatible; BLEXBot/1.0; +http://webmeup-crawler.com/)"
54.36.148.168 - - [03/Oct/2023:22:52:53 +0200] "GET /images/big_prod/3574641611248.jpg HTTP/1.0" 200 268 "-" "Mozilla/5.0 (compatible; AhrefsBot/7.0; +http://ahrefs.com/robot/)"
157.90.182.25 - - [03/Oct/2023:22:52:55 +0200] "GET /smokers-items-c-3_112.html?page=5 HTTP/1.0" 200 95134 "-" "Mozilla/5.0 (compatible; BLEXBot/1.0; +http://webmeup-crawler.com/)"
54.36.148.38 - - [03/Oct/2023:22:53:00 +0200] "GET /images/big_prod_1/3574641611248a.jpg HTTP/1.0" 200 271 "-" "Mozilla/5.0 (compatible; AhrefsBot/7.0; +http://ahrefs.com/robot/)"
157.90.182.25 - - [03/Oct/2023:22:53:00 +0200] "GET /smoking-wooden-frame-p-46086.html HTTP/1.0" 200 77104 "-" "Mozilla/5.0 (compatible; BLEXBot/1.0; +http://webmeup-crawler.com/)"
157.90.182.25 - - [03/Oct/2023:22:53:05 +0200] "GET /snack-cooler-c-31_235.html?page=2 HTTP/1.0" 200 87526 "-" "Mozilla/5.0 (compatible; BLEXBot/1.0; +http://webmeup-crawler.com/)"
182.22.30.91 - - [03/Oct/2023:22:53:07 +0200] "GET /images/mini_prod/3700572784281.jpg HTTP/1.0" 200 269 "-" "Mozilla/5.0 (compatible; Y!J-WSC/1.0; +https://yahoo.jp/3BSZgF)"
157.90.182.25 - - [03/Oct/2023:22:53:12 +0200] "GET /snow-glitter-ball-c-13_259.html?page=2 HTTP/1.0" 200 95141 "-" "Mozilla/5.0 (compatible; BLEXBot/1.0; +http://webmeup-crawler.com/)"
157.90.182.25 - - [03/Oct/2023:22:53:20 +0200] "GET /snow-glitter-ball-c-13_259.html?page=3 HTTP/1.0" 200 82176 "-" "Mozilla/5.0 (compatible; BLEXBot/1.0; +http://webmeup-crawler.com/)"
114.119.157.118 - - [03/Oct/2023:22:53:21 +0200] "GET /heure-adult-apron-p-51196.html HTTP/1.0" 200 73816 "http://www.wonder-geek.com/aprons-c-11_74.html?page=2" "Mozilla/5.0 (Linux; Android 7.0;) AppleWebKit/537.36 (KHTML, like Gecko) Mobile Safari/537.36 (compatible; PetalBot;+https://webmaster.petalsearch.com/site/petalbot)"
54.36.148.65 - - [03/Oct/2023:22:53:23 +0200] "GET /candle-virgin-child-p-48670.html HTTP/1.0" 200 76188 "-" "Mozilla/5.0 (compatible; AhrefsBot/7.0; +http://ahrefs.com/robot/)"
157.90.182.25 - - [03/Oct/2023:22:53:26 +0200] "GET /snow-white-swimsuit-p-30313.html HTTP/1.0" 200 77194 "-" "Mozilla/5.0 (compatible; BLEXBot/1.0; +http://webmeup-crawler.com/)"
157.90.182.25 - - [03/Oct/2023:22:53:30 +0200] "GET /snowman-decoration-p-41953.html HTTP/1.0" 200 76251 "-" "Mozilla/5.0 (compatible; BLEXBot/1.0; +http://webmeup-crawler.com/)"
85.208.96.195 - - [03/Oct/2023:22:53:34 +0200] "GET /-p-12431.html HTTP/1.0" 200 73770 "-" "Mozilla/5.0 (compatible; SemrushBot/7~bl; +http://www.semrush.com/bot.html)"
157.90.182.25 - - [03/Oct/2023:22:53:35 +0200] "GET /snowman-decoration-p-49646.html HTTP/1.0" 200 76199 "-" "Mozilla/5.0 (compatible; BLEXBot/1.0; +http://webmeup-crawler.com/)"
157.90.182.25 - - [03/Oct/2023:22:53:39 +0200] "GET /snowman-pocket-heater-p-59454.html HTTP/1.0" 200 77122 "-" "Mozilla/5.0 (compatible; BLEXBot/1.0; +http://webmeup-crawler.com/)"
157.90.182.25 - - [03/Oct/2023:22:53:44 +0200] "GET /snowman-solar-powered-dancing-p-34143.html HTTP/1.0" 200 76432 "-" "Mozilla/5.0 (compatible; BLEXBot/1.0; +http://webmeup-crawler.com/)"
157.90.182.25 - - [03/Oct/2023:22:53:49 +0200] "GET /soap-dish-provence-p-44491.html HTTP/1.0" 200 76098 "-" "Mozilla/5.0 (compatible; BLEXBot/1.0; +http://webmeup-crawler.com/)"
54.36.148.162 - - [03/Oct/2023:22:53:52 +0200] "GET /gorjuss-cards-supplied-with-envelope-dear-apple-p-48379.html HTTP/1.0" 200 76454 "-" "Mozilla/5.0 (compatible; AhrefsBot/7.0; +http://ahrefs.com/robot/)"
157.90.182.25 - - [03/Oct/2023:22:53:54 +0200] "GET /soap-holder-sandstone-beige-p-47019.html HTTP/1.0" 200 76854 "-" "Mozilla/5.0 (compatible; BLEXBot/1.0; +http://webmeup-crawler.com/)"
157.90.182.25 - - [03/Oct/2023:22:54:00 +0200] "GET /soft-toys-security-blanket-c-4_46.html?page=2 HTTP/1.0" 200 95890 "-" "Mozilla/5.0 (compatible; BLEXBot/1.0; +http://webmeup-crawler.com/)"
157.90.182.25 - - [03/Oct/2023:22:54:06 +0200] "GET /soft-toys-security-blanket-c-4_46.html?page=3 HTTP/1.0" 200 95838 "-" "Mozilla/5.0 (compatible; BLEXBot/1.0; +http://webmeup-crawler.com/)"
157.90.182.25 - - [03/Oct/2023:22:54:12 +0200] "GET /soft-toys-security-blanket-c-4_46.html?page=4 HTTP/1.0" 200 95224 "-" "Mozilla/5.0 (compatible; BLEXBot/1.0; +http://webmeup-crawler.com/)"
157.90.182.25 - - [03/Oct/2023:22:54:22 +0200] "GET /soft-toys-security-blanket-c-4_46.html?page=5 HTTP/1.0" 200 95278 "-" "Mozilla/5.0 (compatible; BLEXBot/1.0; +http://webmeup-crawler.com/)"
157.90.182.25 - - [03/Oct/2023:22:54:34 +0200] "GET /soft-toys-security-blanket-c-4_46.html?page=6 HTTP/1.0" 200 82679 "-" "Mozilla/5.0 (compatible; BLEXBot/1.0; +http://webmeup-crawler.com/)"
114.119.159.160 - - [03/Oct/2023:22:54:35 +0200] "GET /glass-cutting-board-cbkreation-p-51330.html HTTP/1.0" 200 76202 "http://www.wonder-geek.com/dishes-c-12.html?page=81" "Mozilla/5.0 (Linux; Android 7.0;) AppleWebKit/537.36 (KHTML, like Gecko) Mobile Safari/537.36 (compatible; PetalBot;+https://webmaster.petalsearch.com/site/petalbot)"
157.90.182.25 - - [03/Oct/2023:22:54:39 +0200] "GET /softy-cotton-fleece-mattress-p-54411.html HTTP/1.0" 200 76373 "-" "Mozilla/5.0 (compatible; BLEXBot/1.0; +http://webmeup-crawler.com/)"
54.36.149.103 - - [03/Oct/2023:22:54:40 +0200] "GET /soft-rattle-gund-orange-p-21365.html HTTP/1.0" 200 76376 "-" "Mozilla/5.0 (compatible; AhrefsBot/7.0; +http://ahrefs.com/robot/)"
157.90.182.25 - - [03/Oct/2023:22:54:44 +0200] "GET /softy-cotton-fleece-mattress-p-56954.html HTTP/1.0" 200 76373 "-" "Mozilla/5.0 (compatible; BLEXBot/1.0; +http://webmeup-crawler.com/)"
157.90.182.25 - - [03/Oct/2023:22:54:49 +0200] "GET /softy-cotton-fleece-mattress-p-56955.html HTTP/1.0" 200 76373 "-" "Mozilla/5.0 (compatible; BLEXBot/1.0; +http://webmeup-crawler.com/)"
157.90.182.25 - - [03/Oct/2023:22:54:54 +0200] "GET /solar-powered-shark-dancing-p-38828.html HTTP/1.0" 200 76412 "-" "Mozilla/5.0 (compatible; BLEXBot/1.0; +http://webmeup-crawler.com/)"
157.90.182.25 - - [03/Oct/2023:22:55:01 +0200] "GET /solar-powered-sunflower-dancing-p-33552.html HTTP/1.0" 200 76444 "-" "Mozilla/5.0 (compatible; BLEXBot/1.0; +http://webmeup-crawler.com/)"
157.90.182.25 - - [03/Oct/2023:22:55:05 +0200] "GET /sommelier-accessories-p-46564.html HTTP/1.0" 200 76943 "-" "Mozilla/5.0 (compatible; BLEXBot/1.0; +http://webmeup-crawler.com/)"
54.36.148.155 - - [03/Oct/2023:22:55:09 +0200] "GET /cement-tile-coasters-p-53111.html HTTP/1.0" 200 76131 "-" "Mozilla/5.0 (compatible; AhrefsBot/7.0; +http://ahrefs.com/robot/)"
157.90.182.25 - - [03/Oct/2023:22:55:10 +0200] "GET /sonny-angel-animals-series-figure-version-p-47269.html HTTP/1.0" 200 78446 "-" "Mozilla/5.0 (compatible; BLEXBot/1.0; +http://webmeup-crawler.com/)"
157.90.182.25 - - [03/Oct/2023:22:55:16 +0200] "GET /sonny-angel-animals-series-figure-version-p-47270.html HTTP/1.0" 200 78446 "-" "Mozilla/5.0 (compatible; BLEXBot/1.0; +http://webmeup-crawler.com/)"
157.90.182.25 - - [03/Oct/2023:22:55:21 +0200] "GET /sonny-angel-animals-series-figure-version-p-47271.html HTTP/1.0" 200 78481 "-" "Mozilla/5.0 (compatible; BLEXBot/1.0; +http://webmeup-crawler.com/)"
157.90.182.25 - - [03/Oct/2023:22:55:26 +0200] "GET /sonny-angel-birthday-gift-bear-series-figure-individually-p-54726.html HTTP/1.0" 200 77256 "-" "Mozilla/5.0 (compatible; BLEXBot/1.0; +http://webmeup-crawler.com/)"
157.90.182.25 - - [03/Oct/2023:22:55:31 +0200] "GET /sonny-angel-figure-marine-series-p-50985.html HTTP/1.0" 200 77127 "-" "Mozilla/5.0 (compatible; BLEXBot/1.0; +http://webmeup-crawler.com/)"
157.90.182.25 - - [03/Oct/2023:22:55:37 +0200] "GET /sonny-angel-figure-sweets-series-p-59850.html HTTP/1.0" 200 77136 "-" "Mozilla/5.0 (compatible; BLEXBot/1.0; +http://webmeup-crawler.com/)"
157.90.182.25 - - [03/Oct/2023:22:55:42 +0200] "GET /sonny-angel-mini-stickers-p-19428.html HTTP/1.0" 200 76243 "-" "Mozilla/5.0 (compatible; BLEXBot/1.0; +http://webmeup-crawler.com/)"
157.90.182.25 - - [03/Oct/2023:22:55:47 +0200] "GET /sonny-angel-vegetable-series-version-p-51490.html HTTP/1.0" 200 77209 "-" "Mozilla/5.0 (compatible; BLEXBot/1.0; +http://webmeup-crawler.com/)"
54.36.148.231 - - [03/Oct/2023:22:55:51 +0200] "GET /bamboo-fiber-plant-cover-p-57460.html HTTP/1.0" 200 76797 "-" "Mozilla/5.0 (compatible; AhrefsBot/7.0; +http://ahrefs.com/robot/)"
157.90.182.25 - - [03/Oct/2023:22:55:53 +0200] "GET /sophie-giraffe-glitter-globe-p-30604.html HTTP/1.0" 200 76329 "-" "Mozilla/5.0 (compatible; BLEXBot/1.0; +http://webmeup-crawler.com/)"
54.36.148.58 - - [03/Oct/2023:22:55:58 +0200] "GET /images/big_prod/8422048831019.jpg HTTP/1.0" 200 268 "-" "Mozilla/5.0 (compatible; AhrefsBot/7.0; +http://ahrefs.com/robot/)"
157.90.182.25 - - [03/Oct/2023:22:55:58 +0200] "GET /specials.php?page=10 HTTP/1.0" 200 121179 "-" "Mozilla/5.0 (compatible; BLEXBot/1.0; +http://webmeup-crawler.com/)"
51.68.224.127 - - [03/Oct/2023:22:56:05 +0200] "GET /adminweb/export_orders_xml.php?token=256de2z6edz6ed2z6DFSFsed2zed6zeDSFDSGdzedezfzf&maxorders=10&orderstart=1&status=14&start_date=2018-10-01 HTTP/1.0" 200 285 "-" "GesCom CharlotteBoutik Serveur"
51.68.224.127 - - [03/Oct/2023:22:56:05 +0200] "GET /adminweb/export_orders_xml.php?token=256de2z6edz6ed2z6DFSFsed2zed6zeDSFDSGdzedezfzf&maxorders=10&orderstart=1&status=6&start_date=2018-10-01 HTTP/1.0" 200 33939 "-" "GesCom CharlotteBoutik Serveur"
157.90.182.25 - - [03/Oct/2023:22:56:04 +0200] "GET /specials.php?page=11 HTTP/1.0" 200 121347 "-" "Mozilla/5.0 (compatible; BLEXBot/1.0; +http://webmeup-crawler.com/)"
85.208.96.200 - - [03/Oct/2023:22:56:09 +0200] "GET /alarm-clock-cbkreation-p-24991.html HTTP/1.0" 200 76201 "-" "Mozilla/5.0 (compatible; SemrushBot/7~bl; +http://www.semrush.com/bot.html)"
157.90.182.25 - - [03/Oct/2023:22:56:10 +0200] "GET /specials.php?page=2 HTTP/1.0" 200 121135 "-" "Mozilla/5.0 (compatible; BLEXBot/1.0; +http://webmeup-crawler.com/)"
157.90.182.25 - - [03/Oct/2023:22:56:17 +0200] "GET /specials.php?page=3 HTTP/1.0" 200 120965 "-" "Mozilla/5.0 (compatible; BLEXBot/1.0; +http://webmeup-crawler.com/)"
85.208.96.201 - - [03/Oct/2023:22:56:20 +0200] "GET /-p-48684.html HTTP/1.0" 200 73770 "-" "Mozilla/5.0 (compatible; SemrushBot/7~bl; +http://www.semrush.com/bot.html)"
54.36.148.152 - - [03/Oct/2023:22:56:28 +0200] "GET /harley-davidson-zippo-lighter-p-52758.html HTTP/1.0" 200 78500 "-" "Mozilla/5.0 (compatible; AhrefsBot/7.0; +http://ahrefs.com/robot/)"
157.90.182.25 - - [03/Oct/2023:22:56:30 +0200] "GET /specials.php?page=4 HTTP/1.0" 200 121317 "-" "Mozilla/5.0 (compatible; BLEXBot/1.0; +http://webmeup-crawler.com/)"
114.119.151.1 - - [03/Oct/2023:22:56:33 +0200] "GET /flower-summer-collection-ladybug-p-52694.html HTTP/1.0" 200 76936 "http://www.wonder-geek.com/flower-pots-plant-accessories-c-13_275.html?page=9" "Mozilla/5.0 (Linux; Android 7.0;) AppleWebKit/537.36 (KHTML, like Gecko) Mobile Safari/537.36 (compatible; PetalBot;+https://webmaster.petalsearch.com/site/petalbot)"
157.90.182.25 - - [03/Oct/2023:22:56:37 +0200] "GET /specials.php?page=5 HTTP/1.0" 200 121041 "-" "Mozilla/5.0 (compatible; BLEXBot/1.0; +http://webmeup-crawler.com/)"
157.90.182.25 - - [03/Oct/2023:22:56:44 +0200] "GET /specials.php?page=6 HTTP/1.0" 200 121473 "-" "Mozilla/5.0 (compatible; BLEXBot/1.0; +http://webmeup-crawler.com/)"
157.90.182.25 - - [03/Oct/2023:22:56:52 +0200] "GET /specials.php?page=7 HTTP/1.0" 200 121634 "-" "Mozilla/5.0 (compatible; BLEXBot/1.0; +http://webmeup-crawler.com/)"
157.90.182.25 - - [03/Oct/2023:22:56:57 +0200] "GET /specials.php?page=8 HTTP/1.0" 200 121532 "-" "Mozilla/5.0 (compatible; BLEXBot/1.0; +http://webmeup-crawler.com/)"
54.36.148.171 - - [03/Oct/2023:22:57:03 +0200] "GET /artisan-plaster-thermometer-handcrafted-p-58035.html HTTP/1.0" 200 77377 "-" "Mozilla/5.0 (compatible; AhrefsBot/7.0; +http://ahrefs.com/robot/)"
157.90.182.25 - - [03/Oct/2023:22:57:04 +0200] "GET /specials.php?page=9 HTTP/1.0" 200 121493 "-" "Mozilla/5.0 (compatible; BLEXBot/1.0; +http://webmeup-crawler.com/)"
54.36.149.68 - - [03/Oct/2023:22:57:10 +0200] "GET /images/big_prod/8422059532486.jpg HTTP/1.0" 200 268 "-" "Mozilla/5.0 (compatible; AhrefsBot/7.0; +http://ahrefs.com/robot/)"
157.90.182.25 - - [03/Oct/2023:22:57:10 +0200] "GET /spectra-vondergeist-figure-p-22567.html HTTP/1.0" 200 76237 "-" "Mozilla/5.0 (compatible; BLEXBot/1.0; +http://webmeup-crawler.com/)"
54.36.149.57 - - [03/Oct/2023:22:57:14 +0200] "GET /images/big_prod_2/8422059532486C.jpg HTTP/1.0" 200 271 "-" "Mozilla/5.0 (compatible; AhrefsBot/7.0; +http://ahrefs.com/robot/)"
157.90.182.25 - - [03/Oct/2023:22:57:15 +0200] "GET /speed-master-glass-clock-p-55081.html HTTP/1.0" 200 76276 "-" "Mozilla/5.0 (compatible; BLEXBot/1.0; +http://webmeup-crawler.com/)"
157.90.182.25 - - [03/Oct/2023:22:57:20 +0200] "GET /spice-with-sprinkler-poudre-perlimpinpin-p-46515.html HTTP/1.0" 200 76236 "-" "Mozilla/5.0 (compatible; BLEXBot/1.0; +http://webmeup-crawler.com/)"
185.191.171.9 - - [03/Oct/2023:22:57:23 +0200] "GET /buddha-perfume-diffuser-p-31887.html HTTP/1.0" 200 76852 "-" "Mozilla/5.0 (compatible; SemrushBot/7~bl; +http://www.semrush.com/bot.html)"
157.90.182.25 - - [03/Oct/2023:22:57:26 +0200] "GET /spice-with-sprinkler-vous-tenez-p-46514.html HTTP/1.0" 200 76224 "-" "Mozilla/5.0 (compatible; BLEXBot/1.0; +http://webmeup-crawler.com/)"
207.46.13.17 - - [03/Oct/2023:22:57:30 +0200] "GET /images/1341689475918.jpg HTTP/1.0" 200 259 "-" "Mozilla/5.0 AppleWebKit/537.36 (KHTML, like Gecko; compatible; bingbot/2.0; +http://www.bing.com/bingbot.htm) Chrome/103.0.5060.134 Safari/537.36"
157.90.182.25 - - [03/Oct/2023:22:57:31 +0200] "GET /spiderman-blue-swimsuit-p-30823.html HTTP/1.0" 200 77316 "-" "Mozilla/5.0 (compatible; BLEXBot/1.0; +http://webmeup-crawler.com/)"
157.90.182.25 - - [03/Oct/2023:22:57:36 +0200] "GET /spiderman-glasses-p-2388.html HTTP/1.0" 200 76706 "-" "Mozilla/5.0 (compatible; BLEXBot/1.0; +http://webmeup-crawler.com/)"
185.191.171.16 - - [03/Oct/2023:22:57:39 +0200] "GET /bistro-arts-large-tray-p-39735.html HTTP/1.0" 200 73878 "-" "Mozilla/5.0 (compatible; SemrushBot/7~bl; +http://www.semrush.com/bot.html)"
54.36.148.67 - - [03/Oct/2023:22:57:40 +0200] "GET /soap-holder-sandstone-beige-p-47019.html HTTP/1.0" 200 76854 "-" "Mozilla/5.0 (compatible; AhrefsBot/7.0; +http://ahrefs.com/robot/)"
157.90.182.25 - - [03/Oct/2023:22:57:41 +0200] "GET /spiderman-mattress-swimming-pool-p-14357.html HTTP/1.0" 200 76567 "-" "Mozilla/5.0 (compatible; BLEXBot/1.0; +http://webmeup-crawler.com/)"
157.90.182.25 - - [03/Oct/2023:22:57:46 +0200] "GET /spiderman-melamine-bowl-p-17119.html HTTP/1.0" 200 76844 "-" "Mozilla/5.0 (compatible; BLEXBot/1.0; +http://webmeup-crawler.com/)"
157.90.182.25 - - [03/Oct/2023:22:57:52 +0200] "GET /spiderman-pairs-socks-size-p-46846.html HTTP/1.0" 200 76160 "-" "Mozilla/5.0 (compatible; BLEXBot/1.0; +http://webmeup-crawler.com/)"
114.119.139.102 - - [03/Oct/2023:22:57:56 +0200] "GET /atlas-statue-22-cm-p-40913.html HTTP/1.0" 301 76807 "http://www.wonder-geek.com/home-and-decoration-c-13.html?page=241" "Mozilla/5.0 (Linux; Android 7.0;) AppleWebKit/537.36 (KHTML, like Gecko) Mobile Safari/537.36 (compatible; PetalBot;+https://webmaster.petalsearch.com/site/petalbot)"
157.90.182.25 - - [03/Oct/2023:22:57:57 +0200] "GET /spiderman-small-flexible-molds-model-blue-p-58359.html HTTP/1.0" 200 77065 "-" "Mozilla/5.0 (compatible; BLEXBot/1.0; +http://webmeup-crawler.com/)"
114.119.139.102 - - [03/Oct/2023:22:58:02 +0200] "GET /atlas-statue-p-40913.html HTTP/1.0" 200 76728 "http://www.wonder-geek.com/home-and-decoration-c-13.html?page=241" "Mozilla/5.0 (Linux; Android 7.0;) AppleWebKit/537.36 (KHTML, like Gecko) Mobile Safari/537.36 (compatible; PetalBot;+https://webmaster.petalsearch.com/site/petalbot)"
157.90.182.25 - - [03/Oct/2023:22:58:03 +0200] "GET /spiderman-small-flexible-molds-p-58360.html HTTP/1.0" 200 76955 "-" "Mozilla/5.0 (compatible; BLEXBot/1.0; +http://webmeup-crawler.com/)"
157.90.182.25 - - [03/Oct/2023:22:58:10 +0200] "GET /spiderman-small-flexible-molds-p-58361.html HTTP/1.0" 200 76955 "-" "Mozilla/5.0 (compatible; BLEXBot/1.0; +http://webmeup-crawler.com/)"
157.90.182.25 - - [03/Oct/2023:22:58:16 +0200] "GET /spiderman-straws-p-16546.html HTTP/1.0" 200 76310 "-" "Mozilla/5.0 (compatible; BLEXBot/1.0; +http://webmeup-crawler.com/)"
54.36.148.74 - - [03/Oct/2023:22:58:19 +0200] "GET /bookmark-lenticular-love-p-19150.html HTTP/1.0" 200 76298 "-" "Mozilla/5.0 (compatible; AhrefsBot/7.0; +http://ahrefs.com/robot/)"
157.90.182.25 - - [03/Oct/2023:22:58:23 +0200] "GET /spiderman-swimsuit-p-30822.html HTTP/1.0" 200 77275 "-" "Mozilla/5.0 (compatible; BLEXBot/1.0; +http://webmeup-crawler.com/)"
54.36.148.158 - - [03/Oct/2023:22:58:28 +0200] "GET /images/3700574900481.jpg HTTP/1.0" 200 259 "-" "Mozilla/5.0 (compatible; AhrefsBot/7.0; +http://ahrefs.com/robot/)"
157.90.182.25 - - [03/Oct/2023:22:58:28 +0200] "GET /spiderman-yellow-swimsuit-p-30821.html HTTP/1.0" 200 77307 "-" "Mozilla/5.0 (compatible; BLEXBot/1.0; +http://webmeup-crawler.com/)"
119.8.243.197 - - [03/Oct/2023:22:58:34 +0200] "GET /images/mini_prod/34DSCN8152.jpg HTTP/1.0" 200 266 "-" "Mozilla/5.0 (X11; Ubuntu; Linux x86_64; rv:72.0) Gecko/20100101 Firefox/72.0"
157.90.182.25 - - [03/Oct/2023:22:58:33 +0200] "GET /spirits-decanter-gift-liter-p-58855.html HTTP/1.0" 200 76899 "-" "Mozilla/5.0 (compatible; BLEXBot/1.0; +http://webmeup-crawler.com/)"
157.90.182.25 - - [03/Oct/2023:22:58:38 +0200] "GET /sponge-melamine-bowl-p-17120.html HTTP/1.0" 200 76226 "-" "Mozilla/5.0 (compatible; BLEXBot/1.0; +http://webmeup-crawler.com/)"
157.90.182.25 - - [03/Oct/2023:22:58:43 +0200] "GET /sponge-towel-holder-cats-p-55936.html HTTP/1.0" 200 76749 "-" "Mozilla/5.0 (compatible; BLEXBot/1.0; +http://webmeup-crawler.com/)"
157.90.182.25 - - [03/Oct/2023:22:58:48 +0200] "GET /sponge-training-bottle-p-17161.html HTTP/1.0" 200 76299 "-" "Mozilla/5.0 (compatible; BLEXBot/1.0; +http://webmeup-crawler.com/)"
157.90.182.25 - - [03/Oct/2023:22:58:55 +0200] "GET /spongebob-food-melamine-plate-p-54787.html HTTP/1.0" 200 76155 "-" "Mozilla/5.0 (compatible; BLEXBot/1.0; +http://webmeup-crawler.com/)"
157.90.182.25 - - [03/Oct/2023:22:59:00 +0200] "GET /spongebob-metal-money-p-8592.html HTTP/1.0" 200 76223 "-" "Mozilla/5.0 (compatible; BLEXBot/1.0; +http://webmeup-crawler.com/)"
185.191.171.4 - - [03/Oct/2023:22:59:01 +0200] "GET /lemon-mousse-scented-candle-handmade-p-60968.html HTTP/1.0" 200 77506 "-" "Mozilla/5.0 (compatible; SemrushBot/7~bl; +http://www.semrush.com/bot.html)"
54.36.148.160 - - [03/Oct/2023:22:59:04 +0200] "GET /artisan-plaster-thermometer-handcrafted-p-58023.html HTTP/1.0" 200 77359 "-" "Mozilla/5.0 (compatible; AhrefsBot/7.0; +http://ahrefs.com/robot/)"
114.119.150.166 - - [03/Oct/2023:22:59:06 +0200] "GET /%20images/big_prod/3014627976669.jpg HTTP/1.0" 404 1308 "http://www.wonder-geek.com/panda-ground-sheet-p-45411.html" "Mozilla/5.0 (Linux; Android 7.0;) AppleWebKit/537.36 (KHTML, like Gecko) Mobile Safari/537.36 (compatible; PetalBot;+https://webmaster.petalsearch.com/site/petalbot)"
157.90.182.25 - - [03/Oct/2023:22:59:05 +0200] "GET /spongebob-names-shirt-p-29557.html HTTP/1.0" 200 77554 "-" "Mozilla/5.0 (compatible; BLEXBot/1.0; +http://webmeup-crawler.com/)"
54.36.148.192 - - [03/Oct/2023:22:59:08 +0200] "GET /images/big_prod/8422059532400.jpg HTTP/1.0" 200 268 "-" "Mozilla/5.0 (compatible; AhrefsBot/7.0; +http://ahrefs.com/robot/)"
54.36.149.89 - - [03/Oct/2023:22:59:12 +0200] "GET /images/big_prod_2/8422059532400C.jpg HTTP/1.0" 200 271 "-" "Mozilla/5.0 (compatible; AhrefsBot/7.0; +http://ahrefs.com/robot/)"
157.90.182.25 - - [03/Oct/2023:22:59:11 +0200] "GET /spongebob-picnic-p-54627.html HTTP/1.0" 200 77191 "-" "Mozilla/5.0 (compatible; BLEXBot/1.0; +http://webmeup-crawler.com/)"
157.90.182.25 - - [03/Oct/2023:22:59:16 +0200] "GET /spongebob-shirt-p-29556.html HTTP/1.0" 200 77219 "-" "Mozilla/5.0 (compatible; BLEXBot/1.0; +http://webmeup-crawler.com/)"
157.90.182.25 - - [03/Oct/2023:22:59:22 +0200] "GET /spongebob-toddler-flatware-p-231.html HTTP/1.0" 200 76160 "-" "Mozilla/5.0 (compatible; BLEXBot/1.0; +http://webmeup-crawler.com/)"
157.90.182.25 - - [03/Oct/2023:22:59:26 +0200] "GET /springy-potholder-p-54731.html HTTP/1.0" 200 76117 "-" "Mozilla/5.0 (compatible; BLEXBot/1.0; +http://webmeup-crawler.com/)"
157.90.182.25 - - [03/Oct/2023:22:59:32 +0200] "GET /sprint-watch-p-22632.html HTTP/1.0" 200 76157 "-" "Mozilla/5.0 (compatible; BLEXBot/1.0; +http://webmeup-crawler.com/)"
157.90.182.25 - - [03/Oct/2023:22:59:37 +0200] "GET /square-coasters-with-personalized-pictures-p-16333.html HTTP/1.0" 200 76827 "-" "Mozilla/5.0 (compatible; BLEXBot/1.0; +http://webmeup-crawler.com/)"
54.36.149.92 - - [03/Oct/2023:22:59:41 +0200] "GET /parci-bedclothes-p-49134.html HTTP/1.0" 200 76167 "-" "Mozilla/5.0 (compatible; AhrefsBot/7.0; +http://ahrefs.com/robot/)"
157.90.182.25 - - [03/Oct/2023:22:59:42 +0200] "GET /squirrel-natural-cement-aged-effect-p-45622.html HTTP/1.0" 200 76357 "-" "Mozilla/5.0 (compatible; BLEXBot/1.0; +http://webmeup-crawler.com/)"
85.208.96.202 - - [03/Oct/2023:22:59:44 +0200] "GET /collectible-figurines-decorative-c-13_135.html?page=33 HTTP/1.0" 200 96349 "-" "Mozilla/5.0 (compatible; SemrushBot/7~bl; +http://www.semrush.com/bot.html)"
157.90.182.25 - - [03/Oct/2023:22:59:47 +0200] "GET /stade-toulousain-litre-p-31419.html HTTP/1.0" 200 76778 "-" "Mozilla/5.0 (compatible; BLEXBot/1.0; +http://webmeup-crawler.com/)"
157.90.182.25 - - [03/Oct/2023:22:59:53 +0200] "GET /stained-pine-wood-chest-p-53486.html HTTP/1.0" 200 76959 "-" "Mozilla/5.0 (compatible; BLEXBot/1.0; +http://webmeup-crawler.com/)"
157.90.182.25 - - [03/Oct/2023:22:59:59 +0200] "GET /stainless-steel-flask-p-59341.html HTTP/1.0" 200 76116 "-" "Mozilla/5.0 (compatible; BLEXBot/1.0; +http://webmeup-crawler.com/)"
157.90.182.25 - - [03/Oct/2023:23:00:05 +0200] "GET /stainless-steel-knife-secured-rescue-p-37495.html HTTP/1.0" 200 76996 "-" "Mozilla/5.0 (compatible; BLEXBot/1.0; +http://webmeup-crawler.com/)"
157.90.182.25 - - [03/Oct/2023:23:00:13 +0200] "GET /stainless-steel-mustache-flask-p-59103.html HTTP/1.0" 200 76770 "-" "Mozilla/5.0 (compatible; BLEXBot/1.0; +http://webmeup-crawler.com/)"
106.11.62.226 - - [03/Oct/2023:23:00:18 +0200] "GET /images/mini_prod/8424001471461.jpg HTTP/1.0" 200 269 "-" "Mozilla/5.0 (X11; Ubuntu; Linux x86_64; rv:72.0) Gecko/20100101 Firefox/72.0"
54.36.148.14 - - [03/Oct/2023:23:00:20 +0200] "GET /treasure-tibetan-with-lotus-p-53341.html HTTP/1.0" 200 77752 "-" "Mozilla/5.0 (compatible; AhrefsBot/7.0; +http://ahrefs.com/robot/)"
157.90.182.25 - - [03/Oct/2023:23:00:22 +0200] "GET /stainless-steel-piece-barbecue-p-41218.html HTTP/1.0" 200 76268 "-" "Mozilla/5.0 (compatible; BLEXBot/1.0; +http://webmeup-crawler.com/)"
54.36.149.70 - - [03/Oct/2023:23:00:29 +0200] "GET /images/big_prod_2/8720088293935b.jpg HTTP/1.0" 200 271 "-" "Mozilla/5.0 (compatible; AhrefsBot/7.0; +http://ahrefs.com/robot/)"
157.90.182.25 - - [03/Oct/2023:23:00:28 +0200] "GET /stainless-steel-piece-barbecue-p-48878.html HTTP/1.0" 200 77156 "-" "Mozilla/5.0 (compatible; BLEXBot/1.0; +http://webmeup-crawler.com/)"
54.36.148.116 - - [03/Oct/2023:23:00:31 +0200] "GET /images/big_prod_1/8720088293935a.jpg HTTP/1.0" 200 271 "-" "Mozilla/5.0 (compatible; AhrefsBot/7.0; +http://ahrefs.com/robot/)"
157.90.182.25 - - [03/Oct/2023:23:00:35 +0200] "GET /star-adult-cbkration-p-36521.html HTTP/1.0" 200 76241 "-" "Mozilla/5.0 (compatible; BLEXBot/1.0; +http://webmeup-crawler.com/)"
157.90.182.25 - - [03/Oct/2023:23:00:41 +0200] "GET /star-hanging-tree-decoration-p-56571.html HTTP/1.0" 200 76878 "-" "Mozilla/5.0 (compatible; BLEXBot/1.0; +http://webmeup-crawler.com/)"
157.90.182.25 - - [03/Oct/2023:23:00:48 +0200] "GET /star-trendy-earphone-p-48311.html HTTP/1.0" 200 76416 "-" "Mozilla/5.0 (compatible; BLEXBot/1.0; +http://webmeup-crawler.com/)"
64.233.173.100 - - [03/Oct/2023:23:00:51 +0200] "GET /images/big_prod_1/b8435333807804.jpg HTTP/1.0" 200 271 "-" "Mozilla/5.0 (Windows NT 5.1; rv:11.0) Gecko Firefox/11.0 (via ggpht.com GoogleImageProxy)"
54.36.149.91 - - [03/Oct/2023:23:00:53 +0200] "GET /london-poster-p-14409.html HTTP/1.0" 200 76031 "-" "Mozilla/5.0 (compatible; AhrefsBot/7.0; +http://ahrefs.com/robot/)"
157.90.182.25 - - [03/Oct/2023:23:00:54 +0200] "GET /star-wars-blue-training-bottle-p-29945.html HTTP/1.0" 200 76248 "-" "Mozilla/5.0 (compatible; BLEXBot/1.0; +http://webmeup-crawler.com/)"
157.90.182.25 - - [03/Oct/2023:23:01:02 +0200] "GET /star-wars-dameron-figure-p-34608.html HTTP/1.0" 200 76362 "-" "Mozilla/5.0 (compatible; BLEXBot/1.0; +http://webmeup-crawler.com/)"
157.90.182.25 - - [03/Oct/2023:23:01:09 +0200] "GET /star-wars-darth-vader-stackable-lunch-p-34029.html HTTP/1.0" 200 76459 "-" "Mozilla/5.0 (compatible; BLEXBot/1.0; +http://webmeup-crawler.com/)"
52.73.58.91 - - [03/Oct/2023:23:01:12 +0200] "GET /images/med_prod/1399984280539.jpg HTTP/1.0" 200 268 "-" "Mozilla/5.0 (X11; Ubuntu; Linux x86_64; rv:72.0) Gecko/20100101 Firefox/72.0"
157.90.182.25 - - [03/Oct/2023:23:01:17 +0200] "GET /star-wars-inflatable-swimming-ring-p-50680.html HTTP/1.0" 200 76295 "-" "Mozilla/5.0 (compatible; BLEXBot/1.0; +http://webmeup-crawler.com/)"
202.97.173.152 - - [03/Oct/2023:23:01:20 +0200] "GET /contact_us.php HTTP/1.0" 200 26241 "http://www.wonder-geek.com/contact_us.php" "Mozilla/5.0 (Windows NT 6.3; Win64; x64) AppleWebKit/537.36 (KHTML, like Gecko) Chrome/90.0.4430.85 Safari/537.36"
157.90.182.25 - - [03/Oct/2023:23:01:23 +0200] "GET /star-wars-p-34886.html HTTP/1.0" 200 76294 "-" "Mozilla/5.0 (compatible; BLEXBot/1.0; +http://webmeup-crawler.com/)"
157.90.182.25 - - [03/Oct/2023:23:01:30 +0200] "GET /star-wars-rebels-stickers-p-31214.html HTTP/1.0" 200 76206 "-" "Mozilla/5.0 (compatible; BLEXBot/1.0; +http://webmeup-crawler.com/)"
157.90.182.25 - - [03/Oct/2023:23:01:35 +0200] "GET /star-wars-rectangular-mirror-p-31609.html HTTP/1.0" 200 76162 "-" "Mozilla/5.0 (compatible; BLEXBot/1.0; +http://webmeup-crawler.com/)"
54.36.149.15 - - [03/Oct/2023:23:01:36 +0200] "GET /incense-sticks-burner-storage-pentacle-p-49031.html HTTP/1.0" 200 77248 "-" "Mozilla/5.0 (compatible; AhrefsBot/7.0; +http://ahrefs.com/robot/)"
157.90.182.25 - - [03/Oct/2023:23:01:41 +0200] "GET /star-wars-resistance-trooper-figure-p-34604.html HTTP/1.0" 200 76426 "-" "Mozilla/5.0 (compatible; BLEXBot/1.0; +http://webmeup-crawler.com/)"
157.90.182.25 - - [03/Oct/2023:23:01:46 +0200] "GET /star-wars-vehicle-miniature-with-miniature-character-p-33427.html HTTP/1.0" 200 76567 "-" "Mozilla/5.0 (compatible; BLEXBot/1.0; +http://webmeup-crawler.com/)"
157.90.182.25 - - [03/Oct/2023:23:01:52 +0200] "GET /star-wars-yoda-stackable-lunch-p-34030.html HTTP/1.0" 200 76396 "-" "Mozilla/5.0 (compatible; BLEXBot/1.0; +http://webmeup-crawler.com/)"
157.90.182.25 - - [03/Oct/2023:23:01:57 +0200] "GET /stationery-c-129_191.html?page=2 HTTP/1.0" 200 93104 "-" "Mozilla/5.0 (compatible; BLEXBot/1.0; +http://webmeup-crawler.com/)"
85.208.96.200 - - [03/Oct/2023:23:02:01 +0200] "GET /-p-47074.html HTTP/1.0" 200 73770 "-" "Mozilla/5.0 (compatible; SemrushBot/7~bl; +http://www.semrush.com/bot.html)"
157.90.182.25 - - [03/Oct/2023:23:02:03 +0200] "GET /stationery-cardmaking-c-129.html?page=10 HTTP/1.0" 200 95249 "-" "Mozilla/5.0 (compatible; BLEXBot/1.0; +http://webmeup-crawler.com/)"
213.180.203.238 - - [03/Oct/2023:23:02:07 +0200] "GET /chic-p-33819.html HTTP/1.0" 200 76048 "-" "Mozilla/5.0 (compatible; YandexBot/3.0; +http://yandex.com/bots)"
157.90.182.25 - - [03/Oct/2023:23:02:09 +0200] "GET /stationery-cardmaking-c-129.html?page=11 HTTP/1.0" 200 95771 "-" "Mozilla/5.0 (compatible; BLEXBot/1.0; +http://webmeup-crawler.com/)"
54.36.148.230 - - [03/Oct/2023:23:02:09 +0200] "GET /harley-davidson-zippo-lighter-brown-p-56220.html HTTP/1.0" 200 77457 "-" "Mozilla/5.0 (compatible; AhrefsBot/7.0; +http://ahrefs.com/robot/)"
133.237.8.182 - - [03/Oct/2023:23:02:13 +0200] "GET /images/mini_prod/1384010206317.jpg HTTP/1.0" 200 269 "-" "Mozilla/5.0 (Windows NT 10.0; Win64; x64) AppleWebKit/537.36 (KHTML, like Gecko) Chrome/58.0.3029.110 Safari/537.36"
157.90.182.25 - - [03/Oct/2023:23:02:17 +0200] "GET /stationery-cardmaking-c-129.html?page=2 HTTP/1.0" 200 96208 "-" "Mozilla/5.0 (compatible; BLEXBot/1.0; +http://webmeup-crawler.com/)"
157.90.182.25 - - [03/Oct/2023:23:02:24 +0200] "GET /stationery-cardmaking-c-129.html?page=3 HTTP/1.0" 200 95868 "-" "Mozilla/5.0 (compatible; BLEXBot/1.0; +http://webmeup-crawler.com/)"
85.208.96.193 - - [03/Oct/2023:23:02:30 +0200] "GET /hello-kitty-hinged-pocket-mirror-p-49947.html HTTP/1.0" 200 73902 "-" "Mozilla/5.0 (compatible; SemrushBot/7~bl; +http://www.semrush.com/bot.html)"
157.90.182.25 - - [03/Oct/2023:23:02:30 +0200] "GET /stationery-cardmaking-c-129.html?page=4 HTTP/1.0" 200 95768 "-" "Mozilla/5.0 (compatible; BLEXBot/1.0; +http://webmeup-crawler.com/)"
157.90.182.25 - - [03/Oct/2023:23:02:37 +0200] "GET /stationery-cardmaking-c-129.html?page=5 HTTP/1.0" 200 96171 "-" "Mozilla/5.0 (compatible; BLEXBot/1.0; +http://webmeup-crawler.com/)"
157.90.182.25 - - [03/Oct/2023:23:02:43 +0200] "GET /stationery-cardmaking-c-129.html?page=6 HTTP/1.0" 200 97669 "-" "Mozilla/5.0 (compatible; BLEXBot/1.0; +http://webmeup-crawler.com/)"
54.36.149.76 - - [03/Oct/2023:23:02:45 +0200] "GET /metal-push-ashtray-ceramic-tiles-p-59941.html HTTP/1.0" 200 76790 "-" "Mozilla/5.0 (compatible; AhrefsBot/7.0; +http://ahrefs.com/robot/)"
157.90.182.25 - - [03/Oct/2023:23:02:49 +0200] "GET /stationery-cardmaking-c-129.html?page=7 HTTP/1.0" 200 95444 "-" "Mozilla/5.0 (compatible; BLEXBot/1.0; +http://webmeup-crawler.com/)"
157.90.182.25 - - [03/Oct/2023:23:02:58 +0200] "GET /stationery-cardmaking-c-129.html?page=8 HTTP/1.0" 200 95923 "-" "Mozilla/5.0 (compatible; BLEXBot/1.0; +http://webmeup-crawler.com/)"
157.90.182.25 - - [03/Oct/2023:23:03:05 +0200] "GET /stationery-cardmaking-c-129.html?page=9 HTTP/1.0" 200 96046 "-" "Mozilla/5.0 (compatible; BLEXBot/1.0; +http://webmeup-crawler.com/)"
157.90.182.25 - - [03/Oct/2023:23:03:11 +0200] "GET /statue-liberty-cookware-cbkreation-p-23969.html HTTP/1.0" 200 76258 "-" "Mozilla/5.0 (compatible; BLEXBot/1.0; +http://webmeup-crawler.com/)"
157.90.182.25 - - [03/Oct/2023:23:03:16 +0200] "GET /statuettes-animal-figurines-c-292_291.html?page=10 HTTP/1.0" 200 97519 "-" "Mozilla/5.0 (compatible; BLEXBot/1.0; +http://webmeup-crawler.com/)"
157.90.182.25 - - [03/Oct/2023:23:03:22 +0200] "GET /statuettes-animal-figurines-c-292_291.html?page=11 HTTP/1.0" 200 94903 "-" "Mozilla/5.0 (compatible; BLEXBot/1.0; +http://webmeup-crawler.com/)"
157.90.182.25 - - [03/Oct/2023:23:03:28 +0200] "GET /statuettes-animal-figurines-c-292_291.html?page=2 HTTP/1.0" 200 96941 "-" "Mozilla/5.0 (compatible; BLEXBot/1.0; +http://webmeup-crawler.com/)"
54.36.149.13 - - [03/Oct/2023:23:03:31 +0200] "GET /white-earth-table-lamp-p-55272.html HTTP/1.0" 200 76764 "-" "Mozilla/5.0 (compatible; AhrefsBot/7.0; +http://ahrefs.com/robot/)"
54.36.148.244 - - [03/Oct/2023:23:03:34 +0200] "GET /images/big_prod_1/3520071807171B.jpg HTTP/1.0" 200 271 "-" "Mozilla/5.0 (compatible; AhrefsBot/7.0; +http://ahrefs.com/robot/)"
157.90.182.25 - - [03/Oct/2023:23:03:32 +0200] "GET /statuettes-animal-figurines-c-292_291.html?page=3 HTTP/1.0" 200 97828 "-" "Mozilla/5.0 (compatible; BLEXBot/1.0; +http://webmeup-crawler.com/)"
157.90.182.25 - - [03/Oct/2023:23:03:38 +0200] "GET /statuettes-animal-figurines-c-292_291.html?page=4 HTTP/1.0" 200 97481 "-" "Mozilla/5.0 (compatible; BLEXBot/1.0; +http://webmeup-crawler.com/)"
157.90.182.25 - - [03/Oct/2023:23:03:44 +0200] "GET /statuettes-animal-figurines-c-292_291.html?page=5 HTTP/1.0" 200 97283 "-" "Mozilla/5.0 (compatible; BLEXBot/1.0; +http://webmeup-crawler.com/)"
49.7.21.83 - - [03/Oct/2023:23:03:44 +0200] "GET / HTTP/1.0" 200 153382 "-" "Sogou web spider/4.0(+http://www.sogou.com/docs/help/webmasters.htm#07)"
157.90.182.25 - - [03/Oct/2023:23:03:48 +0200] "GET /statuettes-animal-figurines-c-292_291.html?page=6 HTTP/1.0" 200 97277 "-" "Mozilla/5.0 (compatible; BLEXBot/1.0; +http://webmeup-crawler.com/)"
157.90.182.25 - - [03/Oct/2023:23:03:54 +0200] "GET /statuettes-animal-figurines-c-292_291.html?page=7 HTTP/1.0" 200 97774 "-" "Mozilla/5.0 (compatible; BLEXBot/1.0; +http://webmeup-crawler.com/)"
143.55.142.3 - - [03/Oct/2023:23:03:56 +0200] "GET /contact_us.php HTTP/1.0" 200 26241 "http://www.wonder-geek.com/contact_us.php" "Mozilla/5.0 (Windows NT 10.0; Win64; x64) AppleWebKit/537.36 (KHTML, like Gecko) Chrome/90.0.4430.72 Safari/537.36 Edg/90.0.818.42"
143.55.142.3 - - [03/Oct/2023:23:03:57 +0200] "POST /contact_us.php?action=send HTTP/1.0" 200 26502 "http://www.wonder-geek.com/contact_us.php" "Mozilla/5.0 (Windows NT 10.0; Win64; x64) AppleWebKit/537.36 (KHTML, like Gecko) Chrome/90.0.4430.72 Safari/537.36 Edg/90.0.818.42"
54.36.148.100 - - [03/Oct/2023:23:04:00 +0200] "GET /slater-small-ashtray-p-47854.html HTTP/1.0" 200 76100 "-" "Mozilla/5.0 (compatible; AhrefsBot/7.0; +http://ahrefs.com/robot/)"
157.90.182.25 - - [03/Oct/2023:23:03:59 +0200] "GET /statuettes-animal-figurines-c-292_291.html?page=8 HTTP/1.0" 200 97021 "-" "Mozilla/5.0 (compatible; BLEXBot/1.0; +http://webmeup-crawler.com/)"
85.208.96.202 - - [03/Oct/2023:23:04:00 +0200] "GET /motocycle-grey-shirt-p-35448.html HTTP/1.0" 200 73848 "-" "Mozilla/5.0 (compatible; SemrushBot/7~bl; +http://www.semrush.com/bot.html)"
157.90.182.25 - - [03/Oct/2023:23:04:04 +0200] "GET /statuettes-animal-figurines-c-292_291.html?page=9 HTTP/1.0" 200 97563 "-" "Mozilla/5.0 (compatible; BLEXBot/1.0; +http://webmeup-crawler.com/)"
85.208.96.198 - - [03/Oct/2023:23:04:07 +0200] "GET /cccp-logo-adult-cap-by-cbkreation-p-36533.html HTTP/1.0" 301 76349 "-" "Mozilla/5.0 (compatible; SemrushBot/7~bl; +http://www.semrush.com/bot.html)"
54.36.148.121 - - [03/Oct/2023:23:04:11 +0200] "GET /images/big_prod/8422020099321.jpg HTTP/1.0" 200 268 "-" "Mozilla/5.0 (compatible; AhrefsBot/7.0; +http://ahrefs.com/robot/)"
185.191.171.4 - - [03/Oct/2023:23:04:10 +0200] "GET /cccp-logo-adult-cbkration-p-36533.html HTTP/1.0" 200 76257 "-" "Mozilla/5.0 (compatible; SemrushBot/7~bl; +http://www.semrush.com/bot.html)"
66.249.66.194 - - [03/Oct/2023:23:04:10 +0200] "GET /cats-dubout-placemat-p-47080.html HTTP/1.0" 200 76164 "-" "Mozilla/5.0 (Linux; Android 6.0.1; Nexus 5X Build/MMB29P) AppleWebKit/537.36 (KHTML, like Gecko) Chrome/117.0.5938.132 Mobile Safari/537.36 (compatible; Googlebot/2.1; +http://www.google.com/bot.html)"
157.90.182.25 - - [03/Oct/2023:23:04:10 +0200] "GET /sticker-guitar-photo-frame-p-25041.html HTTP/1.0" 200 76385 "-" "Mozilla/5.0 (compatible; BLEXBot/1.0; +http://webmeup-crawler.com/)"
157.55.39.48 - - [03/Oct/2023:23:04:17 +0200] "GET /graphinks-espresso-p-57161.html HTTP/1.0" 200 76805 "-" "Mozilla/5.0 AppleWebKit/537.36 (KHTML, like Gecko; compatible; bingbot/2.0; +http://www.bing.com/bingbot.htm) Chrome/103.0.5060.134 Safari/537.36"
157.90.182.25 - - [03/Oct/2023:23:04:18 +0200] "GET /stitch-guitar-collection-statuette-p-51399.html HTTP/1.0" 200 77491 "-" "Mozilla/5.0 (compatible; BLEXBot/1.0; +http://webmeup-crawler.com/)"
40.77.167.81 - - [03/Oct/2023:23:04:21 +0200] "GET /images/1399984252475.jpg HTTP/1.0" 200 259 "-" "Mozilla/5.0 (Windows NT 6.1; WOW64) AppleWebKit/534+ (KHTML, like Gecko) BingPreview/1.0b"
157.90.182.25 - - [03/Oct/2023:23:04:23 +0200] "GET /stitch-heart-collection-statuette-p-47669.html HTTP/1.0" 200 77932 "-" "Mozilla/5.0 (compatible; BLEXBot/1.0; +http://webmeup-crawler.com/)"
157.90.182.25 - - [03/Oct/2023:23:04:29 +0200] "GET /stitch-laying-down-collection-statuette-p-47679.html HTTP/1.0" 200 77992 "-" "Mozilla/5.0 (compatible; BLEXBot/1.0; +http://webmeup-crawler.com/)"
54.36.148.2 - - [03/Oct/2023:23:04:32 +0200] "GET /otor-industrial-lamp-p-48594.html HTTP/1.0" 200 76806 "-" "Mozilla/5.0 (compatible; AhrefsBot/7.0; +http://ahrefs.com/robot/)"
157.90.182.25 - - [03/Oct/2023:23:04:35 +0200] "GET /stitch-mini-figurine-p-56808.html HTTP/1.0" 200 77152 "-" "Mozilla/5.0 (compatible; BLEXBot/1.0; +http://webmeup-crawler.com/)"
157.90.182.25 - - [03/Oct/2023:23:04:41 +0200] "GET /stone-carnelian-grams-p-46572.html HTTP/1.0" 200 77621 "-" "Mozilla/5.0 (compatible; BLEXBot/1.0; +http://webmeup-crawler.com/)"
216.244.66.242 - - [03/Oct/2023:23:04:44 +0200] "GET /bamboo-fiber-plant-cover-p-54531.html HTTP/1.0" 200 76777 "-" "Mozilla/5.0 (compatible; DotBot/1.2; +https://opensiteexplorer.org/dotbot; help@moz.com)"
157.90.182.25 - - [03/Oct/2023:23:04:46 +0200] "GET /stone-carnelian-grams-p-46573.html HTTP/1.0" 200 77635 "-" "Mozilla/5.0 (compatible; BLEXBot/1.0; +http://webmeup-crawler.com/)"
157.90.182.25 - - [03/Oct/2023:23:04:51 +0200] "GET /stone-green-opal-grams-p-46618.html HTTP/1.0" 200 77289 "-" "Mozilla/5.0 (compatible; BLEXBot/1.0; +http://webmeup-crawler.com/)"
157.55.39.48 - - [03/Oct/2023:23:04:51 +0200] "GET /smokers-items-c-3_112.html?page=5 HTTP/1.0" 200 95134 "-" "Mozilla/5.0 AppleWebKit/537.36 (KHTML, like Gecko; compatible; bingbot/2.0; +http://www.bing.com/bingbot.htm) Chrome/103.0.5060.134 Safari/537.36"
157.90.182.25 - - [03/Oct/2023:23:04:57 +0200] "GET /stone-green-opal-grams-p-46620.html HTTP/1.0" 200 77289 "-" "Mozilla/5.0 (compatible; BLEXBot/1.0; +http://webmeup-crawler.com/)"
106.11.62.86 - - [03/Oct/2023:23:04:58 +0200] "GET /images/mini_prod/3700653591821.jpg HTTP/1.0" 200 269 "-" "Mozilla/5.0 (X11; Ubuntu; Linux x86_64; rv:72.0) Gecko/20100101 Firefox/72.0"
216.244.66.242 - - [03/Oct/2023:23:05:01 +0200] "GET /clemence-charming-dekor-bedclothes-p-56825.html HTTP/1.0" 200 77041 "-" "Mozilla/5.0 (compatible; DotBot/1.2; +https://opensiteexplorer.org/dotbot; help@moz.com)"
157.90.182.25 - - [03/Oct/2023:23:05:02 +0200] "GET /stone-green-opal-grams-p-46621.html HTTP/1.0" 200 77289 "-" "Mozilla/5.0 (compatible; BLEXBot/1.0; +http://webmeup-crawler.com/)"
114.119.151.156 - - [03/Oct/2023:23:05:07 +0200] "GET /retro-wooden-storage-cabinet-p-45805.html HTTP/1.0" 301 73837 "http://www.wonder-geek.com/home-decoration-c-13.html?page=264" "Mozilla/5.0 (Linux; Android 7.0;) AppleWebKit/537.36 (KHTML, like Gecko) Mobile Safari/537.36 (compatible; PetalBot;+https://webmaster.petalsearch.com/site/petalbot)"
157.90.182.25 - - [03/Oct/2023:23:05:08 +0200] "GET /stone-petrified-wood-grams-p-46569.html HTTP/1.0" 200 77429 "-" "Mozilla/5.0 (compatible; BLEXBot/1.0; +http://webmeup-crawler.com/)"
114.119.151.156 - - [03/Oct/2023:23:05:11 +0200] "GET /-p-45805.html HTTP/1.0" 200 73770 "http://www.wonder-geek.com/home-decoration-c-13.html?page=264" "Mozilla/5.0 (Linux; Android 7.0;) AppleWebKit/537.36 (KHTML, like Gecko) Mobile Safari/537.36 (compatible; PetalBot;+https://webmaster.petalsearch.com/site/petalbot)"
54.36.148.83 - - [03/Oct/2023:23:05:12 +0200] "GET /ford-zippo-lighter-p-56301.html HTTP/1.0" 200 77320 "-" "Mozilla/5.0 (compatible; AhrefsBot/7.0; +http://ahrefs.com/robot/)"
157.90.182.25 - - [03/Oct/2023:23:05:13 +0200] "GET /stone-polychrome-jasper-grams-p-46581.html HTTP/1.0" 200 77449 "-" "Mozilla/5.0 (compatible; BLEXBot/1.0; +http://webmeup-crawler.com/)"
216.244.66.242 - - [03/Oct/2023:23:05:17 +0200] "GET /eucalyptus-storage-p-59823.html HTTP/1.0" 200 77002 "-" "Mozilla/5.0 (compatible; DotBot/1.2; +https://opensiteexplorer.org/dotbot; help@moz.com)"
157.90.182.25 - - [03/Oct/2023:23:05:19 +0200] "GET /stone-polychrome-jasper-grams-p-46583.html HTTP/1.0" 200 77450 "-" "Mozilla/5.0 (compatible; BLEXBot/1.0; +http://webmeup-crawler.com/)"
54.36.148.63 - - [03/Oct/2023:23:05:20 +0200] "GET /images/big_prod_1/1491693217513B.jpg HTTP/1.0" 200 271 "-" "Mozilla/5.0 (compatible; AhrefsBot/7.0; +http://ahrefs.com/robot/)"
157.90.182.25 - - [03/Oct/2023:23:05:25 +0200] "GET /stone-septarian-grams-p-46596.html HTTP/1.0" 200 77456 "-" "Mozilla/5.0 (compatible; BLEXBot/1.0; +http://webmeup-crawler.com/)"
216.244.66.242 - - [03/Oct/2023:23:05:30 +0200] "GET /mini-table-vacuum-ladybug-p-41019.html HTTP/1.0" 200 77001 "-" "Mozilla/5.0 (compatible; DotBot/1.2; +https://opensiteexplorer.org/dotbot; help@moz.com)"
157.90.182.25 - - [03/Oct/2023:23:05:31 +0200] "GET /stone-septarian-grams-p-46597.html HTTP/1.0" 200 77456 "-" "Mozilla/5.0 (compatible; BLEXBot/1.0; +http://webmeup-crawler.com/)"
157.90.182.25 - - [03/Oct/2023:23:05:37 +0200] "GET /stone-septarian-grams-p-46598.html HTTP/1.0" 200 77456 "-" "Mozilla/5.0 (compatible; BLEXBot/1.0; +http://webmeup-crawler.com/)"
216.244.66.242 - - [03/Oct/2023:23:05:43 +0200] "GET /pusheen-surprise-plush-mystery-series-p-53399.html HTTP/1.0" 200 73920 "-" "Mozilla/5.0 (compatible; DotBot/1.2; +https://opensiteexplorer.org/dotbot; help@moz.com)"
157.90.182.25 - - [03/Oct/2023:23:05:42 +0200] "GET /stones-ceramic-bathroom-p-50736.html HTTP/1.0" 200 76221 "-" "Mozilla/5.0 (compatible; BLEXBot/1.0; +http://webmeup-crawler.com/)"
157.90.182.25 - - [03/Oct/2023:23:05:48 +0200] "GET /stones-ground-sheet-p-52153.html HTTP/1.0" 200 77147 "-" "Mozilla/5.0 (compatible; BLEXBot/1.0; +http://webmeup-crawler.com/)"
54.36.148.218 - - [03/Oct/2023:23:05:53 +0200] "GET /images/big_prod/1491693217513.jpg HTTP/1.0" 200 268 "-" "Mozilla/5.0 (compatible; AhrefsBot/7.0; +http://ahrefs.com/robot/)"
157.90.182.25 - - [03/Oct/2023:23:05:53 +0200] "GET /stones-rock-crystal-grams-p-46606.html HTTP/1.0" 200 77525 "-" "Mozilla/5.0 (compatible; BLEXBot/1.0; +http://webmeup-crawler.com/)"
216.244.66.242 - - [03/Oct/2023:23:05:55 +0200] "GET /tinted-candle-mass-green-p-56101.html HTTP/1.0" 200 76191 "-" "Mozilla/5.0 (compatible; DotBot/1.2; +https://opensiteexplorer.org/dotbot; help@moz.com)"
54.36.148.53 - - [03/Oct/2023:23:05:57 +0200] "GET /ispahan-bedclothes-p-60113.html HTTP/1.0" 200 76816 "-" "Mozilla/5.0 (compatible; AhrefsBot/7.0; +http://ahrefs.com/robot/)"
157.90.182.25 - - [03/Oct/2023:23:05:59 +0200] "GET /stop-books-shape-white-face-p-55540.html HTTP/1.0" 200 76889 "-" "Mozilla/5.0 (compatible; BLEXBot/1.0; +http://webmeup-crawler.com/)"
114.119.157.118 - - [03/Oct/2023:23:06:00 +0200] "GET /provence-adult-apron-p-44190.html HTTP/1.0" 200 76111 "http://www.wonder-geek.com/aprons-c-11_74.html?page=4" "Mozilla/5.0 (Linux; Android 7.0;) AppleWebKit/537.36 (KHTML, like Gecko) Mobile Safari/537.36 (compatible; PetalBot;+https://webmaster.petalsearch.com/site/petalbot)"
157.90.182.25 - - [03/Oct/2023:23:06:04 +0200] "GET /storage-basket-bordlique-p-55799.html HTTP/1.0" 200 76859 "-" "Mozilla/5.0 (compatible; BLEXBot/1.0; +http://webmeup-crawler.com/)"
216.244.66.242 - - [03/Oct/2023:23:06:07 +0200] "GET /vest-with-crop-steampunk-black-shirt-p-30129.html HTTP/1.0" 200 77700 "-" "Mozilla/5.0 (compatible; DotBot/1.2; +https://opensiteexplorer.org/dotbot; help@moz.com)"
157.90.182.25 - - [03/Oct/2023:23:06:10 +0200] "GET /storage-basket-cactus-p-55801.html HTTP/1.0" 200 76834 "-" "Mozilla/5.0 (compatible; BLEXBot/1.0; +http://webmeup-crawler.com/)"
157.90.182.25 - - [03/Oct/2023:23:06:16 +0200] "GET /storage-basket-monstera-p-55800.html HTTP/1.0" 200 76847 "-" "Mozilla/5.0 (compatible; BLEXBot/1.0; +http://webmeup-crawler.com/)"
157.90.182.25 - - [03/Oct/2023:23:06:24 +0200] "GET /storage-cups-c-12_159_264.html?page=2 HTTP/1.0" 200 94749 "-" "Mozilla/5.0 (compatible; BLEXBot/1.0; +http://webmeup-crawler.com/)"
54.36.148.187 - - [03/Oct/2023:23:06:31 +0200] "GET /gogh-tournesols-adult-apron-p-47664.html HTTP/1.0" 200 76134 "-" "Mozilla/5.0 (compatible; AhrefsBot/7.0; +http://ahrefs.com/robot/)"
157.90.182.25 - - [03/Oct/2023:23:06:31 +0200] "GET /storage-cups-c-12_159_264.html?page=3 HTTP/1.0" 200 82202 "-" "Mozilla/5.0 (compatible; BLEXBot/1.0; +http://webmeup-crawler.com/)"
17.241.227.36 - - [03/Oct/2023:23:06:35 +0200] "GET /dream-catcher-white-p-51027.html HTTP/1.0" 200 76240 "-" "Mozilla/5.0 (Macintosh; Intel Mac OS X 10_15_5) AppleWebKit/605.1.15 (KHTML, like Gecko) Version/13.1.1 Safari/605.1.15 (Applebot/0.1; +http://www.apple.com/go/applebot)"
157.90.182.25 - - [03/Oct/2023:23:06:36 +0200] "GET /storing-cereals-frenchy-style-p-57968.html HTTP/1.0" 200 77023 "-" "Mozilla/5.0 (compatible; BLEXBot/1.0; +http://webmeup-crawler.com/)"
157.90.182.25 - - [03/Oct/2023:23:06:41 +0200] "GET /storing-cereals-picerie-traditionnelle-p-57969.html HTTP/1.0" 200 77128 "-" "Mozilla/5.0 (compatible; BLEXBot/1.0; +http://webmeup-crawler.com/)"
157.90.182.25 - - [03/Oct/2023:23:06:47 +0200] "GET /story-prickles-figure-p-6754.html HTTP/1.0" 200 76272 "-" "Mozilla/5.0 (compatible; BLEXBot/1.0; +http://webmeup-crawler.com/)"
216.244.66.242 - - [03/Oct/2023:23:06:47 +0200] "GET /elmer-apron-p-41572.html HTTP/1.0" 200 76314 "-" "Mozilla/5.0 (compatible; DotBot/1.2; +https://opensiteexplorer.org/dotbot; help@moz.com)"
157.90.182.25 - - [03/Oct/2023:23:06:52 +0200] "GET /strawberries-butter-dish-p-51414.html HTTP/1.0" 200 76228 "-" "Mozilla/5.0 (compatible; BLEXBot/1.0; +http://webmeup-crawler.com/)"
157.90.182.25 - - [03/Oct/2023:23:06:57 +0200] "GET /strawberry-shortcake-bathrobe-size-years-p-12632.html HTTP/1.0" 200 76444 "-" "Mozilla/5.0 (compatible; BLEXBot/1.0; +http://webmeup-crawler.com/)"
35.171.69.89 - - [03/Oct/2023:23:07:04 +0200] "GET /images/1399984260098.jpg HTTP/1.0" 200 259 "-" "Mozilla/5.0 (X11; Ubuntu; Linux x86_64; rv:72.0) Gecko/20100101 Firefox/72.0"
157.90.182.25 - - [03/Oct/2023:23:07:03 +0200] "GET /strawberry-shortcake-blue-swimsuit-p-30285.html HTTP/1.0" 200 77626 "-" "Mozilla/5.0 (compatible; BLEXBot/1.0; +http://webmeup-crawler.com/)"
157.90.182.25 - - [03/Oct/2023:23:07:09 +0200] "GET /strawberry-shortcake-embroidered-vest-p-36364.html HTTP/1.0" 200 77506 "-" "Mozilla/5.0 (compatible; BLEXBot/1.0; +http://webmeup-crawler.com/)"
54.36.149.92 - - [03/Oct/2023:23:07:10 +0200] "GET /gray-metal-flask-p-54982.html HTTP/1.0" 200 76654 "-" "Mozilla/5.0 (compatible; AhrefsBot/7.0; +http://ahrefs.com/robot/)"
157.90.182.25 - - [03/Oct/2023:23:07:14 +0200] "GET /strawberry-shortcake-just-dance-swimsuit-p-30286.html HTTP/1.0" 200 77679 "-" "Mozilla/5.0 (compatible; BLEXBot/1.0; +http://webmeup-crawler.com/)"
54.36.148.8 - - [03/Oct/2023:23:07:16 +0200] "GET /images/big_prod_1/4029811373598a.jpg HTTP/1.0" 200 271 "-" "Mozilla/5.0 (compatible; AhrefsBot/7.0; +http://ahrefs.com/robot/)"
54.36.148.222 - - [03/Oct/2023:23:07:17 +0200] "GET /images/big_prod/4029811373598.jpg HTTP/1.0" 200 268 "-" "Mozilla/5.0 (compatible; AhrefsBot/7.0; +http://ahrefs.com/robot/)"
157.90.182.25 - - [03/Oct/2023:23:07:19 +0200] "GET /strawberry-shortcake-mattress-swimming-pool-p-48756.html HTTP/1.0" 200 76644 "-" "Mozilla/5.0 (compatible; BLEXBot/1.0; +http://webmeup-crawler.com/)"
185.191.171.8 - - [03/Oct/2023:23:07:24 +0200] "GET /filling-station-wodden-frame-p-39970.html HTTP/1.0" 200 73910 "-" "Mozilla/5.0 (compatible; SemrushBot/7~bl; +http://www.semrush.com/bot.html)"
157.90.182.25 - - [03/Oct/2023:23:07:26 +0200] "GET /strawberry-shortcake-padded-jacket-p-31239.html HTTP/1.0" 200 77472 "-" "Mozilla/5.0 (compatible; BLEXBot/1.0; +http://webmeup-crawler.com/)"
157.90.182.25 - - [03/Oct/2023:23:07:31 +0200] "GET /strawberry-shortcake-pink-blue-swimsuit-p-30246.html HTTP/1.0" 200 77428 "-" "Mozilla/5.0 (compatible; BLEXBot/1.0; +http://webmeup-crawler.com/)"
