216.244.66.242 - - [03/Oct/2023:17:02:51 +0200] "GET /cement-tile-stickers-15-15-cm-gray-and-brown-p-43007.html HTTP/1.0" 301 77296 "-" "Mozilla/5.0 (compatible; DotBot/1.2; +https://opensiteexplorer.org/dotbot; help@moz.com)"
54.36.148.202 - - [03/Oct/2023:17:02:56 +0200] "GET /jack-russel-mini-rectangular-tray-p-58509.html HTTP/1.0" 200 76908 "-" "Mozilla/5.0 (compatible; AhrefsBot/7.0; +http://ahrefs.com/robot/)"
54.36.149.71 - - [03/Oct/2023:17:03:02 +0200] "GET /images/big_prod_1/8712159170184a.jpg HTTP/1.0" 200 271 "-" "Mozilla/5.0 (compatible; AhrefsBot/7.0; +http://ahrefs.com/robot/)"
216.244.66.242 - - [03/Oct/2023:17:03:13 +0200] "GET /disney-princess-night-light-torch-p-27901.html HTTP/1.0" 301 73837 "-" "Mozilla/5.0 (compatible; DotBot/1.2; +https://opensiteexplorer.org/dotbot; help@moz.com)"
54.36.149.77 - - [03/Oct/2023:17:03:19 +0200] "GET /monaco-mini-metal-tray-p-52478.html HTTP/1.0" 200 76211 "-" "Mozilla/5.0 (compatible; AhrefsBot/7.0; +http://ahrefs.com/robot/)"
54.36.148.60 - - [03/Oct/2023:17:03:25 +0200] "GET /images/big_prod/3565750310672NN.jpg HTTP/1.0" 200 270 "-" "Mozilla/5.0 (compatible; AhrefsBot/7.0; +http://ahrefs.com/robot/)"
216.244.66.242 - - [03/Oct/2023:17:03:34 +0200] "GET /dubout-cats-cover-for-the-pillow-p-32247.html HTTP/1.0" 301 73837 "-" "Mozilla/5.0 (compatible; DotBot/1.2; +https://opensiteexplorer.org/dotbot; help@moz.com)"
185.191.171.14 - - [03/Oct/2023:17:03:43 +0200] "GET /terrifying-trick-treaters-mickey-minnie-vampir-p-57024.html HTTP/1.0" 200 77982 "-" "Mozilla/5.0 (compatible; SemrushBot/7~bl; +http://www.semrush.com/bot.html)"
54.36.148.18 - - [03/Oct/2023:17:03:47 +0200] "GET /sardines-marseille-adult-apron-p-51188.html HTTP/1.0" 200 76140 "-" "Mozilla/5.0 (compatible; AhrefsBot/7.0; +http://ahrefs.com/robot/)"
216.244.66.242 - - [03/Oct/2023:17:03:54 +0200] "GET /fuel-pump-metal-decoration-shape-blue-p-39983.html HTTP/1.0" 301 73837 "-" "Mozilla/5.0 (compatible; DotBot/1.2; +https://opensiteexplorer.org/dotbot; help@moz.com)"
216.244.66.242 - - [03/Oct/2023:17:04:14 +0200] "GET /gorjuss-glass-tile-wooden-trinket-ruby-p-38222.html HTTP/1.0" 301 73837 "-" "Mozilla/5.0 (compatible; DotBot/1.2; +https://opensiteexplorer.org/dotbot; help@moz.com)"
54.36.149.5 - - [03/Oct/2023:17:04:25 +0200] "GET /mani-lucky-beige-p-37337.html HTTP/1.0" 200 76195 "-" "Mozilla/5.0 (compatible; AhrefsBot/7.0; +http://ahrefs.com/robot/)"
216.244.66.242 - - [03/Oct/2023:17:04:32 +0200] "GET /happy-colors-love-bowling-bag-p-19017.html HTTP/1.0" 301 73837 "-" "Mozilla/5.0 (compatible; DotBot/1.2; +https://opensiteexplorer.org/dotbot; help@moz.com)"
54.36.148.104 - - [03/Oct/2023:17:04:45 +0200] "GET /mirabelle-calendar-year-2016-p-31182.html HTTP/1.0" 200 76352 "-" "Mozilla/5.0 (compatible; AhrefsBot/7.0; +http://ahrefs.com/robot/)"
216.244.66.242 - - [03/Oct/2023:17:04:49 +0200] "GET /incense-tree-of-life-15-grams-or-about-15-sticks-p-45150.html HTTP/1.0" 301 76816 "-" "Mozilla/5.0 (compatible; DotBot/1.2; +https://opensiteexplorer.org/dotbot; help@moz.com)"
216.244.66.242 - - [03/Oct/2023:17:05:06 +0200] "GET /large-cushion-carlin-cbkreation-p-20738.html HTTP/1.0" 301 73837 "-" "Mozilla/5.0 (compatible; DotBot/1.2; +https://opensiteexplorer.org/dotbot; help@moz.com)"
54.36.148.99 - - [03/Oct/2023:17:05:17 +0200] "GET /mandala-p-55189.html HTTP/1.0" 200 76862 "-" "Mozilla/5.0 (compatible; AhrefsBot/7.0; +http://ahrefs.com/robot/)"
47.128.40.59 - - [03/Oct/2023:17:05:19 +0200] "GET /images/634482306635.jpg HTTP/1.0" 200 258 "-" "Mozilla/5.0 (Linux; Android 5.0) AppleWebKit/537.36 (KHTML, like Gecko) Mobile Safari/537.36 (compatible; Bytespider; spider-feedback@bytedance.com)"
216.244.66.242 - - [03/Oct/2023:17:05:22 +0200] "GET /love-wooden-wall-decoration-hang-p-36089.html HTTP/1.0" 301 73837 "-" "Mozilla/5.0 (compatible; DotBot/1.2; +https://opensiteexplorer.org/dotbot; help@moz.com)"
185.191.171.10 - - [03/Oct/2023:17:05:26 +0200] "GET /with-infuser-tiger-white-p-47844.html HTTP/1.0" 200 76195 "-" "Mozilla/5.0 (compatible; SemrushBot/7~bl; +http://www.semrush.com/bot.html)"
185.191.171.16 - - [03/Oct/2023:17:05:31 +0200] "GET /planes-disney-trolley-p-30350.html HTTP/1.0" 200 73852 "-" "Mozilla/5.0 (compatible; SemrushBot/7~bl; +http://www.semrush.com/bot.html)"
216.244.66.242 - - [03/Oct/2023:17:05:36 +0200] "GET /metallic-paper-shelf-dispenser-p-45742.html HTTP/1.0" 301 73837 "-" "Mozilla/5.0 (compatible; DotBot/1.2; +https://opensiteexplorer.org/dotbot; help@moz.com)"
54.36.148.55 - - [03/Oct/2023:17:05:41 +0200] "GET /saucer-p-57181.html HTTP/1.0" 200 76677 "-" "Mozilla/5.0 (compatible; AhrefsBot/7.0; +http://ahrefs.com/robot/)"
216.244.66.242 - - [03/Oct/2023:17:05:50 +0200] "GET /olives-provence-salt-pepper-p-39666.html HTTP/1.0" 301 73837 "-" "Mozilla/5.0 (compatible; DotBot/1.2; +https://opensiteexplorer.org/dotbot; help@moz.com)"
85.208.96.203 - - [03/Oct/2023:17:05:54 +0200] "GET /black-gold-deco-table-lamp-p-59493.html HTTP/1.0" 200 77393 "-" "Mozilla/5.0 (compatible; SemrushBot/7~bl; +http://www.semrush.com/bot.html)"
157.55.39.204 - - [03/Oct/2023:17:05:59 +0200] "GET /soft-toys-security-blanket-c-4_46.html HTTP/1.0" 200 94990 "-" "Mozilla/5.0 AppleWebKit/537.36 (KHTML, like Gecko; compatible; bingbot/2.0; +http://www.bing.com/bingbot.htm) Chrome/103.0.5060.134 Safari/537.36"
216.244.66.242 - - [03/Oct/2023:17:06:02 +0200] "GET /russian-doll-starry-small-cushion-cbkreation-p-18475.html HTTP/1.0" 301 73837 "-" "Mozilla/5.0 (compatible; DotBot/1.2; +https://opensiteexplorer.org/dotbot; help@moz.com)"
54.36.148.233 - - [03/Oct/2023:17:06:07 +0200] "GET /unicorn-plush-pink-white-p-47647.html HTTP/1.0" 200 76256 "-" "Mozilla/5.0 (compatible; AhrefsBot/7.0; +http://ahrefs.com/robot/)"
216.244.66.242 - - [03/Oct/2023:17:06:13 +0200] "GET /small-box-for-baby-teeth-ratoncito-perez-p-35468.html HTTP/1.0" 301 73837 "-" "Mozilla/5.0 (compatible; DotBot/1.2; +https://opensiteexplorer.org/dotbot; help@moz.com)"
157.55.39.56 - - [03/Oct/2023:17:06:20 +0200] "GET /smokers-items-c-3_112.html HTTP/1.0" 200 95083 "-" "Mozilla/5.0 AppleWebKit/537.36 (KHTML, like Gecko; compatible; bingbot/2.0; +http://www.bing.com/bingbot.htm) Chrome/103.0.5060.134 Safari/537.36"
216.244.66.242 - - [03/Oct/2023:17:06:24 +0200] "GET /white-silver-horse-head-statue-p-34531.html HTTP/1.0" 301 73837 "-" "Mozilla/5.0 (compatible; DotBot/1.2; +https://opensiteexplorer.org/dotbot; help@moz.com)"
216.244.66.242 - - [03/Oct/2023:17:06:33 +0200] "GET /winnie-pooh-night-light-stars-projector-musical-p-41989.html HTTP/1.0" 301 73837 "-" "Mozilla/5.0 (compatible; DotBot/1.2; +https://opensiteexplorer.org/dotbot; help@moz.com)"
54.36.149.88 - - [03/Oct/2023:17:06:36 +0200] "GET /tasty-tassen-towel-made-germany-p-57647.html HTTP/1.0" 200 77373 "-" "Mozilla/5.0 (compatible; AhrefsBot/7.0; +http://ahrefs.com/robot/)"
216.244.66.242 - - [03/Oct/2023:17:06:41 +0200] "GET /pudgy-kissing-betty-boop-tumbler-by-romero-britto-p-31813.html HTTP/1.0" 301 73837 "-" "Mozilla/5.0 (compatible; DotBot/1.2; +https://opensiteexplorer.org/dotbot; help@moz.com)"
54.36.148.21 - - [03/Oct/2023:17:06:44 +0200] "GET /images/big_prod_1/4250255820038a.jpg HTTP/1.0" 200 271 "-" "Mozilla/5.0 (compatible; AhrefsBot/7.0; +http://ahrefs.com/robot/)"
54.36.149.32 - - [03/Oct/2023:17:06:46 +0200] "GET /images/big_prod/4250255820038.jpg HTTP/1.0" 200 268 "-" "Mozilla/5.0 (compatible; AhrefsBot/7.0; +http://ahrefs.com/robot/)"
54.36.149.41 - - [03/Oct/2023:17:06:46 +0200] "GET /images/big_prod_2/4250255820038b.jpg HTTP/1.0" 200 271 "-" "Mozilla/5.0 (compatible; AhrefsBot/7.0; +http://ahrefs.com/robot/)"
54.36.149.49 - - [03/Oct/2023:17:07:04 +0200] "GET /paris-small-snow-globe-p-39571.html HTTP/1.0" 200 76196 "-" "Mozilla/5.0 (compatible; AhrefsBot/7.0; +http://ahrefs.com/robot/)"
185.191.171.4 - - [03/Oct/2023:17:07:06 +0200] "GET /-p-48049.html HTTP/1.0" 200 73770 "-" "Mozilla/5.0 (compatible; SemrushBot/7~bl; +http://www.semrush.com/bot.html)"
54.36.148.38 - - [03/Oct/2023:17:07:32 +0200] "GET /water-hyacinth-chandelier-p-57492.html HTTP/1.0" 200 77236 "-" "Mozilla/5.0 (compatible; AhrefsBot/7.0; +http://ahrefs.com/robot/)"
54.36.148.28 - - [03/Oct/2023:17:07:38 +0200] "GET /images/big_prod_2/8445148024280a.jpg HTTP/1.0" 200 271 "-" "Mozilla/5.0 (compatible; AhrefsBot/7.0; +http://ahrefs.com/robot/)"
54.36.148.27 - - [03/Oct/2023:17:07:43 +0200] "GET /images/big_prod_1/8445148024280c.jpg HTTP/1.0" 200 271 "-" "Mozilla/5.0 (compatible; AhrefsBot/7.0; +http://ahrefs.com/robot/)"
54.36.148.212 - - [03/Oct/2023:17:07:43 +0200] "GET /images/big_prod/8445148024280.jpg HTTP/1.0" 200 268 "-" "Mozilla/5.0 (compatible; AhrefsBot/7.0; +http://ahrefs.com/robot/)"
54.36.148.39 - - [03/Oct/2023:17:07:44 +0200] "GET /images/big_prod_3/8445148024280b.jpg HTTP/1.0" 200 271 "-" "Mozilla/5.0 (compatible; AhrefsBot/7.0; +http://ahrefs.com/robot/)"
135.148.195.7 - - [03/Oct/2023:17:07:52 +0200] "GET / HTTP/1.0" 301 511 "-" "Mozilla/5.0 (Macintosh; Intel Mac OS X 10_15_7) AppleWebKit/605.1.15 (KHTML, like Gecko) Version/16.2 Safari/605.1.15"
54.36.148.217 - - [03/Oct/2023:17:07:59 +0200] "GET /jewels-beauty-accessories-c-3_29.html HTTP/1.0" 200 85235 "-" "Mozilla/5.0 (compatible; AhrefsBot/7.0; +http://ahrefs.com/robot/)"
54.36.148.165 - - [03/Oct/2023:17:08:05 +0200] "GET /images/mini_prod/b8427787034837.jpg HTTP/1.0" 200 270 "-" "Mozilla/5.0 (compatible; AhrefsBot/7.0; +http://ahrefs.com/robot/)"
54.36.148.174 - - [03/Oct/2023:17:08:05 +0200] "GET /images/mini_prod/1300010237342.jpg HTTP/1.0" 200 269 "-" "Mozilla/5.0 (compatible; AhrefsBot/7.0; +http://ahrefs.com/robot/)"
54.36.149.57 - - [03/Oct/2023:17:08:06 +0200] "GET /images/mini_prod/1300010237397.jpg HTTP/1.0" 200 269 "-" "Mozilla/5.0 (compatible; AhrefsBot/7.0; +http://ahrefs.com/robot/)"
54.36.148.53 - - [03/Oct/2023:17:08:06 +0200] "GET /images/mini_prod/5050293804330.jpg HTTP/1.0" 200 269 "-" "Mozilla/5.0 (compatible; AhrefsBot/7.0; +http://ahrefs.com/robot/)"
54.36.148.206 - - [03/Oct/2023:17:08:06 +0200] "GET /images/mini_prod/4029811300839.jpg HTTP/1.0" 200 269 "-" "Mozilla/5.0 (compatible; AhrefsBot/7.0; +http://ahrefs.com/robot/)"
15.204.194.30 - - [03/Oct/2023:17:08:02 +0200] "GET / HTTP/1.0" 200 152776 "-" "Mozilla/5.0 (Macintosh; Intel Mac OS X 10_15_7) AppleWebKit/605.1.15 (KHTML, like Gecko) Version/16.2 Safari/605.1.15"
54.36.148.211 - - [03/Oct/2023:17:08:06 +0200] "GET /images/mini_prod/1300010237380.jpg HTTP/1.0" 200 269 "-" "Mozilla/5.0 (compatible; AhrefsBot/7.0; +http://ahrefs.com/robot/)"
54.36.148.204 - - [03/Oct/2023:17:08:07 +0200] "GET /images/mini_prod/1399984231623.jpg HTTP/1.0" 200 269 "-" "Mozilla/5.0 (compatible; AhrefsBot/7.0; +http://ahrefs.com/robot/)"
54.36.149.96 - - [03/Oct/2023:17:08:24 +0200] "GET /wooden-wall-decoration-hang-casa-casa-p-49978.html HTTP/1.0" 200 76348 "-" "Mozilla/5.0 (compatible; AhrefsBot/7.0; +http://ahrefs.com/robot/)"
15.204.194.30 - - [03/Oct/2023:17:08:27 +0200] "GET /favicon.ico HTTP/1.0" 200 260 "-" "Mozilla/5.0 (X11; Linux x86_64) AppleWebKit/537.36 (KHTML, like Gecko) Chrome/114.0.0.0 Safari/537.36"
54.36.148.181 - - [03/Oct/2023:17:08:50 +0200] "GET /london-cookware-cbkreation-p-29706.html HTTP/1.0" 200 76182 "-" "Mozilla/5.0 (compatible; AhrefsBot/7.0; +http://ahrefs.com/robot/)"
54.36.148.174 - - [03/Oct/2023:17:09:20 +0200] "GET /premium-percale-cotton-p-46752.html HTTP/1.0" 200 77085 "-" "Mozilla/5.0 (compatible; AhrefsBot/7.0; +http://ahrefs.com/robot/)"
185.191.171.15 - - [03/Oct/2023:17:09:45 +0200] "GET /vent-bathrobe-size-p-45898.html HTTP/1.0" 200 76186 "-" "Mozilla/5.0 (compatible; SemrushBot/7~bl; +http://www.semrush.com/bot.html)"
54.36.149.13 - - [03/Oct/2023:17:09:45 +0200] "GET /bowl-french-kiss-paris-p-37291.html HTTP/1.0" 200 76133 "-" "Mozilla/5.0 (compatible; AhrefsBot/7.0; +http://ahrefs.com/robot/)"
106.11.62.219 - - [03/Oct/2023:17:09:59 +0200] "GET /images/mini_prod/8422002209434.jpg HTTP/1.0" 200 269 "-" "Mozilla/5.0 (X11; Ubuntu; Linux x86_64; rv:72.0) Gecko/20100101 Firefox/72.0"
54.36.148.9 - - [03/Oct/2023:17:10:13 +0200] "GET /black-kooks-saucer-p-59036.html HTTP/1.0" 200 76828 "-" "Mozilla/5.0 (compatible; AhrefsBot/7.0; +http://ahrefs.com/robot/)"
95.108.213.187 - - [03/Oct/2023:17:10:15 +0200] "GET /robots.txt HTTP/1.0" 200 245 "-" "Mozilla/5.0 (compatible; YandexBot/3.0; +http://yandex.com/bots)"
95.108.213.124 - - [03/Oct/2023:17:10:15 +0200] "GET /images/big_prod/3453131138734.jpg HTTP/1.0" 200 268 "-" "Mozilla/5.0 (compatible; YandexImages/3.0; +http://yandex.com/bots)"
54.36.148.124 - - [03/Oct/2023:17:10:18 +0200] "GET /images/big_prod/3700572752068.jpg HTTP/1.0" 200 268 "-" "Mozilla/5.0 (compatible; AhrefsBot/7.0; +http://ahrefs.com/robot/)"
54.36.148.242 - - [03/Oct/2023:17:10:53 +0200] "GET /olives-mini-rectangular-tray-p-54917.html HTTP/1.0" 200 76276 "-" "Mozilla/5.0 (compatible; AhrefsBot/7.0; +http://ahrefs.com/robot/)"
54.36.149.13 - - [03/Oct/2023:17:11:22 +0200] "GET /glitters-white-p-53393.html HTTP/1.0" 200 76091 "-" "Mozilla/5.0 (compatible; AhrefsBot/7.0; +http://ahrefs.com/robot/)"
157.90.182.25 - - [03/Oct/2023:17:11:36 +0200] "GET /robots.txt HTTP/1.0" 301 531 "-" "Mozilla/5.0 (compatible; BLEXBot/1.0; +http://webmeup-crawler.com/)"
157.90.182.25 - - [03/Oct/2023:17:11:36 +0200] "GET /robots.txt HTTP/1.0" 200 245 "-" "Mozilla/5.0 (compatible; BLEXBot/1.0; +http://webmeup-crawler.com/)"
157.90.182.25 - - [03/Oct/2023:17:11:36 +0200] "GET /robots.txt HTTP/1.0" 200 245 "-" "Mozilla/5.0 (compatible; BLEXBot/1.0; +http://webmeup-crawler.com/)"
157.90.182.25 - - [03/Oct/2023:17:11:39 +0200] "GET /sitemap HTTP/1.0" 301 525 "-" "Mozilla/5.0 (compatible; BLEXBot/1.0; +http://webmeup-crawler.com/)"
157.90.182.25 - - [03/Oct/2023:17:11:40 +0200] "GET /sitemap HTTP/1.0" 404 1308 "-" "Mozilla/5.0 (compatible; BLEXBot/1.0; +http://webmeup-crawler.com/)"
157.90.182.25 - - [03/Oct/2023:17:11:38 +0200] "GET /bamboo-tray-bird-p-56086.html HTTP/1.0" 200 76815 "-" "Mozilla/5.0 (compatible; BLEXBot/1.0; +http://webmeup-crawler.com/)"
157.90.182.25 - - [03/Oct/2023:17:11:43 +0200] "GET /sitemap HTTP/1.0" 404 1308 "-" "Mozilla/5.0 (compatible; BLEXBot/1.0; +http://webmeup-crawler.com/)"
51.68.224.127 - - [03/Oct/2023:17:11:46 +0200] "GET /adminweb/export_orders_xml.php?token=256de2z6edz6ed2z6DFSFsed2zed6zeDSFDSGdzedezfzf&maxorders=10&orderstart=1&status=14&start_date=2018-10-01 HTTP/1.0" 200 285 "-" "GesCom CharlotteBoutik Serveur"
157.90.182.25 - - [03/Oct/2023:17:11:47 +0200] "GET /sitemap.txt HTTP/1.0" 301 533 "-" "Mozilla/5.0 (compatible; BLEXBot/1.0; +http://webmeup-crawler.com/)"
51.68.224.127 - - [03/Oct/2023:17:11:46 +0200] "GET /adminweb/export_orders_xml.php?token=256de2z6edz6ed2z6DFSFsed2zed6zeDSFDSGdzedezfzf&maxorders=10&orderstart=1&status=6&start_date=2018-10-01 HTTP/1.0" 200 33939 "-" "GesCom CharlotteBoutik Serveur"
157.90.182.25 - - [03/Oct/2023:17:11:48 +0200] "GET /sitemap.txt HTTP/1.0" 404 1308 "-" "Mozilla/5.0 (compatible; BLEXBot/1.0; +http://webmeup-crawler.com/)"
54.36.148.77 - - [03/Oct/2023:17:11:48 +0200] "GET /plush-tree-hanging-decorations-p-52842.html HTTP/1.0" 200 76283 "-" "Mozilla/5.0 (compatible; AhrefsBot/7.0; +http://ahrefs.com/robot/)"
114.119.155.224 - - [03/Oct/2023:17:11:51 +0200] "GET /robots.txt HTTP/1.0" 200 245 "-" "Mozilla/5.0 (compatible;PetalBot;+https://webmaster.petalsearch.com/site/petalbot)"
157.90.182.25 - - [03/Oct/2023:17:11:58 +0200] "GET /sitemap.txt HTTP/1.0" 404 1308 "-" "Mozilla/5.0 (compatible; BLEXBot/1.0; +http://webmeup-crawler.com/)"
157.90.182.25 - - [03/Oct/2023:17:12:01 +0200] "GET /-c-95_326.html HTTP/1.0" 200 72638 "-" "Mozilla/5.0 (compatible; BLEXBot/1.0; +http://webmeup-crawler.com/)"
157.90.182.25 - - [03/Oct/2023:17:12:08 +0200] "GET /bamboo-tray-fish-p-60491.html HTTP/1.0" 200 77008 "-" "Mozilla/5.0 (compatible; BLEXBot/1.0; +http://webmeup-crawler.com/)"
157.90.182.25 - - [03/Oct/2023:17:12:09 +0200] "GET /accessories-c-3.html?page=10 HTTP/1.0" 200 95812 "-" "Mozilla/5.0 (compatible; BLEXBot/1.0; +http://webmeup-crawler.com/)"
157.90.182.25 - - [03/Oct/2023:17:12:14 +0200] "GET /bamboo-tray-spicy-p-46452.html HTTP/1.0" 200 76090 "-" "Mozilla/5.0 (compatible; BLEXBot/1.0; +http://webmeup-crawler.com/)"
54.36.148.182 - - [03/Oct/2023:17:12:15 +0200] "GET /black-table-lamp-p-58987.html HTTP/1.0" 200 76849 "-" "Mozilla/5.0 (compatible; AhrefsBot/7.0; +http://ahrefs.com/robot/)"
157.90.182.25 - - [03/Oct/2023:17:12:17 +0200] "GET /accessories-c-3.html?page=11 HTTP/1.0" 200 96971 "-" "Mozilla/5.0 (compatible; BLEXBot/1.0; +http://webmeup-crawler.com/)"
157.90.182.25 - - [03/Oct/2023:17:12:20 +0200] "GET /bamboo-tray-tous-mayo-p-46453.html HTTP/1.0" 200 76729 "-" "Mozilla/5.0 (compatible; BLEXBot/1.0; +http://webmeup-crawler.com/)"
54.36.149.10 - - [03/Oct/2023:17:12:24 +0200] "GET /images/big_prod_1/8422019925525B.jpg HTTP/1.0" 200 271 "-" "Mozilla/5.0 (compatible; AhrefsBot/7.0; +http://ahrefs.com/robot/)"
157.90.182.25 - - [03/Oct/2023:17:12:24 +0200] "GET /accessories-c-3.html?page=2 HTTP/1.0" 200 96713 "-" "Mozilla/5.0 (compatible; BLEXBot/1.0; +http://webmeup-crawler.com/)"
157.90.182.25 - - [03/Oct/2023:17:12:26 +0200] "GET /banania-metal-plate-p-27389.html HTTP/1.0" 200 76131 "-" "Mozilla/5.0 (compatible; BLEXBot/1.0; +http://webmeup-crawler.com/)"
157.90.182.25 - - [03/Oct/2023:17:12:31 +0200] "GET /accessories-c-3.html?page=3 HTTP/1.0" 200 96497 "-" "Mozilla/5.0 (compatible; BLEXBot/1.0; +http://webmeup-crawler.com/)"
157.90.182.25 - - [03/Oct/2023:17:12:32 +0200] "GET /banania-metal-plate-p-30392.html HTTP/1.0" 200 76149 "-" "Mozilla/5.0 (compatible; BLEXBot/1.0; +http://webmeup-crawler.com/)"
157.90.182.25 - - [03/Oct/2023:17:12:37 +0200] "GET /accessories-c-3.html?page=4 HTTP/1.0" 200 95624 "-" "Mozilla/5.0 (compatible; BLEXBot/1.0; +http://webmeup-crawler.com/)"
157.90.182.25 - - [03/Oct/2023:17:12:42 +0200] "GET /banao-cotton-jute-basket-planter-p-57921.html HTTP/1.0" 200 76955 "-" "Mozilla/5.0 (compatible; BLEXBot/1.0; +http://webmeup-crawler.com/)"
54.36.148.225 - - [03/Oct/2023:17:12:44 +0200] "GET /burlap-round-table-p-50960.html HTTP/1.0" 200 76670 "-" "Mozilla/5.0 (compatible; AhrefsBot/7.0; +http://ahrefs.com/robot/)"
157.90.182.25 - - [03/Oct/2023:17:12:45 +0200] "GET /accessories-c-3.html?page=5 HTTP/1.0" 200 96371 "-" "Mozilla/5.0 (compatible; BLEXBot/1.0; +http://webmeup-crawler.com/)"
157.90.182.25 - - [03/Oct/2023:17:12:47 +0200] "GET /banao-cotton-jute-basket-planter-p-57922.html HTTP/1.0" 200 76955 "-" "Mozilla/5.0 (compatible; BLEXBot/1.0; +http://webmeup-crawler.com/)"
157.90.182.25 - - [03/Oct/2023:17:12:52 +0200] "GET /accessories-c-3.html?page=6 HTTP/1.0" 200 95080 "-" "Mozilla/5.0 (compatible; BLEXBot/1.0; +http://webmeup-crawler.com/)"
157.90.182.25 - - [03/Oct/2023:17:12:59 +0200] "GET /accessories-c-3.html?page=7 HTTP/1.0" 200 96235 "-" "Mozilla/5.0 (compatible; BLEXBot/1.0; +http://webmeup-crawler.com/)"
54.36.148.100 - - [03/Oct/2023:17:13:02 +0200] "GET /images/big_prod_1/3609810092433a.jpg HTTP/1.0" 200 271 "-" "Mozilla/5.0 (compatible; AhrefsBot/7.0; +http://ahrefs.com/robot/)"
182.22.30.31 - - [03/Oct/2023:17:13:06 +0200] "GET /images/mini_prod/8445146076410.jpg HTTP/1.0" 200 269 "-" "Mozilla/5.0 (compatible; Y!J-WSC/1.0; +https://yahoo.jp/3BSZgF)"
157.90.182.25 - - [03/Oct/2023:17:13:05 +0200] "GET /accessories-c-3.html?page=8 HTTP/1.0" 200 96297 "-" "Mozilla/5.0 (compatible; BLEXBot/1.0; +http://webmeup-crawler.com/)"
157.90.182.25 - - [03/Oct/2023:17:13:11 +0200] "GET /banao-cotton-jute-basket-planter-p-57924.html HTTP/1.0" 200 76955 "-" "Mozilla/5.0 (compatible; BLEXBot/1.0; +http://webmeup-crawler.com/)"
157.90.182.25 - - [03/Oct/2023:17:13:13 +0200] "GET /accessories-c-3.html?page=9 HTTP/1.0" 200 96138 "-" "Mozilla/5.0 (compatible; BLEXBot/1.0; +http://webmeup-crawler.com/)"
157.90.182.25 - - [03/Oct/2023:17:13:16 +0200] "GET /banao-cotton-jute-basket-planter-p-57925.html HTTP/1.0" 200 76955 "-" "Mozilla/5.0 (compatible; BLEXBot/1.0; +http://webmeup-crawler.com/)"
157.90.182.25 - - [03/Oct/2023:17:13:19 +0200] "GET /accessories-mobiles-c-3_17.html?page=2 HTTP/1.0" 200 98287 "-" "Mozilla/5.0 (compatible; BLEXBot/1.0; +http://webmeup-crawler.com/)"
54.36.148.234 - - [03/Oct/2023:17:13:21 +0200] "GET /resin-bulldog-pink-lamp-p-60076.html HTTP/1.0" 200 77101 "-" "Mozilla/5.0 (compatible; AhrefsBot/7.0; +http://ahrefs.com/robot/)"
54.36.148.205 - - [03/Oct/2023:17:13:24 +0200] "GET /images/big_prod_1/5400924325152B.jpg HTTP/1.0" 200 271 "-" "Mozilla/5.0 (compatible; AhrefsBot/7.0; +http://ahrefs.com/robot/)"
157.90.182.25 - - [03/Oct/2023:17:13:24 +0200] "GET /banao-cotton-jute-basket-planter-p-57926.html HTTP/1.0" 200 76955 "-" "Mozilla/5.0 (compatible; BLEXBot/1.0; +http://webmeup-crawler.com/)"
54.36.149.14 - - [03/Oct/2023:17:13:26 +0200] "GET /images/big_prod_2/5400924325152C.jpg HTTP/1.0" 200 271 "-" "Mozilla/5.0 (compatible; AhrefsBot/7.0; +http://ahrefs.com/robot/)"
157.90.182.25 - - [03/Oct/2023:17:13:27 +0200] "GET /accessories-mobiles-c-3_17.html?page=3 HTTP/1.0" 200 97846 "-" "Mozilla/5.0 (compatible; BLEXBot/1.0; +http://webmeup-crawler.com/)"
157.90.182.25 - - [03/Oct/2023:17:13:30 +0200] "GET /barbabeau-postcard-p-19475.html HTTP/1.0" 200 76199 "-" "Mozilla/5.0 (compatible; BLEXBot/1.0; +http://webmeup-crawler.com/)"
157.90.182.25 - - [03/Oct/2023:17:13:35 +0200] "GET /accessories-mobiles-c-3_17.html?page=4 HTTP/1.0" 200 97906 "-" "Mozilla/5.0 (compatible; BLEXBot/1.0; +http://webmeup-crawler.com/)"
157.90.182.25 - - [03/Oct/2023:17:13:37 +0200] "GET /barbamama-birth-barbabib-p-16320.html HTTP/1.0" 200 76364 "-" "Mozilla/5.0 (compatible; BLEXBot/1.0; +http://webmeup-crawler.com/)"
157.90.182.25 - - [03/Oct/2023:17:13:41 +0200] "GET /accessories-mobiles-c-3_17.html?page=5 HTTP/1.0" 200 96180 "-" "Mozilla/5.0 (compatible; BLEXBot/1.0; +http://webmeup-crawler.com/)"
157.90.182.25 - - [03/Oct/2023:17:13:45 +0200] "GET /barbapapa-barbabravo-bottle-p-18846.html HTTP/1.0" 200 76790 "-" "Mozilla/5.0 (compatible; BLEXBot/1.0; +http://webmeup-crawler.com/)"
54.36.148.63 - - [03/Oct/2023:17:13:46 +0200] "GET /grey-lampshade-p-56791.html HTTP/1.0" 200 76986 "-" "Mozilla/5.0 (compatible; AhrefsBot/7.0; +http://ahrefs.com/robot/)"
157.90.182.25 - - [03/Oct/2023:17:13:48 +0200] "GET /adaptable-kitten-p-59520.html HTTP/1.0" 200 76907 "-" "Mozilla/5.0 (compatible; BLEXBot/1.0; +http://webmeup-crawler.com/)"
157.90.182.25 - - [03/Oct/2023:17:13:51 +0200] "GET /barbapapa-baroque-striped-canvas-totes-p-5788.html HTTP/1.0" 200 76511 "-" "Mozilla/5.0 (compatible; BLEXBot/1.0; +http://webmeup-crawler.com/)"
157.90.182.25 - - [03/Oct/2023:17:13:53 +0200] "GET /adonis-ecru-square-cushion-p-61011.html HTTP/1.0" 200 77327 "-" "Mozilla/5.0 (compatible; BLEXBot/1.0; +http://webmeup-crawler.com/)"
66.249.66.206 - - [03/Oct/2023:17:13:56 +0200] "GET /paris-cotton-adult-apron-p-41605.html HTTP/1.0" 200 73856 "-" "Mozilla/5.0 (compatible; Googlebot/2.1; +http://www.google.com/bot.html)"
157.90.182.25 - - [03/Oct/2023:17:13:59 +0200] "GET /adult-cotton-apron-angle-collection-p-39198.html HTTP/1.0" 200 76218 "-" "Mozilla/5.0 (compatible; BLEXBot/1.0; +http://webmeup-crawler.com/)"
157.90.182.25 - - [03/Oct/2023:17:14:05 +0200] "GET /adult-cotton-apron-manoir-collection-p-39043.html HTTP/1.0" 200 76213 "-" "Mozilla/5.0 (compatible; BLEXBot/1.0; +http://webmeup-crawler.com/)"
157.90.182.25 - - [03/Oct/2023:17:14:09 +0200] "GET /adult-cotton-apron-p-54326.html HTTP/1.0" 200 76661 "-" "Mozilla/5.0 (compatible; BLEXBot/1.0; +http://webmeup-crawler.com/)"
85.208.96.208 - - [03/Oct/2023:17:14:12 +0200] "GET /-p-52170.html HTTP/1.0" 200 73770 "-" "Mozilla/5.0 (compatible; SemrushBot/7~bl; +http://www.semrush.com/bot.html)"
157.90.182.25 - - [03/Oct/2023:17:14:14 +0200] "GET /barbapapa-black-shirt-p-29636.html HTTP/1.0" 200 77293 "-" "Mozilla/5.0 (compatible; BLEXBot/1.0; +http://webmeup-crawler.com/)"
157.90.182.25 - - [03/Oct/2023:17:14:14 +0200] "GET /adult-cotton-apron-p-54327.html HTTP/1.0" 200 76661 "-" "Mozilla/5.0 (compatible; BLEXBot/1.0; +http://webmeup-crawler.com/)"
85.208.96.211 - - [03/Oct/2023:17:14:15 +0200] "GET /luminous-guardian-angel-porcelain-heart-p-44967.html HTTP/1.0" 200 73916 "-" "Mozilla/5.0 (compatible; SemrushBot/7~bl; +http://www.semrush.com/bot.html)"
54.36.148.18 - - [03/Oct/2023:17:14:17 +0200] "GET /vintage-adult-apron-p-38481.html HTTP/1.0" 200 76103 "-" "Mozilla/5.0 (compatible; AhrefsBot/7.0; +http://ahrefs.com/robot/)"
157.90.182.25 - - [03/Oct/2023:17:14:20 +0200] "GET /barbapapa-pink-kids-school-p-14471.html HTTP/1.0" 200 76482 "-" "Mozilla/5.0 (compatible; BLEXBot/1.0; +http://webmeup-crawler.com/)"
157.90.182.25 - - [03/Oct/2023:17:14:21 +0200] "GET /adult-cotton-apron-stone-collection-p-40207.html HTTP/1.0" 200 76205 "-" "Mozilla/5.0 (compatible; BLEXBot/1.0; +http://webmeup-crawler.com/)"
157.90.182.25 - - [03/Oct/2023:17:14:26 +0200] "GET /barbapapa-pink-kids-school-p-14472.html HTTP/1.0" 200 76485 "-" "Mozilla/5.0 (compatible; BLEXBot/1.0; +http://webmeup-crawler.com/)"
157.90.182.25 - - [03/Oct/2023:17:14:27 +0200] "GET /adults-c-53.html?page=2 HTTP/1.0" 200 95355 "-" "Mozilla/5.0 (compatible; BLEXBot/1.0; +http://webmeup-crawler.com/)"
157.90.182.25 - - [03/Oct/2023:17:14:32 +0200] "GET /barbapapa-wooden-p-16076.html HTTP/1.0" 200 76281 "-" "Mozilla/5.0 (compatible; BLEXBot/1.0; +http://webmeup-crawler.com/)"
157.90.182.25 - - [03/Oct/2023:17:14:33 +0200] "GET /adults-c-53.html?page=3 HTTP/1.0" 200 94414 "-" "Mozilla/5.0 (compatible; BLEXBot/1.0; +http://webmeup-crawler.com/)"
157.90.182.25 - - [03/Oct/2023:17:14:38 +0200] "GET /barbazoo-birth-barbabib-p-16321.html HTTP/1.0" 200 76356 "-" "Mozilla/5.0 (compatible; BLEXBot/1.0; +http://webmeup-crawler.com/)"
157.90.182.25 - - [03/Oct/2023:17:14:40 +0200] "GET /adults-c-53.html?page=4 HTTP/1.0" 200 93337 "-" "Mozilla/5.0 (compatible; BLEXBot/1.0; +http://webmeup-crawler.com/)"
54.36.148.18 - - [03/Oct/2023:17:14:43 +0200] "GET /heart-home-friendly-stick-diffuser-crackling-wood-fire-p-58956.html HTTP/1.0" 200 77557 "-" "Mozilla/5.0 (compatible; AhrefsBot/7.0; +http://ahrefs.com/robot/)"
157.90.182.25 - - [03/Oct/2023:17:14:44 +0200] "GET /barbecue-aperitif-c-12_254.html?page=2 HTTP/1.0" 200 88260 "-" "Mozilla/5.0 (compatible; BLEXBot/1.0; +http://webmeup-crawler.com/)"
157.90.182.25 - - [03/Oct/2023:17:14:47 +0200] "GET /adults-c-53.html?page=5 HTTP/1.0" 200 93647 "-" "Mozilla/5.0 (compatible; BLEXBot/1.0; +http://webmeup-crawler.com/)"
54.36.148.119 - - [03/Oct/2023:17:14:50 +0200] "GET /images/big_prod_1/5051276457802C.jpg HTTP/1.0" 200 271 "-" "Mozilla/5.0 (compatible; AhrefsBot/7.0; +http://ahrefs.com/robot/)"
157.90.182.25 - - [03/Oct/2023:17:14:51 +0200] "GET /barbecue-metal-tray-p-47715.html HTTP/1.0" 200 76275 "-" "Mozilla/5.0 (compatible; BLEXBot/1.0; +http://webmeup-crawler.com/)"
157.90.182.25 - - [03/Oct/2023:17:14:52 +0200] "GET /adults-c-53.html?page=6 HTTP/1.0" 200 91543 "-" "Mozilla/5.0 (compatible; BLEXBot/1.0; +http://webmeup-crawler.com/)"
157.90.182.25 - - [03/Oct/2023:17:14:56 +0200] "GET /baskets-c-13_289.html?page=2 HTTP/1.0" 200 94336 "-" "Mozilla/5.0 (compatible; BLEXBot/1.0; +http://webmeup-crawler.com/)"
157.90.182.25 - - [03/Oct/2023:17:15:00 +0200] "GET /aged-ceramic-vase-p-58710.html HTTP/1.0" 200 76858 "-" "Mozilla/5.0 (compatible; BLEXBot/1.0; +http://webmeup-crawler.com/)"
54.36.148.128 - - [03/Oct/2023:17:15:07 +0200] "GET /blue-ginkgo-mini-tray-p-56802.html HTTP/1.0" 200 76194 "-" "Mozilla/5.0 (compatible; AhrefsBot/7.0; +http://ahrefs.com/robot/)"
157.90.182.25 - - [03/Oct/2023:17:15:09 +0200] "GET /aigle-cushion-p-33033.html HTTP/1.0" 200 76249 "-" "Mozilla/5.0 (compatible; BLEXBot/1.0; +http://webmeup-crawler.com/)"
157.90.182.25 - - [03/Oct/2023:17:15:15 +0200] "GET /aime-azur-little-tray-p-44547.html HTTP/1.0" 200 76273 "-" "Mozilla/5.0 (compatible; BLEXBot/1.0; +http://webmeup-crawler.com/)"
157.90.182.25 - - [03/Oct/2023:17:15:21 +0200] "GET /alarm-clock-cbkreation-p-24991.html HTTP/1.0" 200 76201 "-" "Mozilla/5.0 (compatible; BLEXBot/1.0; +http://webmeup-crawler.com/)"
157.90.182.25 - - [03/Oct/2023:17:15:23 +0200] "GET /baskets-c-13_289.html?page=3 HTTP/1.0" 200 94291 "-" "Mozilla/5.0 (compatible; BLEXBot/1.0; +http://webmeup-crawler.com/)"
157.90.182.25 - - [03/Oct/2023:17:15:28 +0200] "GET /alarm-clock-cbkreation-p-24993.html HTTP/1.0" 200 76201 "-" "Mozilla/5.0 (compatible; BLEXBot/1.0; +http://webmeup-crawler.com/)"
157.90.182.25 - - [03/Oct/2023:17:15:30 +0200] "GET /baskets-c-13_289.html?page=4 HTTP/1.0" 200 94510 "-" "Mozilla/5.0 (compatible; BLEXBot/1.0; +http://webmeup-crawler.com/)"
157.90.182.25 - - [03/Oct/2023:17:15:33 +0200] "GET /alarm-clock-cbkreation-p-24995.html HTTP/1.0" 200 76205 "-" "Mozilla/5.0 (compatible; BLEXBot/1.0; +http://webmeup-crawler.com/)"
157.90.182.25 - - [03/Oct/2023:17:15:38 +0200] "GET /alarm-clock-cbkreation-p-24996.html HTTP/1.0" 200 76205 "-" "Mozilla/5.0 (compatible; BLEXBot/1.0; +http://webmeup-crawler.com/)"
157.90.182.25 - - [03/Oct/2023:17:15:38 +0200] "GET /baskets-c-13_289.html?page=5 HTTP/1.0" 200 94262 "-" "Mozilla/5.0 (compatible; BLEXBot/1.0; +http://webmeup-crawler.com/)"
54.36.149.93 - - [03/Oct/2023:17:15:40 +0200] "GET /home-decoration-c-13.html?page=68 HTTP/1.0" 200 96041 "-" "Mozilla/5.0 (compatible; AhrefsBot/7.0; +http://ahrefs.com/robot/)"
157.90.182.25 - - [03/Oct/2023:17:15:45 +0200] "GET /alarm-clock-with-acoustic-sensor-p-58216.html HTTP/1.0" 200 76394 "-" "Mozilla/5.0 (compatible; BLEXBot/1.0; +http://webmeup-crawler.com/)"
157.90.182.25 - - [03/Oct/2023:17:15:46 +0200] "GET /baskets-c-13_289.html?page=6 HTTP/1.0" 200 89988 "-" "Mozilla/5.0 (compatible; BLEXBot/1.0; +http://webmeup-crawler.com/)"
157.90.182.25 - - [03/Oct/2023:17:15:53 +0200] "GET /bathroom-accessories-c-13_172.html?page=2 HTTP/1.0" 200 94025 "-" "Mozilla/5.0 (compatible; BLEXBot/1.0; +http://webmeup-crawler.com/)"
157.90.182.25 - - [03/Oct/2023:17:15:54 +0200] "GET /alarms-clocks-c-13_65.html?page=2 HTTP/1.0" 200 94705 "-" "Mozilla/5.0 (compatible; BLEXBot/1.0; +http://webmeup-crawler.com/)"
157.90.182.25 - - [03/Oct/2023:17:16:03 +0200] "GET /bathroom-accessories-c-13_172.html?page=3 HTTP/1.0" 200 89534 "-" "Mozilla/5.0 (compatible; BLEXBot/1.0; +http://webmeup-crawler.com/)"
54.36.148.246 - - [03/Oct/2023:17:16:07 +0200] "GET /indoor-buddha-fountain-p-48808.html HTTP/1.0" 200 76325 "-" "Mozilla/5.0 (compatible; AhrefsBot/7.0; +http://ahrefs.com/robot/)"
157.90.182.25 - - [03/Oct/2023:17:16:07 +0200] "GET /alarms-clocks-c-13_65.html?page=3 HTTP/1.0" 200 94803 "-" "Mozilla/5.0 (compatible; BLEXBot/1.0; +http://webmeup-crawler.com/)"
157.90.182.25 - - [03/Oct/2023:17:16:16 +0200] "GET /alarms-clocks-c-13_65.html?page=4 HTTP/1.0" 200 82763 "-" "Mozilla/5.0 (compatible; BLEXBot/1.0; +http://webmeup-crawler.com/)"
157.90.182.25 - - [03/Oct/2023:17:16:22 +0200] "GET /alarms-clocks-clocks-and-watches/alarms-clocks/nici-cat-mini-alarm-clock-p-10089.html HTTP/1.0" 301 73837 "-" "Mozilla/5.0 (compatible; BLEXBot/1.0; +http://webmeup-crawler.com/)"
157.90.182.25 - - [03/Oct/2023:17:16:23 +0200] "GET /-p-10089.html HTTP/1.0" 200 73770 "-" "Mozilla/5.0 (compatible; BLEXBot/1.0; +http://webmeup-crawler.com/)"
157.90.182.25 - - [03/Oct/2023:17:16:26 +0200] "GET /batista-pencil-p-13877.html HTTP/1.0" 200 76212 "-" "Mozilla/5.0 (compatible; BLEXBot/1.0; +http://webmeup-crawler.com/)"
157.90.182.25 - - [03/Oct/2023:17:16:30 +0200] "GET /alarms-clocks-clocks-and-watches/alarms-clocks/winnie-the-pooh-alarm-clock-p-1927.html HTTP/1.0" 301 683 "-" "Mozilla/5.0 (compatible; BLEXBot/1.0; +http://webmeup-crawler.com/)"
157.90.182.25 - - [03/Oct/2023:17:16:30 +0200] "GET /alarms-clocks-clocks-and-watches/alarms-clocks/winnie-the-pooh-alarm-clock-p-1927.html HTTP/1.0" 301 73834 "-" "Mozilla/5.0 (compatible; BLEXBot/1.0; +http://webmeup-crawler.com/)"
157.90.182.25 - - [03/Oct/2023:17:16:32 +0200] "GET /-p-1927.html HTTP/1.0" 200 73768 "-" "Mozilla/5.0 (compatible; BLEXBot/1.0; +http://webmeup-crawler.com/)"
157.90.182.25 - - [03/Oct/2023:17:16:32 +0200] "GET /batman-black-shirt-p-29544.html HTTP/1.0" 200 77236 "-" "Mozilla/5.0 (compatible; BLEXBot/1.0; +http://webmeup-crawler.com/)"
157.90.182.25 - - [03/Oct/2023:17:16:38 +0200] "GET /alarms-clocks-clocks-and-watches/alarms-clocks/winnie-the-pooh-alarm-clock-p-1928.html HTTP/1.0" 301 683 "-" "Mozilla/5.0 (compatible; BLEXBot/1.0; +http://webmeup-crawler.com/)"
157.90.182.25 - - [03/Oct/2023:17:16:38 +0200] "GET /alarms-clocks-clocks-and-watches/alarms-clocks/winnie-the-pooh-alarm-clock-p-1928.html HTTP/1.0" 301 73834 "-" "Mozilla/5.0 (compatible; BLEXBot/1.0; +http://webmeup-crawler.com/)"
157.90.182.25 - - [03/Oct/2023:17:16:38 +0200] "GET /batman-joker-figures-p-27766.html HTTP/1.0" 200 76279 "-" "Mozilla/5.0 (compatible; BLEXBot/1.0; +http://webmeup-crawler.com/)"
157.90.182.25 - - [03/Oct/2023:17:16:39 +0200] "GET /-p-1928.html HTTP/1.0" 200 73768 "-" "Mozilla/5.0 (compatible; BLEXBot/1.0; +http://webmeup-crawler.com/)"
54.36.148.216 - - [03/Oct/2023:17:16:43 +0200] "GET /potholder-lavender-shades-p-58535.html HTTP/1.0" 200 76852 "-" "Mozilla/5.0 (compatible; AhrefsBot/7.0; +http://ahrefs.com/robot/)"
157.90.182.25 - - [03/Oct/2023:17:16:44 +0200] "GET /batman-shirt-p-29543.html HTTP/1.0" 200 77189 "-" "Mozilla/5.0 (compatible; BLEXBot/1.0; +http://webmeup-crawler.com/)"
157.90.182.25 - - [03/Oct/2023:17:16:45 +0200] "GET /aldabra-carpet-p-60112.html HTTP/1.0" 200 77240 "-" "Mozilla/5.0 (compatible; BLEXBot/1.0; +http://webmeup-crawler.com/)"
157.90.182.25 - - [03/Oct/2023:17:16:50 +0200] "GET /bear-decoration-p-41951.html HTTP/1.0" 200 76227 "-" "Mozilla/5.0 (compatible; BLEXBot/1.0; +http://webmeup-crawler.com/)"
157.90.182.25 - - [03/Oct/2023:17:16:52 +0200] "GET /alice-wonderland-jewelry-p-56304.html HTTP/1.0" 200 77268 "-" "Mozilla/5.0 (compatible; BLEXBot/1.0; +http://webmeup-crawler.com/)"
157.90.182.25 - - [03/Oct/2023:17:16:57 +0200] "GET /bear-decoration-p-56570.html HTTP/1.0" 200 76839 "-" "Mozilla/5.0 (compatible; BLEXBot/1.0; +http://webmeup-crawler.com/)"
157.90.182.25 - - [03/Oct/2023:17:16:59 +0200] "GET /alice-wonderland-scarf-p-56848.html HTTP/1.0" 200 76844 "-" "Mozilla/5.0 (compatible; BLEXBot/1.0; +http://webmeup-crawler.com/)"
157.90.182.25 - - [03/Oct/2023:17:17:06 +0200] "GET /allen-decorated-cotton-coin-purse-flamingo-p-58303.html HTTP/1.0" 200 76954 "-" "Mozilla/5.0 (compatible; BLEXBot/1.0; +http://webmeup-crawler.com/)"
157.90.182.25 - - [03/Oct/2023:17:17:08 +0200] "GET /bear-dish-cake-p-45121.html HTTP/1.0" 200 76078 "-" "Mozilla/5.0 (compatible; BLEXBot/1.0; +http://webmeup-crawler.com/)"
54.36.148.87 - - [03/Oct/2023:17:17:10 +0200] "GET /valdrome-kalian-napkin-made-france-p-43970.html HTTP/1.0" 200 76935 "-" "Mozilla/5.0 (compatible; AhrefsBot/7.0; +http://ahrefs.com/robot/)"
54.36.148.134 - - [03/Oct/2023:17:17:14 +0200] "GET /images/big_prod/HAVELI.jpg HTTP/1.0" 200 261 "-" "Mozilla/5.0 (compatible; AhrefsBot/7.0; +http://ahrefs.com/robot/)"
157.90.182.25 - - [03/Oct/2023:17:17:17 +0200] "GET /allen-decorated-cotton-coin-purse-koala-p-58305.html HTTP/1.0" 200 76953 "-" "Mozilla/5.0 (compatible; BLEXBot/1.0; +http://webmeup-crawler.com/)"
157.90.182.25 - - [03/Oct/2023:17:17:24 +0200] "GET /allen-decorated-cotton-coin-purse-p-58302.html HTTP/1.0" 200 76946 "-" "Mozilla/5.0 (compatible; BLEXBot/1.0; +http://webmeup-crawler.com/)"
157.90.182.25 - - [03/Oct/2023:17:17:31 +0200] "GET /allen-decorated-cotton-coin-purse-p-58304.html HTTP/1.0" 200 76931 "-" "Mozilla/5.0 (compatible; BLEXBot/1.0; +http://webmeup-crawler.com/)"
157.90.182.25 - - [03/Oct/2023:17:17:33 +0200] "GET /bear-pedestal-table-resin-p-53461.html HTTP/1.0" 200 76791 "-" "Mozilla/5.0 (compatible; BLEXBot/1.0; +http://webmeup-crawler.com/)"
157.90.182.25 - - [03/Oct/2023:17:17:37 +0200] "GET /allen-decorated-cotton-flat-pouch-koala-p-58298.html HTTP/1.0" 200 76959 "-" "Mozilla/5.0 (compatible; BLEXBot/1.0; +http://webmeup-crawler.com/)"
157.90.182.25 - - [03/Oct/2023:17:17:39 +0200] "GET /bear-pocket-warmer-p-58831.html HTTP/1.0" 200 76991 "-" "Mozilla/5.0 (compatible; BLEXBot/1.0; +http://webmeup-crawler.com/)"
157.90.182.25 - - [03/Oct/2023:17:17:46 +0200] "GET /allen-decorated-cotton-flat-pouch-p-58297.html HTTP/1.0" 200 76957 "-" "Mozilla/5.0 (compatible; BLEXBot/1.0; +http://webmeup-crawler.com/)"
157.90.182.25 - - [03/Oct/2023:17:17:46 +0200] "GET /beatles-abbey-road-carry-calling-cards-p-19517.html HTTP/1.0" 200 76525 "-" "Mozilla/5.0 (compatible; BLEXBot/1.0; +http://webmeup-crawler.com/)"
54.36.149.87 - - [03/Oct/2023:17:17:48 +0200] "GET /angel-rose-quartz-p-48899.html HTTP/1.0" 200 76356 "-" "Mozilla/5.0 (compatible; AhrefsBot/7.0; +http://ahrefs.com/robot/)"
157.90.182.25 - - [03/Oct/2023:17:17:52 +0200] "GET /allen-decorated-cotton-flat-pouch-pink-flamingos-p-58296.html HTTP/1.0" 200 77021 "-" "Mozilla/5.0 (compatible; BLEXBot/1.0; +http://webmeup-crawler.com/)"
157.90.182.25 - - [03/Oct/2023:17:17:55 +0200] "GET /beatles-cosmetic-p-7114.html HTTP/1.0" 200 76979 "-" "Mozilla/5.0 (compatible; BLEXBot/1.0; +http://webmeup-crawler.com/)"
157.90.182.25 - - [03/Oct/2023:17:18:00 +0200] "GET /allen-desings-blooms-little-tray-p-55431.html HTTP/1.0" 200 76961 "-" "Mozilla/5.0 (compatible; BLEXBot/1.0; +http://webmeup-crawler.com/)"
185.191.171.18 - - [03/Oct/2023:17:18:05 +0200] "GET /-p-49284.html HTTP/1.0" 200 73770 "-" "Mozilla/5.0 (compatible; SemrushBot/7~bl; +http://www.semrush.com/bot.html)"
157.90.182.25 - - [03/Oct/2023:17:18:05 +0200] "GET /beatles-cover-smartphone-p-8883.html HTTP/1.0" 200 76402 "-" "Mozilla/5.0 (compatible; BLEXBot/1.0; +http://webmeup-crawler.com/)"
157.90.182.25 - - [03/Oct/2023:17:18:08 +0200] "GET /allen-desings-crazy-little-tray-p-55430.html HTTP/1.0" 200 76998 "-" "Mozilla/5.0 (compatible; BLEXBot/1.0; +http://webmeup-crawler.com/)"
54.36.148.33 - - [03/Oct/2023:17:18:11 +0200] "GET /little-buddha-collection-keychain-p-53302.html HTTP/1.0" 200 76219 "-" "Mozilla/5.0 (compatible; AhrefsBot/7.0; +http://ahrefs.com/robot/)"
157.90.182.25 - - [03/Oct/2023:17:18:15 +0200] "GET /beatles-cover-smartphone-p-8884.html HTTP/1.0" 200 77022 "-" "Mozilla/5.0 (compatible; BLEXBot/1.0; +http://webmeup-crawler.com/)"
157.90.182.25 - - [03/Oct/2023:17:18:17 +0200] "GET /allen-desings-wine-little-tray-p-44320.html HTTP/1.0" 200 76318 "-" "Mozilla/5.0 (compatible; BLEXBot/1.0; +http://webmeup-crawler.com/)"
157.90.182.25 - - [03/Oct/2023:17:18:24 +0200] "GET /allen-desings-wine-little-tray-p-44321.html HTTP/1.0" 200 76332 "-" "Mozilla/5.0 (compatible; BLEXBot/1.0; +http://webmeup-crawler.com/)"
157.90.182.25 - - [03/Oct/2023:17:18:29 +0200] "GET /allen-pill-flowers-p-51384.html HTTP/1.0" 200 76868 "-" "Mozilla/5.0 (compatible; BLEXBot/1.0; +http://webmeup-crawler.com/)"
157.90.182.25 - - [03/Oct/2023:17:18:34 +0200] "GET /allen-pill-make-happen-p-51385.html HTTP/1.0" 200 76932 "-" "Mozilla/5.0 (compatible; BLEXBot/1.0; +http://webmeup-crawler.com/)"
157.90.182.25 - - [03/Oct/2023:17:18:37 +0200] "GET /beatles-metal-case-business-cards-p-11854.html HTTP/1.0" 200 76351 "-" "Mozilla/5.0 (compatible; BLEXBot/1.0; +http://webmeup-crawler.com/)"
157.90.182.25 - - [03/Oct/2023:17:18:39 +0200] "GET /allen-pill-p-51382.html HTTP/1.0" 200 76772 "-" "Mozilla/5.0 (compatible; BLEXBot/1.0; +http://webmeup-crawler.com/)"
157.90.182.25 - - [03/Oct/2023:17:18:43 +0200] "GET /beatles-notebook-p-17107.html HTTP/1.0" 200 76887 "-" "Mozilla/5.0 (compatible; BLEXBot/1.0; +http://webmeup-crawler.com/)"
157.90.182.25 - - [03/Oct/2023:17:18:45 +0200] "GET /american-blue-p-33082.html HTTP/1.0" 200 76119 "-" "Mozilla/5.0 (compatible; BLEXBot/1.0; +http://webmeup-crawler.com/)"
54.36.148.151 - - [03/Oct/2023:17:18:46 +0200] "GET /placemat-little-prince-p-59073.html HTTP/1.0" 200 76727 "-" "Mozilla/5.0 (compatible; AhrefsBot/7.0; +http://ahrefs.com/robot/)"
157.90.182.25 - - [03/Oct/2023:17:18:49 +0200] "GET /beatles-retro-multifunction-p-8085.html HTTP/1.0" 200 76423 "-" "Mozilla/5.0 (compatible; BLEXBot/1.0; +http://webmeup-crawler.com/)"
54.36.149.42 - - [03/Oct/2023:17:18:51 +0200] "GET /images/big_prod_1/3700572774220a.jpg HTTP/1.0" 200 271 "-" "Mozilla/5.0 (compatible; AhrefsBot/7.0; +http://ahrefs.com/robot/)"
157.90.182.25 - - [03/Oct/2023:17:18:52 +0200] "GET /american-green-p-33081.html HTTP/1.0" 200 76127 "-" "Mozilla/5.0 (compatible; BLEXBot/1.0; +http://webmeup-crawler.com/)"
54.36.148.85 - - [03/Oct/2023:17:18:54 +0200] "GET /images/big_prod/3700572774220.jpg HTTP/1.0" 200 268 "-" "Mozilla/5.0 (compatible; AhrefsBot/7.0; +http://ahrefs.com/robot/)"
157.90.182.25 - - [03/Oct/2023:17:18:53 +0200] "GET /beatles-story-notebook-p-17105.html HTTP/1.0" 200 77890 "-" "Mozilla/5.0 (compatible; BLEXBot/1.0; +http://webmeup-crawler.com/)"
157.90.182.25 - - [03/Oct/2023:17:18:58 +0200] "GET /american-legend-full-service-mirror-p-21293.html HTTP/1.0" 200 76127 "-" "Mozilla/5.0 (compatible; BLEXBot/1.0; +http://webmeup-crawler.com/)"
157.90.182.25 - - [03/Oct/2023:17:18:59 +0200] "GET /beautiful-tassen-salad-bowl-made-germany-p-43296.html HTTP/1.0" 200 76409 "-" "Mozilla/5.0 (compatible; BLEXBot/1.0; +http://webmeup-crawler.com/)"
157.90.182.25 - - [03/Oct/2023:17:19:04 +0200] "GET /american-orange-p-33102.html HTTP/1.0" 200 76135 "-" "Mozilla/5.0 (compatible; BLEXBot/1.0; +http://webmeup-crawler.com/)"
157.90.182.25 - - [03/Oct/2023:17:19:06 +0200] "GET /beauty-nail-black-p-30015.html HTTP/1.0" 200 76205 "-" "Mozilla/5.0 (compatible; BLEXBot/1.0; +http://webmeup-crawler.com/)"
157.90.182.25 - - [03/Oct/2023:17:19:10 +0200] "GET /american-p-33079.html HTTP/1.0" 200 76103 "-" "Mozilla/5.0 (compatible; BLEXBot/1.0; +http://webmeup-crawler.com/)"
157.90.182.25 - - [03/Oct/2023:17:19:12 +0200] "GET /beauty-nail-p-29232.html HTTP/1.0" 200 76180 "-" "Mozilla/5.0 (compatible; BLEXBot/1.0; +http://webmeup-crawler.com/)"
54.36.148.164 - - [03/Oct/2023:17:19:16 +0200] "GET /free-cold-beer-wall-bottle-opener-p-36858.html HTTP/1.0" 200 76259 "-" "Mozilla/5.0 (compatible; AhrefsBot/7.0; +http://ahrefs.com/robot/)"
157.90.182.25 - - [03/Oct/2023:17:19:17 +0200] "GET /amys-birds-p-57972.html HTTP/1.0" 200 77137 "-" "Mozilla/5.0 (compatible; BLEXBot/1.0; +http://webmeup-crawler.com/)"
54.36.149.24 - - [03/Oct/2023:17:19:19 +0200] "GET /images/big_prod/1384010200575.jpg HTTP/1.0" 200 268 "-" "Mozilla/5.0 (compatible; AhrefsBot/7.0; +http://ahrefs.com/robot/)"
157.90.182.25 - - [03/Oct/2023:17:19:18 +0200] "GET /beauty-nail-p-34824.html HTTP/1.0" 200 76190 "-" "Mozilla/5.0 (compatible; BLEXBot/1.0; +http://webmeup-crawler.com/)"
157.90.182.25 - - [03/Oct/2023:17:19:25 +0200] "GET /ananas-cube-p-42517.html HTTP/1.0" 200 76105 "-" "Mozilla/5.0 (compatible; BLEXBot/1.0; +http://webmeup-crawler.com/)"
157.90.182.25 - - [03/Oct/2023:17:19:30 +0200] "GET /anarchy-trendy-earphone-p-48310.html HTTP/1.0" 200 76437 "-" "Mozilla/5.0 (compatible; BLEXBot/1.0; +http://webmeup-crawler.com/)"
157.90.182.25 - - [03/Oct/2023:17:19:36 +0200] "GET /angel-aventurin-p-47021.html HTTP/1.0" 200 76328 "-" "Mozilla/5.0 (compatible; BLEXBot/1.0; +http://webmeup-crawler.com/)"
157.90.182.25 - - [03/Oct/2023:17:19:42 +0200] "GET /bedclothes-gomix-p-51703.html HTTP/1.0" 200 76272 "-" "Mozilla/5.0 (compatible; BLEXBot/1.0; +http://webmeup-crawler.com/)"
157.90.182.25 - - [03/Oct/2023:17:19:43 +0200] "GET /angel-basket-roses-small-p-34195.html HTTP/1.0" 200 76355 "-" "Mozilla/5.0 (compatible; BLEXBot/1.0; +http://webmeup-crawler.com/)"
157.90.182.25 - - [03/Oct/2023:17:19:48 +0200] "GET /bedclothes-p-57627.html HTTP/1.0" 200 76810 "-" "Mozilla/5.0 (compatible; BLEXBot/1.0; +http://webmeup-crawler.com/)"
157.90.182.25 - - [03/Oct/2023:17:19:49 +0200] "GET /angel-bell-metal-p-38732.html HTTP/1.0" 200 76125 "-" "Mozilla/5.0 (compatible; BLEXBot/1.0; +http://webmeup-crawler.com/)"
157.90.182.25 - - [03/Oct/2023:17:19:54 +0200] "GET /angel-glitter-ball-p-27608.html HTTP/1.0" 200 76342 "-" "Mozilla/5.0 (compatible; BLEXBot/1.0; +http://webmeup-crawler.com/)"
157.90.182.25 - - [03/Oct/2023:17:19:54 +0200] "GET /bedding-protection-c-11_192.html?page=2 HTTP/1.0" 200 81864 "-" "Mozilla/5.0 (compatible; BLEXBot/1.0; +http://webmeup-crawler.com/)"
54.36.149.44 - - [03/Oct/2023:17:19:59 +0200] "GET /heart-home-bamboo-spiced-apple-cinnamon-p-58989.html HTTP/1.0" 200 77204 "-" "Mozilla/5.0 (compatible; AhrefsBot/7.0; +http://ahrefs.com/robot/)"
157.90.182.25 - - [03/Oct/2023:17:20:02 +0200] "GET /angel-glitter-ball-p-27609.html HTTP/1.0" 200 76342 "-" "Mozilla/5.0 (compatible; BLEXBot/1.0; +http://webmeup-crawler.com/)"
157.90.182.25 - - [03/Oct/2023:17:20:01 +0200] "GET /beer-capsule-collector-p-53782.html HTTP/1.0" 200 76895 "-" "Mozilla/5.0 (compatible; BLEXBot/1.0; +http://webmeup-crawler.com/)"
54.36.148.21 - - [03/Oct/2023:17:20:06 +0200] "GET /images/big_prod/5051276457758.jpg HTTP/1.0" 200 268 "-" "Mozilla/5.0 (compatible; AhrefsBot/7.0; +http://ahrefs.com/robot/)"
157.90.182.25 - - [03/Oct/2023:17:20:09 +0200] "GET /angel-glitter-ball-p-27610.html HTTP/1.0" 200 76342 "-" "Mozilla/5.0 (compatible; BLEXBot/1.0; +http://webmeup-crawler.com/)"
157.90.182.25 - - [03/Oct/2023:17:20:09 +0200] "GET /beer-glass-bottle-opener-p-53485.html HTTP/1.0" 200 77147 "-" "Mozilla/5.0 (compatible; BLEXBot/1.0; +http://webmeup-crawler.com/)"
157.90.182.25 - - [03/Oct/2023:17:20:14 +0200] "GET /angel-glitter-ball-p-27611.html HTTP/1.0" 200 76342 "-" "Mozilla/5.0 (compatible; BLEXBot/1.0; +http://webmeup-crawler.com/)"
157.90.182.25 - - [03/Oct/2023:17:20:17 +0200] "GET /beer-glass-bottle-opener-p-53489.html HTTP/1.0" 200 77146 "-" "Mozilla/5.0 (compatible; BLEXBot/1.0; +http://webmeup-crawler.com/)"
157.90.182.25 - - [03/Oct/2023:17:20:18 +0200] "GET /angel-lapis-lazuli-p-48900.html HTTP/1.0" 200 76361 "-" "Mozilla/5.0 (compatible; BLEXBot/1.0; +http://webmeup-crawler.com/)"
157.90.182.25 - - [03/Oct/2023:17:20:23 +0200] "GET /beer-metal-tray-p-48335.html HTTP/1.0" 200 76237 "-" "Mozilla/5.0 (compatible; BLEXBot/1.0; +http://webmeup-crawler.com/)"
54.36.148.143 - - [03/Oct/2023:17:20:24 +0200] "GET /cotton-floor-cushion-ombeline-p-59764.html HTTP/1.0" 200 77216 "-" "Mozilla/5.0 (compatible; AhrefsBot/7.0; +http://ahrefs.com/robot/)"
157.90.182.25 - - [03/Oct/2023:17:20:25 +0200] "GET /angel-memo-clip-p-47105.html HTTP/1.0" 200 76087 "-" "Mozilla/5.0 (compatible; BLEXBot/1.0; +http://webmeup-crawler.com/)"
54.36.148.133 - - [03/Oct/2023:17:20:32 +0200] "GET /images/big_prod_2/3665269237238a.jpg HTTP/1.0" 200 271 "-" "Mozilla/5.0 (compatible; AhrefsBot/7.0; +http://ahrefs.com/robot/)"
157.90.182.25 - - [03/Oct/2023:17:20:31 +0200] "GET /angel-rose-quartz-p-48899.html HTTP/1.0" 200 76356 "-" "Mozilla/5.0 (compatible; BLEXBot/1.0; +http://webmeup-crawler.com/)"
54.36.148.8 - - [03/Oct/2023:17:20:33 +0200] "GET /images/big_prod/3665269237238.jpg HTTP/1.0" 200 268 "-" "Mozilla/5.0 (compatible; AhrefsBot/7.0; +http://ahrefs.com/robot/)"
157.90.182.25 - - [03/Oct/2023:17:20:38 +0200] "GET /angel-sodalite-p-48901.html HTTP/1.0" 200 76341 "-" "Mozilla/5.0 (compatible; BLEXBot/1.0; +http://webmeup-crawler.com/)"
157.90.182.25 - - [03/Oct/2023:17:20:46 +0200] "GET /beige-adult-cotton-apron-p-44362.html HTTP/1.0" 200 76121 "-" "Mozilla/5.0 (compatible; BLEXBot/1.0; +http://webmeup-crawler.com/)"
157.90.182.25 - - [03/Oct/2023:17:20:47 +0200] "GET /angel-wings-black-shirt-cbkreation-p-30122.html HTTP/1.0" 200 77231 "-" "Mozilla/5.0 (compatible; BLEXBot/1.0; +http://webmeup-crawler.com/)"
54.36.148.225 - - [03/Oct/2023:17:20:49 +0200] "GET /stackable-cups-vilains-garons-p-57613.html HTTP/1.0" 200 76935 "-" "Mozilla/5.0 (compatible; AhrefsBot/7.0; +http://ahrefs.com/robot/)"
157.90.182.25 - - [03/Oct/2023:17:20:53 +0200] "GET /angeles-retro-ottoman-storage-p-50178.html HTTP/1.0" 200 77042 "-" "Mozilla/5.0 (compatible; BLEXBot/1.0; +http://webmeup-crawler.com/)"
157.90.182.25 - - [03/Oct/2023:17:20:54 +0200] "GET /beige-ceramic-lamp-p-61006.html HTTP/1.0" 200 76834 "-" "Mozilla/5.0 (compatible; BLEXBot/1.0; +http://webmeup-crawler.com/)"
54.36.148.217 - - [03/Oct/2023:17:20:58 +0200] "GET /images/big_prod/3660173245317.jpg HTTP/1.0" 200 268 "-" "Mozilla/5.0 (compatible; AhrefsBot/7.0; +http://ahrefs.com/robot/)"
157.90.182.25 - - [03/Oct/2023:17:20:58 +0200] "GET /angry-birds-light-figurine-p-19143.html HTTP/1.0" 200 76343 "-" "Mozilla/5.0 (compatible; BLEXBot/1.0; +http://webmeup-crawler.com/)"
157.90.182.25 - - [03/Oct/2023:17:21:00 +0200] "GET /beige-eyelet-curtain-p-39036.html HTTP/1.0" 200 78362 "-" "Mozilla/5.0 (compatible; BLEXBot/1.0; +http://webmeup-crawler.com/)"
157.90.182.25 - - [03/Oct/2023:17:21:03 +0200] "GET /angry-birds-p-19142.html HTTP/1.0" 200 76282 "-" "Mozilla/5.0 (compatible; BLEXBot/1.0; +http://webmeup-crawler.com/)"
103.136.221.62 - - [03/Oct/2023:17:21:06 +0200] "GET /images/mini_prod/1384010205242B.jpg HTTP/1.0" 200 270 "-" "Mozilla/5.0 (X11; Ubuntu; Linux x86_64; rv:72.0) Gecko/20100101 Firefox/72.0"
157.90.182.25 - - [03/Oct/2023:17:21:08 +0200] "GET /beige-metal-chandelier-p-58723.html HTTP/1.0" 200 76976 "-" "Mozilla/5.0 (compatible; BLEXBot/1.0; +http://webmeup-crawler.com/)"
157.90.182.25 - - [03/Oct/2023:17:21:12 +0200] "GET /angry-birds-pencil-p-19131.html HTTP/1.0" 200 76331 "-" "Mozilla/5.0 (compatible; BLEXBot/1.0; +http://webmeup-crawler.com/)"
157.90.182.25 - - [03/Oct/2023:17:21:14 +0200] "GET /beige-metal-chandelier-p-58727.html HTTP/1.0" 200 76979 "-" "Mozilla/5.0 (compatible; BLEXBot/1.0; +http://webmeup-crawler.com/)"
157.90.182.25 - - [03/Oct/2023:17:21:16 +0200] "GET /angry-birds-sports-p-29472.html HTTP/1.0" 200 76363 "-" "Mozilla/5.0 (compatible; BLEXBot/1.0; +http://webmeup-crawler.com/)"
54.36.149.35 - - [03/Oct/2023:17:21:16 +0200] "GET /table-lamp-metal-gold-color-p-58736.html HTTP/1.0" 200 77093 "-" "Mozilla/5.0 (compatible; AhrefsBot/7.0; +http://ahrefs.com/robot/)"
71.18.255.94 - - [03/Oct/2023:17:21:20 +0200] "GET /images/mini_prod/1399984220306.jpg HTTP/1.0" 200 269 "-" "Mozilla/5.0 (X11; Ubuntu; Linux x86_64; rv:72.0) Gecko/20100101 Firefox/72.0"
