54.36.148.196 - - [03/Oct/2023:22:19:17 +0200] "GET /mickey-figure-collection-romano-britto-p-23114.html HTTP/1.0" 200 73918 "-" "Mozilla/5.0 (compatible; AhrefsBot/7.0; +http://ahrefs.com/robot/)"
157.90.182.25 - - [03/Oct/2023:22:19:20 +0200] "GET /pucca-funny-love-mouse-p-2463.html HTTP/1.0" 200 76311 "-" "Mozilla/5.0 (compatible; BLEXBot/1.0; +http://webmeup-crawler.com/)"
216.244.66.242 - - [03/Oct/2023:22:19:21 +0200] "GET /pink-kitchen-towel-p-55171.html HTTP/1.0" 200 76737 "-" "Mozilla/5.0 (compatible; DotBot/1.2; +https://opensiteexplorer.org/dotbot; help@moz.com)"
157.90.182.25 - - [03/Oct/2023:22:19:25 +0200] "GET /pucca-p-22263.html HTTP/1.0" 200 76133 "-" "Mozilla/5.0 (compatible; BLEXBot/1.0; +http://webmeup-crawler.com/)"
157.90.182.25 - - [03/Oct/2023:22:19:30 +0200] "GET /pucca-p-22264.html HTTP/1.0" 200 76133 "-" "Mozilla/5.0 (compatible; BLEXBot/1.0; +http://webmeup-crawler.com/)"
216.244.66.242 - - [03/Oct/2023:22:19:31 +0200] "GET /tinkerbell-parka-p-31261.html HTTP/1.0" 200 77326 "-" "Mozilla/5.0 (compatible; DotBot/1.2; +https://opensiteexplorer.org/dotbot; help@moz.com)"
157.90.182.25 - - [03/Oct/2023:22:19:35 +0200] "GET /pucca-p-22265.html HTTP/1.0" 200 76156 "-" "Mozilla/5.0 (compatible; BLEXBot/1.0; +http://webmeup-crawler.com/)"
85.208.96.197 - - [03/Oct/2023:22:19:37 +0200] "GET /egyptian-bust-black-gold-nefertiti-p-54285.html HTTP/1.0" 200 73908 "-" "Mozilla/5.0 (compatible; SemrushBot/7~bl; +http://www.semrush.com/bot.html)"
157.90.182.25 - - [03/Oct/2023:22:19:39 +0200] "GET /pucca-p-22266.html HTTP/1.0" 200 76138 "-" "Mozilla/5.0 (compatible; BLEXBot/1.0; +http://webmeup-crawler.com/)"
157.55.39.10 - - [03/Oct/2023:22:19:47 +0200] "GET /mtal-signs-c-13_130.html HTTP/1.0" 200 96576 "-" "Mozilla/5.0 AppleWebKit/537.36 (KHTML, like Gecko; compatible; bingbot/2.0; +http://www.bing.com/bingbot.htm) Chrome/103.0.5060.134 Safari/537.36"
157.90.182.25 - - [03/Oct/2023:22:19:49 +0200] "GET /pucca-pencil-case-p-2966.html HTTP/1.0" 200 76231 "-" "Mozilla/5.0 (compatible; BLEXBot/1.0; +http://webmeup-crawler.com/)"
216.244.66.242 - - [03/Oct/2023:22:19:52 +0200] "GET /volkswagen-saltshaker-pepper-p-35133.html HTTP/1.0" 200 73888 "-" "Mozilla/5.0 (compatible; DotBot/1.2; +https://opensiteexplorer.org/dotbot; help@moz.com)"
54.36.148.47 - - [03/Oct/2023:22:19:53 +0200] "GET /naruto-picture-frame-p-1481.html HTTP/1.0" 200 76151 "-" "Mozilla/5.0 (compatible; AhrefsBot/7.0; +http://ahrefs.com/robot/)"
157.90.182.25 - - [03/Oct/2023:22:19:56 +0200] "GET /pucca-tights-p-34658.html HTTP/1.0" 200 77166 "-" "Mozilla/5.0 (compatible; BLEXBot/1.0; +http://webmeup-crawler.com/)"
157.90.182.25 - - [03/Oct/2023:22:20:03 +0200] "GET /pucca-towel-p-2355.html HTTP/1.0" 200 76182 "-" "Mozilla/5.0 (compatible; BLEXBot/1.0; +http://webmeup-crawler.com/)"
157.90.182.25 - - [03/Oct/2023:22:20:10 +0200] "GET /pucca-yakusa-wallet-p-20523.html HTTP/1.0" 200 76529 "-" "Mozilla/5.0 (compatible; BLEXBot/1.0; +http://webmeup-crawler.com/)"
157.90.182.25 - - [03/Oct/2023:22:20:16 +0200] "GET /pulp-fiction-pencil-case-p-36356.html HTTP/1.0" 200 76191 "-" "Mozilla/5.0 (compatible; BLEXBot/1.0; +http://webmeup-crawler.com/)"
157.90.182.25 - - [03/Oct/2023:22:20:21 +0200] "GET /pulp-fiction-zombis-poster-p-32264.html HTTP/1.0" 200 76176 "-" "Mozilla/5.0 (compatible; BLEXBot/1.0; +http://webmeup-crawler.com/)"
157.90.182.25 - - [03/Oct/2023:22:20:26 +0200] "GET /punisher-figure-p-23425.html HTTP/1.0" 200 76265 "-" "Mozilla/5.0 (compatible; BLEXBot/1.0; +http://webmeup-crawler.com/)"
54.36.148.186 - - [03/Oct/2023:22:20:31 +0200] "GET /bear-dish-cake-p-45121.html HTTP/1.0" 200 76078 "-" "Mozilla/5.0 (compatible; AhrefsBot/7.0; +http://ahrefs.com/robot/)"
157.90.182.25 - - [03/Oct/2023:22:20:32 +0200] "GET /puppies-boots-wildside-poster-p-25820.html HTTP/1.0" 200 76177 "-" "Mozilla/5.0 (compatible; BLEXBot/1.0; +http://webmeup-crawler.com/)"
54.36.148.159 - - [03/Oct/2023:22:20:36 +0200] "GET /images/big_prod/3560600303088.jpg HTTP/1.0" 200 268 "-" "Mozilla/5.0 (compatible; AhrefsBot/7.0; +http://ahrefs.com/robot/)"
157.90.182.25 - - [03/Oct/2023:22:20:38 +0200] "GET /puppies-glass-clock-p-27209.html HTTP/1.0" 200 76106 "-" "Mozilla/5.0 (compatible; BLEXBot/1.0; +http://webmeup-crawler.com/)"
64.124.8.52 - - [03/Oct/2023:22:20:43 +0200] "GET /robots.txt HTTP/1.0" 200 245 "-" "Mozilla/5.0 (X11; Linux x86_64) AppleWebKit/537.36 (KHTML, like Gecko) Chrome/61.0.3163.79 Safari/537.36"
64.124.8.52 - - [03/Oct/2023:22:20:43 +0200] "GET /cats-large-bowl-p-48620.html HTTP/1.0" 301 66462 "-" "Mozilla/5.0 (X11; Linux x86_64) AppleWebKit/537.36 (KHTML, like Gecko) Chrome/61.0.3163.79 Safari/537.36"
157.90.182.25 - - [03/Oct/2023:22:20:44 +0200] "GET /puppy-glue-stick-p-40831.html HTTP/1.0" 200 76100 "-" "Mozilla/5.0 (compatible; BLEXBot/1.0; +http://webmeup-crawler.com/)"
64.124.8.52 - - [03/Oct/2023:22:20:45 +0200] "GET /salad-bowl-bowls-bamboo-cutlery-p-47785.html HTTP/1.0" 200 66534 "-" "Mozilla/5.0 (X11; Linux x86_64) AppleWebKit/537.36 (KHTML, like Gecko) Chrome/61.0.3163.79 Safari/537.36"
64.124.8.52 - - [03/Oct/2023:22:20:46 +0200] "GET /-p-42320.html HTTP/1.0" 200 66395 "-" "Mozilla/5.0 (X11; Linux x86_64) AppleWebKit/537.36 (KHTML, like Gecko) Chrome/61.0.3163.79 Safari/537.36"
185.191.171.11 - - [03/Oct/2023:22:20:45 +0200] "GET /large-ethnic-elephant-storage-p-57346.html HTTP/1.0" 200 77364 "-" "Mozilla/5.0 (compatible; SemrushBot/7~bl; +http://www.semrush.com/bot.html)"
157.90.182.25 - - [03/Oct/2023:22:20:49 +0200] "GET /pure-living-ceramic-teapot-p-59929.html HTTP/1.0" 200 77213 "-" "Mozilla/5.0 (compatible; BLEXBot/1.0; +http://webmeup-crawler.com/)"
157.90.182.25 - - [03/Oct/2023:22:20:54 +0200] "GET /pure-washed-linen-cushion-cover-p-54379.html HTTP/1.0" 200 77445 "-" "Mozilla/5.0 (compatible; BLEXBot/1.0; +http://webmeup-crawler.com/)"
157.90.182.25 - - [03/Oct/2023:22:20:59 +0200] "GET /pure-washed-linen-cushion-cover-p-54385.html HTTP/1.0" 200 77447 "-" "Mozilla/5.0 (compatible; BLEXBot/1.0; +http://webmeup-crawler.com/)"
157.90.182.25 - - [03/Oct/2023:22:21:04 +0200] "GET /pure-washed-linen-cushion-cover-p-54386.html HTTP/1.0" 200 77445 "-" "Mozilla/5.0 (compatible; BLEXBot/1.0; +http://webmeup-crawler.com/)"
54.36.148.8 - - [03/Oct/2023:22:21:09 +0200] "GET /duvet-cover-cotton-percale-threads-p-51260.html HTTP/1.0" 200 76427 "-" "Mozilla/5.0 (compatible; AhrefsBot/7.0; +http://ahrefs.com/robot/)"
157.90.182.25 - - [03/Oct/2023:22:21:10 +0200] "GET /pure-washed-linen-cushion-cover-p-54387.html HTTP/1.0" 200 77445 "-" "Mozilla/5.0 (compatible; BLEXBot/1.0; +http://webmeup-crawler.com/)"
157.90.182.25 - - [03/Oct/2023:22:21:15 +0200] "GET /purple-kitchen-towel-p-44417.html HTTP/1.0" 200 76136 "-" "Mozilla/5.0 (compatible; BLEXBot/1.0; +http://webmeup-crawler.com/)"
157.90.182.25 - - [03/Oct/2023:22:21:19 +0200] "GET /purse-leather-purse-navy-anchor-gray-p-47352.html HTTP/1.0" 200 76890 "-" "Mozilla/5.0 (compatible; BLEXBot/1.0; +http://webmeup-crawler.com/)"
47.245.83.179 - - [03/Oct/2023:22:21:25 +0200] "GET /images/mini_prod/3457019600474a.jpg HTTP/1.0" 200 270 "-" "python-requests/2.31.0"
157.90.182.25 - - [03/Oct/2023:22:21:25 +0200] "GET /purse-leather-purse-navy-anchor-graypurse-leather-wallet-p-47353.html HTTP/1.0" 200 77332 "-" "Mozilla/5.0 (compatible; BLEXBot/1.0; +http://webmeup-crawler.com/)"
157.90.182.25 - - [03/Oct/2023:22:21:30 +0200] "GET /purse-wallet-c-31_76.html?page=2 HTTP/1.0" 200 95215 "-" "Mozilla/5.0 (compatible; BLEXBot/1.0; +http://webmeup-crawler.com/)"
157.90.182.25 - - [03/Oct/2023:22:21:36 +0200] "GET /purse-wallet-c-31_76.html?page=3 HTTP/1.0" 200 95286 "-" "Mozilla/5.0 (compatible; BLEXBot/1.0; +http://webmeup-crawler.com/)"
157.90.182.25 - - [03/Oct/2023:22:21:42 +0200] "GET /purse-wallet-c-31_76.html?page=4 HTTP/1.0" 200 88172 "-" "Mozilla/5.0 (compatible; BLEXBot/1.0; +http://webmeup-crawler.com/)"
157.90.182.25 - - [03/Oct/2023:22:21:48 +0200] "GET /pusheen-holidazzler-p-41961.html HTTP/1.0" 200 77100 "-" "Mozilla/5.0 (compatible; BLEXBot/1.0; +http://webmeup-crawler.com/)"
85.208.96.197 - - [03/Oct/2023:22:21:49 +0200] "GET /candle-cuddler-cuddly-tall-candleholder-made-germany-p-56885.html HTTP/1.0" 200 78163 "-" "Mozilla/5.0 (compatible; SemrushBot/7~bl; +http://www.semrush.com/bot.html)"
54.36.148.6 - - [03/Oct/2023:22:21:50 +0200] "GET /tasty-mint-made-germany-p-58345.html HTTP/1.0" 200 77404 "-" "Mozilla/5.0 (compatible; AhrefsBot/7.0; +http://ahrefs.com/robot/)"
157.90.182.25 - - [03/Oct/2023:22:21:53 +0200] "GET /pusheen-sticker-sheet-p-42602.html HTTP/1.0" 200 76378 "-" "Mozilla/5.0 (compatible; BLEXBot/1.0; +http://webmeup-crawler.com/)"
185.191.171.15 - - [03/Oct/2023:22:21:55 +0200] "GET /gorse-flower-fairies-p-40071.html HTTP/1.0" 200 73848 "-" "Mozilla/5.0 (compatible; SemrushBot/7~bl; +http://www.semrush.com/bot.html)"
157.90.182.25 - - [03/Oct/2023:22:21:58 +0200] "GET /pusheen-sticker-sheet-pastel-p-42603.html HTTP/1.0" 200 76419 "-" "Mozilla/5.0 (compatible; BLEXBot/1.0; +http://webmeup-crawler.com/)"
157.90.182.25 - - [03/Oct/2023:22:22:04 +0200] "GET /quartz-geode-size-about-p-47199.html HTTP/1.0" 200 76972 "-" "Mozilla/5.0 (compatible; BLEXBot/1.0; +http://webmeup-crawler.com/)"
157.90.182.25 - - [03/Oct/2023:22:22:10 +0200] "GET /quartz-globe-diameter-base-p-50601.html HTTP/1.0" 200 76912 "-" "Mozilla/5.0 (compatible; BLEXBot/1.0; +http://webmeup-crawler.com/)"
47.128.46.177 - - [03/Oct/2023:22:22:12 +0200] "GET /wooden-boxes-storage-c-13_150_220.html?page=4 HTTP/1.0" 200 87751 "-" "Mozilla/5.0 (compatible; Bytespider; spider-feedback@bytedance.com) AppleWebKit/537.36 (KHTML, like Gecko) Chrome/70.0.0.0 Safari/537.36"
47.128.46.177 - - [03/Oct/2023:22:22:15 +0200] "GET /swfobject.js HTTP/1.0" 404 1308 "http://www.wonder-geek.com/wooden-boxes-storage-c-13_150_220.html?page=4" "Mozilla/5.0 (compatible; Bytespider; spider-feedback@bytedance.com) AppleWebKit/537.36 (KHTML, like Gecko) Chrome/70.0.0.0 Safari/537.36"
157.90.182.25 - - [03/Oct/2023:22:22:15 +0200] "GET /quebec-cookware-cbkreation-p-29711.html HTTP/1.0" 200 76164 "-" "Mozilla/5.0 (compatible; BLEXBot/1.0; +http://webmeup-crawler.com/)"
47.128.52.100 - - [03/Oct/2023:22:22:17 +0200] "GET /mouse-c-129_85.html?page=2 HTTP/1.0" 200 94912 "-" "Mozilla/5.0 (compatible; Bytespider; spider-feedback@bytedance.com) AppleWebKit/537.36 (KHTML, like Gecko) Chrome/70.0.0.0 Safari/537.36"
47.128.52.100 - - [03/Oct/2023:22:22:19 +0200] "GET /swfobject.js HTTP/1.0" 404 1308 "http://www.wonder-geek.com/mouse-c-129_85.html?page=2" "Mozilla/5.0 (compatible; Bytespider; spider-feedback@bytedance.com) AppleWebKit/537.36 (KHTML, like Gecko) Chrome/70.0.0.0 Safari/537.36"
157.90.182.25 - - [03/Oct/2023:22:22:20 +0200] "GET /quote-wooden-wall-decoration-hang-p-43074.html HTTP/1.0" 200 76250 "-" "Mozilla/5.0 (compatible; BLEXBot/1.0; +http://webmeup-crawler.com/)"
47.128.55.77 - - [03/Oct/2023:22:22:20 +0200] "GET /trivet-p-33319.html HTTP/1.0" 200 75997 "-" "Mozilla/5.0 (compatible; Bytespider; spider-feedback@bytedance.com) AppleWebKit/537.36 (KHTML, like Gecko) Chrome/70.0.0.0 Safari/537.36"
47.128.55.77 - - [03/Oct/2023:22:22:23 +0200] "GET /swfobject.js HTTP/1.0" 404 1308 "http://www.wonder-geek.com/trivet-p-33319.html" "Mozilla/5.0 (compatible; Bytespider; spider-feedback@bytedance.com) AppleWebKit/537.36 (KHTML, like Gecko) Chrome/70.0.0.0 Safari/537.36"
47.128.46.177 - - [03/Oct/2023:22:22:24 +0200] "GET /js/jquery.min.js HTTP/1.0" 404 1308 "http://www.wonder-geek.com/wooden-boxes-storage-c-13_150_220.html?page=4" "Mozilla/5.0 (compatible; Bytespider; spider-feedback@bytedance.com) AppleWebKit/537.36 (KHTML, like Gecko) Chrome/70.0.0.0 Safari/537.36"
47.128.46.177 - - [03/Oct/2023:22:22:24 +0200] "GET /highslide/graphics/outlines/drop-shadow.png HTTP/1.0" 200 277 "http://www.wonder-geek.com/wooden-boxes-storage-c-13_150_220.html?page=4" "Mozilla/5.0 (compatible; Bytespider; spider-feedback@bytedance.com) AppleWebKit/537.36 (KHTML, like Gecko) Chrome/70.0.0.0 Safari/537.36"
47.128.46.177 - - [03/Oct/2023:22:22:24 +0200] "GET /highslide/graphics/zoomout.cur HTTP/1.0" 200 614 "http://www.wonder-geek.com/wooden-boxes-storage-c-13_150_220.html?page=4" "Mozilla/5.0 (compatible; Bytespider; spider-feedback@bytedance.com) AppleWebKit/537.36 (KHTML, like Gecko) Chrome/70.0.0.0 Safari/537.36"
47.128.52.100 - - [03/Oct/2023:22:22:25 +0200] "GET /js/jquery.min.js HTTP/1.0" 404 1308 "http://www.wonder-geek.com/mouse-c-129_85.html?page=2" "Mozilla/5.0 (compatible; Bytespider; spider-feedback@bytedance.com) AppleWebKit/537.36 (KHTML, like Gecko) Chrome/70.0.0.0 Safari/537.36"
47.128.52.100 - - [03/Oct/2023:22:22:25 +0200] "GET /highslide/graphics/zoomout.cur HTTP/1.0" 200 614 "http://www.wonder-geek.com/mouse-c-129_85.html?page=2" "Mozilla/5.0 (compatible; Bytespider; spider-feedback@bytedance.com) AppleWebKit/537.36 (KHTML, like Gecko) Chrome/70.0.0.0 Safari/537.36"
47.128.52.100 - - [03/Oct/2023:22:22:25 +0200] "GET /highslide/graphics/outlines/drop-shadow.png HTTP/1.0" 200 277 "http://www.wonder-geek.com/mouse-c-129_85.html?page=2" "Mozilla/5.0 (compatible; Bytespider; spider-feedback@bytedance.com) AppleWebKit/537.36 (KHTML, like Gecko) Chrome/70.0.0.0 Safari/537.36"
157.90.182.25 - - [03/Oct/2023:22:22:26 +0200] "GET /quote-wooden-wall-decoration-hang-p-43075.html HTTP/1.0" 200 76250 "-" "Mozilla/5.0 (compatible; BLEXBot/1.0; +http://webmeup-crawler.com/)"
157.90.182.25 - - [03/Oct/2023:22:22:32 +0200] "GET /rapunzel-adventurous-princess-figure-collection-p-36956.html HTTP/1.0" 200 76486 "-" "Mozilla/5.0 (compatible; BLEXBot/1.0; +http://webmeup-crawler.com/)"
54.36.148.225 - - [03/Oct/2023:22:22:30 +0200] "GET / HTTP/1.0" 200 152653 "-" "Mozilla/5.0 (compatible; AhrefsBot/7.0; +http://ahrefs.com/robot/)"
169.233.1.13 - - [03/Oct/2023:22:22:37 +0200] "GET /images/mini_prod/8422002219815.jpg HTTP/1.0" 200 269 "-" "Mozilla/5.0 (X11; Ubuntu; Linux x86_64; rv:72.0) Gecko/20100101 Firefox/72.0"
169.233.1.13 - - [03/Oct/2023:22:22:37 +0200] "GET /images/mini_prod/4006891659569.jpg HTTP/1.0" 200 269 "-" "Mozilla/5.0 (X11; Ubuntu; Linux x86_64; rv:72.0) Gecko/20100101 Firefox/72.0"
157.90.182.25 - - [03/Oct/2023:22:22:37 +0200] "GET /raving-rabbids-lucha-libre-p-18098.html HTTP/1.0" 200 76168 "-" "Mozilla/5.0 (compatible; BLEXBot/1.0; +http://webmeup-crawler.com/)"
157.90.182.25 - - [03/Oct/2023:22:22:43 +0200] "GET /raving-rabbids-magnetic-clock-p-17394.html HTTP/1.0" 200 76270 "-" "Mozilla/5.0 (compatible; BLEXBot/1.0; +http://webmeup-crawler.com/)"
157.90.182.25 - - [03/Oct/2023:22:22:50 +0200] "GET /raving-rabbids-storage-stool-p-37534.html HTTP/1.0" 200 76316 "-" "Mozilla/5.0 (compatible; BLEXBot/1.0; +http://webmeup-crawler.com/)"
47.128.55.77 - - [03/Oct/2023:22:22:53 +0200] "GET /highslide/graphics/outlines/drop-shadow.png HTTP/1.0" 200 277 "http://www.wonder-geek.com/trivet-p-33319.html" "Mozilla/5.0 (compatible; Bytespider; spider-feedback@bytedance.com) AppleWebKit/537.36 (KHTML, like Gecko) Chrome/70.0.0.0 Safari/537.36"
47.128.55.77 - - [03/Oct/2023:22:22:53 +0200] "GET /highslide/graphics/zoomout.cur HTTP/1.0" 200 614 "http://www.wonder-geek.com/trivet-p-33319.html" "Mozilla/5.0 (compatible; Bytespider; spider-feedback@bytedance.com) AppleWebKit/537.36 (KHTML, like Gecko) Chrome/70.0.0.0 Safari/537.36"
47.128.55.77 - - [03/Oct/2023:22:22:53 +0200] "GET /images/med_prod/3565750025927.jpg HTTP/1.0" 200 268 "http://www.wonder-geek.com/trivet-p-33319.html" "Mozilla/5.0 (compatible; Bytespider; spider-feedback@bytedance.com) AppleWebKit/537.36 (KHTML, like Gecko) Chrome/70.0.0.0 Safari/537.36"
157.90.182.25 - - [03/Oct/2023:22:22:55 +0200] "GET /raving-rabbits-sports-bottle-p-31753.html HTTP/1.0" 200 76805 "-" "Mozilla/5.0 (compatible; BLEXBot/1.0; +http://webmeup-crawler.com/)"
54.36.148.219 - - [03/Oct/2023:22:22:56 +0200] "GET /cactus-wall-decoration-p-46632.html HTTP/1.0" 200 76195 "-" "Mozilla/5.0 (compatible; AhrefsBot/7.0; +http://ahrefs.com/robot/)"
157.90.182.25 - - [03/Oct/2023:22:23:00 +0200] "GET /read-purse-michelle-allen-p-53361.html HTTP/1.0" 200 76228 "-" "Mozilla/5.0 (compatible; BLEXBot/1.0; +http://webmeup-crawler.com/)"
157.90.182.25 - - [03/Oct/2023:22:23:05 +0200] "GET /real-madrid-homework-notebooks-p-52032.html HTTP/1.0" 200 76381 "-" "Mozilla/5.0 (compatible; BLEXBot/1.0; +http://webmeup-crawler.com/)"
157.90.182.25 - - [03/Oct/2023:22:23:11 +0200] "GET /real-madrid-kids-school-p-36254.html HTTP/1.0" 200 76463 "-" "Mozilla/5.0 (compatible; BLEXBot/1.0; +http://webmeup-crawler.com/)"
157.90.182.25 - - [03/Oct/2023:22:23:16 +0200] "GET /rebecca-bonbon-credit-card-sticker-p-8818.html HTTP/1.0" 200 76324 "-" "Mozilla/5.0 (compatible; BLEXBot/1.0; +http://webmeup-crawler.com/)"
157.90.182.25 - - [03/Oct/2023:22:23:20 +0200] "GET /rebecca-bonbon-credit-card-sticker-p-8821.html HTTP/1.0" 200 76324 "-" "Mozilla/5.0 (compatible; BLEXBot/1.0; +http://webmeup-crawler.com/)"
157.90.182.25 - - [03/Oct/2023:22:23:24 +0200] "GET /rebelle-mrida-training-bottle-p-17163.html HTTP/1.0" 200 76319 "-" "Mozilla/5.0 (compatible; BLEXBot/1.0; +http://webmeup-crawler.com/)"
54.36.148.163 - - [03/Oct/2023:22:23:29 +0200] "GET /marseille-cookware-cbkreation-p-31258.html HTTP/1.0" 200 76208 "-" "Mozilla/5.0 (compatible; AhrefsBot/7.0; +http://ahrefs.com/robot/)"
157.90.182.25 - - [03/Oct/2023:22:23:29 +0200] "GET /record-alarm-clock-cbkreation-p-25000.html HTTP/1.0" 200 76235 "-" "Mozilla/5.0 (compatible; BLEXBot/1.0; +http://webmeup-crawler.com/)"
157.90.182.25 - - [03/Oct/2023:22:23:35 +0200] "GET /rectangular-indoor-carpet-p-43512.html HTTP/1.0" 200 77370 "-" "Mozilla/5.0 (compatible; BLEXBot/1.0; +http://webmeup-crawler.com/)"
157.90.182.25 - - [03/Oct/2023:22:23:42 +0200] "GET /rectangular-indoor-carpet-p-53794.html HTTP/1.0" 200 77370 "-" "Mozilla/5.0 (compatible; BLEXBot/1.0; +http://webmeup-crawler.com/)"
51.68.224.127 - - [03/Oct/2023:22:23:44 +0200] "GET /adminweb/export_orders_xml.php?token=256de2z6edz6ed2z6DFSFsed2zed6zeDSFDSGdzedezfzf&maxorders=10&orderstart=1&status=14&start_date=2018-10-01 HTTP/1.0" 200 285 "-" "GesCom CharlotteBoutik Serveur"
51.68.224.127 - - [03/Oct/2023:22:23:44 +0200] "GET /adminweb/export_orders_xml.php?token=256de2z6edz6ed2z6DFSFsed2zed6zeDSFDSGdzedezfzf&maxorders=10&orderstart=1&status=6&start_date=2018-10-01 HTTP/1.0" 200 33939 "-" "GesCom CharlotteBoutik Serveur"
85.208.96.195 - - [03/Oct/2023:22:23:45 +0200] "GET /shopping-nici-horse-club-p-20589.html HTTP/1.0" 200 73893 "-" "Mozilla/5.0 (compatible; SemrushBot/7~bl; +http://www.semrush.com/bot.html)"
157.90.182.25 - - [03/Oct/2023:22:23:47 +0200] "GET /rectangular-indoor-carpet-p-53796.html HTTP/1.0" 200 77178 "-" "Mozilla/5.0 (compatible; BLEXBot/1.0; +http://webmeup-crawler.com/)"
157.90.182.25 - - [03/Oct/2023:22:23:52 +0200] "GET /rectangular-indoor-carpet-p-53797.html HTTP/1.0" 200 77400 "-" "Mozilla/5.0 (compatible; BLEXBot/1.0; +http://webmeup-crawler.com/)"
157.90.182.25 - - [03/Oct/2023:22:23:57 +0200] "GET /rectangular-indoor-carpet-p-53798.html HTTP/1.0" 200 77149 "-" "Mozilla/5.0 (compatible; BLEXBot/1.0; +http://webmeup-crawler.com/)"
54.36.148.49 - - [03/Oct/2023:22:24:01 +0200] "GET /allen-decorated-cotton-adult-apron-pink-flamingos-p-58295.html HTTP/1.0" 200 76293 "-" "Mozilla/5.0 (compatible; AhrefsBot/7.0; +http://ahrefs.com/robot/)"
157.90.182.25 - - [03/Oct/2023:22:24:02 +0200] "GET /rectangular-indoor-carpet-p-53973.html HTTP/1.0" 200 77402 "-" "Mozilla/5.0 (compatible; BLEXBot/1.0; +http://webmeup-crawler.com/)"
114.119.155.2 - - [03/Oct/2023:22:24:04 +0200] "GET /teapot-p-52918.html HTTP/1.0" 200 76040 "http://www.wonder-geek.com/dishes-c-12.html?page=45" "Mozilla/5.0 (Linux; Android 7.0;) AppleWebKit/537.36 (KHTML, like Gecko) Mobile Safari/537.36 (compatible; PetalBot;+https://webmaster.petalsearch.com/site/petalbot)"
59.82.78.16 - - [03/Oct/2023:22:24:06 +0200] "GET /images/mini_prod/1399984280089.jpg HTTP/1.0" 200 269 "-" "Mozilla/5.0 (X11; Ubuntu; Linux x86_64; rv:72.0) Gecko/20100101 Firefox/72.0"
157.90.182.25 - - [03/Oct/2023:22:24:07 +0200] "GET /rectangular-kitchen-towel-cotton-aoli-p-51354.html HTTP/1.0" 200 76281 "-" "Mozilla/5.0 (compatible; BLEXBot/1.0; +http://webmeup-crawler.com/)"
157.90.182.25 - - [03/Oct/2023:22:24:12 +0200] "GET /rectangular-tray-josphine-p-60931.html HTTP/1.0" 200 76860 "-" "Mozilla/5.0 (compatible; BLEXBot/1.0; +http://webmeup-crawler.com/)"
71.18.255.15 - - [03/Oct/2023:22:24:16 +0200] "GET /images/mini_prod/2110DSCN8647.jpg HTTP/1.0" 200 268 "-" "Mozilla/5.0 (X11; Ubuntu; Linux x86_64; rv:72.0) Gecko/20100101 Firefox/72.0"
157.90.182.25 - - [03/Oct/2023:22:24:18 +0200] "GET /rectangular-tray-lunaria-p-60932.html HTTP/1.0" 200 76230 "-" "Mozilla/5.0 (compatible; BLEXBot/1.0; +http://webmeup-crawler.com/)"
157.90.182.25 - - [03/Oct/2023:22:24:23 +0200] "GET /rectangular-tray-ornaments-over-p-56864.html HTTP/1.0" 200 76970 "-" "Mozilla/5.0 (compatible; BLEXBot/1.0; +http://webmeup-crawler.com/)"
157.90.182.25 - - [03/Oct/2023:22:24:28 +0200] "GET /rectangular-tray-p-59556.html HTTP/1.0" 200 76794 "-" "Mozilla/5.0 (compatible; BLEXBot/1.0; +http://webmeup-crawler.com/)"
54.36.148.92 - - [03/Oct/2023:22:24:32 +0200] "GET /heart-home-friendly-stick-diffuser-spiced-apple-p-56997.html HTTP/1.0" 200 77799 "-" "Mozilla/5.0 (compatible; AhrefsBot/7.0; +http://ahrefs.com/robot/)"
157.90.182.25 - - [03/Oct/2023:22:24:33 +0200] "GET /rectangular-tray-poppy-meadow-p-59557.html HTTP/1.0" 200 76884 "-" "Mozilla/5.0 (compatible; BLEXBot/1.0; +http://webmeup-crawler.com/)"
157.90.182.25 - - [03/Oct/2023:22:24:38 +0200] "GET /rectangular-tray-robin-family-p-58526.html HTTP/1.0" 200 76884 "-" "Mozilla/5.0 (compatible; BLEXBot/1.0; +http://webmeup-crawler.com/)"
54.36.149.15 - - [03/Oct/2023:22:24:43 +0200] "GET /images/big_prod_2/5051276424453b.jpg HTTP/1.0" 200 271 "-" "Mozilla/5.0 (compatible; AhrefsBot/7.0; +http://ahrefs.com/robot/)"
54.36.149.1 - - [03/Oct/2023:22:24:44 +0200] "GET /images/big_prod/5051276424453a.jpg HTTP/1.0" 200 269 "-" "Mozilla/5.0 (compatible; AhrefsBot/7.0; +http://ahrefs.com/robot/)"
157.90.182.25 - - [03/Oct/2023:22:24:44 +0200] "GET /rectangular-tray-roses-baubles-p-58525.html HTTP/1.0" 200 76928 "-" "Mozilla/5.0 (compatible; BLEXBot/1.0; +http://webmeup-crawler.com/)"
157.55.39.51 - - [03/Oct/2023:22:24:46 +0200] "GET /mugs-mazagrans-c-12_57.html HTTP/1.0" 200 98418 "-" "Mozilla/5.0 AppleWebKit/537.36 (KHTML, like Gecko; compatible; bingbot/2.0; +http://www.bing.com/bingbot.htm) Chrome/103.0.5060.134 Safari/537.36"
157.90.182.25 - - [03/Oct/2023:22:24:49 +0200] "GET /rectangular-wooden-tray-avocado-large-p-47697.html HTTP/1.0" 200 76359 "-" "Mozilla/5.0 (compatible; BLEXBot/1.0; +http://webmeup-crawler.com/)"
157.90.182.25 - - [03/Oct/2023:22:24:53 +0200] "GET /rectangular-wooden-tray-avocado-small-p-47694.html HTTP/1.0" 200 76325 "-" "Mozilla/5.0 (compatible; BLEXBot/1.0; +http://webmeup-crawler.com/)"
17.241.227.195 - - [03/Oct/2023:22:24:57 +0200] "GET /water-outdoor-games-c-4_143.html?page=2 HTTP/1.0" 200 84963 "-" "Mozilla/5.0 (Macintosh; Intel Mac OS X 10_15_5) AppleWebKit/605.1.15 (KHTML, like Gecko) Version/13.1.1 Safari/605.1.15 (Applebot/0.1; +http://www.apple.com/go/applebot)"
157.90.182.25 - - [03/Oct/2023:22:24:58 +0200] "GET /relax-island-time-p-59354.html HTTP/1.0" 200 76291 "-" "Mozilla/5.0 (compatible; BLEXBot/1.0; +http://webmeup-crawler.com/)"
114.119.136.254 - - [03/Oct/2023:22:24:59 +0200] "GET /small-orange-cube-alarm-clock-p-55547.html HTTP/1.0" 200 77409 "http://www.wonder-geek.com/alarms-clocks-c-13_65.html?page=4" "Mozilla/5.0 (Linux; Android 7.0;) AppleWebKit/537.36 (KHTML, like Gecko) Mobile Safari/537.36 (compatible; PetalBot;+https://webmaster.petalsearch.com/site/petalbot)"
157.90.182.25 - - [03/Oct/2023:22:25:04 +0200] "GET /removable-cushion-polar-fleece-p-57908.html HTTP/1.0" 200 77112 "-" "Mozilla/5.0 (compatible; BLEXBot/1.0; +http://webmeup-crawler.com/)"
103.136.221.142 - - [03/Oct/2023:22:25:06 +0200] "GET /images/mini_prod/3700653592125.jpg HTTP/1.0" 200 269 "-" "Mozilla/5.0 (X11; Ubuntu; Linux x86_64; rv:72.0) Gecko/20100101 Firefox/72.0"
157.90.182.25 - - [03/Oct/2023:22:25:09 +0200] "GET /removable-cushion-polar-fleece-p-57913.html HTTP/1.0" 200 77112 "-" "Mozilla/5.0 (compatible; BLEXBot/1.0; +http://webmeup-crawler.com/)"
54.36.148.238 - - [03/Oct/2023:22:25:10 +0200] "GET /funky-bears-smiley-nice-keychains-p-19199.html HTTP/1.0" 200 77421 "-" "Mozilla/5.0 (compatible; AhrefsBot/7.0; +http://ahrefs.com/robot/)"
157.90.182.25 - - [03/Oct/2023:22:25:16 +0200] "GET /resin-buddha-candle-holder-p-50121.html HTTP/1.0" 200 76999 "-" "Mozilla/5.0 (compatible; BLEXBot/1.0; +http://webmeup-crawler.com/)"
157.90.182.25 - - [03/Oct/2023:22:25:22 +0200] "GET /resin-giraffe-bookend-gold-p-58632.html HTTP/1.0" 200 77105 "-" "Mozilla/5.0 (compatible; BLEXBot/1.0; +http://webmeup-crawler.com/)"
157.90.182.25 - - [03/Oct/2023:22:25:28 +0200] "GET /resin-hand-bookends-gold-p-60733.html HTTP/1.0" 200 76945 "-" "Mozilla/5.0 (compatible; BLEXBot/1.0; +http://webmeup-crawler.com/)"
157.90.182.25 - - [03/Oct/2023:22:25:33 +0200] "GET /resin-photo-frame-little-prince-p-47068.html HTTP/1.0" 200 76287 "-" "Mozilla/5.0 (compatible; BLEXBot/1.0; +http://webmeup-crawler.com/)"
157.90.182.25 - - [03/Oct/2023:22:25:38 +0200] "GET /resin-statue-little-monk-pink-dress-p-51509.html HTTP/1.0" 200 76302 "-" "Mozilla/5.0 (compatible; BLEXBot/1.0; +http://webmeup-crawler.com/)"
54.36.149.60 - - [03/Oct/2023:22:25:41 +0200] "GET /bookmark-lenticular-rabbit-p-19155.html HTTP/1.0" 200 76312 "-" "Mozilla/5.0 (compatible; AhrefsBot/7.0; +http://ahrefs.com/robot/)"
157.90.182.25 - - [03/Oct/2023:22:25:47 +0200] "GET /retro-beach-surf-p-40336.html HTTP/1.0" 200 76768 "-" "Mozilla/5.0 (compatible; BLEXBot/1.0; +http://webmeup-crawler.com/)"
59.82.78.28 - - [03/Oct/2023:22:25:54 +0200] "GET /images/mini_prod/3612875119038.jpg HTTP/1.0" 200 269 "-" "Mozilla/5.0 (X11; Ubuntu; Linux x86_64; rv:72.0) Gecko/20100101 Firefox/72.0"
157.90.182.25 - - [03/Oct/2023:22:25:56 +0200] "GET /retro-blue-eyeglass-case-p-30017.html HTTP/1.0" 200 76220 "-" "Mozilla/5.0 (compatible; BLEXBot/1.0; +http://webmeup-crawler.com/)"
157.90.182.25 - - [03/Oct/2023:22:26:01 +0200] "GET /retro-ceramic-salt-p-59750.html HTTP/1.0" 200 76903 "-" "Mozilla/5.0 (compatible; BLEXBot/1.0; +http://webmeup-crawler.com/)"
157.90.182.25 - - [03/Oct/2023:22:26:04 +0200] "GET /retro-chest-p-34949.html HTTP/1.0" 200 76085 "-" "Mozilla/5.0 (compatible; BLEXBot/1.0; +http://webmeup-crawler.com/)"
157.90.182.25 - - [03/Oct/2023:22:26:09 +0200] "GET /retro-chest-weathered-wood-p-52933.html HTTP/1.0" 200 76146 "-" "Mozilla/5.0 (compatible; BLEXBot/1.0; +http://webmeup-crawler.com/)"
114.119.131.199 - - [03/Oct/2023:22:26:13 +0200] "GET /magnet-relief-little-prince-exupery-p-49210.html HTTP/1.0" 200 76910 "http://www.wonder-geek.com/home-and-decoration-c-13.html?page=28" "Mozilla/5.0 (Linux; Android 7.0;) AppleWebKit/537.36 (KHTML, like Gecko) Mobile Safari/537.36 (compatible; PetalBot;+https://webmaster.petalsearch.com/site/petalbot)"
157.90.182.25 - - [03/Oct/2023:22:26:15 +0200] "GET /retro-chest-weathered-wood-p-52939.html HTTP/1.0" 200 76146 "-" "Mozilla/5.0 (compatible; BLEXBot/1.0; +http://webmeup-crawler.com/)"
54.36.148.251 - - [03/Oct/2023:22:26:18 +0200] "GET /embossed-hanging-plaque-p-60157.html HTTP/1.0" 200 76758 "-" "Mozilla/5.0 (compatible; AhrefsBot/7.0; +http://ahrefs.com/robot/)"
157.90.182.25 - - [03/Oct/2023:22:26:22 +0200] "GET /retro-chest-weathered-wood-p-52940.html HTTP/1.0" 200 76146 "-" "Mozilla/5.0 (compatible; BLEXBot/1.0; +http://webmeup-crawler.com/)"
54.36.149.75 - - [03/Oct/2023:22:26:24 +0200] "GET /images/big_prod/3700281683158.jpg HTTP/1.0" 200 268 "-" "Mozilla/5.0 (compatible; AhrefsBot/7.0; +http://ahrefs.com/robot/)"
54.36.148.80 - - [03/Oct/2023:22:26:29 +0200] "GET /images/big_prod_1/3700281683158B.jpg HTTP/1.0" 200 271 "-" "Mozilla/5.0 (compatible; AhrefsBot/7.0; +http://ahrefs.com/robot/)"
157.90.182.25 - - [03/Oct/2023:22:26:29 +0200] "GET /retro-coffee-ceramic-cups-p-55440.html HTTP/1.0" 200 76946 "-" "Mozilla/5.0 (compatible; BLEXBot/1.0; +http://webmeup-crawler.com/)"
157.90.182.25 - - [03/Oct/2023:22:26:34 +0200] "GET /retro-coffee-matte-black-metal-p-37704.html HTTP/1.0" 200 76333 "-" "Mozilla/5.0 (compatible; BLEXBot/1.0; +http://webmeup-crawler.com/)"
157.90.182.25 - - [03/Oct/2023:22:26:40 +0200] "GET /retro-garage-p-35734.html HTTP/1.0" 200 76128 "-" "Mozilla/5.0 (compatible; BLEXBot/1.0; +http://webmeup-crawler.com/)"
157.90.182.25 - - [03/Oct/2023:22:26:45 +0200] "GET /retro-glass-housewife-life-small-model-p-41247.html HTTP/1.0" 200 76321 "-" "Mozilla/5.0 (compatible; BLEXBot/1.0; +http://webmeup-crawler.com/)"
54.36.148.191 - - [03/Oct/2023:22:26:50 +0200] "GET /embossed-hanging-plaque-p-60152.html HTTP/1.0" 200 76757 "-" "Mozilla/5.0 (compatible; AhrefsBot/7.0; +http://ahrefs.com/robot/)"
157.90.182.25 - - [03/Oct/2023:22:26:51 +0200] "GET /retro-industriel-chandelier-p-37256.html HTTP/1.0" 200 76243 "-" "Mozilla/5.0 (compatible; BLEXBot/1.0; +http://webmeup-crawler.com/)"
85.208.96.198 - - [03/Oct/2023:22:26:55 +0200] "GET /bracelet-lapis-lazuli-p-57280.html HTTP/1.0" 200 77180 "-" "Mozilla/5.0 (compatible; SemrushBot/7~bl; +http://www.semrush.com/bot.html)"
157.90.182.25 - - [03/Oct/2023:22:26:56 +0200] "GET /retro-industriel-chandelier-silver-color-p-42335.html HTTP/1.0" 200 76391 "-" "Mozilla/5.0 (compatible; BLEXBot/1.0; +http://webmeup-crawler.com/)"
157.90.182.25 - - [03/Oct/2023:22:27:02 +0200] "GET /retro-matte-black-metal-p-37705.html HTTP/1.0" 200 76301 "-" "Mozilla/5.0 (compatible; BLEXBot/1.0; +http://webmeup-crawler.com/)"
157.90.182.25 - - [03/Oct/2023:22:27:08 +0200] "GET /retro-ottoman-storage-p-40326.html HTTP/1.0" 200 76336 "-" "Mozilla/5.0 (compatible; BLEXBot/1.0; +http://webmeup-crawler.com/)"
54.36.149.13 - - [03/Oct/2023:22:27:09 +0200] "GET /images/big_prod_1/3700281683103B.jpg HTTP/1.0" 200 271 "-" "Mozilla/5.0 (compatible; AhrefsBot/7.0; +http://ahrefs.com/robot/)"
54.36.148.65 - - [03/Oct/2023:22:27:10 +0200] "GET /images/big_prod/3700281683103.jpg HTTP/1.0" 200 268 "-" "Mozilla/5.0 (compatible; AhrefsBot/7.0; +http://ahrefs.com/robot/)"
157.90.182.25 - - [03/Oct/2023:22:27:13 +0200] "GET /retro-p-58088.html HTTP/1.0" 200 76787 "-" "Mozilla/5.0 (compatible; BLEXBot/1.0; +http://webmeup-crawler.com/)"
157.90.182.25 - - [03/Oct/2023:22:27:22 +0200] "GET /retro-pink-eyeglass-case-p-30013.html HTTP/1.0" 200 76195 "-" "Mozilla/5.0 (compatible; BLEXBot/1.0; +http://webmeup-crawler.com/)"
157.90.182.25 - - [03/Oct/2023:22:27:27 +0200] "GET /retro-pink-eyeglass-case-p-30019.html HTTP/1.0" 200 76220 "-" "Mozilla/5.0 (compatible; BLEXBot/1.0; +http://webmeup-crawler.com/)"
54.36.149.2 - - [03/Oct/2023:22:27:28 +0200] "GET /paris-magnet-p-51207.html HTTP/1.0" 200 76043 "-" "Mozilla/5.0 (compatible; AhrefsBot/7.0; +http://ahrefs.com/robot/)"
71.18.255.47 - - [03/Oct/2023:22:27:31 +0200] "GET /images/mini_prod/1399984264294.jpg HTTP/1.0" 200 269 "-" "Mozilla/5.0 (X11; Ubuntu; Linux x86_64; rv:72.0) Gecko/20100101 Firefox/72.0"
157.90.182.25 - - [03/Oct/2023:22:27:34 +0200] "GET /retro-pink-eyeglass-case-p-30022.html HTTP/1.0" 200 76195 "-" "Mozilla/5.0 (compatible; BLEXBot/1.0; +http://webmeup-crawler.com/)"
157.90.182.25 - - [03/Oct/2023:22:27:39 +0200] "GET /retro-rugby-ball-toiletry-p-59132.html HTTP/1.0" 200 77442 "-" "Mozilla/5.0 (compatible; BLEXBot/1.0; +http://webmeup-crawler.com/)"
157.90.182.25 - - [03/Oct/2023:22:27:44 +0200] "GET /retro-sign-p-42689.html HTTP/1.0" 200 76252 "-" "Mozilla/5.0 (compatible; BLEXBot/1.0; +http://webmeup-crawler.com/)"
157.90.182.25 - - [03/Oct/2023:22:27:49 +0200] "GET /retro-soccer-ball-vanity-case-p-59131.html HTTP/1.0" 200 77442 "-" "Mozilla/5.0 (compatible; BLEXBot/1.0; +http://webmeup-crawler.com/)"
157.90.182.25 - - [03/Oct/2023:22:27:53 +0200] "GET /retro-style-bread-p-42581.html HTTP/1.0" 200 76841 "-" "Mozilla/5.0 (compatible; BLEXBot/1.0; +http://webmeup-crawler.com/)"
157.90.182.25 - - [03/Oct/2023:22:27:59 +0200] "GET /retro-style-bread-saveurs-traditions-franaises-p-55517.html HTTP/1.0" 200 77165 "-" "Mozilla/5.0 (compatible; BLEXBot/1.0; +http://webmeup-crawler.com/)"
54.36.148.213 - - [03/Oct/2023:22:28:01 +0200] "GET /black-fancy-elastic-bracelet-p-43725.html HTTP/1.0" 200 76128 "-" "Mozilla/5.0 (compatible; AhrefsBot/7.0; +http://ahrefs.com/robot/)"
157.90.182.25 - - [03/Oct/2023:22:28:04 +0200] "GET /retro-style-chocolate-picerie-traditionnelle-p-57135.html HTTP/1.0" 200 77180 "-" "Mozilla/5.0 (compatible; BLEXBot/1.0; +http://webmeup-crawler.com/)"
157.90.182.25 - - [03/Oct/2023:22:28:09 +0200] "GET /retro-style-chocolate-saveurs-traditions-franaises-p-55520.html HTTP/1.0" 200 77263 "-" "Mozilla/5.0 (compatible; BLEXBot/1.0; +http://webmeup-crawler.com/)"
157.90.182.25 - - [03/Oct/2023:22:28:14 +0200] "GET /retro-style-coffee-picerie-traditionnelle-p-57201.html HTTP/1.0" 200 77197 "-" "Mozilla/5.0 (compatible; BLEXBot/1.0; +http://webmeup-crawler.com/)"
157.90.182.25 - - [03/Oct/2023:22:28:19 +0200] "GET /retro-style-coffee-saveurs-traditions-franaises-p-55522.html HTTP/1.0" 200 77281 "-" "Mozilla/5.0 (compatible; BLEXBot/1.0; +http://webmeup-crawler.com/)"
157.90.182.25 - - [03/Oct/2023:22:28:25 +0200] "GET /retro-style-cookies-pure-nature-p-57869.html HTTP/1.0" 200 77047 "-" "Mozilla/5.0 (compatible; BLEXBot/1.0; +http://webmeup-crawler.com/)"
157.90.182.25 - - [03/Oct/2023:22:28:29 +0200] "GET /retro-style-cookies-saveurs-traditions-franaises-p-57868.html HTTP/1.0" 200 77243 "-" "Mozilla/5.0 (compatible; BLEXBot/1.0; +http://webmeup-crawler.com/)"
157.90.182.25 - - [03/Oct/2023:22:28:35 +0200] "GET /retro-style-sugar-picerie-traditionnelle-p-57198.html HTTP/1.0" 200 77111 "-" "Mozilla/5.0 (compatible; BLEXBot/1.0; +http://webmeup-crawler.com/)"
185.191.171.1 - - [03/Oct/2023:22:28:35 +0200] "GET /-p-5737.html HTTP/1.0" 200 73768 "-" "Mozilla/5.0 (compatible; SemrushBot/7~bl; +http://www.semrush.com/bot.html)"
157.90.182.25 - - [03/Oct/2023:22:28:42 +0200] "GET /retro-style-sugar-saveurs-traditions-franaises-p-55519.html HTTP/1.0" 200 77089 "-" "Mozilla/5.0 (compatible; BLEXBot/1.0; +http://webmeup-crawler.com/)"
54.36.149.37 - - [03/Oct/2023:22:28:44 +0200] "GET /buddhist-bracelet-wooden-beads-black-p-37664.html HTTP/1.0" 200 76181 "-" "Mozilla/5.0 (compatible; AhrefsBot/7.0; +http://ahrefs.com/robot/)"
106.11.62.104 - - [03/Oct/2023:22:28:47 +0200] "GET /images/mini_prod/3503420082467.jpg HTTP/1.0" 200 269 "-" "Mozilla/5.0 (X11; Ubuntu; Linux x86_64; rv:72.0) Gecko/20100101 Firefox/72.0"
157.90.182.25 - - [03/Oct/2023:22:28:47 +0200] "GET /retro-sugar-matte-black-metal-p-37706.html HTTP/1.0" 200 76315 "-" "Mozilla/5.0 (compatible; BLEXBot/1.0; +http://webmeup-crawler.com/)"
157.90.182.25 - - [03/Oct/2023:22:28:53 +0200] "GET /retro-wooden-motorcycle-frame-hang-latter-dude-p-46393.html HTTP/1.0" 200 76440 "-" "Mozilla/5.0 (compatible; BLEXBot/1.0; +http://webmeup-crawler.com/)"
157.90.182.25 - - [03/Oct/2023:22:28:58 +0200] "GET /retro-wooden-photo-frame-p-42194.html HTTP/1.0" 200 76318 "-" "Mozilla/5.0 (compatible; BLEXBot/1.0; +http://webmeup-crawler.com/)"
157.90.182.25 - - [03/Oct/2023:22:29:03 +0200] "GET /revolvers-saltshaker-pepper-p-37737.html HTTP/1.0" 200 76205 "-" "Mozilla/5.0 (compatible; BLEXBot/1.0; +http://webmeup-crawler.com/)"
71.18.255.30 - - [03/Oct/2023:22:29:13 +0200] "GET /images/mini_prod/5024693125289.jpg HTTP/1.0" 200 269 "-" "Mozilla/5.0 (X11; Ubuntu; Linux x86_64; rv:72.0) Gecko/20100101 Firefox/72.0"
54.36.148.184 - - [03/Oct/2023:22:29:15 +0200] "GET /vent-bathrobe-size-p-45898.html HTTP/1.0" 200 76186 "-" "Mozilla/5.0 (compatible; AhrefsBot/7.0; +http://ahrefs.com/robot/)"
157.90.182.25 - - [03/Oct/2023:22:29:16 +0200] "GET /rhinoceros-color-variation-night-light-p-59658.html HTTP/1.0" 200 78001 "-" "Mozilla/5.0 (compatible; BLEXBot/1.0; +http://webmeup-crawler.com/)"
85.208.96.206 - - [03/Oct/2023:22:29:20 +0200] "GET /grey-eyelet-curtain-p-39034.html HTTP/1.0" 200 78354 "-" "Mozilla/5.0 (compatible; SemrushBot/7~bl; +http://www.semrush.com/bot.html)"
157.90.182.25 - - [03/Oct/2023:22:29:25 +0200] "GET /rhinoceros-utensil-cbkreation-p-33799.html HTTP/1.0" 200 76209 "-" "Mozilla/5.0 (compatible; BLEXBot/1.0; +http://webmeup-crawler.com/)"
157.90.182.25 - - [03/Oct/2023:22:29:32 +0200] "GET /ring-flower-life-brass-copper-colour-p-44683.html HTTP/1.0" 200 76251 "-" "Mozilla/5.0 (compatible; BLEXBot/1.0; +http://webmeup-crawler.com/)"
59.82.78.43 - - [03/Oct/2023:22:29:37 +0200] "GET /images/mini_prod/1186747042936.jpg HTTP/1.0" 200 269 "-" "Mozilla/5.0 (X11; Ubuntu; Linux x86_64; rv:72.0) Gecko/20100101 Firefox/72.0"
157.90.182.25 - - [03/Oct/2023:22:29:39 +0200] "GET /ring-hooks-p-45743.html HTTP/1.0" 200 76226 "-" "Mozilla/5.0 (compatible; BLEXBot/1.0; +http://webmeup-crawler.com/)"
157.90.182.25 - - [03/Oct/2023:22:29:45 +0200] "GET /robin-family-cotton-table-runner-p-60920.html HTTP/1.0" 200 76278 "-" "Mozilla/5.0 (compatible; BLEXBot/1.0; +http://webmeup-crawler.com/)"
157.90.182.25 - - [03/Oct/2023:22:29:52 +0200] "GET /rock-little-mirror-p-8846.html HTTP/1.0" 200 76227 "-" "Mozilla/5.0 (compatible; BLEXBot/1.0; +http://webmeup-crawler.com/)"
54.36.148.155 - - [03/Oct/2023:22:29:53 +0200] "GET /black-fancy-elastic-bracelet-p-43728.html HTTP/1.0" 200 76124 "-" "Mozilla/5.0 (compatible; AhrefsBot/7.0; +http://ahrefs.com/robot/)"
157.90.182.25 - - [03/Oct/2023:22:29:58 +0200] "GET /rock-little-mirror-p-8847.html HTTP/1.0" 200 76243 "-" "Mozilla/5.0 (compatible; BLEXBot/1.0; +http://webmeup-crawler.com/)"
157.90.182.25 - - [03/Oct/2023:22:30:03 +0200] "GET /roll-golden-temple-charcoal-tablets-p-60938.html HTTP/1.0" 200 76413 "-" "Mozilla/5.0 (compatible; BLEXBot/1.0; +http://webmeup-crawler.com/)"
157.90.182.25 - - [03/Oct/2023:22:30:08 +0200] "GET /romance-washed-linen-placemats-p-60941.html HTTP/1.0" 200 77113 "-" "Mozilla/5.0 (compatible; BLEXBot/1.0; +http://webmeup-crawler.com/)"
157.90.182.25 - - [03/Oct/2023:22:30:13 +0200] "GET /romance-washed-linen-placemats-p-60944.html HTTP/1.0" 200 76889 "-" "Mozilla/5.0 (compatible; BLEXBot/1.0; +http://webmeup-crawler.com/)"
157.90.182.25 - - [03/Oct/2023:22:30:22 +0200] "GET /rose-metal-tray-p-53577.html HTTP/1.0" 200 77028 "-" "Mozilla/5.0 (compatible; BLEXBot/1.0; +http://webmeup-crawler.com/)"
157.90.182.25 - - [03/Oct/2023:22:30:26 +0200] "GET /roses-josephine-bread-basket-p-59812.html HTTP/1.0" 200 76892 "-" "Mozilla/5.0 (compatible; BLEXBot/1.0; +http://webmeup-crawler.com/)"
54.36.148.220 - - [03/Oct/2023:22:30:32 +0200] "GET /provence-adult-apron-p-51190.html HTTP/1.0" 200 76081 "-" "Mozilla/5.0 (compatible; AhrefsBot/7.0; +http://ahrefs.com/robot/)"
157.90.182.25 - - [03/Oct/2023:22:30:35 +0200] "GET /rosie-white-bone-china-p-54929.html HTTP/1.0" 200 76363 "-" "Mozilla/5.0 (compatible; BLEXBot/1.0; +http://webmeup-crawler.com/)"
157.90.182.25 - - [03/Oct/2023:22:30:45 +0200] "GET /round-bath-towel-corsica-p-44927.html HTTP/1.0" 200 76808 "-" "Mozilla/5.0 (compatible; BLEXBot/1.0; +http://webmeup-crawler.com/)"
85.208.96.206 - - [03/Oct/2023:22:30:47 +0200] "GET /kiub-collection-cats-cool-p-60858.html HTTP/1.0" 200 76930 "-" "Mozilla/5.0 (compatible; SemrushBot/7~bl; +http://www.semrush.com/bot.html)"
157.90.182.25 - - [03/Oct/2023:22:30:53 +0200] "GET /round-clock-copains-abord-p-55666.html HTTP/1.0" 200 77077 "-" "Mozilla/5.0 (compatible; BLEXBot/1.0; +http://webmeup-crawler.com/)"
157.90.182.25 - - [03/Oct/2023:22:30:59 +0200] "GET /round-cotton-pencil-case-little-prince-p-58267.html HTTP/1.0" 200 76966 "-" "Mozilla/5.0 (compatible; BLEXBot/1.0; +http://webmeup-crawler.com/)"
54.36.149.32 - - [03/Oct/2023:22:31:04 +0200] "GET /black-fancy-elastic-bracelet-p-43729.html HTTP/1.0" 200 76124 "-" "Mozilla/5.0 (compatible; AhrefsBot/7.0; +http://ahrefs.com/robot/)"
157.90.182.25 - - [03/Oct/2023:22:31:05 +0200] "GET /round-hanging-mirror-cordage-p-55797.html HTTP/1.0" 200 76786 "-" "Mozilla/5.0 (compatible; BLEXBot/1.0; +http://webmeup-crawler.com/)"
157.90.182.25 - - [03/Oct/2023:22:31:11 +0200] "GET /round-straw-placemat-white-p-60892.html HTTP/1.0" 200 76923 "-" "Mozilla/5.0 (compatible; BLEXBot/1.0; +http://webmeup-crawler.com/)"
157.55.39.54 - - [03/Oct/2023:22:31:13 +0200] "GET /wall-sticker-c-13_187.html HTTP/1.0" 200 97318 "-" "Mozilla/5.0 AppleWebKit/537.36 (KHTML, like Gecko; compatible; bingbot/2.0; +http://www.bing.com/bingbot.htm) Chrome/103.0.5060.134 Safari/537.36"
157.55.39.54 - - [03/Oct/2023:22:31:16 +0200] "GET /mugs-mazagrans-c-12_57.html?page=11 HTTP/1.0" 200 98737 "-" "Mozilla/5.0 AppleWebKit/537.36 (KHTML, like Gecko; compatible; bingbot/2.0; +http://www.bing.com/bingbot.htm) Chrome/103.0.5060.134 Safari/537.36"
157.90.182.25 - - [03/Oct/2023:22:31:17 +0200] "GET /round-trays-c-12_159_263.html?page=2 HTTP/1.0" 200 93290 "-" "Mozilla/5.0 (compatible; BLEXBot/1.0; +http://webmeup-crawler.com/)"
185.191.171.16 - - [03/Oct/2023:22:31:18 +0200] "GET /venise-wall-sticker-p-43089.html HTTP/1.0" 200 76119 "-" "Mozilla/5.0 (compatible; SemrushBot/7~bl; +http://www.semrush.com/bot.html)"
157.90.182.25 - - [03/Oct/2023:22:31:23 +0200] "GET /round-wooden-incense-stick-holder-p-60901.html HTTP/1.0" 200 76985 "-" "Mozilla/5.0 (compatible; BLEXBot/1.0; +http://webmeup-crawler.com/)"
157.90.182.25 - - [03/Oct/2023:22:31:29 +0200] "GET /round-wooden-incense-stick-holder-peace-love-p-60903.html HTTP/1.0" 200 77062 "-" "Mozilla/5.0 (compatible; BLEXBot/1.0; +http://webmeup-crawler.com/)"
85.208.96.200 - - [03/Oct/2023:22:31:32 +0200] "GET /powder-candle-bougie-autrement-glitter-p-53079.html HTTP/1.0" 200 77500 "-" "Mozilla/5.0 (compatible; SemrushBot/7~bl; +http://www.semrush.com/bot.html)"
157.90.182.25 - - [03/Oct/2023:22:31:34 +0200] "GET /round-wooden-incense-stick-holder-star-p-60902.html HTTP/1.0" 200 77000 "-" "Mozilla/5.0 (compatible; BLEXBot/1.0; +http://webmeup-crawler.com/)"
157.90.182.25 - - [03/Oct/2023:22:31:39 +0200] "GET /route-folding-table-p-44435.html HTTP/1.0" 200 76102 "-" "Mozilla/5.0 (compatible; BLEXBot/1.0; +http://webmeup-crawler.com/)"
157.90.182.25 - - [03/Oct/2023:22:31:43 +0200] "GET /route-picture-frame-p-23043.html HTTP/1.0" 200 76223 "-" "Mozilla/5.0 (compatible; BLEXBot/1.0; +http://webmeup-crawler.com/)"
54.36.149.103 - - [03/Oct/2023:22:31:44 +0200] "GET /black-polyester-round-chair-cushion-p-47042.html HTTP/1.0" 200 76866 "-" "Mozilla/5.0 (compatible; AhrefsBot/7.0; +http://ahrefs.com/robot/)"
106.11.62.181 - - [03/Oct/2023:22:31:45 +0200] "GET /images/4010070244156.jpg HTTP/1.0" 200 259 "-" "Mozilla/5.0 (X11; Ubuntu; Linux x86_64; rv:72.0) Gecko/20100101 Firefox/72.0"
157.90.182.25 - - [03/Oct/2023:22:31:48 +0200] "GET /route-small-lamp-p-29403.html HTTP/1.0" 200 76290 "-" "Mozilla/5.0 (compatible; BLEXBot/1.0; +http://webmeup-crawler.com/)"
157.90.182.25 - - [03/Oct/2023:22:32:00 +0200] "GET /rtro-ashtray-p-47259.html HTTP/1.0" 200 76041 "-" "Mozilla/5.0 (compatible; BLEXBot/1.0; +http://webmeup-crawler.com/)"
49.7.21.83 - - [03/Oct/2023:22:32:03 +0200] "GET / HTTP/1.0" 200 153198 "-" "Sogou web spider/4.0(+http://www.sogou.com/docs/help/webmasters.htm#07)"
157.90.182.25 - - [03/Oct/2023:22:32:08 +0200] "GET /rtro-beer-caps-collector-p-58135.html HTTP/1.0" 200 76916 "-" "Mozilla/5.0 (compatible; BLEXBot/1.0; +http://webmeup-crawler.com/)"
157.90.182.25 - - [03/Oct/2023:22:32:13 +0200] "GET /rtro-cork-collector-p-58134.html HTTP/1.0" 200 77057 "-" "Mozilla/5.0 (compatible; BLEXBot/1.0; +http://webmeup-crawler.com/)"
54.36.148.175 - - [03/Oct/2023:22:32:16 +0200] "GET /himalayan-mini-salt-lamp-sphere-orange-light-powered-p-38793.html HTTP/1.0" 200 77942 "-" "Mozilla/5.0 (compatible; AhrefsBot/7.0; +http://ahrefs.com/robot/)"
213.250.198.66 - - [03/Oct/2023:22:32:18 +0200] "GET /contact_us.php HTTP/1.0" 200 26241 "http://www.wonder-geek.com/contact_us.php" "Mozilla/5.0 (Windows NT 6.2; Win64; x64) AppleWebKit/537.36 (KHTML, like Gecko) Chrome/90.0.4430.93 Safari/537.36"
157.90.182.25 - - [03/Oct/2023:22:32:18 +0200] "GET /rubbers-p-13881.html HTTP/1.0" 200 77070 "-" "Mozilla/5.0 (compatible; BLEXBot/1.0; +http://webmeup-crawler.com/)"
185.191.171.10 - - [03/Oct/2023:22:32:18 +0200] "GET /cupcakes-spoons-p-48242.html HTTP/1.0" 200 73854 "-" "Mozilla/5.0 (compatible; SemrushBot/7~bl; +http://www.semrush.com/bot.html)"
213.250.198.66 - - [03/Oct/2023:22:32:22 +0200] "POST /contact_us.php?action=send HTTP/1.0" 200 26488 "http://www.wonder-geek.com/contact_us.php" "Mozilla/5.0 (Windows NT 6.2; Win64; x64) AppleWebKit/537.36 (KHTML, like Gecko) Chrome/90.0.4430.93 Safari/537.36"
54.36.148.246 - - [03/Oct/2023:22:32:27 +0200] "GET /images/big_prod_1/8718657460901b.jpg HTTP/1.0" 200 271 "-" "Mozilla/5.0 (compatible; AhrefsBot/7.0; +http://ahrefs.com/robot/)"
157.90.182.25 - - [03/Oct/2023:22:32:26 +0200] "GET /rugs-c-11_269.html?page=2 HTTP/1.0" 200 95504 "-" "Mozilla/5.0 (compatible; BLEXBot/1.0; +http://webmeup-crawler.com/)"
157.90.182.25 - - [03/Oct/2023:22:32:32 +0200] "GET /rugs-c-11_269.html?page=3 HTTP/1.0" 200 94044 "-" "Mozilla/5.0 (compatible; BLEXBot/1.0; +http://webmeup-crawler.com/)"
157.90.182.25 - - [03/Oct/2023:22:32:37 +0200] "GET /rugs-c-11_269.html?page=4 HTTP/1.0" 200 94382 "-" "Mozilla/5.0 (compatible; BLEXBot/1.0; +http://webmeup-crawler.com/)"
157.90.182.25 - - [03/Oct/2023:22:32:43 +0200] "GET /rugs-c-11_269.html?page=5 HTTP/1.0" 200 94415 "-" "Mozilla/5.0 (compatible; BLEXBot/1.0; +http://webmeup-crawler.com/)"
157.90.182.25 - - [03/Oct/2023:22:32:49 +0200] "GET /rugs-c-11_269.html?page=6 HTTP/1.0" 200 94584 "-" "Mozilla/5.0 (compatible; BLEXBot/1.0; +http://webmeup-crawler.com/)"
54.36.148.199 - - [03/Oct/2023:22:32:53 +0200] "GET /little-buddha-collection-keychain-p-53297.html HTTP/1.0" 200 76219 "-" "Mozilla/5.0 (compatible; AhrefsBot/7.0; +http://ahrefs.com/robot/)"
157.90.182.25 - - [03/Oct/2023:22:32:57 +0200] "GET /rugs-c-11_269.html?page=7 HTTP/1.0" 200 94479 "-" "Mozilla/5.0 (compatible; BLEXBot/1.0; +http://webmeup-crawler.com/)"
54.36.149.101 - - [03/Oct/2023:22:33:01 +0200] "GET /images/big_prod/9316188086813.jpg HTTP/1.0" 200 268 "-" "Mozilla/5.0 (compatible; AhrefsBot/7.0; +http://ahrefs.com/robot/)"
157.90.182.25 - - [03/Oct/2023:22:33:02 +0200] "GET /rugs-c-11_269.html?page=8 HTTP/1.0" 200 94293 "-" "Mozilla/5.0 (compatible; BLEXBot/1.0; +http://webmeup-crawler.com/)"
182.22.30.27 - - [03/Oct/2023:22:33:07 +0200] "GET /images/mini_prod/cafe3442440313611.jpg HTTP/1.0" 200 273 "-" "Mozilla/5.0 (compatible; Y!J-WSC/1.0; +https://yahoo.jp/3BSZgF)"
157.90.182.25 - - [03/Oct/2023:22:33:08 +0200] "GET /rugs-c-11_269.html?page=9 HTTP/1.0" 200 83637 "-" "Mozilla/5.0 (compatible; BLEXBot/1.0; +http://webmeup-crawler.com/)"
85.208.96.201 - - [03/Oct/2023:22:33:13 +0200] "GET /-p-36151.html?action=add_product HTTP/1.0" 302 476 "-" "Mozilla/5.0 (compatible; SemrushBot/7~bl; +http://www.semrush.com/bot.html)"
157.90.182.25 - - [03/Oct/2023:22:33:13 +0200] "GET /russian-doll-alarm-clock-cbkreation-p-25001.html HTTP/1.0" 200 76276 "-" "Mozilla/5.0 (compatible; BLEXBot/1.0; +http://webmeup-crawler.com/)"
157.90.182.25 - - [03/Oct/2023:22:33:18 +0200] "GET /russian-doll-blue-figure-p-27616.html HTTP/1.0" 200 76193 "-" "Mozilla/5.0 (compatible; BLEXBot/1.0; +http://webmeup-crawler.com/)"
157.90.182.25 - - [03/Oct/2023:22:33:22 +0200] "GET /russian-doll-cookware-cbkreation-p-29703.html HTTP/1.0" 200 76212 "-" "Mozilla/5.0 (compatible; BLEXBot/1.0; +http://webmeup-crawler.com/)"
54.36.148.87 - - [03/Oct/2023:22:33:25 +0200] "GET /suicide-squad-skulls-poster-p-37820.html HTTP/1.0" 200 76168 "-" "Mozilla/5.0 (compatible; AhrefsBot/7.0; +http://ahrefs.com/robot/)"
157.90.182.25 - - [03/Oct/2023:22:33:26 +0200] "GET /russian-doll-figurine-jewelry-p-27613.html HTTP/1.0" 200 77029 "-" "Mozilla/5.0 (compatible; BLEXBot/1.0; +http://webmeup-crawler.com/)"
157.90.182.25 - - [03/Oct/2023:22:33:32 +0200] "GET /russian-doll-green-figure-p-27615.html HTTP/1.0" 200 76202 "-" "Mozilla/5.0 (compatible; BLEXBot/1.0; +http://webmeup-crawler.com/)"
169.233.1.13 - - [03/Oct/2023:22:33:35 +0200] "GET /images/mini_prod/8433914427922.jpg HTTP/1.0" 200 269 "-" "Mozilla/5.0 (X11; Ubuntu; Linux x86_64; rv:72.0) Gecko/20100101 Firefox/72.0"
157.90.182.25 - - [03/Oct/2023:22:33:37 +0200] "GET /russian-doll-pink-figure-p-27614.html HTTP/1.0" 200 76194 "-" "Mozilla/5.0 (compatible; BLEXBot/1.0; +http://webmeup-crawler.com/)"
157.90.182.25 - - [03/Oct/2023:22:33:42 +0200] "GET /rusty-metal-buddha-mobile-p-56718.html HTTP/1.0" 200 76755 "-" "Mozilla/5.0 (compatible; BLEXBot/1.0; +http://webmeup-crawler.com/)"
157.90.182.25 - - [03/Oct/2023:22:33:48 +0200] "GET /rusty-metal-buddha-mobile-p-56719.html HTTP/1.0" 200 76966 "-" "Mozilla/5.0 (compatible; BLEXBot/1.0; +http://webmeup-crawler.com/)"
157.90.182.25 - - [03/Oct/2023:22:33:53 +0200] "GET /rusty-metal-hand-fatma-mobile-p-56717.html HTTP/1.0" 200 77042 "-" "Mozilla/5.0 (compatible; BLEXBot/1.0; +http://webmeup-crawler.com/)"
54.36.149.63 - - [03/Oct/2023:22:33:59 +0200] "GET /model-jour-musical-card-with-envelope-p-19787.html HTTP/1.0" 200 76328 "-" "Mozilla/5.0 (compatible; AhrefsBot/7.0; +http://ahrefs.com/robot/)"
157.90.182.25 - - [03/Oct/2023:22:33:59 +0200] "GET /saddle-club-pieces-p-27691.html HTTP/1.0" 200 76322 "-" "Mozilla/5.0 (compatible; BLEXBot/1.0; +http://webmeup-crawler.com/)"
157.90.182.25 - - [03/Oct/2023:22:34:05 +0200] "GET /saddle-club-pieces-puzzle-p-27690.html HTTP/1.0" 200 76366 "-" "Mozilla/5.0 (compatible; BLEXBot/1.0; +http://webmeup-crawler.com/)"
157.90.182.25 - - [03/Oct/2023:22:34:10 +0200] "GET /saffron-kitchen-towel-p-44423.html HTTP/1.0" 200 76141 "-" "Mozilla/5.0 (compatible; BLEXBot/1.0; +http://webmeup-crawler.com/)"
66.249.66.195 - - [03/Oct/2023:22:34:10 +0200] "GET /cats-by-dubout-figurine-mum-and-her-babies-p-33339.html HTTP/1.0" 301 77426 "-" "Mozilla/5.0 (compatible; Googlebot/2.1; +http://www.google.com/bot.html)"
