157.90.182.25 - - [02/Nov/2023:06:34:46 +0100] "GET /unicorn-shower-curtain-p-57406.html HTTP/1.0" 200 79792 "-" "Mozilla/5.0 (compatible; BLEXBot/1.0; +http://webmeup-crawler.com/)"
157.90.182.25 - - [02/Nov/2023:06:34:52 +0100] "GET /unicorns-light-garland-p-55386.html HTTP/1.0" 200 80050 "-" "Mozilla/5.0 (compatible; BLEXBot/1.0; +http://webmeup-crawler.com/)"
157.90.182.25 - - [02/Nov/2023:06:34:58 +0100] "GET /urban-culture-phone-cover-iphone-p-14764.html HTTP/1.0" 200 79962 "-" "Mozilla/5.0 (compatible; BLEXBot/1.0; +http://webmeup-crawler.com/)"
94.197.48.5 - - [02/Nov/2023:06:35:04 +0100] "GET /images/B8420406800554.jpg HTTP/1.0" 200 260 "-" "Mozilla/5.0 (iPhone; CPU iPhone OS 16_6_1 like Mac OS X) AppleWebKit/605.1.15 (KHTML, like Gecko) Version/16.6 Mobile/15E148 Safari/604.1"
157.90.182.25 - - [02/Nov/2023:06:35:05 +0100] "GET /utensil-cutlery-c-12_244.html?page=2 HTTP/1.0" 200 85671 "-" "Mozilla/5.0 (compatible; BLEXBot/1.0; +http://webmeup-crawler.com/)"
34.203.189.47 - - [02/Nov/2023:06:35:07 +0100] "GET /images/mini_prod/3438100326046.jpg HTTP/1.0" 200 269 "-" "Mozilla/5.0 (X11; Ubuntu; Linux x86_64; rv:72.0) Gecko/20100101 Firefox/72.0"
207.46.13.7 - - [02/Nov/2023:06:35:06 +0100] "GET /alarms-clocks-c-13_65.html?page=4 HTTP/1.0" 200 85061 "-" "Mozilla/5.0 AppleWebKit/537.36 (KHTML, like Gecko; compatible; bingbot/2.0; +http://www.bing.com/bingbot.htm) Chrome/103.0.5060.134 Safari/537.36"
157.90.182.25 - - [02/Nov/2023:06:35:12 +0100] "GET /valdrome-kalian-napkin-made-france-p-43970.html HTTP/1.0" 200 79872 "-" "Mozilla/5.0 (compatible; BLEXBot/1.0; +http://webmeup-crawler.com/)"
157.90.182.25 - - [02/Nov/2023:06:35:18 +0100] "GET /vanity-printed-running-horses-p-35450.html HTTP/1.0" 200 81532 "-" "Mozilla/5.0 (compatible; BLEXBot/1.0; +http://webmeup-crawler.com/)"
195.234.109.22 - - [02/Nov/2023:06:35:24 +0100] "GET /images/big_prod/3609810048249.jpg HTTP/1.0" 200 268 "-" "Photon/1.0"
157.90.182.25 - - [02/Nov/2023:06:35:24 +0100] "GET /vanua-cotton-basket-planter-p-58822.html HTTP/1.0" 200 79960 "-" "Mozilla/5.0 (compatible; BLEXBot/1.0; +http://webmeup-crawler.com/)"
157.90.182.25 - - [02/Nov/2023:06:35:29 +0100] "GET /vase-soliflore-c-13_232.html?page=2 HTTP/1.0" 200 97236 "-" "Mozilla/5.0 (compatible; BLEXBot/1.0; +http://webmeup-crawler.com/)"
157.90.182.25 - - [02/Nov/2023:06:35:36 +0100] "GET /vase-soliflore-c-13_232.html?page=3 HTTP/1.0" 200 94975 "-" "Mozilla/5.0 (compatible; BLEXBot/1.0; +http://webmeup-crawler.com/)"
157.90.182.25 - - [02/Nov/2023:06:35:42 +0100] "GET /vent-bathrobe-size-p-45898.html HTTP/1.0" 200 79123 "-" "Mozilla/5.0 (compatible; BLEXBot/1.0; +http://webmeup-crawler.com/)"
100.21.24.205 - - [02/Nov/2023:06:35:45 +0100] "GET /coffee-hour-wooden-frame-withe-p-46093.html HTTP/1.0" 200 79878 "-" "my-tiny-bot"
157.90.182.25 - - [02/Nov/2023:06:35:48 +0100] "GET /vent-bathrobe-size-p-45899.html HTTP/1.0" 200 79112 "-" "Mozilla/5.0 (compatible; BLEXBot/1.0; +http://webmeup-crawler.com/)"
157.90.182.25 - - [02/Nov/2023:06:35:57 +0100] "GET /vent-bathrobe-size-p-45901.html HTTP/1.0" 200 79106 "-" "Mozilla/5.0 (compatible; BLEXBot/1.0; +http://webmeup-crawler.com/)"
100.21.24.205 - - [02/Nov/2023:06:36:01 +0100] "GET /decorative-utility-hourglasses-c-13_331.html HTTP/1.0" 200 96636 "-" "my-tiny-bot"
44.230.252.91 - - [02/Nov/2023:06:36:02 +0100] "GET /napkins-c-11_285.html HTTP/1.0" 200 87763 "-" "my-tiny-bot"
157.90.182.25 - - [02/Nov/2023:06:36:03 +0100] "GET /vent-bathrobe-size-p-45904.html HTTP/1.0" 200 79112 "-" "Mozilla/5.0 (compatible; BLEXBot/1.0; +http://webmeup-crawler.com/)"
157.90.182.25 - - [02/Nov/2023:06:36:10 +0100] "GET /verity-rose-cupcake-emery-board-p-29145.html HTTP/1.0" 200 79213 "-" "Mozilla/5.0 (compatible; BLEXBot/1.0; +http://webmeup-crawler.com/)"
173.252.83.7 - - [02/Nov/2023:06:36:14 +0100] "GET /home/images/mini_prod/091008_224149_PEEL_yqgUVg.gif HTTP/1.0" 404 1308 "-" "facebookexternalhit/1.1 (+http://www.facebook.com/externalhit_uatext.php)"
157.90.182.25 - - [02/Nov/2023:06:36:16 +0100] "GET /verity-rose-destiny-emery-board-p-29140.html HTTP/1.0" 200 79185 "-" "Mozilla/5.0 (compatible; BLEXBot/1.0; +http://webmeup-crawler.com/)"
173.252.83.3 - - [02/Nov/2023:06:36:23 +0100] "GET /images/mini_prod/8424001602643.jpg HTTP/1.0" 200 269 "-" "facebookexternalhit/1.1 (+http://www.facebook.com/externalhit_uatext.php)"
157.90.182.25 - - [02/Nov/2023:06:36:22 +0100] "GET /verity-rose-hair-clips-retro-p-29186.html HTTP/1.0" 200 79101 "-" "Mozilla/5.0 (compatible; BLEXBot/1.0; +http://webmeup-crawler.com/)"
157.90.182.25 - - [02/Nov/2023:06:36:28 +0100] "GET /verity-rose-moonstruck-emery-board-p-29144.html HTTP/1.0" 200 79239 "-" "Mozilla/5.0 (compatible; BLEXBot/1.0; +http://webmeup-crawler.com/)"
157.90.182.25 - - [02/Nov/2023:06:36:34 +0100] "GET /verity-rose-moonstruck-mirror-p-29163.html HTTP/1.0" 200 79231 "-" "Mozilla/5.0 (compatible; BLEXBot/1.0; +http://webmeup-crawler.com/)"
129.67.94.111 - - [02/Nov/2023:06:36:36 +0100] "GET /images/mini_prod/3760116310338.jpg HTTP/1.0" 200 269 "-" "Mozilla/5.0 (X11; Ubuntu; Linux x86_64; rv:72.0) Gecko/20100101 Firefox/72.0"
157.90.182.25 - - [02/Nov/2023:06:36:40 +0100] "GET /very-large-fountain-bouddha-resin-p-60816.html HTTP/1.0" 200 80294 "-" "Mozilla/5.0 (compatible; BLEXBot/1.0; +http://webmeup-crawler.com/)"
157.90.182.25 - - [02/Nov/2023:06:36:45 +0100] "GET /very-soft-hooded-blanket-p-59628.html HTTP/1.0" 200 80492 "-" "Mozilla/5.0 (compatible; BLEXBot/1.0; +http://webmeup-crawler.com/)"
157.90.182.25 - - [02/Nov/2023:06:36:51 +0100] "GET /very-soft-hooded-blanket-p-59630.html HTTP/1.0" 200 80492 "-" "Mozilla/5.0 (compatible; BLEXBot/1.0; +http://webmeup-crawler.com/)"
157.90.182.25 - - [02/Nov/2023:06:36:57 +0100] "GET /vespa-card-holder-p-15581.html HTTP/1.0" 200 79158 "-" "Mozilla/5.0 (compatible; BLEXBot/1.0; +http://webmeup-crawler.com/)"
54.36.148.102 - - [02/Nov/2023:06:37:02 +0100] "GET /metal-wall-decor-c-13_308.html?page=4 HTTP/1.0" 200 83837 "-" "Mozilla/5.0 (compatible; AhrefsBot/7.0; +http://ahrefs.com/robot/)"
157.90.182.25 - - [02/Nov/2023:06:37:03 +0100] "GET /vest-with-crop-steampunk-black-shirt-p-30129.html HTTP/1.0" 200 80637 "-" "Mozilla/5.0 (compatible; BLEXBot/1.0; +http://webmeup-crawler.com/)"
157.90.182.25 - - [02/Nov/2023:06:37:10 +0100] "GET /vichy-little-tray-p-29649.html HTTP/1.0" 200 79075 "-" "Mozilla/5.0 (compatible; BLEXBot/1.0; +http://webmeup-crawler.com/)"
157.90.182.25 - - [02/Nov/2023:06:37:14 +0100] "GET /vilaines-filles-bath-towel-p-57629.html HTTP/1.0" 200 79856 "-" "Mozilla/5.0 (compatible; BLEXBot/1.0; +http://webmeup-crawler.com/)"
157.90.182.25 - - [02/Nov/2023:06:37:19 +0100] "GET /vilaines-filles-beach-towel-p-51710.html HTTP/1.0" 200 79217 "-" "Mozilla/5.0 (compatible; BLEXBot/1.0; +http://webmeup-crawler.com/)"
157.90.182.25 - - [02/Nov/2023:06:37:26 +0100] "GET /vintage-adult-apron-p-38478.html HTTP/1.0" 200 79040 "-" "Mozilla/5.0 (compatible; BLEXBot/1.0; +http://webmeup-crawler.com/)"
203.185.130.166 - - [02/Nov/2023:06:37:29 +0100] "GET /images/mini_prod/8433914427915.jpg HTTP/1.0" 200 269 "-" "Mozilla/5.0 (X11; Ubuntu; Linux x86_64; rv:72.0) Gecko/20100101 Firefox/72.0"
157.90.182.25 - - [02/Nov/2023:06:37:32 +0100] "GET /vintage-adult-apron-p-38480.html HTTP/1.0" 200 79040 "-" "Mozilla/5.0 (compatible; BLEXBot/1.0; +http://webmeup-crawler.com/)"
157.90.182.25 - - [02/Nov/2023:06:37:37 +0100] "GET /vintage-adult-apron-p-38481.html HTTP/1.0" 200 79040 "-" "Mozilla/5.0 (compatible; BLEXBot/1.0; +http://webmeup-crawler.com/)"
157.90.182.25 - - [02/Nov/2023:06:37:43 +0100] "GET /vintage-khaki-computer-p-19016.html HTTP/1.0" 200 82079 "-" "Mozilla/5.0 (compatible; BLEXBot/1.0; +http://webmeup-crawler.com/)"
157.90.182.25 - - [02/Nov/2023:06:37:49 +0100] "GET /vintage-liberty-cushion-p-16211.html HTTP/1.0" 200 79915 "-" "Mozilla/5.0 (compatible; BLEXBot/1.0; +http://webmeup-crawler.com/)"
157.90.182.25 - - [02/Nov/2023:06:37:57 +0100] "GET /vintage-wooden-p-35592.html HTTP/1.0" 200 79949 "-" "Mozilla/5.0 (compatible; BLEXBot/1.0; +http://webmeup-crawler.com/)"
157.90.182.25 - - [02/Nov/2023:06:38:04 +0100] "GET /violetta-apron-chef-p-29524.html HTTP/1.0" 200 79209 "-" "Mozilla/5.0 (compatible; BLEXBot/1.0; +http://webmeup-crawler.com/)"
157.90.182.25 - - [02/Nov/2023:06:38:10 +0100] "GET /violetta-badges-p-28293.html HTTP/1.0" 200 79036 "-" "Mozilla/5.0 (compatible; BLEXBot/1.0; +http://webmeup-crawler.com/)"
157.90.182.25 - - [02/Nov/2023:06:38:15 +0100] "GET /vivace-bedspread-lichen-p-60576.html HTTP/1.0" 200 79170 "-" "Mozilla/5.0 (compatible; BLEXBot/1.0; +http://webmeup-crawler.com/)"
157.90.182.25 - - [02/Nov/2023:06:38:21 +0100] "GET /vivace-bedspread-lichen-p-61207.html HTTP/1.0" 200 79170 "-" "Mozilla/5.0 (compatible; BLEXBot/1.0; +http://webmeup-crawler.com/)"
157.90.182.25 - - [02/Nov/2023:06:38:27 +0100] "GET /vivace-bedspread-p-61211.html HTTP/1.0" 200 79735 "-" "Mozilla/5.0 (compatible; BLEXBot/1.0; +http://webmeup-crawler.com/)"
173.252.83.117 - - [02/Nov/2023:06:38:34 +0100] "GET /images/mini_prod/3503420123702.jpg HTTP/1.0" 200 269 "-" "facebookexternalhit/1.1 (+http://www.facebook.com/externalhit_uatext.php)"
157.90.182.25 - - [02/Nov/2023:06:38:33 +0100] "GET /vivace-bedspread-terracotta-p-60575.html HTTP/1.0" 200 80020 "-" "Mozilla/5.0 (compatible; BLEXBot/1.0; +http://webmeup-crawler.com/)"
157.90.182.25 - - [02/Nov/2023:06:38:39 +0100] "GET /vivace-bedspread-terracotta-p-61208.html HTTP/1.0" 200 80020 "-" "Mozilla/5.0 (compatible; BLEXBot/1.0; +http://webmeup-crawler.com/)"
157.90.182.25 - - [02/Nov/2023:06:38:45 +0100] "GET /vivace-bedspread-thunderstorm-p-60578.html HTTP/1.0" 200 79218 "-" "Mozilla/5.0 (compatible; BLEXBot/1.0; +http://webmeup-crawler.com/)"
157.90.182.25 - - [02/Nov/2023:06:38:53 +0100] "GET /vivace-bedspread-tobacco-p-61209.html HTTP/1.0" 200 79984 "-" "Mozilla/5.0 (compatible; BLEXBot/1.0; +http://webmeup-crawler.com/)"
157.90.182.25 - - [02/Nov/2023:06:38:59 +0100] "GET /vive-paris-hairbrush-p-18965.html HTTP/1.0" 200 79855 "-" "Mozilla/5.0 (compatible; BLEXBot/1.0; +http://webmeup-crawler.com/)"
173.252.83.9 - - [02/Nov/2023:06:39:04 +0100] "GET /images/mini_prod/5415203969569.jpg HTTP/1.0" 200 269 "-" "facebookexternalhit/1.1 (+http://www.facebook.com/externalhit_uatext.php)"
157.90.182.25 - - [02/Nov/2023:06:39:04 +0100] "GET /vive-paris-hairbrush-p-20208.html HTTP/1.0" 200 79052 "-" "Mozilla/5.0 (compatible; BLEXBot/1.0; +http://webmeup-crawler.com/)"
52.25.208.208 - - [02/Nov/2023:06:39:10 +0100] "GET /rugs-c-11_269.html HTTP/1.0" 200 97484 "-" "my-tiny-bot"
157.90.182.25 - - [02/Nov/2023:06:39:10 +0100] "GET /vive-paris-spiral-notebook-p-20221.html HTTP/1.0" 200 79768 "-" "Mozilla/5.0 (compatible; BLEXBot/1.0; +http://webmeup-crawler.com/)"
157.90.182.25 - - [02/Nov/2023:06:39:17 +0100] "GET /vivons-anis-frache-ceramic-pitcher-p-57475.html HTTP/1.0" 200 80286 "-" "Mozilla/5.0 (compatible; BLEXBot/1.0; +http://webmeup-crawler.com/)"
44.230.252.91 - - [02/Nov/2023:06:39:20 +0100] "GET /index.php HTTP/1.0" 200 159469 "-" "my-tiny-bot"
157.90.182.25 - - [02/Nov/2023:06:39:23 +0100] "GET /volkswagen-black-p-22965.html HTTP/1.0" 200 79085 "-" "Mozilla/5.0 (compatible; BLEXBot/1.0; +http://webmeup-crawler.com/)"
157.90.182.25 - - [02/Nov/2023:06:39:29 +0100] "GET /volkswagen-p-22966.html HTTP/1.0" 200 79066 "-" "Mozilla/5.0 (compatible; BLEXBot/1.0; +http://webmeup-crawler.com/)"
157.90.182.25 - - [02/Nov/2023:06:39:36 +0100] "GET /votive-candle-hours-baked-apple-p-38118.html HTTP/1.0" 200 80311 "-" "Mozilla/5.0 (compatible; BLEXBot/1.0; +http://webmeup-crawler.com/)"
44.230.252.91 - - [02/Nov/2023:06:39:40 +0100] "GET /specials.php HTTP/1.0" 200 123766 "-" "my-tiny-bot"
157.90.182.25 - - [02/Nov/2023:06:39:44 +0100] "GET /votive-candle-hours-cerulean-p-38947.html HTTP/1.0" 200 80293 "-" "Mozilla/5.0 (compatible; BLEXBot/1.0; +http://webmeup-crawler.com/)"
157.90.182.25 - - [02/Nov/2023:06:39:50 +0100] "GET /votive-candle-hours-citrus-crush-p-33127.html HTTP/1.0" 200 80474 "-" "Mozilla/5.0 (compatible; BLEXBot/1.0; +http://webmeup-crawler.com/)"
52.25.208.208 - - [02/Nov/2023:06:39:49 +0100] "GET /-c-95.html HTTP/1.0" 200 85387 "-" "my-tiny-bot"
157.90.182.25 - - [02/Nov/2023:06:39:56 +0100] "GET /votive-candle-hours-dawn-mist-p-33120.html HTTP/1.0" 200 80430 "-" "Mozilla/5.0 (compatible; BLEXBot/1.0; +http://webmeup-crawler.com/)"
44.230.252.91 - - [02/Nov/2023:06:40:00 +0100] "GET /-i-17.html HTTP/1.0" 200 105864 "-" "my-tiny-bot"
157.90.182.25 - - [02/Nov/2023:06:40:02 +0100] "GET /votive-candle-hours-fresh-linen-p-33132.html HTTP/1.0" 200 80472 "-" "Mozilla/5.0 (compatible; BLEXBot/1.0; +http://webmeup-crawler.com/)"
54.36.149.79 - - [02/Nov/2023:06:40:02 +0100] "GET /heart-home-snow-angel-candle-metal-p-61099.html HTTP/1.0" 200 80544 "-" "Mozilla/5.0 (compatible; AhrefsBot/7.0; +http://ahrefs.com/robot/)"
54.36.149.86 - - [02/Nov/2023:06:40:06 +0100] "GET /images/big_prod_2/5051276495217b.jpg HTTP/1.0" 200 271 "-" "Mozilla/5.0 (compatible; AhrefsBot/7.0; +http://ahrefs.com/robot/)"
54.36.149.82 - - [02/Nov/2023:06:40:06 +0100] "GET /images/big_prod_1/5051276495231a.jpg HTTP/1.0" 200 271 "-" "Mozilla/5.0 (compatible; AhrefsBot/7.0; +http://ahrefs.com/robot/)"
157.90.182.25 - - [02/Nov/2023:06:40:09 +0100] "GET /votive-candle-hours-intense-p-33119.html HTTP/1.0" 200 80432 "-" "Mozilla/5.0 (compatible; BLEXBot/1.0; +http://webmeup-crawler.com/)"
18.206.156.156 - - [02/Nov/2023:06:40:20 +0100] "GET /robots.txt HTTP/1.0" 200 245 "-" "AntBot"
66.249.66.206 - - [02/Nov/2023:06:40:21 +0100] "GET /placemat-kiub-cats-love-paris-p-60034.html HTTP/1.0" 200 79214 "-" "Mozilla/5.0 (compatible; Googlebot/2.1; +http://www.google.com/bot.html)"
18.206.156.156 - - [02/Nov/2023:06:40:21 +0100] "GET /accessories-c-3.html?page=4 HTTP/1.0" 200 98561 "-" "AntBot"
157.90.182.25 - - [02/Nov/2023:06:40:22 +0100] "GET /votive-candle-hours-lavender-sage-p-33124.html HTTP/1.0" 200 80502 "-" "Mozilla/5.0 (compatible; BLEXBot/1.0; +http://webmeup-crawler.com/)"
157.90.182.25 - - [02/Nov/2023:06:40:29 +0100] "GET /votive-candle-hours-pearl-bouquet-p-34629.html HTTP/1.0" 200 80526 "-" "Mozilla/5.0 (compatible; BLEXBot/1.0; +http://webmeup-crawler.com/)"
173.252.83.12 - - [02/Nov/2023:06:40:32 +0100] "GET /images/mini_prod/9316188073301.jpg HTTP/1.0" 200 269 "-" "facebookexternalhit/1.1 (+http://www.facebook.com/externalhit_uatext.php)"
173.252.83.7 - - [02/Nov/2023:06:40:33 +0100] "GET /images/big_prod_1/846007011416a.jpg HTTP/1.0" 200 270 "-" "facebookexternalhit/1.1 (+http://www.facebook.com/externalhit_uatext.php)"
157.90.182.25 - - [02/Nov/2023:06:40:36 +0100] "GET /wall-decoration-mappemonde-p-49967.html HTTP/1.0" 200 79728 "-" "Mozilla/5.0 (compatible; BLEXBot/1.0; +http://webmeup-crawler.com/)"
157.90.182.25 - - [02/Nov/2023:06:40:43 +0100] "GET /wall-decoration-p-59231.html HTTP/1.0" 200 79699 "-" "Mozilla/5.0 (compatible; BLEXBot/1.0; +http://webmeup-crawler.com/)"
157.90.182.25 - - [02/Nov/2023:06:40:49 +0100] "GET /wall-decoration-p-59232.html HTTP/1.0" 200 79699 "-" "Mozilla/5.0 (compatible; BLEXBot/1.0; +http://webmeup-crawler.com/)"
157.90.182.25 - - [02/Nov/2023:06:40:55 +0100] "GET /wall-decoration-wood-c-13_274.html?page=10 HTTP/1.0" 200 102182 "-" "Mozilla/5.0 (compatible; BLEXBot/1.0; +http://webmeup-crawler.com/)"
157.90.182.25 - - [02/Nov/2023:06:41:03 +0100] "GET /wall-decoration-wood-c-13_274.html?page=11 HTTP/1.0" 200 100340 "-" "Mozilla/5.0 (compatible; BLEXBot/1.0; +http://webmeup-crawler.com/)"
157.90.182.25 - - [02/Nov/2023:06:41:10 +0100] "GET /wall-decoration-wood-c-13_274.html?page=2 HTTP/1.0" 200 100735 "-" "Mozilla/5.0 (compatible; BLEXBot/1.0; +http://webmeup-crawler.com/)"
157.90.182.25 - - [02/Nov/2023:06:41:17 +0100] "GET /wall-decoration-wood-c-13_274.html?page=3 HTTP/1.0" 200 100310 "-" "Mozilla/5.0 (compatible; BLEXBot/1.0; +http://webmeup-crawler.com/)"
157.90.182.25 - - [02/Nov/2023:06:41:25 +0100] "GET /wall-decoration-wood-c-13_274.html?page=4 HTTP/1.0" 200 100374 "-" "Mozilla/5.0 (compatible; BLEXBot/1.0; +http://webmeup-crawler.com/)"
169.233.1.13 - - [02/Nov/2023:06:41:35 +0100] "GET /images/mini_prod/8435333849231.jpg HTTP/1.0" 200 269 "-" "Mozilla/5.0 (X11; Ubuntu; Linux x86_64; rv:72.0) Gecko/20100101 Firefox/72.0"
157.90.182.25 - - [02/Nov/2023:06:41:35 +0100] "GET /wall-decoration-wood-c-13_274.html?page=5 HTTP/1.0" 200 100602 "-" "Mozilla/5.0 (compatible; BLEXBot/1.0; +http://webmeup-crawler.com/)"
157.90.182.25 - - [02/Nov/2023:06:41:42 +0100] "GET /wall-decoration-wood-c-13_274.html?page=6 HTTP/1.0" 200 101022 "-" "Mozilla/5.0 (compatible; BLEXBot/1.0; +http://webmeup-crawler.com/)"
157.90.182.25 - - [02/Nov/2023:06:41:50 +0100] "GET /wall-decoration-wood-c-13_274.html?page=7 HTTP/1.0" 200 100618 "-" "Mozilla/5.0 (compatible; BLEXBot/1.0; +http://webmeup-crawler.com/)"
157.90.182.25 - - [02/Nov/2023:06:41:58 +0100] "GET /wall-decoration-wood-c-13_274.html?page=8 HTTP/1.0" 200 101009 "-" "Mozilla/5.0 (compatible; BLEXBot/1.0; +http://webmeup-crawler.com/)"
157.90.182.25 - - [02/Nov/2023:06:42:06 +0100] "GET /wall-decoration-wood-c-13_274.html?page=9 HTTP/1.0" 200 101977 "-" "Mozilla/5.0 (compatible; BLEXBot/1.0; +http://webmeup-crawler.com/)"
157.90.182.25 - - [02/Nov/2023:06:42:14 +0100] "GET /wall-mirror-gold-patinated-resin-p-61139.html HTTP/1.0" 200 79963 "-" "Mozilla/5.0 (compatible; BLEXBot/1.0; +http://webmeup-crawler.com/)"
157.90.182.25 - - [02/Nov/2023:06:42:21 +0100] "GET /wall-sticker-c-13_187.html?page=10 HTTP/1.0" 200 100474 "-" "Mozilla/5.0 (compatible; BLEXBot/1.0; +http://webmeup-crawler.com/)"
157.90.182.25 - - [02/Nov/2023:06:42:29 +0100] "GET /wall-sticker-c-13_187.html?page=11 HTTP/1.0" 200 100520 "-" "Mozilla/5.0 (compatible; BLEXBot/1.0; +http://webmeup-crawler.com/)"
157.90.182.25 - - [02/Nov/2023:06:42:37 +0100] "GET /wall-sticker-c-13_187.html?page=2 HTTP/1.0" 200 99996 "-" "Mozilla/5.0 (compatible; BLEXBot/1.0; +http://webmeup-crawler.com/)"
173.252.83.5 - - [02/Nov/2023:06:42:40 +0100] "GET /images/mini_prod/1399984249734.jpg HTTP/1.0" 200 269 "-" "facebookexternalhit/1.1 (+http://www.facebook.com/externalhit_uatext.php)"
157.90.182.25 - - [02/Nov/2023:06:42:43 +0100] "GET /wall-sticker-c-13_187.html?page=3 HTTP/1.0" 200 100102 "-" "Mozilla/5.0 (compatible; BLEXBot/1.0; +http://webmeup-crawler.com/)"
157.90.182.25 - - [02/Nov/2023:06:42:50 +0100] "GET /wall-sticker-c-13_187.html?page=4 HTTP/1.0" 200 100487 "-" "Mozilla/5.0 (compatible; BLEXBot/1.0; +http://webmeup-crawler.com/)"
44.230.252.91 - - [02/Nov/2023:06:42:55 +0100] "GET /-c-95_296.html HTTP/1.0" 200 75575 "-" "my-tiny-bot"
157.90.182.25 - - [02/Nov/2023:06:42:57 +0100] "GET /wall-sticker-c-13_187.html?page=5 HTTP/1.0" 200 101207 "-" "Mozilla/5.0 (compatible; BLEXBot/1.0; +http://webmeup-crawler.com/)"
157.90.182.25 - - [02/Nov/2023:06:43:05 +0100] "GET /wall-sticker-c-13_187.html?page=6 HTTP/1.0" 200 100727 "-" "Mozilla/5.0 (compatible; BLEXBot/1.0; +http://webmeup-crawler.com/)"
157.90.182.25 - - [02/Nov/2023:06:43:13 +0100] "GET /wall-sticker-c-13_187.html?page=7 HTTP/1.0" 200 100151 "-" "Mozilla/5.0 (compatible; BLEXBot/1.0; +http://webmeup-crawler.com/)"
34.27.43.141 - - [02/Nov/2023:06:43:20 +0100] "GET /images/mini_prod/5036278061066.jpg HTTP/1.0" 200 269 "-" "Mozilla/5.0 (X11; Ubuntu; Linux x86_64; rv:72.0) Gecko/20100101 Firefox/72.0"
157.90.182.25 - - [02/Nov/2023:06:43:20 +0100] "GET /wall-sticker-c-13_187.html?page=8 HTTP/1.0" 200 100033 "-" "Mozilla/5.0 (compatible; BLEXBot/1.0; +http://webmeup-crawler.com/)"
54.36.149.53 - - [02/Nov/2023:06:43:21 +0100] "GET /towels-c-11_177.html?page=1 HTTP/1.0" 200 97434 "-" "Mozilla/5.0 (compatible; AhrefsBot/7.0; +http://ahrefs.com/robot/)"
157.90.182.25 - - [02/Nov/2023:06:43:28 +0100] "GET /wall-sticker-c-13_187.html?page=9 HTTP/1.0" 200 100304 "-" "Mozilla/5.0 (compatible; BLEXBot/1.0; +http://webmeup-crawler.com/)"
157.90.182.25 - - [02/Nov/2023:06:43:34 +0100] "GET /wallet-c-31_237.html?page=2 HTTP/1.0" 200 94334 "-" "Mozilla/5.0 (compatible; BLEXBot/1.0; +http://webmeup-crawler.com/)"
157.90.182.25 - - [02/Nov/2023:06:43:42 +0100] "GET /wanted-photo-frame-p-28800.html HTTP/1.0" 200 79027 "-" "Mozilla/5.0 (compatible; BLEXBot/1.0; +http://webmeup-crawler.com/)"
157.90.182.25 - - [02/Nov/2023:06:43:50 +0100] "GET /washed-dyed-cotton-tablecloth-khaki-p-61217.html HTTP/1.0" 200 79782 "-" "Mozilla/5.0 (compatible; BLEXBot/1.0; +http://webmeup-crawler.com/)"
157.90.182.25 - - [02/Nov/2023:06:43:57 +0100] "GET /washed-dyed-cotton-tablecloth-storm-blue-p-61212.html HTTP/1.0" 200 79817 "-" "Mozilla/5.0 (compatible; BLEXBot/1.0; +http://webmeup-crawler.com/)"
157.90.182.25 - - [02/Nov/2023:06:44:03 +0100] "GET /washed-dyed-cotton-tablecloth-storm-blue-p-61213.html HTTP/1.0" 200 79845 "-" "Mozilla/5.0 (compatible; BLEXBot/1.0; +http://webmeup-crawler.com/)"
157.90.182.25 - - [02/Nov/2023:06:44:10 +0100] "GET /water-bottles-heaters-c-13_288.html?page=2 HTTP/1.0" 200 97038 "-" "Mozilla/5.0 (compatible; BLEXBot/1.0; +http://webmeup-crawler.com/)"
157.90.182.25 - - [02/Nov/2023:06:44:17 +0100] "GET /water-bottles-heaters-c-13_288.html?page=3 HTTP/1.0" 200 97439 "-" "Mozilla/5.0 (compatible; BLEXBot/1.0; +http://webmeup-crawler.com/)"
173.252.83.12 - - [02/Nov/2023:06:44:21 +0100] "GET /images/mini_prod/3574642576607.jpg HTTP/1.0" 200 269 "-" "facebookexternalhit/1.1 (+http://www.facebook.com/externalhit_uatext.php)"
157.90.182.25 - - [02/Nov/2023:06:44:25 +0100] "GET /water-bottles-heaters-c-13_288.html?page=4 HTTP/1.0" 200 89383 "-" "Mozilla/5.0 (compatible; BLEXBot/1.0; +http://webmeup-crawler.com/)"
157.90.182.25 - - [02/Nov/2023:06:44:32 +0100] "GET /water-bottles-sport-bottles-c-12_161.html?page=10 HTTP/1.0" 200 102607 "-" "Mozilla/5.0 (compatible; BLEXBot/1.0; +http://webmeup-crawler.com/)"
47.128.52.70 - - [02/Nov/2023:06:44:35 +0100] "GET /images/big_prod/8435465019175.jpg HTTP/1.0" 200 268 "-" "Mozilla/5.0 (Linux; Android 5.0) AppleWebKit/537.36 (KHTML, like Gecko) Mobile Safari/537.36 (compatible; Bytespider; spider-feedback@bytedance.com)"
157.90.182.25 - - [02/Nov/2023:06:44:39 +0100] "GET /water-bottles-sport-bottles-c-12_161.html?page=11 HTTP/1.0" 200 87204 "-" "Mozilla/5.0 (compatible; BLEXBot/1.0; +http://webmeup-crawler.com/)"
47.76.48.253 - - [02/Nov/2023:06:44:40 +0100] "GET /images/mini_prod/8435107801007.jpg HTTP/1.0" 200 269 "-" "Mozilla/5.0 (X11; Ubuntu; Linux x86_64; rv:72.0) Gecko/20100101 Firefox/72.0"
173.252.83.7 - - [02/Nov/2023:06:44:41 +0100] "GET /images/mini_prod/5415203976260.jpg HTTP/1.0" 200 269 "-" "facebookexternalhit/1.1 (+http://www.facebook.com/externalhit_uatext.php)"
157.90.182.25 - - [02/Nov/2023:06:44:44 +0100] "GET /water-bottles-sport-bottles-c-12_161.html?page=2 HTTP/1.0" 200 101437 "-" "Mozilla/5.0 (compatible; BLEXBot/1.0; +http://webmeup-crawler.com/)"
43.134.35.92 - - [02/Nov/2023:06:44:47 +0100] "GET /images/mini_prod/1399103640152.jpg HTTP/1.0" 200 269 "-" "Mozilla/5.0 (X11; Linux x86_64) AppleWebKit/537.36 (KHTML, like Gecko) Chrome/70.0.469.72 Safari/537.36"
34.27.43.141 - - [02/Nov/2023:06:44:54 +0100] "GET /images/mini_prod/3560600293310.jpg HTTP/1.0" 200 269 "-" "Mozilla/5.0 (X11; Ubuntu; Linux x86_64; rv:72.0) Gecko/20100101 Firefox/72.0"
157.90.182.25 - - [02/Nov/2023:06:44:52 +0100] "GET /water-bottles-sport-bottles-c-12_161.html?page=3 HTTP/1.0" 200 101990 "-" "Mozilla/5.0 (compatible; BLEXBot/1.0; +http://webmeup-crawler.com/)"
157.90.182.25 - - [02/Nov/2023:06:45:01 +0100] "GET /water-bottles-sport-bottles-c-12_161.html?page=4 HTTP/1.0" 200 101256 "-" "Mozilla/5.0 (compatible; BLEXBot/1.0; +http://webmeup-crawler.com/)"
216.244.66.242 - - [02/Nov/2023:06:45:02 +0100] "GET /glass-votive-holder-heart-home-metallic-yellow-p-39905.html HTTP/1.0" 200 80306 "-" "Mozilla/5.0 (compatible; DotBot/1.2; +https://opensiteexplorer.org/dotbot; help@moz.com)"
157.90.182.25 - - [02/Nov/2023:06:45:08 +0100] "GET /water-bottles-sport-bottles-c-12_161.html?page=5 HTTP/1.0" 200 102296 "-" "Mozilla/5.0 (compatible; BLEXBot/1.0; +http://webmeup-crawler.com/)"
216.244.66.242 - - [02/Nov/2023:06:45:11 +0100] "GET /little-tortoise-statuette-p-43103.html HTTP/1.0" 200 76797 "-" "Mozilla/5.0 (compatible; DotBot/1.2; +https://opensiteexplorer.org/dotbot; help@moz.com)"
157.90.182.25 - - [02/Nov/2023:06:45:16 +0100] "GET /water-bottles-sport-bottles-c-12_161.html?page=6 HTTP/1.0" 200 102438 "-" "Mozilla/5.0 (compatible; BLEXBot/1.0; +http://webmeup-crawler.com/)"
216.244.66.242 - - [02/Nov/2023:06:45:24 +0100] "GET /tinted-candle-mass-saffron-color-p-48913.html HTTP/1.0" 200 76811 "-" "Mozilla/5.0 (compatible; DotBot/1.2; +https://opensiteexplorer.org/dotbot; help@moz.com)"
43.156.12.221 - - [02/Nov/2023:06:45:26 +0100] "GET /images/mini_prod/3700653500830.jpg HTTP/1.0" 200 269 "-" "Mozilla/5.0 (Windows NT 10.0; WOW64) AppleWebKit/537.36 (KHTML, like Gecko) Edge/94.0.2654.44 Safari/537.36"
157.90.182.25 - - [02/Nov/2023:06:45:23 +0100] "GET /water-bottles-sport-bottles-c-12_161.html?page=7 HTTP/1.0" 200 103324 "-" "Mozilla/5.0 (compatible; BLEXBot/1.0; +http://webmeup-crawler.com/)"
157.90.182.25 - - [02/Nov/2023:06:45:41 +0100] "GET /water-bottles-sport-bottles-c-12_161.html?page=8 HTTP/1.0" 200 103079 "-" "Mozilla/5.0 (compatible; BLEXBot/1.0; +http://webmeup-crawler.com/)"
100.21.24.205 - - [02/Nov/2023:06:45:50 +0100] "GET /-c-95_297.html HTTP/1.0" 200 75575 "-" "my-tiny-bot"
157.90.182.25 - - [02/Nov/2023:06:45:57 +0100] "GET /water-bottles-sport-bottles-c-12_161.html?page=9 HTTP/1.0" 200 103304 "-" "Mozilla/5.0 (compatible; BLEXBot/1.0; +http://webmeup-crawler.com/)"
52.25.208.208 - - [02/Nov/2023:06:46:01 +0100] "GET /-c-95_298.html HTTP/1.0" 200 85357 "-" "my-tiny-bot"
52.25.208.208 - - [02/Nov/2023:06:46:03 +0100] "GET /-c-95_299.html HTTP/1.0" 200 75575 "-" "my-tiny-bot"
44.230.252.91 - - [02/Nov/2023:06:46:04 +0100] "GET /-c-95_300.html HTTP/1.0" 200 75575 "-" "my-tiny-bot"
44.230.252.91 - - [02/Nov/2023:06:46:06 +0100] "GET /-c-95_301.html HTTP/1.0" 200 75575 "-" "my-tiny-bot"
100.21.24.205 - - [02/Nov/2023:06:46:08 +0100] "GET /-c-95_302.html HTTP/1.0" 200 75575 "-" "my-tiny-bot"
157.90.182.25 - - [02/Nov/2023:06:46:12 +0100] "GET /water-outdoor-games-c-4_143.html?page=2 HTTP/1.0" 200 87899 "-" "Mozilla/5.0 (compatible; BLEXBot/1.0; +http://webmeup-crawler.com/)"
100.21.24.205 - - [02/Nov/2023:06:46:10 +0100] "GET /-c-95_303.html HTTP/1.0" 200 75575 "-" "my-tiny-bot"
157.90.182.25 - - [02/Nov/2023:06:46:21 +0100] "GET /waterproof-polyester-mattress-protector-p-49341.html HTTP/1.0" 200 79307 "-" "Mozilla/5.0 (compatible; BLEXBot/1.0; +http://webmeup-crawler.com/)"
157.90.182.25 - - [02/Nov/2023:06:46:28 +0100] "GET /wave-teapot-p-56169.html HTTP/1.0" 200 80168 "-" "Mozilla/5.0 (compatible; BLEXBot/1.0; +http://webmeup-crawler.com/)"
157.90.182.25 - - [02/Nov/2023:06:46:35 +0100] "GET /weenicons-east-cost-shirt-p-29582.html HTTP/1.0" 200 80520 "-" "Mozilla/5.0 (compatible; BLEXBot/1.0; +http://webmeup-crawler.com/)"
54.36.148.150 - - [02/Nov/2023:06:46:37 +0100] "GET /decorative-cotton-hearts-hang-sophie-p-60686.html HTTP/1.0" 200 80041 "-" "Mozilla/5.0 (compatible; AhrefsBot/7.0; +http://ahrefs.com/robot/)"
157.90.182.25 - - [02/Nov/2023:06:46:44 +0100] "GET /weenicons-talking-shirt-p-29585.html HTTP/1.0" 200 80311 "-" "Mozilla/5.0 (compatible; BLEXBot/1.0; +http://webmeup-crawler.com/)"
54.36.148.76 - - [02/Nov/2023:06:46:47 +0100] "GET /images/big_prod/3665269272642.jpg HTTP/1.0" 200 268 "-" "Mozilla/5.0 (compatible; AhrefsBot/7.0; +http://ahrefs.com/robot/)"
157.90.182.25 - - [02/Nov/2023:06:46:51 +0100] "GET /white-black-gold-ceramic-statue-p-60332.html HTTP/1.0" 200 80131 "-" "Mozilla/5.0 (compatible; BLEXBot/1.0; +http://webmeup-crawler.com/)"
173.252.83.116 - - [02/Nov/2023:06:47:00 +0100] "GET /images/mini_prod/8445148004206.jpg HTTP/1.0" 200 269 "-" "facebookexternalhit/1.1 (+http://www.facebook.com/externalhit_uatext.php)"
157.90.182.25 - - [02/Nov/2023:06:46:58 +0100] "GET /white-black-silver-ceramic-statue-p-60335.html HTTP/1.0" 200 80119 "-" "Mozilla/5.0 (compatible; BLEXBot/1.0; +http://webmeup-crawler.com/)"
157.90.182.25 - - [02/Nov/2023:06:47:04 +0100] "GET /white-black-skull-keyrings-sound-light-p-40194.html HTTP/1.0" 200 79298 "-" "Mozilla/5.0 (compatible; BLEXBot/1.0; +http://webmeup-crawler.com/)"
173.252.83.120 - - [02/Nov/2023:06:47:11 +0100] "GET /images/mini_prod/03032012DSCN9712.jpg HTTP/1.0" 200 272 "-" "facebookexternalhit/1.1 (+http://www.facebook.com/externalhit_uatext.php)"
157.90.182.25 - - [02/Nov/2023:06:47:11 +0100] "GET /white-black-terrestrial-globe-p-60871.html HTTP/1.0" 200 79858 "-" "Mozilla/5.0 (compatible; BLEXBot/1.0; +http://webmeup-crawler.com/)"
157.90.182.25 - - [02/Nov/2023:06:47:19 +0100] "GET /white-bubble-girl-vase-p-60374.html HTTP/1.0" 200 79918 "-" "Mozilla/5.0 (compatible; BLEXBot/1.0; +http://webmeup-crawler.com/)"
157.90.182.25 - - [02/Nov/2023:06:47:27 +0100] "GET /white-ceramic-p-50009.html HTTP/1.0" 200 79035 "-" "Mozilla/5.0 (compatible; BLEXBot/1.0; +http://webmeup-crawler.com/)"
157.90.182.25 - - [02/Nov/2023:06:47:35 +0100] "GET /white-ceramic-p-55575.html HTTP/1.0" 200 79583 "-" "Mozilla/5.0 (compatible; BLEXBot/1.0; +http://webmeup-crawler.com/)"
157.90.182.25 - - [02/Nov/2023:06:47:42 +0100] "GET /white-ceramic-p-55576.html HTTP/1.0" 200 79584 "-" "Mozilla/5.0 (compatible; BLEXBot/1.0; +http://webmeup-crawler.com/)"
157.90.182.25 - - [02/Nov/2023:06:47:51 +0100] "GET /white-ceramic-p-55577.html HTTP/1.0" 200 79583 "-" "Mozilla/5.0 (compatible; BLEXBot/1.0; +http://webmeup-crawler.com/)"
157.90.182.25 - - [02/Nov/2023:06:48:01 +0100] "GET /white-cereal-dispenser-p-47517.html HTTP/1.0" 200 80215 "-" "Mozilla/5.0 (compatible; BLEXBot/1.0; +http://webmeup-crawler.com/)"
169.233.1.13 - - [02/Nov/2023:06:48:09 +0100] "GET /images/mini_prod/3661443611184.jpg HTTP/1.0" 200 269 "-" "Mozilla/5.0 (X11; Ubuntu; Linux x86_64; rv:72.0) Gecko/20100101 Firefox/72.0"
157.90.182.25 - - [02/Nov/2023:06:48:08 +0100] "GET /white-cotton-chandelier-p-58310.html HTTP/1.0" 200 79940 "-" "Mozilla/5.0 (compatible; BLEXBot/1.0; +http://webmeup-crawler.com/)"
157.90.182.25 - - [02/Nov/2023:06:48:16 +0100] "GET /white-decorative-statue-p-31563.html HTTP/1.0" 200 79222 "-" "Mozilla/5.0 (compatible; BLEXBot/1.0; +http://webmeup-crawler.com/)"
157.90.182.25 - - [02/Nov/2023:06:48:24 +0100] "GET /white-gold-jewelry-holder-p-58457.html HTTP/1.0" 200 80119 "-" "Mozilla/5.0 (compatible; BLEXBot/1.0; +http://webmeup-crawler.com/)"
173.252.83.4 - - [02/Nov/2023:06:48:29 +0100] "GET /images/big_prod_2/8422095094009b.jpg HTTP/1.0" 200 271 "-" "facebookexternalhit/1.1 (+http://www.facebook.com/externalhit_uatext.php)"
157.90.182.25 - - [02/Nov/2023:06:48:30 +0100] "GET /white-horse-moneybox-p-25022.html HTTP/1.0" 200 79656 "-" "Mozilla/5.0 (compatible; BLEXBot/1.0; +http://webmeup-crawler.com/)"
157.90.182.25 - - [02/Nov/2023:06:48:37 +0100] "GET /white-kitchen-towel-p-38795.html HTTP/1.0" 200 79087 "-" "Mozilla/5.0 (compatible; BLEXBot/1.0; +http://webmeup-crawler.com/)"
157.90.182.25 - - [02/Nov/2023:06:48:47 +0100] "GET /white-lampshade-p-53665.html HTTP/1.0" 200 79859 "-" "Mozilla/5.0 (compatible; BLEXBot/1.0; +http://webmeup-crawler.com/)"
124.156.207.67 - - [02/Nov/2023:06:48:50 +0100] "GET /images/big_prod_2/028399270163b.jpg HTTP/1.0" 200 270 "-" "Mozilla/5.0 (Windows NT 5.1) AppleWebKit/537.36 (KHTML, like Gecko) Internet Explorer/59.0.1036.118 Safari/537.36"
157.90.182.25 - - [02/Nov/2023:06:48:54 +0100] "GET /white-lampshade-p-53672.html HTTP/1.0" 200 79097 "-" "Mozilla/5.0 (compatible; BLEXBot/1.0; +http://webmeup-crawler.com/)"
157.90.182.25 - - [02/Nov/2023:06:49:00 +0100] "GET /white-lampshade-p-56443.html HTTP/1.0" 200 79859 "-" "Mozilla/5.0 (compatible; BLEXBot/1.0; +http://webmeup-crawler.com/)"
157.90.182.25 - - [02/Nov/2023:06:49:09 +0100] "GET /white-lucky-maneki-neko-p-60889.html HTTP/1.0" 200 80360 "-" "Mozilla/5.0 (compatible; BLEXBot/1.0; +http://webmeup-crawler.com/)"
100.21.24.205 - - [02/Nov/2023:06:49:12 +0100] "GET /-c-95_304.html HTTP/1.0" 200 75575 "-" "my-tiny-bot"
52.25.208.208 - - [02/Nov/2023:06:49:13 +0100] "GET /-c-95_305.html HTTP/1.0" 200 75575 "-" "my-tiny-bot"
157.90.182.25 - - [02/Nov/2023:06:49:19 +0100] "GET /white-metal-chandelier-p-58722.html HTTP/1.0" 200 79913 "-" "Mozilla/5.0 (compatible; BLEXBot/1.0; +http://webmeup-crawler.com/)"
100.21.24.205 - - [02/Nov/2023:06:49:15 +0100] "GET /-c-95_310.html HTTP/1.0" 200 75575 "-" "my-tiny-bot"
54.36.148.170 - - [02/Nov/2023:06:49:21 +0100] "GET /pusheenwinter-ornament-p-41645.html HTTP/1.0" 200 76787 "-" "Mozilla/5.0 (compatible; AhrefsBot/7.0; +http://ahrefs.com/robot/)"
157.90.182.25 - - [02/Nov/2023:06:49:25 +0100] "GET /white-metal-chandelier-p-58724.html HTTP/1.0" 200 79917 "-" "Mozilla/5.0 (compatible; BLEXBot/1.0; +http://webmeup-crawler.com/)"
157.90.182.25 - - [02/Nov/2023:06:49:32 +0100] "GET /white-metal-chandelier-p-58726.html HTTP/1.0" 200 79916 "-" "Mozilla/5.0 (compatible; BLEXBot/1.0; +http://webmeup-crawler.com/)"
157.90.182.25 - - [02/Nov/2023:06:49:40 +0100] "GET /white-metal-umbrella-stand-p-59110.html HTTP/1.0" 200 79756 "-" "Mozilla/5.0 (compatible; BLEXBot/1.0; +http://webmeup-crawler.com/)"
157.90.182.25 - - [02/Nov/2023:06:49:46 +0100] "GET /white-metal-umbrella-stand-p-59745.html HTTP/1.0" 200 79736 "-" "Mozilla/5.0 (compatible; BLEXBot/1.0; +http://webmeup-crawler.com/)"
157.90.182.25 - - [02/Nov/2023:06:49:54 +0100] "GET /white-moustache-ring-p-18243.html HTTP/1.0" 200 79498 "-" "Mozilla/5.0 (compatible; BLEXBot/1.0; +http://webmeup-crawler.com/)"
157.90.182.25 - - [02/Nov/2023:06:50:02 +0100] "GET /white-multicolored-ceramic-statue-p-60331.html HTTP/1.0" 200 80119 "-" "Mozilla/5.0 (compatible; BLEXBot/1.0; +http://webmeup-crawler.com/)"
216.244.66.242 - - [02/Nov/2023:06:50:08 +0100] "GET /coasters-mandala-purple-p-47006.html HTTP/1.0" 200 79701 "-" "Mozilla/5.0 (compatible; DotBot/1.2; +https://opensiteexplorer.org/dotbot; help@moz.com)"
157.90.182.25 - - [02/Nov/2023:06:50:11 +0100] "GET /white-natural-mini-wooden-p-55032.html HTTP/1.0" 200 79965 "-" "Mozilla/5.0 (compatible; BLEXBot/1.0; +http://webmeup-crawler.com/)"
173.252.83.117 - - [02/Nov/2023:06:50:15 +0100] "GET /images/big_prod_1/8433933269084B.jpg HTTP/1.0" 200 271 "-" "facebookexternalhit/1.1 (+http://www.facebook.com/externalhit_uatext.php)"
157.90.182.25 - - [02/Nov/2023:06:50:18 +0100] "GET /white-natural-mini-wooden-p-55036.html HTTP/1.0" 200 79965 "-" "Mozilla/5.0 (compatible; BLEXBot/1.0; +http://webmeup-crawler.com/)"
157.90.182.25 - - [02/Nov/2023:06:50:24 +0100] "GET /white-natural-wooden-mini-p-55033.html HTTP/1.0" 200 79965 "-" "Mozilla/5.0 (compatible; BLEXBot/1.0; +http://webmeup-crawler.com/)"
110.249.201.94 - - [02/Nov/2023:06:50:22 +0100] "GET /collectible-figurines-decorative-c-292_135.html?page=7 HTTP/1.0" 200 101449 "-" "Mozilla/5.0 (Linux; Android 5.0) AppleWebKit/537.36 (KHTML, like Gecko) Mobile Safari/537.36 (compatible; Bytespider; https://zhanzhang.toutiao.com/)"
110.249.201.94 - - [02/Nov/2023:06:50:30 +0100] "GET /js/jquery.min.js HTTP/1.0" 404 1308 "http://www.wonder-geek.com/collectible-figurines-decorative-c-292_135.html?page=7" "Mozilla/5.0 (Linux; Android 5.0) AppleWebKit/537.36 (KHTML, like Gecko) Mobile Safari/537.36 (compatible; Bytespider; https://zhanzhang.toutiao.com/)"
157.90.182.25 - - [02/Nov/2023:06:50:33 +0100] "GET /white-natural-wooden-p-55034.html HTTP/1.0" 200 79930 "-" "Mozilla/5.0 (compatible; BLEXBot/1.0; +http://webmeup-crawler.com/)"
110.249.201.94 - - [02/Nov/2023:06:50:40 +0100] "GET /js/jquery.min.js HTTP/1.0" 404 1308 "http://www.wonder-geek.com/collectible-figurines-decorative-c-292_135.html?page=7" "Mozilla/5.0 (Linux; Android 5.0) AppleWebKit/537.36 (KHTML, like Gecko) Mobile Safari/537.36 (compatible; Bytespider; https://zhanzhang.toutiao.com/)"
110.249.201.88 - - [02/Nov/2023:06:50:41 +0100] "GET /highslide/graphics/zoomout.cur HTTP/1.0" 200 614 "http://www.wonder-geek.com/collectible-figurines-decorative-c-292_135.html?page=7" "Mozilla/5.0 (Linux; Android 5.0) AppleWebKit/537.36 (KHTML, like Gecko) Mobile Safari/537.36 (compatible; Bytespider; https://zhanzhang.toutiao.com/)"
157.90.182.25 - - [02/Nov/2023:06:50:42 +0100] "GET /white-natural-wooden-p-55037.html HTTP/1.0" 200 79850 "-" "Mozilla/5.0 (compatible; BLEXBot/1.0; +http://webmeup-crawler.com/)"
157.90.182.25 - - [02/Nov/2023:06:50:50 +0100] "GET /white-polyester-chandelier-p-58373.html HTTP/1.0" 200 80381 "-" "Mozilla/5.0 (compatible; BLEXBot/1.0; +http://webmeup-crawler.com/)"
157.90.182.25 - - [02/Nov/2023:06:50:57 +0100] "GET /white-sage-california-incense-p-48492.html HTTP/1.0" 200 79138 "-" "Mozilla/5.0 (compatible; BLEXBot/1.0; +http://webmeup-crawler.com/)"
157.90.182.25 - - [02/Nov/2023:06:51:04 +0100] "GET /white-savings-bank-p-58414.html HTTP/1.0" 200 79940 "-" "Mozilla/5.0 (compatible; BLEXBot/1.0; +http://webmeup-crawler.com/)"
157.90.182.25 - - [02/Nov/2023:06:51:11 +0100] "GET /white-sheep-cushion-cover-p-59579.html HTTP/1.0" 200 80320 "-" "Mozilla/5.0 (compatible; BLEXBot/1.0; +http://webmeup-crawler.com/)"
121.134.39.23 - - [02/Nov/2023:06:51:15 +0100] "GET /images/mini_prod/3560600297288.jpg HTTP/1.0" 200 269 "-" "Mozilla/5.0 (X11; Ubuntu; Linux x86_64; rv:72.0) Gecko/20100101 Firefox/72.0"
173.252.83.1 - - [02/Nov/2023:06:51:15 +0100] "GET /images/big_prod/8422072764024.jpg HTTP/1.0" 200 268 "-" "facebookexternalhit/1.1 (+http://www.facebook.com/externalhit_uatext.php)"
157.90.182.25 - - [02/Nov/2023:06:51:19 +0100] "GET /white-shell-galaxy-note-with-personalized-picture-p-16354.html HTTP/1.0" 200 79724 "-" "Mozilla/5.0 (compatible; BLEXBot/1.0; +http://webmeup-crawler.com/)"
157.90.182.25 - - [02/Nov/2023:06:51:25 +0100] "GET /white-shell-samsung-with-personalized-picture-p-16356.html HTTP/1.0" 200 79791 "-" "Mozilla/5.0 (compatible; BLEXBot/1.0; +http://webmeup-crawler.com/)"
157.90.182.25 - - [02/Nov/2023:06:51:32 +0100] "GET /white-skull-keyring-p-28904.html HTTP/1.0" 200 79025 "-" "Mozilla/5.0 (compatible; BLEXBot/1.0; +http://webmeup-crawler.com/)"
157.90.182.25 - - [02/Nov/2023:06:51:38 +0100] "GET /white-skull-keyrings-sound-light-p-40193.html HTTP/1.0" 200 79274 "-" "Mozilla/5.0 (compatible; BLEXBot/1.0; +http://webmeup-crawler.com/)"
157.90.182.25 - - [02/Nov/2023:06:51:44 +0100] "GET /white-small-baby-teeth-p-33506.html HTTP/1.0" 200 79835 "-" "Mozilla/5.0 (compatible; BLEXBot/1.0; +http://webmeup-crawler.com/)"
157.90.182.25 - - [02/Nov/2023:06:51:50 +0100] "GET /white-stained-pine-wood-chest-p-53540.html HTTP/1.0" 200 79752 "-" "Mozilla/5.0 (compatible; BLEXBot/1.0; +http://webmeup-crawler.com/)"
157.90.182.25 - - [02/Nov/2023:06:51:58 +0100] "GET /white-wood-p-45693.html HTTP/1.0" 200 79267 "-" "Mozilla/5.0 (compatible; BLEXBot/1.0; +http://webmeup-crawler.com/)"
44.230.252.91 - - [02/Nov/2023:06:51:57 +0100] "GET /-c-95_311.html HTTP/1.0" 200 75575 "-" "my-tiny-bot"
100.21.24.205 - - [02/Nov/2023:06:51:58 +0100] "GET /-c-95_313.html HTTP/1.0" 200 75575 "-" "my-tiny-bot"
157.90.182.25 - - [02/Nov/2023:06:52:04 +0100] "GET /white-wood-p-52595.html HTTP/1.0" 200 79856 "-" "Mozilla/5.0 (compatible; BLEXBot/1.0; +http://webmeup-crawler.com/)"
100.21.24.205 - - [02/Nov/2023:06:51:59 +0100] "GET /-c-95_314.html HTTP/1.0" 200 75575 "-" "my-tiny-bot"
157.90.182.25 - - [02/Nov/2023:06:52:12 +0100] "GET /white-wooden-perpetual-calendar-p-60322.html HTTP/1.0" 200 79990 "-" "Mozilla/5.0 (compatible; BLEXBot/1.0; +http://webmeup-crawler.com/)"
54.36.148.218 - - [02/Nov/2023:06:52:08 +0100] "GET /fragrances-ambiance-c-231.html?page=40 HTTP/1.0" 200 100692 "-" "Mozilla/5.0 (compatible; AhrefsBot/7.0; +http://ahrefs.com/robot/)"
54.36.148.166 - - [02/Nov/2023:06:52:20 +0100] "GET /images/mini_prod/4250255859656.jpg HTTP/1.0" 200 269 "-" "Mozilla/5.0 (compatible; AhrefsBot/7.0; +http://ahrefs.com/robot/)"
54.36.148.190 - - [02/Nov/2023:06:52:20 +0100] "GET /images/mini_prod/8720088299470.jpg HTTP/1.0" 200 269 "-" "Mozilla/5.0 (compatible; AhrefsBot/7.0; +http://ahrefs.com/robot/)"
54.36.148.167 - - [02/Nov/2023:06:52:21 +0100] "GET /images/mini_prod/8420327473486.jpg HTTP/1.0" 200 269 "-" "Mozilla/5.0 (compatible; AhrefsBot/7.0; +http://ahrefs.com/robot/)"
54.36.149.58 - - [02/Nov/2023:06:52:21 +0100] "GET /images/mini_prod/8422084800024.jpg HTTP/1.0" 200 269 "-" "Mozilla/5.0 (compatible; AhrefsBot/7.0; +http://ahrefs.com/robot/)"
157.90.182.25 - - [02/Nov/2023:06:52:19 +0100] "GET /white-wooden-tray-aged-appearance-p-40590.html HTTP/1.0" 200 79288 "-" "Mozilla/5.0 (compatible; BLEXBot/1.0; +http://webmeup-crawler.com/)"
54.36.148.123 - - [02/Nov/2023:06:52:22 +0100] "GET /images/mini_prod/5051276423937.jpg HTTP/1.0" 200 269 "-" "Mozilla/5.0 (compatible; AhrefsBot/7.0; +http://ahrefs.com/robot/)"
54.36.148.135 - - [02/Nov/2023:06:52:23 +0100] "GET /images/mini_prod/8422084800079.jpg HTTP/1.0" 200 269 "-" "Mozilla/5.0 (compatible; AhrefsBot/7.0; +http://ahrefs.com/robot/)"
54.36.148.137 - - [02/Nov/2023:06:52:24 +0100] "GET /images/mini_prod/5051276476483b.jpg HTTP/1.0" 200 270 "-" "Mozilla/5.0 (compatible; AhrefsBot/7.0; +http://ahrefs.com/robot/)"
54.36.149.15 - - [02/Nov/2023:06:52:24 +0100] "GET /images/mini_prod/8422084800048.jpg HTTP/1.0" 200 269 "-" "Mozilla/5.0 (compatible; AhrefsBot/7.0; +http://ahrefs.com/robot/)"
54.36.148.50 - - [02/Nov/2023:06:52:24 +0100] "GET /images/mini_prod/1300000021012.jpg HTTP/1.0" 200 269 "-" "Mozilla/5.0 (compatible; AhrefsBot/7.0; +http://ahrefs.com/robot/)"
54.36.148.28 - - [02/Nov/2023:06:52:25 +0100] "GET /images/mini_prod/5051276494968.jpg HTTP/1.0" 200 269 "-" "Mozilla/5.0 (compatible; AhrefsBot/7.0; +http://ahrefs.com/robot/)"
54.36.149.85 - - [02/Nov/2023:06:52:25 +0100] "GET /images/mini_prod/8422011490083.jpg HTTP/1.0" 200 269 "-" "Mozilla/5.0 (compatible; AhrefsBot/7.0; +http://ahrefs.com/robot/)"
54.36.148.62 - - [02/Nov/2023:06:52:25 +0100] "GET /images/mini_prod/5051276496146.jpg HTTP/1.0" 200 269 "-" "Mozilla/5.0 (compatible; AhrefsBot/7.0; +http://ahrefs.com/robot/)"
54.36.148.215 - - [02/Nov/2023:06:52:25 +0100] "GET /images/mini_prod/1300000021029.jpg HTTP/1.0" 200 269 "-" "Mozilla/5.0 (compatible; AhrefsBot/7.0; +http://ahrefs.com/robot/)"
54.36.148.101 - - [02/Nov/2023:06:52:25 +0100] "GET /images/mini_prod/5051276495286.jpg HTTP/1.0" 200 269 "-" "Mozilla/5.0 (compatible; AhrefsBot/7.0; +http://ahrefs.com/robot/)"
54.36.149.83 - - [02/Nov/2023:06:52:25 +0100] "GET /images/mini_prod/8422084800000.jpg HTTP/1.0" 200 269 "-" "Mozilla/5.0 (compatible; AhrefsBot/7.0; +http://ahrefs.com/robot/)"
157.90.182.25 - - [02/Nov/2023:06:52:26 +0100] "GET /white-wooden-tray-aged-appearance-p-40591.html HTTP/1.0" 200 79305 "-" "Mozilla/5.0 (compatible; BLEXBot/1.0; +http://webmeup-crawler.com/)"
157.90.182.25 - - [02/Nov/2023:06:52:33 +0100] "GET /white-wooden-tray-aged-appearance-p-40592.html HTTP/1.0" 200 79301 "-" "Mozilla/5.0 (compatible; BLEXBot/1.0; +http://webmeup-crawler.com/)"
66.249.66.205 - - [02/Nov/2023:06:52:38 +0100] "GET /palm-shower-curtain-180-200-cm-p-52459.html HTTP/1.0" 301 76885 "-" "Mozilla/5.0 (compatible; Googlebot/2.1; +http://www.google.com/bot.html)"
157.90.182.25 - - [02/Nov/2023:06:52:39 +0100] "GET /wick-ellipse-candle-heart-home-home-christmas-p-61074.html HTTP/1.0" 200 80749 "-" "Mozilla/5.0 (compatible; BLEXBot/1.0; +http://webmeup-crawler.com/)"
66.249.66.206 - - [02/Nov/2023:06:52:40 +0100] "GET /palm-shower-curtain-p-52459.html HTTP/1.0" 200 76799 "-" "Mozilla/5.0 (compatible; Googlebot/2.1; +http://www.google.com/bot.html)"
157.90.182.25 - - [02/Nov/2023:06:52:47 +0100] "GET /wick-ellipse-candle-heart-home-honey-poached-pear-p-61101.html HTTP/1.0" 200 80375 "-" "Mozilla/5.0 (compatible; BLEXBot/1.0; +http://webmeup-crawler.com/)"
34.132.176.232 - - [02/Nov/2023:06:52:53 +0100] "GET /images/mini_prod/8424001278909.jpg HTTP/1.0" 200 269 "-" "Mozilla/5.0 (X11; Ubuntu; Linux x86_64; rv:72.0) Gecko/20100101 Firefox/72.0"
157.90.182.25 - - [02/Nov/2023:06:52:53 +0100] "GET /wick-ellipse-candle-heart-home-starry-night-p-61102.html HTTP/1.0" 200 80289 "-" "Mozilla/5.0 (compatible; BLEXBot/1.0; +http://webmeup-crawler.com/)"
173.252.83.14 - - [02/Nov/2023:06:52:56 +0100] "GET /images/mini_prod/4250255840135.jpg HTTP/1.0" 200 269 "-" "facebookexternalhit/1.1 (+http://www.facebook.com/externalhit_uatext.php)"
157.90.182.25 - - [02/Nov/2023:06:53:00 +0100] "GET /wild-about-words-bowl-p-31970.html HTTP/1.0" 200 78951 "-" "Mozilla/5.0 (compatible; BLEXBot/1.0; +http://webmeup-crawler.com/)"
157.90.182.25 - - [02/Nov/2023:06:53:07 +0100] "GET /willow-tree-collection-mother-daughter-p-55500.html HTTP/1.0" 200 80808 "-" "Mozilla/5.0 (compatible; BLEXBot/1.0; +http://webmeup-crawler.com/)"
157.90.182.25 - - [02/Nov/2023:06:53:14 +0100] "GET /willow-tree-collection-tree-player-p-55499.html HTTP/1.0" 200 80990 "-" "Mozilla/5.0 (compatible; BLEXBot/1.0; +http://webmeup-crawler.com/)"
157.90.182.25 - - [02/Nov/2023:06:53:20 +0100] "GET /windchime-bonheur-chimes-p-43530.html HTTP/1.0" 200 79697 "-" "Mozilla/5.0 (compatible; BLEXBot/1.0; +http://webmeup-crawler.com/)"
157.90.182.25 - - [02/Nov/2023:06:53:27 +0100] "GET /windchime-chimes-p-43532.html HTTP/1.0" 200 79661 "-" "Mozilla/5.0 (compatible; BLEXBot/1.0; +http://webmeup-crawler.com/)"
157.90.182.25 - - [02/Nov/2023:06:53:34 +0100] "GET /window-sticker-flower-life-gold-p-44278.html HTTP/1.0" 200 79154 "-" "Mozilla/5.0 (compatible; BLEXBot/1.0; +http://webmeup-crawler.com/)"
157.90.182.25 - - [02/Nov/2023:06:53:43 +0100] "GET /window-sticker-flower-life-p-60803.html HTTP/1.0" 200 79725 "-" "Mozilla/5.0 (compatible; BLEXBot/1.0; +http://webmeup-crawler.com/)"
157.90.182.25 - - [02/Nov/2023:06:53:50 +0100] "GET /wine-michelle-allen-glass-p-47695.html HTTP/1.0" 200 79861 "-" "Mozilla/5.0 (compatible; BLEXBot/1.0; +http://webmeup-crawler.com/)"
157.90.182.25 - - [02/Nov/2023:06:53:58 +0100] "GET /wine-michelle-allen-glass-p-47696.html HTTP/1.0" 200 79819 "-" "Mozilla/5.0 (compatible; BLEXBot/1.0; +http://webmeup-crawler.com/)"
34.132.176.232 - - [02/Nov/2023:06:54:04 +0100] "GET /images/mini_prod/5051265800374.jpg HTTP/1.0" 200 269 "-" "Mozilla/5.0 (X11; Ubuntu; Linux x86_64; rv:72.0) Gecko/20100101 Firefox/72.0"
157.90.182.25 - - [02/Nov/2023:06:54:05 +0100] "GET /winnie-pooh-ball-filled-p-11522.html HTTP/1.0" 200 79537 "-" "Mozilla/5.0 (compatible; BLEXBot/1.0; +http://webmeup-crawler.com/)"
157.90.182.25 - - [02/Nov/2023:06:54:12 +0100] "GET /winnie-pooh-blue-swimsuit-p-30831.html HTTP/1.0" 200 80833 "-" "Mozilla/5.0 (compatible; BLEXBot/1.0; +http://webmeup-crawler.com/)"
157.90.182.25 - - [02/Nov/2023:06:54:20 +0100] "GET /winnie-pooh-hair-ornements-p-13565.html HTTP/1.0" 200 79219 "-" "Mozilla/5.0 (compatible; BLEXBot/1.0; +http://webmeup-crawler.com/)"
52.25.208.208 - - [02/Nov/2023:06:54:23 +0100] "GET /-c-95_315.html HTTP/1.0" 200 75575 "-" "my-tiny-bot"
157.90.182.25 - - [02/Nov/2023:06:54:27 +0100] "GET /winnie-pooh-mini-silicone-p-17924.html HTTP/1.0" 200 79212 "-" "Mozilla/5.0 (compatible; BLEXBot/1.0; +http://webmeup-crawler.com/)"
100.21.24.205 - - [02/Nov/2023:06:54:25 +0100] "GET /-c-95_321.html HTTP/1.0" 200 75575 "-" "my-tiny-bot"
44.230.252.91 - - [02/Nov/2023:06:54:26 +0100] "GET /-c-95_324.html HTTP/1.0" 200 75575 "-" "my-tiny-bot"
52.25.208.208 - - [02/Nov/2023:06:54:27 +0100] "GET /-c-95_325.html HTTP/1.0" 200 75575 "-" "my-tiny-bot"
157.90.182.25 - - [02/Nov/2023:06:54:36 +0100] "GET /winnie-pooh-orange-swimsuit-p-30832.html HTTP/1.0" 200 80867 "-" "Mozilla/5.0 (compatible; BLEXBot/1.0; +http://webmeup-crawler.com/)"
157.90.182.25 - - [02/Nov/2023:06:54:42 +0100] "GET /winnie-pooh-pirate-figure-p-4716.html HTTP/1.0" 200 79221 "-" "Mozilla/5.0 (compatible; BLEXBot/1.0; +http://webmeup-crawler.com/)"
173.252.83.8 - - [02/Nov/2023:06:54:46 +0100] "GET /images/big_prod_1/3453131157933B.jpg HTTP/1.0" 200 271 "-" "facebookexternalhit/1.1 (+http://www.facebook.com/externalhit_uatext.php)"
157.90.182.25 - - [02/Nov/2023:06:54:48 +0100] "GET /winnie-pooh-wall-storage-p-1207.html HTTP/1.0" 200 79390 "-" "Mozilla/5.0 (compatible; BLEXBot/1.0; +http://webmeup-crawler.com/)"
157.90.182.25 - - [02/Nov/2023:06:54:56 +0100] "GET /winnie-pooh-with-honey-mini-figurine-p-41978.html HTTP/1.0" 200 80504 "-" "Mozilla/5.0 (compatible; BLEXBot/1.0; +http://webmeup-crawler.com/)"
157.90.182.25 - - [02/Nov/2023:06:55:03 +0100] "GET /winnie-pooh-yellow-swimsuit-p-30253.html HTTP/1.0" 200 80565 "-" "Mozilla/5.0 (compatible; BLEXBot/1.0; +http://webmeup-crawler.com/)"
157.90.182.25 - - [02/Nov/2023:06:55:09 +0100] "GET /winnie-toddler-flatware-p-20354.html HTTP/1.0" 200 79649 "-" "Mozilla/5.0 (compatible; BLEXBot/1.0; +http://webmeup-crawler.com/)"
54.36.148.220 - - [02/Nov/2023:06:55:15 +0100] "GET /white-gold-ciment-flower-p-58067.html HTTP/1.0" 200 79961 "-" "Mozilla/5.0 (compatible; AhrefsBot/7.0; +http://ahrefs.com/robot/)"
157.90.182.25 - - [02/Nov/2023:06:55:17 +0100] "GET /winter-greenery-cotton-table-runner-p-60926.html HTTP/1.0" 200 79886 "-" "Mozilla/5.0 (compatible; BLEXBot/1.0; +http://webmeup-crawler.com/)"
157.90.182.25 - - [02/Nov/2023:06:55:25 +0100] "GET /winx-club-jeans-p-30212.html HTTP/1.0" 200 80169 "-" "Mozilla/5.0 (compatible; BLEXBot/1.0; +http://webmeup-crawler.com/)"
95.108.213.191 - - [02/Nov/2023:06:55:12 +0100] "GET / HTTP/1.0" 200 159167 "-" "Mozilla/5.0 (compatible; YandexBot/3.0; +http://yandex.com/bots)"
157.90.182.25 - - [02/Nov/2023:06:55:32 +0100] "GET /winx-club-toddler-flatware-p-17136.html HTTP/1.0" 200 80988 "-" "Mozilla/5.0 (compatible; BLEXBot/1.0; +http://webmeup-crawler.com/)"
157.90.182.25 - - [02/Nov/2023:06:55:38 +0100] "GET /winx-picnic-p-17167.html HTTP/1.0" 200 79909 "-" "Mozilla/5.0 (compatible; BLEXBot/1.0; +http://webmeup-crawler.com/)"
34.132.176.232 - - [02/Nov/2023:06:55:41 +0100] "GET /images/mini_prod/9316188013291.jpg HTTP/1.0" 200 269 "-" "Mozilla/5.0 (X11; Ubuntu; Linux x86_64; rv:72.0) Gecko/20100101 Firefox/72.0"
