157.90.182.25 - - [02/Nov/2023:04:39:23 +0100] "GET /oliver-ceramic-solitary-teapot-p-57264.html HTTP/1.0" 200 79108 "-" "Mozilla/5.0 (compatible; BLEXBot/1.0; +http://webmeup-crawler.com/)"
157.90.182.25 - - [02/Nov/2023:04:39:30 +0100] "GET /olivier-soap-soap-p-40112.html HTTP/1.0" 200 79380 "-" "Mozilla/5.0 (compatible; BLEXBot/1.0; +http://webmeup-crawler.com/)"
157.90.182.25 - - [02/Nov/2023:04:39:35 +0100] "GET /olympique-marseille-homework-notebooks-p-60550.html HTTP/1.0" 200 79401 "-" "Mozilla/5.0 (compatible; BLEXBot/1.0; +http://webmeup-crawler.com/)"
173.252.83.2 - - [02/Nov/2023:04:39:37 +0100] "GET /images/mini_prod/ANIFOULROSE.jpg HTTP/1.0" 200 267 "-" "facebookexternalhit/1.1 (+http://www.facebook.com/externalhit_uatext.php)"
157.90.182.25 - - [02/Nov/2023:04:39:40 +0100] "GET /olympique-marseille-litre-p-33909.html HTTP/1.0" 200 79192 "-" "Mozilla/5.0 (compatible; BLEXBot/1.0; +http://webmeup-crawler.com/)"
157.90.182.25 - - [02/Nov/2023:04:39:46 +0100] "GET /open-your-heart-phone-cover-iphone-p-17817.html HTTP/1.0" 200 79961 "-" "Mozilla/5.0 (compatible; BLEXBot/1.0; +http://webmeup-crawler.com/)"
157.90.182.25 - - [02/Nov/2023:04:39:51 +0100] "GET /orange-butterfly-black-shirt-cbkreation-p-30119.html HTTP/1.0" 200 80209 "-" "Mozilla/5.0 (compatible; BLEXBot/1.0; +http://webmeup-crawler.com/)"
157.90.182.25 - - [02/Nov/2023:04:39:56 +0100] "GET /orange-kitchen-towel-p-44418.html HTTP/1.0" 200 79072 "-" "Mozilla/5.0 (compatible; BLEXBot/1.0; +http://webmeup-crawler.com/)"
157.90.182.25 - - [02/Nov/2023:04:40:01 +0100] "GET /orange-macaroon-ring-p-15338.html HTTP/1.0" 200 79106 "-" "Mozilla/5.0 (compatible; BLEXBot/1.0; +http://webmeup-crawler.com/)"
157.90.182.25 - - [02/Nov/2023:04:40:06 +0100] "GET /orange-moustache-ring-p-18245.html HTTP/1.0" 200 80120 "-" "Mozilla/5.0 (compatible; BLEXBot/1.0; +http://webmeup-crawler.com/)"
157.90.182.25 - - [02/Nov/2023:04:40:10 +0100] "GET /oriental-bread-basket-p-59811.html HTTP/1.0" 200 79759 "-" "Mozilla/5.0 (compatible; BLEXBot/1.0; +http://webmeup-crawler.com/)"
157.90.182.25 - - [02/Nov/2023:04:40:15 +0100] "GET /oriental-cotton-table-runner-p-60386.html HTTP/1.0" 200 79806 "-" "Mozilla/5.0 (compatible; BLEXBot/1.0; +http://webmeup-crawler.com/)"
157.90.182.25 - - [02/Nov/2023:04:40:21 +0100] "GET /oriental-resin-vase-p-58809.html HTTP/1.0" 200 79666 "-" "Mozilla/5.0 (compatible; BLEXBot/1.0; +http://webmeup-crawler.com/)"
157.90.182.25 - - [02/Nov/2023:04:40:26 +0100] "GET /ornamental-flowers-white-cotton-table-runner-p-60922.html HTTP/1.0" 200 79976 "-" "Mozilla/5.0 (compatible; BLEXBot/1.0; +http://webmeup-crawler.com/)"
157.90.182.25 - - [02/Nov/2023:04:40:31 +0100] "GET /outdoor-carpet-celadon-blue-polypropylene-p-48186.html HTTP/1.0" 200 79415 "-" "Mozilla/5.0 (compatible; BLEXBot/1.0; +http://webmeup-crawler.com/)"
157.90.182.25 - - [02/Nov/2023:04:40:39 +0100] "GET /over-purse-michelle-allen-p-53362.html HTTP/1.0" 200 79178 "-" "Mozilla/5.0 (compatible; BLEXBot/1.0; +http://webmeup-crawler.com/)"
157.90.182.25 - - [02/Nov/2023:04:40:47 +0100] "GET /owls-small-melamine-tray-p-45176.html HTTP/1.0" 200 79149 "-" "Mozilla/5.0 (compatible; BLEXBot/1.0; +http://webmeup-crawler.com/)"
157.90.182.25 - - [02/Nov/2023:04:40:51 +0100] "GET /owls-teapot-with-metal-infuser-p-42249.html HTTP/1.0" 200 79113 "-" "Mozilla/5.0 (compatible; BLEXBot/1.0; +http://webmeup-crawler.com/)"
157.90.182.25 - - [02/Nov/2023:04:40:57 +0100] "GET /owls-tray-mango-wood-p-55128.html HTTP/1.0" 200 80083 "-" "Mozilla/5.0 (compatible; BLEXBot/1.0; +http://webmeup-crawler.com/)"
157.90.182.25 - - [02/Nov/2023:04:41:03 +0100] "GET /pacha-p-49540.html HTTP/1.0" 200 78915 "-" "Mozilla/5.0 (compatible; BLEXBot/1.0; +http://webmeup-crawler.com/)"
157.90.182.25 - - [02/Nov/2023:04:41:08 +0100] "GET /padded-headboard-gray-p-49073.html HTTP/1.0" 200 79921 "-" "Mozilla/5.0 (compatible; BLEXBot/1.0; +http://webmeup-crawler.com/)"
157.90.182.25 - - [02/Nov/2023:04:41:13 +0100] "GET /pairs-mickey-mouse-socks-size-p-25177.html HTTP/1.0" 200 79381 "-" "Mozilla/5.0 (compatible; BLEXBot/1.0; +http://webmeup-crawler.com/)"
52.167.144.191 - - [02/Nov/2023:04:41:16 +0100] "GET /clocks-c-13_67.html?page=9 HTTP/1.0" 200 98993 "-" "Mozilla/5.0 AppleWebKit/537.36 (KHTML, like Gecko; compatible; bingbot/2.0; +http://www.bing.com/bingbot.htm) Chrome/103.0.5060.134 Safari/537.36"
157.90.182.25 - - [02/Nov/2023:04:41:18 +0100] "GET /pairs-socks-peanuts-p-50911.html HTTP/1.0" 200 79041 "-" "Mozilla/5.0 (compatible; BLEXBot/1.0; +http://webmeup-crawler.com/)"
52.167.144.191 - - [02/Nov/2023:04:41:19 +0100] "GET /array-m-108.html HTTP/1.0" 200 81865 "-" "Mozilla/5.0 AppleWebKit/537.36 (KHTML, like Gecko; compatible; bingbot/2.0; +http://www.bing.com/bingbot.htm) Chrome/103.0.5060.134 Safari/537.36"
157.90.182.25 - - [02/Nov/2023:04:41:25 +0100] "GET /palm-trees-cube-mold-p-58566.html HTTP/1.0" 200 79699 "-" "Mozilla/5.0 (compatible; BLEXBot/1.0; +http://webmeup-crawler.com/)"
157.90.182.25 - - [02/Nov/2023:04:41:30 +0100] "GET /palm-trees-shower-curtain-p-57980.html HTTP/1.0" 200 80068 "-" "Mozilla/5.0 (compatible; BLEXBot/1.0; +http://webmeup-crawler.com/)"
157.90.182.25 - - [02/Nov/2023:04:41:37 +0100] "GET /panda-ground-sheet-p-45411.html HTTP/1.0" 200 80217 "-" "Mozilla/5.0 (compatible; BLEXBot/1.0; +http://webmeup-crawler.com/)"
157.90.182.25 - - [02/Nov/2023:04:41:46 +0100] "GET /panda-head-clock-p-49251.html HTTP/1.0" 200 79074 "-" "Mozilla/5.0 (compatible; BLEXBot/1.0; +http://webmeup-crawler.com/)"
157.90.182.25 - - [02/Nov/2023:04:41:52 +0100] "GET /panda-picture-frame-p-58848.html HTTP/1.0" 200 79727 "-" "Mozilla/5.0 (compatible; BLEXBot/1.0; +http://webmeup-crawler.com/)"
157.90.182.25 - - [02/Nov/2023:04:41:58 +0100] "GET /papers-holder-indian-spirit-light-brown-p-42942.html HTTP/1.0" 200 79331 "-" "Mozilla/5.0 (compatible; BLEXBot/1.0; +http://webmeup-crawler.com/)"
157.90.182.25 - - [02/Nov/2023:04:42:03 +0100] "GET /paperweight-awakening-kitten-ronner-knip-p-53519.html HTTP/1.0" 200 80133 "-" "Mozilla/5.0 (compatible; BLEXBot/1.0; +http://webmeup-crawler.com/)"
157.90.182.25 - - [02/Nov/2023:04:42:10 +0100] "GET /paperweight-bike-kiub-collection-jewels-p-55893.html HTTP/1.0" 200 79952 "-" "Mozilla/5.0 (compatible; BLEXBot/1.0; +http://webmeup-crawler.com/)"
157.90.182.25 - - [02/Nov/2023:04:42:15 +0100] "GET /paperweight-birds-kiub-collection-jewels-p-55894.html HTTP/1.0" 200 79930 "-" "Mozilla/5.0 (compatible; BLEXBot/1.0; +http://webmeup-crawler.com/)"
157.90.182.25 - - [02/Nov/2023:04:42:21 +0100] "GET /paperweight-c-129_188.html?page=2 HTTP/1.0" 200 98014 "-" "Mozilla/5.0 (compatible; BLEXBot/1.0; +http://webmeup-crawler.com/)"
157.90.182.25 - - [02/Nov/2023:04:42:28 +0100] "GET /paperweight-c-129_188.html?page=3 HTTP/1.0" 200 98390 "-" "Mozilla/5.0 (compatible; BLEXBot/1.0; +http://webmeup-crawler.com/)"
157.90.182.25 - - [02/Nov/2023:04:42:35 +0100] "GET /paperweight-c-129_188.html?page=4 HTTP/1.0" 200 97491 "-" "Mozilla/5.0 (compatible; BLEXBot/1.0; +http://webmeup-crawler.com/)"
157.90.182.25 - - [02/Nov/2023:04:42:40 +0100] "GET /paperweight-c-129_188.html?page=5 HTTP/1.0" 200 85765 "-" "Mozilla/5.0 (compatible; BLEXBot/1.0; +http://webmeup-crawler.com/)"
157.90.182.25 - - [02/Nov/2023:04:42:45 +0100] "GET /paperweight-composition-mondrian-p-55068.html HTTP/1.0" 200 80840 "-" "Mozilla/5.0 (compatible; BLEXBot/1.0; +http://webmeup-crawler.com/)"
54.36.148.93 - - [02/Nov/2023:04:42:46 +0100] "GET /heart-home-bamboo-soaring-crackling-responsible-p-61061.html HTTP/1.0" 200 80350 "-" "Mozilla/5.0 (compatible; AhrefsBot/7.0; +http://ahrefs.com/robot/)"
54.36.149.0 - - [02/Nov/2023:04:42:51 +0100] "GET /images/big_prod_1/5051276457765B.jpg HTTP/1.0" 200 271 "-" "Mozilla/5.0 (compatible; AhrefsBot/7.0; +http://ahrefs.com/robot/)"
157.90.182.25 - - [02/Nov/2023:04:42:51 +0100] "GET /paperweight-kiub-collection-amys-p-55890.html HTTP/1.0" 200 79911 "-" "Mozilla/5.0 (compatible; BLEXBot/1.0; +http://webmeup-crawler.com/)"
157.90.182.25 - - [02/Nov/2023:04:42:57 +0100] "GET /paperweight-mona-lisa-leonardo-vinci-p-46904.html HTTP/1.0" 200 79688 "-" "Mozilla/5.0 (compatible; BLEXBot/1.0; +http://webmeup-crawler.com/)"
157.90.182.25 - - [02/Nov/2023:04:43:02 +0100] "GET /paperweight-nautical-p-52928.html HTTP/1.0" 200 79064 "-" "Mozilla/5.0 (compatible; BLEXBot/1.0; +http://webmeup-crawler.com/)"
157.90.182.25 - - [02/Nov/2023:04:43:07 +0100] "GET /paperweight-terrasse-soir-p-54229.html HTTP/1.0" 200 80037 "-" "Mozilla/5.0 (compatible; BLEXBot/1.0; +http://webmeup-crawler.com/)"
157.90.182.25 - - [02/Nov/2023:04:43:12 +0100] "GET /paradise-bedclothes-p-52089.html HTTP/1.0" 200 79119 "-" "Mozilla/5.0 (compatible; BLEXBot/1.0; +http://webmeup-crawler.com/)"
157.90.182.25 - - [02/Nov/2023:04:43:18 +0100] "GET /parfum-provence-soap-dish-p-47698.html HTTP/1.0" 200 79085 "-" "Mozilla/5.0 (compatible; BLEXBot/1.0; +http://webmeup-crawler.com/)"
157.90.182.25 - - [02/Nov/2023:04:43:23 +0100] "GET /paris-beauty-nail-p-34520.html HTTP/1.0" 200 79250 "-" "Mozilla/5.0 (compatible; BLEXBot/1.0; +http://webmeup-crawler.com/)"
157.90.182.25 - - [02/Nov/2023:04:43:30 +0100] "GET /paris-black-cotton-pouch-p-47655.html HTTP/1.0" 200 79728 "-" "Mozilla/5.0 (compatible; BLEXBot/1.0; +http://webmeup-crawler.com/)"
157.90.182.25 - - [02/Nov/2023:04:43:35 +0100] "GET /paris-bottle-p-30714.html HTTP/1.0" 200 79111 "-" "Mozilla/5.0 (compatible; BLEXBot/1.0; +http://webmeup-crawler.com/)"
157.90.182.25 - - [02/Nov/2023:04:43:43 +0100] "GET /paris-ceramic-teapot-p-59930.html HTTP/1.0" 200 79890 "-" "Mozilla/5.0 (compatible; BLEXBot/1.0; +http://webmeup-crawler.com/)"
157.90.182.25 - - [02/Nov/2023:04:43:50 +0100] "GET /paris-corkscrew-notre-dame-paris-grey-metal-p-38608.html HTTP/1.0" 200 79256 "-" "Mozilla/5.0 (compatible; BLEXBot/1.0; +http://webmeup-crawler.com/)"
173.252.83.2 - - [02/Nov/2023:04:43:54 +0100] "GET /images/mini_prod/3665269031256.jpg HTTP/1.0" 200 269 "-" "facebookexternalhit/1.1 (+http://www.facebook.com/externalhit_uatext.php)"
157.90.182.25 - - [02/Nov/2023:04:43:56 +0100] "GET /paris-corkscrew-notre-dame-paris-metal-copper-color-p-38611.html HTTP/1.0" 200 79292 "-" "Mozilla/5.0 (compatible; BLEXBot/1.0; +http://webmeup-crawler.com/)"
157.90.182.25 - - [02/Nov/2023:04:44:02 +0100] "GET /paris-corkscrew-triumphal-arch-bronze-color-p-38609.html HTTP/1.0" 200 79243 "-" "Mozilla/5.0 (compatible; BLEXBot/1.0; +http://webmeup-crawler.com/)"
157.90.182.25 - - [02/Nov/2023:04:44:06 +0100] "GET /paris-corkscrew-triumphal-arch-brushed-metal-p-38607.html HTTP/1.0" 200 79248 "-" "Mozilla/5.0 (compatible; BLEXBot/1.0; +http://webmeup-crawler.com/)"
157.90.182.25 - - [02/Nov/2023:04:44:13 +0100] "GET /paris-embroidered-adult-size-p-38606.html HTTP/1.0" 200 82124 "-" "Mozilla/5.0 (compatible; BLEXBot/1.0; +http://webmeup-crawler.com/)"
157.90.182.25 - - [02/Nov/2023:04:44:20 +0100] "GET /paris-germain-litre-p-33907.html HTTP/1.0" 200 79151 "-" "Mozilla/5.0 (compatible; BLEXBot/1.0; +http://webmeup-crawler.com/)"
157.90.182.25 - - [02/Nov/2023:04:44:26 +0100] "GET /paris-grey-companion-wallet-p-38623.html HTTP/1.0" 200 79812 "-" "Mozilla/5.0 (compatible; BLEXBot/1.0; +http://webmeup-crawler.com/)"
157.90.182.25 - - [02/Nov/2023:04:44:31 +0100] "GET /paris-macarons-little-tray-p-44545.html HTTP/1.0" 200 79857 "-" "Mozilla/5.0 (compatible; BLEXBot/1.0; +http://webmeup-crawler.com/)"
157.90.182.25 - - [02/Nov/2023:04:44:38 +0100] "GET /paris-magnetic-memo-board-p-30033.html HTTP/1.0" 200 79160 "-" "Mozilla/5.0 (compatible; BLEXBot/1.0; +http://webmeup-crawler.com/)"
157.90.182.25 - - [02/Nov/2023:04:44:45 +0100] "GET /paris-money-p-42893.html HTTP/1.0" 200 79001 "-" "Mozilla/5.0 (compatible; BLEXBot/1.0; +http://webmeup-crawler.com/)"
157.90.182.25 - - [02/Nov/2023:04:44:52 +0100] "GET /paris-pencil-case-p-15434.html HTTP/1.0" 200 79682 "-" "Mozilla/5.0 (compatible; BLEXBot/1.0; +http://webmeup-crawler.com/)"
157.90.182.25 - - [02/Nov/2023:04:44:59 +0100] "GET /paris-pill-p-52009.html HTTP/1.0" 200 79709 "-" "Mozilla/5.0 (compatible; BLEXBot/1.0; +http://webmeup-crawler.com/)"
157.90.182.25 - - [02/Nov/2023:04:45:04 +0100] "GET /paris-pill-p-52010.html HTTP/1.0" 200 79709 "-" "Mozilla/5.0 (compatible; BLEXBot/1.0; +http://webmeup-crawler.com/)"
34.239.122.224 - - [02/Nov/2023:04:45:06 +0100] "GET /images/mini_prod/3660173163628.jpg HTTP/1.0" 200 269 "-" "Mozilla/5.0 (X11; Ubuntu; Linux x86_64; rv:72.0) Gecko/20100101 Firefox/72.0"
157.90.182.25 - - [02/Nov/2023:04:45:10 +0100] "GET /paris-pink-companion-wallet-p-38621.html HTTP/1.0" 200 79812 "-" "Mozilla/5.0 (compatible; BLEXBot/1.0; +http://webmeup-crawler.com/)"
157.90.182.25 - - [02/Nov/2023:04:45:16 +0100] "GET /paris-pink-companion-wallet-p-38622.html HTTP/1.0" 200 79812 "-" "Mozilla/5.0 (compatible; BLEXBot/1.0; +http://webmeup-crawler.com/)"
157.90.182.25 - - [02/Nov/2023:04:45:23 +0100] "GET /paris-porcelain-bowl-p-56512.html HTTP/1.0" 200 79054 "-" "Mozilla/5.0 (compatible; BLEXBot/1.0; +http://webmeup-crawler.com/)"
157.90.182.25 - - [02/Nov/2023:04:45:30 +0100] "GET /paris-saint-germain-homework-notebooks-p-60549.html HTTP/1.0" 200 79383 "-" "Mozilla/5.0 (compatible; BLEXBot/1.0; +http://webmeup-crawler.com/)"
157.90.182.25 - - [02/Nov/2023:04:45:39 +0100] "GET /paris-shooter-p-30710.html HTTP/1.0" 200 79004 "-" "Mozilla/5.0 (compatible; BLEXBot/1.0; +http://webmeup-crawler.com/)"
157.90.182.25 - - [02/Nov/2023:04:45:45 +0100] "GET /paris-toothpick-display-p-53463.html HTTP/1.0" 200 79046 "-" "Mozilla/5.0 (compatible; BLEXBot/1.0; +http://webmeup-crawler.com/)"
54.36.148.55 - - [02/Nov/2023:04:45:47 +0100] "GET /products_new.php?page=10 HTTP/1.0" 200 91001 "-" "Mozilla/5.0 (compatible; AhrefsBot/7.0; +http://ahrefs.com/robot/)"
54.36.148.83 - - [02/Nov/2023:04:45:53 +0100] "GET /images/table_background_products_new.gif HTTP/1.0" 200 1094 "-" "Mozilla/5.0 (compatible; AhrefsBot/7.0; +http://ahrefs.com/robot/)"
54.36.148.95 - - [02/Nov/2023:04:45:53 +0100] "GET /images/mini_prod/1491693733716.jpg HTTP/1.0" 200 269 "-" "Mozilla/5.0 (compatible; AhrefsBot/7.0; +http://ahrefs.com/robot/)"
54.36.148.72 - - [02/Nov/2023:04:45:54 +0100] "GET /images/mini_prod/1491693174960.jpg HTTP/1.0" 200 269 "-" "Mozilla/5.0 (compatible; AhrefsBot/7.0; +http://ahrefs.com/robot/)"
54.36.148.231 - - [02/Nov/2023:04:45:54 +0100] "GET /images/mini_prod/1491693733037.jpg HTTP/1.0" 200 269 "-" "Mozilla/5.0 (compatible; AhrefsBot/7.0; +http://ahrefs.com/robot/)"
157.90.182.25 - - [02/Nov/2023:04:45:51 +0100] "GET /paris-tour-eiffel-soap-dish-p-8642.html HTTP/1.0" 200 79113 "-" "Mozilla/5.0 (compatible; BLEXBot/1.0; +http://webmeup-crawler.com/)"
157.90.182.25 - - [02/Nov/2023:04:45:58 +0100] "GET /parma-perfume-diffuser-p-35891.html HTTP/1.0" 200 79184 "-" "Mozilla/5.0 (compatible; BLEXBot/1.0; +http://webmeup-crawler.com/)"
157.90.182.25 - - [02/Nov/2023:04:46:04 +0100] "GET /parmesan-grater-with-multi-purpose-board-p-59105.html HTTP/1.0" 200 80392 "-" "Mozilla/5.0 (compatible; BLEXBot/1.0; +http://webmeup-crawler.com/)"
157.90.182.25 - - [02/Nov/2023:04:46:10 +0100] "GET /parrot-figurine-pottery-p-44979.html HTTP/1.0" 200 79227 "-" "Mozilla/5.0 (compatible; BLEXBot/1.0; +http://webmeup-crawler.com/)"
157.90.182.25 - - [02/Nov/2023:04:46:19 +0100] "GET /pastis-club-ceramic-pitcher-p-57474.html HTTP/1.0" 200 80026 "-" "Mozilla/5.0 (compatible; BLEXBot/1.0; +http://webmeup-crawler.com/)"
157.90.182.25 - - [02/Nov/2023:04:46:27 +0100] "GET /pastis-marseille-little-tray-p-44546.html HTTP/1.0" 200 79200 "-" "Mozilla/5.0 (compatible; BLEXBot/1.0; +http://webmeup-crawler.com/)"
157.90.182.25 - - [02/Nov/2023:04:46:33 +0100] "GET /pastis-marseille-metal-tray-p-47716.html HTTP/1.0" 200 79294 "-" "Mozilla/5.0 (compatible; BLEXBot/1.0; +http://webmeup-crawler.com/)"
157.90.182.25 - - [02/Nov/2023:04:46:42 +0100] "GET /pastis-metal-plate-p-47639.html HTTP/1.0" 200 79052 "-" "Mozilla/5.0 (compatible; BLEXBot/1.0; +http://webmeup-crawler.com/)"
66.249.66.205 - - [02/Nov/2023:04:46:44 +0100] "GET /hedgehog-pencil-cbkreation-p-43428.html HTTP/1.0" 200 79139 "-" "Mozilla/5.0 (Linux; Android 6.0.1; Nexus 5X Build/MMB29P) AppleWebKit/537.36 (KHTML, like Gecko) Chrome/118.0.5993.117 Mobile Safari/537.36 (compatible; Googlebot/2.1; +http://www.google.com/bot.html)"
34.27.43.141 - - [02/Nov/2023:04:46:50 +0100] "GET /images/3700057114015.jpg HTTP/1.0" 200 259 "-" "Mozilla/5.0 (X11; Ubuntu; Linux x86_64; rv:72.0) Gecko/20100101 Firefox/72.0"
157.90.182.25 - - [02/Nov/2023:04:46:49 +0100] "GET /pastry-chef-cotton-kiub-p-60865.html HTTP/1.0" 200 79779 "-" "Mozilla/5.0 (compatible; BLEXBot/1.0; +http://webmeup-crawler.com/)"
180.168.35.125 - - [02/Nov/2023:04:46:56 +0100] "GET /images/mini_prod/5018997518977.jpg HTTP/1.0" 200 269 "-" "Mozilla/5.0 (X11; Ubuntu; Linux x86_64; rv:72.0) Gecko/20100101 Firefox/72.0"
157.90.182.25 - - [02/Nov/2023:04:46:54 +0100] "GET /paul-frank-blue-computer-p-6062.html HTTP/1.0" 200 79987 "-" "Mozilla/5.0 (compatible; BLEXBot/1.0; +http://webmeup-crawler.com/)"
157.90.182.25 - - [02/Nov/2023:04:47:00 +0100] "GET /paulownia-table-p-59507.html HTTP/1.0" 200 80320 "-" "Mozilla/5.0 (compatible; BLEXBot/1.0; +http://webmeup-crawler.com/)"
157.90.182.25 - - [02/Nov/2023:04:47:08 +0100] "GET /peanuts-linus-figure-p-11180.html HTTP/1.0" 200 79161 "-" "Mozilla/5.0 (compatible; BLEXBot/1.0; +http://webmeup-crawler.com/)"
157.90.182.25 - - [02/Nov/2023:04:47:14 +0100] "GET /peanuts-lucy-figure-p-11181.html HTTP/1.0" 200 79132 "-" "Mozilla/5.0 (compatible; BLEXBot/1.0; +http://webmeup-crawler.com/)"
157.90.182.25 - - [02/Nov/2023:04:47:21 +0100] "GET /pearl-side-table-p-53423.html HTTP/1.0" 200 79638 "-" "Mozilla/5.0 (compatible; BLEXBot/1.0; +http://webmeup-crawler.com/)"
157.90.182.25 - - [02/Nov/2023:04:47:29 +0100] "GET /peas-russian-doll-money-cbkreation-p-18468.html HTTP/1.0" 200 79216 "-" "Mozilla/5.0 (compatible; BLEXBot/1.0; +http://webmeup-crawler.com/)"
207.46.13.168 - - [02/Nov/2023:04:47:32 +0100] "GET /luxury-trees-black-fine-bone-china-p-59588.html HTTP/1.0" 200 80159 "-" "Mozilla/5.0 AppleWebKit/537.36 (KHTML, like Gecko; compatible; bingbot/2.0; +http://www.bing.com/bingbot.htm) Chrome/103.0.5060.134 Safari/537.36"
157.90.182.25 - - [02/Nov/2023:04:47:37 +0100] "GET /pedal-blue-p-52592.html HTTP/1.0" 200 79966 "-" "Mozilla/5.0 (compatible; BLEXBot/1.0; +http://webmeup-crawler.com/)"
157.90.182.25 - - [02/Nov/2023:04:47:43 +0100] "GET /pedal-green-p-52588.html HTTP/1.0" 200 80167 "-" "Mozilla/5.0 (compatible; BLEXBot/1.0; +http://webmeup-crawler.com/)"
66.249.66.207 - - [02/Nov/2023:04:47:50 +0100] "GET /scottish-cbkreation-p-26364.html HTTP/1.0" 200 79042 "-" "Mozilla/5.0 (compatible; Googlebot/2.1; +http://www.google.com/bot.html)"
157.90.182.25 - - [02/Nov/2023:04:47:50 +0100] "GET /pedal-pink-p-52591.html HTTP/1.0" 200 79940 "-" "Mozilla/5.0 (compatible; BLEXBot/1.0; +http://webmeup-crawler.com/)"
157.90.182.25 - - [02/Nov/2023:04:47:58 +0100] "GET /pegasus-mini-figurine-p-45992.html HTTP/1.0" 200 80335 "-" "Mozilla/5.0 (compatible; BLEXBot/1.0; +http://webmeup-crawler.com/)"
157.90.182.25 - - [02/Nov/2023:04:48:07 +0100] "GET /pencil-c-129_183.html?page=2 HTTP/1.0" 200 96627 "-" "Mozilla/5.0 (compatible; BLEXBot/1.0; +http://webmeup-crawler.com/)"
173.252.83.14 - - [02/Nov/2023:04:48:18 +0100] "GET /boys/images/mini_prod/DSCN3307.gif HTTP/1.0" 404 1308 "-" "facebookexternalhit/1.1 (+http://www.facebook.com/externalhit_uatext.php)"
157.90.182.25 - - [02/Nov/2023:04:48:20 +0100] "GET /pencil-c-129_183.html?page=3 HTTP/1.0" 200 95659 "-" "Mozilla/5.0 (compatible; BLEXBot/1.0; +http://webmeup-crawler.com/)"
157.90.182.25 - - [02/Nov/2023:04:48:32 +0100] "GET /pencil-case-c-31_75.html?page=2 HTTP/1.0" 200 100533 "-" "Mozilla/5.0 (compatible; BLEXBot/1.0; +http://webmeup-crawler.com/)"
157.90.182.25 - - [02/Nov/2023:04:48:44 +0100] "GET /pencil-case-c-31_75.html?page=3 HTTP/1.0" 200 100247 "-" "Mozilla/5.0 (compatible; BLEXBot/1.0; +http://webmeup-crawler.com/)"
54.36.148.25 - - [02/Nov/2023:04:48:56 +0100] "GET /wick-ellipse-candle-heart-home-wool-blanket-p-61103.html HTTP/1.0" 200 80287 "-" "Mozilla/5.0 (compatible; AhrefsBot/7.0; +http://ahrefs.com/robot/)"
54.36.149.71 - - [02/Nov/2023:04:49:03 +0100] "GET /images/big_prod_1/5051276495033a.jpg HTTP/1.0" 200 271 "-" "Mozilla/5.0 (compatible; AhrefsBot/7.0; +http://ahrefs.com/robot/)"
157.90.182.25 - - [02/Nov/2023:04:48:57 +0100] "GET /pencil-case-c-31_75.html?page=4 HTTP/1.0" 200 100006 "-" "Mozilla/5.0 (compatible; BLEXBot/1.0; +http://webmeup-crawler.com/)"
157.90.182.25 - - [02/Nov/2023:04:49:10 +0100] "GET /pencil-case-c-31_75.html?page=5 HTTP/1.0" 200 99865 "-" "Mozilla/5.0 (compatible; BLEXBot/1.0; +http://webmeup-crawler.com/)"
157.90.182.25 - - [02/Nov/2023:04:49:25 +0100] "GET /pencil-case-c-31_75.html?page=6 HTTP/1.0" 200 100428 "-" "Mozilla/5.0 (compatible; BLEXBot/1.0; +http://webmeup-crawler.com/)"
157.90.182.25 - - [02/Nov/2023:04:49:37 +0100] "GET /pencil-case-c-31_75.html?page=7 HTTP/1.0" 200 87063 "-" "Mozilla/5.0 (compatible; BLEXBot/1.0; +http://webmeup-crawler.com/)"
157.90.182.25 - - [02/Nov/2023:04:49:45 +0100] "GET /pencil-case-p-10628.html HTTP/1.0" 200 79191 "-" "Mozilla/5.0 (compatible; BLEXBot/1.0; +http://webmeup-crawler.com/)"
157.90.182.25 - - [02/Nov/2023:04:49:52 +0100] "GET /pencil-case-p-3528.html HTTP/1.0" 200 79202 "-" "Mozilla/5.0 (compatible; BLEXBot/1.0; +http://webmeup-crawler.com/)"
157.90.182.25 - - [02/Nov/2023:04:49:59 +0100] "GET /pencil-cbkreation-p-43446.html HTTP/1.0" 200 79061 "-" "Mozilla/5.0 (compatible; BLEXBot/1.0; +http://webmeup-crawler.com/)"
157.90.182.25 - - [02/Nov/2023:04:50:06 +0100] "GET /pencil-cbkreation-p-43449.html HTTP/1.0" 200 79060 "-" "Mozilla/5.0 (compatible; BLEXBot/1.0; +http://webmeup-crawler.com/)"
157.90.182.25 - - [02/Nov/2023:04:50:14 +0100] "GET /pencil-cbkreation-p-43450.html HTTP/1.0" 200 79060 "-" "Mozilla/5.0 (compatible; BLEXBot/1.0; +http://webmeup-crawler.com/)"
157.90.182.25 - - [02/Nov/2023:04:50:20 +0100] "GET /pencil-loola-ylvi-minimoomis-p-33974.html HTTP/1.0" 200 79216 "-" "Mozilla/5.0 (compatible; BLEXBot/1.0; +http://webmeup-crawler.com/)"
157.90.182.25 - - [02/Nov/2023:04:50:27 +0100] "GET /pendant-silver-with-amethyst-p-45458.html HTTP/1.0" 200 79194 "-" "Mozilla/5.0 (compatible; BLEXBot/1.0; +http://webmeup-crawler.com/)"
157.90.182.25 - - [02/Nov/2023:04:50:35 +0100] "GET /pendants-necklaces-c-3_214.html?page=2 HTTP/1.0" 200 90836 "-" "Mozilla/5.0 (compatible; BLEXBot/1.0; +http://webmeup-crawler.com/)"
157.90.182.25 - - [02/Nov/2023:04:50:44 +0100] "GET /penguin-jewelry-holder-statuette-p-57765.html HTTP/1.0" 200 79290 "-" "Mozilla/5.0 (compatible; BLEXBot/1.0; +http://webmeup-crawler.com/)"
101.198.192.11 - - [02/Nov/2023:04:50:48 +0100] "GET /images/mini_prod/1384010179536.jpg HTTP/1.0" 200 269 "-" "Mozilla/5.0 (X11; Ubuntu; Linux x86_64; rv:72.0) Gecko/20100101 Firefox/72.0"
157.90.182.25 - - [02/Nov/2023:04:50:50 +0100] "GET /penguin-pocket-warmer-p-58832.html HTTP/1.0" 200 79962 "-" "Mozilla/5.0 (compatible; BLEXBot/1.0; +http://webmeup-crawler.com/)"
47.128.29.215 - - [02/Nov/2023:04:50:53 +0100] "GET /swfobject.js HTTP/1.0" 404 1308 "http://www.wonder-geek.com/portugal-glass-cutting-board-cbkreation-p-51182.html" "Mozilla/5.0 (Linux; Android 5.0) AppleWebKit/537.36 (KHTML, like Gecko) Mobile Safari/537.36 (compatible; Bytespider; spider-feedback@bytedance.com)"
47.128.29.215 - - [02/Nov/2023:04:50:51 +0100] "GET /portugal-glass-cutting-board-cbkreation-p-51182.html HTTP/1.0" 200 79178 "-" "Mozilla/5.0 (Linux; Android 5.0) AppleWebKit/537.36 (KHTML, like Gecko) Mobile Safari/537.36 (compatible; Bytespider; spider-feedback@bytedance.com)"
47.128.29.215 - - [02/Nov/2023:04:50:53 +0100] "GET /highslide/graphics/zoomout.cur HTTP/1.0" 200 614 "http://www.wonder-geek.com/portugal-glass-cutting-board-cbkreation-p-51182.html" "Mozilla/5.0 (Linux; Android 5.0) AppleWebKit/537.36 (KHTML, like Gecko) Mobile Safari/537.36 (compatible; Bytespider; spider-feedback@bytedance.com)"
47.128.29.215 - - [02/Nov/2023:04:50:53 +0100] "GET /highslide/graphics/outlines/drop-shadow.png HTTP/1.0" 200 277 "http://www.wonder-geek.com/portugal-glass-cutting-board-cbkreation-p-51182.html" "Mozilla/5.0 (Linux; Android 5.0) AppleWebKit/537.36 (KHTML, like Gecko) Mobile Safari/537.36 (compatible; Bytespider; spider-feedback@bytedance.com)"
47.128.29.215 - - [02/Nov/2023:04:50:54 +0100] "GET /images/big_prod/7601019990516PO.jpg HTTP/1.0" 200 270 "http://www.wonder-geek.com/portugal-glass-cutting-board-cbkreation-p-51182.html" "Mozilla/5.0 (Linux; Android 5.0) AppleWebKit/537.36 (KHTML, like Gecko) Mobile Safari/537.36 (compatible; Bytespider; spider-feedback@bytedance.com)"
157.90.182.25 - - [02/Nov/2023:04:50:56 +0100] "GET /penseurs-bookend-patinated-black-resin-p-58810.html HTTP/1.0" 200 80215 "-" "Mozilla/5.0 (compatible; BLEXBot/1.0; +http://webmeup-crawler.com/)"
54.36.148.187 - - [02/Nov/2023:04:51:01 +0100] "GET /guillermo-forchino-collection-mug-the-golfer-p-40343.html HTTP/1.0" 301 76964 "-" "Mozilla/5.0 (compatible; AhrefsBot/7.0; +http://ahrefs.com/robot/)"
157.90.182.25 - - [02/Nov/2023:04:51:02 +0100] "GET /perfumes-interior-c-231_234.html?page=2 HTTP/1.0" 200 98864 "-" "Mozilla/5.0 (compatible; BLEXBot/1.0; +http://webmeup-crawler.com/)"
157.90.182.25 - - [02/Nov/2023:04:51:12 +0100] "GET /perfumes-interior-c-231_234.html?page=3 HTTP/1.0" 200 99173 "-" "Mozilla/5.0 (compatible; BLEXBot/1.0; +http://webmeup-crawler.com/)"
157.90.182.25 - - [02/Nov/2023:04:51:25 +0100] "GET /perfumes-interior-c-231_234.html?page=4 HTTP/1.0" 200 89648 "-" "Mozilla/5.0 (compatible; BLEXBot/1.0; +http://webmeup-crawler.com/)"
157.90.182.25 - - [02/Nov/2023:04:51:34 +0100] "GET /personalized-products-c-97.html?page=2 HTTP/1.0" 200 97773 "-" "Mozilla/5.0 (compatible; BLEXBot/1.0; +http://webmeup-crawler.com/)"
157.90.182.25 - - [02/Nov/2023:04:51:45 +0100] "GET /personalized-products-c-97.html?page=3 HTTP/1.0" 200 87294 "-" "Mozilla/5.0 (compatible; BLEXBot/1.0; +http://webmeup-crawler.com/)"
17.241.227.15 - - [02/Nov/2023:04:51:49 +0100] "GET /images/mini_prod/8445148028141.jpg HTTP/1.0" 200 269 "-" "Mozilla/5.0 (Macintosh; Intel Mac OS X 10_15_5) AppleWebKit/605.1.15 (KHTML, like Gecko) Version/13.1.1 Safari/605.1.15 (Applebot/0.1; +http://www.apple.com/go/applebot)"
157.90.182.25 - - [02/Nov/2023:04:51:56 +0100] "GET /peter-rabbit-musical-jewelry-p-56591.html HTTP/1.0" 200 80202 "-" "Mozilla/5.0 (compatible; BLEXBot/1.0; +http://webmeup-crawler.com/)"
157.90.182.25 - - [02/Nov/2023:04:52:05 +0100] "GET /petit-bonheur-ceramic-with-infuser-p-32210.html HTTP/1.0" 200 79188 "-" "Mozilla/5.0 (compatible; BLEXBot/1.0; +http://webmeup-crawler.com/)"
157.90.182.25 - - [02/Nov/2023:04:52:11 +0100] "GET /pets-bedclothes-140x200-p-8231.html HTTP/1.0" 200 79328 "-" "Mozilla/5.0 (compatible; BLEXBot/1.0; +http://webmeup-crawler.com/)"
157.90.182.25 - - [02/Nov/2023:04:52:16 +0100] "GET /pets-polar-blanket-p-8422.html HTTP/1.0" 200 79221 "-" "Mozilla/5.0 (compatible; BLEXBot/1.0; +http://webmeup-crawler.com/)"
157.90.182.25 - - [02/Nov/2023:04:52:23 +0100] "GET /peux-rsister-tout-sauf-tentation-clock-p-41554.html HTTP/1.0" 200 79336 "-" "Mozilla/5.0 (compatible; BLEXBot/1.0; +http://webmeup-crawler.com/)"
157.90.182.25 - - [02/Nov/2023:04:52:31 +0100] "GET /peux-rsister-tout-sauf-tentation-little-tray-p-42087.html HTTP/1.0" 200 79415 "-" "Mozilla/5.0 (compatible; BLEXBot/1.0; +http://webmeup-crawler.com/)"
157.90.182.25 - - [02/Nov/2023:04:52:37 +0100] "GET /pharaoh-desktop-clock-p-50614.html HTTP/1.0" 200 79989 "-" "Mozilla/5.0 (compatible; BLEXBot/1.0; +http://webmeup-crawler.com/)"
157.90.182.25 - - [02/Nov/2023:04:52:45 +0100] "GET /phone-cover-iphone-p-20609.html HTTP/1.0" 200 79838 "-" "Mozilla/5.0 (compatible; BLEXBot/1.0; +http://webmeup-crawler.com/)"
157.90.182.25 - - [02/Nov/2023:04:52:53 +0100] "GET /phosphorescent-musical-jewelry-dancer-p-41992.html HTTP/1.0" 200 80450 "-" "Mozilla/5.0 (compatible; BLEXBot/1.0; +http://webmeup-crawler.com/)"
54.36.149.76 - - [02/Nov/2023:04:52:59 +0100] "GET /camargue-cross-metal-trivet-p-35368.html HTTP/1.0" 200 79089 "-" "Mozilla/5.0 (compatible; AhrefsBot/7.0; +http://ahrefs.com/robot/)"
54.36.148.108 - - [02/Nov/2023:04:53:04 +0100] "GET /images/big_prod/8433933581667.jpg HTTP/1.0" 200 268 "-" "Mozilla/5.0 (compatible; AhrefsBot/7.0; +http://ahrefs.com/robot/)"
157.90.182.25 - - [02/Nov/2023:04:52:59 +0100] "GET /photo-frames-memo-clips-c-13_132.html?page=2 HTTP/1.0" 200 88037 "-" "Mozilla/5.0 (compatible; BLEXBot/1.0; +http://webmeup-crawler.com/)"
157.90.182.25 - - [02/Nov/2023:04:53:13 +0100] "GET /photo-light-garland-p-60625.html HTTP/1.0" 200 79142 "-" "Mozilla/5.0 (compatible; BLEXBot/1.0; +http://webmeup-crawler.com/)"
157.90.182.25 - - [02/Nov/2023:04:53:20 +0100] "GET /picapica-tapas-tablecloth-anti-stain-p-34993.html HTTP/1.0" 200 79245 "-" "Mozilla/5.0 (compatible; BLEXBot/1.0; +http://webmeup-crawler.com/)"
157.90.182.25 - - [02/Nov/2023:04:53:28 +0100] "GET /picerie-traditionnelle-bread-p-57199.html HTTP/1.0" 200 80130 "-" "Mozilla/5.0 (compatible; BLEXBot/1.0; +http://webmeup-crawler.com/)"
103.146.197.47 - - [02/Nov/2023:04:53:31 +0100] "GET /contact_us.php HTTP/1.0" 200 26241 "http://www.wonder-geek.com/contact_us.php" "Mozilla/5.0 (Windows NT 6.3; Win64; x64) AppleWebKit/537.36 (KHTML, like Gecko) Chrome/90.0.4430.72 Safari/537.36"
157.90.182.25 - - [02/Nov/2023:04:53:36 +0100] "GET /pick-venus-firefighter-p-46446.html HTTP/1.0" 200 79401 "-" "Mozilla/5.0 (compatible; BLEXBot/1.0; +http://webmeup-crawler.com/)"
173.252.83.8 - - [02/Nov/2023:04:53:45 +0100] "GET /images/big_prod_1/8424346365944B.jpg HTTP/1.0" 200 271 "-" "facebookexternalhit/1.1 (+http://www.facebook.com/externalhit_uatext.php)"
157.90.182.25 - - [02/Nov/2023:04:53:43 +0100] "GET /piggy-bank-with-small-hammer-vive-maris-p-38529.html HTTP/1.0" 200 79964 "-" "Mozilla/5.0 (compatible; BLEXBot/1.0; +http://webmeup-crawler.com/)"
173.252.83.12 - - [02/Nov/2023:04:53:46 +0100] "GET /images/mini_prod/1300010238738.jpg HTTP/1.0" 200 269 "-" "facebookexternalhit/1.1 (+http://www.facebook.com/externalhit_uatext.php)"
157.90.182.25 - - [02/Nov/2023:04:53:50 +0100] "GET /pill-chat-piano-p-53835.html HTTP/1.0" 200 79219 "-" "Mozilla/5.0 (compatible; BLEXBot/1.0; +http://webmeup-crawler.com/)"
173.252.83.9 - - [02/Nov/2023:04:53:57 +0100] "GET /images/mini_prod/8009233802476.jpg HTTP/1.0" 200 269 "-" "facebookexternalhit/1.1 (+http://www.facebook.com/externalhit_uatext.php)"
157.90.182.25 - - [02/Nov/2023:04:53:59 +0100] "GET /pill-klimt-kiss-p-60071.html HTTP/1.0" 200 80018 "-" "Mozilla/5.0 (compatible; BLEXBot/1.0; +http://webmeup-crawler.com/)"
157.90.182.25 - - [02/Nov/2023:04:54:06 +0100] "GET /pill-lavande-p-51388.html HTTP/1.0" 200 79751 "-" "Mozilla/5.0 (compatible; BLEXBot/1.0; +http://webmeup-crawler.com/)"
157.90.182.25 - - [02/Nov/2023:04:54:13 +0100] "GET /pill-provence-p-54011.html HTTP/1.0" 200 79755 "-" "Mozilla/5.0 (compatible; BLEXBot/1.0; +http://webmeup-crawler.com/)"
157.90.182.25 - - [02/Nov/2023:04:54:22 +0100] "GET /pill-provence-p-54012.html HTTP/1.0" 200 79755 "-" "Mozilla/5.0 (compatible; BLEXBot/1.0; +http://webmeup-crawler.com/)"
157.90.182.25 - - [02/Nov/2023:04:54:27 +0100] "GET /pill-provence-p-54013.html HTTP/1.0" 200 79755 "-" "Mozilla/5.0 (compatible; BLEXBot/1.0; +http://webmeup-crawler.com/)"
157.90.182.25 - - [02/Nov/2023:04:54:35 +0100] "GET /pillow-case-black-p-34836.html HTTP/1.0" 200 79900 "-" "Mozilla/5.0 (compatible; BLEXBot/1.0; +http://webmeup-crawler.com/)"
207.46.13.7 - - [02/Nov/2023:04:54:29 +0100] "GET /mugs-mazagrans-c-12_57.html?page=18 HTTP/1.0" 200 102726 "-" "Mozilla/5.0 AppleWebKit/537.36 (KHTML, like Gecko; compatible; bingbot/2.0; +http://www.bing.com/bingbot.htm) Chrome/103.0.5060.134 Safari/537.36"
157.90.182.25 - - [02/Nov/2023:04:54:42 +0100] "GET /pillow-case-blue-jean-p-36885.html HTTP/1.0" 200 79938 "-" "Mozilla/5.0 (compatible; BLEXBot/1.0; +http://webmeup-crawler.com/)"
157.90.182.25 - - [02/Nov/2023:04:54:49 +0100] "GET /pillow-case-color-p-39685.html HTTP/1.0" 200 79929 "-" "Mozilla/5.0 (compatible; BLEXBot/1.0; +http://webmeup-crawler.com/)"
157.90.182.25 - - [02/Nov/2023:04:54:57 +0100] "GET /pillow-case-dark-grey-p-41417.html HTTP/1.0" 200 79302 "-" "Mozilla/5.0 (compatible; BLEXBot/1.0; +http://webmeup-crawler.com/)"
59.82.135.70 - - [02/Nov/2023:04:55:03 +0100] "GET /images/mini_prod/1399984286081.jpg HTTP/1.0" 200 269 "-" "insight2"
157.90.182.25 - - [02/Nov/2023:04:55:05 +0100] "GET /pillow-case-green-blue-p-43619.html HTTP/1.0" 200 79909 "-" "Mozilla/5.0 (compatible; BLEXBot/1.0; +http://webmeup-crawler.com/)"
173.252.83.118 - - [02/Nov/2023:04:55:11 +0100] "GET /images/mini_prod/3457019601112.jpg HTTP/1.0" 200 269 "-" "facebookexternalhit/1.1 (+http://www.facebook.com/externalhit_uatext.php)"
157.90.182.25 - - [02/Nov/2023:04:55:13 +0100] "GET /pillow-case-grey-color-p-39688.html HTTP/1.0" 200 79324 "-" "Mozilla/5.0 (compatible; BLEXBot/1.0; +http://webmeup-crawler.com/)"
157.90.182.25 - - [02/Nov/2023:04:55:19 +0100] "GET /pillow-case-grey-p-34834.html HTTP/1.0" 200 79276 "-" "Mozilla/5.0 (compatible; BLEXBot/1.0; +http://webmeup-crawler.com/)"
157.90.182.25 - - [02/Nov/2023:04:55:27 +0100] "GET /pillow-case-mustard-yellow-p-51990.html HTTP/1.0" 200 79987 "-" "Mozilla/5.0 (compatible; BLEXBot/1.0; +http://webmeup-crawler.com/)"
94.56.103.180 - - [02/Nov/2023:04:55:36 +0100] "GET /images/mini_prod/B3609080364223.jpg HTTP/1.0" 200 270 "-" "Mozilla/5.0 (X11; Ubuntu; Linux x86_64; rv:72.0) Gecko/20100101 Firefox/72.0"
173.252.83.14 - - [02/Nov/2023:04:55:37 +0100] "GET /images/big_prod_1/3700572752778C.jpg HTTP/1.0" 200 271 "-" "facebookexternalhit/1.1 (+http://www.facebook.com/externalhit_uatext.php)"
157.90.182.25 - - [02/Nov/2023:04:55:35 +0100] "GET /pillow-case-organic-cotton-blue-p-58622.html HTTP/1.0" 200 80475 "-" "Mozilla/5.0 (compatible; BLEXBot/1.0; +http://webmeup-crawler.com/)"
157.90.182.25 - - [02/Nov/2023:04:55:42 +0100] "GET /pillow-case-organic-cotton-curry-p-58618.html HTTP/1.0" 200 80483 "-" "Mozilla/5.0 (compatible; BLEXBot/1.0; +http://webmeup-crawler.com/)"
157.90.182.25 - - [02/Nov/2023:04:55:48 +0100] "GET /pillow-case-organic-cotton-eucalyptus-p-58621.html HTTP/1.0" 200 80529 "-" "Mozilla/5.0 (compatible; BLEXBot/1.0; +http://webmeup-crawler.com/)"
157.90.182.25 - - [02/Nov/2023:04:55:56 +0100] "GET /pillow-case-organic-cotton-grey-p-58616.html HTTP/1.0" 200 80238 "-" "Mozilla/5.0 (compatible; BLEXBot/1.0; +http://webmeup-crawler.com/)"
157.90.182.25 - - [02/Nov/2023:04:56:02 +0100] "GET /pillow-case-p-33865.html HTTP/1.0" 200 79255 "-" "Mozilla/5.0 (compatible; BLEXBot/1.0; +http://webmeup-crawler.com/)"
157.90.182.25 - - [02/Nov/2023:04:56:09 +0100] "GET /pillow-case-p-39127.html HTTP/1.0" 200 79260 "-" "Mozilla/5.0 (compatible; BLEXBot/1.0; +http://webmeup-crawler.com/)"
157.90.182.25 - - [02/Nov/2023:04:56:17 +0100] "GET /pillow-case-pink-light-p-33864.html HTTP/1.0" 200 79319 "-" "Mozilla/5.0 (compatible; BLEXBot/1.0; +http://webmeup-crawler.com/)"
157.90.182.25 - - [02/Nov/2023:04:56:24 +0100] "GET /pillow-case-taupe-gray-p-59883.html HTTP/1.0" 200 80037 "-" "Mozilla/5.0 (compatible; BLEXBot/1.0; +http://webmeup-crawler.com/)"
216.244.66.242 - - [02/Nov/2023:04:56:29 +0100] "GET /robots.txt HTTP/1.0" 200 245 "-" "Mozilla/5.0 (compatible; DotBot/1.2; +https://opensiteexplorer.org/dotbot; help@moz.com)"
157.90.182.25 - - [02/Nov/2023:04:56:31 +0100] "GET /pillow-case-white-p-39126.html HTTP/1.0" 200 79896 "-" "Mozilla/5.0 (compatible; BLEXBot/1.0; +http://webmeup-crawler.com/)"
157.90.182.25 - - [02/Nov/2023:04:56:37 +0100] "GET /pillowcase-color-lila-powder-p-46740.html HTTP/1.0" 200 79840 "-" "Mozilla/5.0 (compatible; BLEXBot/1.0; +http://webmeup-crawler.com/)"
54.36.148.254 - - [02/Nov/2023:04:56:42 +0100] "GET /disco-duck-frame-canvas-p-31826.html HTTP/1.0" 200 79115 "-" "Mozilla/5.0 (compatible; AhrefsBot/7.0; +http://ahrefs.com/robot/)"
184.72.180.14 - - [02/Nov/2023:04:56:45 +0100] "GET /robots.txt HTTP/1.0" 200 245 "-" "AntBot"
157.90.182.25 - - [02/Nov/2023:04:56:44 +0100] "GET /pillowcase-white-p-46741.html HTTP/1.0" 200 79714 "-" "Mozilla/5.0 (compatible; BLEXBot/1.0; +http://webmeup-crawler.com/)"
184.72.180.14 - - [02/Nov/2023:04:56:46 +0100] "GET /ceramic-cork-trivet-beer-capsule-blue-p-54091.html HTTP/1.0" 200 79196 "-" "AntBot"
157.90.182.25 - - [02/Nov/2023:04:56:50 +0100] "GET /pillowcases-c-11_166.html?page=2 HTTP/1.0" 200 97383 "-" "Mozilla/5.0 (compatible; BLEXBot/1.0; +http://webmeup-crawler.com/)"
157.90.182.25 - - [02/Nov/2023:04:57:04 +0100] "GET /pimpon-bedclothes-p-58444.html HTTP/1.0" 200 79776 "-" "Mozilla/5.0 (compatible; BLEXBot/1.0; +http://webmeup-crawler.com/)"
157.90.182.25 - - [02/Nov/2023:04:57:10 +0100] "GET /pine-wood-chest-p-53538.html HTTP/1.0" 200 79813 "-" "Mozilla/5.0 (compatible; BLEXBot/1.0; +http://webmeup-crawler.com/)"
157.90.182.25 - - [02/Nov/2023:04:57:17 +0100] "GET /pine-wood-chest-p-53539.html HTTP/1.0" 200 79862 "-" "Mozilla/5.0 (compatible; BLEXBot/1.0; +http://webmeup-crawler.com/)"
157.90.182.25 - - [02/Nov/2023:04:57:25 +0100] "GET /pink-aquaducks-duck-bath-swims-quacks-p-34990.html HTTP/1.0" 200 79706 "-" "Mozilla/5.0 (compatible; BLEXBot/1.0; +http://webmeup-crawler.com/)"
54.36.148.234 - - [02/Nov/2023:04:57:28 +0100] "GET /ceramic-pineapple-52-cm-orange-p-44634.html HTTP/1.0" 301 76774 "-" "Mozilla/5.0 (compatible; AhrefsBot/7.0; +http://ahrefs.com/robot/)"
173.252.83.14 - - [02/Nov/2023:04:57:30 +0100] "GET /images/mini_prod/3442440232097.jpg HTTP/1.0" 200 269 "-" "facebookexternalhit/1.1 (+http://www.facebook.com/externalhit_uatext.php)"
157.90.182.25 - - [02/Nov/2023:04:57:32 +0100] "GET /pink-beauty-nail-p-28912.html HTTP/1.0" 200 79164 "-" "Mozilla/5.0 (compatible; BLEXBot/1.0; +http://webmeup-crawler.com/)"
157.90.182.25 - - [02/Nov/2023:04:57:40 +0100] "GET /pink-fitted-sheet-p-39048.html HTTP/1.0" 200 79698 "-" "Mozilla/5.0 (compatible; BLEXBot/1.0; +http://webmeup-crawler.com/)"
157.90.182.25 - - [02/Nov/2023:04:57:47 +0100] "GET /pink-flamingos-placemat-p-43014.html HTTP/1.0" 200 79044 "-" "Mozilla/5.0 (compatible; BLEXBot/1.0; +http://webmeup-crawler.com/)"
157.90.182.25 - - [02/Nov/2023:04:57:54 +0100] "GET /pink-flamingos-placemat-p-43015.html HTTP/1.0" 200 79044 "-" "Mozilla/5.0 (compatible; BLEXBot/1.0; +http://webmeup-crawler.com/)"
157.90.182.25 - - [02/Nov/2023:04:57:59 +0100] "GET /pink-globe-decoration-p-51769.html HTTP/1.0" 200 79134 "-" "Mozilla/5.0 (compatible; BLEXBot/1.0; +http://webmeup-crawler.com/)"
157.90.182.25 - - [02/Nov/2023:04:58:04 +0100] "GET /pink-kitchen-towel-p-55171.html HTTP/1.0" 200 79674 "-" "Mozilla/5.0 (compatible; BLEXBot/1.0; +http://webmeup-crawler.com/)"
157.90.182.25 - - [02/Nov/2023:04:58:11 +0100] "GET /pink-lamp-spirit-charger-p-40380.html HTTP/1.0" 200 79281 "-" "Mozilla/5.0 (compatible; BLEXBot/1.0; +http://webmeup-crawler.com/)"
157.90.182.25 - - [02/Nov/2023:04:58:15 +0100] "GET /pink-mini-glitter-ball-p-33557.html HTTP/1.0" 200 79129 "-" "Mozilla/5.0 (compatible; BLEXBot/1.0; +http://webmeup-crawler.com/)"
157.90.182.25 - - [02/Nov/2023:04:58:21 +0100] "GET /pink-moustache-ring-p-18247.html HTTP/1.0" 200 79489 "-" "Mozilla/5.0 (compatible; BLEXBot/1.0; +http://webmeup-crawler.com/)"
157.90.182.25 - - [02/Nov/2023:04:58:27 +0100] "GET /pink-pocket-warmer-vivement-p-56150.html HTTP/1.0" 200 80066 "-" "Mozilla/5.0 (compatible; BLEXBot/1.0; +http://webmeup-crawler.com/)"
157.90.182.25 - - [02/Nov/2023:04:58:33 +0100] "GET /pink-salt-pepper-p-34480.html HTTP/1.0" 200 79127 "-" "Mozilla/5.0 (compatible; BLEXBot/1.0; +http://webmeup-crawler.com/)"
157.90.182.25 - - [02/Nov/2023:04:58:41 +0100] "GET /pink-sandstone-lamp-p-58963.html HTTP/1.0" 200 79823 "-" "Mozilla/5.0 (compatible; BLEXBot/1.0; +http://webmeup-crawler.com/)"
157.90.182.25 - - [02/Nov/2023:04:58:47 +0100] "GET /pink-spiral-glass-paperweight-p-56404.html HTTP/1.0" 200 79220 "-" "Mozilla/5.0 (compatible; BLEXBot/1.0; +http://webmeup-crawler.com/)"
157.90.182.25 - - [02/Nov/2023:04:58:53 +0100] "GET /pistols-pencil-case-p-14488.html HTTP/1.0" 200 79222 "-" "Mozilla/5.0 (compatible; BLEXBot/1.0; +http://webmeup-crawler.com/)"
157.90.182.25 - - [02/Nov/2023:04:58:59 +0100] "GET /pistols-pencil-case-p-15066.html HTTP/1.0" 200 79232 "-" "Mozilla/5.0 (compatible; BLEXBot/1.0; +http://webmeup-crawler.com/)"
157.90.182.25 - - [02/Nov/2023:04:59:04 +0100] "GET /piston-coffee-maker-p-41737.html HTTP/1.0" 200 79101 "-" "Mozilla/5.0 (compatible; BLEXBot/1.0; +http://webmeup-crawler.com/)"
157.90.182.25 - - [02/Nov/2023:04:59:11 +0100] "GET /pitcher-collection-acana-p-57341.html HTTP/1.0" 200 79195 "-" "Mozilla/5.0 (compatible; BLEXBot/1.0; +http://webmeup-crawler.com/)"
157.90.182.25 - - [02/Nov/2023:04:59:17 +0100] "GET /pitcher-collection-boho-p-57342.html HTTP/1.0" 200 79654 "-" "Mozilla/5.0 (compatible; BLEXBot/1.0; +http://webmeup-crawler.com/)"
157.90.182.25 - - [02/Nov/2023:04:59:24 +0100] "GET /pitchers-drink-dispensers-c-12_243.html?page=2 HTTP/1.0" 200 86174 "-" "Mozilla/5.0 (compatible; BLEXBot/1.0; +http://webmeup-crawler.com/)"
119.8.243.214 - - [02/Nov/2023:04:59:29 +0100] "GET /images/mini_prod/MISES-EN-SITUATION-03.jpg HTTP/1.0" 200 277 "-" "Mozilla/5.0 (X11; Ubuntu; Linux x86_64; rv:72.0) Gecko/20100101 Firefox/72.0"
157.90.182.25 - - [02/Nov/2023:04:59:30 +0100] "GET /place-apero-metal-tray-p-53580.html HTTP/1.0" 200 79986 "-" "Mozilla/5.0 (compatible; BLEXBot/1.0; +http://webmeup-crawler.com/)"
157.90.182.25 - - [02/Nov/2023:04:59:36 +0100] "GET /placemat-appetit-p-53596.html HTTP/1.0" 200 79615 "-" "Mozilla/5.0 (compatible; BLEXBot/1.0; +http://webmeup-crawler.com/)"
54.36.148.86 - - [02/Nov/2023:04:59:39 +0100] "GET /fragrances-ambiance-c-231.html?page=41 HTTP/1.0" 200 98511 "-" "Mozilla/5.0 (compatible; AhrefsBot/7.0; +http://ahrefs.com/robot/)"
54.36.149.76 - - [02/Nov/2023:04:59:44 +0100] "GET /images/mini_prod/8422084818074.jpg HTTP/1.0" 200 269 "-" "Mozilla/5.0 (compatible; AhrefsBot/7.0; +http://ahrefs.com/robot/)"
54.36.148.233 - - [02/Nov/2023:04:59:44 +0100] "GET /images/mini_prod/8422011490076.jpg HTTP/1.0" 200 269 "-" "Mozilla/5.0 (compatible; AhrefsBot/7.0; +http://ahrefs.com/robot/)"
54.36.148.149 - - [02/Nov/2023:04:59:44 +0100] "GET /images/mini_prod/8422084800116.jpg HTTP/1.0" 200 269 "-" "Mozilla/5.0 (compatible; AhrefsBot/7.0; +http://ahrefs.com/robot/)"
54.36.148.91 - - [02/Nov/2023:04:59:45 +0100] "GET /images/mini_prod/5051276496139a.jpg HTTP/1.0" 200 270 "-" "Mozilla/5.0 (compatible; AhrefsBot/7.0; +http://ahrefs.com/robot/)"
54.36.148.63 - - [02/Nov/2023:04:59:45 +0100] "GET /images/mini_prod/8422084800116C.jpg HTTP/1.0" 200 270 "-" "Mozilla/5.0 (compatible; AhrefsBot/7.0; +http://ahrefs.com/robot/)"
54.36.148.221 - - [02/Nov/2023:04:59:45 +0100] "GET /images/mini_prod/8422084800031.jpg HTTP/1.0" 200 269 "-" "Mozilla/5.0 (compatible; AhrefsBot/7.0; +http://ahrefs.com/robot/)"
54.36.148.163 - - [02/Nov/2023:04:59:45 +0100] "GET /images/mini_prod/5051276496122a.jpg HTTP/1.0" 200 270 "-" "Mozilla/5.0 (compatible; AhrefsBot/7.0; +http://ahrefs.com/robot/)"
54.36.148.140 - - [02/Nov/2023:04:59:45 +0100] "GET /images/mini_prod/8422084800017.jpg HTTP/1.0" 200 269 "-" "Mozilla/5.0 (compatible; AhrefsBot/7.0; +http://ahrefs.com/robot/)"
54.36.149.60 - - [02/Nov/2023:04:59:45 +0100] "GET /images/mini_prod/8422393700152.jpg HTTP/1.0" 200 269 "-" "Mozilla/5.0 (compatible; AhrefsBot/7.0; +http://ahrefs.com/robot/)"
54.36.149.49 - - [02/Nov/2023:04:59:45 +0100] "GET /images/mini_prod/8422084800062.jpg HTTP/1.0" 200 269 "-" "Mozilla/5.0 (compatible; AhrefsBot/7.0; +http://ahrefs.com/robot/)"
157.90.182.25 - - [02/Nov/2023:04:59:44 +0100] "GET /placemat-bonne-franquette-p-53599.html HTTP/1.0" 200 79697 "-" "Mozilla/5.0 (compatible; BLEXBot/1.0; +http://webmeup-crawler.com/)"
54.36.148.94 - - [02/Nov/2023:04:59:46 +0100] "GET /images/mini_prod/8422084800093.jpg HTTP/1.0" 200 269 "-" "Mozilla/5.0 (compatible; AhrefsBot/7.0; +http://ahrefs.com/robot/)"
54.36.149.101 - - [02/Nov/2023:04:59:46 +0100] "GET /images/mini_prod/8422084800055.jpg HTTP/1.0" 200 269 "-" "Mozilla/5.0 (compatible; AhrefsBot/7.0; +http://ahrefs.com/robot/)"
54.36.148.38 - - [02/Nov/2023:04:59:46 +0100] "GET /images/mini_prod/8433933025710.jpg HTTP/1.0" 200 269 "-" "Mozilla/5.0 (compatible; AhrefsBot/7.0; +http://ahrefs.com/robot/)"
54.36.148.157 - - [02/Nov/2023:04:59:47 +0100] "GET /images/mini_prod/5051276459417.jpg HTTP/1.0" 200 269 "-" "Mozilla/5.0 (compatible; AhrefsBot/7.0; +http://ahrefs.com/robot/)"
54.36.149.60 - - [02/Nov/2023:04:59:47 +0100] "GET /images/mini_prod/8718375752746.jpg HTTP/1.0" 200 269 "-" "Mozilla/5.0 (compatible; AhrefsBot/7.0; +http://ahrefs.com/robot/)"
54.36.149.81 - - [02/Nov/2023:04:59:48 +0100] "GET /images/mini_prod/8422084800086.jpg HTTP/1.0" 200 269 "-" "Mozilla/5.0 (compatible; AhrefsBot/7.0; +http://ahrefs.com/robot/)"
157.90.182.25 - - [02/Nov/2023:04:59:51 +0100] "GET /placemat-brasserie-familiale-p-53595.html HTTP/1.0" 200 79702 "-" "Mozilla/5.0 (compatible; BLEXBot/1.0; +http://webmeup-crawler.com/)"
40.77.167.44 - - [02/Nov/2023:04:59:53 +0100] "GET /-p-45391.html HTTP/1.0" 200 76707 "-" "Mozilla/5.0 AppleWebKit/537.36 (KHTML, like Gecko; compatible; bingbot/2.0; +http://www.bing.com/bingbot.htm) Chrome/103.0.5060.134 Safari/537.36"
157.90.182.25 - - [02/Nov/2023:04:59:57 +0100] "GET /placemat-carreaux-ciment-p-53650.html HTTP/1.0" 200 79686 "-" "Mozilla/5.0 (compatible; BLEXBot/1.0; +http://webmeup-crawler.com/)"
157.90.182.25 - - [02/Nov/2023:05:00:04 +0100] "GET /placemat-copains-abord-p-53651.html HTTP/1.0" 200 79710 "-" "Mozilla/5.0 (compatible; BLEXBot/1.0; +http://webmeup-crawler.com/)"
157.90.182.25 - - [02/Nov/2023:05:00:13 +0100] "GET /placemat-exotique-p-53600.html HTTP/1.0" 200 79593 "-" "Mozilla/5.0 (compatible; BLEXBot/1.0; +http://webmeup-crawler.com/)"
157.90.182.25 - - [02/Nov/2023:05:00:18 +0100] "GET /placemat-exotique-p-53601.html HTTP/1.0" 200 79592 "-" "Mozilla/5.0 (compatible; BLEXBot/1.0; +http://webmeup-crawler.com/)"
157.90.182.25 - - [02/Nov/2023:05:00:23 +0100] "GET /placemat-guinguette-p-53597.html HTTP/1.0" 200 79637 "-" "Mozilla/5.0 (compatible; BLEXBot/1.0; +http://webmeup-crawler.com/)"
173.252.83.119 - - [02/Nov/2023:05:00:30 +0100] "GET /images/big_prod/8422023017889C.jpg HTTP/1.0" 200 269 "-" "facebookexternalhit/1.1 (+http://www.facebook.com/externalhit_uatext.php)"
157.90.182.25 - - [02/Nov/2023:05:00:29 +0100] "GET /placemat-italian-menu-p-57514.html HTTP/1.0" 200 79039 "-" "Mozilla/5.0 (compatible; BLEXBot/1.0; +http://webmeup-crawler.com/)"
157.90.182.25 - - [02/Nov/2023:05:00:36 +0100] "GET /placemat-marble-p-55700.html HTTP/1.0" 200 79580 "-" "Mozilla/5.0 (compatible; BLEXBot/1.0; +http://webmeup-crawler.com/)"
128.6.37.67 - - [02/Nov/2023:05:00:38 +0100] "GET /images/big_prod_2/c5018997632079.jpg HTTP/1.0" 200 271 "-" "Mozilla/5.0 (X11; Ubuntu; Linux x86_64; rv:72.0) Gecko/20100101 Firefox/72.0"
202.239.5.172 - - [02/Nov/2023:05:00:41 +0100] "GET /images/mini_prod/8445148206280.jpg HTTP/1.0" 200 269 "-" "Mozilla/5.0 (compatible; Y!J-WSC/1.0; +https://yahoo.jp/3BSZgF)"
157.90.182.25 - - [02/Nov/2023:05:00:41 +0100] "GET /placemat-p-53603.html HTTP/1.0" 200 79534 "-" "Mozilla/5.0 (compatible; BLEXBot/1.0; +http://webmeup-crawler.com/)"
157.90.182.25 - - [02/Nov/2023:05:00:45 +0100] "GET /placemat-recette-bonheur-p-53594.html HTTP/1.0" 200 79687 "-" "Mozilla/5.0 (compatible; BLEXBot/1.0; +http://webmeup-crawler.com/)"
157.90.182.25 - - [02/Nov/2023:05:00:49 +0100] "GET /placemat-table-bons-amis-p-53593.html HTTP/1.0" 200 79695 "-" "Mozilla/5.0 (compatible; BLEXBot/1.0; +http://webmeup-crawler.com/)"
157.90.182.25 - - [02/Nov/2023:05:00:52 +0100] "GET /placemat-unicorn-p-53602.html HTTP/1.0" 200 79582 "-" "Mozilla/5.0 (compatible; BLEXBot/1.0; +http://webmeup-crawler.com/)"
157.90.182.25 - - [02/Nov/2023:05:01:18 +0100] "GET /placemats-c-12_156.html?page=10 HTTP/1.0" 200 99586 "-" "Mozilla/5.0 (compatible; BLEXBot/1.0; +http://webmeup-crawler.com/)"
157.90.182.25 - - [02/Nov/2023:05:01:23 +0100] "GET /placemats-c-12_156.html?page=11 HTTP/1.0" 200 97498 "-" "Mozilla/5.0 (compatible; BLEXBot/1.0; +http://webmeup-crawler.com/)"
54.36.148.244 - - [02/Nov/2023:05:01:29 +0100] "GET /decorative-statuettes-monkeys-of-wisdom-green-p-52732.html HTTP/1.0" 301 76988 "-" "Mozilla/5.0 (compatible; AhrefsBot/7.0; +http://ahrefs.com/robot/)"
157.90.182.25 - - [02/Nov/2023:05:01:30 +0100] "GET /placemats-c-12_156.html?page=2 HTTP/1.0" 200 99346 "-" "Mozilla/5.0 (compatible; BLEXBot/1.0; +http://webmeup-crawler.com/)"
157.90.182.25 - - [02/Nov/2023:05:01:38 +0100] "GET /placemats-c-12_156.html?page=3 HTTP/1.0" 200 99824 "-" "Mozilla/5.0 (compatible; BLEXBot/1.0; +http://webmeup-crawler.com/)"
157.90.182.25 - - [02/Nov/2023:05:01:45 +0100] "GET /placemats-c-12_156.html?page=4 HTTP/1.0" 200 100503 "-" "Mozilla/5.0 (compatible; BLEXBot/1.0; +http://webmeup-crawler.com/)"
173.252.83.7 - - [02/Nov/2023:05:01:50 +0100] "GET /images/mini_prod/8422020825029.jpg HTTP/1.0" 200 269 "-" "facebookexternalhit/1.1 (+http://www.facebook.com/externalhit_uatext.php)"
157.90.182.25 - - [02/Nov/2023:05:01:51 +0100] "GET /placemats-c-12_156.html?page=5 HTTP/1.0" 200 99574 "-" "Mozilla/5.0 (compatible; BLEXBot/1.0; +http://webmeup-crawler.com/)"
173.252.83.8 - - [02/Nov/2023:05:02:01 +0100] "GET /images/mini_prod/3494150100623.jpg HTTP/1.0" 200 269 "-" "facebookexternalhit/1.1 (+http://www.facebook.com/externalhit_uatext.php)"
157.90.182.25 - - [02/Nov/2023:05:02:00 +0100] "GET /placemats-c-12_156.html?page=6 HTTP/1.0" 200 100015 "-" "Mozilla/5.0 (compatible; BLEXBot/1.0; +http://webmeup-crawler.com/)"
157.90.182.25 - - [02/Nov/2023:05:02:07 +0100] "GET /placemats-c-12_156.html?page=7 HTTP/1.0" 200 100216 "-" "Mozilla/5.0 (compatible; BLEXBot/1.0; +http://webmeup-crawler.com/)"
