157.90.182.25 - - [02/Nov/2023:03:41:30 +0100] "GET /little-black-moustache-ring-p-18693.html HTTP/1.0" 200 80313 "-" "Mozilla/5.0 (compatible; BLEXBot/1.0; +http://webmeup-crawler.com/)"
157.90.182.25 - - [02/Nov/2023:03:41:37 +0100] "GET /little-buddha-glasses-case-green-p-50253.html HTTP/1.0" 200 79817 "-" "Mozilla/5.0 (compatible; BLEXBot/1.0; +http://webmeup-crawler.com/)"
157.90.182.25 - - [02/Nov/2023:03:41:43 +0100] "GET /little-buddha-glasses-case-p-53303.html HTTP/1.0" 200 79160 "-" "Mozilla/5.0 (compatible; BLEXBot/1.0; +http://webmeup-crawler.com/)"
157.90.182.25 - - [02/Nov/2023:03:41:49 +0100] "GET /little-buddha-glasses-case-p-53304.html HTTP/1.0" 200 79160 "-" "Mozilla/5.0 (compatible; BLEXBot/1.0; +http://webmeup-crawler.com/)"
157.90.182.25 - - [02/Nov/2023:03:41:55 +0100] "GET /little-buddha-glasses-case-p-53306.html HTTP/1.0" 200 79160 "-" "Mozilla/5.0 (compatible; BLEXBot/1.0; +http://webmeup-crawler.com/)"
157.90.182.25 - - [02/Nov/2023:03:42:00 +0100] "GET /little-buddha-glasses-case-pink-p-50255.html HTTP/1.0" 200 79810 "-" "Mozilla/5.0 (compatible; BLEXBot/1.0; +http://webmeup-crawler.com/)"
157.90.182.25 - - [02/Nov/2023:03:42:08 +0100] "GET /little-buddha-glasses-case-yellow-p-50252.html HTTP/1.0" 200 79824 "-" "Mozilla/5.0 (compatible; BLEXBot/1.0; +http://webmeup-crawler.com/)"
157.90.182.25 - - [02/Nov/2023:03:42:14 +0100] "GET /little-buddha-happy-statue-p-37710.html HTTP/1.0" 200 79244 "-" "Mozilla/5.0 (compatible; BLEXBot/1.0; +http://webmeup-crawler.com/)"
157.90.182.25 - - [02/Nov/2023:03:42:19 +0100] "GET /little-geisha-p-50776.html HTTP/1.0" 200 80067 "-" "Mozilla/5.0 (compatible; BLEXBot/1.0; +http://webmeup-crawler.com/)"
157.90.182.25 - - [02/Nov/2023:03:42:25 +0100] "GET /little-geisha-p-50778.html HTTP/1.0" 200 80068 "-" "Mozilla/5.0 (compatible; BLEXBot/1.0; +http://webmeup-crawler.com/)"
157.90.182.25 - - [02/Nov/2023:03:42:33 +0100] "GET /little-geisha-p-50779.html HTTP/1.0" 200 80066 "-" "Mozilla/5.0 (compatible; BLEXBot/1.0; +http://webmeup-crawler.com/)"
157.90.182.25 - - [02/Nov/2023:03:42:41 +0100] "GET /little-green-moustache-ring-p-18697.html HTTP/1.0" 200 79553 "-" "Mozilla/5.0 (compatible; BLEXBot/1.0; +http://webmeup-crawler.com/)"
157.90.182.25 - - [02/Nov/2023:03:42:47 +0100] "GET /little-londoner-payphone-sticker-photo-frame-p-26133.html HTTP/1.0" 200 79280 "-" "Mozilla/5.0 (compatible; BLEXBot/1.0; +http://webmeup-crawler.com/)"
157.90.182.25 - - [02/Nov/2023:03:42:52 +0100] "GET /little-miss-sunshine-beige-wallet-p-2681.html HTTP/1.0" 200 82623 "-" "Mozilla/5.0 (compatible; BLEXBot/1.0; +http://webmeup-crawler.com/)"
157.90.182.25 - - [02/Nov/2023:03:42:58 +0100] "GET /little-miss-sunshine-canvas-photo-frame-p-6257.html HTTP/1.0" 200 79211 "-" "Mozilla/5.0 (compatible; BLEXBot/1.0; +http://webmeup-crawler.com/)"
157.90.182.25 - - [02/Nov/2023:03:43:05 +0100] "GET /little-miss-sunshine-hobo-p-5338.html HTTP/1.0" 200 79361 "-" "Mozilla/5.0 (compatible; BLEXBot/1.0; +http://webmeup-crawler.com/)"
157.90.182.25 - - [02/Nov/2023:03:43:11 +0100] "GET /little-miss-sunshine-pink-wallet-p-2682.html HTTP/1.0" 200 80231 "-" "Mozilla/5.0 (compatible; BLEXBot/1.0; +http://webmeup-crawler.com/)"
157.90.182.25 - - [02/Nov/2023:03:43:16 +0100] "GET /little-moustache-ring-p-18696.html HTTP/1.0" 200 80152 "-" "Mozilla/5.0 (compatible; BLEXBot/1.0; +http://webmeup-crawler.com/)"
157.90.182.25 - - [02/Nov/2023:03:43:22 +0100] "GET /little-orange-moustache-ring-p-18700.html HTTP/1.0" 200 79562 "-" "Mozilla/5.0 (compatible; BLEXBot/1.0; +http://webmeup-crawler.com/)"
157.90.182.25 - - [02/Nov/2023:03:43:28 +0100] "GET /little-pink-moustache-ring-p-18694.html HTTP/1.0" 200 80171 "-" "Mozilla/5.0 (compatible; BLEXBot/1.0; +http://webmeup-crawler.com/)"
157.90.182.25 - - [02/Nov/2023:03:43:35 +0100] "GET /little-pony-mini-glitter-shake-shine-p-31919.html HTTP/1.0" 200 79586 "-" "Mozilla/5.0 (compatible; BLEXBot/1.0; +http://webmeup-crawler.com/)"
157.90.182.25 - - [02/Nov/2023:03:43:40 +0100] "GET /little-pony-mini-glitter-shake-shine-p-31922.html HTTP/1.0" 200 79585 "-" "Mozilla/5.0 (compatible; BLEXBot/1.0; +http://webmeup-crawler.com/)"
54.36.148.230 - - [02/Nov/2023:03:43:42 +0100] "GET /laissez-lucie-faire-zipped-purse-totem-p-38983.html HTTP/1.0" 200 79935 "-" "Mozilla/5.0 (compatible; AhrefsBot/7.0; +http://ahrefs.com/robot/)"
54.36.149.47 - - [02/Nov/2023:03:43:45 +0100] "GET /images/big_prod_1/b3120902002036.jpg HTTP/1.0" 200 271 "-" "Mozilla/5.0 (compatible; AhrefsBot/7.0; +http://ahrefs.com/robot/)"
54.36.149.98 - - [02/Nov/2023:03:43:45 +0100] "GET /images/big_prod/3120902002036.jpg HTTP/1.0" 200 268 "-" "Mozilla/5.0 (compatible; AhrefsBot/7.0; +http://ahrefs.com/robot/)"
157.90.182.25 - - [02/Nov/2023:03:43:46 +0100] "GET /little-pony-mousepad-p-16006.html HTTP/1.0" 200 79203 "-" "Mozilla/5.0 (compatible; BLEXBot/1.0; +http://webmeup-crawler.com/)"
157.90.182.25 - - [02/Nov/2023:03:43:51 +0100] "GET /little-prince-green-jewelry-p-53235.html HTTP/1.0" 200 80377 "-" "Mozilla/5.0 (compatible; BLEXBot/1.0; +http://webmeup-crawler.com/)"
157.90.182.25 - - [02/Nov/2023:03:43:56 +0100] "GET /little-prince-jewelry-p-51620.html HTTP/1.0" 200 80488 "-" "Mozilla/5.0 (compatible; BLEXBot/1.0; +http://webmeup-crawler.com/)"
157.90.182.25 - - [02/Nov/2023:03:44:01 +0100] "GET /little-prince-navy-blue-jewelry-phosphorescent-p-16447.html HTTP/1.0" 200 80585 "-" "Mozilla/5.0 (compatible; BLEXBot/1.0; +http://webmeup-crawler.com/)"
157.90.182.25 - - [02/Nov/2023:03:44:07 +0100] "GET /little-prince-pink-apron-p-10315.html HTTP/1.0" 200 79838 "-" "Mozilla/5.0 (compatible; BLEXBot/1.0; +http://webmeup-crawler.com/)"
216.244.66.242 - - [02/Nov/2023:03:44:12 +0100] "GET /-p-30816.html HTTP/1.0" 200 76707 "-" "Mozilla/5.0 (compatible; DotBot/1.2; +https://opensiteexplorer.org/dotbot; help@moz.com)"
157.90.182.25 - - [02/Nov/2023:03:44:13 +0100] "GET /little-prince-pocket-warmer-p-59045.html HTTP/1.0" 200 80266 "-" "Mozilla/5.0 (compatible; BLEXBot/1.0; +http://webmeup-crawler.com/)"
157.90.182.25 - - [02/Nov/2023:03:44:21 +0100] "GET /little-prince-pocket-warmer-p-59046.html HTTP/1.0" 200 80266 "-" "Mozilla/5.0 (compatible; BLEXBot/1.0; +http://webmeup-crawler.com/)"
216.244.66.242 - - [02/Nov/2023:03:44:24 +0100] "GET /cushions-c-11_71.html?page=7 HTTP/1.0" 301 99624 "-" "Mozilla/5.0 (compatible; DotBot/1.2; +https://opensiteexplorer.org/dotbot; help@moz.com)"
157.90.182.25 - - [02/Nov/2023:03:44:27 +0100] "GET /little-prince-pocket-warmer-p-59047.html HTTP/1.0" 200 80266 "-" "Mozilla/5.0 (compatible; BLEXBot/1.0; +http://webmeup-crawler.com/)"
157.90.182.25 - - [02/Nov/2023:03:44:32 +0100] "GET /little-prince-pocket-warmer-p-59048.html HTTP/1.0" 200 80055 "-" "Mozilla/5.0 (compatible; BLEXBot/1.0; +http://webmeup-crawler.com/)"
157.90.182.25 - - [02/Nov/2023:03:44:39 +0100] "GET /little-prince-snow-globe-p-53857.html HTTP/1.0" 200 79757 "-" "Mozilla/5.0 (compatible; BLEXBot/1.0; +http://webmeup-crawler.com/)"
157.90.182.25 - - [02/Nov/2023:03:44:45 +0100] "GET /little-prince-snow-globe-p-55841.html HTTP/1.0" 200 79156 "-" "Mozilla/5.0 (compatible; BLEXBot/1.0; +http://webmeup-crawler.com/)"
157.90.182.25 - - [02/Nov/2023:03:44:52 +0100] "GET /little-prince-snow-globe-p-57177.html HTTP/1.0" 200 79756 "-" "Mozilla/5.0 (compatible; BLEXBot/1.0; +http://webmeup-crawler.com/)"
157.90.182.25 - - [02/Nov/2023:03:44:58 +0100] "GET /little-prince-tote-p-50595.html HTTP/1.0" 200 79130 "-" "Mozilla/5.0 (compatible; BLEXBot/1.0; +http://webmeup-crawler.com/)"
157.90.182.25 - - [02/Nov/2023:03:45:05 +0100] "GET /little-teddy-bear-bookends-p-60873.html HTTP/1.0" 200 79694 "-" "Mozilla/5.0 (compatible; BLEXBot/1.0; +http://webmeup-crawler.com/)"
195.191.219.132 - - [02/Nov/2023:03:45:08 +0100] "GET /robots.txt HTTP/1.0" 200 245 "-" "Mozilla/5.0 (compatible; MJ12bot/v1.4.8; http://mj12bot.com/)"
195.191.219.132 - - [02/Nov/2023:03:45:10 +0100] "GET /-p-11013.html HTTP/1.0" 200 76707 "-" "Mozilla/5.0 (compatible; MJ12bot/v1.4.8; http://mj12bot.com/)"
157.90.182.25 - - [02/Nov/2023:03:45:10 +0100] "GET /little-white-moustache-ring-p-18695.html HTTP/1.0" 200 79553 "-" "Mozilla/5.0 (compatible; BLEXBot/1.0; +http://webmeup-crawler.com/)"
195.191.219.132 - - [02/Nov/2023:03:45:13 +0100] "GET /-p-11175.html HTTP/1.0" 200 76707 "-" "Mozilla/5.0 (compatible; MJ12bot/v1.4.8; http://mj12bot.com/)"
157.90.182.25 - - [02/Nov/2023:03:45:17 +0100] "GET /little-yellow-moustache-ring-p-53467.html HTTP/1.0" 200 79562 "-" "Mozilla/5.0 (compatible; BLEXBot/1.0; +http://webmeup-crawler.com/)"
195.191.219.132 - - [02/Nov/2023:03:45:17 +0100] "GET /-p-11619.html HTTP/1.0" 200 76707 "-" "Mozilla/5.0 (compatible; MJ12bot/v1.4.8; http://mj12bot.com/)"
195.191.219.132 - - [02/Nov/2023:03:45:21 +0100] "GET /-p-12282.html HTTP/1.0" 200 76707 "-" "Mozilla/5.0 (compatible; MJ12bot/v1.4.8; http://mj12bot.com/)"
157.90.182.25 - - [02/Nov/2023:03:45:23 +0100] "GET /littlest-petshop-backpack-p-25773.html HTTP/1.0" 200 79391 "-" "Mozilla/5.0 (compatible; BLEXBot/1.0; +http://webmeup-crawler.com/)"
195.191.219.132 - - [02/Nov/2023:03:45:24 +0100] "GET /-p-16280.html HTTP/1.0" 200 76707 "-" "Mozilla/5.0 (compatible; MJ12bot/v1.4.8; http://mj12bot.com/)"
195.191.219.132 - - [02/Nov/2023:03:45:27 +0100] "GET /-p-16282.html HTTP/1.0" 200 76707 "-" "Mozilla/5.0 (compatible; MJ12bot/v1.4.8; http://mj12bot.com/)"
157.90.182.25 - - [02/Nov/2023:03:45:29 +0100] "GET /littlest-petshop-backpack-p-6365.html HTTP/1.0" 200 79341 "-" "Mozilla/5.0 (compatible; BLEXBot/1.0; +http://webmeup-crawler.com/)"
195.191.219.132 - - [02/Nov/2023:03:45:30 +0100] "GET /-p-16295.html HTTP/1.0" 200 76707 "-" "Mozilla/5.0 (compatible; MJ12bot/v1.4.8; http://mj12bot.com/)"
195.191.219.132 - - [02/Nov/2023:03:45:33 +0100] "GET /-p-18759.html HTTP/1.0" 200 76707 "-" "Mozilla/5.0 (compatible; MJ12bot/v1.4.8; http://mj12bot.com/)"
157.90.182.25 - - [02/Nov/2023:03:45:35 +0100] "GET /littlest-petshop-multicolour-swimsuit-p-30265.html HTTP/1.0" 200 80599 "-" "Mozilla/5.0 (compatible; BLEXBot/1.0; +http://webmeup-crawler.com/)"
195.191.219.132 - - [02/Nov/2023:03:45:36 +0100] "GET /-p-20486.html HTTP/1.0" 200 76707 "-" "Mozilla/5.0 (compatible; MJ12bot/v1.4.8; http://mj12bot.com/)"
195.191.219.132 - - [02/Nov/2023:03:45:39 +0100] "GET /-p-22986.html HTTP/1.0" 200 76707 "-" "Mozilla/5.0 (compatible; MJ12bot/v1.4.8; http://mj12bot.com/)"
157.90.182.25 - - [02/Nov/2023:03:45:41 +0100] "GET /littlest-petshop-padded-jacket-p-31266.html HTTP/1.0" 200 80397 "-" "Mozilla/5.0 (compatible; BLEXBot/1.0; +http://webmeup-crawler.com/)"
195.191.219.132 - - [02/Nov/2023:03:45:42 +0100] "GET /-p-23210.html HTTP/1.0" 200 76707 "-" "Mozilla/5.0 (compatible; MJ12bot/v1.4.8; http://mj12bot.com/)"
47.128.59.6 - - [02/Nov/2023:03:45:44 +0100] "GET /cosmetic-bags-and-flat-purse-c-31_239.html?page=10 HTTP/1.0" 301 93992 "-" "Mozilla/5.0 (compatible; Bytespider; spider-feedback@bytedance.com) AppleWebKit/537.36 (KHTML, like Gecko) Chrome/70.0.0.0 Safari/537.36"
195.191.219.132 - - [02/Nov/2023:03:45:45 +0100] "GET /-p-23990.html HTTP/1.0" 200 76707 "-" "Mozilla/5.0 (compatible; MJ12bot/v1.4.8; http://mj12bot.com/)"
47.128.59.6 - - [02/Nov/2023:03:45:45 +0100] "GET /cosmetic-bags-flat-purse-c-239.html?page=10 HTTP/1.0" 301 93837 "-" "Mozilla/5.0 (compatible; Bytespider; spider-feedback@bytedance.com) AppleWebKit/537.36 (KHTML, like Gecko) Chrome/70.0.0.0 Safari/537.36"
157.90.182.25 - - [02/Nov/2023:03:45:47 +0100] "GET /littlest-petshop-pink-swimsuit-p-30317.html HTTP/1.0" 200 80528 "-" "Mozilla/5.0 (compatible; BLEXBot/1.0; +http://webmeup-crawler.com/)"
47.128.59.6 - - [02/Nov/2023:03:45:47 +0100] "GET /cosmetic-bags-flat-purse-c-31_239.html?page=10 HTTP/1.0" 200 93895 "-" "Mozilla/5.0 (compatible; Bytespider; spider-feedback@bytedance.com) AppleWebKit/537.36 (KHTML, like Gecko) Chrome/70.0.0.0 Safari/537.36"
47.128.59.6 - - [02/Nov/2023:03:45:49 +0100] "GET /swfobject.js HTTP/1.0" 404 1308 "http://www.wonder-geek.com/cosmetic-bags-flat-purse-c-31_239.html?page=10" "Mozilla/5.0 (compatible; Bytespider; spider-feedback@bytedance.com) AppleWebKit/537.36 (KHTML, like Gecko) Chrome/70.0.0.0 Safari/537.36"
195.191.219.132 - - [02/Nov/2023:03:45:48 +0100] "GET /-p-23991.html HTTP/1.0" 200 76707 "-" "Mozilla/5.0 (compatible; MJ12bot/v1.4.8; http://mj12bot.com/)"
47.128.59.6 - - [02/Nov/2023:03:45:51 +0100] "GET /js/jquery.min.js HTTP/1.0" 404 1308 "http://www.wonder-geek.com/cosmetic-bags-flat-purse-c-31_239.html?page=10" "Mozilla/5.0 (compatible; Bytespider; spider-feedback@bytedance.com) AppleWebKit/537.36 (KHTML, like Gecko) Chrome/70.0.0.0 Safari/537.36"
47.128.59.6 - - [02/Nov/2023:03:45:52 +0100] "GET /highslide/graphics/outlines/drop-shadow.png HTTP/1.0" 200 277 "http://www.wonder-geek.com/cosmetic-bags-flat-purse-c-31_239.html?page=10" "Mozilla/5.0 (compatible; Bytespider; spider-feedback@bytedance.com) AppleWebKit/537.36 (KHTML, like Gecko) Chrome/70.0.0.0 Safari/537.36"
47.128.59.6 - - [02/Nov/2023:03:45:52 +0100] "GET /highslide/graphics/zoomout.cur HTTP/1.0" 200 614 "http://www.wonder-geek.com/cosmetic-bags-flat-purse-c-31_239.html?page=10" "Mozilla/5.0 (compatible; Bytespider; spider-feedback@bytedance.com) AppleWebKit/537.36 (KHTML, like Gecko) Chrome/70.0.0.0 Safari/537.36"
195.191.219.132 - - [02/Nov/2023:03:45:51 +0100] "GET /-p-23992.html HTTP/1.0" 200 76707 "-" "Mozilla/5.0 (compatible; MJ12bot/v1.4.8; http://mj12bot.com/)"
157.90.182.25 - - [02/Nov/2023:03:45:52 +0100] "GET /littlest-petshop-swimsuit-p-30263.html HTTP/1.0" 200 80481 "-" "Mozilla/5.0 (compatible; BLEXBot/1.0; +http://webmeup-crawler.com/)"
195.191.219.132 - - [02/Nov/2023:03:45:54 +0100] "GET /-p-24121.html HTTP/1.0" 200 76707 "-" "Mozilla/5.0 (compatible; MJ12bot/v1.4.8; http://mj12bot.com/)"
195.191.219.132 - - [02/Nov/2023:03:45:57 +0100] "GET /-p-25973.html HTTP/1.0" 200 76707 "-" "Mozilla/5.0 (compatible; MJ12bot/v1.4.8; http://mj12bot.com/)"
157.90.182.25 - - [02/Nov/2023:03:45:58 +0100] "GET /littlest-petshop-tights-p-31089.html HTTP/1.0" 200 80483 "-" "Mozilla/5.0 (compatible; BLEXBot/1.0; +http://webmeup-crawler.com/)"
195.191.219.132 - - [02/Nov/2023:03:46:00 +0100] "GET /-p-26648.html HTTP/1.0" 200 76707 "-" "Mozilla/5.0 (compatible; MJ12bot/v1.4.8; http://mj12bot.com/)"
195.191.219.132 - - [02/Nov/2023:03:46:03 +0100] "GET /-p-27061.html HTTP/1.0" 200 76707 "-" "Mozilla/5.0 (compatible; MJ12bot/v1.4.8; http://mj12bot.com/)"
157.90.182.25 - - [02/Nov/2023:03:46:03 +0100] "GET /littlest-petshop-white-swimsuit-p-30316.html HTTP/1.0" 200 80543 "-" "Mozilla/5.0 (compatible; BLEXBot/1.0; +http://webmeup-crawler.com/)"
195.191.219.132 - - [02/Nov/2023:03:46:06 +0100] "GET /-p-28109.html HTTP/1.0" 200 76707 "-" "Mozilla/5.0 (compatible; MJ12bot/v1.4.8; http://mj12bot.com/)"
195.191.219.132 - - [02/Nov/2023:03:46:09 +0100] "GET /-p-28764.html HTTP/1.0" 200 76707 "-" "Mozilla/5.0 (compatible; MJ12bot/v1.4.8; http://mj12bot.com/)"
157.90.182.25 - - [02/Nov/2023:03:46:10 +0100] "GET /littlest-petshop-yellow-swimsuit-p-30264.html HTTP/1.0" 200 80554 "-" "Mozilla/5.0 (compatible; BLEXBot/1.0; +http://webmeup-crawler.com/)"
195.191.219.132 - - [02/Nov/2023:03:46:12 +0100] "GET /-p-29450.html HTTP/1.0" 200 76707 "-" "Mozilla/5.0 (compatible; MJ12bot/v1.4.8; http://mj12bot.com/)"
195.191.219.132 - - [02/Nov/2023:03:46:15 +0100] "GET /-p-29996.html HTTP/1.0" 200 76707 "-" "Mozilla/5.0 (compatible; MJ12bot/v1.4.8; http://mj12bot.com/)"
157.90.182.25 - - [02/Nov/2023:03:46:16 +0100] "GET /live-dream-pencil-cbkreation-p-43444.html HTTP/1.0" 200 79174 "-" "Mozilla/5.0 (compatible; BLEXBot/1.0; +http://webmeup-crawler.com/)"
195.191.219.132 - - [02/Nov/2023:03:46:18 +0100] "GET /-p-30950.html HTTP/1.0" 200 76707 "-" "Mozilla/5.0 (compatible; MJ12bot/v1.4.8; http://mj12bot.com/)"
195.191.219.132 - - [02/Nov/2023:03:46:21 +0100] "GET /-p-31832.html HTTP/1.0" 200 76707 "-" "Mozilla/5.0 (compatible; MJ12bot/v1.4.8; http://mj12bot.com/)"
157.90.182.25 - - [02/Nov/2023:03:46:22 +0100] "GET /llama-love-glasses-case-p-47581.html HTTP/1.0" 200 79728 "-" "Mozilla/5.0 (compatible; BLEXBot/1.0; +http://webmeup-crawler.com/)"
195.191.219.132 - - [02/Nov/2023:03:46:24 +0100] "GET /-p-31835.html HTTP/1.0" 200 76707 "-" "Mozilla/5.0 (compatible; MJ12bot/v1.4.8; http://mj12bot.com/)"
195.191.219.132 - - [02/Nov/2023:03:46:27 +0100] "GET /-p-32866.html HTTP/1.0" 200 76707 "-" "Mozilla/5.0 (compatible; MJ12bot/v1.4.8; http://mj12bot.com/)"
157.90.182.25 - - [02/Nov/2023:03:46:27 +0100] "GET /lois-jean-manufacturer-wallet-p-38161.html HTTP/1.0" 200 79881 "-" "Mozilla/5.0 (compatible; BLEXBot/1.0; +http://webmeup-crawler.com/)"
195.191.219.132 - - [02/Nov/2023:03:46:30 +0100] "GET /-p-34055.html HTTP/1.0" 200 76707 "-" "Mozilla/5.0 (compatible; MJ12bot/v1.4.8; http://mj12bot.com/)"
195.191.219.132 - - [02/Nov/2023:03:46:33 +0100] "GET /-p-34666.html HTTP/1.0" 200 76707 "-" "Mozilla/5.0 (compatible; MJ12bot/v1.4.8; http://mj12bot.com/)"
157.90.182.25 - - [02/Nov/2023:03:46:34 +0100] "GET /lois-manufacturer-wallet-p-41313.html HTTP/1.0" 200 79904 "-" "Mozilla/5.0 (compatible; BLEXBot/1.0; +http://webmeup-crawler.com/)"
195.191.219.132 - - [02/Nov/2023:03:46:36 +0100] "GET /-p-35812.html HTTP/1.0" 200 76707 "-" "Mozilla/5.0 (compatible; MJ12bot/v1.4.8; http://mj12bot.com/)"
195.191.219.132 - - [02/Nov/2023:03:46:39 +0100] "GET /-p-36179.html HTTP/1.0" 200 76707 "-" "Mozilla/5.0 (compatible; MJ12bot/v1.4.8; http://mj12bot.com/)"
157.90.182.25 - - [02/Nov/2023:03:46:39 +0100] "GET /lola-shower-towel-p-41785.html HTTP/1.0" 200 79958 "-" "Mozilla/5.0 (compatible; BLEXBot/1.0; +http://webmeup-crawler.com/)"
195.191.219.132 - - [02/Nov/2023:03:46:42 +0100] "GET /-p-36180.html HTTP/1.0" 200 76707 "-" "Mozilla/5.0 (compatible; MJ12bot/v1.4.8; http://mj12bot.com/)"
157.90.182.25 - - [02/Nov/2023:03:46:44 +0100] "GET /lola-shower-towel-white-p-41784.html HTTP/1.0" 200 79986 "-" "Mozilla/5.0 (compatible; BLEXBot/1.0; +http://webmeup-crawler.com/)"
195.191.219.132 - - [02/Nov/2023:03:46:45 +0100] "GET /-p-36181.html HTTP/1.0" 200 76707 "-" "Mozilla/5.0 (compatible; MJ12bot/v1.4.8; http://mj12bot.com/)"
195.191.219.132 - - [02/Nov/2023:03:46:48 +0100] "GET /-p-36388.html HTTP/1.0" 200 76707 "-" "Mozilla/5.0 (compatible; MJ12bot/v1.4.8; http://mj12bot.com/)"
157.90.182.25 - - [02/Nov/2023:03:46:50 +0100] "GET /london-beauty-nail-p-28903.html HTTP/1.0" 200 79174 "-" "Mozilla/5.0 (compatible; BLEXBot/1.0; +http://webmeup-crawler.com/)"
195.191.219.132 - - [02/Nov/2023:03:46:51 +0100] "GET /-p-36967.html HTTP/1.0" 200 76707 "-" "Mozilla/5.0 (compatible; MJ12bot/v1.4.8; http://mj12bot.com/)"
195.191.219.132 - - [02/Nov/2023:03:46:54 +0100] "GET /-p-37698.html HTTP/1.0" 200 76707 "-" "Mozilla/5.0 (compatible; MJ12bot/v1.4.8; http://mj12bot.com/)"
157.90.182.25 - - [02/Nov/2023:03:46:56 +0100] "GET /london-carlin-cookware-cbkreation-p-23970.html HTTP/1.0" 200 79151 "-" "Mozilla/5.0 (compatible; BLEXBot/1.0; +http://webmeup-crawler.com/)"
195.191.219.132 - - [02/Nov/2023:03:46:57 +0100] "GET /-p-37713.html HTTP/1.0" 200 76707 "-" "Mozilla/5.0 (compatible; MJ12bot/v1.4.8; http://mj12bot.com/)"
195.191.219.132 - - [02/Nov/2023:03:46:59 +0100] "GET /-p-37714.html HTTP/1.0" 200 76707 "-" "Mozilla/5.0 (compatible; MJ12bot/v1.4.8; http://mj12bot.com/)"
157.90.182.25 - - [02/Nov/2023:03:47:01 +0100] "GET /london-companion-wallet-p-33062.html HTTP/1.0" 200 79239 "-" "Mozilla/5.0 (compatible; BLEXBot/1.0; +http://webmeup-crawler.com/)"
195.191.219.132 - - [02/Nov/2023:03:47:02 +0100] "GET /-p-37715.html HTTP/1.0" 200 76707 "-" "Mozilla/5.0 (compatible; MJ12bot/v1.4.8; http://mj12bot.com/)"
195.191.219.132 - - [02/Nov/2023:03:47:05 +0100] "GET /-p-37734.html HTTP/1.0" 200 76707 "-" "Mozilla/5.0 (compatible; MJ12bot/v1.4.8; http://mj12bot.com/)"
17.241.219.142 - - [02/Nov/2023:03:47:06 +0100] "GET /empty-tray-pocket-floral-pattern-carved-wood-p-52326.html HTTP/1.0" 200 76885 "-" "Mozilla/5.0 (Macintosh; Intel Mac OS X 10_15_5) AppleWebKit/605.1.15 (KHTML, like Gecko) Version/13.1.1 Safari/605.1.15 (Applebot/0.1; +http://www.apple.com/go/applebot)"
195.191.219.132 - - [02/Nov/2023:03:47:09 +0100] "GET /-p-38085.html HTTP/1.0" 200 76707 "-" "Mozilla/5.0 (compatible; MJ12bot/v1.4.8; http://mj12bot.com/)"
157.90.182.25 - - [02/Nov/2023:03:47:09 +0100] "GET /london-cookware-cbkreation-p-29706.html HTTP/1.0" 200 79119 "-" "Mozilla/5.0 (compatible; BLEXBot/1.0; +http://webmeup-crawler.com/)"
195.191.219.132 - - [02/Nov/2023:03:47:12 +0100] "GET /-p-39784.html HTTP/1.0" 200 76707 "-" "Mozilla/5.0 (compatible; MJ12bot/v1.4.8; http://mj12bot.com/)"
157.90.182.25 - - [02/Nov/2023:03:47:14 +0100] "GET /london-keyring-p-22603.html HTTP/1.0" 200 79584 "-" "Mozilla/5.0 (compatible; BLEXBot/1.0; +http://webmeup-crawler.com/)"
195.191.219.132 - - [02/Nov/2023:03:47:15 +0100] "GET /-p-39811.html HTTP/1.0" 200 76707 "-" "Mozilla/5.0 (compatible; MJ12bot/v1.4.8; http://mj12bot.com/)"
195.191.219.132 - - [02/Nov/2023:03:47:18 +0100] "GET /-p-39815.html HTTP/1.0" 200 76707 "-" "Mozilla/5.0 (compatible; MJ12bot/v1.4.8; http://mj12bot.com/)"
157.90.182.25 - - [02/Nov/2023:03:47:20 +0100] "GET /london-magazines-holder-p-39355.html HTTP/1.0" 200 79064 "-" "Mozilla/5.0 (compatible; BLEXBot/1.0; +http://webmeup-crawler.com/)"
195.191.219.132 - - [02/Nov/2023:03:47:21 +0100] "GET /-p-39819.html HTTP/1.0" 200 76707 "-" "Mozilla/5.0 (compatible; MJ12bot/v1.4.8; http://mj12bot.com/)"
59.82.83.241 - - [02/Nov/2023:03:47:26 +0100] "GET /images/mini_prod/4029811344758.jpg HTTP/1.0" 200 269 "-" "insight2"
195.191.219.132 - - [02/Nov/2023:03:47:24 +0100] "GET /-p-39823.html HTTP/1.0" 200 76707 "-" "Mozilla/5.0 (compatible; MJ12bot/v1.4.8; http://mj12bot.com/)"
157.90.182.25 - - [02/Nov/2023:03:47:27 +0100] "GET /london-metal-keyring-mail-p-35350.html HTTP/1.0" 200 79136 "-" "Mozilla/5.0 (compatible; BLEXBot/1.0; +http://webmeup-crawler.com/)"
195.191.219.132 - - [02/Nov/2023:03:47:27 +0100] "GET /-p-40977.html HTTP/1.0" 200 76707 "-" "Mozilla/5.0 (compatible; MJ12bot/v1.4.8; http://mj12bot.com/)"
195.191.219.132 - - [02/Nov/2023:03:47:31 +0100] "GET /-p-41956.html HTTP/1.0" 200 76707 "-" "Mozilla/5.0 (compatible; MJ12bot/v1.4.8; http://mj12bot.com/)"
157.90.182.25 - - [02/Nov/2023:03:47:33 +0100] "GET /london-metal-keyring-p-35352.html HTTP/1.0" 200 79110 "-" "Mozilla/5.0 (compatible; BLEXBot/1.0; +http://webmeup-crawler.com/)"
195.191.219.132 - - [02/Nov/2023:03:47:34 +0100] "GET /-p-44371.html HTTP/1.0" 200 76707 "-" "Mozilla/5.0 (compatible; MJ12bot/v1.4.8; http://mj12bot.com/)"
195.191.219.132 - - [02/Nov/2023:03:47:36 +0100] "GET /-p-48749.html HTTP/1.0" 200 76707 "-" "Mozilla/5.0 (compatible; MJ12bot/v1.4.8; http://mj12bot.com/)"
157.90.182.25 - - [02/Nov/2023:03:47:38 +0100] "GET /london-metal-keyring-phone-p-35351.html HTTP/1.0" 200 79144 "-" "Mozilla/5.0 (compatible; BLEXBot/1.0; +http://webmeup-crawler.com/)"
195.191.219.132 - - [02/Nov/2023:03:47:39 +0100] "GET /-p-50733.html HTTP/1.0" 200 76707 "-" "Mozilla/5.0 (compatible; MJ12bot/v1.4.8; http://mj12bot.com/)"
195.191.219.132 - - [02/Nov/2023:03:47:42 +0100] "GET /-p-50749.html HTTP/1.0" 200 76707 "-" "Mozilla/5.0 (compatible; MJ12bot/v1.4.8; http://mj12bot.com/)"
157.90.182.25 - - [02/Nov/2023:03:47:45 +0100] "GET /london-metal-keyring-union-jack-boot-p-35354.html HTTP/1.0" 200 79203 "-" "Mozilla/5.0 (compatible; BLEXBot/1.0; +http://webmeup-crawler.com/)"
195.191.219.132 - - [02/Nov/2023:03:47:45 +0100] "GET /-p-6813.html HTTP/1.0" 200 76705 "-" "Mozilla/5.0 (compatible; MJ12bot/v1.4.8; http://mj12bot.com/)"
54.36.149.0 - - [02/Nov/2023:03:47:48 +0100] "GET /rocker-salt-pepper-p-29973.html HTTP/1.0" 200 79048 "-" "Mozilla/5.0 (compatible; AhrefsBot/7.0; +http://ahrefs.com/robot/)"
195.191.219.132 - - [02/Nov/2023:03:47:48 +0100] "GET /adhesive-roll-cement-tiles-p-55402.html HTTP/1.0" 200 80234 "-" "Mozilla/5.0 (compatible; MJ12bot/v1.4.8; http://mj12bot.com/)"
54.36.148.226 - - [02/Nov/2023:03:47:50 +0100] "GET /images/med_prod/5055071700736.jpg HTTP/1.0" 200 268 "-" "Mozilla/5.0 (compatible; AhrefsBot/7.0; +http://ahrefs.com/robot/)"
121.134.39.23 - - [02/Nov/2023:03:47:50 +0100] "GET /images/mini_prod/3453131150996.jpg HTTP/1.0" 200 269 "-" "Mozilla/5.0 (X11; Ubuntu; Linux x86_64; rv:72.0) Gecko/20100101 Firefox/72.0"
195.191.219.132 - - [02/Nov/2023:03:47:51 +0100] "GET /artisan-plaster-thermometer-handcrafted-p-58007.html HTTP/1.0" 200 76857 "-" "Mozilla/5.0 (compatible; MJ12bot/v1.4.8; http://mj12bot.com/)"
157.90.182.25 - - [02/Nov/2023:03:47:51 +0100] "GET /london-metal-keyring-union-jack-purse-p-35355.html HTTP/1.0" 200 79211 "-" "Mozilla/5.0 (compatible; BLEXBot/1.0; +http://webmeup-crawler.com/)"
195.191.219.132 - - [02/Nov/2023:03:47:54 +0100] "GET /artisan-plaster-thermometer-handcrafted-p-58009.html HTTP/1.0" 200 76857 "-" "Mozilla/5.0 (compatible; MJ12bot/v1.4.8; http://mj12bot.com/)"
195.191.219.132 - - [02/Nov/2023:03:47:57 +0100] "GET /artisan-plaster-thermometer-handcrafted-p-58013.html HTTP/1.0" 200 76857 "-" "Mozilla/5.0 (compatible; MJ12bot/v1.4.8; http://mj12bot.com/)"
157.90.182.25 - - [02/Nov/2023:03:47:58 +0100] "GET /london-metal-keyring-welsh-guard-p-35353.html HTTP/1.0" 200 79169 "-" "Mozilla/5.0 (compatible; BLEXBot/1.0; +http://webmeup-crawler.com/)"
195.191.219.132 - - [02/Nov/2023:03:48:00 +0100] "GET /assassin-creed-zippo-lighter-p-41036.html HTTP/1.0" 200 81458 "-" "Mozilla/5.0 (compatible; MJ12bot/v1.4.8; http://mj12bot.com/)"
195.191.219.132 - - [02/Nov/2023:03:48:03 +0100] "GET /bamboo-cups-fish-p-49566.html HTTP/1.0" 301 76774 "-" "Mozilla/5.0 (compatible; MJ12bot/v1.4.8; http://mj12bot.com/)"
157.90.182.25 - - [02/Nov/2023:03:48:04 +0100] "GET /london-mirror-p-29317.html HTTP/1.0" 200 79070 "-" "Mozilla/5.0 (compatible; BLEXBot/1.0; +http://webmeup-crawler.com/)"
195.191.219.132 - - [02/Nov/2023:03:48:06 +0100] "GET /-p-49566.html HTTP/1.0" 200 76707 "-" "Mozilla/5.0 (compatible; MJ12bot/v1.4.8; http://mj12bot.com/)"
195.191.219.132 - - [02/Nov/2023:03:48:09 +0100] "GET /bamboo-cups-humming-bird-p-49567.html HTTP/1.0" 301 76774 "-" "Mozilla/5.0 (compatible; MJ12bot/v1.4.8; http://mj12bot.com/)"
157.90.182.25 - - [02/Nov/2023:03:48:11 +0100] "GET /london-mirror-p-29319.html HTTP/1.0" 200 79074 "-" "Mozilla/5.0 (compatible; BLEXBot/1.0; +http://webmeup-crawler.com/)"
195.191.219.132 - - [02/Nov/2023:03:48:12 +0100] "GET /-p-49567.html HTTP/1.0" 200 76707 "-" "Mozilla/5.0 (compatible; MJ12bot/v1.4.8; http://mj12bot.com/)"
195.191.219.132 - - [02/Nov/2023:03:48:15 +0100] "GET /bamboo-fiber-plant-cover-p-58918.html HTTP/1.0" 200 79860 "-" "Mozilla/5.0 (compatible; MJ12bot/v1.4.8; http://mj12bot.com/)"
157.90.182.25 - - [02/Nov/2023:03:48:17 +0100] "GET /london-piggy-moneybox-p-27853.html HTTP/1.0" 200 79032 "-" "Mozilla/5.0 (compatible; BLEXBot/1.0; +http://webmeup-crawler.com/)"
195.191.219.132 - - [02/Nov/2023:03:48:19 +0100] "GET /bamboo-fiber-plant-cover-p-58919.html HTTP/1.0" 200 79860 "-" "Mozilla/5.0 (compatible; MJ12bot/v1.4.8; http://mj12bot.com/)"
195.191.219.132 - - [02/Nov/2023:03:48:21 +0100] "GET /bamboo-fiber-plant-cover-p-58927.html HTTP/1.0" 200 79860 "-" "Mozilla/5.0 (compatible; MJ12bot/v1.4.8; http://mj12bot.com/)"
157.90.182.25 - - [02/Nov/2023:03:48:23 +0100] "GET /london-poster-p-14409.html HTTP/1.0" 200 78968 "-" "Mozilla/5.0 (compatible; BLEXBot/1.0; +http://webmeup-crawler.com/)"
195.191.219.132 - - [02/Nov/2023:03:48:24 +0100] "GET /bamboo-fiber-plant-cover-p-58928.html HTTP/1.0" 200 79860 "-" "Mozilla/5.0 (compatible; MJ12bot/v1.4.8; http://mj12bot.com/)"
195.191.219.132 - - [02/Nov/2023:03:48:27 +0100] "GET /blue-patinated-vase-p-57293.html HTTP/1.0" 200 76789 "-" "Mozilla/5.0 (compatible; MJ12bot/v1.4.8; http://mj12bot.com/)"
195.191.219.132 - - [02/Nov/2023:03:48:30 +0100] "GET /boat-ocean-firefighter-neptune-p-36967.html HTTP/1.0" 301 76774 "-" "Mozilla/5.0 (compatible; MJ12bot/v1.4.8; http://mj12bot.com/)"
169.233.1.13 - - [02/Nov/2023:03:48:32 +0100] "GET /images/mini_prod/5051276212487.jpg HTTP/1.0" 200 269 "-" "Mozilla/5.0 (X11; Ubuntu; Linux x86_64; rv:72.0) Gecko/20100101 Firefox/72.0"
157.90.182.25 - - [02/Nov/2023:03:48:31 +0100] "GET /london-rectangular-mirror-p-37758.html HTTP/1.0" 200 79072 "-" "Mozilla/5.0 (compatible; BLEXBot/1.0; +http://webmeup-crawler.com/)"
195.191.219.132 - - [02/Nov/2023:03:48:33 +0100] "GET /-p-36967.html HTTP/1.0" 200 76707 "-" "Mozilla/5.0 (compatible; MJ12bot/v1.4.8; http://mj12bot.com/)"
195.191.219.132 - - [02/Nov/2023:03:48:36 +0100] "GET /candle-hours-coconut-escape-p-39898.html HTTP/1.0" 200 76860 "-" "Mozilla/5.0 (compatible; MJ12bot/v1.4.8; http://mj12bot.com/)"
195.191.219.132 - - [02/Nov/2023:03:48:39 +0100] "GET /candle-hours-lime-splash-p-39895.html HTTP/1.0" 200 76845 "-" "Mozilla/5.0 (compatible; MJ12bot/v1.4.8; http://mj12bot.com/)"
157.90.182.25 - - [02/Nov/2023:03:48:39 +0100] "GET /london-union-jack-black-shirt-p-30145.html HTTP/1.0" 200 80304 "-" "Mozilla/5.0 (compatible; BLEXBot/1.0; +http://webmeup-crawler.com/)"
195.191.219.132 - - [02/Nov/2023:03:48:42 +0100] "GET /children-wall-sticker-with-name-moon-stars-p-58842.html HTTP/1.0" 200 80235 "-" "Mozilla/5.0 (compatible; MJ12bot/v1.4.8; http://mj12bot.com/)"
157.90.182.25 - - [02/Nov/2023:03:48:44 +0100] "GET /london-union-jack-shirt-p-29619.html HTTP/1.0" 200 80242 "-" "Mozilla/5.0 (compatible; BLEXBot/1.0; +http://webmeup-crawler.com/)"
195.191.219.132 - - [02/Nov/2023:03:48:45 +0100] "GET /christmas-bauble-joyeux-p-58860.html HTTP/1.0" 200 79990 "-" "Mozilla/5.0 (compatible; MJ12bot/v1.4.8; http://mj12bot.com/)"
195.191.219.132 - - [02/Nov/2023:03:48:48 +0100] "GET /christmas-winnie-pooh-figurine-p-56727.html HTTP/1.0" 200 80507 "-" "Mozilla/5.0 (compatible; MJ12bot/v1.4.8; http://mj12bot.com/)"
195.191.219.132 - - [02/Nov/2023:03:48:51 +0100] "GET /copains-abord-wall-decoration-p-56439.html HTTP/1.0" 200 80056 "-" "Mozilla/5.0 (compatible; MJ12bot/v1.4.8; http://mj12bot.com/)"
157.90.182.25 - - [02/Nov/2023:03:48:51 +0100] "GET /london-westminster-rectangular-mirror-p-29009.html HTTP/1.0" 200 79168 "-" "Mozilla/5.0 (compatible; BLEXBot/1.0; +http://webmeup-crawler.com/)"
195.191.219.132 - - [02/Nov/2023:03:48:54 +0100] "GET /cream-face-vase-p-57291.html HTTP/1.0" 200 76757 "-" "Mozilla/5.0 (compatible; MJ12bot/v1.4.8; http://mj12bot.com/)"
195.191.219.132 - - [02/Nov/2023:03:48:57 +0100] "GET /dark-green-japanese-cast-iron-teapot-liter-p-56743.html HTTP/1.0" 200 80304 "-" "Mozilla/5.0 (compatible; MJ12bot/v1.4.8; http://mj12bot.com/)"
157.90.182.25 - - [02/Nov/2023:03:48:57 +0100] "GET /looney-tunes-black-shirt-p-30146.html HTTP/1.0" 200 80810 "-" "Mozilla/5.0 (compatible; BLEXBot/1.0; +http://webmeup-crawler.com/)"
195.191.219.132 - - [02/Nov/2023:03:49:00 +0100] "GET /decoration-protection-animal-iphone-cable-p-47280.html HTTP/1.0" 200 76875 "-" "Mozilla/5.0 (compatible; MJ12bot/v1.4.8; http://mj12bot.com/)"
195.191.219.132 - - [02/Nov/2023:03:49:02 +0100] "GET /decoration-protection-animal-iphone-cable-p-47286.html HTTP/1.0" 200 76875 "-" "Mozilla/5.0 (compatible; MJ12bot/v1.4.8; http://mj12bot.com/)"
157.90.182.25 - - [02/Nov/2023:03:49:04 +0100] "GET /losc-lille-kids-school-p-59808.html HTTP/1.0" 200 80198 "-" "Mozilla/5.0 (compatible; BLEXBot/1.0; +http://webmeup-crawler.com/)"
195.191.219.132 - - [02/Nov/2023:03:49:05 +0100] "GET /door-plate-family-p-55413.html HTTP/1.0" 200 79670 "-" "Mozilla/5.0 (compatible; MJ12bot/v1.4.8; http://mj12bot.com/)"
195.191.219.132 - - [02/Nov/2023:03:49:08 +0100] "GET /double-walled-porcelain-with-infuser-p-53002.html HTTP/1.0" 200 79197 "-" "Mozilla/5.0 (compatible; MJ12bot/v1.4.8; http://mj12bot.com/)"
157.90.182.25 - - [02/Nov/2023:03:49:10 +0100] "GET /lotus-atmospheric-light-colours-goldrim-p-43209.html HTTP/1.0" 200 80623 "-" "Mozilla/5.0 (compatible; BLEXBot/1.0; +http://webmeup-crawler.com/)"
195.191.219.132 - - [02/Nov/2023:03:49:11 +0100] "GET /embossed-toilet-door-plate-p-57206.html HTTP/1.0" 200 79686 "-" "Mozilla/5.0 (compatible; MJ12bot/v1.4.8; http://mj12bot.com/)"
195.191.219.132 - - [02/Nov/2023:03:49:14 +0100] "GET /gasoline-pump-retro-table-clock-perpetual-calendar-p-56708.html HTTP/1.0" 200 79981 "-" "Mozilla/5.0 (compatible; MJ12bot/v1.4.8; http://mj12bot.com/)"
157.90.182.25 - - [02/Nov/2023:03:49:16 +0100] "GET /lotus-candleholder-chakra-blue-goldlining-p-35520.html HTTP/1.0" 200 80660 "-" "Mozilla/5.0 (compatible; BLEXBot/1.0; +http://webmeup-crawler.com/)"
195.191.219.132 - - [02/Nov/2023:03:49:17 +0100] "GET /heart-home-large-candle-hours-home-christmas-p-58934.html HTTP/1.0" 200 81000 "-" "Mozilla/5.0 (compatible; MJ12bot/v1.4.8; http://mj12bot.com/)"
195.191.219.132 - - [02/Nov/2023:03:49:20 +0100] "GET /heart-home-stick-diffuser-guardian-angel-p-58951.html HTTP/1.0" 200 80208 "-" "Mozilla/5.0 (compatible; MJ12bot/v1.4.8; http://mj12bot.com/)"
195.191.219.132 - - [02/Nov/2023:03:49:23 +0100] "GET /heart-home-stick-diffuser-snow-angel-p-58952.html HTTP/1.0" 200 80385 "-" "Mozilla/5.0 (compatible; MJ12bot/v1.4.8; http://mj12bot.com/)"
157.90.182.25 - - [02/Nov/2023:03:49:24 +0100] "GET /lotus-candleholder-chakra-green-goldlining-p-35523.html HTTP/1.0" 200 80670 "-" "Mozilla/5.0 (compatible; BLEXBot/1.0; +http://webmeup-crawler.com/)"
195.191.219.132 - - [02/Nov/2023:03:49:26 +0100] "GET /hector-statue-22-cm-p-40911.html HTTP/1.0" 301 76841 "-" "Mozilla/5.0 (compatible; MJ12bot/v1.4.8; http://mj12bot.com/)"
195.191.219.132 - - [02/Nov/2023:03:49:29 +0100] "GET /hector-statue-p-40911.html HTTP/1.0" 200 76761 "-" "Mozilla/5.0 (compatible; MJ12bot/v1.4.8; http://mj12bot.com/)"
157.90.182.25 - - [02/Nov/2023:03:49:31 +0100] "GET /lotus-candleholder-chakra-green-silverlining-p-35522.html HTTP/1.0" 200 80692 "-" "Mozilla/5.0 (compatible; BLEXBot/1.0; +http://webmeup-crawler.com/)"
195.191.219.132 - - [02/Nov/2023:03:49:32 +0100] "GET /hector-statue-p-40911.html HTTP/1.0" 200 76761 "-" "Mozilla/5.0 (compatible; MJ12bot/v1.4.8; http://mj12bot.com/)"
195.191.219.132 - - [02/Nov/2023:03:49:35 +0100] "GET /hello-kitty-sports-bottle-p-25066.html HTTP/1.0" 200 79908 "-" "Mozilla/5.0 (compatible; MJ12bot/v1.4.8; http://mj12bot.com/)"
157.90.182.25 - - [02/Nov/2023:03:49:37 +0100] "GET /lotus-candleholder-chakra-indigo-goldlining-p-35519.html HTTP/1.0" 200 80681 "-" "Mozilla/5.0 (compatible; BLEXBot/1.0; +http://webmeup-crawler.com/)"
195.191.219.132 - - [02/Nov/2023:03:49:38 +0100] "GET /hello-kitty-tights-model-blue-size-years-p-23990.html HTTP/1.0" 301 76774 "-" "Mozilla/5.0 (compatible; MJ12bot/v1.4.8; http://mj12bot.com/)"
195.191.219.132 - - [02/Nov/2023:03:49:41 +0100] "GET /-p-23990.html HTTP/1.0" 200 76707 "-" "Mozilla/5.0 (compatible; MJ12bot/v1.4.8; http://mj12bot.com/)"
157.90.182.25 - - [02/Nov/2023:03:49:43 +0100] "GET /lotus-candleholder-chakra-orange-silverlining-p-35529.html HTTP/1.0" 200 80702 "-" "Mozilla/5.0 (compatible; BLEXBot/1.0; +http://webmeup-crawler.com/)"
195.191.219.132 - - [02/Nov/2023:03:49:44 +0100] "GET /hello-kitty-tights-model-saumon-size-years-p-23991.html HTTP/1.0" 301 76774 "-" "Mozilla/5.0 (compatible; MJ12bot/v1.4.8; http://mj12bot.com/)"
195.191.219.132 - - [02/Nov/2023:03:49:47 +0100] "GET /-p-23991.html HTTP/1.0" 200 76707 "-" "Mozilla/5.0 (compatible; MJ12bot/v1.4.8; http://mj12bot.com/)"
157.90.182.25 - - [02/Nov/2023:03:49:48 +0100] "GET /lotus-candleholder-chakra-silverlining-p-38922.html HTTP/1.0" 200 80664 "-" "Mozilla/5.0 (compatible; BLEXBot/1.0; +http://webmeup-crawler.com/)"
195.191.219.132 - - [02/Nov/2023:03:49:50 +0100] "GET /hello-kitty-tights-model-saumon-size-years-p-23992.html HTTP/1.0" 301 76774 "-" "Mozilla/5.0 (compatible; MJ12bot/v1.4.8; http://mj12bot.com/)"
195.191.219.132 - - [02/Nov/2023:03:49:53 +0100] "GET /-p-23992.html HTTP/1.0" 200 76707 "-" "Mozilla/5.0 (compatible; MJ12bot/v1.4.8; http://mj12bot.com/)"
34.132.176.232 - - [02/Nov/2023:03:49:55 +0100] "GET /images/mini_prod/3014627830152.jpg HTTP/1.0" 200 269 "-" "Mozilla/5.0 (X11; Ubuntu; Linux x86_64; rv:72.0) Gecko/20100101 Firefox/72.0"
157.90.182.25 - - [02/Nov/2023:03:49:54 +0100] "GET /lotus-candleholder-chakra-yellow-goldlining-p-35527.html HTTP/1.0" 200 80680 "-" "Mozilla/5.0 (compatible; BLEXBot/1.0; +http://webmeup-crawler.com/)"
195.191.219.132 - - [02/Nov/2023:03:49:56 +0100] "GET /hello-kitty-tights-p-34666.html HTTP/1.0" 301 76774 "-" "Mozilla/5.0 (compatible; MJ12bot/v1.4.8; http://mj12bot.com/)"
195.191.219.132 - - [02/Nov/2023:03:49:59 +0100] "GET /-p-34666.html HTTP/1.0" 200 76707 "-" "Mozilla/5.0 (compatible; MJ12bot/v1.4.8; http://mj12bot.com/)"
157.90.182.25 - - [02/Nov/2023:03:50:00 +0100] "GET /lotus-candleholder-pink-silverlining-p-47017.html HTTP/1.0" 200 80593 "-" "Mozilla/5.0 (compatible; BLEXBot/1.0; +http://webmeup-crawler.com/)"
195.191.219.132 - - [02/Nov/2023:03:50:01 +0100] "GET /hello-kitty-tweed-black-bag-by-camomilla-p-16280.html HTTP/1.0" 301 76774 "-" "Mozilla/5.0 (compatible; MJ12bot/v1.4.8; http://mj12bot.com/)"
195.191.219.132 - - [02/Nov/2023:03:50:04 +0100] "GET /-p-16280.html HTTP/1.0" 200 76707 "-" "Mozilla/5.0 (compatible; MJ12bot/v1.4.8; http://mj12bot.com/)"
157.90.182.25 - - [02/Nov/2023:03:50:06 +0100] "GET /lotus-petal-atmospheric-light-pink-gold-trim-p-53735.html HTTP/1.0" 200 80656 "-" "Mozilla/5.0 (compatible; BLEXBot/1.0; +http://webmeup-crawler.com/)"
195.191.219.132 - - [02/Nov/2023:03:50:07 +0100] "GET /hello-kitty-tweed-black-camomilla-p-16280.html HTTP/1.0" 301 76774 "-" "Mozilla/5.0 (compatible; MJ12bot/v1.4.8; http://mj12bot.com/)"
195.191.219.132 - - [02/Nov/2023:03:50:10 +0100] "GET /-p-16280.html HTTP/1.0" 200 76707 "-" "Mozilla/5.0 (compatible; MJ12bot/v1.4.8; http://mj12bot.com/)"
157.90.182.25 - - [02/Nov/2023:03:50:12 +0100] "GET /lotus-petal-atmospheric-light-smoked-beige-gold-trim-p-53737.html HTTP/1.0" 200 80079 "-" "Mozilla/5.0 (compatible; BLEXBot/1.0; +http://webmeup-crawler.com/)"
195.191.219.132 - - [02/Nov/2023:03:50:13 +0100] "GET /hello-kitty-tweed-brown-shoulder-bag-by-camomilla-p-16282.html HTTP/1.0" 301 76774 "-" "Mozilla/5.0 (compatible; MJ12bot/v1.4.8; http://mj12bot.com/)"
195.191.219.132 - - [02/Nov/2023:03:50:16 +0100] "GET /-p-16282.html HTTP/1.0" 200 76707 "-" "Mozilla/5.0 (compatible; MJ12bot/v1.4.8; http://mj12bot.com/)"
157.90.182.25 - - [02/Nov/2023:03:50:18 +0100] "GET /lotus-petal-atmospheric-pink-light-green-gold-trim-p-53736.html HTTP/1.0" 200 80063 "-" "Mozilla/5.0 (compatible; BLEXBot/1.0; +http://webmeup-crawler.com/)"
195.191.219.132 - - [02/Nov/2023:03:50:19 +0100] "GET /hello-kitty-tweed-brown-shoulder-camomilla-p-16282.html HTTP/1.0" 301 76774 "-" "Mozilla/5.0 (compatible; MJ12bot/v1.4.8; http://mj12bot.com/)"
195.191.219.132 - - [02/Nov/2023:03:50:22 +0100] "GET /-p-16282.html HTTP/1.0" 200 76707 "-" "Mozilla/5.0 (compatible; MJ12bot/v1.4.8; http://mj12bot.com/)"
157.90.182.25 - - [02/Nov/2023:03:50:24 +0100] "GET /louis-philippe-pink-liberty-cushion-p-16233.html HTTP/1.0" 200 80104 "-" "Mozilla/5.0 (compatible; BLEXBot/1.0; +http://webmeup-crawler.com/)"
195.191.219.132 - - [02/Nov/2023:03:50:25 +0100] "GET /hello-kitty-umbrella-p-20485.html HTTP/1.0" 200 76777 "-" "Mozilla/5.0 (compatible; MJ12bot/v1.4.8; http://mj12bot.com/)"
195.191.219.132 - - [02/Nov/2023:03:50:28 +0100] "GET /hello-kitty-umbrella-p-20486.html HTTP/1.0" 301 76774 "-" "Mozilla/5.0 (compatible; MJ12bot/v1.4.8; http://mj12bot.com/)"
195.191.219.132 - - [02/Nov/2023:03:50:31 +0100] "GET /-p-20486.html HTTP/1.0" 200 76707 "-" "Mozilla/5.0 (compatible; MJ12bot/v1.4.8; http://mj12bot.com/)"
157.90.182.25 - - [02/Nov/2023:03:50:30 +0100] "GET /louis-philippe-wallpaper-cushion-p-16234.html HTTP/1.0" 200 80096 "-" "Mozilla/5.0 (compatible; BLEXBot/1.0; +http://webmeup-crawler.com/)"
195.191.219.132 - - [02/Nov/2023:03:50:34 +0100] "GET /hello-kitty-victoria-couture-long-necklace-handbag-p-12281.html HTTP/1.0" 200 79314 "-" "Mozilla/5.0 (compatible; MJ12bot/v1.4.8; http://mj12bot.com/)"
157.90.182.25 - - [02/Nov/2023:03:50:36 +0100] "GET /love-calligraphy-compact-mirror-p-26197.html HTTP/1.0" 200 79272 "-" "Mozilla/5.0 (compatible; BLEXBot/1.0; +http://webmeup-crawler.com/)"
195.191.219.132 - - [02/Nov/2023:03:50:37 +0100] "GET /hello-kitty-victoria-couture-long-necklace-tour-eiffel-p-12282.html HTTP/1.0" 301 76774 "-" "Mozilla/5.0 (compatible; MJ12bot/v1.4.8; http://mj12bot.com/)"
195.191.219.132 - - [02/Nov/2023:03:50:39 +0100] "GET /-p-12282.html HTTP/1.0" 200 76707 "-" "Mozilla/5.0 (compatible; MJ12bot/v1.4.8; http://mj12bot.com/)"
157.90.182.25 - - [02/Nov/2023:03:50:42 +0100] "GET /love-kids-school-p-44923.html HTTP/1.0" 200 79285 "-" "Mozilla/5.0 (compatible; BLEXBot/1.0; +http://webmeup-crawler.com/)"
195.191.219.132 - - [02/Nov/2023:03:50:42 +0100] "GET /hello-kitty-white-vertical-bag-p-11013.html HTTP/1.0" 301 76774 "-" "Mozilla/5.0 (compatible; MJ12bot/v1.4.8; http://mj12bot.com/)"
195.191.219.132 - - [02/Nov/2023:03:50:45 +0100] "GET /-p-11013.html HTTP/1.0" 200 76707 "-" "Mozilla/5.0 (compatible; MJ12bot/v1.4.8; http://mj12bot.com/)"
195.191.219.132 - - [02/Nov/2023:03:50:48 +0100] "GET /hello-kitty-white-vertical-p-11013.html HTTP/1.0" 301 76774 "-" "Mozilla/5.0 (compatible; MJ12bot/v1.4.8; http://mj12bot.com/)"
157.90.182.25 - - [02/Nov/2023:03:50:49 +0100] "GET /love-london-rectangular-mirror-p-29008.html HTTP/1.0" 200 79106 "-" "Mozilla/5.0 (compatible; BLEXBot/1.0; +http://webmeup-crawler.com/)"
195.191.219.132 - - [02/Nov/2023:03:50:51 +0100] "GET /-p-11013.html HTTP/1.0" 200 76707 "-" "Mozilla/5.0 (compatible; MJ12bot/v1.4.8; http://mj12bot.com/)"
195.191.219.132 - - [02/Nov/2023:03:50:54 +0100] "GET /hello-trapeze-bag-chocolate-houndstooth-by-camomilla-p-16295.html HTTP/1.0" 301 76774 "-" "Mozilla/5.0 (compatible; MJ12bot/v1.4.8; http://mj12bot.com/)"
157.90.182.25 - - [02/Nov/2023:03:50:54 +0100] "GET /love-paris-little-tray-p-39731.html HTTP/1.0" 200 79206 "-" "Mozilla/5.0 (compatible; BLEXBot/1.0; +http://webmeup-crawler.com/)"
195.191.219.132 - - [02/Nov/2023:03:50:57 +0100] "GET /-p-16295.html HTTP/1.0" 200 76707 "-" "Mozilla/5.0 (compatible; MJ12bot/v1.4.8; http://mj12bot.com/)"
195.191.219.132 - - [02/Nov/2023:03:51:00 +0100] "GET /hello-trapeze-chocolate-houndstooth-camomilla-p-16295.html HTTP/1.0" 301 76774 "-" "Mozilla/5.0 (compatible; MJ12bot/v1.4.8; http://mj12bot.com/)"
157.90.182.25 - - [02/Nov/2023:03:51:00 +0100] "GET /love-peace-black-shirt-p-30149.html HTTP/1.0" 200 80282 "-" "Mozilla/5.0 (compatible; BLEXBot/1.0; +http://webmeup-crawler.com/)"
195.191.219.132 - - [02/Nov/2023:03:51:03 +0100] "GET /-p-16295.html HTTP/1.0" 200 76707 "-" "Mozilla/5.0 (compatible; MJ12bot/v1.4.8; http://mj12bot.com/)"
195.191.219.132 - - [02/Nov/2023:03:51:06 +0100] "GET /hens-saltshaker-and-pepper-pot-p-37863.html HTTP/1.0" 301 79213 "-" "Mozilla/5.0 (compatible; MJ12bot/v1.4.8; http://mj12bot.com/)"
157.90.182.25 - - [02/Nov/2023:03:51:06 +0100] "GET /love-peace-grey-shirt-p-30147.html HTTP/1.0" 200 80542 "-" "Mozilla/5.0 (compatible; BLEXBot/1.0; +http://webmeup-crawler.com/)"
195.191.219.132 - - [02/Nov/2023:03:51:09 +0100] "GET /hens-saltshaker-pepper-p-37863.html HTTP/1.0" 200 79124 "-" "Mozilla/5.0 (compatible; MJ12bot/v1.4.8; http://mj12bot.com/)"
157.90.182.25 - - [02/Nov/2023:03:51:12 +0100] "GET /love-peace-pink-portfolio-p-8763.html HTTP/1.0" 200 79358 "-" "Mozilla/5.0 (compatible; BLEXBot/1.0; +http://webmeup-crawler.com/)"
195.191.219.132 - - [02/Nov/2023:03:51:12 +0100] "GET /hens-saltshaker-pepper-p-37863.html HTTP/1.0" 200 79124 "-" "Mozilla/5.0 (compatible; MJ12bot/v1.4.8; http://mj12bot.com/)"
195.191.219.132 - - [02/Nov/2023:03:51:15 +0100] "GET /heron-statue-54-cm-p-41847.html HTTP/1.0" 301 76836 "-" "Mozilla/5.0 (compatible; MJ12bot/v1.4.8; http://mj12bot.com/)"
195.191.219.132 - - [02/Nov/2023:03:51:17 +0100] "GET /heron-statue-p-41847.html HTTP/1.0" 200 76757 "-" "Mozilla/5.0 (compatible; MJ12bot/v1.4.8; http://mj12bot.com/)"
157.90.182.25 - - [02/Nov/2023:03:51:19 +0100] "GET /love-peace-pink-shirt-p-30150.html HTTP/1.0" 200 80540 "-" "Mozilla/5.0 (compatible; BLEXBot/1.0; +http://webmeup-crawler.com/)"
195.191.219.132 - - [02/Nov/2023:03:51:20 +0100] "GET /heron-statue-p-41847.html HTTP/1.0" 200 76757 "-" "Mozilla/5.0 (compatible; MJ12bot/v1.4.8; http://mj12bot.com/)"
195.191.219.132 - - [02/Nov/2023:03:51:23 +0100] "GET /himalayan-mini-mood-salt-lamp-cube-white-p-44371.html HTTP/1.0" 301 76774 "-" "Mozilla/5.0 (compatible; MJ12bot/v1.4.8; http://mj12bot.com/)"
157.90.182.25 - - [02/Nov/2023:03:51:24 +0100] "GET /love-peace-purple-shirt-p-30152.html HTTP/1.0" 200 80836 "-" "Mozilla/5.0 (compatible; BLEXBot/1.0; +http://webmeup-crawler.com/)"
195.191.219.132 - - [02/Nov/2023:03:51:26 +0100] "GET /-p-44371.html HTTP/1.0" 200 76707 "-" "Mozilla/5.0 (compatible; MJ12bot/v1.4.8; http://mj12bot.com/)"
195.191.219.132 - - [02/Nov/2023:03:51:29 +0100] "GET /home-and-decoration/clocks/horse-glass-clock-p-28109.html HTTP/1.0" 301 76774 "-" "Mozilla/5.0 (compatible; MJ12bot/v1.4.8; http://mj12bot.com/)"
195.191.219.132 - - [02/Nov/2023:03:51:32 +0100] "GET /-p-28109.html HTTP/1.0" 200 76707 "-" "Mozilla/5.0 (compatible; MJ12bot/v1.4.8; http://mj12bot.com/)"
157.90.182.25 - - [02/Nov/2023:03:51:32 +0100] "GET /love-personalized-p-17672.html HTTP/1.0" 200 79529 "-" "Mozilla/5.0 (compatible; BLEXBot/1.0; +http://webmeup-crawler.com/)"
54.36.148.250 - - [02/Nov/2023:03:51:34 +0100] "GET /orange-butterfly-black-shirt-cbkreation-p-30119.html HTTP/1.0" 200 80209 "-" "Mozilla/5.0 (compatible; AhrefsBot/7.0; +http://ahrefs.com/robot/)"
195.191.219.132 - - [02/Nov/2023:03:51:35 +0100] "GET /home-and-decoration/clocks/zodiacal-clock-cbk-p-28581.html HTTP/1.0" 301 79163 "-" "Mozilla/5.0 (compatible; MJ12bot/v1.4.8; http://mj12bot.com/)"
66.249.66.207 - - [02/Nov/2023:03:51:35 +0100] "GET /daisy-candy-cloud-keychain-p-49762.html HTTP/1.0" 200 79093 "-" "Mozilla/5.0 (compatible; Googlebot/2.1; +http://www.google.com/bot.html)"
157.90.182.25 - - [02/Nov/2023:03:51:37 +0100] "GET /love-personnalized-black-shell-galaxy-note-p-17687.html HTTP/1.0" 200 79697 "-" "Mozilla/5.0 (compatible; BLEXBot/1.0; +http://webmeup-crawler.com/)"
195.191.219.132 - - [02/Nov/2023:03:51:37 +0100] "GET /zodiacal-clock-cbkreation-p-28581.html HTTP/1.0" 200 79071 "-" "Mozilla/5.0 (compatible; MJ12bot/v1.4.8; http://mj12bot.com/)"
195.191.219.132 - - [02/Nov/2023:03:51:40 +0100] "GET /home-and-decoration/collectible-figurines-and-decorative/kimmidoll-tatsuyo-figurine-p-25973.html HTTP/1.0" 301 76774 "-" "Mozilla/5.0 (compatible; MJ12bot/v1.4.8; http://mj12bot.com/)"
195.191.219.132 - - [02/Nov/2023:03:51:43 +0100] "GET /-p-25973.html HTTP/1.0" 200 76707 "-" "Mozilla/5.0 (compatible; MJ12bot/v1.4.8; http://mj12bot.com/)"
157.90.182.25 - - [02/Nov/2023:03:51:43 +0100] "GET /love-personnalized-black-shell-samsung-p-17689.html HTTP/1.0" 200 79767 "-" "Mozilla/5.0 (compatible; BLEXBot/1.0; +http://webmeup-crawler.com/)"
195.191.219.132 - - [02/Nov/2023:03:51:46 +0100] "GET /home-and-decoration/decorations/italia-small-oddments-p-25933.html HTTP/1.0" 301 79208 "-" "Mozilla/5.0 (compatible; MJ12bot/v1.4.8; http://mj12bot.com/)"
195.191.219.132 - - [02/Nov/2023:03:51:49 +0100] "GET /italia-small-oddments-p-25933.html HTTP/1.0" 200 79120 "-" "Mozilla/5.0 (compatible; MJ12bot/v1.4.8; http://mj12bot.com/)"
195.191.219.132 - - [02/Nov/2023:03:51:52 +0100] "GET /horse-bedside-lamp-p-23210.html HTTP/1.0" 301 76774 "-" "Mozilla/5.0 (compatible; MJ12bot/v1.4.8; http://mj12bot.com/)"
157.90.182.25 - - [02/Nov/2023:03:51:53 +0100] "GET /love-personnalized-ipad-black-shell-p-17683.html HTTP/1.0" 200 79714 "-" "Mozilla/5.0 (compatible; BLEXBot/1.0; +http://webmeup-crawler.com/)"
195.191.219.132 - - [02/Nov/2023:03:51:55 +0100] "GET /-p-23210.html HTTP/1.0" 200 76707 "-" "Mozilla/5.0 (compatible; MJ12bot/v1.4.8; http://mj12bot.com/)"
195.191.219.132 - - [02/Nov/2023:03:51:57 +0100] "GET /horse-canvas-frame-p-31835.html HTTP/1.0" 301 76774 "-" "Mozilla/5.0 (compatible; MJ12bot/v1.4.8; http://mj12bot.com/)"
157.90.182.25 - - [02/Nov/2023:03:51:59 +0100] "GET /love-personnalized-ipad-pink-shell-p-17685.html HTTP/1.0" 200 79705 "-" "Mozilla/5.0 (compatible; BLEXBot/1.0; +http://webmeup-crawler.com/)"
66.249.66.206 - - [02/Nov/2023:03:52:00 +0100] "GET /little-prince-money-p-45848.html HTTP/1.0" 200 76789 "-" "Mozilla/5.0 (compatible; Googlebot/2.1; +http://www.google.com/bot.html)"
195.191.219.132 - - [02/Nov/2023:03:52:01 +0100] "GET /-p-31835.html HTTP/1.0" 200 76707 "-" "Mozilla/5.0 (compatible; MJ12bot/v1.4.8; http://mj12bot.com/)"
195.191.219.132 - - [02/Nov/2023:03:52:03 +0100] "GET /horse-dream-ballpoint-pen-p-19481.html HTTP/1.0" 301 76774 "-" "Mozilla/5.0 (compatible; MJ12bot/v1.4.8; http://mj12bot.com/)"
157.90.182.25 - - [02/Nov/2023:03:52:05 +0100] "GET /love-personnalized-ipad-white-shell-p-17684.html HTTP/1.0" 200 79714 "-" "Mozilla/5.0 (compatible; BLEXBot/1.0; +http://webmeup-crawler.com/)"
195.191.219.132 - - [02/Nov/2023:03:52:06 +0100] "GET /-p-19481.html HTTP/1.0" 200 76707 "-" "Mozilla/5.0 (compatible; MJ12bot/v1.4.8; http://mj12bot.com/)"
180.168.35.125 - - [02/Nov/2023:03:52:10 +0100] "GET /images/mini_prod/8719075391372a.jpg HTTP/1.0" 200 270 "-" "Mozilla/5.0 (X11; Ubuntu; Linux x86_64; rv:72.0) Gecko/20100101 Firefox/72.0"
195.191.219.132 - - [02/Nov/2023:03:52:09 +0100] "GET /horse-glass-clock-p-28109.html HTTP/1.0" 301 76774 "-" "Mozilla/5.0 (compatible; MJ12bot/v1.4.8; http://mj12bot.com/)"
157.90.182.25 - - [02/Nov/2023:03:52:10 +0100] "GET /love-personnalized-iphone-shell-p-17686.html HTTP/1.0" 200 79718 "-" "Mozilla/5.0 (compatible; BLEXBot/1.0; +http://webmeup-crawler.com/)"
195.191.219.132 - - [02/Nov/2023:03:52:12 +0100] "GET /-p-28109.html HTTP/1.0" 200 76707 "-" "Mozilla/5.0 (compatible; MJ12bot/v1.4.8; http://mj12bot.com/)"
195.191.219.132 - - [02/Nov/2023:03:52:14 +0100] "GET /horse-photo-frame-p-26648.html HTTP/1.0" 301 76774 "-" "Mozilla/5.0 (compatible; MJ12bot/v1.4.8; http://mj12bot.com/)"
