195.191.219.132 - - [02/Nov/2023:04:00:43 +0100] "GET /school-gorjuss-sugar-spice-agenda-year-2017-2018-p-39785.html HTTP/1.0" 200 79565 "-" "Mozilla/5.0 (compatible; MJ12bot/v1.4.8; http://mj12bot.com/)"
195.191.219.132 - - [02/Nov/2023:04:00:46 +0100] "GET /school-gorjuss-sugar-spice-agenda-year-2017-2018-p-39785.html HTTP/1.0" 200 79565 "-" "Mozilla/5.0 (compatible; MJ12bot/v1.4.8; http://mj12bot.com/)"
157.90.182.25 - - [02/Nov/2023:04:00:46 +0100] "GET /marie-heart-mini-figurine-p-58347.html HTTP/1.0" 200 80235 "-" "Mozilla/5.0 (compatible; BLEXBot/1.0; +http://webmeup-crawler.com/)"
195.191.219.132 - - [02/Nov/2023:04:00:49 +0100] "GET /school-gorjuss-you-brought-me-love-agenda-year-2017-2018-p-39784.html HTTP/1.0" 301 76774 "-" "Mozilla/5.0 (compatible; MJ12bot/v1.4.8; http://mj12bot.com/)"
173.252.83.12 - - [02/Nov/2023:04:00:51 +0100] "GET /images/big_prod/5400924227999A.jpg HTTP/1.0" 200 269 "-" "facebookexternalhit/1.1 (+http://www.facebook.com/externalhit_uatext.php)"
195.191.219.132 - - [02/Nov/2023:04:00:51 +0100] "GET /-p-39784.html HTTP/1.0" 200 76707 "-" "Mozilla/5.0 (compatible; MJ12bot/v1.4.8; http://mj12bot.com/)"
157.90.182.25 - - [02/Nov/2023:04:00:52 +0100] "GET /marilyn-monroe-computer-p-5787.html HTTP/1.0" 200 79268 "-" "Mozilla/5.0 (compatible; BLEXBot/1.0; +http://webmeup-crawler.com/)"
195.191.219.132 - - [02/Nov/2023:04:00:54 +0100] "GET /schoolbag-caramel-and-cie-blue-rabbits-p-48772.html HTTP/1.0" 301 76774 "-" "Mozilla/5.0 (compatible; MJ12bot/v1.4.8; http://mj12bot.com/)"
195.191.219.132 - - [02/Nov/2023:04:00:57 +0100] "GET /-p-48772.html HTTP/1.0" 200 76707 "-" "Mozilla/5.0 (compatible; MJ12bot/v1.4.8; http://mj12bot.com/)"
157.90.182.25 - - [02/Nov/2023:04:00:58 +0100] "GET /marilyn-monroe-little-storage-p-5115.html HTTP/1.0" 200 80130 "-" "Mozilla/5.0 (compatible; BLEXBot/1.0; +http://webmeup-crawler.com/)"
195.191.219.132 - - [02/Nov/2023:04:01:00 +0100] "GET /schoolbag-caramel-blue-rabbits-p-48772.html HTTP/1.0" 301 76774 "-" "Mozilla/5.0 (compatible; MJ12bot/v1.4.8; http://mj12bot.com/)"
195.191.219.132 - - [02/Nov/2023:04:01:02 +0100] "GET /-p-48772.html HTTP/1.0" 200 76707 "-" "Mozilla/5.0 (compatible; MJ12bot/v1.4.8; http://mj12bot.com/)"
157.90.182.25 - - [02/Nov/2023:04:01:03 +0100] "GET /marilyn-monroe-rectangular-mirror-p-7145.html HTTP/1.0" 200 79120 "-" "Mozilla/5.0 (compatible; BLEXBot/1.0; +http://webmeup-crawler.com/)"
195.191.219.132 - - [02/Nov/2023:04:01:05 +0100] "GET /wick-ellipse-candle-heart-home-home-christmas-p-58933.html HTTP/1.0" 200 80749 "-" "Mozilla/5.0 (compatible; MJ12bot/v1.4.8; http://mj12bot.com/)"
195.191.219.132 - - [02/Nov/2023:04:01:08 +0100] "GET /wick-ellipse-candle-heart-home-morning-sunrise-p-58944.html HTTP/1.0" 200 80704 "-" "Mozilla/5.0 (compatible; MJ12bot/v1.4.8; http://mj12bot.com/)"
157.90.182.25 - - [02/Nov/2023:04:01:09 +0100] "GET /marilyn-monroe-strass-shirt-p-30155.html HTTP/1.0" 200 79525 "-" "Mozilla/5.0 (compatible; BLEXBot/1.0; +http://webmeup-crawler.com/)"
173.252.83.119 - - [02/Nov/2023:04:01:15 +0100] "GET /images/big_prod/3574642017131.jpg HTTP/1.0" 200 268 "-" "facebookexternalhit/1.1 (+http://www.facebook.com/externalhit_uatext.php)"
157.90.182.25 - - [02/Nov/2023:04:01:15 +0100] "GET /marilyn-monroe-towel-p-39106.html HTTP/1.0" 200 79144 "-" "Mozilla/5.0 (compatible; BLEXBot/1.0; +http://webmeup-crawler.com/)"
173.252.83.12 - - [02/Nov/2023:04:01:19 +0100] "GET /images/mini_prod/3660173175010.jpg HTTP/1.0" 200 269 "-" "facebookexternalhit/1.1 (+http://www.facebook.com/externalhit_uatext.php)"
157.90.182.25 - - [02/Nov/2023:04:01:20 +0100] "GET /marilyn-monroe-white-long-sleeve-shirt-p-30156.html HTTP/1.0" 200 80636 "-" "Mozilla/5.0 (compatible; BLEXBot/1.0; +http://webmeup-crawler.com/)"
157.90.182.25 - - [02/Nov/2023:04:01:26 +0100] "GET /mario-vintage-shirt-p-29610.html HTTP/1.0" 200 80181 "-" "Mozilla/5.0 (compatible; BLEXBot/1.0; +http://webmeup-crawler.com/)"
101.198.192.11 - - [02/Nov/2023:04:01:32 +0100] "GET /images/mini_prod/5051276212487.jpg HTTP/1.0" 200 269 "-" "Mozilla/5.0 (X11; Ubuntu; Linux x86_64; rv:72.0) Gecko/20100101 Firefox/72.0"
157.90.182.25 - - [02/Nov/2023:04:01:31 +0100] "GET /marley-computer-model-p-21337.html HTTP/1.0" 200 79346 "-" "Mozilla/5.0 (compatible; BLEXBot/1.0; +http://webmeup-crawler.com/)"
47.128.37.75 - - [02/Nov/2023:04:01:32 +0100] "GET /melt-pearl-bouquet-p-42633.html HTTP/1.0" 200 79766 "-" "Mozilla/5.0 (Linux; Android 5.0) AppleWebKit/537.36 (KHTML, like Gecko) Mobile Safari/537.36 (compatible; Bytespider; spider-feedback@bytedance.com)"
47.128.37.75 - - [02/Nov/2023:04:01:33 +0100] "GET /swfobject.js HTTP/1.0" 404 1308 "http://www.wonder-geek.com/melt-pearl-bouquet-p-42633.html" "Mozilla/5.0 (Linux; Android 5.0) AppleWebKit/537.36 (KHTML, like Gecko) Mobile Safari/537.36 (compatible; Bytespider; spider-feedback@bytedance.com)"
47.128.37.75 - - [02/Nov/2023:04:01:35 +0100] "GET /highslide/graphics/outlines/drop-shadow.png HTTP/1.0" 200 277 "http://www.wonder-geek.com/melt-pearl-bouquet-p-42633.html" "Mozilla/5.0 (Linux; Android 5.0) AppleWebKit/537.36 (KHTML, like Gecko) Mobile Safari/537.36 (compatible; Bytespider; spider-feedback@bytedance.com)"
47.128.37.75 - - [02/Nov/2023:04:01:35 +0100] "GET /highslide/graphics/zoomout.cur HTTP/1.0" 200 614 "http://www.wonder-geek.com/melt-pearl-bouquet-p-42633.html" "Mozilla/5.0 (Linux; Android 5.0) AppleWebKit/537.36 (KHTML, like Gecko) Mobile Safari/537.36 (compatible; Bytespider; spider-feedback@bytedance.com)"
47.128.37.75 - - [02/Nov/2023:04:01:35 +0100] "GET /images/big_prod/5051276271866.jpg HTTP/1.0" 200 268 "http://www.wonder-geek.com/melt-pearl-bouquet-p-42633.html" "Mozilla/5.0 (Linux; Android 5.0) AppleWebKit/537.36 (KHTML, like Gecko) Mobile Safari/537.36 (compatible; Bytespider; spider-feedback@bytedance.com)"
157.90.182.25 - - [02/Nov/2023:04:01:39 +0100] "GET /marley-computer-model-p-24150.html HTTP/1.0" 200 79355 "-" "Mozilla/5.0 (compatible; BLEXBot/1.0; +http://webmeup-crawler.com/)"
157.90.182.25 - - [02/Nov/2023:04:01:45 +0100] "GET /marley-green-alarm-clock-p-14115.html HTTP/1.0" 200 79761 "-" "Mozilla/5.0 (compatible; BLEXBot/1.0; +http://webmeup-crawler.com/)"
157.90.182.25 - - [02/Nov/2023:04:01:49 +0100] "GET /marley-green-alarm-clock-p-14117.html HTTP/1.0" 200 79744 "-" "Mozilla/5.0 (compatible; BLEXBot/1.0; +http://webmeup-crawler.com/)"
157.90.182.25 - - [02/Nov/2023:04:01:54 +0100] "GET /marley-mirror-p-7142.html HTTP/1.0" 200 78956 "-" "Mozilla/5.0 (compatible; BLEXBot/1.0; +http://webmeup-crawler.com/)"
157.90.182.25 - - [02/Nov/2023:04:02:01 +0100] "GET /marley-pencil-p-5062.html HTTP/1.0" 200 79011 "-" "Mozilla/5.0 (compatible; BLEXBot/1.0; +http://webmeup-crawler.com/)"
173.252.83.120 - - [02/Nov/2023:04:02:09 +0100] "GET /images/mini_prod/3700653507952.jpg HTTP/1.0" 200 269 "-" "facebookexternalhit/1.1 (+http://www.facebook.com/externalhit_uatext.php)"
157.90.182.25 - - [02/Nov/2023:04:02:07 +0100] "GET /marley-pencil-p-5064.html HTTP/1.0" 200 79116 "-" "Mozilla/5.0 (compatible; BLEXBot/1.0; +http://webmeup-crawler.com/)"
54.36.149.15 - - [02/Nov/2023:04:02:10 +0100] "GET /green-kitchen-towel-p-44419.html HTTP/1.0" 200 79068 "-" "Mozilla/5.0 (compatible; AhrefsBot/7.0; +http://ahrefs.com/robot/)"
54.36.148.19 - - [02/Nov/2023:04:02:13 +0100] "GET /images/big_prod/3574642577703.jpg HTTP/1.0" 200 268 "-" "Mozilla/5.0 (compatible; AhrefsBot/7.0; +http://ahrefs.com/robot/)"
157.90.182.25 - - [02/Nov/2023:04:02:12 +0100] "GET /marley-pencil-p-5065.html HTTP/1.0" 200 79017 "-" "Mozilla/5.0 (compatible; BLEXBot/1.0; +http://webmeup-crawler.com/)"
157.90.182.25 - - [02/Nov/2023:04:02:18 +0100] "GET /marley-yellow-alarm-clock-p-14119.html HTTP/1.0" 200 79155 "-" "Mozilla/5.0 (compatible; BLEXBot/1.0; +http://webmeup-crawler.com/)"
157.90.182.25 - - [02/Nov/2023:04:02:24 +0100] "GET /marley-young-mirror-p-19673.html HTTP/1.0" 200 78989 "-" "Mozilla/5.0 (compatible; BLEXBot/1.0; +http://webmeup-crawler.com/)"
157.90.182.25 - - [02/Nov/2023:04:02:31 +0100] "GET /marley-zippo-lighter-p-29779.html HTTP/1.0" 200 79522 "-" "Mozilla/5.0 (compatible; BLEXBot/1.0; +http://webmeup-crawler.com/)"
157.90.182.25 - - [02/Nov/2023:04:02:38 +0100] "GET /marmot-dish-cake-p-45125.html HTTP/1.0" 200 79013 "-" "Mozilla/5.0 (compatible; BLEXBot/1.0; +http://webmeup-crawler.com/)"
44.211.222.156 - - [02/Nov/2023:04:02:42 +0100] "GET /images/mini_prod/5036278052187.jpg HTTP/1.0" 200 269 "-" "Mozilla/5.0 (X11; Ubuntu; Linux x86_64; rv:72.0) Gecko/20100101 Firefox/72.0"
157.90.182.25 - - [02/Nov/2023:04:02:44 +0100] "GET /marseillaise-expressions-white-women-shirt-p-35575.html HTTP/1.0" 200 81149 "-" "Mozilla/5.0 (compatible; BLEXBot/1.0; +http://webmeup-crawler.com/)"
157.90.182.25 - - [02/Nov/2023:04:02:50 +0100] "GET /marseillaises-expressions-white-women-shirt-p-35574.html HTTP/1.0" 200 81157 "-" "Mozilla/5.0 (compatible; BLEXBot/1.0; +http://webmeup-crawler.com/)"
157.90.182.25 - - [02/Nov/2023:04:02:55 +0100] "GET /marseille-cookware-cbkreation-p-31258.html HTTP/1.0" 200 79145 "-" "Mozilla/5.0 (compatible; BLEXBot/1.0; +http://webmeup-crawler.com/)"
157.90.182.25 - - [02/Nov/2023:04:03:01 +0100] "GET /marseille-mobile-sock-p-14944.html HTTP/1.0" 200 79198 "-" "Mozilla/5.0 (compatible; BLEXBot/1.0; +http://webmeup-crawler.com/)"
157.90.182.25 - - [02/Nov/2023:04:03:07 +0100] "GET /marseille-money-p-42894.html HTTP/1.0" 200 79041 "-" "Mozilla/5.0 (compatible; BLEXBot/1.0; +http://webmeup-crawler.com/)"
157.90.182.25 - - [02/Nov/2023:04:03:12 +0100] "GET /marseille-p-14931.html HTTP/1.0" 200 79806 "-" "Mozilla/5.0 (compatible; BLEXBot/1.0; +http://webmeup-crawler.com/)"
157.90.182.25 - - [02/Nov/2023:04:03:18 +0100] "GET /marseille-pill-p-52008.html HTTP/1.0" 200 79749 "-" "Mozilla/5.0 (compatible; BLEXBot/1.0; +http://webmeup-crawler.com/)"
157.90.182.25 - - [02/Nov/2023:04:03:25 +0100] "GET /marseille-saltshaker-pepper-p-22215.html HTTP/1.0" 200 79982 "-" "Mozilla/5.0 (compatible; BLEXBot/1.0; +http://webmeup-crawler.com/)"
173.252.83.5 - - [02/Nov/2023:04:03:32 +0100] "GET /images/mini_prod/8712159178630.jpg HTTP/1.0" 200 269 "-" "facebookexternalhit/1.1 (+http://www.facebook.com/externalhit_uatext.php)"
157.90.182.25 - - [02/Nov/2023:04:03:31 +0100] "GET /marseille-saltshaker-pepper-p-61036.html HTTP/1.0" 200 79982 "-" "Mozilla/5.0 (compatible; BLEXBot/1.0; +http://webmeup-crawler.com/)"
8.218.254.250 - - [02/Nov/2023:04:03:35 +0100] "GET /images/big_prod/3014627830404.jpg HTTP/1.0" 200 268 "-" "Mozilla/5.0 (X11; Ubuntu; Linux x86_64; rv:72.0) Gecko/20100101 Firefox/72.0"
157.90.182.25 - - [02/Nov/2023:04:03:37 +0100] "GET /marseille-soap-soap-dish-p-34848.html HTTP/1.0" 200 79103 "-" "Mozilla/5.0 (compatible; BLEXBot/1.0; +http://webmeup-crawler.com/)"
157.90.182.25 - - [02/Nov/2023:04:03:44 +0100] "GET /marseille-soap-soap-p-40114.html HTTP/1.0" 200 79371 "-" "Mozilla/5.0 (compatible; BLEXBot/1.0; +http://webmeup-crawler.com/)"
157.90.182.25 - - [02/Nov/2023:04:03:50 +0100] "GET /marseille-soap-soap-p-40115.html HTTP/1.0" 200 79371 "-" "Mozilla/5.0 (compatible; BLEXBot/1.0; +http://webmeup-crawler.com/)"
157.90.182.25 - - [02/Nov/2023:04:03:55 +0100] "GET /marseille-stainless-steel-bottle-opener-p-60650.html HTTP/1.0" 200 79201 "-" "Mozilla/5.0 (compatible; BLEXBot/1.0; +http://webmeup-crawler.com/)"
157.90.182.25 - - [02/Nov/2023:04:04:01 +0100] "GET /marseille-toothpick-display-p-58265.html HTTP/1.0" 200 79114 "-" "Mozilla/5.0 (compatible; BLEXBot/1.0; +http://webmeup-crawler.com/)"
54.36.148.38 - - [02/Nov/2023:04:04:04 +0100] "GET /travel-documents-set-cb-passport-and-boarding-pass-p-47344.html HTTP/1.0" 301 80202 "-" "Mozilla/5.0 (compatible; AhrefsBot/7.0; +http://ahrefs.com/robot/)"
157.90.182.25 - - [02/Nov/2023:04:04:07 +0100] "GET /marshmallow-chain-pendant-p-49971.html HTTP/1.0" 200 79316 "-" "Mozilla/5.0 (compatible; BLEXBot/1.0; +http://webmeup-crawler.com/)"
157.90.182.25 - - [02/Nov/2023:04:04:13 +0100] "GET /masha-bear-magnetic-board-p-32474.html HTTP/1.0" 200 79305 "-" "Mozilla/5.0 (compatible; BLEXBot/1.0; +http://webmeup-crawler.com/)"
169.233.1.13 - - [02/Nov/2023:04:04:20 +0100] "GET /images/mini_prod/1384010202036.jpg HTTP/1.0" 200 269 "-" "Mozilla/5.0 (X11; Ubuntu; Linux x86_64; rv:72.0) Gecko/20100101 Firefox/72.0"
157.90.182.25 - - [02/Nov/2023:04:04:19 +0100] "GET /maurice-bookend-black-resin-p-59177.html HTTP/1.0" 200 80034 "-" "Mozilla/5.0 (compatible; BLEXBot/1.0; +http://webmeup-crawler.com/)"
157.90.182.25 - - [02/Nov/2023:04:04:26 +0100] "GET /maurice-bookend-white-resin-p-59176.html HTTP/1.0" 200 79807 "-" "Mozilla/5.0 (compatible; BLEXBot/1.0; +http://webmeup-crawler.com/)"
157.90.182.25 - - [02/Nov/2023:04:04:31 +0100] "GET /maxi-marbles-cheetah-p-27837.html HTTP/1.0" 200 79208 "-" "Mozilla/5.0 (compatible; BLEXBot/1.0; +http://webmeup-crawler.com/)"
157.90.182.25 - - [02/Nov/2023:04:04:38 +0100] "GET /maya-bees-suitcase-lunch-p-14417.html HTTP/1.0" 200 79429 "-" "Mozilla/5.0 (compatible; BLEXBot/1.0; +http://webmeup-crawler.com/)"
173.252.83.6 - - [02/Nov/2023:04:04:44 +0100] "GET /images/mini_prod/1384010179949.jpg HTTP/1.0" 404 1308 "-" "facebookexternalhit/1.1 (+http://www.facebook.com/externalhit_uatext.php)"
52.167.144.161 - - [02/Nov/2023:04:04:44 +0100] "GET /backpacks-c-31_77.html?page=3 HTTP/1.0" 200 99761 "-" "Mozilla/5.0 AppleWebKit/537.36 (KHTML, like Gecko; compatible; bingbot/2.0; +http://www.bing.com/bingbot.htm) Chrome/103.0.5060.134 Safari/537.36"
157.90.182.25 - - [02/Nov/2023:04:04:45 +0100] "GET /mcstruffins-wastebasket-p-27777.html HTTP/1.0" 200 79113 "-" "Mozilla/5.0 (compatible; BLEXBot/1.0; +http://webmeup-crawler.com/)"
157.90.182.25 - - [02/Nov/2023:04:04:51 +0100] "GET /mcstuffins-poster-p-30882.html HTTP/1.0" 200 79049 "-" "Mozilla/5.0 (compatible; BLEXBot/1.0; +http://webmeup-crawler.com/)"
157.90.182.25 - - [02/Nov/2023:04:04:56 +0100] "GET /mditation-lotus-black-p-46539.html HTTP/1.0" 200 80719 "-" "Mozilla/5.0 (compatible; BLEXBot/1.0; +http://webmeup-crawler.com/)"
157.90.182.25 - - [02/Nov/2023:04:05:01 +0100] "GET /mdite-p-49538.html HTTP/1.0" 200 78933 "-" "Mozilla/5.0 (compatible; BLEXBot/1.0; +http://webmeup-crawler.com/)"
157.90.182.25 - - [02/Nov/2023:04:05:06 +0100] "GET /medal-honor-calm-tier-poster-p-15753.html HTTP/1.0" 200 79185 "-" "Mozilla/5.0 (compatible; BLEXBot/1.0; +http://webmeup-crawler.com/)"
157.90.182.25 - - [02/Nov/2023:04:05:11 +0100] "GET /meditation-cushion-black-organic-cotton-p-47257.html HTTP/1.0" 200 80915 "-" "Mozilla/5.0 (compatible; BLEXBot/1.0; +http://webmeup-crawler.com/)"
157.90.182.25 - - [02/Nov/2023:04:05:15 +0100] "GET /meditation-cushion-chakra-indigo-p-45370.html HTTP/1.0" 200 81167 "-" "Mozilla/5.0 (compatible; BLEXBot/1.0; +http://webmeup-crawler.com/)"
157.90.182.25 - - [02/Nov/2023:04:05:24 +0100] "GET /meditation-cushion-chakra-vishudda-blue-p-45369.html HTTP/1.0" 200 81154 "-" "Mozilla/5.0 (compatible; BLEXBot/1.0; +http://webmeup-crawler.com/)"
157.90.182.25 - - [02/Nov/2023:04:05:30 +0100] "GET /meditation-cushion-organic-cotton-flower-life-p-57154.html HTTP/1.0" 200 81231 "-" "Mozilla/5.0 (compatible; BLEXBot/1.0; +http://webmeup-crawler.com/)"
157.90.182.25 - - [02/Nov/2023:04:05:36 +0100] "GET /meditation-cushion-organic-cotton-goldcoloured-embroidered-p-57153.html HTTP/1.0" 200 81397 "-" "Mozilla/5.0 (compatible; BLEXBot/1.0; +http://webmeup-crawler.com/)"
157.90.182.25 - - [02/Nov/2023:04:05:41 +0100] "GET /meditation-cushion-organic-cotton-moon-phases-p-57152.html HTTP/1.0" 200 81187 "-" "Mozilla/5.0 (compatible; BLEXBot/1.0; +http://webmeup-crawler.com/)"
157.90.182.25 - - [02/Nov/2023:04:05:46 +0100] "GET /meditation-cushion-organic-cotton-p-51650.html HTTP/1.0" 200 80887 "-" "Mozilla/5.0 (compatible; BLEXBot/1.0; +http://webmeup-crawler.com/)"
54.36.148.0 - - [02/Nov/2023:04:05:47 +0100] "GET /white-fitted-sheet-p-27506.html HTTP/1.0" 200 78994 "-" "Mozilla/5.0 (compatible; AhrefsBot/7.0; +http://ahrefs.com/robot/)"
157.90.182.25 - - [02/Nov/2023:04:05:53 +0100] "GET /meditation-cushion-organic-cotton-p-52924.html HTTP/1.0" 200 80824 "-" "Mozilla/5.0 (compatible; BLEXBot/1.0; +http://webmeup-crawler.com/)"
157.90.182.25 - - [02/Nov/2023:04:05:59 +0100] "GET /meditation-cushion-organic-cotton-p-57756.html HTTP/1.0" 200 80822 "-" "Mozilla/5.0 (compatible; BLEXBot/1.0; +http://webmeup-crawler.com/)"
157.90.182.25 - - [02/Nov/2023:04:06:04 +0100] "GET /meditation-cushion-organic-cotton-p-58176.html HTTP/1.0" 200 81039 "-" "Mozilla/5.0 (compatible; BLEXBot/1.0; +http://webmeup-crawler.com/)"
157.90.182.25 - - [02/Nov/2023:04:06:09 +0100] "GET /meditation-cushion-organic-cotton-p-60560.html HTTP/1.0" 200 80822 "-" "Mozilla/5.0 (compatible; BLEXBot/1.0; +http://webmeup-crawler.com/)"
157.90.182.25 - - [02/Nov/2023:04:06:15 +0100] "GET /medusa-glass-paperweight-p-52720.html HTTP/1.0" 200 79115 "-" "Mozilla/5.0 (compatible; BLEXBot/1.0; +http://webmeup-crawler.com/)"
173.252.83.8 - - [02/Nov/2023:04:06:18 +0100] "GET /images/mini_prod/3760119600214.jpg HTTP/1.0" 200 269 "-" "facebookexternalhit/1.1 (+http://www.facebook.com/externalhit_uatext.php)"
157.90.182.25 - - [02/Nov/2023:04:06:21 +0100] "GET /medusa-glass-paperweight-p-53618.html HTTP/1.0" 200 79115 "-" "Mozilla/5.0 (compatible; BLEXBot/1.0; +http://webmeup-crawler.com/)"
157.90.182.25 - - [02/Nov/2023:04:06:27 +0100] "GET /melamine-dish-cake-p-45128.html HTTP/1.0" 200 79056 "-" "Mozilla/5.0 (compatible; BLEXBot/1.0; +http://webmeup-crawler.com/)"
157.90.182.25 - - [02/Nov/2023:04:06:33 +0100] "GET /melanie-ceramic-butter-dish-p-47864.html HTTP/1.0" 200 79161 "-" "Mozilla/5.0 (compatible; BLEXBot/1.0; +http://webmeup-crawler.com/)"
157.90.182.25 - - [02/Nov/2023:04:06:38 +0100] "GET /melt-baked-apple-p-37438.html HTTP/1.0" 200 79707 "-" "Mozilla/5.0 (compatible; BLEXBot/1.0; +http://webmeup-crawler.com/)"
157.90.182.25 - - [02/Nov/2023:04:06:45 +0100] "GET /melt-caramel-cupcake-p-37439.html HTTP/1.0" 200 79789 "-" "Mozilla/5.0 (compatible; BLEXBot/1.0; +http://webmeup-crawler.com/)"
157.90.182.25 - - [02/Nov/2023:04:06:50 +0100] "GET /melt-cerulean-p-38944.html HTTP/1.0" 200 79760 "-" "Mozilla/5.0 (compatible; BLEXBot/1.0; +http://webmeup-crawler.com/)"
101.198.192.11 - - [02/Nov/2023:04:06:56 +0100] "GET /images/mini_prod/1384010179567.jpg HTTP/1.0" 200 269 "-" "Mozilla/5.0 (X11; Ubuntu; Linux x86_64; rv:72.0) Gecko/20100101 Firefox/72.0"
157.90.182.25 - - [02/Nov/2023:04:06:57 +0100] "GET /melt-citrus-crush-p-37441.html HTTP/1.0" 200 79758 "-" "Mozilla/5.0 (compatible; BLEXBot/1.0; +http://webmeup-crawler.com/)"
182.22.30.104 - - [02/Nov/2023:04:07:00 +0100] "GET /images/mini_prod/8422099381532.jpg HTTP/1.0" 200 269 "-" "Mozilla/5.0 (compatible; Y!J-WSC/1.0; +https://yahoo.jp/3BSZgF)"
157.90.182.25 - - [02/Nov/2023:04:07:00 +0100] "GET /melt-french-vanilla-p-37442.html HTTP/1.0" 200 79778 "-" "Mozilla/5.0 (compatible; BLEXBot/1.0; +http://webmeup-crawler.com/)"
157.90.182.25 - - [02/Nov/2023:04:07:06 +0100] "GET /melt-fresh-linen-p-39002.html HTTP/1.0" 200 79797 "-" "Mozilla/5.0 (compatible; BLEXBot/1.0; +http://webmeup-crawler.com/)"
173.252.83.116 - - [02/Nov/2023:04:07:13 +0100] "GET /images/mini_prod/8719172837179.jpg HTTP/1.0" 200 269 "-" "facebookexternalhit/1.1 (+http://www.facebook.com/externalhit_uatext.php)"
157.90.182.25 - - [02/Nov/2023:04:07:12 +0100] "GET /melt-gingerbread-house-p-46029.html HTTP/1.0" 200 79804 "-" "Mozilla/5.0 (compatible; BLEXBot/1.0; +http://webmeup-crawler.com/)"
157.90.182.25 - - [02/Nov/2023:04:07:17 +0100] "GET /melt-home-christmas-p-46036.html HTTP/1.0" 200 79801 "-" "Mozilla/5.0 (compatible; BLEXBot/1.0; +http://webmeup-crawler.com/)"
157.90.182.25 - - [02/Nov/2023:04:07:24 +0100] "GET /melt-pearl-bouquet-p-42633.html HTTP/1.0" 200 79766 "-" "Mozilla/5.0 (compatible; BLEXBot/1.0; +http://webmeup-crawler.com/)"
173.252.83.3 - - [02/Nov/2023:04:07:26 +0100] "GET /images/mini_prod/3639810000190.jpg HTTP/1.0" 200 269 "-" "facebookexternalhit/1.1 (+http://www.facebook.com/externalhit_uatext.php)"
157.90.182.25 - - [02/Nov/2023:04:07:30 +0100] "GET /melt-rambling-rose-p-39001.html HTTP/1.0" 200 79768 "-" "Mozilla/5.0 (compatible; BLEXBot/1.0; +http://webmeup-crawler.com/)"
157.90.182.25 - - [02/Nov/2023:04:07:36 +0100] "GET /melt-snow-angel-p-39003.html HTTP/1.0" 200 79783 "-" "Mozilla/5.0 (compatible; BLEXBot/1.0; +http://webmeup-crawler.com/)"
157.90.182.25 - - [02/Nov/2023:04:07:42 +0100] "GET /melt-sweet-black-cherries-p-37444.html HTTP/1.0" 200 79825 "-" "Mozilla/5.0 (compatible; BLEXBot/1.0; +http://webmeup-crawler.com/)"
157.90.182.25 - - [02/Nov/2023:04:07:47 +0100] "GET /mercedes-benz-p-27594.html HTTP/1.0" 200 79058 "-" "Mozilla/5.0 (compatible; BLEXBot/1.0; +http://webmeup-crawler.com/)"
173.252.83.2 - - [02/Nov/2023:04:07:53 +0100] "GET /images/mini_prod/00000000corsica.jpg HTTP/1.0" 200 271 "-" "facebookexternalhit/1.1 (+http://www.facebook.com/externalhit_uatext.php)"
157.90.182.25 - - [02/Nov/2023:04:07:51 +0100] "GET /merci-gustave-disney-plates-p-32907.html HTTP/1.0" 200 79162 "-" "Mozilla/5.0 (compatible; BLEXBot/1.0; +http://webmeup-crawler.com/)"
157.90.182.25 - - [02/Nov/2023:04:07:56 +0100] "GET /merde-vido-game-shirt-p-29574.html HTTP/1.0" 200 80284 "-" "Mozilla/5.0 (compatible; BLEXBot/1.0; +http://webmeup-crawler.com/)"
157.90.182.25 - - [02/Nov/2023:04:08:02 +0100] "GET /merite-biere-metal-tray-p-53579.html HTTP/1.0" 200 79988 "-" "Mozilla/5.0 (compatible; BLEXBot/1.0; +http://webmeup-crawler.com/)"
157.90.182.25 - - [02/Nov/2023:04:08:08 +0100] "GET /metal-beer-bucket-bistrot-amis-p-42680.html HTTP/1.0" 200 79197 "-" "Mozilla/5.0 (compatible; BLEXBot/1.0; +http://webmeup-crawler.com/)"
157.90.182.25 - - [02/Nov/2023:04:08:15 +0100] "GET /metal-beer-bucket-blue-p-44737.html HTTP/1.0" 200 79074 "-" "Mozilla/5.0 (compatible; BLEXBot/1.0; +http://webmeup-crawler.com/)"
157.90.182.25 - - [02/Nov/2023:04:08:22 +0100] "GET /metal-beer-bucket-p-44738.html HTTP/1.0" 200 79027 "-" "Mozilla/5.0 (compatible; BLEXBot/1.0; +http://webmeup-crawler.com/)"
157.90.182.25 - - [02/Nov/2023:04:08:29 +0100] "GET /metal-beer-bucket-p-54342.html HTTP/1.0" 200 79628 "-" "Mozilla/5.0 (compatible; BLEXBot/1.0; +http://webmeup-crawler.com/)"
157.90.182.25 - - [02/Nov/2023:04:08:35 +0100] "GET /metal-beer-bucket-p-54343.html HTTP/1.0" 200 79633 "-" "Mozilla/5.0 (compatible; BLEXBot/1.0; +http://webmeup-crawler.com/)"
157.90.182.25 - - [02/Nov/2023:04:08:41 +0100] "GET /metal-beer-bucket-p-54344.html HTTP/1.0" 200 79628 "-" "Mozilla/5.0 (compatible; BLEXBot/1.0; +http://webmeup-crawler.com/)"
157.90.182.25 - - [02/Nov/2023:04:08:46 +0100] "GET /metal-beer-bucket-p-54345.html HTTP/1.0" 200 79628 "-" "Mozilla/5.0 (compatible; BLEXBot/1.0; +http://webmeup-crawler.com/)"
59.82.83.78 - - [02/Nov/2023:04:08:53 +0100] "GET /images/mini_prod/1399984257159.jpg HTTP/1.0" 200 269 "-" "insight2"
157.90.182.25 - - [02/Nov/2023:04:08:52 +0100] "GET /metal-beer-bucket-p-55612.html HTTP/1.0" 200 79026 "-" "Mozilla/5.0 (compatible; BLEXBot/1.0; +http://webmeup-crawler.com/)"
157.90.182.25 - - [02/Nov/2023:04:08:57 +0100] "GET /metal-beer-bucket-p-55613.html HTTP/1.0" 200 79024 "-" "Mozilla/5.0 (compatible; BLEXBot/1.0; +http://webmeup-crawler.com/)"
173.252.83.120 - - [02/Nov/2023:04:09:02 +0100] "GET /images/mini_prod/3503420142017.jpg HTTP/1.0" 200 269 "-" "facebookexternalhit/1.1 (+http://www.facebook.com/externalhit_uatext.php)"
157.90.182.25 - - [02/Nov/2023:04:09:03 +0100] "GET /metal-beer-bucket-p-55614.html HTTP/1.0" 200 79024 "-" "Mozilla/5.0 (compatible; BLEXBot/1.0; +http://webmeup-crawler.com/)"
157.90.182.25 - - [02/Nov/2023:04:09:11 +0100] "GET /metal-beer-bucket-p-55615.html HTTP/1.0" 200 79024 "-" "Mozilla/5.0 (compatible; BLEXBot/1.0; +http://webmeup-crawler.com/)"
34.239.122.224 - - [02/Nov/2023:04:09:17 +0100] "GET /images/mini_prod/3585190668607.jpg HTTP/1.0" 200 269 "-" "Mozilla/5.0 (X11; Ubuntu; Linux x86_64; rv:72.0) Gecko/20100101 Firefox/72.0"
157.90.182.25 - - [02/Nov/2023:04:09:18 +0100] "GET /metal-beer-bucket-pizza-bire-foot-p-53421.html HTTP/1.0" 200 79175 "-" "Mozilla/5.0 (compatible; BLEXBot/1.0; +http://webmeup-crawler.com/)"
157.90.182.25 - - [02/Nov/2023:04:09:23 +0100] "GET /metal-beer-bucket-tattooed-sailor-p-42681.html HTTP/1.0" 200 79215 "-" "Mozilla/5.0 (compatible; BLEXBot/1.0; +http://webmeup-crawler.com/)"
54.36.148.208 - - [02/Nov/2023:04:09:26 +0100] "GET /kori-kumi-flat-pocket-p-30502.html HTTP/1.0" 200 79757 "-" "Mozilla/5.0 (compatible; AhrefsBot/7.0; +http://ahrefs.com/robot/)"
54.36.149.28 - - [02/Nov/2023:04:09:29 +0100] "GET /images/big_prod_1/5018997410646.jpg HTTP/1.0" 200 270 "-" "Mozilla/5.0 (compatible; AhrefsBot/7.0; +http://ahrefs.com/robot/)"
157.90.182.25 - - [02/Nov/2023:04:09:28 +0100] "GET /metal-beer-bucket-zinc-look-with-integrated-bottle-opener-p-58144.html HTTP/1.0" 200 80349 "-" "Mozilla/5.0 (compatible; BLEXBot/1.0; +http://webmeup-crawler.com/)"
54.36.148.115 - - [02/Nov/2023:04:09:31 +0100] "GET /images/big_prod/5018997410646B.jpg HTTP/1.0" 200 269 "-" "Mozilla/5.0 (compatible; AhrefsBot/7.0; +http://ahrefs.com/robot/)"
157.90.182.25 - - [02/Nov/2023:04:09:32 +0100] "GET /metal-beer-bucket-zinc-look-with-integrated-bottle-opener-p-58145.html HTTP/1.0" 200 80079 "-" "Mozilla/5.0 (compatible; BLEXBot/1.0; +http://webmeup-crawler.com/)"
157.90.182.25 - - [02/Nov/2023:04:09:38 +0100] "GET /metal-bell-p-32128.html HTTP/1.0" 200 79009 "-" "Mozilla/5.0 (compatible; BLEXBot/1.0; +http://webmeup-crawler.com/)"
157.90.182.25 - - [02/Nov/2023:04:09:46 +0100] "GET /metal-bicycle-bookend-p-58077.html HTTP/1.0" 200 79845 "-" "Mozilla/5.0 (compatible; BLEXBot/1.0; +http://webmeup-crawler.com/)"
173.252.83.4 - - [02/Nov/2023:04:09:49 +0100] "GET /images/mini_prod/1399984249857.jpg HTTP/1.0" 200 269 "-" "facebookexternalhit/1.1 (+http://www.facebook.com/externalhit_uatext.php)"
157.90.182.25 - - [02/Nov/2023:04:09:51 +0100] "GET /metal-bicycle-horn-michelle-allen-designs-p-57017.html HTTP/1.0" 200 79273 "-" "Mozilla/5.0 (compatible; BLEXBot/1.0; +http://webmeup-crawler.com/)"
157.90.182.25 - - [02/Nov/2023:04:09:58 +0100] "GET /metal-boxes-storage-c-13_150_218.html?page=2 HTTP/1.0" 200 88134 "-" "Mozilla/5.0 (compatible; BLEXBot/1.0; +http://webmeup-crawler.com/)"
157.90.182.25 - - [02/Nov/2023:04:10:04 +0100] "GET /metal-cylindrical-coffee-p-59437.html HTTP/1.0" 200 80059 "-" "Mozilla/5.0 (compatible; BLEXBot/1.0; +http://webmeup-crawler.com/)"
157.90.182.25 - - [02/Nov/2023:04:10:10 +0100] "GET /metal-cylindrical-p-47672.html HTTP/1.0" 200 79816 "-" "Mozilla/5.0 (compatible; BLEXBot/1.0; +http://webmeup-crawler.com/)"
203.185.130.166 - - [02/Nov/2023:04:10:15 +0100] "GET /images/mini_prod/1384010207550.jpg HTTP/1.0" 200 269 "-" "Mozilla/5.0 (X11; Ubuntu; Linux x86_64; rv:72.0) Gecko/20100101 Firefox/72.0"
157.90.182.25 - - [02/Nov/2023:04:10:17 +0100] "GET /metal-cylindrical-p-52613.html HTTP/1.0" 200 79213 "-" "Mozilla/5.0 (compatible; BLEXBot/1.0; +http://webmeup-crawler.com/)"
157.90.182.25 - - [02/Nov/2023:04:10:25 +0100] "GET /metal-cylindrical-p-57511.html HTTP/1.0" 200 79813 "-" "Mozilla/5.0 (compatible; BLEXBot/1.0; +http://webmeup-crawler.com/)"
157.90.182.25 - - [02/Nov/2023:04:10:30 +0100] "GET /metal-cylindrical-p-57512.html HTTP/1.0" 200 79813 "-" "Mozilla/5.0 (compatible; BLEXBot/1.0; +http://webmeup-crawler.com/)"
157.90.182.25 - - [02/Nov/2023:04:10:36 +0100] "GET /metal-cylindrical-sugar-p-59438.html HTTP/1.0" 200 79834 "-" "Mozilla/5.0 (compatible; BLEXBot/1.0; +http://webmeup-crawler.com/)"
157.90.182.25 - - [02/Nov/2023:04:10:42 +0100] "GET /metal-ding-dong-bell-bike-black-p-40741.html HTTP/1.0" 200 79170 "-" "Mozilla/5.0 (compatible; BLEXBot/1.0; +http://webmeup-crawler.com/)"
157.90.182.25 - - [02/Nov/2023:04:10:47 +0100] "GET /metal-ding-dong-bell-bike-black-p-40743.html HTTP/1.0" 200 79172 "-" "Mozilla/5.0 (compatible; BLEXBot/1.0; +http://webmeup-crawler.com/)"
157.90.182.25 - - [02/Nov/2023:04:10:51 +0100] "GET /metal-ding-dong-bell-bike-grey-p-40746.html HTTP/1.0" 200 79171 "-" "Mozilla/5.0 (compatible; BLEXBot/1.0; +http://webmeup-crawler.com/)"
173.252.83.13 - - [02/Nov/2023:04:10:54 +0100] "GET /images/big_prod/5415203855152.jpg HTTP/1.0" 200 268 "-" "facebookexternalhit/1.1 (+http://www.facebook.com/externalhit_uatext.php)"
157.90.182.25 - - [02/Nov/2023:04:10:55 +0100] "GET /metal-flask-aperophiles-p-48468.html HTTP/1.0" 200 79696 "-" "Mozilla/5.0 (compatible; BLEXBot/1.0; +http://webmeup-crawler.com/)"
157.90.182.25 - - [02/Nov/2023:04:11:00 +0100] "GET /metal-flask-whisky-p-48469.html HTTP/1.0" 200 79627 "-" "Mozilla/5.0 (compatible; BLEXBot/1.0; +http://webmeup-crawler.com/)"
157.90.182.25 - - [02/Nov/2023:04:11:07 +0100] "GET /metal-gray-p-60890.html HTTP/1.0" 200 79942 "-" "Mozilla/5.0 (compatible; BLEXBot/1.0; +http://webmeup-crawler.com/)"
157.90.182.25 - - [02/Nov/2023:04:11:11 +0100] "GET /metal-pink-p-60891.html HTTP/1.0" 200 79753 "-" "Mozilla/5.0 (compatible; BLEXBot/1.0; +http://webmeup-crawler.com/)"
157.90.182.25 - - [02/Nov/2023:04:11:17 +0100] "GET /metal-ruler-little-prince-p-58153.html HTTP/1.0" 200 79735 "-" "Mozilla/5.0 (compatible; BLEXBot/1.0; +http://webmeup-crawler.com/)"
216.244.66.242 - - [02/Nov/2023:04:11:22 +0100] "GET /robots.txt HTTP/1.0" 200 245 "-" "Mozilla/5.0 (compatible; DotBot/1.2; +https://opensiteexplorer.org/dotbot; help@moz.com)"
157.90.182.25 - - [02/Nov/2023:04:11:24 +0100] "GET /metal-structure-hang-fairy-p-44241.html HTTP/1.0" 200 79181 "-" "Mozilla/5.0 (compatible; BLEXBot/1.0; +http://webmeup-crawler.com/)"
157.90.182.25 - - [02/Nov/2023:04:11:30 +0100] "GET /metal-structure-hang-fairy-p-46790.html HTTP/1.0" 200 79187 "-" "Mozilla/5.0 (compatible; BLEXBot/1.0; +http://webmeup-crawler.com/)"
157.90.182.25 - - [02/Nov/2023:04:11:36 +0100] "GET /metal-tray-p-45851.html HTTP/1.0" 200 79117 "-" "Mozilla/5.0 (compatible; BLEXBot/1.0; +http://webmeup-crawler.com/)"
157.90.182.25 - - [02/Nov/2023:04:11:42 +0100] "GET /metal-tray-p-45852.html HTTP/1.0" 200 79117 "-" "Mozilla/5.0 (compatible; BLEXBot/1.0; +http://webmeup-crawler.com/)"
101.198.192.11 - - [02/Nov/2023:04:11:43 +0100] "GET /images/mini_prod/8433933189672.jpg HTTP/1.0" 200 269 "-" "Mozilla/5.0 (X11; Ubuntu; Linux x86_64; rv:72.0) Gecko/20100101 Firefox/72.0"
173.252.83.11 - - [02/Nov/2023:04:11:46 +0100] "GET /images/mini_prod/8433933165355.jpg HTTP/1.0" 404 1308 "-" "facebookexternalhit/1.1 (+http://www.facebook.com/externalhit_uatext.php)"
157.90.182.25 - - [02/Nov/2023:04:11:48 +0100] "GET /metal-tray-p-45853.html HTTP/1.0" 200 79117 "-" "Mozilla/5.0 (compatible; BLEXBot/1.0; +http://webmeup-crawler.com/)"
157.90.182.25 - - [02/Nov/2023:04:11:54 +0100] "GET /metal-tray-p-53581.html HTTP/1.0" 200 79878 "-" "Mozilla/5.0 (compatible; BLEXBot/1.0; +http://webmeup-crawler.com/)"
157.90.182.25 - - [02/Nov/2023:04:12:00 +0100] "GET /metal-wall-decor-c-13_308.html?page=2 HTTP/1.0" 200 97191 "-" "Mozilla/5.0 (compatible; BLEXBot/1.0; +http://webmeup-crawler.com/)"
157.90.182.25 - - [02/Nov/2023:04:12:07 +0100] "GET /metal-wall-decor-c-13_308.html?page=3 HTTP/1.0" 200 83837 "-" "Mozilla/5.0 (compatible; BLEXBot/1.0; +http://webmeup-crawler.com/)"
157.90.182.25 - - [02/Nov/2023:04:12:13 +0100] "GET /meter-outdoor-fairy-lights-p-57989.html HTTP/1.0" 200 80741 "-" "Mozilla/5.0 (compatible; BLEXBot/1.0; +http://webmeup-crawler.com/)"
157.90.182.25 - - [02/Nov/2023:04:12:18 +0100] "GET /miami-small-clock-p-55072.html HTTP/1.0" 200 79112 "-" "Mozilla/5.0 (compatible; BLEXBot/1.0; +http://webmeup-crawler.com/)"
157.90.182.25 - - [02/Nov/2023:04:12:25 +0100] "GET /michelle-allen-designs-p-36958.html HTTP/1.0" 200 79252 "-" "Mozilla/5.0 (compatible; BLEXBot/1.0; +http://webmeup-crawler.com/)"
157.90.182.25 - - [02/Nov/2023:04:12:33 +0100] "GET /michelle-allen-designs-p-36959.html HTTP/1.0" 200 79252 "-" "Mozilla/5.0 (compatible; BLEXBot/1.0; +http://webmeup-crawler.com/)"
157.90.182.25 - - [02/Nov/2023:04:12:38 +0100] "GET /michelle-allen-glass-p-24318.html HTTP/1.0" 200 79063 "-" "Mozilla/5.0 (compatible; BLEXBot/1.0; +http://webmeup-crawler.com/)"
157.90.182.25 - - [02/Nov/2023:04:12:44 +0100] "GET /michelle-allen-little-tray-p-39729.html HTTP/1.0" 200 79268 "-" "Mozilla/5.0 (compatible; BLEXBot/1.0; +http://webmeup-crawler.com/)"
157.90.182.25 - - [02/Nov/2023:04:12:50 +0100] "GET /mickael-want-back-shirt-p-29537.html HTTP/1.0" 200 80556 "-" "Mozilla/5.0 (compatible; BLEXBot/1.0; +http://webmeup-crawler.com/)"
157.90.182.25 - - [02/Nov/2023:04:12:56 +0100] "GET /mickael-white-shirt-p-30158.html HTTP/1.0" 200 80214 "-" "Mozilla/5.0 (compatible; BLEXBot/1.0; +http://webmeup-crawler.com/)"
54.36.148.195 - - [02/Nov/2023:04:12:58 +0100] "GET /verity-rose-metal-keyrings-p-29178.html HTTP/1.0" 200 79776 "-" "Mozilla/5.0 (compatible; AhrefsBot/7.0; +http://ahrefs.com/robot/)"
54.36.148.42 - - [02/Nov/2023:04:13:01 +0100] "GET /images/big_prod_1/1186747043070Z.jpg HTTP/1.0" 200 271 "-" "Mozilla/5.0 (compatible; AhrefsBot/7.0; +http://ahrefs.com/robot/)"
157.90.182.25 - - [02/Nov/2023:04:13:03 +0100] "GET /mickael-white-shirt-p-30159.html HTTP/1.0" 200 80483 "-" "Mozilla/5.0 (compatible; BLEXBot/1.0; +http://webmeup-crawler.com/)"
157.90.182.25 - - [02/Nov/2023:04:13:09 +0100] "GET /mickey-club-house-rainwear-years-p-44013.html HTTP/1.0" 200 79098 "-" "Mozilla/5.0 (compatible; BLEXBot/1.0; +http://webmeup-crawler.com/)"
54.36.148.239 - - [02/Nov/2023:04:13:12 +0100] "GET /images/big_prod/1186747043070X.jpg HTTP/1.0" 200 269 "-" "Mozilla/5.0 (compatible; AhrefsBot/7.0; +http://ahrefs.com/robot/)"
157.90.182.25 - - [02/Nov/2023:04:13:13 +0100] "GET /mickey-club-house-umbrella-p-20499.html HTTP/1.0" 200 79319 "-" "Mozilla/5.0 (compatible; BLEXBot/1.0; +http://webmeup-crawler.com/)"
157.90.182.25 - - [02/Nov/2023:04:13:21 +0100] "GET /mickey-club-house-umbrella-p-20500.html HTTP/1.0" 200 79306 "-" "Mozilla/5.0 (compatible; BLEXBot/1.0; +http://webmeup-crawler.com/)"
157.90.182.25 - - [02/Nov/2023:04:13:28 +0100] "GET /mickey-minnie-collection-romano-britto-p-20751.html HTTP/1.0" 200 81488 "-" "Mozilla/5.0 (compatible; BLEXBot/1.0; +http://webmeup-crawler.com/)"
157.90.182.25 - - [02/Nov/2023:04:13:34 +0100] "GET /mickey-mouse-blue-swimsuit-p-30484.html HTTP/1.0" 200 80268 "-" "Mozilla/5.0 (compatible; BLEXBot/1.0; +http://webmeup-crawler.com/)"
157.90.182.25 - - [02/Nov/2023:04:13:41 +0100] "GET /mickey-mouse-green-swimsuit-p-30577.html HTTP/1.0" 200 80240 "-" "Mozilla/5.0 (compatible; BLEXBot/1.0; +http://webmeup-crawler.com/)"
157.90.182.25 - - [02/Nov/2023:04:13:47 +0100] "GET /mickey-mouse-large-expandable-backpack-p-19679.html HTTP/1.0" 200 79689 "-" "Mozilla/5.0 (compatible; BLEXBot/1.0; +http://webmeup-crawler.com/)"
157.90.182.25 - - [02/Nov/2023:04:13:55 +0100] "GET /mickey-mouse-sports-bottle-p-25061.html HTTP/1.0" 200 79920 "-" "Mozilla/5.0 (compatible; BLEXBot/1.0; +http://webmeup-crawler.com/)"
157.90.182.25 - - [02/Nov/2023:04:14:00 +0100] "GET /mickey-mouse-swimsuit-p-30575.html HTTP/1.0" 200 80223 "-" "Mozilla/5.0 (compatible; BLEXBot/1.0; +http://webmeup-crawler.com/)"
157.90.182.25 - - [02/Nov/2023:04:14:07 +0100] "GET /mickey-mouse-swimsuit-p-30668.html HTTP/1.0" 200 80514 "-" "Mozilla/5.0 (compatible; BLEXBot/1.0; +http://webmeup-crawler.com/)"
157.90.182.25 - - [02/Nov/2023:04:14:12 +0100] "GET /mickey-mouse-with-flowers-mini-figurine-p-57156.html HTTP/1.0" 200 80457 "-" "Mozilla/5.0 (compatible; BLEXBot/1.0; +http://webmeup-crawler.com/)"
157.90.182.25 - - [02/Nov/2023:04:14:19 +0100] "GET /mickey-small-flexible-molds-blue-model-p-28214.html HTTP/1.0" 200 79831 "-" "Mozilla/5.0 (compatible; BLEXBot/1.0; +http://webmeup-crawler.com/)"
157.90.182.25 - - [02/Nov/2023:04:14:24 +0100] "GET /mickey-small-flexible-molds-model-p-28211.html HTTP/1.0" 200 79811 "-" "Mozilla/5.0 (compatible; BLEXBot/1.0; +http://webmeup-crawler.com/)"
157.90.182.25 - - [02/Nov/2023:04:14:31 +0100] "GET /mickey-small-flexible-molds-yellow-model-p-28210.html HTTP/1.0" 200 79833 "-" "Mozilla/5.0 (compatible; BLEXBot/1.0; +http://webmeup-crawler.com/)"
157.90.182.25 - - [02/Nov/2023:04:14:36 +0100] "GET /mickey-wastebasket-p-31189.html HTTP/1.0" 200 79164 "-" "Mozilla/5.0 (compatible; BLEXBot/1.0; +http://webmeup-crawler.com/)"
173.252.83.10 - - [02/Nov/2023:04:14:40 +0100] "GET /images/big_prod/3700281684124.jpg HTTP/1.0" 200 268 "-" "facebookexternalhit/1.1 (+http://www.facebook.com/externalhit_uatext.php)"
157.90.182.25 - - [02/Nov/2023:04:14:42 +0100] "GET /microfiber-bolster-p-35012.html HTTP/1.0" 200 79194 "-" "Mozilla/5.0 (compatible; BLEXBot/1.0; +http://webmeup-crawler.com/)"
173.252.83.2 - - [02/Nov/2023:04:14:43 +0100] "GET /images/mini_prod/1384010183854.jpg HTTP/1.0" 200 269 "-" "facebookexternalhit/1.1 (+http://www.facebook.com/externalhit_uatext.php)"
157.90.182.25 - - [02/Nov/2023:04:14:47 +0100] "GET /microfibre-base-cover-black-p-47980.html HTTP/1.0" 200 79231 "-" "Mozilla/5.0 (compatible; BLEXBot/1.0; +http://webmeup-crawler.com/)"
157.90.182.25 - - [02/Nov/2023:04:14:53 +0100] "GET /microfibre-base-cover-light-brown-p-47981.html HTTP/1.0" 200 79261 "-" "Mozilla/5.0 (compatible; BLEXBot/1.0; +http://webmeup-crawler.com/)"
157.90.182.25 - - [02/Nov/2023:04:14:59 +0100] "GET /milk-fine-bone-china-p-54933.html HTTP/1.0" 200 79237 "-" "Mozilla/5.0 (compatible; BLEXBot/1.0; +http://webmeup-crawler.com/)"
157.90.182.25 - - [02/Nov/2023:04:15:05 +0100] "GET /mini-bright-christmas-p-38256.html HTTP/1.0" 200 79136 "-" "Mozilla/5.0 (compatible; BLEXBot/1.0; +http://webmeup-crawler.com/)"
157.90.182.25 - - [02/Nov/2023:04:15:13 +0100] "GET /mini-ceramic-butter-sardy-p-56557.html HTTP/1.0" 200 79262 "-" "Mozilla/5.0 (compatible; BLEXBot/1.0; +http://webmeup-crawler.com/)"
129.226.215.97 - - [02/Nov/2023:04:15:14 +0100] "GET /images/mini_prod/1399984254394.jpg HTTP/1.0" 200 269 "-" "Mozilla/5.0 (Windows NT 5.1) AppleWebKit/537.36 (KHTML, like Gecko) Edge/102.0.891.38 Safari/537.36"
157.90.182.25 - - [02/Nov/2023:04:15:19 +0100] "GET /mini-cooper-union-jack-figurine-p-28504.html HTTP/1.0" 200 82743 "-" "Mozilla/5.0 (compatible; BLEXBot/1.0; +http://webmeup-crawler.com/)"
157.90.182.25 - - [02/Nov/2023:04:15:25 +0100] "GET /mini-cork-notes-dartboard-target-p-54990.html HTTP/1.0" 200 79763 "-" "Mozilla/5.0 (compatible; BLEXBot/1.0; +http://webmeup-crawler.com/)"
157.90.182.25 - - [02/Nov/2023:04:15:33 +0100] "GET /mini-dlices-sugar-bowl-p-25772.html HTTP/1.0" 200 79080 "-" "Mozilla/5.0 (compatible; BLEXBot/1.0; +http://webmeup-crawler.com/)"
157.90.182.25 - - [02/Nov/2023:04:15:40 +0100] "GET /mini-erasers-random-patterns-p-33549.html HTTP/1.0" 200 79270 "-" "Mozilla/5.0 (compatible; BLEXBot/1.0; +http://webmeup-crawler.com/)"
157.90.182.25 - - [02/Nov/2023:04:15:50 +0100] "GET /mini-glitter-ball-p-33558.html HTTP/1.0" 200 79090 "-" "Mozilla/5.0 (compatible; BLEXBot/1.0; +http://webmeup-crawler.com/)"
157.90.182.25 - - [02/Nov/2023:04:15:55 +0100] "GET /mini-hermetic-camargue-p-54521.html HTTP/1.0" 200 79082 "-" "Mozilla/5.0 (compatible; BLEXBot/1.0; +http://webmeup-crawler.com/)"
54.236.1.13 - - [02/Nov/2023:04:15:56 +0100] "GET /harley-davidson-large-box-p-33735.html HTTP/1.0" 301 76877 "-" "Mozilla/5.0 (compatible; Pinterestbot/1.0; +http://www.pinterest.com/bot.html)"
54.236.1.13 - - [02/Nov/2023:04:15:58 +0100] "GET /harley-davidson-large-p-33735.html HTTP/1.0" 200 76789 "-" "Mozilla/5.0 (compatible; Pinterestbot/1.0; +http://www.pinterest.com/bot.html)"
157.90.182.25 - - [02/Nov/2023:04:16:02 +0100] "GET /mini-hermetic-fleur-p-54520.html HTTP/1.0" 200 79100 "-" "Mozilla/5.0 (compatible; BLEXBot/1.0; +http://webmeup-crawler.com/)"
54.36.148.52 - - [02/Nov/2023:04:16:03 +0100] "GET /great-wallet-pocket-pepe-jeans-bohemian-p-38137.html HTTP/1.0" 200 80242 "-" "Mozilla/5.0 (compatible; AhrefsBot/7.0; +http://ahrefs.com/robot/)"
54.211.11.48 - - [02/Nov/2023:04:16:07 +0100] "GET /images/mini_prod/3660173148601.jpg HTTP/1.0" 200 269 "-" "Mozilla/5.0 (X11; Ubuntu; Linux x86_64; rv:72.0) Gecko/20100101 Firefox/72.0"
54.36.148.154 - - [02/Nov/2023:04:16:08 +0100] "GET /images/big_prod_2/c8435465005734.jpg HTTP/1.0" 200 271 "-" "Mozilla/5.0 (compatible; AhrefsBot/7.0; +http://ahrefs.com/robot/)"
54.36.149.66 - - [02/Nov/2023:04:16:09 +0100] "GET /images/big_prod_1/b8435465005734.jpg HTTP/1.0" 200 271 "-" "Mozilla/5.0 (compatible; AhrefsBot/7.0; +http://ahrefs.com/robot/)"
157.90.182.25 - - [02/Nov/2023:04:16:07 +0100] "GET /mini-hermetic-sardines-p-54522.html HTTP/1.0" 200 79083 "-" "Mozilla/5.0 (compatible; BLEXBot/1.0; +http://webmeup-crawler.com/)"
157.90.182.25 - - [02/Nov/2023:04:16:14 +0100] "GET /mini-minnie-mouse-figurine-p-56575.html HTTP/1.0" 200 80439 "-" "Mozilla/5.0 (compatible; BLEXBot/1.0; +http://webmeup-crawler.com/)"
129.226.215.97 - - [02/Nov/2023:04:16:19 +0100] "GET /images/mini_prod/8435333820759.jpg HTTP/1.0" 200 269 "-" "Mozilla/5.0 (Windows NT 5.1) AppleWebKit/537.36 (KHTML, like Gecko) Opera/59.0.917.109 Safari/537.36"
157.90.182.25 - - [02/Nov/2023:04:16:19 +0100] "GET /mini-notebook-white-brown-horse-p-26211.html HTTP/1.0" 200 79159 "-" "Mozilla/5.0 (compatible; BLEXBot/1.0; +http://webmeup-crawler.com/)"
173.252.83.14 - - [02/Nov/2023:04:16:27 +0100] "GET /images/mini_prod/1328399318834.jpg HTTP/1.0" 200 269 "-" "facebookexternalhit/1.1 (+http://www.facebook.com/externalhit_uatext.php)"
157.90.182.25 - - [02/Nov/2023:04:16:26 +0100] "GET /mini-p-50370.html HTTP/1.0" 200 79044 "-" "Mozilla/5.0 (compatible; BLEXBot/1.0; +http://webmeup-crawler.com/)"
157.90.182.25 - - [02/Nov/2023:04:16:31 +0100] "GET /mini-stickers-animals-p-22597.html HTTP/1.0" 200 79696 "-" "Mozilla/5.0 (compatible; BLEXBot/1.0; +http://webmeup-crawler.com/)"
157.90.182.25 - - [02/Nov/2023:04:16:38 +0100] "GET /mini-table-vacuum-ladybug-p-41019.html HTTP/1.0" 200 79938 "-" "Mozilla/5.0 (compatible; BLEXBot/1.0; +http://webmeup-crawler.com/)"
157.90.182.25 - - [02/Nov/2023:04:16:42 +0100] "GET /mini-trays-c-12_159_260.html?page=10 HTTP/1.0" 200 87915 "-" "Mozilla/5.0 (compatible; BLEXBot/1.0; +http://webmeup-crawler.com/)"
129.226.215.97 - - [02/Nov/2023:04:16:46 +0100] "GET /images/mini_prod/3700235441544.jpg HTTP/1.0" 200 269 "-" "Mozilla/5.0 (Windows NT 10.0) AppleWebKit/537.36 (KHTML, like Gecko) Edge/82.0.1838.13 Safari/537.36"
129.226.215.97 - - [02/Nov/2023:04:16:49 +0100] "GET /images/mini_prod/3503420029127.jpg HTTP/1.0" 200 269 "-" "Mozilla/5.0 (Macintosh; Intel Mac OS X 10_12_6) AppleWebKit/537.36 (KHTML, like Gecko) Edge/89.0.3194.96 Safari/537.36"
157.90.182.25 - - [02/Nov/2023:04:16:50 +0100] "GET /mini-trays-c-12_159_260.html?page=2 HTTP/1.0" 200 99419 "-" "Mozilla/5.0 (compatible; BLEXBot/1.0; +http://webmeup-crawler.com/)"
157.90.182.25 - - [02/Nov/2023:04:16:55 +0100] "GET /mini-trays-c-12_159_260.html?page=3 HTTP/1.0" 200 99538 "-" "Mozilla/5.0 (compatible; BLEXBot/1.0; +http://webmeup-crawler.com/)"
173.252.83.113 - - [02/Nov/2023:04:17:05 +0100] "GET /images/mini_prod/8422024203007.jpg HTTP/1.0" 200 269 "-" "facebookexternalhit/1.1 (+http://www.facebook.com/externalhit_uatext.php)"
157.90.182.25 - - [02/Nov/2023:04:17:03 +0100] "GET /mini-trays-c-12_159_260.html?page=4 HTTP/1.0" 200 99709 "-" "Mozilla/5.0 (compatible; BLEXBot/1.0; +http://webmeup-crawler.com/)"
157.90.182.25 - - [02/Nov/2023:04:17:11 +0100] "GET /mini-trays-c-12_159_260.html?page=5 HTTP/1.0" 200 100153 "-" "Mozilla/5.0 (compatible; BLEXBot/1.0; +http://webmeup-crawler.com/)"
173.252.83.10 - - [02/Nov/2023:04:17:19 +0100] "GET /images/mini_prod/DSCN4469.gif HTTP/1.0" 200 263 "-" "facebookexternalhit/1.1 (+http://www.facebook.com/externalhit_uatext.php)"
157.90.182.25 - - [02/Nov/2023:04:17:18 +0100] "GET /mini-trays-c-12_159_260.html?page=6 HTTP/1.0" 200 100396 "-" "Mozilla/5.0 (compatible; BLEXBot/1.0; +http://webmeup-crawler.com/)"
157.90.182.25 - - [02/Nov/2023:04:17:25 +0100] "GET /mini-trays-c-12_159_260.html?page=7 HTTP/1.0" 200 100063 "-" "Mozilla/5.0 (compatible; BLEXBot/1.0; +http://webmeup-crawler.com/)"
157.90.182.25 - - [02/Nov/2023:04:17:31 +0100] "GET /mini-trays-c-12_159_260.html?page=8 HTTP/1.0" 200 100178 "-" "Mozilla/5.0 (compatible; BLEXBot/1.0; +http://webmeup-crawler.com/)"
47.76.48.253 - - [02/Nov/2023:04:17:34 +0100] "GET /images/mini_prod/3609810061897.jpg HTTP/1.0" 200 269 "-" "Mozilla/5.0 (X11; Ubuntu; Linux x86_64; rv:72.0) Gecko/20100101 Firefox/72.0"
157.90.182.25 - - [02/Nov/2023:04:17:37 +0100] "GET /mini-trays-c-12_159_260.html?page=9 HTTP/1.0" 200 99641 "-" "Mozilla/5.0 (compatible; BLEXBot/1.0; +http://webmeup-crawler.com/)"
157.90.182.25 - - [02/Nov/2023:04:17:43 +0100] "GET /mini-trolley-p-49044.html HTTP/1.0" 200 79731 "-" "Mozilla/5.0 (compatible; BLEXBot/1.0; +http://webmeup-crawler.com/)"
157.90.182.25 - - [02/Nov/2023:04:17:49 +0100] "GET /mini-white-natural-wooden-p-55035.html HTTP/1.0" 200 79965 "-" "Mozilla/5.0 (compatible; BLEXBot/1.0; +http://webmeup-crawler.com/)"
157.90.182.25 - - [02/Nov/2023:04:17:56 +0100] "GET /mini-wooden-side-table-flower-life-p-56154.html HTTP/1.0" 200 80761 "-" "Mozilla/5.0 (compatible; BLEXBot/1.0; +http://webmeup-crawler.com/)"
157.90.182.25 - - [02/Nov/2023:04:18:01 +0100] "GET /mini-wooden-side-table-tree-life-p-56156.html HTTP/1.0" 200 80727 "-" "Mozilla/5.0 (compatible; BLEXBot/1.0; +http://webmeup-crawler.com/)"
173.252.83.7 - - [02/Nov/2023:04:18:06 +0100] "GET /images/mini_prod/3560600298728.jpg HTTP/1.0" 200 269 "-" "facebookexternalhit/1.1 (+http://www.facebook.com/externalhit_uatext.php)"
157.90.182.25 - - [02/Nov/2023:04:18:06 +0100] "GET /minions-despicable-backpack-p-35792.html HTTP/1.0" 200 79403 "-" "Mozilla/5.0 (compatible; BLEXBot/1.0; +http://webmeup-crawler.com/)"
157.90.182.25 - - [02/Nov/2023:04:18:13 +0100] "GET /minions-melamine-dinner-p-34022.html HTTP/1.0" 200 79255 "-" "Mozilla/5.0 (compatible; BLEXBot/1.0; +http://webmeup-crawler.com/)"
157.90.182.25 - - [02/Nov/2023:04:18:21 +0100] "GET /minions-poster-p-30932.html HTTP/1.0" 200 79019 "-" "Mozilla/5.0 (compatible; BLEXBot/1.0; +http://webmeup-crawler.com/)"
157.90.182.25 - - [02/Nov/2023:04:18:30 +0100] "GET /minions-poster-p-30933.html HTTP/1.0" 200 79001 "-" "Mozilla/5.0 (compatible; BLEXBot/1.0; +http://webmeup-crawler.com/)"
157.90.182.25 - - [02/Nov/2023:04:18:35 +0100] "GET /minions-sports-bottle-p-31754.html HTTP/1.0" 200 79073 "-" "Mozilla/5.0 (compatible; BLEXBot/1.0; +http://webmeup-crawler.com/)"
173.252.83.10 - - [02/Nov/2023:04:18:37 +0100] "GET /images/mini_prod/1384010206706.jpg HTTP/1.0" 200 269 "-" "facebookexternalhit/1.1 (+http://www.facebook.com/externalhit_uatext.php)"
157.90.182.25 - - [02/Nov/2023:04:18:41 +0100] "GET /minions-swimming-armband-p-35064.html HTTP/1.0" 200 79226 "-" "Mozilla/5.0 (compatible; BLEXBot/1.0; +http://webmeup-crawler.com/)"
121.134.39.23 - - [02/Nov/2023:04:18:46 +0100] "GET /images/big_prod_1/4250255859151a.jpg HTTP/1.0" 200 271 "-" "Mozilla/5.0 (X11; Ubuntu; Linux x86_64; rv:72.0) Gecko/20100101 Firefox/72.0"
157.90.182.25 - - [02/Nov/2023:04:18:46 +0100] "GET /minnie-mouse-disney-suitcase-p-31207.html HTTP/1.0" 200 79536 "-" "Mozilla/5.0 (compatible; BLEXBot/1.0; +http://webmeup-crawler.com/)"
157.90.182.25 - - [02/Nov/2023:04:18:52 +0100] "GET /minnie-mouse-large-expandable-backpack-p-19678.html HTTP/1.0" 200 79686 "-" "Mozilla/5.0 (compatible; BLEXBot/1.0; +http://webmeup-crawler.com/)"
157.90.182.25 - - [02/Nov/2023:04:18:57 +0100] "GET /minnie-mouse-large-metal-p-26704.html HTTP/1.0" 200 79215 "-" "Mozilla/5.0 (compatible; BLEXBot/1.0; +http://webmeup-crawler.com/)"
157.90.182.25 - - [02/Nov/2023:04:19:03 +0100] "GET /minnie-mouse-metal-p-26703.html HTTP/1.0" 200 79160 "-" "Mozilla/5.0 (compatible; BLEXBot/1.0; +http://webmeup-crawler.com/)"
173.252.83.10 - - [02/Nov/2023:04:19:06 +0100] "GET /images/mini_prod/8422011476346.jpg HTTP/1.0" 200 269 "-" "facebookexternalhit/1.1 (+http://www.facebook.com/externalhit_uatext.php)"
157.90.182.25 - - [02/Nov/2023:04:19:12 +0100] "GET /minnie-mouse-sports-bottle-p-25064.html HTTP/1.0" 200 79920 "-" "Mozilla/5.0 (compatible; BLEXBot/1.0; +http://webmeup-crawler.com/)"
157.90.182.25 - - [02/Nov/2023:04:19:16 +0100] "GET /minnie-umbrella-p-6094.html HTTP/1.0" 200 79199 "-" "Mozilla/5.0 (compatible; BLEXBot/1.0; +http://webmeup-crawler.com/)"
17.241.219.38 - - [02/Nov/2023:04:19:21 +0100] "GET /writable-capacity-p-59460.html HTTP/1.0" 200 79957 "-" "Mozilla/5.0 (Macintosh; Intel Mac OS X 10_15_5) AppleWebKit/605.1.15 (KHTML, like Gecko) Version/13.1.1 Safari/605.1.15 (Applebot/0.1; +http://www.apple.com/go/applebot)"
157.90.182.25 - - [02/Nov/2023:04:19:23 +0100] "GET /mint-diabolo-kitchen-towel-p-44420.html HTTP/1.0" 200 79102 "-" "Mozilla/5.0 (compatible; BLEXBot/1.0; +http://webmeup-crawler.com/)"
54.36.148.155 - - [02/Nov/2023:04:19:26 +0100] "GET /natural-rattan-wall-mirror-p-61140.html HTTP/1.0" 200 79756 "-" "Mozilla/5.0 (compatible; AhrefsBot/7.0; +http://ahrefs.com/robot/)"
157.90.182.25 - - [02/Nov/2023:04:19:30 +0100] "GET /minute-cooking-hourglass-black-sand-p-53719.html HTTP/1.0" 200 79923 "-" "Mozilla/5.0 (compatible; BLEXBot/1.0; +http://webmeup-crawler.com/)"
54.36.148.238 - - [02/Nov/2023:04:19:32 +0100] "GET /images/big_prod/8445146106636.jpg HTTP/1.0" 200 268 "-" "Mozilla/5.0 (compatible; AhrefsBot/7.0; +http://ahrefs.com/robot/)"
157.90.182.25 - - [02/Nov/2023:04:19:36 +0100] "GET /minute-cooking-hourglass-black-sand-p-59747.html HTTP/1.0" 200 80156 "-" "Mozilla/5.0 (compatible; BLEXBot/1.0; +http://webmeup-crawler.com/)"
216.244.66.242 - - [02/Nov/2023:04:19:40 +0100] "GET /hello-kitty-camomilla-purple-sequins-shopping-p-8396.html HTTP/1.0" 200 79559 "-" "Mozilla/5.0 (compatible; DotBot/1.2; +https://opensiteexplorer.org/dotbot; help@moz.com)"
157.90.182.25 - - [02/Nov/2023:04:19:42 +0100] "GET /minute-cooking-hourglass-white-sand-p-53720.html HTTP/1.0" 200 79923 "-" "Mozilla/5.0 (compatible; BLEXBot/1.0; +http://webmeup-crawler.com/)"
