157.90.182.25 - - [02/Nov/2023:05:54:42 +0100] "GET /snowman-decoration-p-49646.html HTTP/1.0" 200 79136 "-" "Mozilla/5.0 (compatible; BLEXBot/1.0; +http://webmeup-crawler.com/)"
157.90.182.25 - - [02/Nov/2023:05:54:48 +0100] "GET /snowman-pocket-heater-p-59454.html HTTP/1.0" 200 80059 "-" "Mozilla/5.0 (compatible; BLEXBot/1.0; +http://webmeup-crawler.com/)"
157.90.182.25 - - [02/Nov/2023:05:54:55 +0100] "GET /snowman-solar-powered-dancing-p-34143.html HTTP/1.0" 200 79450 "-" "Mozilla/5.0 (compatible; BLEXBot/1.0; +http://webmeup-crawler.com/)"
157.90.182.25 - - [02/Nov/2023:05:55:01 +0100] "GET /soap-dish-provence-p-44491.html HTTP/1.0" 200 79035 "-" "Mozilla/5.0 (compatible; BLEXBot/1.0; +http://webmeup-crawler.com/)"
157.90.182.25 - - [02/Nov/2023:05:55:07 +0100] "GET /soap-holder-sandstone-beige-p-47019.html HTTP/1.0" 200 79791 "-" "Mozilla/5.0 (compatible; BLEXBot/1.0; +http://webmeup-crawler.com/)"
169.233.1.13 - - [02/Nov/2023:05:55:09 +0100] "GET /images/mini_prod/1399103640152.jpg HTTP/1.0" 200 269 "-" "Mozilla/5.0 (X11; Ubuntu; Linux x86_64; rv:72.0) Gecko/20100101 Firefox/72.0"
157.90.182.25 - - [02/Nov/2023:05:55:14 +0100] "GET /soft-silicone-night-light-p-61176.html HTTP/1.0" 200 80948 "-" "Mozilla/5.0 (compatible; BLEXBot/1.0; +http://webmeup-crawler.com/)"
157.90.182.25 - - [02/Nov/2023:05:55:22 +0100] "GET /soft-toys-security-blanket-c-4_46.html?page=2 HTTP/1.0" 200 98791 "-" "Mozilla/5.0 (compatible; BLEXBot/1.0; +http://webmeup-crawler.com/)"
157.90.182.25 - - [02/Nov/2023:05:55:29 +0100] "GET /soft-toys-security-blanket-c-4_46.html?page=3 HTTP/1.0" 200 98635 "-" "Mozilla/5.0 (compatible; BLEXBot/1.0; +http://webmeup-crawler.com/)"
54.36.149.17 - - [02/Nov/2023:05:55:30 +0100] "GET /the-little-prince-pink-jewelry-box-p-41994.html HTTP/1.0" 301 76910 "-" "Mozilla/5.0 (compatible; AhrefsBot/7.0; +http://ahrefs.com/robot/)"
157.90.182.25 - - [02/Nov/2023:05:55:35 +0100] "GET /soft-toys-security-blanket-c-4_46.html?page=4 HTTP/1.0" 200 98391 "-" "Mozilla/5.0 (compatible; BLEXBot/1.0; +http://webmeup-crawler.com/)"
157.90.182.25 - - [02/Nov/2023:05:55:42 +0100] "GET /soft-toys-security-blanket-c-4_46.html?page=5 HTTP/1.0" 200 98245 "-" "Mozilla/5.0 (compatible; BLEXBot/1.0; +http://webmeup-crawler.com/)"
157.90.182.25 - - [02/Nov/2023:05:55:50 +0100] "GET /soft-toys-security-blanket-c-4_46.html?page=6 HTTP/1.0" 200 89620 "-" "Mozilla/5.0 (compatible; BLEXBot/1.0; +http://webmeup-crawler.com/)"
173.252.83.3 - - [02/Nov/2023:05:55:52 +0100] "GET /images/big_prod_3/1328399295593D.jpg HTTP/1.0" 200 271 "-" "facebookexternalhit/1.1 (+http://www.facebook.com/externalhit_uatext.php)"
157.90.182.25 - - [02/Nov/2023:05:55:56 +0100] "GET /softy-cotton-fleece-mattress-p-54411.html HTTP/1.0" 200 79310 "-" "Mozilla/5.0 (compatible; BLEXBot/1.0; +http://webmeup-crawler.com/)"
157.90.182.25 - - [02/Nov/2023:05:56:02 +0100] "GET /softy-cotton-fleece-mattress-p-56954.html HTTP/1.0" 200 79310 "-" "Mozilla/5.0 (compatible; BLEXBot/1.0; +http://webmeup-crawler.com/)"
173.252.83.11 - - [02/Nov/2023:05:56:05 +0100] "GET /images/mini_prod/8424346229154.jpg HTTP/1.0" 200 269 "-" "facebookexternalhit/1.1 (+http://www.facebook.com/externalhit_uatext.php)"
173.252.83.13 - - [02/Nov/2023:05:56:06 +0100] "GET /images/mini_prod/8718657462448.jpg HTTP/1.0" 200 269 "-" "facebookexternalhit/1.1 (+http://www.facebook.com/externalhit_uatext.php)"
157.90.182.25 - - [02/Nov/2023:05:56:09 +0100] "GET /softy-cotton-fleece-mattress-p-56955.html HTTP/1.0" 200 79310 "-" "Mozilla/5.0 (compatible; BLEXBot/1.0; +http://webmeup-crawler.com/)"
157.90.182.25 - - [02/Nov/2023:05:56:14 +0100] "GET /solar-powered-shark-dancing-p-38828.html HTTP/1.0" 200 79430 "-" "Mozilla/5.0 (compatible; BLEXBot/1.0; +http://webmeup-crawler.com/)"
216.244.66.242 - - [02/Nov/2023:05:56:15 +0100] "GET /cats-saucer-p-48615.html HTTP/1.0" 200 76789 "-" "Mozilla/5.0 (compatible; DotBot/1.2; +https://opensiteexplorer.org/dotbot; help@moz.com)"
173.252.83.5 - - [02/Nov/2023:05:56:19 +0100] "GET /images/mini_prod/8009233800465B.jpg HTTP/1.0" 301 581 "-" "facebookexternalhit/1.1 (+http://www.facebook.com/externalhit_uatext.php)"
173.252.83.5 - - [02/Nov/2023:05:56:19 +0100] "GET /images/mini_prod/8009233800465B.jpg HTTP/1.0" 200 270 "-" "facebookexternalhit/1.1 (+http://www.facebook.com/externalhit_uatext.php)"
157.90.182.25 - - [02/Nov/2023:05:56:21 +0100] "GET /solar-powered-sunflower-dancing-p-33552.html HTTP/1.0" 200 79462 "-" "Mozilla/5.0 (compatible; BLEXBot/1.0; +http://webmeup-crawler.com/)"
157.90.182.25 - - [02/Nov/2023:05:56:30 +0100] "GET /sommelier-accessories-p-46564.html HTTP/1.0" 200 79880 "-" "Mozilla/5.0 (compatible; BLEXBot/1.0; +http://webmeup-crawler.com/)"
216.244.66.242 - - [02/Nov/2023:05:56:30 +0100] "GET /golden-buddha-incense-grams-about-sticks-p-35493.html HTTP/1.0" 200 76875 "-" "Mozilla/5.0 (compatible; DotBot/1.2; +https://opensiteexplorer.org/dotbot; help@moz.com)"
157.90.182.25 - - [02/Nov/2023:05:56:35 +0100] "GET /sonny-angel-animals-series-figure-version-p-47269.html HTTP/1.0" 200 81382 "-" "Mozilla/5.0 (compatible; BLEXBot/1.0; +http://webmeup-crawler.com/)"
157.90.182.25 - - [02/Nov/2023:05:56:42 +0100] "GET /sonny-angel-animals-series-figure-version-p-47270.html HTTP/1.0" 200 81382 "-" "Mozilla/5.0 (compatible; BLEXBot/1.0; +http://webmeup-crawler.com/)"
157.90.182.25 - - [02/Nov/2023:05:56:47 +0100] "GET /sonny-angel-animals-series-figure-version-p-47271.html HTTP/1.0" 200 81418 "-" "Mozilla/5.0 (compatible; BLEXBot/1.0; +http://webmeup-crawler.com/)"
216.244.66.242 - - [02/Nov/2023:05:56:48 +0100] "GET /magnetic-decoration-hourglass-p-59618.html HTTP/1.0" 200 80434 "-" "Mozilla/5.0 (compatible; DotBot/1.2; +https://opensiteexplorer.org/dotbot; help@moz.com)"
157.90.182.25 - - [02/Nov/2023:05:56:53 +0100] "GET /sonny-angel-birthday-gift-bear-series-figure-individually-p-54726.html HTTP/1.0" 200 80192 "-" "Mozilla/5.0 (compatible; BLEXBot/1.0; +http://webmeup-crawler.com/)"
157.90.182.25 - - [02/Nov/2023:05:57:00 +0100] "GET /sonny-angel-figure-marine-series-p-50985.html HTTP/1.0" 200 80063 "-" "Mozilla/5.0 (compatible; BLEXBot/1.0; +http://webmeup-crawler.com/)"
216.244.66.242 - - [02/Nov/2023:05:57:02 +0100] "GET /zippo-genuine-flints-p-29791.html HTTP/1.0" 200 79189 "-" "Mozilla/5.0 (compatible; DotBot/1.2; +https://opensiteexplorer.org/dotbot; help@moz.com)"
157.90.182.25 - - [02/Nov/2023:05:57:06 +0100] "GET /sonny-angel-figure-sweets-series-p-59850.html HTTP/1.0" 200 80072 "-" "Mozilla/5.0 (compatible; BLEXBot/1.0; +http://webmeup-crawler.com/)"
157.90.182.25 - - [02/Nov/2023:05:57:11 +0100] "GET /sonny-angel-mini-stickers-p-19428.html HTTP/1.0" 200 79180 "-" "Mozilla/5.0 (compatible; BLEXBot/1.0; +http://webmeup-crawler.com/)"
54.36.149.6 - - [02/Nov/2023:05:57:13 +0100] "GET /yellow-vintage-motorcycle-coat-rack-p-46692.html HTTP/1.0" 200 76837 "-" "Mozilla/5.0 (compatible; AhrefsBot/7.0; +http://ahrefs.com/robot/)"
157.90.182.25 - - [02/Nov/2023:05:57:17 +0100] "GET /sonny-angel-vegetable-series-version-p-51490.html HTTP/1.0" 200 80145 "-" "Mozilla/5.0 (compatible; BLEXBot/1.0; +http://webmeup-crawler.com/)"
157.90.182.25 - - [02/Nov/2023:05:57:23 +0100] "GET /specials.php?page=10 HTTP/1.0" 200 123210 "-" "Mozilla/5.0 (compatible; BLEXBot/1.0; +http://webmeup-crawler.com/)"
157.90.182.25 - - [02/Nov/2023:05:57:30 +0100] "GET /specials.php?page=11 HTTP/1.0" 200 123494 "-" "Mozilla/5.0 (compatible; BLEXBot/1.0; +http://webmeup-crawler.com/)"
119.8.243.214 - - [02/Nov/2023:05:57:35 +0100] "GET /images/mini_prod/3661443279476.jpg HTTP/1.0" 200 269 "-" "Mozilla/5.0 (X11; Ubuntu; Linux x86_64; rv:72.0) Gecko/20100101 Firefox/72.0"
157.90.182.25 - - [02/Nov/2023:05:57:38 +0100] "GET /specials.php?page=2 HTTP/1.0" 200 123142 "-" "Mozilla/5.0 (compatible; BLEXBot/1.0; +http://webmeup-crawler.com/)"
52.167.144.216 - - [02/Nov/2023:05:57:41 +0100] "GET /smokers-items-c-3_112.html?page=5 HTTP/1.0" 200 98121 "-" "Mozilla/5.0 AppleWebKit/537.36 (KHTML, like Gecko; compatible; bingbot/2.0; +http://www.bing.com/bingbot.htm) Chrome/103.0.5060.134 Safari/537.36"
173.252.83.5 - - [02/Nov/2023:05:57:46 +0100] "GET /images/mini_prod/1384010207369.jpg HTTP/1.0" 200 269 "-" "facebookexternalhit/1.1 (+http://www.facebook.com/externalhit_uatext.php)"
157.90.182.25 - - [02/Nov/2023:05:57:46 +0100] "GET /specials.php?page=3 HTTP/1.0" 200 122999 "-" "Mozilla/5.0 (compatible; BLEXBot/1.0; +http://webmeup-crawler.com/)"
157.90.182.25 - - [02/Nov/2023:05:57:53 +0100] "GET /specials.php?page=4 HTTP/1.0" 200 123282 "-" "Mozilla/5.0 (compatible; BLEXBot/1.0; +http://webmeup-crawler.com/)"
157.90.182.25 - - [02/Nov/2023:05:58:02 +0100] "GET /specials.php?page=5 HTTP/1.0" 200 123155 "-" "Mozilla/5.0 (compatible; BLEXBot/1.0; +http://webmeup-crawler.com/)"
157.90.182.25 - - [02/Nov/2023:05:58:12 +0100] "GET /specials.php?page=6 HTTP/1.0" 200 123543 "-" "Mozilla/5.0 (compatible; BLEXBot/1.0; +http://webmeup-crawler.com/)"
157.90.182.25 - - [02/Nov/2023:05:58:18 +0100] "GET /specials.php?page=7 HTTP/1.0" 200 123499 "-" "Mozilla/5.0 (compatible; BLEXBot/1.0; +http://webmeup-crawler.com/)"
157.90.182.25 - - [02/Nov/2023:05:58:26 +0100] "GET /specials.php?page=8 HTTP/1.0" 200 123586 "-" "Mozilla/5.0 (compatible; BLEXBot/1.0; +http://webmeup-crawler.com/)"
157.90.182.25 - - [02/Nov/2023:05:58:33 +0100] "GET /specials.php?page=9 HTTP/1.0" 200 123449 "-" "Mozilla/5.0 (compatible; BLEXBot/1.0; +http://webmeup-crawler.com/)"
157.90.182.25 - - [02/Nov/2023:05:58:39 +0100] "GET /spectra-vondergeist-figure-p-22567.html HTTP/1.0" 200 79174 "-" "Mozilla/5.0 (compatible; BLEXBot/1.0; +http://webmeup-crawler.com/)"
157.90.182.25 - - [02/Nov/2023:05:58:47 +0100] "GET /speed-master-glass-clock-p-55081.html HTTP/1.0" 200 79213 "-" "Mozilla/5.0 (compatible; BLEXBot/1.0; +http://webmeup-crawler.com/)"
173.252.83.119 - - [02/Nov/2023:05:58:52 +0100] "GET /images/mini_prod/45544904568.jpg HTTP/1.0" 404 1308 "-" "facebookexternalhit/1.1 (+http://www.facebook.com/externalhit_uatext.php)"
157.90.182.25 - - [02/Nov/2023:05:58:52 +0100] "GET /spice-furniture-wooden-turnstile-p-47326.html HTTP/1.0" 200 79979 "-" "Mozilla/5.0 (compatible; BLEXBot/1.0; +http://webmeup-crawler.com/)"
157.90.182.25 - - [02/Nov/2023:05:58:57 +0100] "GET /spice-with-sprinkler-poudre-perlimpinpin-p-46515.html HTTP/1.0" 200 79173 "-" "Mozilla/5.0 (compatible; BLEXBot/1.0; +http://webmeup-crawler.com/)"
157.90.182.25 - - [02/Nov/2023:05:59:02 +0100] "GET /spice-with-sprinkler-vous-tenez-p-46514.html HTTP/1.0" 200 79161 "-" "Mozilla/5.0 (compatible; BLEXBot/1.0; +http://webmeup-crawler.com/)"
157.90.182.25 - - [02/Nov/2023:05:59:10 +0100] "GET /spiderman-blue-swimsuit-p-30823.html HTTP/1.0" 200 80253 "-" "Mozilla/5.0 (compatible; BLEXBot/1.0; +http://webmeup-crawler.com/)"
157.90.182.25 - - [02/Nov/2023:05:59:15 +0100] "GET /spiderman-glasses-p-2388.html HTTP/1.0" 200 79643 "-" "Mozilla/5.0 (compatible; BLEXBot/1.0; +http://webmeup-crawler.com/)"
43.134.35.92 - - [02/Nov/2023:05:59:20 +0100] "GET /images/mini_prod/MISES-EN-SITUATION-D02.jpg HTTP/1.0" 200 278 "-" "Mozilla/5.0 (Macintosh; Intel Mac OS X 10_12_6) AppleWebKit/537.36 (KHTML, like Gecko) Opera/87.0.116.107 Safari/537.36"
157.90.182.25 - - [02/Nov/2023:05:59:21 +0100] "GET /spiderman-mattress-swimming-pool-p-14357.html HTTP/1.0" 200 79504 "-" "Mozilla/5.0 (compatible; BLEXBot/1.0; +http://webmeup-crawler.com/)"
157.90.182.25 - - [02/Nov/2023:05:59:27 +0100] "GET /spiderman-melamine-bowl-p-17119.html HTTP/1.0" 200 79781 "-" "Mozilla/5.0 (compatible; BLEXBot/1.0; +http://webmeup-crawler.com/)"
157.90.182.25 - - [02/Nov/2023:05:59:33 +0100] "GET /spiderman-pairs-socks-size-p-46846.html HTTP/1.0" 200 79097 "-" "Mozilla/5.0 (compatible; BLEXBot/1.0; +http://webmeup-crawler.com/)"
157.90.182.25 - - [02/Nov/2023:05:59:39 +0100] "GET /spiderman-small-flexible-molds-model-blue-p-58359.html HTTP/1.0" 200 80002 "-" "Mozilla/5.0 (compatible; BLEXBot/1.0; +http://webmeup-crawler.com/)"
157.90.182.25 - - [02/Nov/2023:05:59:47 +0100] "GET /spiderman-small-flexible-molds-p-58360.html HTTP/1.0" 200 79892 "-" "Mozilla/5.0 (compatible; BLEXBot/1.0; +http://webmeup-crawler.com/)"
207.46.13.141 - - [02/Nov/2023:05:59:51 +0100] "GET /eccentric-p-39705.html HTTP/1.0" 200 79000 "-" "Mozilla/5.0 AppleWebKit/537.36 (KHTML, like Gecko; compatible; bingbot/2.0; +http://www.bing.com/bingbot.htm) Chrome/103.0.5060.134 Safari/537.36"
157.90.182.25 - - [02/Nov/2023:05:59:53 +0100] "GET /spiderman-small-flexible-molds-p-58361.html HTTP/1.0" 200 79892 "-" "Mozilla/5.0 (compatible; BLEXBot/1.0; +http://webmeup-crawler.com/)"
207.46.13.141 - - [02/Nov/2023:05:59:54 +0100] "GET /zippo-lighter-pirate-ship-p-61046.html HTTP/1.0" 200 80004 "-" "Mozilla/5.0 AppleWebKit/537.36 (KHTML, like Gecko; compatible; bingbot/2.0; +http://www.bing.com/bingbot.htm) Chrome/103.0.5060.134 Safari/537.36"
207.46.13.141 - - [02/Nov/2023:05:59:57 +0100] "GET /bowls-c-12_60.html?page=2 HTTP/1.0" 200 97490 "-" "Mozilla/5.0 AppleWebKit/537.36 (KHTML, like Gecko; compatible; bingbot/2.0; +http://www.bing.com/bingbot.htm) Chrome/103.0.5060.134 Safari/537.36"
157.90.182.25 - - [02/Nov/2023:06:00:00 +0100] "GET /spiderman-straws-p-16546.html HTTP/1.0" 200 79247 "-" "Mozilla/5.0 (compatible; BLEXBot/1.0; +http://webmeup-crawler.com/)"
157.90.182.25 - - [02/Nov/2023:06:00:05 +0100] "GET /spiderman-swimsuit-p-30822.html HTTP/1.0" 200 80212 "-" "Mozilla/5.0 (compatible; BLEXBot/1.0; +http://webmeup-crawler.com/)"
44.211.134.32 - - [02/Nov/2023:06:00:11 +0100] "GET /images/mini_prod/3519570204031.jpg HTTP/1.0" 200 269 "-" "Mozilla/5.0 (X11; Ubuntu; Linux x86_64; rv:72.0) Gecko/20100101 Firefox/72.0"
157.90.182.25 - - [02/Nov/2023:06:00:15 +0100] "GET /spiderman-yellow-swimsuit-p-30821.html HTTP/1.0" 200 80244 "-" "Mozilla/5.0 (compatible; BLEXBot/1.0; +http://webmeup-crawler.com/)"
157.90.182.25 - - [02/Nov/2023:06:00:21 +0100] "GET /spirits-decanter-gift-liter-p-58855.html HTTP/1.0" 200 79836 "-" "Mozilla/5.0 (compatible; BLEXBot/1.0; +http://webmeup-crawler.com/)"
54.36.149.104 - - [02/Nov/2023:06:00:27 +0100] "GET /decorative-plaque-wood-flip-flops-p-48597.html HTTP/1.0" 200 79856 "-" "Mozilla/5.0 (compatible; AhrefsBot/7.0; +http://ahrefs.com/robot/)"
157.55.39.58 - - [02/Nov/2023:06:00:31 +0100] "GET /js/jquery.masonry.min.js HTTP/1.0" 200 264 "-" "Mozilla/5.0 AppleWebKit/537.36 (KHTML, like Gecko; compatible; bingbot/2.0; +http://www.bing.com/bingbot.htm) Chrome/103.0.5060.134 Safari/537.36"
157.90.182.25 - - [02/Nov/2023:06:00:29 +0100] "GET /splendid-skaters-victorian-mickey-minnie-mouse-waterbal-p-56581.html HTTP/1.0" 200 80890 "-" "Mozilla/5.0 (compatible; BLEXBot/1.0; +http://webmeup-crawler.com/)"
54.36.148.96 - - [02/Nov/2023:06:00:35 +0100] "GET /images/big_prod/8718317686245.jpg HTTP/1.0" 200 268 "-" "Mozilla/5.0 (compatible; AhrefsBot/7.0; +http://ahrefs.com/robot/)"
173.252.83.2 - - [02/Nov/2023:06:00:36 +0100] "GET /images/mini_prod/3521320800622.jpg HTTP/1.0" 404 1308 "-" "facebookexternalhit/1.1 (+http://www.facebook.com/externalhit_uatext.php)"
157.90.182.25 - - [02/Nov/2023:06:00:36 +0100] "GET /sponge-melamine-bowl-p-17120.html HTTP/1.0" 200 79163 "-" "Mozilla/5.0 (compatible; BLEXBot/1.0; +http://webmeup-crawler.com/)"
157.90.182.25 - - [02/Nov/2023:06:00:43 +0100] "GET /sponge-towel-holder-cats-p-55936.html HTTP/1.0" 200 79686 "-" "Mozilla/5.0 (compatible; BLEXBot/1.0; +http://webmeup-crawler.com/)"
157.90.182.25 - - [02/Nov/2023:06:00:49 +0100] "GET /sponge-training-bottle-p-17161.html HTTP/1.0" 200 79236 "-" "Mozilla/5.0 (compatible; BLEXBot/1.0; +http://webmeup-crawler.com/)"
47.128.46.141 - - [02/Nov/2023:06:00:52 +0100] "GET /swfobject.js HTTP/1.0" 404 1308 "http://www.wonder-geek.com/products_new.php?page=10" "Mozilla/5.0 (compatible; Bytespider; spider-feedback@bytedance.com) AppleWebKit/537.36 (KHTML, like Gecko) Chrome/70.0.0.0 Safari/537.36"
47.128.46.141 - - [02/Nov/2023:06:00:49 +0100] "GET /products_new.php?page=10 HTTP/1.0" 200 91001 "-" "Mozilla/5.0 (compatible; Bytespider; spider-feedback@bytedance.com) AppleWebKit/537.36 (KHTML, like Gecko) Chrome/70.0.0.0 Safari/537.36"
47.128.46.141 - - [02/Nov/2023:06:00:56 +0100] "GET /images/table_background_products_new.gif HTTP/1.0" 200 1094 "http://www.wonder-geek.com/products_new.php?page=10" "Mozilla/5.0 (compatible; Bytespider; spider-feedback@bytedance.com) AppleWebKit/537.36 (KHTML, like Gecko) Chrome/70.0.0.0 Safari/537.36"
157.90.182.25 - - [02/Nov/2023:06:00:55 +0100] "GET /spongebob-food-melamine-plate-p-54787.html HTTP/1.0" 200 79092 "-" "Mozilla/5.0 (compatible; BLEXBot/1.0; +http://webmeup-crawler.com/)"
47.128.46.141 - - [02/Nov/2023:06:00:57 +0100] "GET /js/jquery.min.js HTTP/1.0" 404 1308 "http://www.wonder-geek.com/products_new.php?page=10" "Mozilla/5.0 (compatible; Bytespider; spider-feedback@bytedance.com) AppleWebKit/537.36 (KHTML, like Gecko) Chrome/70.0.0.0 Safari/537.36"
47.128.46.141 - - [02/Nov/2023:06:00:58 +0100] "GET /highslide/graphics/zoomout.cur HTTP/1.0" 200 614 "http://www.wonder-geek.com/products_new.php?page=10" "Mozilla/5.0 (compatible; Bytespider; spider-feedback@bytedance.com) AppleWebKit/537.36 (KHTML, like Gecko) Chrome/70.0.0.0 Safari/537.36"
47.128.46.141 - - [02/Nov/2023:06:00:58 +0100] "GET /highslide/graphics/outlines/drop-shadow.png HTTP/1.0" 200 277 "http://www.wonder-geek.com/products_new.php?page=10" "Mozilla/5.0 (compatible; Bytespider; spider-feedback@bytedance.com) AppleWebKit/537.36 (KHTML, like Gecko) Chrome/70.0.0.0 Safari/537.36"
157.90.182.25 - - [02/Nov/2023:06:01:04 +0100] "GET /spongebob-metal-money-p-8592.html HTTP/1.0" 200 79160 "-" "Mozilla/5.0 (compatible; BLEXBot/1.0; +http://webmeup-crawler.com/)"
216.244.66.242 - - [02/Nov/2023:06:01:06 +0100] "GET /calimero-blue-cushion-p-22185.html HTTP/1.0" 200 79215 "-" "Mozilla/5.0 (compatible; DotBot/1.2; +https://opensiteexplorer.org/dotbot; help@moz.com)"
157.90.182.25 - - [02/Nov/2023:06:01:11 +0100] "GET /spongebob-names-shirt-p-29557.html HTTP/1.0" 200 80491 "-" "Mozilla/5.0 (compatible; BLEXBot/1.0; +http://webmeup-crawler.com/)"
173.252.83.118 - - [02/Nov/2023:06:01:14 +0100] "GET /images/mini_prod/8409810063755.jpg HTTP/1.0" 200 269 "-" "facebookexternalhit/1.1 (+http://www.facebook.com/externalhit_uatext.php)"
157.90.182.25 - - [02/Nov/2023:06:01:16 +0100] "GET /spongebob-picnic-p-54627.html HTTP/1.0" 200 80128 "-" "Mozilla/5.0 (compatible; BLEXBot/1.0; +http://webmeup-crawler.com/)"
216.244.66.242 - - [02/Nov/2023:06:01:18 +0100] "GET /hats-and-caps-c-1_44.html?page=2 HTTP/1.0" 301 88396 "-" "Mozilla/5.0 (compatible; DotBot/1.2; +https://opensiteexplorer.org/dotbot; help@moz.com)"
34.227.14.165 - - [02/Nov/2023:06:01:20 +0100] "GET /images/big_prod_1/b8435333821862.jpg HTTP/1.0" 200 271 "-" "Mozilla/5.0 (X11; Ubuntu; Linux x86_64; rv:72.0) Gecko/20100101 Firefox/72.0"
157.90.182.25 - - [02/Nov/2023:06:01:24 +0100] "GET /spongebob-shirt-p-29556.html HTTP/1.0" 200 80156 "-" "Mozilla/5.0 (compatible; BLEXBot/1.0; +http://webmeup-crawler.com/)"
157.90.182.25 - - [02/Nov/2023:06:01:29 +0100] "GET /springy-potholder-p-54731.html HTTP/1.0" 200 79054 "-" "Mozilla/5.0 (compatible; BLEXBot/1.0; +http://webmeup-crawler.com/)"
157.90.182.25 - - [02/Nov/2023:06:01:34 +0100] "GET /sprint-watch-p-22632.html HTTP/1.0" 200 79094 "-" "Mozilla/5.0 (compatible; BLEXBot/1.0; +http://webmeup-crawler.com/)"
157.90.182.25 - - [02/Nov/2023:06:01:41 +0100] "GET /square-coasters-with-personalized-pictures-p-16333.html HTTP/1.0" 200 79764 "-" "Mozilla/5.0 (compatible; BLEXBot/1.0; +http://webmeup-crawler.com/)"
157.90.182.25 - - [02/Nov/2023:06:01:49 +0100] "GET /stade-toulousain-litre-p-31419.html HTTP/1.0" 200 79715 "-" "Mozilla/5.0 (compatible; BLEXBot/1.0; +http://webmeup-crawler.com/)"
157.90.182.25 - - [02/Nov/2023:06:01:55 +0100] "GET /stained-pine-wood-chest-p-53486.html HTTP/1.0" 200 79896 "-" "Mozilla/5.0 (compatible; BLEXBot/1.0; +http://webmeup-crawler.com/)"
157.90.182.25 - - [02/Nov/2023:06:02:01 +0100] "GET /stainless-steel-flask-p-59341.html HTTP/1.0" 200 79053 "-" "Mozilla/5.0 (compatible; BLEXBot/1.0; +http://webmeup-crawler.com/)"
173.252.83.116 - - [02/Nov/2023:06:02:05 +0100] "GET /images/mini_prod/8424001471478.jpg HTTP/1.0" 200 269 "-" "facebookexternalhit/1.1 (+http://www.facebook.com/externalhit_uatext.php)"
157.90.182.25 - - [02/Nov/2023:06:02:07 +0100] "GET /stainless-steel-knife-secured-rescue-p-37495.html HTTP/1.0" 200 79933 "-" "Mozilla/5.0 (compatible; BLEXBot/1.0; +http://webmeup-crawler.com/)"
195.234.109.22 - - [02/Nov/2023:06:02:10 +0100] "GET /images/big_prod/3609810048249.jpg HTTP/1.0" 200 268 "-" "Photon/1.0"
157.90.182.25 - - [02/Nov/2023:06:02:13 +0100] "GET /stainless-steel-mustache-flask-p-59103.html HTTP/1.0" 200 79707 "-" "Mozilla/5.0 (compatible; BLEXBot/1.0; +http://webmeup-crawler.com/)"
157.90.182.25 - - [02/Nov/2023:06:02:19 +0100] "GET /stainless-steel-piece-barbecue-p-41218.html HTTP/1.0" 200 79205 "-" "Mozilla/5.0 (compatible; BLEXBot/1.0; +http://webmeup-crawler.com/)"
157.90.182.25 - - [02/Nov/2023:06:02:26 +0100] "GET /stainless-steel-piece-barbecue-p-48878.html HTTP/1.0" 200 80093 "-" "Mozilla/5.0 (compatible; BLEXBot/1.0; +http://webmeup-crawler.com/)"
157.90.182.25 - - [02/Nov/2023:06:02:34 +0100] "GET /star-adult-cbkration-p-36521.html HTTP/1.0" 200 79178 "-" "Mozilla/5.0 (compatible; BLEXBot/1.0; +http://webmeup-crawler.com/)"
157.90.182.25 - - [02/Nov/2023:06:02:39 +0100] "GET /star-hanging-tree-decoration-p-56571.html HTTP/1.0" 200 79815 "-" "Mozilla/5.0 (compatible; BLEXBot/1.0; +http://webmeup-crawler.com/)"
157.90.182.25 - - [02/Nov/2023:06:02:45 +0100] "GET /star-trendy-earphone-p-48311.html HTTP/1.0" 200 79353 "-" "Mozilla/5.0 (compatible; BLEXBot/1.0; +http://webmeup-crawler.com/)"
157.90.182.25 - - [02/Nov/2023:06:02:52 +0100] "GET /star-wars-blue-training-bottle-p-29945.html HTTP/1.0" 200 79185 "-" "Mozilla/5.0 (compatible; BLEXBot/1.0; +http://webmeup-crawler.com/)"
157.90.182.25 - - [02/Nov/2023:06:02:58 +0100] "GET /star-wars-dameron-figure-p-34608.html HTTP/1.0" 200 79299 "-" "Mozilla/5.0 (compatible; BLEXBot/1.0; +http://webmeup-crawler.com/)"
157.90.182.25 - - [02/Nov/2023:06:03:04 +0100] "GET /star-wars-inflatable-swimming-ring-p-50680.html HTTP/1.0" 200 79232 "-" "Mozilla/5.0 (compatible; BLEXBot/1.0; +http://webmeup-crawler.com/)"
47.76.48.253 - - [02/Nov/2023:06:03:10 +0100] "GET /images/mini_prod/1399984241882.jpg HTTP/1.0" 200 269 "-" "Mozilla/5.0 (X11; Ubuntu; Linux x86_64; rv:72.0) Gecko/20100101 Firefox/72.0"
52.167.144.216 - - [02/Nov/2023:06:03:11 +0100] "GET /soft-toys-security-blanket-c-4_46.html HTTP/1.0" 200 97927 "-" "Mozilla/5.0 AppleWebKit/537.36 (KHTML, like Gecko; compatible; bingbot/2.0; +http://www.bing.com/bingbot.htm) Chrome/103.0.5060.134 Safari/537.36"
157.90.182.25 - - [02/Nov/2023:06:03:12 +0100] "GET /star-wars-p-34886.html HTTP/1.0" 200 79231 "-" "Mozilla/5.0 (compatible; BLEXBot/1.0; +http://webmeup-crawler.com/)"
157.90.182.25 - - [02/Nov/2023:06:03:20 +0100] "GET /star-wars-rebels-stickers-p-31214.html HTTP/1.0" 200 79143 "-" "Mozilla/5.0 (compatible; BLEXBot/1.0; +http://webmeup-crawler.com/)"
54.36.149.15 - - [02/Nov/2023:06:03:24 +0100] "GET /frame-canvas-puppies-p-26141.html HTTP/1.0" 200 79093 "-" "Mozilla/5.0 (compatible; AhrefsBot/7.0; +http://ahrefs.com/robot/)"
157.90.182.25 - - [02/Nov/2023:06:03:27 +0100] "GET /star-wars-rectangular-mirror-p-31609.html HTTP/1.0" 200 79099 "-" "Mozilla/5.0 (compatible; BLEXBot/1.0; +http://webmeup-crawler.com/)"
54.36.148.37 - - [02/Nov/2023:06:03:32 +0100] "GET /images/big_prod/1399984249406a.jpg HTTP/1.0" 200 269 "-" "Mozilla/5.0 (compatible; AhrefsBot/7.0; +http://ahrefs.com/robot/)"
157.90.182.25 - - [02/Nov/2023:06:03:34 +0100] "GET /star-wars-resistance-trooper-figure-p-34604.html HTTP/1.0" 200 79363 "-" "Mozilla/5.0 (compatible; BLEXBot/1.0; +http://webmeup-crawler.com/)"
157.90.182.25 - - [02/Nov/2023:06:03:41 +0100] "GET /star-wars-vehicle-miniature-with-miniature-character-p-33427.html HTTP/1.0" 200 79504 "-" "Mozilla/5.0 (compatible; BLEXBot/1.0; +http://webmeup-crawler.com/)"
157.90.182.25 - - [02/Nov/2023:06:03:49 +0100] "GET /star-wars-yoda-stackable-lunch-p-34030.html HTTP/1.0" 200 79333 "-" "Mozilla/5.0 (compatible; BLEXBot/1.0; +http://webmeup-crawler.com/)"
157.90.182.25 - - [02/Nov/2023:06:03:56 +0100] "GET /stationery-c-129_191.html?page=2 HTTP/1.0" 200 96041 "-" "Mozilla/5.0 (compatible; BLEXBot/1.0; +http://webmeup-crawler.com/)"
157.90.182.25 - - [02/Nov/2023:06:04:04 +0100] "GET /stationery-cardmaking-c-129.html?page=10 HTTP/1.0" 200 98186 "-" "Mozilla/5.0 (compatible; BLEXBot/1.0; +http://webmeup-crawler.com/)"
157.90.182.25 - - [02/Nov/2023:06:04:11 +0100] "GET /stationery-cardmaking-c-129.html?page=11 HTTP/1.0" 200 98634 "-" "Mozilla/5.0 (compatible; BLEXBot/1.0; +http://webmeup-crawler.com/)"
157.90.182.25 - - [02/Nov/2023:06:04:19 +0100] "GET /stationery-cardmaking-c-129.html?page=2 HTTP/1.0" 200 99145 "-" "Mozilla/5.0 (compatible; BLEXBot/1.0; +http://webmeup-crawler.com/)"
157.90.182.25 - - [02/Nov/2023:06:04:26 +0100] "GET /stationery-cardmaking-c-129.html?page=3 HTTP/1.0" 200 98805 "-" "Mozilla/5.0 (compatible; BLEXBot/1.0; +http://webmeup-crawler.com/)"
157.90.182.25 - - [02/Nov/2023:06:04:34 +0100] "GET /stationery-cardmaking-c-129.html?page=4 HTTP/1.0" 200 98705 "-" "Mozilla/5.0 (compatible; BLEXBot/1.0; +http://webmeup-crawler.com/)"
157.90.182.25 - - [02/Nov/2023:06:04:41 +0100] "GET /stationery-cardmaking-c-129.html?page=5 HTTP/1.0" 200 99108 "-" "Mozilla/5.0 (compatible; BLEXBot/1.0; +http://webmeup-crawler.com/)"
157.90.182.25 - - [02/Nov/2023:06:04:48 +0100] "GET /stationery-cardmaking-c-129.html?page=6 HTTP/1.0" 200 100606 "-" "Mozilla/5.0 (compatible; BLEXBot/1.0; +http://webmeup-crawler.com/)"
207.46.13.141 - - [02/Nov/2023:06:04:54 +0100] "GET /london-salt-pepper-p-28851.html HTTP/1.0" 200 76812 "-" "Mozilla/5.0 AppleWebKit/537.36 (KHTML, like Gecko; compatible; bingbot/2.0; +http://www.bing.com/bingbot.htm) Chrome/103.0.5060.134 Safari/537.36"
157.90.182.25 - - [02/Nov/2023:06:04:55 +0100] "GET /stationery-cardmaking-c-129.html?page=7 HTTP/1.0" 200 98381 "-" "Mozilla/5.0 (compatible; BLEXBot/1.0; +http://webmeup-crawler.com/)"
157.90.182.25 - - [02/Nov/2023:06:05:02 +0100] "GET /stationery-cardmaking-c-129.html?page=8 HTTP/1.0" 200 98860 "-" "Mozilla/5.0 (compatible; BLEXBot/1.0; +http://webmeup-crawler.com/)"
157.90.182.25 - - [02/Nov/2023:06:05:10 +0100] "GET /stationery-cardmaking-c-129.html?page=9 HTTP/1.0" 200 98983 "-" "Mozilla/5.0 (compatible; BLEXBot/1.0; +http://webmeup-crawler.com/)"
157.90.182.25 - - [02/Nov/2023:06:05:18 +0100] "GET /statue-liberty-cookware-cbkreation-p-23969.html HTTP/1.0" 200 79195 "-" "Mozilla/5.0 (compatible; BLEXBot/1.0; +http://webmeup-crawler.com/)"
157.90.182.25 - - [02/Nov/2023:06:05:23 +0100] "GET /statue-p-41894.html HTTP/1.0" 200 79126 "-" "Mozilla/5.0 (compatible; BLEXBot/1.0; +http://webmeup-crawler.com/)"
157.90.182.25 - - [02/Nov/2023:06:05:31 +0100] "GET /statuettes-animal-figurines-c-292_291.html?page=2 HTTP/1.0" 200 99648 "-" "Mozilla/5.0 (compatible; BLEXBot/1.0; +http://webmeup-crawler.com/)"
157.90.182.25 - - [02/Nov/2023:06:05:37 +0100] "GET /statuettes-animal-figurines-c-292_291.html?page=3 HTTP/1.0" 200 99143 "-" "Mozilla/5.0 (compatible; BLEXBot/1.0; +http://webmeup-crawler.com/)"
157.90.182.25 - - [02/Nov/2023:06:05:46 +0100] "GET /statuettes-animal-figurines-c-292_291.html?page=4 HTTP/1.0" 200 99324 "-" "Mozilla/5.0 (compatible; BLEXBot/1.0; +http://webmeup-crawler.com/)"
157.90.182.25 - - [02/Nov/2023:06:05:54 +0100] "GET /statuettes-animal-figurines-c-292_291.html?page=5 HTTP/1.0" 200 99124 "-" "Mozilla/5.0 (compatible; BLEXBot/1.0; +http://webmeup-crawler.com/)"
157.90.182.25 - - [02/Nov/2023:06:06:02 +0100] "GET /statuettes-animal-figurines-c-292_291.html?page=6 HTTP/1.0" 200 99321 "-" "Mozilla/5.0 (compatible; BLEXBot/1.0; +http://webmeup-crawler.com/)"
157.90.182.25 - - [02/Nov/2023:06:06:09 +0100] "GET /statuettes-animal-figurines-c-292_291.html?page=7 HTTP/1.0" 200 99416 "-" "Mozilla/5.0 (compatible; BLEXBot/1.0; +http://webmeup-crawler.com/)"
157.90.182.25 - - [02/Nov/2023:06:06:14 +0100] "GET /statuettes-animal-figurines-c-292_291.html?page=8 HTTP/1.0" 200 96142 "-" "Mozilla/5.0 (compatible; BLEXBot/1.0; +http://webmeup-crawler.com/)"
157.90.182.25 - - [02/Nov/2023:06:06:23 +0100] "GET /statuettes-surprise-dubout-p-59923.html HTTP/1.0" 200 80453 "-" "Mozilla/5.0 (compatible; BLEXBot/1.0; +http://webmeup-crawler.com/)"
54.36.148.139 - - [02/Nov/2023:06:06:23 +0100] "GET /decorative-wooden-plate-head-moor-black-grey-p-47837.html HTTP/1.0" 200 79528 "-" "Mozilla/5.0 (compatible; AhrefsBot/7.0; +http://ahrefs.com/robot/)"
173.252.83.1 - - [02/Nov/2023:06:06:26 +0100] "GET /images/mini_prod/3574642577475.jpg HTTP/1.0" 200 269 "-" "facebookexternalhit/1.1 (+http://www.facebook.com/externalhit_uatext.php)"
54.36.149.81 - - [02/Nov/2023:06:06:29 +0100] "GET /images/big_prod/8422099381433.jpg HTTP/1.0" 200 268 "-" "Mozilla/5.0 (compatible; AhrefsBot/7.0; +http://ahrefs.com/robot/)"
157.90.182.25 - - [02/Nov/2023:06:06:31 +0100] "GET /sticker-guitar-photo-frame-p-25041.html HTTP/1.0" 200 79322 "-" "Mozilla/5.0 (compatible; BLEXBot/1.0; +http://webmeup-crawler.com/)"
157.90.182.25 - - [02/Nov/2023:06:06:38 +0100] "GET /stitch-guitar-collection-statuette-p-51399.html HTTP/1.0" 200 80427 "-" "Mozilla/5.0 (compatible; BLEXBot/1.0; +http://webmeup-crawler.com/)"
173.252.83.11 - - [02/Nov/2023:06:06:43 +0100] "GET /images/mini_prod/5415203905550.jpg HTTP/1.0" 200 269 "-" "facebookexternalhit/1.1 (+http://www.facebook.com/externalhit_uatext.php)"
157.90.182.25 - - [02/Nov/2023:06:06:43 +0100] "GET /stitch-heart-collection-statuette-p-47669.html HTTP/1.0" 200 80868 "-" "Mozilla/5.0 (compatible; BLEXBot/1.0; +http://webmeup-crawler.com/)"
157.90.182.25 - - [02/Nov/2023:06:06:49 +0100] "GET /stitch-laying-down-collection-statuette-p-47679.html HTTP/1.0" 200 80928 "-" "Mozilla/5.0 (compatible; BLEXBot/1.0; +http://webmeup-crawler.com/)"
157.90.182.25 - - [02/Nov/2023:06:06:56 +0100] "GET /stitch-mini-figurine-p-56808.html HTTP/1.0" 200 80089 "-" "Mozilla/5.0 (compatible; BLEXBot/1.0; +http://webmeup-crawler.com/)"
173.252.83.5 - - [02/Nov/2023:06:07:01 +0100] "GET /images/mini_prod/1399984257586.jpg HTTP/1.0" 404 1308 "-" "facebookexternalhit/1.1 (+http://www.facebook.com/externalhit_uatext.php)"
157.90.182.25 - - [02/Nov/2023:06:07:03 +0100] "GET /stitch-waterball-collection-p-53512.html HTTP/1.0" 200 79624 "-" "Mozilla/5.0 (compatible; BLEXBot/1.0; +http://webmeup-crawler.com/)"
157.90.182.25 - - [02/Nov/2023:06:07:10 +0100] "GET /stone-carnelian-grams-p-46572.html HTTP/1.0" 200 80558 "-" "Mozilla/5.0 (compatible; BLEXBot/1.0; +http://webmeup-crawler.com/)"
157.90.182.25 - - [02/Nov/2023:06:07:15 +0100] "GET /stone-carnelian-grams-p-46573.html HTTP/1.0" 200 80572 "-" "Mozilla/5.0 (compatible; BLEXBot/1.0; +http://webmeup-crawler.com/)"
157.90.182.25 - - [02/Nov/2023:06:07:21 +0100] "GET /stone-green-opal-grams-p-46618.html HTTP/1.0" 200 80226 "-" "Mozilla/5.0 (compatible; BLEXBot/1.0; +http://webmeup-crawler.com/)"
34.132.176.232 - - [02/Nov/2023:06:07:23 +0100] "GET /images/mini_prod/8435333835920.jpg HTTP/1.0" 200 269 "-" "Mozilla/5.0 (X11; Ubuntu; Linux x86_64; rv:72.0) Gecko/20100101 Firefox/72.0"
173.252.83.9 - - [02/Nov/2023:06:07:26 +0100] "GET /images/mini_prod/1460051000005.jpg HTTP/1.0" 200 269 "-" "facebookexternalhit/1.1 (+http://www.facebook.com/externalhit_uatext.php)"
157.90.182.25 - - [02/Nov/2023:06:07:27 +0100] "GET /stone-green-opal-grams-p-46620.html HTTP/1.0" 200 80226 "-" "Mozilla/5.0 (compatible; BLEXBot/1.0; +http://webmeup-crawler.com/)"
34.132.176.232 - - [02/Nov/2023:06:07:30 +0100] "GET /images/mini_prod/3661443611184.jpg HTTP/1.0" 200 269 "-" "Mozilla/5.0 (X11; Ubuntu; Linux x86_64; rv:72.0) Gecko/20100101 Firefox/72.0"
157.90.182.25 - - [02/Nov/2023:06:07:35 +0100] "GET /stone-green-opal-grams-p-46621.html HTTP/1.0" 200 80226 "-" "Mozilla/5.0 (compatible; BLEXBot/1.0; +http://webmeup-crawler.com/)"
157.90.182.25 - - [02/Nov/2023:06:07:40 +0100] "GET /stone-petrified-wood-grams-p-46569.html HTTP/1.0" 200 80366 "-" "Mozilla/5.0 (compatible; BLEXBot/1.0; +http://webmeup-crawler.com/)"
157.90.182.25 - - [02/Nov/2023:06:07:45 +0100] "GET /stone-polychrome-jasper-grams-p-46581.html HTTP/1.0" 200 80386 "-" "Mozilla/5.0 (compatible; BLEXBot/1.0; +http://webmeup-crawler.com/)"
47.76.48.253 - - [02/Nov/2023:06:07:50 +0100] "GET /images/mini_prod/3609810013544.jpg HTTP/1.0" 200 269 "-" "Mozilla/5.0 (X11; Ubuntu; Linux x86_64; rv:72.0) Gecko/20100101 Firefox/72.0"
157.90.182.25 - - [02/Nov/2023:06:07:51 +0100] "GET /stone-polychrome-jasper-grams-p-46583.html HTTP/1.0" 200 80387 "-" "Mozilla/5.0 (compatible; BLEXBot/1.0; +http://webmeup-crawler.com/)"
157.90.182.25 - - [02/Nov/2023:06:07:57 +0100] "GET /stone-septarian-grams-p-46596.html HTTP/1.0" 200 80393 "-" "Mozilla/5.0 (compatible; BLEXBot/1.0; +http://webmeup-crawler.com/)"
157.90.182.25 - - [02/Nov/2023:06:08:04 +0100] "GET /stone-septarian-grams-p-46597.html HTTP/1.0" 200 80393 "-" "Mozilla/5.0 (compatible; BLEXBot/1.0; +http://webmeup-crawler.com/)"
157.90.182.25 - - [02/Nov/2023:06:08:11 +0100] "GET /stone-septarian-grams-p-46598.html HTTP/1.0" 200 80393 "-" "Mozilla/5.0 (compatible; BLEXBot/1.0; +http://webmeup-crawler.com/)"
157.90.182.25 - - [02/Nov/2023:06:08:18 +0100] "GET /stones-ceramic-bathroom-p-50736.html HTTP/1.0" 200 79158 "-" "Mozilla/5.0 (compatible; BLEXBot/1.0; +http://webmeup-crawler.com/)"
157.90.182.25 - - [02/Nov/2023:06:08:26 +0100] "GET /stones-ground-sheet-p-52153.html HTTP/1.0" 200 80084 "-" "Mozilla/5.0 (compatible; BLEXBot/1.0; +http://webmeup-crawler.com/)"
157.90.182.25 - - [02/Nov/2023:06:08:32 +0100] "GET /stones-rock-crystal-grams-p-46606.html HTTP/1.0" 200 80462 "-" "Mozilla/5.0 (compatible; BLEXBot/1.0; +http://webmeup-crawler.com/)"
157.90.182.25 - - [02/Nov/2023:06:08:39 +0100] "GET /stones-rock-crystal-grams-p-46607.html HTTP/1.0" 200 80463 "-" "Mozilla/5.0 (compatible; BLEXBot/1.0; +http://webmeup-crawler.com/)"
157.90.182.25 - - [02/Nov/2023:06:08:44 +0100] "GET /stop-books-shape-white-face-p-55540.html HTTP/1.0" 200 79826 "-" "Mozilla/5.0 (compatible; BLEXBot/1.0; +http://webmeup-crawler.com/)"
157.90.182.25 - - [02/Nov/2023:06:08:50 +0100] "GET /storage-basket-bordlique-p-55799.html HTTP/1.0" 200 79796 "-" "Mozilla/5.0 (compatible; BLEXBot/1.0; +http://webmeup-crawler.com/)"
157.90.182.25 - - [02/Nov/2023:06:08:55 +0100] "GET /storage-basket-monstera-p-55800.html HTTP/1.0" 200 79784 "-" "Mozilla/5.0 (compatible; BLEXBot/1.0; +http://webmeup-crawler.com/)"
157.90.182.25 - - [02/Nov/2023:06:09:03 +0100] "GET /storage-cups-c-12_159_264.html?page=2 HTTP/1.0" 200 97686 "-" "Mozilla/5.0 (compatible; BLEXBot/1.0; +http://webmeup-crawler.com/)"
157.90.182.25 - - [02/Nov/2023:06:09:09 +0100] "GET /storage-cups-c-12_159_264.html?page=3 HTTP/1.0" 200 85139 "-" "Mozilla/5.0 (compatible; BLEXBot/1.0; +http://webmeup-crawler.com/)"
157.90.182.25 - - [02/Nov/2023:06:09:16 +0100] "GET /story-prickles-figure-p-6754.html HTTP/1.0" 200 79209 "-" "Mozilla/5.0 (compatible; BLEXBot/1.0; +http://webmeup-crawler.com/)"
157.90.182.25 - - [02/Nov/2023:06:09:20 +0100] "GET /strawberries-butter-dish-p-51414.html HTTP/1.0" 200 79165 "-" "Mozilla/5.0 (compatible; BLEXBot/1.0; +http://webmeup-crawler.com/)"
157.90.182.25 - - [02/Nov/2023:06:09:27 +0100] "GET /strawberry-shortcake-bathrobe-size-years-p-12632.html HTTP/1.0" 200 79381 "-" "Mozilla/5.0 (compatible; BLEXBot/1.0; +http://webmeup-crawler.com/)"
157.90.182.25 - - [02/Nov/2023:06:09:35 +0100] "GET /strawberry-shortcake-blue-swimsuit-p-30285.html HTTP/1.0" 200 80563 "-" "Mozilla/5.0 (compatible; BLEXBot/1.0; +http://webmeup-crawler.com/)"
173.252.83.3 - - [02/Nov/2023:06:09:37 +0100] "GET /images/mini_prod/8499132034106.jpg HTTP/1.0" 200 269 "-" "facebookexternalhit/1.1 (+http://www.facebook.com/externalhit_uatext.php)"
157.90.182.25 - - [02/Nov/2023:06:09:43 +0100] "GET /strawberry-shortcake-embroidered-vest-p-36364.html HTTP/1.0" 200 80443 "-" "Mozilla/5.0 (compatible; BLEXBot/1.0; +http://webmeup-crawler.com/)"
111.225.149.149 - - [02/Nov/2023:06:09:47 +0100] "GET /novena-candle-nativity-p-59342.html HTTP/1.0" 200 79987 "-" "Mozilla/5.0 (Linux; Android 5.0) AppleWebKit/537.36 (KHTML, like Gecko) Mobile Safari/537.36 (compatible; Bytespider; https://zhanzhang.toutiao.com/)"
111.225.149.140 - - [02/Nov/2023:06:09:49 +0100] "GET /mondial_relay/js/jquery-1.3.2.min.js HTTP/1.0" 200 276 "http://www.wonder-geek.com/novena-candle-nativity-p-59342.html" "Mozilla/5.0 (Linux; Android 5.0) AppleWebKit/537.36 (KHTML, like Gecko) Mobile Safari/537.36 (compatible; Bytespider; https://zhanzhang.toutiao.com/)"
111.225.149.133 - - [02/Nov/2023:06:09:49 +0100] "GET /swfobject.js HTTP/1.0" 404 1308 "http://www.wonder-geek.com/novena-candle-nativity-p-59342.html" "Mozilla/5.0 (Linux; Android 5.0) AppleWebKit/537.36 (KHTML, like Gecko) Mobile Safari/537.36 (compatible; Bytespider; https://zhanzhang.toutiao.com/)"
157.90.182.25 - - [02/Nov/2023:06:09:50 +0100] "GET /strawberry-shortcake-just-dance-swimsuit-p-30286.html HTTP/1.0" 200 80616 "-" "Mozilla/5.0 (compatible; BLEXBot/1.0; +http://webmeup-crawler.com/)"
111.225.149.140 - - [02/Nov/2023:06:09:53 +0100] "GET /swfobject.js HTTP/1.0" 404 1308 "http://www.wonder-geek.com/novena-candle-nativity-p-59342.html" "Mozilla/5.0 (Linux; Android 5.0) AppleWebKit/537.36 (KHTML, like Gecko) Mobile Safari/537.36 (compatible; Bytespider; https://zhanzhang.toutiao.com/)"
111.225.149.136 - - [02/Nov/2023:06:09:55 +0100] "GET /highslide/graphics/zoomout.cur HTTP/1.0" 200 614 "http://www.wonder-geek.com/novena-candle-nativity-p-59342.html" "Mozilla/5.0 (Linux; Android 5.0) AppleWebKit/537.36 (KHTML, like Gecko) Mobile Safari/537.36 (compatible; Bytespider; https://zhanzhang.toutiao.com/)"
111.225.149.146 - - [02/Nov/2023:06:09:55 +0100] "GET /images/big_prod/3700344875551B.jpg HTTP/1.0" 200 269 "http://www.wonder-geek.com/novena-candle-nativity-p-59342.html" "Mozilla/5.0 (Linux; Android 5.0) AppleWebKit/537.36 (KHTML, like Gecko) Mobile Safari/537.36 (compatible; Bytespider; https://zhanzhang.toutiao.com/)"
54.36.148.45 - - [02/Nov/2023:06:09:55 +0100] "GET /laissez-lucie-faire-pencil-case-olga-p-38975.html HTTP/1.0" 200 79937 "-" "Mozilla/5.0 (compatible; AhrefsBot/7.0; +http://ahrefs.com/robot/)"
157.90.182.25 - - [02/Nov/2023:06:09:56 +0100] "GET /strawberry-shortcake-mattress-swimming-pool-p-48756.html HTTP/1.0" 200 79581 "-" "Mozilla/5.0 (compatible; BLEXBot/1.0; +http://webmeup-crawler.com/)"
54.36.148.1 - - [02/Nov/2023:06:09:59 +0100] "GET /images/big_prod_1/b3082208002267.jpg HTTP/1.0" 200 271 "-" "Mozilla/5.0 (compatible; AhrefsBot/7.0; +http://ahrefs.com/robot/)"
54.36.148.150 - - [02/Nov/2023:06:10:02 +0100] "GET /images/big_prod/3082208002267.jpg HTTP/1.0" 200 268 "-" "Mozilla/5.0 (compatible; AhrefsBot/7.0; +http://ahrefs.com/robot/)"
157.90.182.25 - - [02/Nov/2023:06:10:02 +0100] "GET /strawberry-shortcake-padded-jacket-p-31239.html HTTP/1.0" 200 80409 "-" "Mozilla/5.0 (compatible; BLEXBot/1.0; +http://webmeup-crawler.com/)"
157.90.182.25 - - [02/Nov/2023:06:10:12 +0100] "GET /strawberry-shortcake-pink-blue-swimsuit-p-30246.html HTTP/1.0" 200 80365 "-" "Mozilla/5.0 (compatible; BLEXBot/1.0; +http://webmeup-crawler.com/)"
157.90.182.25 - - [02/Nov/2023:06:10:17 +0100] "GET /strawberry-shortcake-pink-swimsuit-p-30284.html HTTP/1.0" 200 80316 "-" "Mozilla/5.0 (compatible; BLEXBot/1.0; +http://webmeup-crawler.com/)"
157.90.182.25 - - [02/Nov/2023:06:10:23 +0100] "GET /strawberry-shortcake-poncho-years-p-31118.html HTTP/1.0" 200 80322 "-" "Mozilla/5.0 (compatible; BLEXBot/1.0; +http://webmeup-crawler.com/)"
157.90.182.25 - - [02/Nov/2023:06:10:29 +0100] "GET /strawberry-shortcake-poncho-years-p-31119.html HTTP/1.0" 200 80329 "-" "Mozilla/5.0 (compatible; BLEXBot/1.0; +http://webmeup-crawler.com/)"
40.77.167.40 - - [02/Nov/2023:06:10:32 +0100] "GET /index.php HTTP/1.0" 200 158027 "-" "Mozilla/5.0 AppleWebKit/537.36 (KHTML, like Gecko; compatible; bingbot/2.0; +http://www.bing.com/bingbot.htm) Chrome/103.0.5060.134 Safari/537.36"
157.90.182.25 - - [02/Nov/2023:06:10:36 +0100] "GET /strawberry-shortcake-poncho-years-p-31120.html HTTP/1.0" 200 80327 "-" "Mozilla/5.0 (compatible; BLEXBot/1.0; +http://webmeup-crawler.com/)"
43.156.12.221 - - [02/Nov/2023:06:10:41 +0100] "GET /images/mini_prod/3700653591197.jpg HTTP/1.0" 200 269 "-" "Mozilla/5.0 (Macintosh; Intel Mac OS X 10_12_6) AppleWebKit/537.36 (KHTML, like Gecko) Opera/95.0.1381.36 Safari/537.36"
157.90.182.25 - - [02/Nov/2023:06:10:41 +0100] "GET /strawberry-shortcake-raincoat-p-31187.html HTTP/1.0" 200 80354 "-" "Mozilla/5.0 (compatible; BLEXBot/1.0; +http://webmeup-crawler.com/)"
157.90.182.25 - - [02/Nov/2023:06:10:47 +0100] "GET /strawberry-shortcake-scarf-p-22133.html HTTP/1.0" 200 79263 "-" "Mozilla/5.0 (compatible; BLEXBot/1.0; +http://webmeup-crawler.com/)"
157.90.182.25 - - [02/Nov/2023:06:10:54 +0100] "GET /strawberry-shortcake-sweater-p-31122.html HTTP/1.0" 200 80308 "-" "Mozilla/5.0 (compatible; BLEXBot/1.0; +http://webmeup-crawler.com/)"
157.90.182.25 - - [02/Nov/2023:06:11:00 +0100] "GET /strawberry-shortcake-swimming-ring-p-20718.html HTTP/1.0" 200 79258 "-" "Mozilla/5.0 (compatible; BLEXBot/1.0; +http://webmeup-crawler.com/)"
157.90.182.25 - - [02/Nov/2023:06:11:08 +0100] "GET /strawberry-shortcake-swimsuit-p-30289.html HTTP/1.0" 200 80241 "-" "Mozilla/5.0 (compatible; BLEXBot/1.0; +http://webmeup-crawler.com/)"
157.90.182.25 - - [02/Nov/2023:06:11:15 +0100] "GET /strawberry-shortcake-tights-model-p-34656.html HTTP/1.0" 200 80278 "-" "Mozilla/5.0 (compatible; BLEXBot/1.0; +http://webmeup-crawler.com/)"
157.90.182.25 - - [02/Nov/2023:06:11:23 +0100] "GET /strawberry-shortcake-tights-model-p-34662.html HTTP/1.0" 200 80306 "-" "Mozilla/5.0 (compatible; BLEXBot/1.0; +http://webmeup-crawler.com/)"
157.90.182.25 - - [02/Nov/2023:06:11:31 +0100] "GET /strawberry-shortcake-tights-p-50919.html HTTP/1.0" 200 79089 "-" "Mozilla/5.0 (compatible; BLEXBot/1.0; +http://webmeup-crawler.com/)"
157.90.182.25 - - [02/Nov/2023:06:11:41 +0100] "GET /strawberry-shortcake-years-p-22120.html HTTP/1.0" 200 79268 "-" "Mozilla/5.0 (compatible; BLEXBot/1.0; +http://webmeup-crawler.com/)"
173.252.83.1 - - [02/Nov/2023:06:11:43 +0100] "GET /images/mini_prod/1384000001922.jpg HTTP/1.0" 200 269 "-" "facebookexternalhit/1.1 (+http://www.facebook.com/externalhit_uatext.php)"
157.90.182.25 - - [02/Nov/2023:06:11:46 +0100] "GET /strawberry-shortcake-years-p-22143.html HTTP/1.0" 200 79210 "-" "Mozilla/5.0 (compatible; BLEXBot/1.0; +http://webmeup-crawler.com/)"
157.90.182.25 - - [02/Nov/2023:06:11:52 +0100] "GET /strawberry-shortcake-years-p-22145.html HTTP/1.0" 200 79210 "-" "Mozilla/5.0 (compatible; BLEXBot/1.0; +http://webmeup-crawler.com/)"
173.252.83.9 - - [02/Nov/2023:06:11:58 +0100] "GET /images/mini_prod/100_2881.gif HTTP/1.0" 200 263 "-" "facebookexternalhit/1.1 (+http://www.facebook.com/externalhit_uatext.php)"
157.90.182.25 - - [02/Nov/2023:06:11:59 +0100] "GET /strawberry-shortcake-years-p-22146.html HTTP/1.0" 200 79235 "-" "Mozilla/5.0 (compatible; BLEXBot/1.0; +http://webmeup-crawler.com/)"
157.90.182.25 - - [02/Nov/2023:06:12:04 +0100] "GET /street-fighter-mousepad-p-16003.html HTTP/1.0" 200 79209 "-" "Mozilla/5.0 (compatible; BLEXBot/1.0; +http://webmeup-crawler.com/)"
77.75.77.72 - - [02/Nov/2023:06:12:09 +0100] "GET /tree-life-rust-color-wall-p-59375.html HTTP/1.0" 200 76831 "-" "Mozilla/5.0 (compatible; SeznamBot/4.0; +http://napoveda.seznam.cz/seznambot-intro/)"
157.90.182.25 - - [02/Nov/2023:06:12:11 +0100] "GET /studio-pets-pouch-p-54364.html HTTP/1.0" 200 79669 "-" "Mozilla/5.0 (compatible; BLEXBot/1.0; +http://webmeup-crawler.com/)"
66.249.66.206 - - [02/Nov/2023:06:12:13 +0100] "GET /copains-abord-bottle-stoppers-p-39486.html HTTP/1.0" 200 79187 "-" "Mozilla/5.0 (Linux; Android 6.0.1; Nexus 5X Build/MMB29P) AppleWebKit/537.36 (KHTML, like Gecko) Chrome/118.0.5993.117 Mobile Safari/537.36 (compatible; Googlebot/2.1; +http://www.google.com/bot.html)"
157.90.182.25 - - [02/Nov/2023:06:12:19 +0100] "GET /suction-sponge-holder-marseille-p-60678.html HTTP/1.0" 200 79736 "-" "Mozilla/5.0 (compatible; BLEXBot/1.0; +http://webmeup-crawler.com/)"
157.90.182.25 - - [02/Nov/2023:06:12:26 +0100] "GET /suction-sponge-holder-marseille-p-60679.html HTTP/1.0" 200 79736 "-" "Mozilla/5.0 (compatible; BLEXBot/1.0; +http://webmeup-crawler.com/)"
157.90.182.25 - - [02/Nov/2023:06:12:32 +0100] "GET /suction-sponge-holder-provence-p-60680.html HTTP/1.0" 200 79729 "-" "Mozilla/5.0 (compatible; BLEXBot/1.0; +http://webmeup-crawler.com/)"
157.90.182.25 - - [02/Nov/2023:06:12:40 +0100] "GET /suction-sponge-holder-provence-p-60681.html HTTP/1.0" 200 79729 "-" "Mozilla/5.0 (compatible; BLEXBot/1.0; +http://webmeup-crawler.com/)"
157.90.182.25 - - [02/Nov/2023:06:12:45 +0100] "GET /sugar-bowl-chaltimbanques-scat-cats-p-50645.html HTTP/1.0" 200 79185 "-" "Mozilla/5.0 (compatible; BLEXBot/1.0; +http://webmeup-crawler.com/)"
157.90.182.25 - - [02/Nov/2023:06:12:52 +0100] "GET /sugar-bowl-pastry-p-55000.html HTTP/1.0" 200 79075 "-" "Mozilla/5.0 (compatible; BLEXBot/1.0; +http://webmeup-crawler.com/)"
157.90.182.25 - - [02/Nov/2023:06:12:57 +0100] "GET /suicide-squad-group-poster-p-37817.html HTTP/1.0" 200 79097 "-" "Mozilla/5.0 (compatible; BLEXBot/1.0; +http://webmeup-crawler.com/)"
157.90.182.25 - - [02/Nov/2023:06:13:02 +0100] "GET /suicide-squad-sheet-poster-p-37818.html HTTP/1.0" 200 79121 "-" "Mozilla/5.0 (compatible; BLEXBot/1.0; +http://webmeup-crawler.com/)"
157.90.182.25 - - [02/Nov/2023:06:13:08 +0100] "GET /suicide-squad-skulls-poster-p-37820.html HTTP/1.0" 200 79105 "-" "Mozilla/5.0 (compatible; BLEXBot/1.0; +http://webmeup-crawler.com/)"
54.36.148.72 - - [02/Nov/2023:06:13:10 +0100] "GET /bagshandbags-shoulder-bags-c-31_81.html?page=8 HTTP/1.0" 200 101521 "-" "Mozilla/5.0 (compatible; AhrefsBot/7.0; +http://ahrefs.com/robot/)"
157.90.182.25 - - [02/Nov/2023:06:13:14 +0100] "GET /suis-poil-p-49542.html HTTP/1.0" 200 78951 "-" "Mozilla/5.0 (compatible; BLEXBot/1.0; +http://webmeup-crawler.com/)"
54.36.148.106 - - [02/Nov/2023:06:13:16 +0100] "GET /images/mini_prod/3700516219893.jpg HTTP/1.0" 200 269 "-" "Mozilla/5.0 (compatible; AhrefsBot/7.0; +http://ahrefs.com/robot/)"
54.36.148.102 - - [02/Nov/2023:06:13:16 +0100] "GET /images/mini_prod/3681643301760.jpg HTTP/1.0" 200 269 "-" "Mozilla/5.0 (compatible; AhrefsBot/7.0; +http://ahrefs.com/robot/)"
169.233.1.13 - - [02/Nov/2023:06:13:17 +0100] "GET /images/10350.jpg HTTP/1.0" 200 251 "-" "Mozilla/5.0 (X11; Ubuntu; Linux x86_64; rv:72.0) Gecko/20100101 Firefox/72.0"
54.36.149.67 - - [02/Nov/2023:06:13:17 +0100] "GET /images/mini_prod/3281640377104.jpg HTTP/1.0" 200 269 "-" "Mozilla/5.0 (compatible; AhrefsBot/7.0; +http://ahrefs.com/robot/)"
54.36.149.11 - - [02/Nov/2023:06:13:17 +0100] "GET /images/mini_prod/5903313954105.jpg HTTP/1.0" 200 269 "-" "Mozilla/5.0 (compatible; AhrefsBot/7.0; +http://ahrefs.com/robot/)"
54.36.148.64 - - [02/Nov/2023:06:13:17 +0100] "GET /images/mini_prod/8435337003165.jpg HTTP/1.0" 200 269 "-" "Mozilla/5.0 (compatible; AhrefsBot/7.0; +http://ahrefs.com/robot/)"
54.36.148.60 - - [02/Nov/2023:06:13:17 +0100] "GET /images/mini_prod/3701206603657.jpg HTTP/1.0" 200 269 "-" "Mozilla/5.0 (compatible; AhrefsBot/7.0; +http://ahrefs.com/robot/)"
54.36.149.40 - - [02/Nov/2023:06:13:17 +0100] "GET /images/mini_prod/621GJ03.jpg HTTP/1.0" 200 263 "-" "Mozilla/5.0 (compatible; AhrefsBot/7.0; +http://ahrefs.com/robot/)"
54.36.148.224 - - [02/Nov/2023:06:13:18 +0100] "GET /images/mini_prod/8422000089014B.jpg HTTP/1.0" 200 270 "-" "Mozilla/5.0 (compatible; AhrefsBot/7.0; +http://ahrefs.com/robot/)"
54.36.148.183 - - [02/Nov/2023:06:13:18 +0100] "GET /images/mini_prod/906GJ02.jpg HTTP/1.0" 200 263 "-" "Mozilla/5.0 (compatible; AhrefsBot/7.0; +http://ahrefs.com/robot/)"
54.36.148.80 - - [02/Nov/2023:06:13:18 +0100] "GET /images/mini_prod/1020322298540.jpg HTTP/1.0" 200 269 "-" "Mozilla/5.0 (compatible; AhrefsBot/7.0; +http://ahrefs.com/robot/)"
54.36.148.1 - - [02/Nov/2023:06:13:18 +0100] "GET /images/mini_prod/8435465019076.jpg HTTP/1.0" 200 269 "-" "Mozilla/5.0 (compatible; AhrefsBot/7.0; +http://ahrefs.com/robot/)"
54.36.148.62 - - [02/Nov/2023:06:13:18 +0100] "GET /images/mini_prod/3700516262707.jpg HTTP/1.0" 200 269 "-" "Mozilla/5.0 (compatible; AhrefsBot/7.0; +http://ahrefs.com/robot/)"
54.36.148.137 - - [02/Nov/2023:06:13:19 +0100] "GET /images/mini_prod/5018997260029.jpg HTTP/1.0" 200 269 "-" "Mozilla/5.0 (compatible; AhrefsBot/7.0; +http://ahrefs.com/robot/)"
54.36.148.202 - - [02/Nov/2023:06:13:19 +0100] "GET /images/mini_prod/3701206603688.jpg HTTP/1.0" 200 269 "-" "Mozilla/5.0 (compatible; AhrefsBot/7.0; +http://ahrefs.com/robot/)"
54.36.148.128 - - [02/Nov/2023:06:13:19 +0100] "GET /images/mini_prod/degas1.jpg HTTP/1.0" 200 262 "-" "Mozilla/5.0 (compatible; AhrefsBot/7.0; +http://ahrefs.com/robot/)"
54.36.148.29 - - [02/Nov/2023:06:13:19 +0100] "GET /images/mini_prod/8422007501182.jpg HTTP/1.0" 200 269 "-" "Mozilla/5.0 (compatible; AhrefsBot/7.0; +http://ahrefs.com/robot/)"
54.36.149.67 - - [02/Nov/2023:06:13:20 +0100] "GET /images/mini_prod/monalisa4.jpg HTTP/1.0" 200 265 "-" "Mozilla/5.0 (compatible; AhrefsBot/7.0; +http://ahrefs.com/robot/)"
54.36.148.22 - - [02/Nov/2023:06:13:20 +0100] "GET /images/mini_prod/3681643302781.jpg HTTP/1.0" 200 269 "-" "Mozilla/5.0 (compatible; AhrefsBot/7.0; +http://ahrefs.com/robot/)"
54.36.148.17 - - [02/Nov/2023:06:13:20 +0100] "GET /images/mini_prod/8435306299728.jpg HTTP/1.0" 200 269 "-" "Mozilla/5.0 (compatible; AhrefsBot/7.0; +http://ahrefs.com/robot/)"
157.90.182.25 - - [02/Nov/2023:06:13:21 +0100] "GET /suis-unique-comme-tout-monde-little-tray-p-42086.html HTTP/1.0" 200 79332 "-" "Mozilla/5.0 (compatible; BLEXBot/1.0; +http://webmeup-crawler.com/)"
