17.241.219.71 - - [02/Nov/2023:07:34:45 +0100] "GET /burlap-round-table-bistrot-p-51527.html HTTP/1.0" 200 79673 "-" "Mozilla/5.0 (Macintosh; Intel Mac OS X 10_15_5) AppleWebKit/605.1.15 (KHTML, like Gecko) Version/13.1.1 Safari/605.1.15 (Applebot/0.1; +http://www.apple.com/go/applebot)"
216.244.66.242 - - [02/Nov/2023:07:35:02 +0100] "GET /decoration-three-buddhas-secret-happiness-p-46486.html HTTP/1.0" 200 76893 "-" "Mozilla/5.0 (compatible; DotBot/1.2; +https://opensiteexplorer.org/dotbot; help@moz.com)"
44.230.252.91 - - [02/Nov/2023:07:35:03 +0100] "GET /tables-c-13_206.html HTTP/1.0" 200 93835 "-" "my-tiny-bot"
54.38.85.21 - - [02/Nov/2023:07:35:06 +0100] "GET /bamboo-fiber-plant-cover-p-58891.html HTTP/1.0" 200 79740 "-" "Mozilla/5.0 (compatible; MJ12bot/v1.4.8; http://mj12bot.com/)"
52.25.208.208 - - [02/Nov/2023:07:35:08 +0100] "GET /towels-c-11_177.html HTTP/1.0" 200 97423 "-" "my-tiny-bot"
100.21.24.205 - - [02/Nov/2023:07:35:09 +0100] "GET /trunks-c-13_208.html HTTP/1.0" 200 88342 "-" "my-tiny-bot"
100.21.24.205 - - [02/Nov/2023:07:35:11 +0100] "GET /wallet-c-31_237.html HTTP/1.0" 200 97469 "-" "my-tiny-bot"
54.38.85.21 - - [02/Nov/2023:07:35:13 +0100] "GET /bamboo-fiber-plant-cover-p-58893.html HTTP/1.0" 200 79740 "-" "Mozilla/5.0 (compatible; MJ12bot/v1.4.8; http://mj12bot.com/)"
100.21.24.205 - - [02/Nov/2023:07:35:13 +0100] "GET /baskets-c-13_289.html HTTP/1.0" 200 96271 "-" "my-tiny-bot"
44.230.252.91 - - [02/Nov/2023:07:35:15 +0100] "GET /beyblade-p-27883.html HTTP/1.0" 200 79142 "-" "my-tiny-bot"
100.21.24.205 - - [02/Nov/2023:07:35:18 +0100] "GET /checkout_shipping.php HTTP/1.0" 302 468 "-" "my-tiny-bot"
100.21.24.205 - - [02/Nov/2023:07:35:16 +0100] "GET /bookend-c-13_202.html HTTP/1.0" 200 95841 "-" "my-tiny-bot"
44.230.252.91 - - [02/Nov/2023:07:35:21 +0100] "GET /coasters-p-61021.html HTTP/1.0" 200 79559 "-" "my-tiny-bot"
54.38.85.21 - - [02/Nov/2023:07:35:21 +0100] "GET /bamboo-fiber-plant-cover-p-58894.html HTTP/1.0" 200 79739 "-" "Mozilla/5.0 (compatible; MJ12bot/v1.4.8; http://mj12bot.com/)"
52.25.208.208 - - [02/Nov/2023:07:35:22 +0100] "GET /earrings-c-3_242.html HTTP/1.0" 200 89646 "-" "my-tiny-bot"
54.38.85.21 - - [02/Nov/2023:07:35:27 +0100] "GET /bamboo-fiber-plant-cover-p-58897.html HTTP/1.0" 200 79739 "-" "Mozilla/5.0 (compatible; MJ12bot/v1.4.8; http://mj12bot.com/)"
114.119.152.59 - - [02/Nov/2023:07:35:30 +0100] "GET /%20images/med_prod/1384010177242.jpg HTTP/1.0" 404 1308 "http://www.wonder-geek.com/dubout-cats-metal-keyring-p-32237.html" "Mozilla/5.0 (Linux; Android 7.0;) AppleWebKit/537.36 (KHTML, like Gecko) Mobile Safari/537.36 (compatible; PetalBot;+https://webmaster.petalsearch.com/site/petalbot)"
54.38.85.21 - - [02/Nov/2023:07:35:33 +0100] "GET /bamboo-fiber-plant-cover-p-58916.html HTTP/1.0" 200 79901 "-" "Mozilla/5.0 (compatible; MJ12bot/v1.4.8; http://mj12bot.com/)"
157.55.39.55 - - [02/Nov/2023:07:35:37 +0100] "GET /pencil-case-c-31_75.html HTTP/1.0" 200 100338 "-" "Mozilla/5.0 AppleWebKit/537.36 (KHTML, like Gecko; compatible; bingbot/2.0; +http://www.bing.com/bingbot.htm) Chrome/103.0.5060.134 Safari/537.36"
54.38.85.21 - - [02/Nov/2023:07:35:40 +0100] "GET /cancer-clasic-keyring-cbkreation-p-57318.html HTTP/1.0" 200 79217 "-" "Mozilla/5.0 (compatible; MJ12bot/v1.4.8; http://mj12bot.com/)"
157.55.39.55 - - [02/Nov/2023:07:35:40 +0100] "GET /mugs-mazagrans-c-12_57.html?page=6 HTTP/1.0" 200 101838 "-" "Mozilla/5.0 AppleWebKit/537.36 (KHTML, like Gecko; compatible; bingbot/2.0; +http://www.bing.com/bingbot.htm) Chrome/103.0.5060.134 Safari/537.36"
54.38.85.21 - - [02/Nov/2023:07:35:47 +0100] "GET /household-linen/linen-bed/tour-eiffel-2cv-bedclothes-p-15120.html HTTP/1.0" 301 76774 "-" "Mozilla/5.0 (compatible; MJ12bot/v1.4.8; http://mj12bot.com/)"
54.38.85.21 - - [02/Nov/2023:07:35:55 +0100] "GET /-p-15120.html HTTP/1.0" 200 76707 "-" "Mozilla/5.0 (compatible; MJ12bot/v1.4.8; http://mj12bot.com/)"
54.38.85.21 - - [02/Nov/2023:07:35:59 +0100] "GET /mickey-club-house-umbrella-p-20499.html HTTP/1.0" 200 79319 "-" "Mozilla/5.0 (compatible; MJ12bot/v1.4.8; http://mj12bot.com/)"
17.241.75.249 - - [02/Nov/2023:07:36:04 +0100] "GET /clocks-c-13_67.html?page=3 HTTP/1.0" 200 99140 "-" "Mozilla/5.0 (Macintosh; Intel Mac OS X 10_15_5) AppleWebKit/605.1.15 (KHTML, like Gecko) Version/13.1.1 Safari/605.1.15 (Applebot/0.1; +http://www.apple.com/go/applebot)"
44.230.252.91 - - [02/Nov/2023:07:36:37 +0100] "GET /keyrings-c-31_52.html HTTP/1.0" 200 100215 "-" "my-tiny-bot"
114.119.141.103 - - [02/Nov/2023:07:36:39 +0100] "GET /%20images/big_prod/8422099381235C.jpg HTTP/1.0" 404 1308 "http://www.wonder-geek.com/decorative-wooden-plate-fier-etre-breton-white-p-47817.html" "Mozilla/5.0 (Linux; Android 7.0;) AppleWebKit/537.36 (KHTML, like Gecko) Mobile Safari/537.36 (compatible; PetalBot;+https://webmaster.petalsearch.com/site/petalbot)"
100.21.24.205 - - [02/Nov/2023:07:36:37 +0100] "GET /magnets-c-13_134.html HTTP/1.0" 200 96848 "-" "my-tiny-bot"
100.21.24.205 - - [02/Nov/2023:07:36:40 +0100] "GET /napkins-c-11_285.html HTTP/1.0" 200 87763 "-" "my-tiny-bot"
100.21.24.205 - - [02/Nov/2023:07:36:40 +0100] "GET /pencil-c-129_183.html HTTP/1.0" 200 96724 "-" "my-tiny-bot"
52.25.208.208 - - [02/Nov/2023:07:36:42 +0100] "GET /placemat-p-53603.html HTTP/1.0" 200 79534 "-" "my-tiny-bot"
100.21.24.205 - - [02/Nov/2023:07:36:44 +0100] "GET /tea-pot-c-12_175.html HTTP/1.0" 200 97736 "-" "my-tiny-bot"
44.230.252.91 - - [02/Nov/2023:07:36:45 +0100] "GET /underwear-c-2_38.html HTTP/1.0" 200 82003 "-" "my-tiny-bot"
100.21.24.205 - - [02/Nov/2023:07:36:47 +0100] "GET /ashtrays-c-13_240.html HTTP/1.0" 200 96613 "-" "my-tiny-bot"
100.21.24.205 - - [02/Nov/2023:07:36:48 +0100] "GET /backpacks-c-31_77.html HTTP/1.0" 200 99798 "-" "my-tiny-bot"
44.230.252.91 - - [02/Nov/2023:07:36:50 +0100] "GET /bracelets-c-3_200.html HTTP/1.0" 200 97268 "-" "my-tiny-bot"
44.230.252.91 - - [02/Nov/2023:07:36:50 +0100] "GET /coasters-c-12_157.html HTTP/1.0" 200 98319 "-" "my-tiny-bot"
173.252.83.6 - - [02/Nov/2023:07:36:56 +0100] "GET /images/mini_prod/3503420168932.jpg HTTP/1.0" 200 269 "-" "facebookexternalhit/1.1 (+http://www.facebook.com/externalhit_uatext.php)"
54.36.149.55 - - [02/Nov/2023:07:37:32 +0100] "GET /decorative-wooden-plate-donn-p-61160.html HTTP/1.0" 200 80038 "-" "Mozilla/5.0 (compatible; AhrefsBot/7.0; +http://ahrefs.com/robot/)"
54.36.148.22 - - [02/Nov/2023:07:37:39 +0100] "GET /images/big_prod_1/8422099386032B.jpg HTTP/1.0" 200 271 "-" "Mozilla/5.0 (compatible; AhrefsBot/7.0; +http://ahrefs.com/robot/)"
54.36.148.11 - - [02/Nov/2023:07:37:41 +0100] "GET /images/big_prod/8422099386032.jpg HTTP/1.0" 200 268 "-" "Mozilla/5.0 (compatible; AhrefsBot/7.0; +http://ahrefs.com/robot/)"
52.25.208.208 - - [02/Nov/2023:07:37:58 +0100] "GET /flatwares-c-12_63.html HTTP/1.0" 200 91657 "-" "my-tiny-bot"
100.21.24.205 - - [02/Nov/2023:07:38:00 +0100] "GET /cancer-cookware-cbkreation-p-43265.html HTTP/1.0" 200 79167 "-" "my-tiny-bot"
52.25.208.208 - - [02/Nov/2023:07:38:00 +0100] "GET /capricorn-cookware-cbkreation-p-43268.html HTTP/1.0" 200 79191 "-" "my-tiny-bot"
44.230.252.91 - - [02/Nov/2023:07:38:01 +0100] "GET /hedgehog-pencil-cbkreation-p-43438.html HTTP/1.0" 200 79137 "-" "my-tiny-bot"
100.21.24.205 - - [02/Nov/2023:07:38:03 +0100] "GET /live-dream-pencil-cbkreation-p-43444.html HTTP/1.0" 200 79174 "-" "my-tiny-bot"
157.55.39.55 - - [02/Nov/2023:07:38:16 +0100] "GET /backpacks-c-31_77.html HTTP/1.0" 200 99798 "-" "Mozilla/5.0 AppleWebKit/537.36 (KHTML, like Gecko; compatible; bingbot/2.0; +http://www.bing.com/bingbot.htm) Chrome/103.0.5060.134 Safari/537.36"
216.244.66.242 - - [02/Nov/2023:07:38:22 +0100] "GET /presque-parfaite-vanity-p-45024.html HTTP/1.0" 200 76821 "-" "Mozilla/5.0 (compatible; DotBot/1.2; +https://opensiteexplorer.org/dotbot; help@moz.com)"
52.167.144.205 - - [02/Nov/2023:07:38:38 +0100] "GET /meditation-yoga-cushions-c-11_71_317.html HTTP/1.0" 200 94472 "-" "Mozilla/5.0 AppleWebKit/537.36 (KHTML, like Gecko; compatible; bingbot/2.0; +http://www.bing.com/bingbot.htm) Chrome/103.0.5060.134 Safari/537.36"
114.119.129.22 - - [02/Nov/2023:07:38:54 +0100] "GET /%20images/big_prod/3453131147354.jpg HTTP/1.0" 404 1308 "http://www.wonder-geek.com/christmas-under-glasses-p-49645.html" "Mozilla/5.0 (Linux; Android 7.0;) AppleWebKit/537.36 (KHTML, like Gecko) Mobile Safari/537.36 (compatible; PetalBot;+https://webmaster.petalsearch.com/site/petalbot)"
100.21.24.205 - - [02/Nov/2023:07:39:00 +0100] "GET /incense-c-231_226.html HTTP/1.0" 200 98558 "-" "my-tiny-bot"
129.226.215.97 - - [02/Nov/2023:07:39:17 +0100] "GET /images/mini_prod/1300000021562.jpg HTTP/1.0" 200 269 "-" "Mozilla/5.0 (Windows NT 6.1; Win64; x64) AppleWebKit/537.36 (KHTML, like Gecko) Chrome/96.0.3184.91 Safari/537.36"
173.252.83.118 - - [02/Nov/2023:07:39:45 +0100] "GET /images/big_prod/3612874109702.jpg HTTP/1.0" 200 268 "-" "facebookexternalhit/1.1 (+http://www.facebook.com/externalhit_uatext.php)"
173.252.83.2 - - [02/Nov/2023:07:40:06 +0100] "GET /images/big_prod/8422018220416.jpg HTTP/1.0" 200 268 "-" "facebookexternalhit/1.1 (+http://www.facebook.com/externalhit_uatext.php)"
44.230.252.91 - - [02/Nov/2023:07:40:08 +0100] "GET /soap-c-13_150_171.html HTTP/1.0" 200 87684 "-" "my-tiny-bot"
100.21.24.205 - - [02/Nov/2023:07:40:10 +0100] "GET /coasters-p-45662.html HTTP/1.0" 200 78971 "-" "my-tiny-bot"
54.36.149.78 - - [02/Nov/2023:07:40:30 +0100] "GET /large-natural-rattan-wall-mirror-p-61141.html HTTP/1.0" 200 79817 "-" "Mozilla/5.0 (compatible; AhrefsBot/7.0; +http://ahrefs.com/robot/)"
129.226.215.97 - - [02/Nov/2023:07:40:39 +0100] "GET /images/mini_prod/mug-i-love-02.jpg HTTP/1.0" 200 269 "-" "Mozilla/5.0 (Windows NT 6.1; WOW64) AppleWebKit/537.36 (KHTML, like Gecko) Opera/98.0.1122.100 Safari/537.36"
173.252.83.117 - - [02/Nov/2023:07:40:43 +0100] "GET /images/mini_prod/b3453131136150.jpg HTTP/1.0" 200 270 "-" "facebookexternalhit/1.1 (+http://www.facebook.com/externalhit_uatext.php)"
100.21.24.205 - - [02/Nov/2023:07:41:20 +0100] "GET /coasters-p-45665.html HTTP/1.0" 200 78971 "-" "my-tiny-bot"
44.230.252.91 - - [02/Nov/2023:07:41:22 +0100] "GET /suis-poil-p-49542.html HTTP/1.0" 200 78951 "-" "my-tiny-bot"
52.25.208.208 - - [02/Nov/2023:07:41:22 +0100] "GET /yoga-c-11_269_268.html HTTP/1.0" 200 88165 "-" "my-tiny-bot"
157.55.39.6 - - [02/Nov/2023:07:41:25 +0100] "GET /-p-6651.html HTTP/1.0" 200 76705 "-" "Mozilla/5.0 AppleWebKit/537.36 (KHTML, like Gecko; compatible; bingbot/2.0; +http://www.bing.com/bingbot.htm) Chrome/103.0.5060.134 Safari/537.36"
100.21.24.205 - - [02/Nov/2023:07:41:25 +0100] "GET /allen-pill-p-51382.html HTTP/1.0" 200 79709 "-" "my-tiny-bot"
52.25.208.208 - - [02/Nov/2023:07:41:26 +0100] "GET /amys-birds-p-57972.html HTTP/1.0" 200 80074 "-" "my-tiny-bot"
44.230.252.91 - - [02/Nov/2023:07:41:28 +0100] "GET /board-games-c-4_47.html HTTP/1.0" 200 75640 "-" "my-tiny-bot"
44.230.252.91 - - [02/Nov/2023:07:41:30 +0100] "GET /bread-c-13_150_211.html HTTP/1.0" 200 83732 "-" "my-tiny-bot"
44.230.252.91 - - [02/Nov/2023:07:41:30 +0100] "GET /door-plate-p-50999.html HTTP/1.0" 200 79565 "-" "my-tiny-bot"
44.230.252.91 - - [02/Nov/2023:07:41:32 +0100] "GET /door-plate-p-53154.html HTTP/1.0" 200 79561 "-" "my-tiny-bot"
100.21.24.205 - - [02/Nov/2023:07:41:32 +0100] "GET /door-plate-p-53153.html HTTP/1.0" 200 79561 "-" "my-tiny-bot"
44.230.252.91 - - [02/Nov/2023:07:41:33 +0100] "GET /frais-port-p-48417.html HTTP/1.0" 200 78808 "-" "my-tiny-bot"
44.230.252.91 - - [02/Nov/2023:07:41:34 +0100] "GET /large-bowl-p-53016.html HTTP/1.0" 200 78935 "-" "my-tiny-bot"
100.21.24.205 - - [02/Nov/2023:07:41:36 +0100] "GET /miss-wallet-p-2683.html HTTP/1.0" 200 79276 "-" "my-tiny-bot"
44.230.252.91 - - [02/Nov/2023:07:41:36 +0100] "GET /paris-pill-p-52009.html HTTP/1.0" 200 79709 "-" "my-tiny-bot"
100.21.24.205 - - [02/Nov/2023:07:41:37 +0100] "GET /paris-pill-p-52010.html HTTP/1.0" 200 79709 "-" "my-tiny-bot"
100.21.24.205 - - [02/Nov/2023:07:41:38 +0100] "GET /placemats-c-12_156.html HTTP/1.0" 200 99015 "-" "my-tiny-bot"
44.230.252.91 - - [02/Nov/2023:07:41:39 +0100] "GET /pucca-towel-p-2355.html HTTP/1.0" 200 79119 "-" "my-tiny-bot"
100.21.24.205 - - [02/Nov/2023:07:41:40 +0100] "GET /retro-sign-p-42689.html HTTP/1.0" 200 79189 "-" "my-tiny-bot"
44.230.252.91 - - [02/Nov/2023:07:41:41 +0100] "GET /sugar-c-13_150_152.html HTTP/1.0" 200 87016 "-" "my-tiny-bot"
173.252.83.11 - - [02/Nov/2023:07:41:55 +0100] "GET /images/mini_prod/4029832500492.jpg HTTP/1.0" 200 269 "-" "facebookexternalhit/1.1 (+http://www.facebook.com/externalhit_uatext.php)"
173.252.83.116 - - [02/Nov/2023:07:42:02 +0100] "GET /images/big_prod_4/4260082938356a.jpg HTTP/1.0" 200 271 "-" "facebookexternalhit/1.1 (+http://www.facebook.com/externalhit_uatext.php)"
52.25.208.208 - - [02/Nov/2023:07:42:46 +0100] "GET /white-wood-p-45693.html HTTP/1.0" 200 79267 "-" "my-tiny-bot"
100.21.24.205 - - [02/Nov/2023:07:43:50 +0100] "GET /zippo-yang-p-61041.html HTTP/1.0" 200 79686 "-" "my-tiny-bot"
44.230.252.91 - - [02/Nov/2023:07:43:53 +0100] "GET /accessories-c-97_98.html HTTP/1.0" 200 90642 "-" "my-tiny-bot"
100.21.24.205 - - [02/Nov/2023:07:43:54 +0100] "GET /angry-birds-p-19142.html HTTP/1.0" 200 79219 "-" "my-tiny-bot"
54.36.148.53 - - [02/Nov/2023:07:44:04 +0100] "GET /kitten-cardboard-p-27644.html HTTP/1.0" 200 76781 "-" "Mozilla/5.0 (compatible; AhrefsBot/7.0; +http://ahrefs.com/robot/)"
18.212.59.15 - - [02/Nov/2023:07:44:15 +0100] "GET /images/big_prod_1/b8435333821862.jpg HTTP/1.0" 200 271 "-" "Mozilla/5.0 (X11; Ubuntu; Linux x86_64; rv:72.0) Gecko/20100101 Firefox/72.0"
34.27.43.141 - - [02/Nov/2023:07:44:23 +0100] "GET /images/mini_prod/3609810065048.jpg HTTP/1.0" 200 269 "-" "Mozilla/5.0 (X11; Ubuntu; Linux x86_64; rv:72.0) Gecko/20100101 Firefox/72.0"
100.21.24.205 - - [02/Nov/2023:07:44:50 +0100] "GET /bread-bags-c-11_179.html HTTP/1.0" 200 87954 "-" "my-tiny-bot"
17.241.219.116 - - [02/Nov/2023:07:45:11 +0100] "GET /princess-melamine-bowl-p-20360.html HTTP/1.0" 301 76774 "-" "Mozilla/5.0 (Macintosh; Intel Mac OS X 10_15_5) AppleWebKit/605.1.15 (KHTML, like Gecko) Version/13.1.1 Safari/605.1.15 (Applebot/0.1; +http://www.apple.com/go/applebot)"
17.241.219.116 - - [02/Nov/2023:07:45:13 +0100] "GET /-p-20360.html HTTP/1.0" 200 76707 "-" "Mozilla/5.0 (Macintosh; Intel Mac OS X 10_15_5) AppleWebKit/605.1.15 (KHTML, like Gecko) Version/13.1.1 Safari/605.1.15 (Applebot/0.1; +http://www.apple.com/go/applebot)"
47.76.48.253 - - [02/Nov/2023:07:45:27 +0100] "GET /images/mini_prod/5055071662638.jpg HTTP/1.0" 200 269 "-" "Mozilla/5.0 (X11; Ubuntu; Linux x86_64; rv:72.0) Gecko/20100101 Firefox/72.0"
52.25.208.208 - - [02/Nov/2023:07:46:00 +0100] "GET /coffee-c-13_150_153.html HTTP/1.0" 200 96746 "-" "my-tiny-bot"
54.236.1.13 - - [02/Nov/2023:07:46:30 +0100] "GET /dishes/mugs-and-mazagrans/mini-mug-vespa-1948-collection-p-13039.html HTTP/1.0" 301 76774 "-" "Mozilla/5.0 (compatible; Pinterestbot/1.0; +http://www.pinterest.com/bot.html)"
54.236.1.13 - - [02/Nov/2023:07:46:31 +0100] "GET /-p-13039.html HTTP/1.0" 200 76707 "-" "Mozilla/5.0 (compatible; Pinterestbot/1.0; +http://www.pinterest.com/bot.html)"
114.119.142.188 - - [02/Nov/2023:07:46:44 +0100] "GET /nativity-statuette-under-star-shepherd-p-49522.html HTTP/1.0" 200 79411 "http://www.wonder-geek.com/collectible-figurines-decorative-c-292_135.html?page=4" "Mozilla/5.0 (Linux; Android 7.0;) AppleWebKit/537.36 (KHTML, like Gecko) Mobile Safari/537.36 (compatible; PetalBot;+https://webmaster.petalsearch.com/site/petalbot)"
44.230.252.91 - - [02/Nov/2023:07:46:54 +0100] "GET /corse-adult-p-29936.html HTTP/1.0" 200 79047 "-" "my-tiny-bot"
17.241.227.240 - - [02/Nov/2023:07:46:55 +0100] "GET /animals-alarm-clock-cbkreation-p-43810.html HTTP/1.0" 200 79218 "-" "Mozilla/5.0 (Macintosh; Intel Mac OS X 10_15_5) AppleWebKit/605.1.15 (KHTML, like Gecko) Version/13.1.1 Safari/605.1.15 (Applebot/0.1; +http://www.apple.com/go/applebot)"
100.21.24.205 - - [02/Nov/2023:07:46:55 +0100] "GET /decorations-c-13_89.html HTTP/1.0" 200 97139 "-" "my-tiny-bot"
47.76.48.253 - - [02/Nov/2023:07:46:59 +0100] "GET /images/med_prod/8435107771287.jpg HTTP/1.0" 200 268 "-" "Mozilla/5.0 (X11; Ubuntu; Linux x86_64; rv:72.0) Gecko/20100101 Firefox/72.0"
100.21.24.205 - - [02/Nov/2023:07:46:57 +0100] "GET /gogh-magnet-p-51216.html HTTP/1.0" 200 78996 "-" "my-tiny-bot"
17.241.227.253 - - [02/Nov/2023:07:46:59 +0100] "GET /cotton-floor-cushion-grey-p-48312.html HTTP/1.0" 200 79892 "-" "Mozilla/5.0 (Macintosh; Intel Mac OS X 10_15_5) AppleWebKit/605.1.15 (KHTML, like Gecko) Version/13.1.1 Safari/605.1.15 (Applebot/0.1; +http://www.apple.com/go/applebot)"
114.119.140.234 - - [02/Nov/2023:07:47:27 +0100] "GET /%20images/big_prod/8422014425914.jpg HTTP/1.0" 404 1308 "http://www.wonder-geek.com/mandala-wooden-tray-p-52248.html" "Mozilla/5.0 (Linux; Android 7.0;) AppleWebKit/537.36 (KHTML, like Gecko) Mobile Safari/537.36 (compatible; PetalBot;+https://webmaster.petalsearch.com/site/petalbot)"
43.156.12.221 - - [02/Nov/2023:07:47:29 +0100] "GET /images/mini_prod/CADRE-BAROQUE-BLC-CUPCAKES.jpg HTTP/1.0" 200 282 "-" "Mozilla/5.0 (Windows NT 6.1; WOW64) AppleWebKit/537.36 (KHTML, like Gecko) Opera/69.0.1799.65 Safari/537.36"
173.252.83.119 - - [02/Nov/2023:07:47:38 +0100] "GET /images/mini_prod/9316188078214.jpg HTTP/1.0" 200 269 "-" "facebookexternalhit/1.1 (+http://www.facebook.com/externalhit_uatext.php)"
157.55.39.10 - - [02/Nov/2023:07:47:39 +0100] "GET /cushions-floor-cushions-cushion-covers-c-11_71.html HTTP/1.0" 200 98724 "-" "Mozilla/5.0 AppleWebKit/537.36 (KHTML, like Gecko; compatible; bingbot/2.0; +http://www.bing.com/bingbot.htm) Chrome/103.0.5060.134 Safari/537.36"
54.36.148.195 - - [02/Nov/2023:07:47:54 +0100] "GET /incense-stick-holder-buddha-p-44894.html HTTP/1.0" 200 76809 "-" "Mozilla/5.0 (compatible; AhrefsBot/7.0; +http://ahrefs.com/robot/)"
34.132.176.232 - - [02/Nov/2023:07:47:58 +0100] "GET /images/mini_prod/5036278052187.jpg HTTP/1.0" 200 269 "-" "Mozilla/5.0 (X11; Ubuntu; Linux x86_64; rv:72.0) Gecko/20100101 Firefox/72.0"
173.252.83.117 - - [02/Nov/2023:07:48:02 +0100] "GET /images/mini_prod/3014627978915.jpg HTTP/1.0" 404 1308 "-" "facebookexternalhit/1.1 (+http://www.facebook.com/externalhit_uatext.php)"
173.252.83.116 - - [02/Nov/2023:07:48:02 +0100] "GET /images/mini_prod/3665269265149.jpg HTTP/1.0" 200 269 "-" "facebookexternalhit/1.1 (+http://www.facebook.com/externalhit_uatext.php)"
44.230.252.91 - - [02/Nov/2023:07:48:03 +0100] "GET /hairbrushes-c-3_203.html HTTP/1.0" 200 91624 "-" "my-tiny-bot"
100.21.24.205 - - [02/Nov/2023:07:48:07 +0100] "GET /james-towel-p-39101.html HTTP/1.0" 200 79042 "-" "my-tiny-bot"
52.25.208.208 - - [02/Nov/2023:07:48:09 +0100] "GET /james-towel-p-39104.html HTTP/1.0" 200 79063 "-" "my-tiny-bot"
52.25.208.208 - - [02/Nov/2023:07:48:12 +0100] "GET /jar-for-jam-p-56573.html HTTP/1.0" 200 78956 "-" "my-tiny-bot"
52.25.208.208 - - [02/Nov/2023:07:48:13 +0100] "GET /kids-school-c-31_80.html HTTP/1.0" 200 91672 "-" "my-tiny-bot"
44.230.252.91 - - [02/Nov/2023:07:48:14 +0100] "GET /lampshades-c-86_277.html HTTP/1.0" 200 94439 "-" "my-tiny-bot"
44.230.252.91 - - [02/Nov/2023:07:48:16 +0100] "GET /large-glass-p-61144.html HTTP/1.0" 200 79818 "-" "my-tiny-bot"
114.119.136.174 - - [02/Nov/2023:07:48:52 +0100] "GET /%20images/4012390353563.jpg HTTP/1.0" 404 1308 "http://www.wonder-geek.com/nici-horse-club-pencils-gray-p-20583.html" "Mozilla/5.0 (Linux; Android 7.0;) AppleWebKit/537.36 (KHTML, like Gecko) Mobile Safari/537.36 (compatible; PetalBot;+https://webmaster.petalsearch.com/site/petalbot)"
94.56.103.180 - - [02/Nov/2023:07:48:55 +0100] "GET /images/mini_prod/3609810013520.jpg HTTP/1.0" 200 269 "-" "Mozilla/5.0 (X11; Ubuntu; Linux x86_64; rv:72.0) Gecko/20100101 Firefox/72.0"
94.56.103.180 - - [02/Nov/2023:07:49:06 +0100] "GET /images/big_prod_1/b3014627896844.jpg HTTP/1.0" 200 271 "-" "Mozilla/5.0 (X11; Ubuntu; Linux x86_64; rv:72.0) Gecko/20100101 Firefox/72.0"
52.25.208.208 - - [02/Nov/2023:07:49:22 +0100] "GET /moai-statue-p-54268.html HTTP/1.0" 200 79693 "-" "my-tiny-bot"
44.230.252.91 - - [02/Nov/2023:07:49:23 +0100] "GET /-c-95_307.html HTTP/1.0" 200 75575 "-" "my-tiny-bot"
52.25.208.208 - - [02/Nov/2023:07:49:25 +0100] "GET /-c-95_330.html HTTP/1.0" 200 75575 "-" "my-tiny-bot"
173.252.83.11 - - [02/Nov/2023:07:49:28 +0100] "GET /images/mini_prod/8422001948006.jpg HTTP/1.0" 200 269 "-" "facebookexternalhit/1.1 (+http://www.facebook.com/externalhit_uatext.php)"
44.230.252.91 - - [02/Nov/2023:07:49:27 +0100] "GET /money-boxes-c-13_83.html HTTP/1.0" 200 97593 "-" "my-tiny-bot"
52.25.208.208 - - [02/Nov/2023:07:49:29 +0100] "GET /plates-cups-c-12_58.html HTTP/1.0" 200 84655 "-" "my-tiny-bot"
100.21.24.205 - - [02/Nov/2023:07:49:29 +0100] "GET /mtal-signs-c-13_130.html HTTP/1.0" 200 99367 "-" "my-tiny-bot"
44.230.252.91 - - [02/Nov/2023:07:49:33 +0100] "GET /salt-pepper-p-49111.html HTTP/1.0" 200 79064 "-" "my-tiny-bot"
100.21.24.205 - - [02/Nov/2023:07:49:34 +0100] "GET /salt-pepper-p-50747.html HTTP/1.0" 200 79723 "-" "my-tiny-bot"
52.25.208.208 - - [02/Nov/2023:07:49:38 +0100] "GET /salt-pepper-p-52772.html HTTP/1.0" 200 79878 "-" "my-tiny-bot"
44.230.252.91 - - [02/Nov/2023:07:49:41 +0100] "GET /wave-teapot-p-56169.html HTTP/1.0" 200 80168 "-" "my-tiny-bot"
44.230.252.91 - - [02/Nov/2023:07:49:42 +0100] "GET /winx-picnic-p-17167.html HTTP/1.0" 200 79909 "-" "my-tiny-bot"
44.230.252.91 - - [02/Nov/2023:07:49:42 +0100] "GET /winx-picnic-p-17168.html HTTP/1.0" 200 79909 "-" "my-tiny-bot"
52.25.208.208 - - [02/Nov/2023:07:49:43 +0100] "GET /wooden-dish-p-46492.html HTTP/1.0" 200 79197 "-" "my-tiny-bot"
129.226.215.97 - - [02/Nov/2023:07:49:45 +0100] "GET /images/mini_prod/8003990595480.jpg HTTP/1.0" 200 269 "-" "Mozilla/5.0 (X11; Linux x86_64) AppleWebKit/537.36 (KHTML, like Gecko) Chrome/69.0.726.125 Safari/537.36"
34.27.43.141 - - [02/Nov/2023:07:50:17 +0100] "GET /images/mini_prod/8422142192450.jpg HTTP/1.0" 200 269 "-" "Mozilla/5.0 (X11; Ubuntu; Linux x86_64; rv:72.0) Gecko/20100101 Firefox/72.0"
47.76.48.253 - - [02/Nov/2023:07:50:48 +0100] "GET /images/mini_prod/3494150095066.jpg HTTP/1.0" 200 269 "-" "Mozilla/5.0 (X11; Ubuntu; Linux x86_64; rv:72.0) Gecko/20100101 Firefox/72.0"
100.21.24.205 - - [02/Nov/2023:07:50:53 +0100] "GET /wooden-dish-p-53549.html HTTP/1.0" 200 79773 "-" "my-tiny-bot"
173.252.83.5 - - [02/Nov/2023:07:50:54 +0100] "GET /images/mini_prod/3503420107184.jpg HTTP/1.0" 200 269 "-" "facebookexternalhit/1.1 (+http://www.facebook.com/externalhit_uatext.php)"
173.252.83.5 - - [02/Nov/2023:07:50:55 +0100] "GET /images/mini_prod/1384010205853.jpg HTTP/1.0" 404 1308 "-" "facebookexternalhit/1.1 (+http://www.facebook.com/externalhit_uatext.php)"
44.230.252.91 - - [02/Nov/2023:07:50:54 +0100] "GET /batman-shirt-p-29543.html HTTP/1.0" 200 80126 "-" "my-tiny-bot"
54.36.149.19 - - [02/Nov/2023:07:50:56 +0100] "GET /horse-dandelion-canvas-frame-p-27204.html HTTP/1.0" 200 79137 "-" "Mozilla/5.0 (compatible; AhrefsBot/7.0; +http://ahrefs.com/robot/)"
44.230.252.91 - - [02/Nov/2023:07:50:57 +0100] "GET /bookend-cats-p-56152.html HTTP/1.0" 200 79567 "-" "my-tiny-bot"
100.21.24.205 - - [02/Nov/2023:07:50:59 +0100] "GET /butter-dish-c-12_222.html HTTP/1.0" 200 88218 "-" "my-tiny-bot"
54.36.148.246 - - [02/Nov/2023:07:51:02 +0100] "GET /images/3609810014343.jpg HTTP/1.0" 200 259 "-" "Mozilla/5.0 (compatible; AhrefsBot/7.0; +http://ahrefs.com/robot/)"
100.21.24.205 - - [02/Nov/2023:07:51:01 +0100] "GET /cardmaking-c-129_128.html HTTP/1.0" 200 97848 "-" "my-tiny-bot"
52.25.208.208 - - [02/Nov/2023:07:51:02 +0100] "GET /cushions-c-11_71_283.html HTTP/1.0" 200 96514 "-" "my-tiny-bot"
207.46.13.17 - - [02/Nov/2023:07:51:05 +0100] "GET /scented-candle-made-france-verbena-p-57048.html HTTP/1.0" 200 80620 "-" "Mozilla/5.0 AppleWebKit/537.36 (KHTML, like Gecko; compatible; bingbot/2.0; +http://www.bing.com/bingbot.htm) Chrome/103.0.5060.134 Safari/537.36"
173.252.83.3 - - [02/Nov/2023:07:51:20 +0100] "GET /images/mini_prod/028399294756.jpg HTTP/1.0" 200 268 "-" "facebookexternalhit/1.1 (+http://www.facebook.com/externalhit_uatext.php)"
173.252.83.117 - - [02/Nov/2023:07:51:39 +0100] "GET /images/mini_prod/3520071527086.jpg HTTP/1.0" 200 269 "-" "facebookexternalhit/1.1 (+http://www.facebook.com/externalhit_uatext.php)"
44.230.252.91 - - [02/Nov/2023:07:52:23 +0100] "GET /duvet-cover-c-11_195.html HTTP/1.0" 200 97849 "-" "my-tiny-bot"
100.21.24.205 - - [02/Nov/2023:07:52:24 +0100] "GET /holders-c-13_150_201.html HTTP/1.0" 200 92235 "-" "my-tiny-bot"
100.21.24.205 - - [02/Nov/2023:07:52:27 +0100] "GET /home-decoration-c-13.html HTTP/1.0" 200 98595 "-" "my-tiny-bot"
100.21.24.205 - - [02/Nov/2023:07:52:29 +0100] "GET /household-linen-c-11.html HTTP/1.0" 200 98543 "-" "my-tiny-bot"
44.230.252.91 - - [02/Nov/2023:07:52:32 +0100] "GET /games-toys-c-4.html HTTP/1.0" 200 98614 "-" "my-tiny-bot"
157.55.39.10 - - [02/Nov/2023:07:52:34 +0100] "GET /-p-29855.html HTTP/1.0" 200 76707 "-" "Mozilla/5.0 AppleWebKit/537.36 (KHTML, like Gecko; compatible; bingbot/2.0; +http://www.bing.com/bingbot.htm) Chrome/103.0.5060.134 Safari/537.36"
66.249.66.205 - - [02/Nov/2023:07:52:38 +0100] "GET /stranger-things-ceramic-p-53480.html HTTP/1.0" 200 79916 "-" "Mozilla/5.0 (Linux; Android 6.0.1; Nexus 5X Build/MMB29P) AppleWebKit/537.36 (KHTML, like Gecko) Chrome/118.0.5993.117 Mobile Safari/537.36 (compatible; Googlebot/2.1; +http://www.google.com/bot.html)"
44.230.252.91 - - [02/Nov/2023:07:53:27 +0100] "GET /mirror-c-13_133.html HTTP/1.0" 200 96631 "-" "my-tiny-bot"
44.230.252.91 - - [02/Nov/2023:07:53:32 +0100] "GET /jeux-jouets-c-95_312.html HTTP/1.0" 200 75594 "-" "my-tiny-bot"
100.21.24.205 - - [02/Nov/2023:07:53:33 +0100] "GET /kitchen-c-11_269_319.html HTTP/1.0" 200 89252 "-" "my-tiny-bot"
44.230.252.91 - - [02/Nov/2023:07:53:35 +0100] "GET /kothai-large-p-26707.html HTTP/1.0" 200 79134 "-" "my-tiny-bot"
169.233.1.13 - - [02/Nov/2023:07:53:45 +0100] "GET /images/mini_prod/3437015400018.jpg HTTP/1.0" 200 269 "-" "Mozilla/5.0 (X11; Ubuntu; Linux x86_64; rv:72.0) Gecko/20100101 Firefox/72.0"
169.233.1.13 - - [02/Nov/2023:07:53:55 +0100] "GET /images/mini_prod/3609810081741.jpg HTTP/1.0" 200 269 "-" "Mozilla/5.0 (X11; Ubuntu; Linux x86_64; rv:72.0) Gecko/20100101 Firefox/72.0"
3.80.35.60 - - [02/Nov/2023:07:54:00 +0100] "GET /images/mini_prod/3681643100752.jpg HTTP/1.0" 200 269 "-" "Mozilla/5.0 (X11; Ubuntu; Linux x86_64; rv:72.0) Gecko/20100101 Firefox/72.0"
44.230.252.91 - - [02/Nov/2023:07:54:33 +0100] "GET /kothai-small-p-26705.html HTTP/1.0" 200 79133 "-" "my-tiny-bot"
100.21.24.205 - - [02/Nov/2023:07:54:33 +0100] "GET /marley-pencil-p-5064.html HTTP/1.0" 200 79116 "-" "my-tiny-bot"
100.21.24.205 - - [02/Nov/2023:07:54:35 +0100] "GET /marley-pencil-p-5065.html HTTP/1.0" 200 79017 "-" "my-tiny-bot"
54.36.149.40 - - [02/Nov/2023:07:54:36 +0100] "GET /great-patina-white-elephant-statuette-p-41848.html HTTP/1.0" 200 79306 "-" "Mozilla/5.0 (compatible; AhrefsBot/7.0; +http://ahrefs.com/robot/)"
44.230.252.91 - - [02/Nov/2023:07:54:36 +0100] "GET /monster-high-p-18676.html HTTP/1.0" 200 79278 "-" "my-tiny-bot"
52.167.144.145 - - [02/Nov/2023:07:54:38 +0100] "GET /-p-42864.html HTTP/1.0" 200 76707 "-" "Mozilla/5.0 AppleWebKit/537.36 (KHTML, like Gecko; compatible; bingbot/2.0; +http://www.bing.com/bingbot.htm) Chrome/103.0.5060.134 Safari/537.36"
44.230.252.91 - - [02/Nov/2023:07:54:38 +0100] "GET /musical-c-13_150_149.html HTTP/1.0" 200 97652 "-" "my-tiny-bot"
52.25.208.208 - - [02/Nov/2023:07:54:40 +0100] "GET /pill-lavande-p-51388.html HTTP/1.0" 200 79751 "-" "my-tiny-bot"
100.21.24.205 - - [02/Nov/2023:07:54:41 +0100] "GET /pillowcases-c-11_166.html HTTP/1.0" 200 96129 "-" "my-tiny-bot"
52.25.208.208 - - [02/Nov/2023:07:54:43 +0100] "GET /retro-garage-p-35734.html HTTP/1.0" 200 79065 "-" "my-tiny-bot"
173.252.83.2 - - [02/Nov/2023:07:54:46 +0100] "GET /images/mini_prod/1328399067954.jpg HTTP/1.0" 200 269 "-" "facebookexternalhit/1.1 (+http://www.facebook.com/externalhit_uatext.php)"
43.134.35.92 - - [02/Nov/2023:07:54:53 +0100] "GET /images/big_prod_1/3609810077454b.jpg HTTP/1.0" 200 271 "-" "Mozilla/5.0 (Windows NT 6.1; WOW64) AppleWebKit/537.36 (KHTML, like Gecko) Safari/92.0.951.24 Safari/537.36"
54.211.11.48 - - [02/Nov/2023:07:55:12 +0100] "GET /images/mini_prod/3700653593320.jpg HTTP/1.0" 200 269 "-" "Mozilla/5.0 (X11; Ubuntu; Linux x86_64; rv:72.0) Gecko/20100101 Firefox/72.0"
100.21.24.205 - - [02/Nov/2023:07:55:29 +0100] "GET /route-mirror-p-32544.html HTTP/1.0" 200 78991 "-" "my-tiny-bot"
44.230.252.91 - - [02/Nov/2023:07:55:31 +0100] "GET /umbrellas-c-31_16.html HTTP/1.0" 200 90944 "-" "my-tiny-bot"
101.67.29.111 - - [02/Nov/2023:07:55:49 +0100] "GET /templates/Pixame_v1/stylesheet.css HTTP/1.0" 200 267 "http://www.wonder-geek.com/" "Mozilla/5.0 (Macintosh; Intel Mac OS X 10_13_6) AppleWebKit/537.36 (KHTML, like Gecko) Chrome/73.0.3683.103 Safari/537.36"
54.211.11.48 - - [02/Nov/2023:07:56:14 +0100] "GET /images/mini_prod/8718375756041.jpg HTTP/1.0" 200 269 "-" "Mozilla/5.0 (X11; Ubuntu; Linux x86_64; rv:72.0) Gecko/20100101 Firefox/72.0"
44.230.252.91 - - [02/Nov/2023:07:56:15 +0100] "GET /coffee-c-13_150_153.html HTTP/1.0" 200 96746 "-" "my-tiny-bot"
173.252.83.10 - - [02/Nov/2023:07:56:27 +0100] "GET /images/mini_prod/6953270925891b.jpg HTTP/1.0" 404 1308 "-" "facebookexternalhit/1.1 (+http://www.facebook.com/externalhit_uatext.php)"
100.21.24.205 - - [02/Nov/2023:07:57:06 +0100] "GET /-c-95_311.html HTTP/1.0" 200 75575 "-" "my-tiny-bot"
44.230.252.91 - - [02/Nov/2023:07:57:08 +0100] "GET /trunks-c-13_208.html HTTP/1.0" 200 88342 "-" "my-tiny-bot"
100.21.24.205 - - [02/Nov/2023:07:57:11 +0100] "GET /paris-money-p-42893.html HTTP/1.0" 200 79001 "-" "my-tiny-bot"
54.36.149.36 - - [02/Nov/2023:07:57:18 +0100] "GET /figurine-ursula-disney-traditions-deep-trouble-p-44932.html HTTP/1.0" 200 80202 "-" "Mozilla/5.0 (compatible; AhrefsBot/7.0; +http://ahrefs.com/robot/)"
54.36.148.185 - - [02/Nov/2023:07:57:24 +0100] "GET /images/big_prod_1/b045544939874.jpg HTTP/1.0" 200 270 "-" "Mozilla/5.0 (compatible; AhrefsBot/7.0; +http://ahrefs.com/robot/)"
54.36.149.73 - - [02/Nov/2023:07:57:24 +0100] "GET /images/big_prod/045544939874.jpg HTTP/1.0" 200 267 "-" "Mozilla/5.0 (compatible; AhrefsBot/7.0; +http://ahrefs.com/robot/)"
173.252.83.9 - - [02/Nov/2023:07:57:58 +0100] "GET /images/big_prod/8718375750117BB.jpg HTTP/1.0" 200 270 "-" "facebookexternalhit/1.1 (+http://www.facebook.com/externalhit_uatext.php)"
169.233.1.13 - - [02/Nov/2023:07:58:14 +0100] "GET /images/mini_prod/1384010192320.jpg HTTP/1.0" 200 269 "-" "Mozilla/5.0 (X11; Ubuntu; Linux x86_64; rv:72.0) Gecko/20100101 Firefox/72.0"
44.230.252.91 - - [02/Nov/2023:07:58:14 +0100] "GET /rtro-ashtray-p-47259.html HTTP/1.0" 200 78978 "-" "my-tiny-bot"
100.21.24.205 - - [02/Nov/2023:07:58:15 +0100] "GET /-c-95_338.html HTTP/1.0" 200 75575 "-" "my-tiny-bot"
52.25.208.208 - - [02/Nov/2023:07:58:16 +0100] "GET /-c-95_346.html HTTP/1.0" 200 75575 "-" "my-tiny-bot"
44.230.252.91 - - [02/Nov/2023:07:58:18 +0100] "GET /frida-p-57551.html HTTP/1.0" 200 79887 "-" "my-tiny-bot"
100.21.24.205 - - [02/Nov/2023:07:58:20 +0100] "GET /bowls-c-12_255.html HTTP/1.0" 200 84586 "-" "my-tiny-bot"
52.25.208.208 - - [02/Nov/2023:07:58:21 +0100] "GET /clocks-c-13_67.html HTTP/1.0" 200 98789 "-" "my-tiny-bot"
17.241.75.19 - - [02/Nov/2023:07:58:55 +0100] "GET /burlap-round-table-bistrot-p-50964.html HTTP/1.0" 200 79674 "-" "Mozilla/5.0 (Macintosh; Intel Mac OS X 10_15_5) AppleWebKit/605.1.15 (KHTML, like Gecko) Version/13.1.1 Safari/605.1.15 (Applebot/0.1; +http://www.apple.com/go/applebot)"
52.25.208.208 - - [02/Nov/2023:07:59:25 +0100] "GET /wooden-p-58109.html HTTP/1.0" 200 79726 "-" "my-tiny-bot"
173.252.83.14 - - [02/Nov/2023:07:59:32 +0100] "GET /images/mini_prod/4029811408528.jpg HTTP/1.0" 200 269 "-" "facebookexternalhit/1.1 (+http://www.facebook.com/externalhit_uatext.php)"
173.252.83.2 - - [02/Nov/2023:07:59:34 +0100] "GET /images/mini_prod/8433911899210.jpg HTTP/1.0" 200 269 "-" "facebookexternalhit/1.1 (+http://www.facebook.com/externalhit_uatext.php)"
54.36.149.39 - - [02/Nov/2023:08:00:14 +0100] "GET /ceramic-home-sweet-home-incense-burner-p-59623.html HTTP/1.0" 200 79983 "-" "Mozilla/5.0 (compatible; AhrefsBot/7.0; +http://ahrefs.com/robot/)"
54.36.149.35 - - [02/Nov/2023:08:00:20 +0100] "GET /images/big_prod_1/4029822500495a.jpg HTTP/1.0" 200 271 "-" "Mozilla/5.0 (compatible; AhrefsBot/7.0; +http://ahrefs.com/robot/)"
157.55.39.54 - - [02/Nov/2023:08:00:21 +0100] "GET /mugs-mazagrans-c-12_57.html?page=2 HTTP/1.0" 200 101180 "-" "Mozilla/5.0 AppleWebKit/537.36 (KHTML, like Gecko; compatible; bingbot/2.0; +http://www.bing.com/bingbot.htm) Chrome/103.0.5060.134 Safari/537.36"
180.76.29.196 - - [02/Nov/2023:08:00:27 +0100] "GET /images/mini_prod/8433933189689.jpg HTTP/1.0" 200 269 "-" "Mozilla/5.0 (Windows NT 10.0; Win64; x64) AppleWebKit/537.36 (KHTML, like Gecko) Chrome/103.0.0.0 Safari/537.36"
100.21.24.205 - - [02/Nov/2023:08:00:26 +0100] "GET /breakfast-c-12_61.html HTTP/1.0" 200 97172 "-" "my-tiny-bot"
52.25.208.208 - - [02/Nov/2023:08:00:28 +0100] "GET /white-wood-p-52595.html HTTP/1.0" 200 79856 "-" "my-tiny-bot"
169.233.1.13 - - [02/Nov/2023:08:01:14 +0100] "GET /images/mini_prod/9316188070249.jpg HTTP/1.0" 200 269 "-" "Mozilla/5.0 (X11; Ubuntu; Linux x86_64; rv:72.0) Gecko/20100101 Firefox/72.0"
44.230.252.91 - - [02/Nov/2023:08:01:23 +0100] "GET /sprint-watch-p-22632.html HTTP/1.0" 200 79094 "-" "my-tiny-bot"
44.230.252.91 - - [02/Nov/2023:08:01:24 +0100] "GET /kitchen-p-51896.html HTTP/1.0" 200 79122 "-" "my-tiny-bot"
52.25.208.208 - - [02/Nov/2023:08:01:24 +0100] "GET /kitchen-p-51894.html HTTP/1.0" 200 79188 "-" "my-tiny-bot"
44.230.252.91 - - [02/Nov/2023:08:02:32 +0100] "GET /kitchen-p-51897.html HTTP/1.0" 200 79122 "-" "my-tiny-bot"
52.25.208.208 - - [02/Nov/2023:08:02:34 +0100] "GET /stationery-c-129_191.html HTTP/1.0" 200 96723 "-" "my-tiny-bot"
173.252.83.10 - - [02/Nov/2023:08:02:36 +0100] "GET /images/mini_prod/8445148204040.jpg HTTP/1.0" 200 269 "-" "facebookexternalhit/1.1 (+http://www.facebook.com/externalhit_uatext.php)"
52.25.208.208 - - [02/Nov/2023:08:02:35 +0100] "GET /stool-table-c-13_212.html HTTP/1.0" 200 85072 "-" "my-tiny-bot"
100.21.24.205 - - [02/Nov/2023:08:02:35 +0100] "GET /sweets-beige-p-31686.html HTTP/1.0" 200 78952 "-" "my-tiny-bot"
54.36.148.208 - - [02/Nov/2023:08:02:58 +0100] "GET /salt-pepper-melanie-p-47916.html HTTP/1.0" 200 79080 "-" "Mozilla/5.0 (compatible; AhrefsBot/7.0; +http://ahrefs.com/robot/)"
54.36.148.183 - - [02/Nov/2023:08:03:00 +0100] "GET /images/big_prod/3503420063992.jpg HTTP/1.0" 200 268 "-" "Mozilla/5.0 (compatible; AhrefsBot/7.0; +http://ahrefs.com/robot/)"
216.244.66.242 - - [02/Nov/2023:08:03:33 +0100] "GET /robots.txt HTTP/1.0" 200 245 "-" "Mozilla/5.0 (compatible; DotBot/1.2; +https://opensiteexplorer.org/dotbot; help@moz.com)"
44.230.252.91 - - [02/Nov/2023:08:03:38 +0100] "GET /sweets-white-p-31689.html HTTP/1.0" 200 78952 "-" "my-tiny-bot"
173.252.83.14 - - [02/Nov/2023:08:03:43 +0100] "GET /images/mini_prod/5701359690397.jpg HTTP/1.0" 200 269 "-" "facebookexternalhit/1.1 (+http://www.facebook.com/externalhit_uatext.php)"
44.211.222.156 - - [02/Nov/2023:08:04:06 +0100] "GET /images/mini_prod/3272760389849.jpg HTTP/1.0" 200 269 "-" "Mozilla/5.0 (X11; Ubuntu; Linux x86_64; rv:72.0) Gecko/20100101 Firefox/72.0"
173.252.83.120 - - [02/Nov/2023:08:04:23 +0100] "GET /images/mini_prod/3520071778488.jpg HTTP/1.0" 200 269 "-" "facebookexternalhit/1.1 (+http://www.facebook.com/externalhit_uatext.php)"
44.230.252.91 - - [02/Nov/2023:08:04:26 +0100] "GET /table-lamps-c-86_286.html HTTP/1.0" 200 99184 "-" "my-tiny-bot"
202.239.4.103 - - [02/Nov/2023:08:04:33 +0100] "GET /images/mini_prod/3442440233339.jpg HTTP/1.0" 200 269 "-" "Mozilla/5.0 (compatible; Y!J-WSC/1.0; +https://yahoo.jp/3BSZgF)"
52.25.208.208 - - [02/Nov/2023:08:05:14 +0100] "GET /tablecloths-c-11_176.html HTTP/1.0" 200 97523 "-" "my-tiny-bot"
44.230.252.91 - - [02/Nov/2023:08:05:16 +0100] "GET /wall-lights-c-86_281.html HTTP/1.0" 200 84410 "-" "my-tiny-bot"
44.230.252.91 - - [02/Nov/2023:08:05:19 +0100] "GET /agueda-bedding-p-61205.html HTTP/1.0" 200 80156 "-" "my-tiny-bot"
52.25.208.208 - - [02/Nov/2023:08:05:23 +0100] "GET /beleme-bedding-p-61196.html HTTP/1.0" 200 79948 "-" "my-tiny-bot"
100.21.24.205 - - [02/Nov/2023:08:05:27 +0100] "GET /bohochic-sheet-p-53474.html HTTP/1.0" 200 80006 "-" "my-tiny-bot"
44.230.252.91 - - [02/Nov/2023:08:05:28 +0100] "GET /boxes-storage-c-13_150.html HTTP/1.0" 200 100906 "-" "my-tiny-bot"
44.211.134.32 - - [02/Nov/2023:08:05:38 +0100] "GET /images/mini_prod/8033667001822.jpg HTTP/1.0" 200 269 "-" "Mozilla/5.0 (X11; Ubuntu; Linux x86_64; rv:72.0) Gecko/20100101 Firefox/72.0"
169.233.1.13 - - [02/Nov/2023:08:05:48 +0100] "GET /images/mini_prod/3665269057621.jpg HTTP/1.0" 200 269 "-" "Mozilla/5.0 (X11; Ubuntu; Linux x86_64; rv:72.0) Gecko/20100101 Firefox/72.0"
52.25.208.208 - - [02/Nov/2023:08:05:49 +0100] "GET /chairs-stools-c-13_207.html HTTP/1.0" 200 82206 "-" "my-tiny-bot"
54.36.148.115 - - [02/Nov/2023:08:05:49 +0100] "GET /wonder-woman-cork-coaster-p-8796.html HTTP/1.0" 200 79680 "-" "Mozilla/5.0 (compatible; AhrefsBot/7.0; +http://ahrefs.com/robot/)"
52.25.208.208 - - [02/Nov/2023:08:05:50 +0100] "GET /dalmatian-pill-p-32054.html HTTP/1.0" 200 79158 "-" "my-tiny-bot"
44.230.252.91 - - [02/Nov/2023:08:05:54 +0100] "GET /-c-95_325.html HTTP/1.0" 200 75575 "-" "my-tiny-bot"
173.252.83.119 - - [02/Nov/2023:08:06:02 +0100] "GET /images/big_prod_1/3700281670899B.jpg HTTP/1.0" 200 271 "-" "facebookexternalhit/1.1 (+http://www.facebook.com/externalhit_uatext.php)"
54.36.148.108 - - [02/Nov/2023:08:06:06 +0100] "GET /images/big_prod/5060021927279T.jpg HTTP/1.0" 200 269 "-" "Mozilla/5.0 (compatible; AhrefsBot/7.0; +http://ahrefs.com/robot/)"
54.36.148.167 - - [02/Nov/2023:08:06:07 +0100] "GET /images/big_prod_1/5060021927279W.jpg HTTP/1.0" 200 271 "-" "Mozilla/5.0 (compatible; AhrefsBot/7.0; +http://ahrefs.com/robot/)"
173.252.83.4 - - [02/Nov/2023:08:06:08 +0100] "GET /images/mini_prod/8422011475677.jpg HTTP/1.0" 200 269 "-" "facebookexternalhit/1.1 (+http://www.facebook.com/externalhit_uatext.php)"
34.27.43.141 - - [02/Nov/2023:08:06:09 +0100] "GET /images/mini_prod/8718375751336.jpg HTTP/1.0" 200 269 "-" "Mozilla/5.0 (X11; Ubuntu; Linux x86_64; rv:72.0) Gecko/20100101 Firefox/72.0"
52.25.208.208 - - [02/Nov/2023:08:06:32 +0100] "GET /board-games-c-4_47.html HTTP/1.0" 200 75640 "-" "my-tiny-bot"
52.25.208.208 - - [02/Nov/2023:08:06:33 +0100] "GET /bread-bags-c-11_179.html HTTP/1.0" 200 87954 "-" "my-tiny-bot"
100.21.24.205 - - [02/Nov/2023:08:06:34 +0100] "GET /bulbs-c-86_287.html HTTP/1.0" 200 82787 "-" "my-tiny-bot"
173.252.83.12 - - [02/Nov/2023:08:06:45 +0100] "GET /images/mini_prod/000010267622.jpg HTTP/1.0" 200 268 "-" "facebookexternalhit/1.1 (+http://www.facebook.com/externalhit_uatext.php)"
52.25.208.208 - - [02/Nov/2023:08:07:11 +0100] "GET /cushions-c-11_71_283.html HTTP/1.0" 200 96514 "-" "my-tiny-bot"
100.21.24.205 - - [02/Nov/2023:08:07:13 +0100] "GET /duvet-cover-c-11_195.html HTTP/1.0" 200 97849 "-" "my-tiny-bot"
59.82.135.113 - - [02/Nov/2023:08:07:39 +0100] "GET /images/mini_prod/1399984280089.jpg HTTP/1.0" 200 269 "-" "insight2"
216.244.66.242 - - [02/Nov/2023:08:07:40 +0100] "GET /coca-cola-small-metal-plate-p-27978.html HTTP/1.0" 200 76805 "-" "Mozilla/5.0 (compatible; DotBot/1.2; +https://opensiteexplorer.org/dotbot; help@moz.com)"
44.230.252.91 - - [02/Nov/2023:08:08:12 +0100] "GET /hung-mirrors-c-31_258.html HTTP/1.0" 200 94741 "-" "my-tiny-bot"
216.244.66.242 - - [02/Nov/2023:08:08:21 +0100] "GET /espresso-cups-coffee-counter-p-52661.html HTTP/1.0" 301 76774 "-" "Mozilla/5.0 (compatible; DotBot/1.2; +https://opensiteexplorer.org/dotbot; help@moz.com)"
34.132.176.232 - - [02/Nov/2023:08:08:30 +0100] "GET /images/mini_prod/1384010183571BB.jpg HTTP/1.0" 200 271 "-" "Mozilla/5.0 (X11; Ubuntu; Linux x86_64; rv:72.0) Gecko/20100101 Firefox/72.0"
54.36.149.8 - - [02/Nov/2023:08:08:46 +0100] "GET /salt-pepper-milk-p-47918.html HTTP/1.0" 200 79060 "-" "Mozilla/5.0 (compatible; AhrefsBot/7.0; +http://ahrefs.com/robot/)"
43.156.12.221 - - [02/Nov/2023:08:08:51 +0100] "GET /images/mini_prod/3560600300964.jpg HTTP/1.0" 200 269 "-" "Mozilla/5.0 (Windows NT 5.1) AppleWebKit/537.36 (KHTML, like Gecko) Firefox/91.0.1021.92 Safari/537.36"
44.230.252.91 - - [02/Nov/2023:08:08:51 +0100] "GET /jigsaws-c-4_144.html HTTP/1.0" 200 82916 "-" "my-tiny-bot"
54.36.148.167 - - [02/Nov/2023:08:08:52 +0100] "GET /images/big_prod/3503420069109.jpg HTTP/1.0" 200 268 "-" "Mozilla/5.0 (compatible; AhrefsBot/7.0; +http://ahrefs.com/robot/)"
44.230.252.91 - - [02/Nov/2023:08:08:52 +0100] "GET /salt-boxes-jars-c-12_223.html HTTP/1.0" 200 96093 "-" "my-tiny-bot"
44.230.252.91 - - [02/Nov/2023:08:08:55 +0100] "GET /socks-c-2_142.html HTTP/1.0" 200 85697 "-" "my-tiny-bot"
44.230.252.91 - - [02/Nov/2023:08:08:56 +0100] "GET /trunks-c-13_208.html HTTP/1.0" 200 88342 "-" "my-tiny-bot"
100.21.24.205 - - [02/Nov/2023:08:08:58 +0100] "GET /underwear-c-2_38.html HTTP/1.0" 200 82003 "-" "my-tiny-bot"
44.230.252.91 - - [02/Nov/2023:08:09:00 +0100] "GET /desk-blotter-c-129_190.html HTTP/1.0" 200 75784 "-" "my-tiny-bot"
100.21.24.205 - - [02/Nov/2023:08:09:01 +0100] "GET /dishes-dishes-c-12_251.html HTTP/1.0" 200 95783 "-" "my-tiny-bot"
100.21.24.205 - - [02/Nov/2023:08:09:02 +0100] "GET /foliage-carpet-p-48571.html HTTP/1.0" 200 80039 "-" "my-tiny-bot"
52.25.208.208 - - [02/Nov/2023:08:09:04 +0100] "GET /grey-lampshade-p-53666.html HTTP/1.0" 200 79850 "-" "my-tiny-bot"
43.156.12.221 - - [02/Nov/2023:08:09:18 +0100] "GET /images/mini_prod/3438100339787.jpg HTTP/1.0" 200 269 "-" "Mozilla/5.0 (Windows NT 6.1; Win64; x64) AppleWebKit/537.36 (KHTML, like Gecko) Firefox/65.0.550.20 Safari/537.36"
173.252.83.6 - - [02/Nov/2023:08:09:19 +0100] "GET /images/mini_prod/1384010202760.jpg HTTP/1.0" 200 269 "-" "facebookexternalhit/1.1 (+http://www.facebook.com/externalhit_uatext.php)"
52.25.208.208 - - [02/Nov/2023:08:09:56 +0100] "GET /grey-lampshade-p-53668.html HTTP/1.0" 200 79850 "-" "my-tiny-bot"
100.21.24.205 - - [02/Nov/2023:08:09:59 +0100] "GET /grey-lampshade-p-55305.html HTTP/1.0" 200 79922 "-" "my-tiny-bot"
44.230.252.91 - - [02/Nov/2023:08:10:00 +0100] "GET /horses-keyring-p-33559.html HTTP/1.0" 200 80997 "-" "my-tiny-bot"
66.249.66.205 - - [02/Nov/2023:08:10:21 +0100] "GET /key-holders-c-13_150_201.html HTTP/1.0" 301 92307 "-" "Mozilla/5.0 (Linux; Android 6.0.1; Nexus 5X Build/MMB29P) AppleWebKit/537.36 (KHTML, like Gecko) Chrome/118.0.5993.117 Mobile Safari/537.36 (compatible; Googlebot/2.1; +http://www.google.com/bot.html)"
66.249.66.205 - - [02/Nov/2023:08:10:23 +0100] "GET /holders-c-201.html HTTP/1.0" 301 92061 "-" "Mozilla/5.0 (Linux; Android 6.0.1; Nexus 5X Build/MMB29P) AppleWebKit/537.36 (KHTML, like Gecko) Chrome/118.0.5993.117 Mobile Safari/537.36 (compatible; Googlebot/2.1; +http://www.google.com/bot.html)"
66.249.66.205 - - [02/Nov/2023:08:10:25 +0100] "GET /holders-c-13_150_201.html HTTP/1.0" 200 92235 "-" "Mozilla/5.0 (Linux; Android 6.0.1; Nexus 5X Build/MMB29P) AppleWebKit/537.36 (KHTML, like Gecko) Chrome/118.0.5993.117 Mobile Safari/537.36 (compatible; Googlebot/2.1; +http://www.google.com/bot.html)"
44.230.252.91 - - [02/Nov/2023:08:10:48 +0100] "GET /horses-keyring-p-33560.html HTTP/1.0" 200 80820 "-" "my-tiny-bot"
100.21.24.205 - - [02/Nov/2023:08:10:50 +0100] "GET /horses-keyring-p-33561.html HTTP/1.0" 200 80997 "-" "my-tiny-bot"
52.25.208.208 - - [02/Nov/2023:08:11:49 +0100] "GET /horses-keyring-p-33562.html HTTP/1.0" 200 80237 "-" "my-tiny-bot"
100.21.24.205 - - [02/Nov/2023:08:11:51 +0100] "GET /jamaican-clock-p-24958.html HTTP/1.0" 200 78998 "-" "my-tiny-bot"
44.230.252.91 - - [02/Nov/2023:08:11:54 +0100] "GET /kimmidoll-love-p-21768.html HTTP/1.0" 200 83503 "-" "my-tiny-bot"
100.21.24.205 - - [02/Nov/2023:08:11:57 +0100] "GET /laundry-basket-p-49919.html HTTP/1.0" 200 79667 "-" "my-tiny-bot"
54.36.148.44 - - [02/Nov/2023:08:12:12 +0100] "GET /camel-color-blanket-p-61051.html HTTP/1.0" 200 79949 "-" "Mozilla/5.0 (compatible; AhrefsBot/7.0; +http://ahrefs.com/robot/)"
54.36.148.145 - - [02/Nov/2023:08:12:15 +0100] "GET /images/big_prod_1/3665269296341a.jpg HTTP/1.0" 200 271 "-" "Mozilla/5.0 (compatible; AhrefsBot/7.0; +http://ahrefs.com/robot/)"
54.36.148.216 - - [02/Nov/2023:08:12:16 +0100] "GET /images/big_prod_2/3665269291292b.jpg HTTP/1.0" 200 271 "-" "Mozilla/5.0 (compatible; AhrefsBot/7.0; +http://ahrefs.com/robot/)"
52.25.208.208 - - [02/Nov/2023:08:12:36 +0100] "GET /laundry-basket-p-49922.html HTTP/1.0" 200 79666 "-" "my-tiny-bot"
52.25.208.208 - - [02/Nov/2023:08:12:38 +0100] "GET /laundry-basket-p-52239.html HTTP/1.0" 200 79620 "-" "my-tiny-bot"
110.249.201.175 - - [02/Nov/2023:08:12:57 +0100] "GET /robots.txt HTTP/1.0" 200 245 "-" "Mozilla/5.0 (Linux; Android 5.0) AppleWebKit/537.36 (KHTML, like Gecko) Mobile Safari/537.36 (compatible; Bytespider; https://zhanzhang.toutiao.com/)"
173.252.83.120 - - [02/Nov/2023:08:13:03 +0100] "GET /images/mini_prod/3503420127786.jpg HTTP/1.0" 404 1308 "-" "facebookexternalhit/1.1 (+http://www.facebook.com/externalhit_uatext.php)"
44.230.252.91 - - [02/Nov/2023:08:13:14 +0100] "GET /magnetic-globe-p-51890.html HTTP/1.0" 200 79646 "-" "my-tiny-bot"
100.21.24.205 - - [02/Nov/2023:08:13:17 +0100] "GET /marseille-pill-p-52008.html HTTP/1.0" 200 79749 "-" "my-tiny-bot"
44.230.252.91 - - [02/Nov/2023:08:13:18 +0100] "GET /mugs-mazagrans-c-12_57.html HTTP/1.0" 200 101356 "-" "my-tiny-bot"
44.230.252.91 - - [02/Nov/2023:08:13:20 +0100] "GET /noddy-swimsuit-p-30585.html HTTP/1.0" 200 80145 "-" "my-tiny-bot"
44.230.252.91 - - [02/Nov/2023:08:13:21 +0100] "GET /planes-cushion-p-25908.html HTTP/1.0" 200 79163 "-" "my-tiny-bot"
216.244.66.242 - - [02/Nov/2023:08:13:23 +0100] "GET /miss-sunshine-computer-p-34669.html HTTP/1.0" 200 79281 "-" "Mozilla/5.0 (compatible; DotBot/1.2; +https://opensiteexplorer.org/dotbot; help@moz.com)"
52.25.208.208 - - [02/Nov/2023:08:13:24 +0100] "GET /planes-cushion-p-25909.html HTTP/1.0" 200 79163 "-" "my-tiny-bot"
44.230.252.91 - - [02/Nov/2023:08:13:26 +0100] "GET /playmobil-rule-p-13388.html HTTP/1.0" 200 78988 "-" "my-tiny-bot"
100.21.24.205 - - [02/Nov/2023:08:13:27 +0100] "GET /salsa-hermetic-p-37454.html HTTP/1.0" 200 79036 "-" "my-tiny-bot"
52.25.208.208 - - [02/Nov/2023:08:13:29 +0100] "GET /shower-curtain-p-58603.html HTTP/1.0" 200 79955 "-" "my-tiny-bot"
52.25.208.208 - - [02/Nov/2023:08:13:32 +0100] "GET /take-cake-irma-p-48106.html HTTP/1.0" 200 79895 "-" "my-tiny-bot"
216.244.66.242 - - [02/Nov/2023:08:13:48 +0100] "GET /panda-white-women-shirt-p-31234.html HTTP/1.0" 200 76825 "-" "Mozilla/5.0 (compatible; DotBot/1.2; +https://opensiteexplorer.org/dotbot; help@moz.com)"
216.244.66.242 - - [02/Nov/2023:08:14:11 +0100] "GET /provence-parma-bath-soap-dish-p-39757.html HTTP/1.0" 200 79149 "-" "Mozilla/5.0 (compatible; DotBot/1.2; +https://opensiteexplorer.org/dotbot; help@moz.com)"
100.21.24.205 - - [02/Nov/2023:08:14:16 +0100] "GET /trivet-boards-c-12_158.html HTTP/1.0" 200 100497 "-" "my-tiny-bot"
52.25.208.208 - - [02/Nov/2023:08:14:18 +0100] "GET /playmobil-rule-p-13388.html HTTP/1.0" 200 78988 "-" "my-tiny-bot"
52.25.208.208 - - [02/Nov/2023:08:14:19 +0100] "GET /unicorn-pencil-p-51484.html HTTP/1.0" 200 79587 "-" "my-tiny-bot"
44.230.252.91 - - [02/Nov/2023:08:14:22 +0100] "GET /angel-memo-clip-p-47105.html HTTP/1.0" 200 79024 "-" "my-tiny-bot"
173.252.83.1 - - [02/Nov/2023:08:14:46 +0100] "GET /images/mini_prod/8720088293959.jpg HTTP/1.0" 200 269 "-" "facebookexternalhit/1.1 (+http://www.facebook.com/externalhit_uatext.php)"
17.241.227.232 - - [02/Nov/2023:08:15:04 +0100] "GET /blue-alarm-clock-p-38250.html HTTP/1.0" 200 76769 "-" "Mozilla/5.0 (Macintosh; Intel Mac OS X 10_15_5) AppleWebKit/605.1.15 (KHTML, like Gecko) Version/13.1.1 Safari/605.1.15 (Applebot/0.1; +http://www.apple.com/go/applebot)"
54.36.149.35 - - [02/Nov/2023:08:15:06 +0100] "GET /-c-95_329.html HTTP/1.0" 200 75575 "-" "Mozilla/5.0 (compatible; AhrefsBot/7.0; +http://ahrefs.com/robot/)"
66.249.66.205 - - [02/Nov/2023:08:15:08 +0100] "GET /boutis-c-11_194.html HTTP/1.0" 301 96705 "-" "Mozilla/5.0 (Linux; Android 6.0.1; Nexus 5X Build/MMB29P) AppleWebKit/537.36 (KHTML, like Gecko) Chrome/118.0.5993.117 Mobile Safari/537.36 (compatible; Googlebot/2.1; +http://www.google.com/bot.html)"
66.249.66.205 - - [02/Nov/2023:08:15:11 +0100] "GET /boutis-quilt-bedspread-c-194.html HTTP/1.0" 301 96586 "-" "Mozilla/5.0 (Linux; Android 6.0.1; Nexus 5X Build/MMB29P) AppleWebKit/537.36 (KHTML, like Gecko) Chrome/118.0.5993.117 Mobile Safari/537.36 (compatible; Googlebot/2.1; +http://www.google.com/bot.html)"
66.249.66.206 - - [02/Nov/2023:08:15:13 +0100] "GET /boutis-quilt-bedspread-c-11_194.html HTTP/1.0" 200 96618 "-" "Mozilla/5.0 (Linux; Android 6.0.1; Nexus 5X Build/MMB29P) AppleWebKit/537.36 (KHTML, like Gecko) Chrome/118.0.5993.117 Mobile Safari/537.36 (compatible; Googlebot/2.1; +http://www.google.com/bot.html)"
66.249.66.205 - - [02/Nov/2023:08:15:18 +0100] "GET /js/jquery.min.js HTTP/1.0" 404 1308 "http://www.wonder-geek.com/boutis-quilt-bedspread-c-11_194.html" "Mozilla/5.0 (Linux; Android 6.0.1; Nexus 5X Build/MMB29P) AppleWebKit/537.36 (KHTML, like Gecko) Chrome/118.0.5993.88 Mobile Safari/537.36 (compatible; Googlebot/2.1; +http://www.google.com/bot.html)"
52.25.208.208 - - [02/Nov/2023:08:15:25 +0100] "GET /bell-wall-bell-c-13_270.html HTTP/1.0" 200 95450 "-" "my-tiny-bot"
52.25.208.208 - - [02/Nov/2023:08:15:27 +0100] "GET /black-lampshade-p-60988.html HTTP/1.0" 200 79682 "-" "my-tiny-bot"
44.230.252.91 - - [02/Nov/2023:08:15:28 +0100] "GET /bohemia-bedding-p-61199.html HTTP/1.0" 200 80171 "-" "my-tiny-bot"
173.252.83.1 - - [02/Nov/2023:08:15:43 +0100] "GET /images/mini_prod/5902335383733.jpg HTTP/1.0" 200 269 "-" "facebookexternalhit/1.1 (+http://www.facebook.com/externalhit_uatext.php)"
