66.249.66.205 - - [02/Nov/2023:04:19:43 +0100] "GET /placemat-kiub-cats-love-paris-p-60034.html HTTP/1.0" 200 79214 "-" "Mozilla/5.0 (Linux; Android 6.0.1; Nexus 5X Build/MMB29P) AppleWebKit/537.36 (KHTML, like Gecko) Chrome/118.0.5993.117 Mobile Safari/537.36 (compatible; Googlebot/2.1; +http://www.google.com/bot.html)"
157.90.182.25 - - [02/Nov/2023:04:19:48 +0100] "GET /minute-cooking-hourglass-white-sand-p-59746.html HTTP/1.0" 200 79927 "-" "Mozilla/5.0 (compatible; BLEXBot/1.0; +http://webmeup-crawler.com/)"
157.90.182.25 - - [02/Nov/2023:04:19:54 +0100] "GET /minute-kitchen-timer-beige-sand-p-59442.html HTTP/1.0" 200 79908 "-" "Mozilla/5.0 (compatible; BLEXBot/1.0; +http://webmeup-crawler.com/)"
157.90.182.25 - - [02/Nov/2023:04:20:02 +0100] "GET /minute-kitchen-timer-blue-sand-p-59440.html HTTP/1.0" 200 79987 "-" "Mozilla/5.0 (compatible; BLEXBot/1.0; +http://webmeup-crawler.com/)"
157.90.182.25 - - [02/Nov/2023:04:20:10 +0100] "GET /minute-kitchen-timer-pink-sand-p-59441.html HTTP/1.0" 200 79987 "-" "Mozilla/5.0 (compatible; BLEXBot/1.0; +http://webmeup-crawler.com/)"
157.90.182.25 - - [02/Nov/2023:04:20:16 +0100] "GET /minute-kitchen-timer-purple-sand-p-59443.html HTTP/1.0" 200 79832 "-" "Mozilla/5.0 (compatible; BLEXBot/1.0; +http://webmeup-crawler.com/)"
157.90.182.25 - - [02/Nov/2023:04:20:24 +0100] "GET /mirabelle-calendar-year-2016-p-31180.html HTTP/1.0" 200 79291 "-" "Mozilla/5.0 (compatible; BLEXBot/1.0; +http://webmeup-crawler.com/)"
173.252.83.7 - - [02/Nov/2023:04:20:28 +0100] "GET /images/mini_prod/3520071705064.jpg HTTP/1.0" 200 269 "-" "facebookexternalhit/1.1 (+http://www.facebook.com/externalhit_uatext.php)"
157.90.182.25 - - [02/Nov/2023:04:20:29 +0100] "GET /mirabelle-calendar-year-2016-p-31182.html HTTP/1.0" 200 79289 "-" "Mozilla/5.0 (compatible; BLEXBot/1.0; +http://webmeup-crawler.com/)"
157.90.182.25 - - [02/Nov/2023:04:20:35 +0100] "GET /mirabelle-calendar-year-2017-p-36747.html HTTP/1.0" 200 79289 "-" "Mozilla/5.0 (compatible; BLEXBot/1.0; +http://webmeup-crawler.com/)"
157.90.182.25 - - [02/Nov/2023:04:20:41 +0100] "GET /mirabelle-calendar-year-2017-p-36748.html HTTP/1.0" 200 79295 "-" "Mozilla/5.0 (compatible; BLEXBot/1.0; +http://webmeup-crawler.com/)"
157.90.182.25 - - [02/Nov/2023:04:20:48 +0100] "GET /miracle-tattoos-augmented-reality-p-30661.html HTTP/1.0" 200 79915 "-" "Mozilla/5.0 (compatible; BLEXBot/1.0; +http://webmeup-crawler.com/)"
157.90.182.25 - - [02/Nov/2023:04:20:56 +0100] "GET /miracle-tattoos-augmented-reality-p-30664.html HTTP/1.0" 200 80028 "-" "Mozilla/5.0 (compatible; BLEXBot/1.0; +http://webmeup-crawler.com/)"
157.90.182.25 - - [02/Nov/2023:04:21:05 +0100] "GET /miraculous-virgin-prayer-candle-novena-p-58243.html HTTP/1.0" 200 80088 "-" "Mozilla/5.0 (compatible; BLEXBot/1.0; +http://webmeup-crawler.com/)"
173.252.83.13 - - [02/Nov/2023:04:21:08 +0100] "GET /images/big_prod/5415203879523.jpg HTTP/1.0" 200 268 "-" "facebookexternalhit/1.1 (+http://www.facebook.com/externalhit_uatext.php)"
157.90.182.25 - - [02/Nov/2023:04:21:11 +0100] "GET /mire-alarm-clock-cbkreation-p-25011.html HTTP/1.0" 200 79160 "-" "Mozilla/5.0 (compatible; BLEXBot/1.0; +http://webmeup-crawler.com/)"
157.90.182.25 - - [02/Nov/2023:04:21:17 +0100] "GET /mirror-c-13_133.html?page=2 HTTP/1.0" 200 97212 "-" "Mozilla/5.0 (compatible; BLEXBot/1.0; +http://webmeup-crawler.com/)"
157.90.182.25 - - [02/Nov/2023:04:21:24 +0100] "GET /mirror-c-13_133.html?page=3 HTTP/1.0" 200 95214 "-" "Mozilla/5.0 (compatible; BLEXBot/1.0; +http://webmeup-crawler.com/)"
157.90.182.25 - - [02/Nov/2023:04:21:32 +0100] "GET /mirror-love-kittens-p-21301.html HTTP/1.0" 200 78952 "-" "Mozilla/5.0 (compatible; BLEXBot/1.0; +http://webmeup-crawler.com/)"
216.244.66.242 - - [02/Nov/2023:04:21:35 +0100] "GET /josephine-roses-cotton-table-runner-p-60923.html HTTP/1.0" 200 79886 "-" "Mozilla/5.0 (compatible; DotBot/1.2; +https://opensiteexplorer.org/dotbot; help@moz.com)"
157.90.182.25 - - [02/Nov/2023:04:21:40 +0100] "GET /miso-cute-kimmidoll-love-p-21767.html HTTP/1.0" 200 83529 "-" "Mozilla/5.0 (compatible; BLEXBot/1.0; +http://webmeup-crawler.com/)"
157.90.182.25 - - [02/Nov/2023:04:21:47 +0100] "GET /miss-mister-saltshaker-pepper-p-28748.html HTTP/1.0" 200 79259 "-" "Mozilla/5.0 (compatible; BLEXBot/1.0; +http://webmeup-crawler.com/)"
34.220.146.250 - - [02/Nov/2023:04:21:48 +0100] "GET /images/mini_prod/3700431602756.jpg HTTP/1.0" 200 269 "-" "Mozilla/5.0 (X11; Ubuntu; Linux x86_64; rv:72.0) Gecko/20100101 Firefox/72.0"
157.90.182.25 - - [02/Nov/2023:04:21:53 +0100] "GET /miss-photo-frame-p-5145.html HTTP/1.0" 200 79076 "-" "Mozilla/5.0 (compatible; BLEXBot/1.0; +http://webmeup-crawler.com/)"
157.90.182.25 - - [02/Nov/2023:04:22:00 +0100] "GET /miss-sunshine-computer-p-34669.html HTTP/1.0" 200 79281 "-" "Mozilla/5.0 (compatible; BLEXBot/1.0; +http://webmeup-crawler.com/)"
157.90.182.25 - - [02/Nov/2023:04:22:06 +0100] "GET /miss-sunshine-little-mirror-p-8861.html HTTP/1.0" 200 79260 "-" "Mozilla/5.0 (compatible; BLEXBot/1.0; +http://webmeup-crawler.com/)"
207.46.13.168 - - [02/Nov/2023:04:22:12 +0100] "GET /smokers-items-c-3_112.html HTTP/1.0" 200 98020 "-" "Mozilla/5.0 AppleWebKit/537.36 (KHTML, like Gecko; compatible; bingbot/2.0; +http://www.bing.com/bingbot.htm) Chrome/103.0.5060.134 Safari/537.36"
157.90.182.25 - - [02/Nov/2023:04:22:13 +0100] "GET /miss-wallet-p-2683.html HTTP/1.0" 200 79276 "-" "Mozilla/5.0 (compatible; BLEXBot/1.0; +http://webmeup-crawler.com/)"
173.252.83.4 - - [02/Nov/2023:04:22:19 +0100] "GET /home/images/mini_prod/16483_Ansicht.gif HTTP/1.0" 404 1308 "-" "facebookexternalhit/1.1 (+http://www.facebook.com/externalhit_uatext.php)"
157.90.182.25 - - [02/Nov/2023:04:22:19 +0100] "GET /mister-long-sleeve-shirt-p-31041.html HTTP/1.0" 200 80240 "-" "Mozilla/5.0 (compatible; BLEXBot/1.0; +http://webmeup-crawler.com/)"
157.90.182.25 - - [02/Nov/2023:04:22:25 +0100] "GET /moai-statue-p-54268.html HTTP/1.0" 200 79693 "-" "Mozilla/5.0 (compatible; BLEXBot/1.0; +http://webmeup-crawler.com/)"
54.36.148.19 - - [02/Nov/2023:04:22:27 +0100] "GET /salt-pepper-shakers-p-52203.html HTTP/1.0" 200 79097 "-" "Mozilla/5.0 (compatible; AhrefsBot/7.0; +http://ahrefs.com/robot/)"
157.90.182.25 - - [02/Nov/2023:04:22:31 +0100] "GET /mobile-bells-metal-butterfly-p-41510.html HTTP/1.0" 200 79139 "-" "Mozilla/5.0 (compatible; BLEXBot/1.0; +http://webmeup-crawler.com/)"
54.36.148.68 - - [02/Nov/2023:04:22:34 +0100] "GET /images/big_prod/3453131151351.jpg HTTP/1.0" 200 268 "-" "Mozilla/5.0 (compatible; AhrefsBot/7.0; +http://ahrefs.com/robot/)"
34.132.176.232 - - [02/Nov/2023:04:22:38 +0100] "GET /images/mini_prod/8435333849699.jpg HTTP/1.0" 200 269 "-" "Mozilla/5.0 (X11; Ubuntu; Linux x86_64; rv:72.0) Gecko/20100101 Firefox/72.0"
157.90.182.25 - - [02/Nov/2023:04:22:37 +0100] "GET /mobile-bells-metal-elephants-p-41509.html HTTP/1.0" 200 79763 "-" "Mozilla/5.0 (compatible; BLEXBot/1.0; +http://webmeup-crawler.com/)"
157.90.182.25 - - [02/Nov/2023:04:22:44 +0100] "GET /mobile-metallic-tealight-blue-house-p-38563.html HTTP/1.0" 200 79256 "-" "Mozilla/5.0 (compatible; BLEXBot/1.0; +http://webmeup-crawler.com/)"
157.90.182.25 - - [02/Nov/2023:04:22:49 +0100] "GET /mobile-tealight-brown-patinated-metal-butterfly-heart-p-37208.html HTTP/1.0" 200 79367 "-" "Mozilla/5.0 (compatible; BLEXBot/1.0; +http://webmeup-crawler.com/)"
207.46.13.168 - - [02/Nov/2023:04:22:52 +0100] "GET /home-sweet-home-doormat-p-60819.html HTTP/1.0" 200 80056 "-" "Mozilla/5.0 AppleWebKit/537.36 (KHTML, like Gecko; compatible; bingbot/2.0; +http://www.bing.com/bingbot.htm) Chrome/103.0.5060.134 Safari/537.36"
154.7.26.244 - - [02/Nov/2023:04:22:54 +0100] "GET /images/big_prod/1384010184417.jpg HTTP/1.0" 200 268 "-" "Mozilla/5.0 (Windows NT 6.1; WOW64) AppleWebKit/537.36 (KHTML like Gecko) Chrome/42.0.2311.152 Safari/537.36"
157.90.182.25 - - [02/Nov/2023:04:22:56 +0100] "GET /mobile-tealight-brown-patinated-metal-butterfly-p-37207.html HTTP/1.0" 200 79320 "-" "Mozilla/5.0 (compatible; BLEXBot/1.0; +http://webmeup-crawler.com/)"
173.252.83.119 - - [02/Nov/2023:04:23:01 +0100] "GET /images/big_prod/8424345302216.jpg HTTP/1.0" 200 268 "-" "facebookexternalhit/1.1 (+http://www.facebook.com/externalhit_uatext.php)"
157.90.182.25 - - [02/Nov/2023:04:23:01 +0100] "GET /model-felt-orange-p-20193.html HTTP/1.0" 200 79189 "-" "Mozilla/5.0 (compatible; BLEXBot/1.0; +http://webmeup-crawler.com/)"
101.198.192.11 - - [02/Nov/2023:04:23:06 +0100] "GET /images/mini_prod/3574642579820.jpg HTTP/1.0" 200 269 "-" "Mozilla/5.0 (X11; Ubuntu; Linux x86_64; rv:72.0) Gecko/20100101 Firefox/72.0"
157.90.182.25 - - [02/Nov/2023:04:23:07 +0100] "GET /model-felt-yellow-p-20192.html HTTP/1.0" 200 79189 "-" "Mozilla/5.0 (compatible; BLEXBot/1.0; +http://webmeup-crawler.com/)"
157.90.182.25 - - [02/Nov/2023:04:23:13 +0100] "GET /model-long-sleeve-shirt-p-50920.html HTTP/1.0" 200 83155 "-" "Mozilla/5.0 (compatible; BLEXBot/1.0; +http://webmeup-crawler.com/)"
157.90.182.25 - - [02/Nov/2023:04:23:23 +0100] "GET /mojito-metal-tray-p-53575.html HTTP/1.0" 200 79913 "-" "Mozilla/5.0 (compatible; BLEXBot/1.0; +http://webmeup-crawler.com/)"
157.90.182.25 - - [02/Nov/2023:04:23:30 +0100] "GET /monaco-homework-notebooks-p-36936.html HTTP/1.0" 200 79296 "-" "Mozilla/5.0 (compatible; BLEXBot/1.0; +http://webmeup-crawler.com/)"
124.156.207.67 - - [02/Nov/2023:04:23:33 +0100] "GET /images/mini_prod/3609810067066.jpg HTTP/1.0" 200 269 "-" "Mozilla/5.0 (Windows NT 6.1; Win64; x64) AppleWebKit/537.36 (KHTML, like Gecko) Firefox/61.0.3161.37 Safari/537.36"
207.46.13.168 - - [02/Nov/2023:04:23:32 +0100] "GET /mugs-mazagrans-c-12_57.html?page=9 HTTP/1.0" 200 101902 "-" "Mozilla/5.0 AppleWebKit/537.36 (KHTML, like Gecko; compatible; bingbot/2.0; +http://www.bing.com/bingbot.htm) Chrome/103.0.5060.134 Safari/537.36"
157.90.182.25 - - [02/Nov/2023:04:23:36 +0100] "GET /monaco-white-wallet-p-38645.html HTTP/1.0" 200 79987 "-" "Mozilla/5.0 (compatible; BLEXBot/1.0; +http://webmeup-crawler.com/)"
157.90.182.25 - - [02/Nov/2023:04:23:41 +0100] "GET /money-bank-carlin-cbkreation-p-30094.html HTTP/1.0" 200 79141 "-" "Mozilla/5.0 (compatible; BLEXBot/1.0; +http://webmeup-crawler.com/)"
157.90.182.25 - - [02/Nov/2023:04:23:49 +0100] "GET /money-boxes-c-13_83.html?page=2 HTTP/1.0" 200 98620 "-" "Mozilla/5.0 (compatible; BLEXBot/1.0; +http://webmeup-crawler.com/)"
157.90.182.25 - - [02/Nov/2023:04:23:54 +0100] "GET /money-boxes-c-13_83.html?page=3 HTTP/1.0" 200 97927 "-" "Mozilla/5.0 (compatible; BLEXBot/1.0; +http://webmeup-crawler.com/)"
157.90.182.25 - - [02/Nov/2023:04:24:01 +0100] "GET /money-boxes-c-13_83.html?page=4 HTTP/1.0" 200 97962 "-" "Mozilla/5.0 (compatible; BLEXBot/1.0; +http://webmeup-crawler.com/)"
157.90.182.25 - - [02/Nov/2023:04:24:08 +0100] "GET /money-boxes-c-13_83.html?page=5 HTTP/1.0" 200 97986 "-" "Mozilla/5.0 (compatible; BLEXBot/1.0; +http://webmeup-crawler.com/)"
180.168.35.125 - - [02/Nov/2023:04:24:10 +0100] "GET /images/mini_prod/3700276281758050720122.jpg HTTP/1.0" 200 278 "-" "Mozilla/5.0 (X11; Ubuntu; Linux x86_64; rv:72.0) Gecko/20100101 Firefox/72.0"
157.90.182.25 - - [02/Nov/2023:04:24:19 +0100] "GET /money-boxes-c-13_83.html?page=6 HTTP/1.0" 200 88638 "-" "Mozilla/5.0 (compatible; BLEXBot/1.0; +http://webmeup-crawler.com/)"
157.90.182.25 - - [02/Nov/2023:04:24:27 +0100] "GET /monkey-gold-resin-p-56366.html HTTP/1.0" 200 79744 "-" "Mozilla/5.0 (compatible; BLEXBot/1.0; +http://webmeup-crawler.com/)"
157.90.182.25 - - [02/Nov/2023:04:24:32 +0100] "GET /monster-doll-cushion-personalized-picture-p-16681.html HTTP/1.0" 200 79958 "-" "Mozilla/5.0 (compatible; BLEXBot/1.0; +http://webmeup-crawler.com/)"
157.90.182.25 - - [02/Nov/2023:04:24:37 +0100] "GET /monster-doll-small-white-cushion-with-personalized-picture-p-16983.html HTTP/1.0" 200 80118 "-" "Mozilla/5.0 (compatible; BLEXBot/1.0; +http://webmeup-crawler.com/)"
157.90.182.25 - - [02/Nov/2023:04:24:42 +0100] "GET /monster-high-companion-wallet-p-15502.html HTTP/1.0" 200 79913 "-" "Mozilla/5.0 (compatible; BLEXBot/1.0; +http://webmeup-crawler.com/)"
157.90.182.25 - - [02/Nov/2023:04:24:47 +0100] "GET /monster-high-creative-killer-phone-accessories-p-15914.html HTTP/1.0" 200 80402 "-" "Mozilla/5.0 (compatible; BLEXBot/1.0; +http://webmeup-crawler.com/)"
157.90.182.25 - - [02/Nov/2023:04:24:52 +0100] "GET /monster-high-hair-clips-p-19418.html HTTP/1.0" 200 82117 "-" "Mozilla/5.0 (compatible; BLEXBot/1.0; +http://webmeup-crawler.com/)"
157.90.182.25 - - [02/Nov/2023:04:24:56 +0100] "GET /monster-high-logo-keyring-p-17475.html HTTP/1.0" 200 79992 "-" "Mozilla/5.0 (compatible; BLEXBot/1.0; +http://webmeup-crawler.com/)"
157.90.182.25 - - [02/Nov/2023:04:25:01 +0100] "GET /monster-high-mini-keychain-flashlight-white-p-17848.html HTTP/1.0" 200 79641 "-" "Mozilla/5.0 (compatible; BLEXBot/1.0; +http://webmeup-crawler.com/)"
157.90.182.25 - - [02/Nov/2023:04:25:07 +0100] "GET /monster-high-p-18676.html HTTP/1.0" 200 79278 "-" "Mozilla/5.0 (compatible; BLEXBot/1.0; +http://webmeup-crawler.com/)"
157.90.182.25 - - [02/Nov/2023:04:25:12 +0100] "GET /monster-high-pencil-p-21803.html HTTP/1.0" 200 79826 "-" "Mozilla/5.0 (compatible; BLEXBot/1.0; +http://webmeup-crawler.com/)"
173.252.83.5 - - [02/Nov/2023:04:25:20 +0100] "GET /images/mini_prod/8435465002665.jpg HTTP/1.0" 200 269 "-" "facebookexternalhit/1.1 (+http://www.facebook.com/externalhit_uatext.php)"
173.252.83.12 - - [02/Nov/2023:04:25:21 +0100] "GET /images/big_prod/8433933189634.jpg HTTP/1.0" 200 268 "-" "facebookexternalhit/1.1 (+http://www.facebook.com/externalhit_uatext.php)"
157.90.182.25 - - [02/Nov/2023:04:25:20 +0100] "GET /monster-high-stationery-p-20401.html HTTP/1.0" 200 79329 "-" "Mozilla/5.0 (compatible; BLEXBot/1.0; +http://webmeup-crawler.com/)"
157.90.182.25 - - [02/Nov/2023:04:25:25 +0100] "GET /monster-money-p-61029.html HTTP/1.0" 200 79771 "-" "Mozilla/5.0 (compatible; BLEXBot/1.0; +http://webmeup-crawler.com/)"
157.90.182.25 - - [02/Nov/2023:04:25:32 +0100] "GET /monster-money-p-61031.html HTTP/1.0" 200 79771 "-" "Mozilla/5.0 (compatible; BLEXBot/1.0; +http://webmeup-crawler.com/)"
157.90.182.25 - - [02/Nov/2023:04:25:37 +0100] "GET /monster-money-p-61032.html HTTP/1.0" 200 79771 "-" "Mozilla/5.0 (compatible; BLEXBot/1.0; +http://webmeup-crawler.com/)"
157.90.182.25 - - [02/Nov/2023:04:25:42 +0100] "GET /monstera-shower-curtain-p-58289.html HTTP/1.0" 200 79803 "-" "Mozilla/5.0 (compatible; BLEXBot/1.0; +http://webmeup-crawler.com/)"
195.191.219.133 - - [02/Nov/2023:04:25:45 +0100] "GET /robots.txt HTTP/1.0" 200 245 "-" "Mozilla/5.0 (compatible; MJ12bot/v1.4.8; http://mj12bot.com/)"
54.36.148.33 - - [02/Nov/2023:04:25:47 +0100] "GET /ceramic-incense-burner-p-59450.html HTTP/1.0" 200 80701 "-" "Mozilla/5.0 (compatible; AhrefsBot/7.0; +http://ahrefs.com/robot/)"
54.36.149.18 - - [02/Nov/2023:04:25:50 +0100] "GET /images/big_prod_2/4029811291069e.jpg HTTP/1.0" 200 271 "-" "Mozilla/5.0 (compatible; AhrefsBot/7.0; +http://ahrefs.com/robot/)"
54.36.148.124 - - [02/Nov/2023:04:25:51 +0100] "GET /images/big_prod_3/4029811291069d.jpg HTTP/1.0" 200 271 "-" "Mozilla/5.0 (compatible; AhrefsBot/7.0; +http://ahrefs.com/robot/)"
157.90.182.25 - - [02/Nov/2023:04:25:49 +0100] "GET /mood-tassen-cocoon-butter-dish-made-germany-p-59647.html HTTP/1.0" 200 80207 "-" "Mozilla/5.0 (compatible; BLEXBot/1.0; +http://webmeup-crawler.com/)"
195.191.219.133 - - [02/Nov/2023:04:25:47 +0100] "GET / HTTP/1.0" 200 159129 "-" "Mozilla/5.0 (compatible; MJ12bot/v1.4.8; http://mj12bot.com/)"
216.244.66.242 - - [02/Nov/2023:04:25:52 +0100] "GET /thermometer-metal-plate-deco-homemade-p-40000.html HTTP/1.0" 200 76849 "-" "Mozilla/5.0 (compatible; DotBot/1.2; +https://opensiteexplorer.org/dotbot; help@moz.com)"
207.46.13.168 - - [02/Nov/2023:04:25:50 +0100] "GET /array-m-124.html HTTP/1.0" 200 97389 "-" "Mozilla/5.0 AppleWebKit/537.36 (KHTML, like Gecko; compatible; bingbot/2.0; +http://www.bing.com/bingbot.htm) Chrome/103.0.5060.134 Safari/537.36"
54.36.148.60 - - [02/Nov/2023:04:25:55 +0100] "GET /images/big_prod/4029825001906.jpg HTTP/1.0" 200 268 "-" "Mozilla/5.0 (compatible; AhrefsBot/7.0; +http://ahrefs.com/robot/)"
54.36.148.232 - - [02/Nov/2023:04:25:55 +0100] "GET /images/big_prod_5/4029811291069a.jpg HTTP/1.0" 200 271 "-" "Mozilla/5.0 (compatible; AhrefsBot/7.0; +http://ahrefs.com/robot/)"
54.36.148.16 - - [02/Nov/2023:04:25:57 +0100] "GET /images/big_prod_1/4029811291069c.jpg HTTP/1.0" 200 271 "-" "Mozilla/5.0 (compatible; AhrefsBot/7.0; +http://ahrefs.com/robot/)"
54.36.149.91 - - [02/Nov/2023:04:25:58 +0100] "GET /images/big_prod_4/4029811291069b.jpg HTTP/1.0" 200 271 "-" "Mozilla/5.0 (compatible; AhrefsBot/7.0; +http://ahrefs.com/robot/)"
157.90.182.25 - - [02/Nov/2023:04:25:57 +0100] "GET /moroccan-ashtray-p-40618.html HTTP/1.0" 200 79035 "-" "Mozilla/5.0 (compatible; BLEXBot/1.0; +http://webmeup-crawler.com/)"
157.90.182.25 - - [02/Nov/2023:04:26:02 +0100] "GET /motion-sensor-candy-dispenser-p-41942.html HTTP/1.0" 200 79880 "-" "Mozilla/5.0 (compatible; BLEXBot/1.0; +http://webmeup-crawler.com/)"
157.90.182.25 - - [02/Nov/2023:04:26:10 +0100] "GET /moto-retro-ottoman-storage-p-47384.html HTTP/1.0" 200 79253 "-" "Mozilla/5.0 (compatible; BLEXBot/1.0; +http://webmeup-crawler.com/)"
180.168.35.125 - - [02/Nov/2023:04:26:15 +0100] "GET /images/mini_prod/1399984289129.jpg HTTP/1.0" 200 269 "-" "Mozilla/5.0 (X11; Ubuntu; Linux x86_64; rv:72.0) Gecko/20100101 Firefox/72.0"
157.90.182.25 - - [02/Nov/2023:04:26:16 +0100] "GET /motor-ottoman-storage-p-47385.html HTTP/1.0" 200 79213 "-" "Mozilla/5.0 (compatible; BLEXBot/1.0; +http://webmeup-crawler.com/)"
173.252.83.4 - - [02/Nov/2023:04:26:23 +0100] "GET /images/mini_prod/1384010207260.jpg HTTP/1.0" 200 269 "-" "facebookexternalhit/1.1 (+http://www.facebook.com/externalhit_uatext.php)"
157.90.182.25 - - [02/Nov/2023:04:26:22 +0100] "GET /motor-ottoman-storage-p-47388.html HTTP/1.0" 200 79213 "-" "Mozilla/5.0 (compatible; BLEXBot/1.0; +http://webmeup-crawler.com/)"
157.90.182.25 - - [02/Nov/2023:04:26:31 +0100] "GET /mouse-c-129_85.html?page=2 HTTP/1.0" 200 97849 "-" "Mozilla/5.0 (compatible; BLEXBot/1.0; +http://webmeup-crawler.com/)"
157.90.182.25 - - [02/Nov/2023:04:26:38 +0100] "GET /mouse-c-129_85.html?page=3 HTTP/1.0" 200 97841 "-" "Mozilla/5.0 (compatible; BLEXBot/1.0; +http://webmeup-crawler.com/)"
157.90.182.25 - - [02/Nov/2023:04:26:45 +0100] "GET /mouse-c-129_85.html?page=4 HTTP/1.0" 200 97629 "-" "Mozilla/5.0 (compatible; BLEXBot/1.0; +http://webmeup-crawler.com/)"
40.77.167.234 - - [02/Nov/2023:04:26:48 +0100] "GET /images/big_prod/1384010203583.jpg HTTP/1.0" 200 268 "-" "Mozilla/5.0 (Windows NT 6.1; WOW64) AppleWebKit/534+ (KHTML, like Gecko) BingPreview/1.0b"
157.90.182.25 - - [02/Nov/2023:04:26:52 +0100] "GET /mouse-c-129_85.html?page=5 HTTP/1.0" 200 89370 "-" "Mozilla/5.0 (compatible; BLEXBot/1.0; +http://webmeup-crawler.com/)"
157.90.182.25 - - [02/Nov/2023:04:26:59 +0100] "GET /mouse-saucer-p-55884.html HTTP/1.0" 200 79088 "-" "Mozilla/5.0 (compatible; BLEXBot/1.0; +http://webmeup-crawler.com/)"
157.90.182.25 - - [02/Nov/2023:04:27:04 +0100] "GET /mouse-saucer-p-57186.html HTTP/1.0" 200 79707 "-" "Mozilla/5.0 (compatible; BLEXBot/1.0; +http://webmeup-crawler.com/)"
157.90.182.25 - - [02/Nov/2023:04:27:10 +0100] "GET /moustache-ring-p-18244.html HTTP/1.0" 200 79492 "-" "Mozilla/5.0 (compatible; BLEXBot/1.0; +http://webmeup-crawler.com/)"
157.90.182.25 - - [02/Nov/2023:04:27:16 +0100] "GET /mtal-signs-c-13_130.html?page=10 HTTP/1.0" 200 100453 "-" "Mozilla/5.0 (compatible; BLEXBot/1.0; +http://webmeup-crawler.com/)"
157.90.182.25 - - [02/Nov/2023:04:27:24 +0100] "GET /mtal-signs-c-13_130.html?page=11 HTTP/1.0" 200 98932 "-" "Mozilla/5.0 (compatible; BLEXBot/1.0; +http://webmeup-crawler.com/)"
157.90.182.25 - - [02/Nov/2023:04:27:31 +0100] "GET /mtal-signs-c-13_130.html?page=2 HTTP/1.0" 200 99938 "-" "Mozilla/5.0 (compatible; BLEXBot/1.0; +http://webmeup-crawler.com/)"
173.252.83.3 - - [02/Nov/2023:04:27:35 +0100] "GET /images/mini_prod/5018997513385.jpg HTTP/1.0" 404 1308 "-" "facebookexternalhit/1.1 (+http://www.facebook.com/externalhit_uatext.php)"
157.90.182.25 - - [02/Nov/2023:04:27:38 +0100] "GET /mtal-signs-c-13_130.html?page=3 HTTP/1.0" 200 100260 "-" "Mozilla/5.0 (compatible; BLEXBot/1.0; +http://webmeup-crawler.com/)"
157.90.182.25 - - [02/Nov/2023:04:27:45 +0100] "GET /mtal-signs-c-13_130.html?page=4 HTTP/1.0" 200 100646 "-" "Mozilla/5.0 (compatible; BLEXBot/1.0; +http://webmeup-crawler.com/)"
157.90.182.25 - - [02/Nov/2023:04:27:52 +0100] "GET /mtal-signs-c-13_130.html?page=5 HTTP/1.0" 200 100920 "-" "Mozilla/5.0 (compatible; BLEXBot/1.0; +http://webmeup-crawler.com/)"
157.90.182.25 - - [02/Nov/2023:04:27:59 +0100] "GET /mtal-signs-c-13_130.html?page=6 HTTP/1.0" 200 101141 "-" "Mozilla/5.0 (compatible; BLEXBot/1.0; +http://webmeup-crawler.com/)"
157.90.182.25 - - [02/Nov/2023:04:28:05 +0100] "GET /mtal-signs-c-13_130.html?page=7 HTTP/1.0" 200 101065 "-" "Mozilla/5.0 (compatible; BLEXBot/1.0; +http://webmeup-crawler.com/)"
157.90.182.25 - - [02/Nov/2023:04:28:12 +0100] "GET /mtal-signs-c-13_130.html?page=8 HTTP/1.0" 200 100734 "-" "Mozilla/5.0 (compatible; BLEXBot/1.0; +http://webmeup-crawler.com/)"
157.90.182.25 - - [02/Nov/2023:04:28:20 +0100] "GET /mtal-signs-c-13_130.html?page=9 HTTP/1.0" 200 101159 "-" "Mozilla/5.0 (compatible; BLEXBot/1.0; +http://webmeup-crawler.com/)"
157.90.182.25 - - [02/Nov/2023:04:28:27 +0100] "GET /mtal-small-baby-teeth-p-50821.html HTTP/1.0" 200 79227 "-" "Mozilla/5.0 (compatible; BLEXBot/1.0; +http://webmeup-crawler.com/)"
157.90.182.25 - - [02/Nov/2023:04:28:33 +0100] "GET /mtal-small-baby-teeth-p-50822.html HTTP/1.0" 200 79226 "-" "Mozilla/5.0 (compatible; BLEXBot/1.0; +http://webmeup-crawler.com/)"
54.36.148.161 - - [02/Nov/2023:04:28:34 +0100] "GET /zippo-harley-davidson-p-61034.html HTTP/1.0" 200 79798 "-" "Mozilla/5.0 (compatible; AhrefsBot/7.0; +http://ahrefs.com/robot/)"
157.90.182.25 - - [02/Nov/2023:04:28:39 +0100] "GET /mtal-small-baby-teeth-p-50824.html HTTP/1.0" 200 79227 "-" "Mozilla/5.0 (compatible; BLEXBot/1.0; +http://webmeup-crawler.com/)"
59.82.83.100 - - [02/Nov/2023:04:28:46 +0100] "GET /images/mini_prod/1300000022859.jpg HTTP/1.0" 200 269 "-" "insight2"
157.90.182.25 - - [02/Nov/2023:04:28:46 +0100] "GET /mtal-small-baby-teeth-pink-p-47099.html HTTP/1.0" 200 79885 "-" "Mozilla/5.0 (compatible; BLEXBot/1.0; +http://webmeup-crawler.com/)"
157.90.182.25 - - [02/Nov/2023:04:28:52 +0100] "GET /mugs-mazagrans-c-12_57.html?page=10 HTTP/1.0" 200 102170 "-" "Mozilla/5.0 (compatible; BLEXBot/1.0; +http://webmeup-crawler.com/)"
157.90.182.25 - - [02/Nov/2023:04:29:00 +0100] "GET /mugs-mazagrans-c-12_57.html?page=11 HTTP/1.0" 200 101734 "-" "Mozilla/5.0 (compatible; BLEXBot/1.0; +http://webmeup-crawler.com/)"
157.90.182.25 - - [02/Nov/2023:04:29:06 +0100] "GET /mugs-mazagrans-c-12_57.html?page=2 HTTP/1.0" 200 101180 "-" "Mozilla/5.0 (compatible; BLEXBot/1.0; +http://webmeup-crawler.com/)"
157.90.182.25 - - [02/Nov/2023:04:29:12 +0100] "GET /mugs-mazagrans-c-12_57.html?page=3 HTTP/1.0" 200 101564 "-" "Mozilla/5.0 (compatible; BLEXBot/1.0; +http://webmeup-crawler.com/)"
157.90.182.25 - - [02/Nov/2023:04:29:19 +0100] "GET /mugs-mazagrans-c-12_57.html?page=4 HTTP/1.0" 200 100934 "-" "Mozilla/5.0 (compatible; BLEXBot/1.0; +http://webmeup-crawler.com/)"
157.90.182.25 - - [02/Nov/2023:04:29:25 +0100] "GET /mugs-mazagrans-c-12_57.html?page=5 HTTP/1.0" 200 101125 "-" "Mozilla/5.0 (compatible; BLEXBot/1.0; +http://webmeup-crawler.com/)"
157.90.182.25 - - [02/Nov/2023:04:29:31 +0100] "GET /mugs-mazagrans-c-12_57.html?page=6 HTTP/1.0" 200 101838 "-" "Mozilla/5.0 (compatible; BLEXBot/1.0; +http://webmeup-crawler.com/)"
157.90.182.25 - - [02/Nov/2023:04:29:37 +0100] "GET /mugs-mazagrans-c-12_57.html?page=7 HTTP/1.0" 200 102112 "-" "Mozilla/5.0 (compatible; BLEXBot/1.0; +http://webmeup-crawler.com/)"
173.252.83.116 - - [02/Nov/2023:04:29:39 +0100] "GET /images/mini_prod/1384010204405.jpg HTTP/1.0" 200 269 "-" "facebookexternalhit/1.1 (+http://www.facebook.com/externalhit_uatext.php)"
129.226.215.97 - - [02/Nov/2023:04:29:43 +0100] "GET /images/mini_prod/3612875113609.jpg HTTP/1.0" 200 269 "-" "Mozilla/5.0 (X11; Linux x86_64) AppleWebKit/537.36 (KHTML, like Gecko) Edge/79.0.363.120 Safari/537.36"
34.27.43.141 - - [02/Nov/2023:04:29:46 +0100] "GET /images/mini_prod/3279510801620.jpg HTTP/1.0" 404 1308 "-" "Mozilla/5.0 (X11; Ubuntu; Linux x86_64; rv:72.0) Gecko/20100101 Firefox/72.0"
157.90.182.25 - - [02/Nov/2023:04:29:46 +0100] "GET /mugs-mazagrans-c-12_57.html?page=8 HTTP/1.0" 200 101629 "-" "Mozilla/5.0 (compatible; BLEXBot/1.0; +http://webmeup-crawler.com/)"
157.90.182.25 - - [02/Nov/2023:04:29:52 +0100] "GET /mugs-mazagrans-c-12_57.html?page=9 HTTP/1.0" 200 101902 "-" "Mozilla/5.0 (compatible; BLEXBot/1.0; +http://webmeup-crawler.com/)"
157.90.182.25 - - [02/Nov/2023:04:30:00 +0100] "GET /multifunctional-clamp-stainless-steel-p-37497.html HTTP/1.0" 200 79288 "-" "Mozilla/5.0 (compatible; BLEXBot/1.0; +http://webmeup-crawler.com/)"
157.90.182.25 - - [02/Nov/2023:04:30:06 +0100] "GET /music-disc-turns-recorder-p-41581.html HTTP/1.0" 200 80152 "-" "Mozilla/5.0 (compatible; BLEXBot/1.0; +http://webmeup-crawler.com/)"
157.90.182.25 - - [02/Nov/2023:04:30:11 +0100] "GET /musical-c-13_150_149.html?page=2 HTTP/1.0" 200 86544 "-" "Mozilla/5.0 (compatible; BLEXBot/1.0; +http://webmeup-crawler.com/)"
157.55.39.10 - - [02/Nov/2023:04:30:12 +0100] "GET /colorblock-bedclothes-220-240-cm-p-52072.html HTTP/1.0" 301 76774 "-" "Mozilla/5.0 AppleWebKit/537.36 (KHTML, like Gecko; compatible; bingbot/2.0; +http://www.bing.com/bingbot.htm) Chrome/103.0.5060.134 Safari/537.36"
157.90.182.25 - - [02/Nov/2023:04:30:17 +0100] "GET /musical-jewelry-white-horses-phosphorescent-p-16465.html HTTP/1.0" 200 80316 "-" "Mozilla/5.0 (compatible; BLEXBot/1.0; +http://webmeup-crawler.com/)"
157.90.182.25 - - [02/Nov/2023:04:30:23 +0100] "GET /musical-jewelry-young-childhood-memory-p-56593.html HTTP/1.0" 200 80322 "-" "Mozilla/5.0 (compatible; BLEXBot/1.0; +http://webmeup-crawler.com/)"
157.90.182.25 - - [02/Nov/2023:04:30:28 +0100] "GET /mustard-patinated-vase-p-57297.html HTTP/1.0" 200 80067 "-" "Mozilla/5.0 (compatible; BLEXBot/1.0; +http://webmeup-crawler.com/)"
17.241.219.173 - - [02/Nov/2023:04:30:30 +0100] "GET /heart-home-spices-cranberry-candle-metal-p-57115.html HTTP/1.0" 200 80553 "-" "Mozilla/5.0 (Macintosh; Intel Mac OS X 10_15_5) AppleWebKit/605.1.15 (KHTML, like Gecko) Version/13.1.1 Safari/605.1.15 (Applebot/0.1; +http://www.apple.com/go/applebot)"
157.90.182.25 - - [02/Nov/2023:04:30:34 +0100] "GET /napkin-holder-branch-black-p-57990.html HTTP/1.0" 200 79743 "-" "Mozilla/5.0 (compatible; BLEXBot/1.0; +http://webmeup-crawler.com/)"
157.90.182.25 - - [02/Nov/2023:04:30:39 +0100] "GET /napkin-holder-branch-cream-p-58519.html HTTP/1.0" 200 79736 "-" "Mozilla/5.0 (compatible; BLEXBot/1.0; +http://webmeup-crawler.com/)"
173.252.83.7 - - [02/Nov/2023:04:30:43 +0100] "GET /images/big_prod/3574642577550.jpg HTTP/1.0" 200 268 "-" "facebookexternalhit/1.1 (+http://www.facebook.com/externalhit_uatext.php)"
157.90.182.25 - - [02/Nov/2023:04:30:44 +0100] "GET /napkin-holder-branch-gold-p-58520.html HTTP/1.0" 200 79733 "-" "Mozilla/5.0 (compatible; BLEXBot/1.0; +http://webmeup-crawler.com/)"
157.90.182.25 - - [02/Nov/2023:04:30:50 +0100] "GET /napkin-holder-branch-silver-p-58521.html HTTP/1.0" 200 79746 "-" "Mozilla/5.0 (compatible; BLEXBot/1.0; +http://webmeup-crawler.com/)"
157.90.182.25 - - [02/Nov/2023:04:30:55 +0100] "GET /napkin-holder-heart-black-p-58516.html HTTP/1.0" 200 79831 "-" "Mozilla/5.0 (compatible; BLEXBot/1.0; +http://webmeup-crawler.com/)"
157.90.182.25 - - [02/Nov/2023:04:31:01 +0100] "GET /napkin-holder-heart-cream-p-58515.html HTTP/1.0" 200 79831 "-" "Mozilla/5.0 (compatible; BLEXBot/1.0; +http://webmeup-crawler.com/)"
157.90.182.25 - - [02/Nov/2023:04:31:06 +0100] "GET /napkin-holder-heart-small-black-p-58517.html HTTP/1.0" 200 79776 "-" "Mozilla/5.0 (compatible; BLEXBot/1.0; +http://webmeup-crawler.com/)"
157.90.182.25 - - [02/Nov/2023:04:31:23 +0100] "GET /napkin-holder-knotted-wire-gold-p-58522.html HTTP/1.0" 200 79793 "-" "Mozilla/5.0 (compatible; BLEXBot/1.0; +http://webmeup-crawler.com/)"
157.90.182.25 - - [02/Nov/2023:04:31:29 +0100] "GET /napkin-holder-rose-cream-p-58518.html HTTP/1.0" 200 79716 "-" "Mozilla/5.0 (compatible; BLEXBot/1.0; +http://webmeup-crawler.com/)"
157.90.182.25 - - [02/Nov/2023:04:31:34 +0100] "GET /napkin-holder-standing-lattice-cream-p-58523.html HTTP/1.0" 200 79812 "-" "Mozilla/5.0 (compatible; BLEXBot/1.0; +http://webmeup-crawler.com/)"
173.252.83.4 - - [02/Nov/2023:04:31:36 +0100] "GET /images/mini_prod/1399986107261.jpg HTTP/1.0" 200 269 "-" "facebookexternalhit/1.1 (+http://www.facebook.com/externalhit_uatext.php)"
157.90.182.25 - - [02/Nov/2023:04:31:39 +0100] "GET /napkin-holder-standing-lattice-gold-p-58524.html HTTP/1.0" 200 79802 "-" "Mozilla/5.0 (compatible; BLEXBot/1.0; +http://webmeup-crawler.com/)"
216.244.66.242 - - [02/Nov/2023:04:31:43 +0100] "GET /-p-27863.html HTTP/1.0" 200 76707 "-" "Mozilla/5.0 (compatible; DotBot/1.2; +https://opensiteexplorer.org/dotbot; help@moz.com)"
157.90.182.25 - - [02/Nov/2023:04:31:47 +0100] "GET /naruto-black-swimsuit-p-30583.html HTTP/1.0" 200 80201 "-" "Mozilla/5.0 (compatible; BLEXBot/1.0; +http://webmeup-crawler.com/)"
54.36.148.0 - - [02/Nov/2023:04:31:49 +0100] "GET /union-jack-mini-magnet-mirror-p-19666.html HTTP/1.0" 200 79163 "-" "Mozilla/5.0 (compatible; AhrefsBot/7.0; +http://ahrefs.com/robot/)"
114.119.157.158 - - [02/Nov/2023:04:31:54 +0100] "GET /robots.txt HTTP/1.0" 200 245 "-" "Mozilla/5.0 (compatible;PetalBot;+https://webmaster.petalsearch.com/site/petalbot)"
157.90.182.25 - - [02/Nov/2023:04:31:53 +0100] "GET /naruto-blue-swimsuit-p-30582.html HTTP/1.0" 200 80173 "-" "Mozilla/5.0 (compatible; BLEXBot/1.0; +http://webmeup-crawler.com/)"
216.244.66.242 - - [02/Nov/2023:04:31:53 +0100] "GET /decorations-c-13_89.html?page=5 HTTP/1.0" 200 88012 "-" "Mozilla/5.0 (compatible; DotBot/1.2; +https://opensiteexplorer.org/dotbot; help@moz.com)"
157.90.182.25 - - [02/Nov/2023:04:31:58 +0100] "GET /naruto-picture-frame-p-1481.html HTTP/1.0" 200 79088 "-" "Mozilla/5.0 (compatible; BLEXBot/1.0; +http://webmeup-crawler.com/)"
157.90.182.25 - - [02/Nov/2023:04:32:03 +0100] "GET /natural-bamboo-bath-p-56262.html HTTP/1.0" 200 80030 "-" "Mozilla/5.0 (compatible; BLEXBot/1.0; +http://webmeup-crawler.com/)"
157.90.182.25 - - [02/Nov/2023:04:32:10 +0100] "GET /natural-bamboo-bath-p-60416.html HTTP/1.0" 200 80029 "-" "Mozilla/5.0 (compatible; BLEXBot/1.0; +http://webmeup-crawler.com/)"
157.55.39.58 - - [02/Nov/2023:04:32:12 +0100] "GET /clocks-c-13_67.html?page=4 HTTP/1.0" 200 99104 "-" "Mozilla/5.0 AppleWebKit/537.36 (KHTML, like Gecko; compatible; bingbot/2.0; +http://www.bing.com/bingbot.htm) Chrome/103.0.5060.134 Safari/537.36"
157.90.182.25 - - [02/Nov/2023:04:32:16 +0100] "GET /natural-floor-carpet-p-52149.html HTTP/1.0" 200 80092 "-" "Mozilla/5.0 (compatible; BLEXBot/1.0; +http://webmeup-crawler.com/)"
157.55.39.58 - - [02/Nov/2023:04:32:16 +0100] "GET /caramel-double-pencil-case-blue-grey-p-55647.html HTTP/1.0" 200 79371 "-" "Mozilla/5.0 AppleWebKit/537.36 (KHTML, like Gecko; compatible; bingbot/2.0; +http://www.bing.com/bingbot.htm) Chrome/103.0.5060.134 Safari/537.36"
157.90.182.25 - - [02/Nov/2023:04:32:22 +0100] "GET /nerf-darts-refill-elite-p-20346.html HTTP/1.0" 200 79242 "-" "Mozilla/5.0 (compatible; BLEXBot/1.0; +http://webmeup-crawler.com/)"
216.244.66.242 - - [02/Nov/2023:04:32:24 +0100] "GET /small-baby-teeth-p-53344.html HTTP/1.0" 200 76777 "-" "Mozilla/5.0 (compatible; DotBot/1.2; +https://opensiteexplorer.org/dotbot; help@moz.com)"
157.90.182.25 - - [02/Nov/2023:04:32:28 +0100] "GET /newton-small-balance-p-55992.html HTTP/1.0" 200 79678 "-" "Mozilla/5.0 (compatible; BLEXBot/1.0; +http://webmeup-crawler.com/)"
157.90.182.25 - - [02/Nov/2023:04:32:36 +0100] "GET /nici-adventure-wild-friends-pencils-gray-p-20582.html HTTP/1.0" 200 79889 "-" "Mozilla/5.0 (compatible; BLEXBot/1.0; +http://webmeup-crawler.com/)"
157.90.182.25 - - [02/Nov/2023:04:32:42 +0100] "GET /nici-ayumi-brown-mirror-p-33429.html HTTP/1.0" 200 79126 "-" "Mozilla/5.0 (compatible; BLEXBot/1.0; +http://webmeup-crawler.com/)"
157.90.182.25 - - [02/Nov/2023:04:32:47 +0100] "GET /nici-ayumi-brown-portfolio-p-33439.html HTTP/1.0" 200 79285 "-" "Mozilla/5.0 (compatible; BLEXBot/1.0; +http://webmeup-crawler.com/)"
216.244.66.242 - - [02/Nov/2023:04:32:53 +0100] "GET /smith-wesson-metal-plate-deco-p-41074.html HTTP/1.0" 200 79218 "-" "Mozilla/5.0 (compatible; DotBot/1.2; +https://opensiteexplorer.org/dotbot; help@moz.com)"
157.90.182.25 - - [02/Nov/2023:04:32:55 +0100] "GET /nici-ayumi-brown-portfolio-p-33644.html HTTP/1.0" 200 79285 "-" "Mozilla/5.0 (compatible; BLEXBot/1.0; +http://webmeup-crawler.com/)"
157.90.182.25 - - [02/Nov/2023:04:33:00 +0100] "GET /nici-ayumi-green-mirror-p-33428.html HTTP/1.0" 200 79126 "-" "Mozilla/5.0 (compatible; BLEXBot/1.0; +http://webmeup-crawler.com/)"
66.249.66.207 - - [02/Nov/2023:04:33:03 +0100] "GET /hedgehog-pencil-cbkreation-p-43428.html HTTP/1.0" 200 79139 "-" "Mozilla/5.0 (compatible; Googlebot/2.1; +http://www.google.com/bot.html)"
157.90.182.25 - - [02/Nov/2023:04:33:06 +0100] "GET /nici-ayumi-pink-mirror-p-33431.html HTTP/1.0" 200 79118 "-" "Mozilla/5.0 (compatible; BLEXBot/1.0; +http://webmeup-crawler.com/)"
157.90.182.25 - - [02/Nov/2023:04:33:13 +0100] "GET /nici-horse-club-pencils-gray-p-20583.html HTTP/1.0" 200 79148 "-" "Mozilla/5.0 (compatible; BLEXBot/1.0; +http://webmeup-crawler.com/)"
52.167.144.174 - - [02/Nov/2023:04:33:16 +0100] "GET /soft-toys-security-blanket-c-4_46.html?page=6 HTTP/1.0" 200 89620 "-" "Mozilla/5.0 AppleWebKit/537.36 (KHTML, like Gecko; compatible; bingbot/2.0; +http://www.bing.com/bingbot.htm) Chrome/103.0.5060.134 Safari/537.36"
157.90.182.25 - - [02/Nov/2023:04:33:19 +0100] "GET /nici-horse-club-scissors-p-22399.html HTTP/1.0" 200 79128 "-" "Mozilla/5.0 (compatible; BLEXBot/1.0; +http://webmeup-crawler.com/)"
216.244.66.242 - - [02/Nov/2023:04:33:21 +0100] "GET /star-adult-cbkration-p-36521.html HTTP/1.0" 200 79178 "-" "Mozilla/5.0 (compatible; DotBot/1.2; +https://opensiteexplorer.org/dotbot; help@moz.com)"
157.90.182.25 - - [02/Nov/2023:04:33:25 +0100] "GET /nici-horse-club-stationery-p-20586.html HTTP/1.0" 200 79125 "-" "Mozilla/5.0 (compatible; BLEXBot/1.0; +http://webmeup-crawler.com/)"
157.90.182.25 - - [02/Nov/2023:04:33:33 +0100] "GET /nici-horses-mouse-p-9494.html HTTP/1.0" 200 79168 "-" "Mozilla/5.0 (compatible; BLEXBot/1.0; +http://webmeup-crawler.com/)"
123.126.68.136 - - [02/Nov/2023:04:33:33 +0100] "GET / HTTP/1.0" 200 158440 "-" "Sogou web spider/4.0(+http://www.sogou.com/docs/help/webmasters.htm#07)"
124.156.192.3 - - [02/Nov/2023:04:33:37 +0100] "GET /images/mini_prod/1439116000007N.jpg HTTP/1.0" 200 270 "-" "Mozilla/5.0 (X11; Ubuntu; Linux x86_64; rv:72.0) Gecko/20100101 Firefox/72.0"
157.90.182.25 - - [02/Nov/2023:04:33:38 +0100] "GET /nici-jolly-gustuv-wallet-p-9245.html HTTP/1.0" 200 79372 "-" "Mozilla/5.0 (compatible; BLEXBot/1.0; +http://webmeup-crawler.com/)"
157.90.182.25 - - [02/Nov/2023:04:33:44 +0100] "GET /nici-jolly-sheep-pencils-gray-p-20584.html HTTP/1.0" 200 79155 "-" "Mozilla/5.0 (compatible; BLEXBot/1.0; +http://webmeup-crawler.com/)"
121.134.39.23 - - [02/Nov/2023:04:33:49 +0100] "GET /images/mini_prod/3700653501219.jpg HTTP/1.0" 200 269 "-" "Mozilla/5.0 (X11; Ubuntu; Linux x86_64; rv:72.0) Gecko/20100101 Firefox/72.0"
157.90.182.25 - - [02/Nov/2023:04:33:50 +0100] "GET /nici-love-cats-notebook-p-12299.html HTTP/1.0" 200 79164 "-" "Mozilla/5.0 (compatible; BLEXBot/1.0; +http://webmeup-crawler.com/)"
157.90.182.25 - - [02/Nov/2023:04:33:56 +0100] "GET /nici-love-pooh-memo-clip-p-23175.html HTTP/1.0" 200 79064 "-" "Mozilla/5.0 (compatible; BLEXBot/1.0; +http://webmeup-crawler.com/)"
157.90.182.25 - - [02/Nov/2023:04:34:02 +0100] "GET /nici-love-pooh-wallet-p-23167.html HTTP/1.0" 200 79331 "-" "Mozilla/5.0 (compatible; BLEXBot/1.0; +http://webmeup-crawler.com/)"
157.90.182.25 - - [02/Nov/2023:04:34:09 +0100] "GET /nici-milo-gorilla-memo-clip-p-4972.html HTTP/1.0" 200 79116 "-" "Mozilla/5.0 (compatible; BLEXBot/1.0; +http://webmeup-crawler.com/)"
157.90.182.25 - - [02/Nov/2023:04:34:15 +0100] "GET /nici-pirate-wallet-p-54622.html HTTP/1.0" 200 79223 "-" "Mozilla/5.0 (compatible; BLEXBot/1.0; +http://webmeup-crawler.com/)"
34.27.43.141 - - [02/Nov/2023:04:34:18 +0100] "GET /images/mini_prod/5036278058585.jpg HTTP/1.0" 200 269 "-" "Mozilla/5.0 (X11; Ubuntu; Linux x86_64; rv:72.0) Gecko/20100101 Firefox/72.0"
157.90.182.25 - - [02/Nov/2023:04:34:20 +0100] "GET /nici-snow-rabbit-wallet-p-33670.html HTTP/1.0" 200 79210 "-" "Mozilla/5.0 (compatible; BLEXBot/1.0; +http://webmeup-crawler.com/)"
101.198.192.15 - - [02/Nov/2023:04:34:28 +0100] "GET /images/mini_prod/1300000030090.jpg HTTP/1.0" 200 269 "-" "Mozilla/5.0 (X11; Ubuntu; Linux x86_64; rv:72.0) Gecko/20100101 Firefox/72.0"
157.90.182.25 - - [02/Nov/2023:04:34:29 +0100] "GET /night-light-narval-color-variation-p-59659.html HTTP/1.0" 200 80416 "-" "Mozilla/5.0 (compatible; BLEXBot/1.0; +http://webmeup-crawler.com/)"
157.90.182.25 - - [02/Nov/2023:04:34:36 +0100] "GET /night-lights-c-86_278.html?page=2 HTTP/1.0" 200 97272 "-" "Mozilla/5.0 (compatible; BLEXBot/1.0; +http://webmeup-crawler.com/)"
157.90.182.25 - - [02/Nov/2023:04:34:43 +0100] "GET /night-lights-c-86_278.html?page=3 HTTP/1.0" 200 98001 "-" "Mozilla/5.0 (compatible; BLEXBot/1.0; +http://webmeup-crawler.com/)"
47.128.19.240 - - [02/Nov/2023:04:34:47 +0100] "GET /placemat-kiub-surrounded-plants-p-57961.html HTTP/1.0" 200 83027 "-" "Mozilla/5.0 (Linux; Android 5.0) AppleWebKit/537.36 (KHTML, like Gecko) Mobile Safari/537.36 (compatible; Bytespider; spider-feedback@bytedance.com)"
47.128.19.240 - - [02/Nov/2023:04:34:49 +0100] "GET /swfobject.js HTTP/1.0" 404 1308 "http://www.wonder-geek.com/placemat-kiub-surrounded-plants-p-57961.html" "Mozilla/5.0 (Linux; Android 5.0) AppleWebKit/537.36 (KHTML, like Gecko) Mobile Safari/537.36 (compatible; Bytespider; spider-feedback@bytedance.com)"
157.90.182.25 - - [02/Nov/2023:04:34:49 +0100] "GET /night-lights-c-86_278.html?page=4 HTTP/1.0" 200 93668 "-" "Mozilla/5.0 (compatible; BLEXBot/1.0; +http://webmeup-crawler.com/)"
47.128.19.240 - - [02/Nov/2023:04:34:55 +0100] "GET /highslide/graphics/outlines/drop-shadow.png HTTP/1.0" 200 277 "http://www.wonder-geek.com/placemat-kiub-surrounded-plants-p-57961.html" "Mozilla/5.0 (Linux; Android 5.0) AppleWebKit/537.36 (KHTML, like Gecko) Mobile Safari/537.36 (compatible; Bytespider; spider-feedback@bytedance.com)"
47.128.19.240 - - [02/Nov/2023:04:34:55 +0100] "GET /highslide/graphics/zoomout.cur HTTP/1.0" 200 614 "http://www.wonder-geek.com/placemat-kiub-surrounded-plants-p-57961.html" "Mozilla/5.0 (Linux; Android 5.0) AppleWebKit/537.36 (KHTML, like Gecko) Mobile Safari/537.36 (compatible; Bytespider; spider-feedback@bytedance.com)"
47.128.19.240 - - [02/Nov/2023:04:34:55 +0100] "GET /images/big_prod/3700572762845B.jpg HTTP/1.0" 200 269 "http://www.wonder-geek.com/placemat-kiub-surrounded-plants-p-57961.html" "Mozilla/5.0 (Linux; Android 5.0) AppleWebKit/537.36 (KHTML, like Gecko) Mobile Safari/537.36 (compatible; Bytespider; spider-feedback@bytedance.com)"
34.203.189.47 - - [02/Nov/2023:04:34:57 +0100] "GET /images/mini_prod/3661611901550.jpg HTTP/1.0" 200 269 "-" "Mozilla/5.0 (X11; Ubuntu; Linux x86_64; rv:72.0) Gecko/20100101 Firefox/72.0"
157.90.182.25 - - [02/Nov/2023:04:34:56 +0100] "GET /nightlight-shaped-cream-p-44646.html HTTP/1.0" 200 79161 "-" "Mozilla/5.0 (compatible; BLEXBot/1.0; +http://webmeup-crawler.com/)"
157.90.182.25 - - [02/Nov/2023:04:35:01 +0100] "GET /nightlight-shaped-cream-p-44647.html HTTP/1.0" 200 79153 "-" "Mozilla/5.0 (compatible; BLEXBot/1.0; +http://webmeup-crawler.com/)"
157.90.182.25 - - [02/Nov/2023:04:35:07 +0100] "GET /nightlight-shaped-cream-p-44648.html HTTP/1.0" 200 79153 "-" "Mozilla/5.0 (compatible; BLEXBot/1.0; +http://webmeup-crawler.com/)"
157.90.182.25 - - [02/Nov/2023:04:35:13 +0100] "GET /nightlight-shaped-rabbit-multicolor-p-37825.html HTTP/1.0" 200 80076 "-" "Mozilla/5.0 (compatible; BLEXBot/1.0; +http://webmeup-crawler.com/)"
157.90.182.25 - - [02/Nov/2023:04:35:20 +0100] "GET /nightlight-shaped-rabbit-p-37286.html HTTP/1.0" 200 79729 "-" "Mozilla/5.0 (compatible; BLEXBot/1.0; +http://webmeup-crawler.com/)"
54.36.148.121 - - [02/Nov/2023:04:35:21 +0100] "GET /carpet-ethnic-berry-p-58174.html HTTP/1.0" 200 80079 "-" "Mozilla/5.0 (compatible; AhrefsBot/7.0; +http://ahrefs.com/robot/)"
157.90.182.25 - - [02/Nov/2023:04:35:28 +0100] "GET /nightlight-shaped-swan-p-51770.html HTTP/1.0" 200 79743 "-" "Mozilla/5.0 (compatible; BLEXBot/1.0; +http://webmeup-crawler.com/)"
157.90.182.25 - - [02/Nov/2023:04:35:34 +0100] "GET /nightlite-minion-despicable-p-34083.html HTTP/1.0" 200 79303 "-" "Mozilla/5.0 (compatible; BLEXBot/1.0; +http://webmeup-crawler.com/)"
157.90.182.25 - - [02/Nov/2023:04:35:39 +0100] "GET /ninja-turtles-storage-stool-p-27533.html HTTP/1.0" 200 79858 "-" "Mozilla/5.0 (compatible; BLEXBot/1.0; +http://webmeup-crawler.com/)"
157.90.182.25 - - [02/Nov/2023:04:35:44 +0100] "GET /nintendo-black-shirt-p-30195.html HTTP/1.0" 200 80470 "-" "Mozilla/5.0 (compatible; BLEXBot/1.0; +http://webmeup-crawler.com/)"
157.90.182.25 - - [02/Nov/2023:04:35:49 +0100] "GET /nintendo-black-shirt-p-30196.html HTTP/1.0" 200 80200 "-" "Mozilla/5.0 (compatible; BLEXBot/1.0; +http://webmeup-crawler.com/)"
157.90.182.25 - - [02/Nov/2023:04:35:54 +0100] "GET /nintendo-laptop-cover-p-17625.html HTTP/1.0" 200 81806 "-" "Mozilla/5.0 (compatible; BLEXBot/1.0; +http://webmeup-crawler.com/)"
157.90.182.25 - - [02/Nov/2023:04:36:00 +0100] "GET /nintendo-logo-laptop-cover-p-17627.html HTTP/1.0" 200 81820 "-" "Mozilla/5.0 (compatible; BLEXBot/1.0; +http://webmeup-crawler.com/)"
17.241.75.202 - - [02/Nov/2023:04:36:05 +0100] "GET /little-prince-white-ceramic-plate-p-52498.html HTTP/1.0" 301 76774 "-" "Mozilla/5.0 (Macintosh; Intel Mac OS X 10_15_5) AppleWebKit/605.1.15 (KHTML, like Gecko) Version/13.1.1 Safari/605.1.15 (Applebot/0.1; +http://www.apple.com/go/applebot)"
17.241.75.202 - - [02/Nov/2023:04:36:07 +0100] "GET /-p-52498.html HTTP/1.0" 200 76707 "-" "Mozilla/5.0 (Macintosh; Intel Mac OS X 10_15_5) AppleWebKit/605.1.15 (KHTML, like Gecko) Version/13.1.1 Safari/605.1.15 (Applebot/0.1; +http://www.apple.com/go/applebot)"
157.90.182.25 - - [02/Nov/2023:04:36:07 +0100] "GET /nintendo-mushroom-shirt-p-29606.html HTTP/1.0" 200 80268 "-" "Mozilla/5.0 (compatible; BLEXBot/1.0; +http://webmeup-crawler.com/)"
157.90.182.25 - - [02/Nov/2023:04:36:14 +0100] "GET /nippon-doll-portfolio-p-26862.html HTTP/1.0" 200 79367 "-" "Mozilla/5.0 (compatible; BLEXBot/1.0; +http://webmeup-crawler.com/)"
157.90.182.25 - - [02/Nov/2023:04:36:19 +0100] "GET /nippon-doll-portfolio-p-26863.html HTTP/1.0" 200 79367 "-" "Mozilla/5.0 (compatible; BLEXBot/1.0; +http://webmeup-crawler.com/)"
157.90.182.25 - - [02/Nov/2023:04:36:26 +0100] "GET /nippon-doll-portfolio-p-26864.html HTTP/1.0" 200 79367 "-" "Mozilla/5.0 (compatible; BLEXBot/1.0; +http://webmeup-crawler.com/)"
157.90.182.25 - - [02/Nov/2023:04:36:33 +0100] "GET /nippon-doll-portfolio-p-26865.html HTTP/1.0" 200 79385 "-" "Mozilla/5.0 (compatible; BLEXBot/1.0; +http://webmeup-crawler.com/)"
157.90.182.25 - - [02/Nov/2023:04:36:39 +0100] "GET /nippon-doll-portfolio-p-27069.html HTTP/1.0" 200 79369 "-" "Mozilla/5.0 (compatible; BLEXBot/1.0; +http://webmeup-crawler.com/)"
157.90.182.25 - - [02/Nov/2023:04:36:45 +0100] "GET /noddy-swimsuit-p-30585.html HTTP/1.0" 200 80145 "-" "Mozilla/5.0 (compatible; BLEXBot/1.0; +http://webmeup-crawler.com/)"
157.90.182.25 - - [02/Nov/2023:04:36:52 +0100] "GET /noel-gourmand-little-tray-p-30689.html HTTP/1.0" 200 79161 "-" "Mozilla/5.0 (compatible; BLEXBot/1.0; +http://webmeup-crawler.com/)"
157.90.182.25 - - [02/Nov/2023:04:36:58 +0100] "GET /nomad-glass-teapot-p-54548.html HTTP/1.0" 200 79974 "-" "Mozilla/5.0 (compatible; BLEXBot/1.0; +http://webmeup-crawler.com/)"
157.90.182.25 - - [02/Nov/2023:04:37:04 +0100] "GET /nordik-folk-warmer-p-59667.html HTTP/1.0" 200 79890 "-" "Mozilla/5.0 (compatible; BLEXBot/1.0; +http://webmeup-crawler.com/)"
173.252.83.10 - - [02/Nov/2023:04:37:09 +0100] "GET /images/mini_prod/3520071526331.jpg HTTP/1.0" 404 1308 "-" "facebookexternalhit/1.1 (+http://www.facebook.com/externalhit_uatext.php)"
157.90.182.25 - - [02/Nov/2023:04:37:09 +0100] "GET /notebook-notebook-diary-c-129_185.html?page=2 HTTP/1.0" 200 98165 "-" "Mozilla/5.0 (compatible; BLEXBot/1.0; +http://webmeup-crawler.com/)"
157.90.182.25 - - [02/Nov/2023:04:37:14 +0100] "GET /notebook-notebook-diary-c-129_185.html?page=3 HTTP/1.0" 200 98387 "-" "Mozilla/5.0 (compatible; BLEXBot/1.0; +http://webmeup-crawler.com/)"
157.90.182.25 - - [02/Nov/2023:04:37:20 +0100] "GET /notebook-notebook-diary-c-129_185.html?page=4 HTTP/1.0" 200 88029 "-" "Mozilla/5.0 (compatible; BLEXBot/1.0; +http://webmeup-crawler.com/)"
157.90.182.25 - - [02/Nov/2023:04:37:26 +0100] "GET /novena-candle-archangel-gabriel-p-59395.html HTTP/1.0" 200 80032 "-" "Mozilla/5.0 (compatible; BLEXBot/1.0; +http://webmeup-crawler.com/)"
157.90.182.25 - - [02/Nov/2023:04:37:34 +0100] "GET /novena-candle-father-p-59390.html HTTP/1.0" 200 79989 "-" "Mozilla/5.0 (compatible; BLEXBot/1.0; +http://webmeup-crawler.com/)"
169.233.1.13 - - [02/Nov/2023:04:37:41 +0100] "GET /images/mini_prod/4260082934648.jpg HTTP/1.0" 200 269 "-" "Mozilla/5.0 (X11; Ubuntu; Linux x86_64; rv:72.0) Gecko/20100101 Firefox/72.0"
157.90.182.25 - - [02/Nov/2023:04:37:41 +0100] "GET /novena-candle-holy-family-p-59343.html HTTP/1.0" 200 79992 "-" "Mozilla/5.0 (compatible; BLEXBot/1.0; +http://webmeup-crawler.com/)"
157.90.182.25 - - [02/Nov/2023:04:37:46 +0100] "GET /novena-candle-lady-deliverance-p-59364.html HTTP/1.0" 200 80046 "-" "Mozilla/5.0 (compatible; BLEXBot/1.0; +http://webmeup-crawler.com/)"
157.90.182.25 - - [02/Nov/2023:04:37:51 +0100] "GET /novena-candle-lady-deliverance-p-59365.html HTTP/1.0" 200 80048 "-" "Mozilla/5.0 (compatible; BLEXBot/1.0; +http://webmeup-crawler.com/)"
157.90.182.25 - - [02/Nov/2023:04:37:58 +0100] "GET /novena-candle-lady-good-counsel-p-59310.html HTTP/1.0" 200 80051 "-" "Mozilla/5.0 (compatible; BLEXBot/1.0; +http://webmeup-crawler.com/)"
157.90.182.25 - - [02/Nov/2023:04:38:03 +0100] "GET /novena-candle-lady-good-success-p-59351.html HTTP/1.0" 200 80053 "-" "Mozilla/5.0 (compatible; BLEXBot/1.0; +http://webmeup-crawler.com/)"
173.252.83.117 - - [02/Nov/2023:04:38:05 +0100] "GET /images/mini_prod/1905279122783.jpg HTTP/1.0" 200 269 "-" "facebookexternalhit/1.1 (+http://www.facebook.com/externalhit_uatext.php)"
157.90.182.25 - - [02/Nov/2023:04:38:08 +0100] "GET /novena-candle-lady-grace-p-59366.html HTTP/1.0" 200 80016 "-" "Mozilla/5.0 (compatible; BLEXBot/1.0; +http://webmeup-crawler.com/)"
157.90.182.25 - - [02/Nov/2023:04:38:14 +0100] "GET /novena-candle-mary-unties-knots-p-59350.html HTTP/1.0" 200 80055 "-" "Mozilla/5.0 (compatible; BLEXBot/1.0; +http://webmeup-crawler.com/)"
157.90.182.25 - - [02/Nov/2023:04:38:20 +0100] "GET /novena-candle-merciful-christ-p-59312.html HTTP/1.0" 200 80022 "-" "Mozilla/5.0 (compatible; BLEXBot/1.0; +http://webmeup-crawler.com/)"
157.90.182.25 - - [02/Nov/2023:04:38:25 +0100] "GET /novena-candle-nativity-p-59342.html HTTP/1.0" 200 79987 "-" "Mozilla/5.0 (compatible; BLEXBot/1.0; +http://webmeup-crawler.com/)"
157.90.182.25 - - [02/Nov/2023:04:38:31 +0100] "GET /novena-candle-protection-health-p-59393.html HTTP/1.0" 200 80044 "-" "Mozilla/5.0 (compatible; BLEXBot/1.0; +http://webmeup-crawler.com/)"
54.36.148.190 - - [02/Nov/2023:04:38:35 +0100] "GET /skull-zippo-lighter-p-39538.html HTTP/1.0" 200 82140 "-" "Mozilla/5.0 (compatible; AhrefsBot/7.0; +http://ahrefs.com/robot/)"
157.90.182.25 - - [02/Nov/2023:04:38:38 +0100] "GET /novena-candle-saint-joan-p-59313.html HTTP/1.0" 200 80009 "-" "Mozilla/5.0 (compatible; BLEXBot/1.0; +http://webmeup-crawler.com/)"
54.36.149.61 - - [02/Nov/2023:04:38:42 +0100] "GET /images/big_prod/1341689117986.jpg HTTP/1.0" 200 268 "-" "Mozilla/5.0 (compatible; AhrefsBot/7.0; +http://ahrefs.com/robot/)"
157.90.182.25 - - [02/Nov/2023:04:38:46 +0100] "GET /novena-candle-virgin-with-child-p-59344.html HTTP/1.0" 200 80047 "-" "Mozilla/5.0 (compatible; BLEXBot/1.0; +http://webmeup-crawler.com/)"
157.90.182.25 - - [02/Nov/2023:04:38:51 +0100] "GET /novena-religious-candles-c-231_227_351.html?page=2 HTTP/1.0" 200 97440 "-" "Mozilla/5.0 (compatible; BLEXBot/1.0; +http://webmeup-crawler.com/)"
54.36.148.72 - - [02/Nov/2023:04:38:53 +0100] "GET /images/big_prod_1/1341689117986B.jpg HTTP/1.0" 200 271 "-" "Mozilla/5.0 (compatible; AhrefsBot/7.0; +http://ahrefs.com/robot/)"
54.36.148.243 - - [02/Nov/2023:04:38:55 +0100] "GET /images/big_prod_2/1341689117986C.jpg HTTP/1.0" 200 271 "-" "Mozilla/5.0 (compatible; AhrefsBot/7.0; +http://ahrefs.com/robot/)"
157.90.182.25 - - [02/Nov/2023:04:38:59 +0100] "GET /novena-religious-candles-c-231_227_351.html?page=3 HTTP/1.0" 200 97408 "-" "Mozilla/5.0 (compatible; BLEXBot/1.0; +http://webmeup-crawler.com/)"
157.90.182.25 - - [02/Nov/2023:04:39:05 +0100] "GET /novena-religious-candles-c-231_227_351.html?page=4 HTTP/1.0" 200 84720 "-" "Mozilla/5.0 (compatible; BLEXBot/1.0; +http://webmeup-crawler.com/)"
157.90.182.25 - - [02/Nov/2023:04:39:10 +0100] "GET /ocean-musical-jewelry-p-57011.html HTTP/1.0" 200 80091 "-" "Mozilla/5.0 (compatible; BLEXBot/1.0; +http://webmeup-crawler.com/)"
169.233.1.13 - - [02/Nov/2023:04:39:12 +0100] "GET /images/mini_prod/8427787044003.jpg HTTP/1.0" 200 269 "-" "Mozilla/5.0 (X11; Ubuntu; Linux x86_64; rv:72.0) Gecko/20100101 Firefox/72.0"
157.90.182.25 - - [02/Nov/2023:04:39:17 +0100] "GET /ocher-ceramic-vase-p-60738.html HTTP/1.0" 200 79855 "-" "Mozilla/5.0 (compatible; BLEXBot/1.0; +http://webmeup-crawler.com/)"
