157.90.182.25 - - [02/Nov/2023:05:39:56 +0100] "GET /scented-candles-c-231_227_353.html?page=7 HTTP/1.0" 200 101021 "-" "Mozilla/5.0 (compatible; BLEXBot/1.0; +http://webmeup-crawler.com/)"
157.90.182.25 - - [02/Nov/2023:05:40:02 +0100] "GET /scented-candles-c-231_227_353.html?page=8 HTTP/1.0" 200 101356 "-" "Mozilla/5.0 (compatible; BLEXBot/1.0; +http://webmeup-crawler.com/)"
157.90.182.25 - - [02/Nov/2023:05:40:09 +0100] "GET /scented-candles-c-231_227_353.html?page=9 HTTP/1.0" 200 101236 "-" "Mozilla/5.0 (compatible; BLEXBot/1.0; +http://webmeup-crawler.com/)"
157.90.182.25 - - [02/Nov/2023:05:40:16 +0100] "GET /scented-candles-novenas-c-231_227.html?page=10 HTTP/1.0" 200 99918 "-" "Mozilla/5.0 (compatible; BLEXBot/1.0; +http://webmeup-crawler.com/)"
47.76.48.253 - - [02/Nov/2023:05:40:20 +0100] "GET /images/mini_prod/3453131130417.jpg HTTP/1.0" 200 269 "-" "Mozilla/5.0 (X11; Ubuntu; Linux x86_64; rv:72.0) Gecko/20100101 Firefox/72.0"
157.90.182.25 - - [02/Nov/2023:05:40:22 +0100] "GET /scented-candles-novenas-c-231_227.html?page=11 HTTP/1.0" 200 100507 "-" "Mozilla/5.0 (compatible; BLEXBot/1.0; +http://webmeup-crawler.com/)"
173.252.83.12 - - [02/Nov/2023:05:40:28 +0100] "GET /images/big_prod_1/3665269082029a.jpg HTTP/1.0" 200 271 "-" "facebookexternalhit/1.1 (+http://www.facebook.com/externalhit_uatext.php)"
157.90.182.25 - - [02/Nov/2023:05:40:29 +0100] "GET /scented-candles-novenas-c-231_227.html?page=2 HTTP/1.0" 200 98668 "-" "Mozilla/5.0 (compatible; BLEXBot/1.0; +http://webmeup-crawler.com/)"
157.90.182.25 - - [02/Nov/2023:05:40:35 +0100] "GET /scented-candles-novenas-c-231_227.html?page=3 HTTP/1.0" 200 99540 "-" "Mozilla/5.0 (compatible; BLEXBot/1.0; +http://webmeup-crawler.com/)"
157.90.182.25 - - [02/Nov/2023:05:40:41 +0100] "GET /scented-candles-novenas-c-231_227.html?page=4 HTTP/1.0" 200 100159 "-" "Mozilla/5.0 (compatible; BLEXBot/1.0; +http://webmeup-crawler.com/)"
157.90.182.25 - - [02/Nov/2023:05:40:46 +0100] "GET /scented-candles-novenas-c-231_227.html?page=5 HTTP/1.0" 200 99687 "-" "Mozilla/5.0 (compatible; BLEXBot/1.0; +http://webmeup-crawler.com/)"
43.134.35.92 - - [02/Nov/2023:05:40:53 +0100] "GET /images/mini_prod/1399984258446.jpg HTTP/1.0" 200 269 "-" "Mozilla/5.0 (Windows NT 6.1; WOW64) AppleWebKit/537.36 (KHTML, like Gecko) Internet Explorer/82.0.1198.73 Safari/537.36"
157.90.182.25 - - [02/Nov/2023:05:40:54 +0100] "GET /scented-candles-novenas-c-231_227.html?page=6 HTTP/1.0" 200 99377 "-" "Mozilla/5.0 (compatible; BLEXBot/1.0; +http://webmeup-crawler.com/)"
157.90.182.25 - - [02/Nov/2023:05:41:00 +0100] "GET /scented-candles-novenas-c-231_227.html?page=7 HTTP/1.0" 200 99346 "-" "Mozilla/5.0 (compatible; BLEXBot/1.0; +http://webmeup-crawler.com/)"
43.134.35.92 - - [02/Nov/2023:05:41:05 +0100] "GET /images/mini_prod/3700276274453.jpg HTTP/1.0" 200 269 "-" "Mozilla/5.0 (Windows NT 6.1; WOW64) AppleWebKit/537.36 (KHTML, like Gecko) Opera/103.0.2361.10 Safari/537.36"
157.90.182.25 - - [02/Nov/2023:05:41:07 +0100] "GET /scented-candles-novenas-c-231_227.html?page=8 HTTP/1.0" 200 99396 "-" "Mozilla/5.0 (compatible; BLEXBot/1.0; +http://webmeup-crawler.com/)"
173.252.83.112 - - [02/Nov/2023:05:41:16 +0100] "GET /images/big_prod/5400924229535.jpg HTTP/1.0" 200 268 "-" "facebookexternalhit/1.1 (+http://www.facebook.com/externalhit_uatext.php)"
157.90.182.25 - - [02/Nov/2023:05:41:15 +0100] "GET /scented-candles-novenas-c-231_227.html?page=9 HTTP/1.0" 200 99910 "-" "Mozilla/5.0 (compatible; BLEXBot/1.0; +http://webmeup-crawler.com/)"
173.252.83.7 - - [02/Nov/2023:05:41:22 +0100] "GET /images/3281643376302.jpg HTTP/1.0" 200 259 "-" "facebookexternalhit/1.1 (+http://www.facebook.com/externalhit_uatext.php)"
157.90.182.25 - - [02/Nov/2023:05:41:22 +0100] "GET /scents-provence-teapot-p-52686.html HTTP/1.0" 200 79073 "-" "Mozilla/5.0 (compatible; BLEXBot/1.0; +http://webmeup-crawler.com/)"
157.90.182.25 - - [02/Nov/2023:05:41:29 +0100] "GET /school-gorjuss-sugar-spice-agenda-year-2017-2018-p-39785.html HTTP/1.0" 200 79565 "-" "Mozilla/5.0 (compatible; BLEXBot/1.0; +http://webmeup-crawler.com/)"
157.90.182.25 - - [02/Nov/2023:05:41:34 +0100] "GET /scooby-p-27884.html HTTP/1.0" 200 79195 "-" "Mozilla/5.0 (compatible; BLEXBot/1.0; +http://webmeup-crawler.com/)"
157.90.182.25 - - [02/Nov/2023:05:41:39 +0100] "GET /scratch-france-wall-decoration-paper-p-56711.html HTTP/1.0" 200 79945 "-" "Mozilla/5.0 (compatible; BLEXBot/1.0; +http://webmeup-crawler.com/)"
157.90.182.25 - - [02/Nov/2023:05:41:45 +0100] "GET /seagrass-basket-black-natural-p-58114.html HTTP/1.0" 200 79797 "-" "Mozilla/5.0 (compatible; BLEXBot/1.0; +http://webmeup-crawler.com/)"
157.90.182.25 - - [02/Nov/2023:05:41:50 +0100] "GET /seagrass-basket-black-natural-p-58115.html HTTP/1.0" 200 79797 "-" "Mozilla/5.0 (compatible; BLEXBot/1.0; +http://webmeup-crawler.com/)"
157.90.182.25 - - [02/Nov/2023:05:41:56 +0100] "GET /seagrass-napkin-rings-p-60085.html HTTP/1.0" 200 79122 "-" "Mozilla/5.0 (compatible; BLEXBot/1.0; +http://webmeup-crawler.com/)"
161.168.138.211 - - [02/Nov/2023:05:41:58 +0100] "GET /images/mini_prod/3014627769278.jpg HTTP/1.0" 200 269 "-" "Mozilla/5.0 (X11; Ubuntu; Linux x86_64; rv:72.0) Gecko/20100101 Firefox/72.0"
157.90.182.25 - - [02/Nov/2023:05:42:01 +0100] "GET /seagrass-napkin-rings-p-60086.html HTTP/1.0" 200 79735 "-" "Mozilla/5.0 (compatible; BLEXBot/1.0; +http://webmeup-crawler.com/)"
157.90.182.25 - - [02/Nov/2023:05:42:11 +0100] "GET /seahorse-wall-decoration-p-59502.html HTTP/1.0" 200 79753 "-" "Mozilla/5.0 (compatible; BLEXBot/1.0; +http://webmeup-crawler.com/)"
157.90.182.25 - - [02/Nov/2023:05:42:16 +0100] "GET /serve-coffee-cutting-board-p-40647.html HTTP/1.0" 200 79174 "-" "Mozilla/5.0 (compatible; BLEXBot/1.0; +http://webmeup-crawler.com/)"
157.90.182.25 - - [02/Nov/2023:05:42:24 +0100] "GET /seven-dwarfs-hair-clips-p-19417.html HTTP/1.0" 200 81990 "-" "Mozilla/5.0 (compatible; BLEXBot/1.0; +http://webmeup-crawler.com/)"
216.244.66.242 - - [02/Nov/2023:05:42:33 +0100] "GET /robots.txt HTTP/1.0" 200 245 "-" "Mozilla/5.0 (compatible; DotBot/1.2; +https://opensiteexplorer.org/dotbot; help@moz.com)"
157.90.182.25 - - [02/Nov/2023:05:42:31 +0100] "GET /shadoks-pencil-case-p-19626.html HTTP/1.0" 200 79201 "-" "Mozilla/5.0 (compatible; BLEXBot/1.0; +http://webmeup-crawler.com/)"
157.90.182.25 - - [02/Nov/2023:05:42:37 +0100] "GET /sheep-cushion-cover-p-59580.html HTTP/1.0" 200 80248 "-" "Mozilla/5.0 (compatible; BLEXBot/1.0; +http://webmeup-crawler.com/)"
157.90.182.25 - - [02/Nov/2023:05:42:43 +0100] "GET /shirts-sweatshirts-c-53_54.html?page=2 HTTP/1.0" 200 97483 "-" "Mozilla/5.0 (compatible; BLEXBot/1.0; +http://webmeup-crawler.com/)"
173.252.83.8 - - [02/Nov/2023:05:42:50 +0100] "GET /images/mini_prod/1348422000680.jpg HTTP/1.0" 200 269 "-" "facebookexternalhit/1.1 (+http://www.facebook.com/externalhit_uatext.php)"
157.90.182.25 - - [02/Nov/2023:05:42:50 +0100] "GET /shirts-sweatshirts-c-53_54.html?page=3 HTTP/1.0" 200 88904 "-" "Mozilla/5.0 (compatible; BLEXBot/1.0; +http://webmeup-crawler.com/)"
157.90.182.25 - - [02/Nov/2023:05:42:56 +0100] "GET /shirts-sweatshirts-women-c-53_55.html?page=2 HTTP/1.0" 200 97223 "-" "Mozilla/5.0 (compatible; BLEXBot/1.0; +http://webmeup-crawler.com/)"
157.90.182.25 - - [02/Nov/2023:05:43:03 +0100] "GET /shirts-sweatshirts-women-c-53_55.html?page=3 HTTP/1.0" 200 94727 "-" "Mozilla/5.0 (compatible; BLEXBot/1.0; +http://webmeup-crawler.com/)"
157.90.182.25 - - [02/Nov/2023:05:43:10 +0100] "GET /shooter-mona-lisa-p-38614.html HTTP/1.0" 200 79022 "-" "Mozilla/5.0 (compatible; BLEXBot/1.0; +http://webmeup-crawler.com/)"
157.90.182.25 - - [02/Nov/2023:05:43:17 +0100] "GET /shop-c-155.html?page=2 HTTP/1.0" 200 85030 "-" "Mozilla/5.0 (compatible; BLEXBot/1.0; +http://webmeup-crawler.com/)"
54.36.149.18 - - [02/Nov/2023:05:43:18 +0100] "GET /glitter-ball-joyeux-p-61092.html HTTP/1.0" 200 79701 "-" "Mozilla/5.0 (compatible; AhrefsBot/7.0; +http://ahrefs.com/robot/)"
157.90.182.25 - - [02/Nov/2023:05:43:22 +0100] "GET /shopping-cats-dubout-dodo-p-44030.html HTTP/1.0" 200 80030 "-" "Mozilla/5.0 (compatible; BLEXBot/1.0; +http://webmeup-crawler.com/)"
54.36.148.95 - - [02/Nov/2023:05:43:25 +0100] "GET /images/big_prod_1/3700281687507B.jpg HTTP/1.0" 200 271 "-" "Mozilla/5.0 (compatible; AhrefsBot/7.0; +http://ahrefs.com/robot/)"
157.90.182.25 - - [02/Nov/2023:05:43:28 +0100] "GET /shopping-cats-dubout-p-53970.html HTTP/1.0" 200 79303 "-" "Mozilla/5.0 (compatible; BLEXBot/1.0; +http://webmeup-crawler.com/)"
79.126.53.86 - - [02/Nov/2023:05:43:30 +0100] "GET /strawberry-shortcake-tights-model-p-34656.html HTTP/1.0" 200 80278 "-" "Mozilla/5.0 (Windows NT 10.0; Win64; x64) AppleWebKit/537.36 (KHTML, like Gecko) Chrome/116.0.5845.933 YaBrowser/23.9.3.933 Yowser/2.5 Safari/537.36"
79.126.53.86 - - [02/Nov/2023:05:43:33 +0100] "GET /js/jquery.js HTTP/1.0" 200 252 "http://www.wonder-geek.com/strawberry-shortcake-tights-model-p-34656.html" "Mozilla/5.0 (Windows NT 10.0; Win64; x64) AppleWebKit/537.36 (KHTML, like Gecko) Chrome/116.0.5845.933 YaBrowser/23.9.3.933 Yowser/2.5 Safari/537.36"
79.126.53.86 - - [02/Nov/2023:05:43:33 +0100] "GET /highslide/highslide.js HTTP/1.0" 200 262 "http://www.wonder-geek.com/strawberry-shortcake-tights-model-p-34656.html" "Mozilla/5.0 (Windows NT 10.0; Win64; x64) AppleWebKit/537.36 (KHTML, like Gecko) Chrome/116.0.5845.933 YaBrowser/23.9.3.933 Yowser/2.5 Safari/537.36"
79.126.53.86 - - [02/Nov/2023:05:43:33 +0100] "GET /templates/Pixame_v1/stylesheet.css HTTP/1.0" 200 267 "http://www.wonder-geek.com/strawberry-shortcake-tights-model-p-34656.html" "Mozilla/5.0 (Windows NT 10.0; Win64; x64) AppleWebKit/537.36 (KHTML, like Gecko) Chrome/116.0.5845.933 YaBrowser/23.9.3.933 Yowser/2.5 Safari/537.36"
79.126.53.86 - - [02/Nov/2023:05:43:33 +0100] "GET /js/jquery.jqzoom.js HTTP/1.0" 200 259 "http://www.wonder-geek.com/strawberry-shortcake-tights-model-p-34656.html" "Mozilla/5.0 (Windows NT 10.0; Win64; x64) AppleWebKit/537.36 (KHTML, like Gecko) Chrome/116.0.5845.933 YaBrowser/23.9.3.933 Yowser/2.5 Safari/537.36"
79.126.53.86 - - [02/Nov/2023:05:43:33 +0100] "GET /mondial_relay/js/jquery-1.3.2.min.js HTTP/1.0" 200 276 "http://www.wonder-geek.com/strawberry-shortcake-tights-model-p-34656.html" "Mozilla/5.0 (Windows NT 10.0; Win64; x64) AppleWebKit/537.36 (KHTML, like Gecko) Chrome/116.0.5845.933 YaBrowser/23.9.3.933 Yowser/2.5 Safari/537.36"
79.126.53.86 - - [02/Nov/2023:05:43:35 +0100] "GET /swfobject.js HTTP/1.0" 404 1308 "http://www.wonder-geek.com/strawberry-shortcake-tights-model-p-34656.html" "Mozilla/5.0 (Windows NT 10.0; Win64; x64) AppleWebKit/537.36 (KHTML, like Gecko) Chrome/116.0.5845.933 YaBrowser/23.9.3.933 Yowser/2.5 Safari/537.36"
157.90.182.25 - - [02/Nov/2023:05:43:34 +0100] "GET /shopping-cats-dubout-p-59921.html HTTP/1.0" 200 80187 "-" "Mozilla/5.0 (compatible; BLEXBot/1.0; +http://webmeup-crawler.com/)"
79.126.53.86 - - [02/Nov/2023:05:43:36 +0100] "GET /templates/Pixame_v1/images/icon_accueil2.png HTTP/1.0" 200 278 "http://www.wonder-geek.com/strawberry-shortcake-tights-model-p-34656.html" "Mozilla/5.0 (Windows NT 10.0; Win64; x64) AppleWebKit/537.36 (KHTML, like Gecko) Chrome/116.0.5845.933 YaBrowser/23.9.3.933 Yowser/2.5 Safari/537.36"
79.126.53.86 - - [02/Nov/2023:05:43:37 +0100] "GET /templates/Pixame_v1/images/pixel_trans.gif HTTP/1.0" 200 328 "http://www.wonder-geek.com/strawberry-shortcake-tights-model-p-34656.html" "Mozilla/5.0 (Windows NT 10.0; Win64; x64) AppleWebKit/537.36 (KHTML, like Gecko) Chrome/116.0.5845.933 YaBrowser/23.9.3.933 Yowser/2.5 Safari/537.36"
79.126.53.86 - - [02/Nov/2023:05:43:37 +0100] "GET /templates/Pixame_v1/images/infobox/pixel_trans.gif HTTP/1.0" 200 328 "http://www.wonder-geek.com/strawberry-shortcake-tights-model-p-34656.html" "Mozilla/5.0 (Windows NT 10.0; Win64; x64) AppleWebKit/537.36 (KHTML, like Gecko) Chrome/116.0.5845.933 YaBrowser/23.9.3.933 Yowser/2.5 Safari/537.36"
79.126.53.86 - - [02/Nov/2023:05:43:37 +0100] "GET /images/pixel_trans.gif HTTP/1.0" 200 328 "http://www.wonder-geek.com/strawberry-shortcake-tights-model-p-34656.html" "Mozilla/5.0 (Windows NT 10.0; Win64; x64) AppleWebKit/537.36 (KHTML, like Gecko) Chrome/116.0.5845.933 YaBrowser/23.9.3.933 Yowser/2.5 Safari/537.36"
79.126.53.86 - - [02/Nov/2023:05:43:37 +0100] "GET /templates/Pixame_v1/images/buttons/english/button_in_cart.gif HTTP/1.0" 200 295 "http://www.wonder-geek.com/strawberry-shortcake-tights-model-p-34656.html" "Mozilla/5.0 (Windows NT 10.0; Win64; x64) AppleWebKit/537.36 (KHTML, like Gecko) Chrome/116.0.5845.933 YaBrowser/23.9.3.933 Yowser/2.5 Safari/537.36"
79.126.53.86 - - [02/Nov/2023:05:43:37 +0100] "GET /templates/Pixame_v1/images/nav.png HTTP/1.0" 200 268 "http://www.wonder-geek.com/templates/Pixame_v1/stylesheet.css" "Mozilla/5.0 (Windows NT 10.0; Win64; x64) AppleWebKit/537.36 (KHTML, like Gecko) Chrome/116.0.5845.933 YaBrowser/23.9.3.933 Yowser/2.5 Safari/537.36"
79.126.53.86 - - [02/Nov/2023:05:43:37 +0100] "GET /templates/Pixame_v1/images/header.png HTTP/1.0" 200 271 "http://www.wonder-geek.com/templates/Pixame_v1/stylesheet.css" "Mozilla/5.0 (Windows NT 10.0; Win64; x64) AppleWebKit/537.36 (KHTML, like Gecko) Chrome/116.0.5845.933 YaBrowser/23.9.3.933 Yowser/2.5 Safari/537.36"
79.126.53.86 - - [02/Nov/2023:05:43:37 +0100] "GET /templates/Pixame_v1/images/Middle_texture.jpg HTTP/1.0" 200 280 "http://www.wonder-geek.com/templates/Pixame_v1/stylesheet.css" "Mozilla/5.0 (Windows NT 10.0; Win64; x64) AppleWebKit/537.36 (KHTML, like Gecko) Chrome/116.0.5845.933 YaBrowser/23.9.3.933 Yowser/2.5 Safari/537.36"
79.126.53.86 - - [02/Nov/2023:05:43:37 +0100] "GET /templates/Pixame_v1/images/header-object.png HTTP/1.0" 200 278 "http://www.wonder-geek.com/templates/Pixame_v1/stylesheet.css" "Mozilla/5.0 (Windows NT 10.0; Win64; x64) AppleWebKit/537.36 (KHTML, like Gecko) Chrome/116.0.5845.933 YaBrowser/23.9.3.933 Yowser/2.5 Safari/537.36"
79.126.53.86 - - [02/Nov/2023:05:43:37 +0100] "GET /templates/Pixame_v1/images/Bottom_texture.jpg HTTP/1.0" 200 280 "http://www.wonder-geek.com/templates/Pixame_v1/stylesheet.css" "Mozilla/5.0 (Windows NT 10.0; Win64; x64) AppleWebKit/537.36 (KHTML, like Gecko) Chrome/116.0.5845.933 YaBrowser/23.9.3.933 Yowser/2.5 Safari/537.36"
79.126.53.86 - - [02/Nov/2023:05:43:37 +0100] "GET /design/productsenstock.png HTTP/1.0" 200 260 "http://www.wonder-geek.com/templates/Pixame_v1/stylesheet.css" "Mozilla/5.0 (Windows NT 10.0; Win64; x64) AppleWebKit/537.36 (KHTML, like Gecko) Chrome/116.0.5845.933 YaBrowser/23.9.3.933 Yowser/2.5 Safari/537.36"
79.126.53.86 - - [02/Nov/2023:05:43:38 +0100] "GET /images/1399984237038.jpg HTTP/1.0" 200 259 "http://www.wonder-geek.com/strawberry-shortcake-tights-model-p-34656.html" "Mozilla/5.0 (Windows NT 10.0; Win64; x64) AppleWebKit/537.36 (KHTML, like Gecko) Chrome/116.0.5845.933 YaBrowser/23.9.3.933 Yowser/2.5 Safari/537.36"
79.126.53.86 - - [02/Nov/2023:05:43:38 +0100] "GET /templates/Pixame_v1/images/infobox/infobox_footer_middle.gif HTTP/1.0" 200 357 "http://www.wonder-geek.com/strawberry-shortcake-tights-model-p-34656.html" "Mozilla/5.0 (Windows NT 10.0; Win64; x64) AppleWebKit/537.36 (KHTML, like Gecko) Chrome/116.0.5845.933 YaBrowser/23.9.3.933 Yowser/2.5 Safari/537.36"
79.126.53.86 - - [02/Nov/2023:05:43:38 +0100] "GET /highslide/graphics/zoomin.cur HTTP/1.0" 200 614 "http://www.wonder-geek.com/templates/Pixame_v1/stylesheet.css" "Mozilla/5.0 (Windows NT 10.0; Win64; x64) AppleWebKit/537.36 (KHTML, like Gecko) Chrome/116.0.5845.933 YaBrowser/23.9.3.933 Yowser/2.5 Safari/537.36"
157.90.182.25 - - [02/Nov/2023:05:43:40 +0100] "GET /shopping-cats-dubout-p-60651.html HTTP/1.0" 200 79889 "-" "Mozilla/5.0 (compatible; BLEXBot/1.0; +http://webmeup-crawler.com/)"
173.252.83.6 - - [02/Nov/2023:05:43:41 +0100] "GET /images/mini_prod/00000000000000000000000000fee.jpg HTTP/1.0" 200 285 "-" "facebookexternalhit/1.1 (+http://www.facebook.com/externalhit_uatext.php)"
173.252.83.118 - - [02/Nov/2023:05:43:42 +0100] "GET /images/mini_prod/5018997751312.jpg HTTP/1.0" 200 269 "-" "facebookexternalhit/1.1 (+http://www.facebook.com/externalhit_uatext.php)"
157.90.182.25 - - [02/Nov/2023:05:43:46 +0100] "GET /shopping-gogh-iris-p-53536.html HTTP/1.0" 200 79908 "-" "Mozilla/5.0 (compatible; BLEXBot/1.0; +http://webmeup-crawler.com/)"
157.90.182.25 - - [02/Nov/2023:05:43:53 +0100] "GET /shopping-kandinsky-p-53535.html HTTP/1.0" 200 79860 "-" "Mozilla/5.0 (compatible; BLEXBot/1.0; +http://webmeup-crawler.com/)"
157.90.182.25 - - [02/Nov/2023:05:44:00 +0100] "GET /shower-curtain-blue-bubbles-p-59790.html HTTP/1.0" 200 79946 "-" "Mozilla/5.0 (compatible; BLEXBot/1.0; +http://webmeup-crawler.com/)"
157.90.182.25 - - [02/Nov/2023:05:44:06 +0100] "GET /shower-curtain-c-11_168.html?page=2 HTTP/1.0" 200 87753 "-" "Mozilla/5.0 (compatible; BLEXBot/1.0; +http://webmeup-crawler.com/)"
66.249.66.205 - - [02/Nov/2023:05:44:06 +0100] "GET /bookend-sitting-cement-p-56912.html HTTP/1.0" 200 79877 "-" "Mozilla/5.0 (Linux; Android 6.0.1; Nexus 5X Build/MMB29P) AppleWebKit/537.36 (KHTML, like Gecko) Chrome/118.0.5993.117 Mobile Safari/537.36 (compatible; Googlebot/2.1; +http://www.google.com/bot.html)"
66.249.66.205 - - [02/Nov/2023:05:44:09 +0100] "GET /harley-davidson-diamond-zippo-lighter-p-32555.html HTTP/1.0" 200 79629 "-" "Mozilla/5.0 (compatible; Googlebot/2.1; +http://www.google.com/bot.html)"
157.90.182.25 - - [02/Nov/2023:05:44:11 +0100] "GET /shower-curtain-cactus-p-59788.html HTTP/1.0" 200 79901 "-" "Mozilla/5.0 (compatible; BLEXBot/1.0; +http://webmeup-crawler.com/)"
157.90.182.25 - - [02/Nov/2023:05:44:18 +0100] "GET /shower-curtain-grey-p-59789.html HTTP/1.0" 200 79865 "-" "Mozilla/5.0 (compatible; BLEXBot/1.0; +http://webmeup-crawler.com/)"
157.90.182.25 - - [02/Nov/2023:05:44:25 +0100] "GET /shower-curtain-p-50727.html HTTP/1.0" 200 79956 "-" "Mozilla/5.0 (compatible; BLEXBot/1.0; +http://webmeup-crawler.com/)"
34.132.176.232 - - [02/Nov/2023:05:44:28 +0100] "GET /images/mini_prod/8422360068315.jpg HTTP/1.0" 200 269 "-" "Mozilla/5.0 (X11; Ubuntu; Linux x86_64; rv:72.0) Gecko/20100101 Firefox/72.0"
157.90.182.25 - - [02/Nov/2023:05:44:33 +0100] "GET /shower-curtain-p-57890.html HTTP/1.0" 200 79744 "-" "Mozilla/5.0 (compatible; BLEXBot/1.0; +http://webmeup-crawler.com/)"
157.90.182.25 - - [02/Nov/2023:05:44:39 +0100] "GET /shower-curtain-p-58602.html HTTP/1.0" 200 79744 "-" "Mozilla/5.0 (compatible; BLEXBot/1.0; +http://webmeup-crawler.com/)"
157.90.182.25 - - [02/Nov/2023:05:44:45 +0100] "GET /shower-curtain-p-58603.html HTTP/1.0" 200 79955 "-" "Mozilla/5.0 (compatible; BLEXBot/1.0; +http://webmeup-crawler.com/)"
157.90.182.25 - - [02/Nov/2023:05:44:52 +0100] "GET /silver-amethyst-brass-earrings-p-44818.html HTTP/1.0" 200 79158 "-" "Mozilla/5.0 (compatible; BLEXBot/1.0; +http://webmeup-crawler.com/)"
161.168.138.211 - - [02/Nov/2023:05:44:54 +0100] "GET /images/mini_prod/8435306215780.jpg HTTP/1.0" 200 269 "-" "Mozilla/5.0 (X11; Ubuntu; Linux x86_64; rv:72.0) Gecko/20100101 Firefox/72.0"
157.90.182.25 - - [02/Nov/2023:05:45:00 +0100] "GET /silver-amethyst-brass-earrings-p-44961.html HTTP/1.0" 200 79193 "-" "Mozilla/5.0 (compatible; BLEXBot/1.0; +http://webmeup-crawler.com/)"
173.252.83.10 - - [02/Nov/2023:05:45:02 +0100] "GET /images/mini_prod/1300001473810.jpg HTTP/1.0" 200 269 "-" "facebookexternalhit/1.1 (+http://www.facebook.com/externalhit_uatext.php)"
157.90.182.25 - - [02/Nov/2023:05:45:05 +0100] "GET /silver-face-jewelry-holder-p-60299.html HTTP/1.0" 200 80254 "-" "Mozilla/5.0 (compatible; BLEXBot/1.0; +http://webmeup-crawler.com/)"
157.90.182.25 - - [02/Nov/2023:05:45:12 +0100] "GET /silver-metal-umbrella-stand-p-59111.html HTTP/1.0" 200 79983 "-" "Mozilla/5.0 (compatible; BLEXBot/1.0; +http://webmeup-crawler.com/)"
157.90.182.25 - - [02/Nov/2023:05:45:18 +0100] "GET /silver-skull-keyrings-p-34191.html HTTP/1.0" 200 79097 "-" "Mozilla/5.0 (compatible; BLEXBot/1.0; +http://webmeup-crawler.com/)"
157.90.182.25 - - [02/Nov/2023:05:45:27 +0100] "GET /silver-tourmaline-brass-earrings-p-48664.html HTTP/1.0" 200 79181 "-" "Mozilla/5.0 (compatible; BLEXBot/1.0; +http://webmeup-crawler.com/)"
157.90.182.25 - - [02/Nov/2023:05:45:33 +0100] "GET /silvery-with-personalized-picture-p-16299.html HTTP/1.0" 200 79619 "-" "Mozilla/5.0 (compatible; BLEXBot/1.0; +http://webmeup-crawler.com/)"
173.252.83.2 - - [02/Nov/2023:05:45:37 +0100] "GET /images/big_prod_1/1300000023658B.jpg HTTP/1.0" 200 271 "-" "facebookexternalhit/1.1 (+http://www.facebook.com/externalhit_uatext.php)"
157.90.182.25 - - [02/Nov/2023:05:45:39 +0100] "GET /simpsons-shirt-p-29593.html HTTP/1.0" 200 80448 "-" "Mozilla/5.0 (compatible; BLEXBot/1.0; +http://webmeup-crawler.com/)"
157.90.182.25 - - [02/Nov/2023:05:45:44 +0100] "GET /since-1960-small-clock-p-55074.html HTTP/1.0" 200 79152 "-" "Mozilla/5.0 (compatible; BLEXBot/1.0; +http://webmeup-crawler.com/)"
157.90.182.25 - - [02/Nov/2023:05:45:50 +0100] "GET /sixtine-plaid-p-51299.html HTTP/1.0" 200 79765 "-" "Mozilla/5.0 (compatible; BLEXBot/1.0; +http://webmeup-crawler.com/)"
157.90.182.25 - - [02/Nov/2023:05:45:57 +0100] "GET /skeleton-black-shirt-p-30128.html HTTP/1.0" 200 80239 "-" "Mozilla/5.0 (compatible; BLEXBot/1.0; +http://webmeup-crawler.com/)"
157.90.182.25 - - [02/Nov/2023:05:46:03 +0100] "GET /skull-bottle-p-42717.html HTTP/1.0" 200 78990 "-" "Mozilla/5.0 (compatible; BLEXBot/1.0; +http://webmeup-crawler.com/)"
17.241.75.7 - - [02/Nov/2023:05:46:05 +0100] "GET /-p-40970.html HTTP/1.0" 200 76707 "-" "Mozilla/5.0 (Macintosh; Intel Mac OS X 10_15_5) AppleWebKit/605.1.15 (KHTML, like Gecko) Version/13.1.1 Safari/605.1.15 (Applebot/0.1; +http://www.apple.com/go/applebot)"
157.90.182.25 - - [02/Nov/2023:05:46:09 +0100] "GET /sleepy-figure-collection-disney-tired-dwarf-p-23122.html HTTP/1.0" 200 79358 "-" "Mozilla/5.0 (compatible; BLEXBot/1.0; +http://webmeup-crawler.com/)"
157.90.182.25 - - [02/Nov/2023:05:46:16 +0100] "GET /sloth-baby-moneybox-p-46775.html HTTP/1.0" 200 79109 "-" "Mozilla/5.0 (compatible; BLEXBot/1.0; +http://webmeup-crawler.com/)"
157.90.182.25 - - [02/Nov/2023:05:46:21 +0100] "GET /sloth-chest-moneybox-p-46774.html HTTP/1.0" 200 79650 "-" "Mozilla/5.0 (compatible; BLEXBot/1.0; +http://webmeup-crawler.com/)"
157.90.182.25 - - [02/Nov/2023:05:46:28 +0100] "GET /smack-down-small-reels-p-13882.html HTTP/1.0" 200 79465 "-" "Mozilla/5.0 (compatible; BLEXBot/1.0; +http://webmeup-crawler.com/)"
157.90.182.25 - - [02/Nov/2023:05:46:35 +0100] "GET /small-adjustable-brown-lampshade-p-59431.html HTTP/1.0" 200 80026 "-" "Mozilla/5.0 (compatible; BLEXBot/1.0; +http://webmeup-crawler.com/)"
40.77.167.78 - - [02/Nov/2023:05:46:35 +0100] "GET /mugs-mazagrans-c-12_57.html?page=11 HTTP/1.0" 200 101734 "-" "Mozilla/5.0 AppleWebKit/537.36 (KHTML, like Gecko; compatible; bingbot/2.0; +http://www.bing.com/bingbot.htm) Chrome/103.0.5060.134 Safari/537.36"
157.90.182.25 - - [02/Nov/2023:05:46:43 +0100] "GET /small-adjustable-white-lampshade-p-58796.html HTTP/1.0" 200 80027 "-" "Mozilla/5.0 (compatible; BLEXBot/1.0; +http://webmeup-crawler.com/)"
157.90.182.25 - - [02/Nov/2023:05:46:47 +0100] "GET /small-angel-flower-stitch-collectible-statuette-p-56327.html HTTP/1.0" 200 80522 "-" "Mozilla/5.0 (compatible; BLEXBot/1.0; +http://webmeup-crawler.com/)"
47.76.48.253 - - [02/Nov/2023:05:46:53 +0100] "GET /images/mini_prod/8717318129119.jpg HTTP/1.0" 200 269 "-" "Mozilla/5.0 (X11; Ubuntu; Linux x86_64; rv:72.0) Gecko/20100101 Firefox/72.0"
54.36.149.103 - - [02/Nov/2023:05:46:53 +0100] "GET /-c-95_314.html HTTP/1.0" 200 75575 "-" "Mozilla/5.0 (compatible; AhrefsBot/7.0; +http://ahrefs.com/robot/)"
157.90.182.25 - - [02/Nov/2023:05:46:55 +0100] "GET /small-angel-heart-stitch-collectible-statuette-p-56318.html HTTP/1.0" 200 80508 "-" "Mozilla/5.0 (compatible; BLEXBot/1.0; +http://webmeup-crawler.com/)"
157.90.182.25 - - [02/Nov/2023:05:47:01 +0100] "GET /small-baby-teeth-adam-small-mouse-p-47096.html HTTP/1.0" 200 79994 "-" "Mozilla/5.0 (compatible; BLEXBot/1.0; +http://webmeup-crawler.com/)"
157.90.182.25 - - [02/Nov/2023:05:47:08 +0100] "GET /small-baby-teeth-gold-p-36445.html HTTP/1.0" 200 79222 "-" "Mozilla/5.0 (compatible; BLEXBot/1.0; +http://webmeup-crawler.com/)"
157.90.182.25 - - [02/Nov/2023:05:47:15 +0100] "GET /small-baby-teeth-jade-p-50813.html HTTP/1.0" 200 79839 "-" "Mozilla/5.0 (compatible; BLEXBot/1.0; +http://webmeup-crawler.com/)"
121.134.39.23 - - [02/Nov/2023:05:47:17 +0100] "GET /images/mini_prod/3453131145060BB.jpg HTTP/1.0" 200 271 "-" "Mozilla/5.0 (X11; Ubuntu; Linux x86_64; rv:72.0) Gecko/20100101 Firefox/72.0"
157.90.182.25 - - [02/Nov/2023:05:47:22 +0100] "GET /small-baby-teeth-p-50815.html HTTP/1.0" 200 79783 "-" "Mozilla/5.0 (compatible; BLEXBot/1.0; +http://webmeup-crawler.com/)"
157.90.182.25 - - [02/Nov/2023:05:47:30 +0100] "GET /small-baby-teeth-p-56213.html HTTP/1.0" 200 79801 "-" "Mozilla/5.0 (compatible; BLEXBot/1.0; +http://webmeup-crawler.com/)"
157.90.182.25 - - [02/Nov/2023:05:47:36 +0100] "GET /small-baby-teeth-p-56216.html HTTP/1.0" 200 79803 "-" "Mozilla/5.0 (compatible; BLEXBot/1.0; +http://webmeup-crawler.com/)"
173.252.83.116 - - [02/Nov/2023:05:47:40 +0100] "GET /images/big_prod_1/3520071847719E.jpg HTTP/1.0" 200 271 "-" "facebookexternalhit/1.1 (+http://www.facebook.com/externalhit_uatext.php)"
157.90.182.25 - - [02/Nov/2023:05:47:43 +0100] "GET /small-baby-teeth-p-57829.html HTTP/1.0" 200 79780 "-" "Mozilla/5.0 (compatible; BLEXBot/1.0; +http://webmeup-crawler.com/)"
157.55.39.253 - - [02/Nov/2023:05:47:46 +0100] "GET /images/1399984258873.jpg HTTP/1.0" 200 259 "-" "Mozilla/5.0 (Windows NT 6.1; WOW64) AppleWebKit/534+ (KHTML, like Gecko) BingPreview/1.0b"
157.90.182.25 - - [02/Nov/2023:05:47:49 +0100] "GET /small-baby-teeth-p-57830.html HTTP/1.0" 200 79780 "-" "Mozilla/5.0 (compatible; BLEXBot/1.0; +http://webmeup-crawler.com/)"
157.90.182.25 - - [02/Nov/2023:05:47:56 +0100] "GET /small-baby-teeth-pink-unicorn-p-43013.html HTTP/1.0" 200 79927 "-" "Mozilla/5.0 (compatible; BLEXBot/1.0; +http://webmeup-crawler.com/)"
131.242.30.34 - - [02/Nov/2023:05:47:56 +0100] "GET /dora-the-explorer-sweater-p-31131.html HTTP/1.0" 301 76774 "https://www.bing.com/" "Mozilla/5.0 (Windows NT 10.0; Win64; x64) AppleWebKit/537.36 (KHTML, like Gecko) Chrome/118.0.0.0 Safari/537.36 Edg/118.0.2088.76"
131.242.30.34 - - [02/Nov/2023:05:47:58 +0100] "GET /-p-31131.html HTTP/1.0" 200 76707 "https://www.bing.com/" "Mozilla/5.0 (Windows NT 10.0; Win64; x64) AppleWebKit/537.36 (KHTML, like Gecko) Chrome/118.0.0.0 Safari/537.36 Edg/118.0.2088.76"
131.242.30.34 - - [02/Nov/2023:05:48:00 +0100] "GET /js/jquery.jqzoom.js HTTP/1.0" 200 259 "http://www.wonder-geek.com/-p-31131.html" "Mozilla/5.0 (Windows NT 10.0; Win64; x64) AppleWebKit/537.36 (KHTML, like Gecko) Chrome/118.0.0.0 Safari/537.36 Edg/118.0.2088.76"
131.242.30.34 - - [02/Nov/2023:05:48:00 +0100] "GET /mondial_relay/js/jquery-1.3.2.min.js HTTP/1.0" 200 276 "http://www.wonder-geek.com/-p-31131.html" "Mozilla/5.0 (Windows NT 10.0; Win64; x64) AppleWebKit/537.36 (KHTML, like Gecko) Chrome/118.0.0.0 Safari/537.36 Edg/118.0.2088.76"
131.242.30.34 - - [02/Nov/2023:05:48:00 +0100] "GET /templates/Pixame_v1/stylesheet.css HTTP/1.0" 200 267 "http://www.wonder-geek.com/-p-31131.html" "Mozilla/5.0 (Windows NT 10.0; Win64; x64) AppleWebKit/537.36 (KHTML, like Gecko) Chrome/118.0.0.0 Safari/537.36 Edg/118.0.2088.76"
131.242.30.34 - - [02/Nov/2023:05:48:00 +0100] "GET /highslide/highslide.js HTTP/1.0" 200 262 "http://www.wonder-geek.com/-p-31131.html" "Mozilla/5.0 (Windows NT 10.0; Win64; x64) AppleWebKit/537.36 (KHTML, like Gecko) Chrome/118.0.0.0 Safari/537.36 Edg/118.0.2088.76"
131.242.30.34 - - [02/Nov/2023:05:48:00 +0100] "GET /js/jquery.js HTTP/1.0" 200 252 "http://www.wonder-geek.com/-p-31131.html" "Mozilla/5.0 (Windows NT 10.0; Win64; x64) AppleWebKit/537.36 (KHTML, like Gecko) Chrome/118.0.0.0 Safari/537.36 Edg/118.0.2088.76"
131.242.30.34 - - [02/Nov/2023:05:48:00 +0100] "GET /templates/Pixame_v1/images/icon_accueil2.png HTTP/1.0" 200 278 "http://www.wonder-geek.com/-p-31131.html" "Mozilla/5.0 (Windows NT 10.0; Win64; x64) AppleWebKit/537.36 (KHTML, like Gecko) Chrome/118.0.0.0 Safari/537.36 Edg/118.0.2088.76"
131.242.30.34 - - [02/Nov/2023:05:48:00 +0100] "GET /swfobject.js HTTP/1.0" 404 1308 "http://www.wonder-geek.com/-p-31131.html" "Mozilla/5.0 (Windows NT 10.0; Win64; x64) AppleWebKit/537.36 (KHTML, like Gecko) Chrome/118.0.0.0 Safari/537.36 Edg/118.0.2088.76"
131.242.30.34 - - [02/Nov/2023:05:48:01 +0100] "GET /templates/Pixame_v1/images/infobox/pixel_trans.gif HTTP/1.0" 200 328 "http://www.wonder-geek.com/-p-31131.html" "Mozilla/5.0 (Windows NT 10.0; Win64; x64) AppleWebKit/537.36 (KHTML, like Gecko) Chrome/118.0.0.0 Safari/537.36 Edg/118.0.2088.76"
131.242.30.34 - - [02/Nov/2023:05:48:01 +0100] "GET /images/pixel_trans.gif HTTP/1.0" 200 328 "http://www.wonder-geek.com/-p-31131.html" "Mozilla/5.0 (Windows NT 10.0; Win64; x64) AppleWebKit/537.36 (KHTML, like Gecko) Chrome/118.0.0.0 Safari/537.36 Edg/118.0.2088.76"
131.242.30.34 - - [02/Nov/2023:05:48:01 +0100] "GET /templates/Pixame_v1/images/pixel_trans.gif HTTP/1.0" 200 328 "http://www.wonder-geek.com/-p-31131.html" "Mozilla/5.0 (Windows NT 10.0; Win64; x64) AppleWebKit/537.36 (KHTML, like Gecko) Chrome/118.0.0.0 Safari/537.36 Edg/118.0.2088.76"
131.242.30.34 - - [02/Nov/2023:05:48:01 +0100] "GET /templates/Pixame_v1/images/buttons/english/button_continue.gif HTTP/1.0" 200 1264 "http://www.wonder-geek.com/-p-31131.html" "Mozilla/5.0 (Windows NT 10.0; Win64; x64) AppleWebKit/537.36 (KHTML, like Gecko) Chrome/118.0.0.0 Safari/537.36 Edg/118.0.2088.76"
131.242.30.34 - - [02/Nov/2023:05:48:01 +0100] "GET /templates/Pixame_v1/images/Middle_texture.jpg HTTP/1.0" 200 280 "http://www.wonder-geek.com/templates/Pixame_v1/stylesheet.css" "Mozilla/5.0 (Windows NT 10.0; Win64; x64) AppleWebKit/537.36 (KHTML, like Gecko) Chrome/118.0.0.0 Safari/537.36 Edg/118.0.2088.76"
131.242.30.34 - - [02/Nov/2023:05:48:01 +0100] "GET /templates/Pixame_v1/images/nav.png HTTP/1.0" 200 268 "http://www.wonder-geek.com/templates/Pixame_v1/stylesheet.css" "Mozilla/5.0 (Windows NT 10.0; Win64; x64) AppleWebKit/537.36 (KHTML, like Gecko) Chrome/118.0.0.0 Safari/537.36 Edg/118.0.2088.76"
131.242.30.34 - - [02/Nov/2023:05:48:01 +0100] "GET /templates/Pixame_v1/images/Bottom_texture.jpg HTTP/1.0" 200 280 "http://www.wonder-geek.com/templates/Pixame_v1/stylesheet.css" "Mozilla/5.0 (Windows NT 10.0; Win64; x64) AppleWebKit/537.36 (KHTML, like Gecko) Chrome/118.0.0.0 Safari/537.36 Edg/118.0.2088.76"
131.242.30.34 - - [02/Nov/2023:05:48:01 +0100] "GET /templates/Pixame_v1/images/header.png HTTP/1.0" 200 271 "http://www.wonder-geek.com/templates/Pixame_v1/stylesheet.css" "Mozilla/5.0 (Windows NT 10.0; Win64; x64) AppleWebKit/537.36 (KHTML, like Gecko) Chrome/118.0.0.0 Safari/537.36 Edg/118.0.2088.76"
131.242.30.34 - - [02/Nov/2023:05:48:02 +0100] "GET /templates/Pixame_v1/images/header-object.png HTTP/1.0" 200 278 "http://www.wonder-geek.com/templates/Pixame_v1/stylesheet.css" "Mozilla/5.0 (Windows NT 10.0; Win64; x64) AppleWebKit/537.36 (KHTML, like Gecko) Chrome/118.0.0.0 Safari/537.36 Edg/118.0.2088.76"
131.242.30.34 - - [02/Nov/2023:05:48:02 +0100] "GET /design/productsenstock.png HTTP/1.0" 200 260 "http://www.wonder-geek.com/templates/Pixame_v1/stylesheet.css" "Mozilla/5.0 (Windows NT 10.0; Win64; x64) AppleWebKit/537.36 (KHTML, like Gecko) Chrome/118.0.0.0 Safari/537.36 Edg/118.0.2088.76"
131.242.30.34 - - [02/Nov/2023:05:48:02 +0100] "GET /templates/Pixame_v1/images/infobox/infobox_footer_middle.gif HTTP/1.0" 200 357 "http://www.wonder-geek.com/-p-31131.html" "Mozilla/5.0 (Windows NT 10.0; Win64; x64) AppleWebKit/537.36 (KHTML, like Gecko) Chrome/118.0.0.0 Safari/537.36 Edg/118.0.2088.76"
131.242.30.34 - - [02/Nov/2023:05:48:03 +0100] "GET /highslide/graphics/outlines/drop-shadow.png HTTP/1.0" 200 277 "http://www.wonder-geek.com/-p-31131.html" "Mozilla/5.0 (Windows NT 10.0; Win64; x64) AppleWebKit/537.36 (KHTML, like Gecko) Chrome/118.0.0.0 Safari/537.36 Edg/118.0.2088.76"
131.242.30.34 - - [02/Nov/2023:05:48:03 +0100] "GET /favicon.ico HTTP/1.0" 200 260 "http://www.wonder-geek.com/-p-31131.html" "Mozilla/5.0 (Windows NT 10.0; Win64; x64) AppleWebKit/537.36 (KHTML, like Gecko) Chrome/118.0.0.0 Safari/537.36 Edg/118.0.2088.76"
131.242.30.34 - - [02/Nov/2023:05:48:03 +0100] "GET /highslide/graphics/loader.white.gif HTTP/1.0" 200 960 "http://www.wonder-geek.com/templates/Pixame_v1/stylesheet.css" "Mozilla/5.0 (Windows NT 10.0; Win64; x64) AppleWebKit/537.36 (KHTML, like Gecko) Chrome/118.0.0.0 Safari/537.36 Edg/118.0.2088.76"
131.242.30.34 - - [02/Nov/2023:05:48:03 +0100] "GET /highslide/graphics/zoomout.cur HTTP/1.0" 200 614 "http://www.wonder-geek.com/-p-31131.html" "Mozilla/5.0 (Windows NT 10.0; Win64; x64) AppleWebKit/537.36 (KHTML, like Gecko) Chrome/118.0.0.0 Safari/537.36 Edg/118.0.2088.76"
157.90.182.25 - - [02/Nov/2023:05:48:03 +0100] "GET /small-baby-teeth-pink-unicorn-p-51937.html HTTP/1.0" 200 79919 "-" "Mozilla/5.0 (compatible; BLEXBot/1.0; +http://webmeup-crawler.com/)"
157.90.182.25 - - [02/Nov/2023:05:48:09 +0100] "GET /small-baby-teeth-simon-bear-p-50818.html HTTP/1.0" 200 79267 "-" "Mozilla/5.0 (compatible; BLEXBot/1.0; +http://webmeup-crawler.com/)"
157.90.182.25 - - [02/Nov/2023:05:48:15 +0100] "GET /small-baby-teeth-small-mouse-p-45386.html HTTP/1.0" 200 79306 "-" "Mozilla/5.0 (compatible; BLEXBot/1.0; +http://webmeup-crawler.com/)"
157.90.182.25 - - [02/Nov/2023:05:48:22 +0100] "GET /small-baby-teeth-small-mouse-p-49162.html HTTP/1.0" 200 79306 "-" "Mozilla/5.0 (compatible; BLEXBot/1.0; +http://webmeup-crawler.com/)"
34.27.43.141 - - [02/Nov/2023:05:48:27 +0100] "GET /images/mini_prod/DSCN943222012012.jpg HTTP/1.0" 200 272 "-" "Mozilla/5.0 (X11; Ubuntu; Linux x86_64; rv:72.0) Gecko/20100101 Firefox/72.0"
157.90.182.25 - - [02/Nov/2023:05:48:29 +0100] "GET /small-baby-teeth-small-mouse-p-53419.html HTTP/1.0" 200 79331 "-" "Mozilla/5.0 (compatible; BLEXBot/1.0; +http://webmeup-crawler.com/)"
124.156.207.67 - - [02/Nov/2023:05:48:36 +0100] "GET /images/mini_prod/3438100356470.jpg HTTP/1.0" 200 269 "-" "Mozilla/5.0 (Macintosh; Intel Mac OS X 10_10) AppleWebKit/537.36 (KHTML, like Gecko) Internet Explorer/91.0.1819.84 Safari/537.36"
157.90.182.25 - - [02/Nov/2023:05:48:37 +0100] "GET /small-bamboo-tray-cats-p-49572.html HTTP/1.0" 200 79133 "-" "Mozilla/5.0 (compatible; BLEXBot/1.0; +http://webmeup-crawler.com/)"
54.36.149.61 - - [02/Nov/2023:05:48:43 +0100] "GET /zen-mug-by-cbkreation-p-37842.html HTTP/1.0" 301 79119 "-" "Mozilla/5.0 (compatible; AhrefsBot/7.0; +http://ahrefs.com/robot/)"
157.90.182.25 - - [02/Nov/2023:05:48:44 +0100] "GET /small-bamboo-tray-fish-p-49571.html HTTP/1.0" 200 79133 "-" "Mozilla/5.0 (compatible; BLEXBot/1.0; +http://webmeup-crawler.com/)"
157.90.182.25 - - [02/Nov/2023:05:48:50 +0100] "GET /small-bamboo-tray-lama-p-49570.html HTTP/1.0" 200 79135 "-" "Mozilla/5.0 (compatible; BLEXBot/1.0; +http://webmeup-crawler.com/)"
157.90.182.25 - - [02/Nov/2023:05:48:56 +0100] "GET /small-cabinet-wooden-deco-p-37184.html HTTP/1.0" 200 79192 "-" "Mozilla/5.0 (compatible; BLEXBot/1.0; +http://webmeup-crawler.com/)"
157.90.182.25 - - [02/Nov/2023:05:49:03 +0100] "GET /small-ceramic-starfish-bowl-p-54823.html HTTP/1.0" 200 79090 "-" "Mozilla/5.0 (compatible; BLEXBot/1.0; +http://webmeup-crawler.com/)"
157.90.182.25 - - [02/Nov/2023:05:49:08 +0100] "GET /small-cool-allen-p-48517.html HTTP/1.0" 200 79747 "-" "Mozilla/5.0 (compatible; BLEXBot/1.0; +http://webmeup-crawler.com/)"
157.90.182.25 - - [02/Nov/2023:05:49:12 +0100] "GET /small-cool-lunch-pink-p-44327.html HTTP/1.0" 200 79259 "-" "Mozilla/5.0 (compatible; BLEXBot/1.0; +http://webmeup-crawler.com/)"
157.90.182.25 - - [02/Nov/2023:05:49:20 +0100] "GET /small-cool-lunch-tour-france-p-51683.html HTTP/1.0" 200 79313 "-" "Mozilla/5.0 (compatible; BLEXBot/1.0; +http://webmeup-crawler.com/)"
157.90.182.25 - - [02/Nov/2023:05:49:25 +0100] "GET /small-cool-lunch-tour-france-p-54354.html HTTP/1.0" 200 79313 "-" "Mozilla/5.0 (compatible; BLEXBot/1.0; +http://webmeup-crawler.com/)"
157.55.39.201 - - [02/Nov/2023:05:49:31 +0100] "GET /floor-cushion-beige-45-cm-nelia-p-43362.html HTTP/1.0" 301 76774 "-" "Mozilla/5.0 AppleWebKit/537.36 (KHTML, like Gecko; compatible; bingbot/2.0; +http://www.bing.com/bingbot.htm) Chrome/103.0.5060.134 Safari/537.36"
157.90.182.25 - - [02/Nov/2023:05:49:32 +0100] "GET /small-cups-plank-christmas-p-57089.html HTTP/1.0" 200 79273 "-" "Mozilla/5.0 (compatible; BLEXBot/1.0; +http://webmeup-crawler.com/)"
157.90.182.25 - - [02/Nov/2023:05:49:37 +0100] "GET /small-dancing-stitch-collectible-statuette-p-56316.html HTTP/1.0" 200 80442 "-" "Mozilla/5.0 (compatible; BLEXBot/1.0; +http://webmeup-crawler.com/)"
157.90.182.25 - - [02/Nov/2023:05:49:45 +0100] "GET /small-glass-cups-michelle-allen-designs-p-36960.html HTTP/1.0" 200 79478 "-" "Mozilla/5.0 (compatible; BLEXBot/1.0; +http://webmeup-crawler.com/)"
34.27.43.141 - - [02/Nov/2023:05:49:53 +0100] "GET /images/mini_prod/3700653500830.jpg HTTP/1.0" 200 269 "-" "Mozilla/5.0 (X11; Ubuntu; Linux x86_64; rv:72.0) Gecko/20100101 Firefox/72.0"
157.90.182.25 - - [02/Nov/2023:05:49:53 +0100] "GET /small-green-japanese-enameled-cast-iron-teapot-liter-p-57681.html HTTP/1.0" 200 79482 "-" "Mozilla/5.0 (compatible; BLEXBot/1.0; +http://webmeup-crawler.com/)"
157.90.182.25 - - [02/Nov/2023:05:49:59 +0100] "GET /small-indoor-buddha-fountain-p-41300.html HTTP/1.0" 200 79293 "-" "Mozilla/5.0 (compatible; BLEXBot/1.0; +http://webmeup-crawler.com/)"
157.90.182.25 - - [02/Nov/2023:05:50:06 +0100] "GET /small-insulated-snack-little-prince-kiub-p-60859.html HTTP/1.0" 200 80084 "-" "Mozilla/5.0 (compatible; BLEXBot/1.0; +http://webmeup-crawler.com/)"
157.90.182.25 - - [02/Nov/2023:05:50:11 +0100] "GET /small-insulated-snack-little-prince-kiub-p-60860.html HTTP/1.0" 200 80084 "-" "Mozilla/5.0 (compatible; BLEXBot/1.0; +http://webmeup-crawler.com/)"
157.90.182.25 - - [02/Nov/2023:05:50:16 +0100] "GET /small-japanese-enameled-cast-iron-teapot-liter-p-57682.html HTTP/1.0" 200 79458 "-" "Mozilla/5.0 (compatible; BLEXBot/1.0; +http://webmeup-crawler.com/)"
157.90.182.25 - - [02/Nov/2023:05:50:22 +0100] "GET /small-louis-philippe-pink-liberty-cushion-p-16230.html HTTP/1.0" 200 80158 "-" "Mozilla/5.0 (compatible; BLEXBot/1.0; +http://webmeup-crawler.com/)"
157.90.182.25 - - [02/Nov/2023:05:50:30 +0100] "GET /small-louis-philippe-wallpaper-cushion-p-16229.html HTTP/1.0" 200 80135 "-" "Mozilla/5.0 (compatible; BLEXBot/1.0; +http://webmeup-crawler.com/)"
157.90.182.25 - - [02/Nov/2023:05:50:36 +0100] "GET /small-melamine-tray-hana-collection-p-52672.html HTTP/1.0" 200 79249 "-" "Mozilla/5.0 (compatible; BLEXBot/1.0; +http://webmeup-crawler.com/)"
54.36.148.207 - - [02/Nov/2023:05:50:41 +0100] "GET /bagshandbags-shoulder-bags-c-31_81.html?page=9 HTTP/1.0" 200 90424 "-" "Mozilla/5.0 (compatible; AhrefsBot/7.0; +http://ahrefs.com/robot/)"
157.90.182.25 - - [02/Nov/2023:05:50:43 +0100] "GET /small-metal-beer-bucket-barbecue-p-41207.html HTTP/1.0" 200 79204 "-" "Mozilla/5.0 (compatible; BLEXBot/1.0; +http://webmeup-crawler.com/)"
54.36.149.17 - - [02/Nov/2023:05:50:46 +0100] "GET /images/mini_prod/8422000089755B.jpg HTTP/1.0" 200 270 "-" "Mozilla/5.0 (compatible; AhrefsBot/7.0; +http://ahrefs.com/robot/)"
54.36.148.177 - - [02/Nov/2023:05:50:46 +0100] "GET /images/mini_prod/8422100089754B.jpg HTTP/1.0" 200 270 "-" "Mozilla/5.0 (compatible; AhrefsBot/7.0; +http://ahrefs.com/robot/)"
54.36.149.5 - - [02/Nov/2023:05:50:47 +0100] "GET /images/mini_prod/klimt5.jpg HTTP/1.0" 200 262 "-" "Mozilla/5.0 (compatible; AhrefsBot/7.0; +http://ahrefs.com/robot/)"
54.36.148.130 - - [02/Nov/2023:05:50:48 +0100] "GET /images/mini_prod/5018997619001.jpg HTTP/1.0" 200 269 "-" "Mozilla/5.0 (compatible; AhrefsBot/7.0; +http://ahrefs.com/robot/)"
157.90.182.25 - - [02/Nov/2023:05:50:48 +0100] "GET /small-metal-beer-bucket-cocktail-lounge-p-41208.html HTTP/1.0" 200 79292 "-" "Mozilla/5.0 (compatible; BLEXBot/1.0; +http://webmeup-crawler.com/)"
157.90.182.25 - - [02/Nov/2023:05:50:54 +0100] "GET /small-oval-placemat-p-17138.html HTTP/1.0" 200 79421 "-" "Mozilla/5.0 (compatible; BLEXBot/1.0; +http://webmeup-crawler.com/)"
157.90.182.25 - - [02/Nov/2023:05:51:00 +0100] "GET /small-plush-ball-tree-decoration-bear-p-56330.html HTTP/1.0" 200 80177 "-" "Mozilla/5.0 (compatible; BLEXBot/1.0; +http://webmeup-crawler.com/)"
157.90.182.25 - - [02/Nov/2023:05:51:08 +0100] "GET /small-plush-ball-tree-decoration-p-56329.html HTTP/1.0" 200 80161 "-" "Mozilla/5.0 (compatible; BLEXBot/1.0; +http://webmeup-crawler.com/)"
157.90.182.25 - - [02/Nov/2023:05:51:16 +0100] "GET /small-pokemon-trolley-p-60212.html HTTP/1.0" 200 79897 "-" "Mozilla/5.0 (compatible; BLEXBot/1.0; +http://webmeup-crawler.com/)"
216.244.66.242 - - [02/Nov/2023:05:51:20 +0100] "GET /metal-bell-p-32128.html HTTP/1.0" 200 79009 "-" "Mozilla/5.0 (compatible; DotBot/1.2; +https://opensiteexplorer.org/dotbot; help@moz.com)"
157.90.182.25 - - [02/Nov/2023:05:51:21 +0100] "GET /small-school-caramel-green-p-55622.html HTTP/1.0" 200 80270 "-" "Mozilla/5.0 (compatible; BLEXBot/1.0; +http://webmeup-crawler.com/)"
173.252.83.3 - - [02/Nov/2023:05:51:28 +0100] "GET /images/mini_prod/3700572731667.jpg HTTP/1.0" 200 269 "-" "facebookexternalhit/1.1 (+http://www.facebook.com/externalhit_uatext.php)"
157.90.182.25 - - [02/Nov/2023:05:51:29 +0100] "GET /small-school-caramel-p-55620.html HTTP/1.0" 200 79949 "-" "Mozilla/5.0 (compatible; BLEXBot/1.0; +http://webmeup-crawler.com/)"
157.90.182.25 - - [02/Nov/2023:05:51:36 +0100] "GET /small-school-caramel-p-55815.html HTTP/1.0" 200 80160 "-" "Mozilla/5.0 (compatible; BLEXBot/1.0; +http://webmeup-crawler.com/)"
157.55.39.201 - - [02/Nov/2023:05:51:42 +0100] "GET /set-of-bamboo-plates-p-47254.html HTTP/1.0" 301 76774 "-" "Mozilla/5.0 AppleWebKit/537.36 (KHTML, like Gecko; compatible; bingbot/2.0; +http://www.bing.com/bingbot.htm) Chrome/103.0.5060.134 Safari/537.36"
157.90.182.25 - - [02/Nov/2023:05:51:42 +0100] "GET /small-school-caramel-p-56844.html HTTP/1.0" 200 80160 "-" "Mozilla/5.0 (compatible; BLEXBot/1.0; +http://webmeup-crawler.com/)"
157.90.182.25 - - [02/Nov/2023:05:51:51 +0100] "GET /small-shopping-birds-ohara-koson-p-60652.html HTTP/1.0" 200 80008 "-" "Mozilla/5.0 (compatible; BLEXBot/1.0; +http://webmeup-crawler.com/)"
157.90.182.25 - - [02/Nov/2023:05:51:57 +0100] "GET /small-simple-with-personalized-picture-p-16330.html HTTP/1.0" 200 79660 "-" "Mozilla/5.0 (compatible; BLEXBot/1.0; +http://webmeup-crawler.com/)"
58.22.7.114 - - [02/Nov/2023:05:51:59 +0100] "GET /images/mini_prod/3661443279162.jpg HTTP/1.0" 200 269 "-" "Mozilla/5.0 (X11; Ubuntu; Linux x86_64; rv:72.0) Gecko/20100101 Firefox/72.0"
157.90.182.25 - - [02/Nov/2023:05:52:04 +0100] "GET /small-sommelier-shape-book-p-54552.html HTTP/1.0" 200 80119 "-" "Mozilla/5.0 (compatible; BLEXBot/1.0; +http://webmeup-crawler.com/)"
157.90.182.25 - - [02/Nov/2023:05:52:10 +0100] "GET /small-sommelier-shape-book-p-54553.html HTTP/1.0" 200 80119 "-" "Mozilla/5.0 (compatible; BLEXBot/1.0; +http://webmeup-crawler.com/)"
157.90.182.25 - - [02/Nov/2023:05:52:17 +0100] "GET /small-sommelier-shape-book-p-55935.html HTTP/1.0" 200 80352 "-" "Mozilla/5.0 (compatible; BLEXBot/1.0; +http://webmeup-crawler.com/)"
34.27.43.141 - - [02/Nov/2023:05:52:19 +0100] "GET /images/mini_prod/1399103640152.jpg HTTP/1.0" 200 269 "-" "Mozilla/5.0 (X11; Ubuntu; Linux x86_64; rv:72.0) Gecko/20100101 Firefox/72.0"
17.241.219.211 - - [02/Nov/2023:05:52:21 +0100] "GET /corsica-metal-plate-p-52515.html HTTP/1.0" 200 79030 "-" "Mozilla/5.0 (Macintosh; Intel Mac OS X 10_15_5) AppleWebKit/605.1.15 (KHTML, like Gecko) Version/13.1.1 Safari/605.1.15 (Applebot/0.1; +http://www.apple.com/go/applebot)"
173.252.83.120 - - [02/Nov/2023:05:52:23 +0100] "GET /images/big_prod/8424345487562.jpg HTTP/1.0" 200 268 "-" "facebookexternalhit/1.1 (+http://www.facebook.com/externalhit_uatext.php)"
157.90.182.25 - - [02/Nov/2023:05:52:22 +0100] "GET /small-sommelier-shape-book-p-59770.html HTTP/1.0" 200 80119 "-" "Mozilla/5.0 (compatible; BLEXBot/1.0; +http://webmeup-crawler.com/)"
157.90.182.25 - - [02/Nov/2023:05:52:29 +0100] "GET /small-stick-stitch-collectible-statuette-p-56317.html HTTP/1.0" 200 80462 "-" "Mozilla/5.0 (compatible; BLEXBot/1.0; +http://webmeup-crawler.com/)"
157.90.182.25 - - [02/Nov/2023:05:52:37 +0100] "GET /small-trays-c-12_159_261.html?page=2 HTTP/1.0" 200 94147 "-" "Mozilla/5.0 (compatible; BLEXBot/1.0; +http://webmeup-crawler.com/)"
129.226.215.97 - - [02/Nov/2023:05:52:40 +0100] "GET /images/mini_prod/5018997621745.jpg HTTP/1.0" 404 1308 "-" "Mozilla/5.0 (Windows NT 10.0; WOW64) AppleWebKit/537.36 (KHTML, like Gecko) Internet Explorer/88.0.3174.119 Safari/537.36"
157.90.182.25 - - [02/Nov/2023:05:52:44 +0100] "GET /small-white-cushion-with-personalized-picture-p-16257.html HTTP/1.0" 200 79998 "-" "Mozilla/5.0 (compatible; BLEXBot/1.0; +http://webmeup-crawler.com/)"
157.90.182.25 - - [02/Nov/2023:05:52:51 +0100] "GET /small-white-torn-paper-cushion-with-personalized-picture-p-16615.html HTTP/1.0" 200 80112 "-" "Mozilla/5.0 (compatible; BLEXBot/1.0; +http://webmeup-crawler.com/)"
157.90.182.25 - - [02/Nov/2023:05:52:58 +0100] "GET /small-wooden-towel-holder-hang-p-51019.html HTTP/1.0" 200 79193 "-" "Mozilla/5.0 (compatible; BLEXBot/1.0; +http://webmeup-crawler.com/)"
157.90.182.25 - - [02/Nov/2023:05:53:05 +0100] "GET /small-wooden-towel-holder-hang-p-51020.html HTTP/1.0" 200 79193 "-" "Mozilla/5.0 (compatible; BLEXBot/1.0; +http://webmeup-crawler.com/)"
157.90.182.25 - - [02/Nov/2023:05:53:11 +0100] "GET /small-wooden-towel-holder-hang-p-51022.html HTTP/1.0" 200 79193 "-" "Mozilla/5.0 (compatible; BLEXBot/1.0; +http://webmeup-crawler.com/)"
40.77.167.78 - - [02/Nov/2023:05:53:12 +0100] "GET /best-breakfast-cutting-board-23-14-cm-p-40645.html HTTP/1.0" 301 79273 "-" "Mozilla/5.0 AppleWebKit/537.36 (KHTML, like Gecko; compatible; bingbot/2.0; +http://www.bing.com/bingbot.htm) Chrome/103.0.5060.134 Safari/537.36"
40.77.167.78 - - [02/Nov/2023:05:53:15 +0100] "GET /array-m-20.html HTTP/1.0" 200 96565 "-" "Mozilla/5.0 AppleWebKit/537.36 (KHTML, like Gecko; compatible; bingbot/2.0; +http://www.bing.com/bingbot.htm) Chrome/103.0.5060.134 Safari/537.36"
157.90.182.25 - - [02/Nov/2023:05:53:17 +0100] "GET /small-wooden-towel-holder-hang-p-51023.html HTTP/1.0" 200 79193 "-" "Mozilla/5.0 (compatible; BLEXBot/1.0; +http://webmeup-crawler.com/)"
157.90.182.25 - - [02/Nov/2023:05:53:25 +0100] "GET /small-woven-bamboo-tray-p-59920.html HTTP/1.0" 200 79957 "-" "Mozilla/5.0 (compatible; BLEXBot/1.0; +http://webmeup-crawler.com/)"
157.90.182.25 - - [02/Nov/2023:05:53:32 +0100] "GET /smokers-items-c-3_112.html?page=2 HTTP/1.0" 200 98165 "-" "Mozilla/5.0 (compatible; BLEXBot/1.0; +http://webmeup-crawler.com/)"
157.90.182.25 - - [02/Nov/2023:05:53:37 +0100] "GET /smokers-items-c-3_112.html?page=3 HTTP/1.0" 200 97824 "-" "Mozilla/5.0 (compatible; BLEXBot/1.0; +http://webmeup-crawler.com/)"
34.239.122.224 - - [02/Nov/2023:05:53:44 +0100] "GET /images/mini_prod/8422000053541.jpg HTTP/1.0" 200 269 "-" "Mozilla/5.0 (X11; Ubuntu; Linux x86_64; rv:72.0) Gecko/20100101 Firefox/72.0"
157.90.182.25 - - [02/Nov/2023:05:53:45 +0100] "GET /smokers-items-c-3_112.html?page=4 HTTP/1.0" 200 97574 "-" "Mozilla/5.0 (compatible; BLEXBot/1.0; +http://webmeup-crawler.com/)"
54.36.148.210 - - [02/Nov/2023:05:53:50 +0100] "GET /salt-pepper-laeticia-collection-p-52668.html HTTP/1.0" 200 79178 "-" "Mozilla/5.0 (compatible; AhrefsBot/7.0; +http://ahrefs.com/robot/)"
54.36.148.49 - - [02/Nov/2023:05:53:54 +0100] "GET /images/big_prod/3503423004404.jpg HTTP/1.0" 200 268 "-" "Mozilla/5.0 (compatible; AhrefsBot/7.0; +http://ahrefs.com/robot/)"
157.90.182.25 - - [02/Nov/2023:05:53:53 +0100] "GET /smokers-items-c-3_112.html?page=5 HTTP/1.0" 200 98121 "-" "Mozilla/5.0 (compatible; BLEXBot/1.0; +http://webmeup-crawler.com/)"
173.252.83.116 - - [02/Nov/2023:05:53:58 +0100] "GET /images/mini_prod/1399984265727.jpg HTTP/1.0" 404 1308 "-" "facebookexternalhit/1.1 (+http://www.facebook.com/externalhit_uatext.php)"
157.90.182.25 - - [02/Nov/2023:05:54:00 +0100] "GET /smokers-items-c-3_112.html?page=6 HTTP/1.0" 200 97542 "-" "Mozilla/5.0 (compatible; BLEXBot/1.0; +http://webmeup-crawler.com/)"
157.90.182.25 - - [02/Nov/2023:05:54:08 +0100] "GET /smoking-wooden-frame-p-46086.html HTTP/1.0" 200 80041 "-" "Mozilla/5.0 (compatible; BLEXBot/1.0; +http://webmeup-crawler.com/)"
146.70.195.83 - - [02/Nov/2023:05:54:09 +0100] "GET /contact_us.php HTTP/1.0" 200 26241 "-" "Mozilla/5.0 (Macintosh; Intel Mac OS X 12_5) AppleWebKit/537.36 (KHTML, like Gecko) Chrome/114.0.0.0 Safari/537.36 OPR/89.0.4447.51"
146.70.195.83 - - [02/Nov/2023:05:54:10 +0100] "GET /images/pixel_trans.gif HTTP/1.0" 200 328 "http://www.wonder-geek.com/contact_us.php?action=send" "Mozilla/5.0 (Macintosh; Intel Mac OS X 12_5) AppleWebKit/537.36 (KHTML, like Gecko) Chrome/114.0.0.0 Safari/537.36 OPR/89.0.4447.51"
146.70.195.83 - - [02/Nov/2023:05:54:11 +0100] "GET /images/pixel_trans.gif HTTP/1.0" 200 328 "http://www.wonder-geek.com/contact_us.php?action=send" "Mozilla/5.0 (Macintosh; Intel Mac OS X 12_5) AppleWebKit/537.36 (KHTML, like Gecko) Chrome/114.0.0.0 Safari/537.36 OPR/89.0.4447.51"
157.90.182.25 - - [02/Nov/2023:05:54:14 +0100] "GET /snack-cooler-c-31_235.html?page=2 HTTP/1.0" 200 90463 "-" "Mozilla/5.0 (compatible; BLEXBot/1.0; +http://webmeup-crawler.com/)"
157.90.182.25 - - [02/Nov/2023:05:54:22 +0100] "GET /snow-glitter-ball-c-13_259.html?page=2 HTTP/1.0" 200 88109 "-" "Mozilla/5.0 (compatible; BLEXBot/1.0; +http://webmeup-crawler.com/)"
157.90.182.25 - - [02/Nov/2023:05:54:30 +0100] "GET /snow-white-swimsuit-p-30313.html HTTP/1.0" 200 80131 "-" "Mozilla/5.0 (compatible; BLEXBot/1.0; +http://webmeup-crawler.com/)"
157.90.182.25 - - [02/Nov/2023:05:54:36 +0100] "GET /snowman-decoration-p-41953.html HTTP/1.0" 200 79188 "-" "Mozilla/5.0 (compatible; BLEXBot/1.0; +http://webmeup-crawler.com/)"
