157.90.182.25 - - [02/Nov/2023:05:02:14 +0100] "GET /placemats-c-12_156.html?page=8 HTTP/1.0" 200 99753 "-" "Mozilla/5.0 (compatible; BLEXBot/1.0; +http://webmeup-crawler.com/)"
101.198.192.11 - - [02/Nov/2023:05:02:21 +0100] "GET /images/mini_prod/mug-i-love-02.jpg HTTP/1.0" 200 269 "-" "Mozilla/5.0 (X11; Ubuntu; Linux x86_64; rv:72.0) Gecko/20100101 Firefox/72.0"
157.90.182.25 - - [02/Nov/2023:05:02:20 +0100] "GET /placemats-c-12_156.html?page=9 HTTP/1.0" 200 100224 "-" "Mozilla/5.0 (compatible; BLEXBot/1.0; +http://webmeup-crawler.com/)"
157.90.182.25 - - [02/Nov/2023:05:02:28 +0100] "GET /plaid-sofa-throw-portofino-with-fringes-p-47922.html HTTP/1.0" 200 79978 "-" "Mozilla/5.0 (compatible; BLEXBot/1.0; +http://webmeup-crawler.com/)"
157.90.182.25 - - [02/Nov/2023:05:02:33 +0100] "GET /planes-bath-towel-p-24585.html HTTP/1.0" 200 81263 "-" "Mozilla/5.0 (compatible; BLEXBot/1.0; +http://webmeup-crawler.com/)"
157.90.182.25 - - [02/Nov/2023:05:02:39 +0100] "GET /planes-ceiling-light-p-33143.html HTTP/1.0" 200 79428 "-" "Mozilla/5.0 (compatible; BLEXBot/1.0; +http://webmeup-crawler.com/)"
157.90.182.25 - - [02/Nov/2023:05:02:44 +0100] "GET /planes-cushion-p-25908.html HTTP/1.0" 200 79163 "-" "Mozilla/5.0 (compatible; BLEXBot/1.0; +http://webmeup-crawler.com/)"
157.90.182.25 - - [02/Nov/2023:05:02:50 +0100] "GET /planes-cushion-p-25909.html HTTP/1.0" 200 79163 "-" "Mozilla/5.0 (compatible; BLEXBot/1.0; +http://webmeup-crawler.com/)"
54.36.148.147 - - [02/Nov/2023:05:02:50 +0100] "GET /salt-pepper-bistrot-p-47919.html HTTP/1.0" 200 79092 "-" "Mozilla/5.0 (compatible; AhrefsBot/7.0; +http://ahrefs.com/robot/)"
157.90.182.25 - - [02/Nov/2023:05:02:55 +0100] "GET /planes-sports-bottle-p-25060.html HTTP/1.0" 200 79660 "-" "Mozilla/5.0 (compatible; BLEXBot/1.0; +http://webmeup-crawler.com/)"
180.76.29.196 - - [02/Nov/2023:05:03:00 +0100] "GET /images/mini_prod/3014627830138.jpg HTTP/1.0" 200 269 "-" "Mozilla/5.0 (Windows NT 10.0; Win64; x64) AppleWebKit/537.36 (KHTML, like Gecko) Chrome/103.0.0.0 Safari/537.36"
157.90.182.25 - - [02/Nov/2023:05:03:01 +0100] "GET /planes-toddler-flatware-p-25914.html HTTP/1.0" 200 79071 "-" "Mozilla/5.0 (compatible; BLEXBot/1.0; +http://webmeup-crawler.com/)"
157.90.182.25 - - [02/Nov/2023:05:03:07 +0100] "GET /plant-ceramic-salt-p-59860.html HTTP/1.0" 200 79841 "-" "Mozilla/5.0 (compatible; BLEXBot/1.0; +http://webmeup-crawler.com/)"
157.55.39.10 - - [02/Nov/2023:05:03:09 +0100] "GET /protecting-cotton-pillow-60-60-cm-boil-p-48984.html HTTP/1.0" 301 76939 "-" "Mozilla/5.0 AppleWebKit/537.36 (KHTML, like Gecko; compatible; bingbot/2.0; +http://www.bing.com/bingbot.htm) Chrome/103.0.5060.134 Safari/537.36"
157.90.182.25 - - [02/Nov/2023:05:03:13 +0100] "GET /plastic-fiber-lamp-p-48682.html HTTP/1.0" 200 79725 "-" "Mozilla/5.0 (compatible; BLEXBot/1.0; +http://webmeup-crawler.com/)"
157.90.182.25 - - [02/Nov/2023:05:03:20 +0100] "GET /plastic-glass-p-17153.html HTTP/1.0" 200 79186 "-" "Mozilla/5.0 (compatible; BLEXBot/1.0; +http://webmeup-crawler.com/)"
157.90.182.25 - - [02/Nov/2023:05:03:28 +0100] "GET /playboy-zippo-lighter-p-13392.html HTTP/1.0" 200 79504 "-" "Mozilla/5.0 (compatible; BLEXBot/1.0; +http://webmeup-crawler.com/)"
157.90.182.25 - - [02/Nov/2023:05:03:36 +0100] "GET /playmobil-rule-p-13387.html HTTP/1.0" 200 78986 "-" "Mozilla/5.0 (compatible; BLEXBot/1.0; +http://webmeup-crawler.com/)"
157.90.182.25 - - [02/Nov/2023:05:03:42 +0100] "GET /playmobil-rule-p-13388.html HTTP/1.0" 200 78988 "-" "Mozilla/5.0 (compatible; BLEXBot/1.0; +http://webmeup-crawler.com/)"
157.90.182.25 - - [02/Nov/2023:05:03:49 +0100] "GET /plush-christmas-tree-decoration-p-49648.html HTTP/1.0" 200 79198 "-" "Mozilla/5.0 (compatible; BLEXBot/1.0; +http://webmeup-crawler.com/)"
157.90.182.25 - - [02/Nov/2023:05:03:55 +0100] "GET /plush-christmas-tree-decoration-p-49649.html HTTP/1.0" 200 79198 "-" "Mozilla/5.0 (compatible; BLEXBot/1.0; +http://webmeup-crawler.com/)"
157.90.182.25 - - [02/Nov/2023:05:04:02 +0100] "GET /plush-christmas-tree-decoration-p-49650.html HTTP/1.0" 200 79198 "-" "Mozilla/5.0 (compatible; BLEXBot/1.0; +http://webmeup-crawler.com/)"
157.90.182.25 - - [02/Nov/2023:05:04:10 +0100] "GET /plush-christmas-tree-decoration-p-49651.html HTTP/1.0" 200 79198 "-" "Mozilla/5.0 (compatible; BLEXBot/1.0; +http://webmeup-crawler.com/)"
157.90.182.25 - - [02/Nov/2023:05:04:16 +0100] "GET /plush-christmas-tree-decoration-p-49652.html HTTP/1.0" 200 79198 "-" "Mozilla/5.0 (compatible; BLEXBot/1.0; +http://webmeup-crawler.com/)"
157.90.182.25 - - [02/Nov/2023:05:04:22 +0100] "GET /plush-christmas-tree-decoration-p-49653.html HTTP/1.0" 200 79198 "-" "Mozilla/5.0 (compatible; BLEXBot/1.0; +http://webmeup-crawler.com/)"
157.90.182.25 - - [02/Nov/2023:05:04:28 +0100] "GET /plush-keeleco-friendly-sheep-p-61148.html HTTP/1.0" 200 80314 "-" "Mozilla/5.0 (compatible; BLEXBot/1.0; +http://webmeup-crawler.com/)"
111.45.1.134 - - [02/Nov/2023:05:04:30 +0100] "GET /images/mini_prod/MISES-EN-SITUATION-06.jpg HTTP/1.0" 200 277 "-" "Mozilla/5.0 (Windows NT 10.0; Win64; x64) AppleWebKit/537.36 (KHTML, like Gecko) Chrome/103.0.0.0 Safari/537.36"
129.226.215.97 - - [02/Nov/2023:05:04:35 +0100] "GET /images/mini_prod/3700653501219.jpg HTTP/1.0" 200 269 "-" "Mozilla/5.0 (Windows NT 5.1) AppleWebKit/537.36 (KHTML, like Gecko) Opera/64.0.2829.109 Safari/537.36"
157.90.182.25 - - [02/Nov/2023:05:04:35 +0100] "GET /plush-tree-hanging-decorations-p-52655.html HTTP/1.0" 200 79180 "-" "Mozilla/5.0 (compatible; BLEXBot/1.0; +http://webmeup-crawler.com/)"
157.90.182.25 - - [02/Nov/2023:05:04:40 +0100] "GET /plush-tree-hanging-decorations-p-56119.html HTTP/1.0" 200 79858 "-" "Mozilla/5.0 (compatible; BLEXBot/1.0; +http://webmeup-crawler.com/)"
157.90.182.25 - - [02/Nov/2023:05:04:44 +0100] "GET /pocket-warmer-bien-chaud-p-58829.html HTTP/1.0" 200 79985 "-" "Mozilla/5.0 (compatible; BLEXBot/1.0; +http://webmeup-crawler.com/)"
157.90.182.25 - - [02/Nov/2023:05:04:51 +0100] "GET /pocket-warmer-concentr-chaleur-p-58830.html HTTP/1.0" 200 80032 "-" "Mozilla/5.0 (compatible; BLEXBot/1.0; +http://webmeup-crawler.com/)"
157.90.182.25 - - [02/Nov/2023:05:04:56 +0100] "GET /pocket-warmer-little-panda-p-54998.html HTTP/1.0" 200 80343 "-" "Mozilla/5.0 (compatible; BLEXBot/1.0; +http://webmeup-crawler.com/)"
173.252.83.118 - - [02/Nov/2023:05:05:02 +0100] "GET /images/mini_prod/1300000022439.jpg HTTP/1.0" 200 269 "-" "facebookexternalhit/1.1 (+http://www.facebook.com/externalhit_uatext.php)"
157.90.182.25 - - [02/Nov/2023:05:05:02 +0100] "GET /pocket-warmer-p-58828.html HTTP/1.0" 200 79932 "-" "Mozilla/5.0 (compatible; BLEXBot/1.0; +http://webmeup-crawler.com/)"
157.90.182.25 - - [02/Nov/2023:05:05:08 +0100] "GET /pokemon-blue-swimsuit-p-30589.html HTTP/1.0" 200 80182 "-" "Mozilla/5.0 (compatible; BLEXBot/1.0; +http://webmeup-crawler.com/)"
157.90.182.25 - - [02/Nov/2023:05:05:15 +0100] "GET /pokemon-pikachu-school-p-55005.html HTTP/1.0" 200 79917 "-" "Mozilla/5.0 (compatible; BLEXBot/1.0; +http://webmeup-crawler.com/)"
157.90.182.25 - - [02/Nov/2023:05:05:21 +0100] "GET /pokemon-pikachu-trolley-p-60208.html HTTP/1.0" 200 79986 "-" "Mozilla/5.0 (compatible; BLEXBot/1.0; +http://webmeup-crawler.com/)"
157.90.182.25 - - [02/Nov/2023:05:05:27 +0100] "GET /pokemon-shirt-p-31060.html HTTP/1.0" 200 80468 "-" "Mozilla/5.0 (compatible; BLEXBot/1.0; +http://webmeup-crawler.com/)"
17.241.75.44 - - [02/Nov/2023:05:05:28 +0100] "GET /cbkration-toiletry-p-41153.html HTTP/1.0" 200 76779 "-" "Mozilla/5.0 (Macintosh; Intel Mac OS X 10_15_5) AppleWebKit/605.1.15 (KHTML, like Gecko) Version/13.1.1 Safari/605.1.15 (Applebot/0.1; +http://www.apple.com/go/applebot)"
173.252.83.120 - - [02/Nov/2023:05:05:34 +0100] "GET /games-and-toys/images/mini_prod/3048700059017.gif HTTP/1.0" 404 1308 "-" "facebookexternalhit/1.1 (+http://www.facebook.com/externalhit_uatext.php)"
157.90.182.25 - - [02/Nov/2023:05:05:33 +0100] "GET /pokemon-shirt-p-31061.html HTTP/1.0" 200 80150 "-" "Mozilla/5.0 (compatible; BLEXBot/1.0; +http://webmeup-crawler.com/)"
157.90.182.25 - - [02/Nov/2023:05:05:39 +0100] "GET /pokemon-swimsuit-p-30590.html HTTP/1.0" 200 80163 "-" "Mozilla/5.0 (compatible; BLEXBot/1.0; +http://webmeup-crawler.com/)"
54.36.148.122 - - [02/Nov/2023:05:05:44 +0100] "GET /placemat-italian-menu-p-57514.html HTTP/1.0" 200 79039 "-" "Mozilla/5.0 (compatible; AhrefsBot/7.0; +http://ahrefs.com/robot/)"
157.90.182.25 - - [02/Nov/2023:05:05:45 +0100] "GET /pokemon-trolley-p-60211.html HTTP/1.0" 200 79890 "-" "Mozilla/5.0 (compatible; BLEXBot/1.0; +http://webmeup-crawler.com/)"
114.119.156.185 - - [02/Nov/2023:05:05:48 +0100] "GET /kiwi-kitchen-towel-p-47135.html HTTP/1.0" 200 76769 "http://www.wonder-geek.com/towels-c-11_177.html?page=6" "Mozilla/5.0 (Linux; Android 7.0;) AppleWebKit/537.36 (KHTML, like Gecko) Mobile Safari/537.36 (compatible; PetalBot;+https://webmaster.petalsearch.com/site/petalbot)"
157.90.182.25 - - [02/Nov/2023:05:05:52 +0100] "GET /pokmon-wheeled-school-p-60213.html HTTP/1.0" 200 79791 "-" "Mozilla/5.0 (compatible; BLEXBot/1.0; +http://webmeup-crawler.com/)"
157.90.182.25 - - [02/Nov/2023:05:05:57 +0100] "GET /pola-mouse-with-personalized-picture-p-16663.html HTTP/1.0" 200 79681 "-" "Mozilla/5.0 (compatible; BLEXBot/1.0; +http://webmeup-crawler.com/)"
157.90.182.25 - - [02/Nov/2023:05:06:03 +0100] "GET /polar-bear-jewelry-support-statuette-p-47112.html HTTP/1.0" 200 79955 "-" "Mozilla/5.0 (compatible; BLEXBot/1.0; +http://webmeup-crawler.com/)"
157.90.182.25 - - [02/Nov/2023:05:06:08 +0100] "GET /polar-bear-small-round-magnet-p-31912.html HTTP/1.0" 200 79129 "-" "Mozilla/5.0 (compatible; BLEXBot/1.0; +http://webmeup-crawler.com/)"
157.90.182.25 - - [02/Nov/2023:05:06:14 +0100] "GET /polar-blanket-dark-grey-p-56972.html HTTP/1.0" 200 80013 "-" "Mozilla/5.0 (compatible; BLEXBot/1.0; +http://webmeup-crawler.com/)"
157.90.182.25 - - [02/Nov/2023:05:06:20 +0100] "GET /polar-blanket-grey-p-46348.html HTTP/1.0" 200 79938 "-" "Mozilla/5.0 (compatible; BLEXBot/1.0; +http://webmeup-crawler.com/)"
157.90.182.25 - - [02/Nov/2023:05:06:26 +0100] "GET /polar-blanket-p-56973.html HTTP/1.0" 200 79724 "-" "Mozilla/5.0 (compatible; BLEXBot/1.0; +http://webmeup-crawler.com/)"
157.90.182.25 - - [02/Nov/2023:05:06:35 +0100] "GET /polar-blanket-p-58798.html HTTP/1.0" 200 79893 "-" "Mozilla/5.0 (compatible; BLEXBot/1.0; +http://webmeup-crawler.com/)"
157.90.182.25 - - [02/Nov/2023:05:06:39 +0100] "GET /polar-blanket-p-58799.html HTTP/1.0" 200 79893 "-" "Mozilla/5.0 (compatible; BLEXBot/1.0; +http://webmeup-crawler.com/)"
173.252.83.120 - - [02/Nov/2023:05:06:41 +0100] "GET /images/mini_prod/3272760394379.jpg HTTP/1.0" 404 1308 "-" "facebookexternalhit/1.1 (+http://www.facebook.com/externalhit_uatext.php)"
157.90.182.25 - - [02/Nov/2023:05:06:45 +0100] "GET /polar-blanket-p-58800.html HTTP/1.0" 200 79692 "-" "Mozilla/5.0 (compatible; BLEXBot/1.0; +http://webmeup-crawler.com/)"
157.90.182.25 - - [02/Nov/2023:05:06:51 +0100] "GET /polar-blankets-blankets-c-11_73.html?page=2 HTTP/1.0" 200 96821 "-" "Mozilla/5.0 (compatible; BLEXBot/1.0; +http://webmeup-crawler.com/)"
157.90.182.25 - - [02/Nov/2023:05:06:58 +0100] "GET /polypropylene-green-grey-outdoor-carpet-p-44048.html HTTP/1.0" 200 80318 "-" "Mozilla/5.0 (compatible; BLEXBot/1.0; +http://webmeup-crawler.com/)"
157.90.182.25 - - [02/Nov/2023:05:07:04 +0100] "GET /polypropylene-grey-outdoor-carpet-p-44049.html HTTP/1.0" 200 80236 "-" "Mozilla/5.0 (compatible; BLEXBot/1.0; +http://webmeup-crawler.com/)"
157.90.182.25 - - [02/Nov/2023:05:07:12 +0100] "GET /poncho-towel-p-5729.html HTTP/1.0" 200 79152 "-" "Mozilla/5.0 (compatible; BLEXBot/1.0; +http://webmeup-crawler.com/)"
157.90.182.25 - - [02/Nov/2023:05:07:17 +0100] "GET /poppies-small-ashtray-p-49154.html HTTP/1.0" 200 79048 "-" "Mozilla/5.0 (compatible; BLEXBot/1.0; +http://webmeup-crawler.com/)"
216.244.66.242 - - [02/Nov/2023:05:07:20 +0100] "GET /ceramic-incense-burner-p-58422.html HTTP/1.0" 200 79825 "-" "Mozilla/5.0 (compatible; DotBot/1.2; +https://opensiteexplorer.org/dotbot; help@moz.com)"
157.90.182.25 - - [02/Nov/2023:05:07:22 +0100] "GET /porcelain-with-infuser-p-48050.html HTTP/1.0" 200 79082 "-" "Mozilla/5.0 (compatible; BLEXBot/1.0; +http://webmeup-crawler.com/)"
157.90.182.25 - - [02/Nov/2023:05:07:27 +0100] "GET /porcelain-with-infuser-p-48052.html HTTP/1.0" 200 79082 "-" "Mozilla/5.0 (compatible; BLEXBot/1.0; +http://webmeup-crawler.com/)"
169.233.1.13 - - [02/Nov/2023:05:07:30 +0100] "GET /images/mini_prod/3453131156349.jpg HTTP/1.0" 200 269 "-" "Mozilla/5.0 (X11; Ubuntu; Linux x86_64; rv:72.0) Gecko/20100101 Firefox/72.0"
216.244.66.242 - - [02/Nov/2023:05:07:30 +0100] "GET /pink-statuette-p-44500.html HTTP/1.0" 200 76773 "-" "Mozilla/5.0 (compatible; DotBot/1.2; +https://opensiteexplorer.org/dotbot; help@moz.com)"
157.90.182.25 - - [02/Nov/2023:05:07:33 +0100] "GET /porcelain-with-infuser-p-48054.html HTTP/1.0" 200 79082 "-" "Mozilla/5.0 (compatible; BLEXBot/1.0; +http://webmeup-crawler.com/)"
157.90.182.25 - - [02/Nov/2023:05:07:39 +0100] "GET /postcard-without-envelope-tassen-p-57441.html HTTP/1.0" 200 79807 "-" "Mozilla/5.0 (compatible; BLEXBot/1.0; +http://webmeup-crawler.com/)"
216.244.66.242 - - [02/Nov/2023:05:07:40 +0100] "GET /salt-lamp-moon-p-59828.html HTTP/1.0" 200 80405 "-" "Mozilla/5.0 (compatible; DotBot/1.2; +https://opensiteexplorer.org/dotbot; help@moz.com)"
157.90.182.25 - - [02/Nov/2023:05:07:45 +0100] "GET /postcard-without-envelope-tassen-p-57446.html HTTP/1.0" 200 79807 "-" "Mozilla/5.0 (compatible; BLEXBot/1.0; +http://webmeup-crawler.com/)"
157.90.182.25 - - [02/Nov/2023:05:07:52 +0100] "GET /postcard-without-envelope-tassen-p-57448.html HTTP/1.0" 200 79807 "-" "Mozilla/5.0 (compatible; BLEXBot/1.0; +http://webmeup-crawler.com/)"
157.90.182.25 - - [02/Nov/2023:05:08:00 +0100] "GET /postcard-without-envelope-tassen-p-57449.html HTTP/1.0" 200 79807 "-" "Mozilla/5.0 (compatible; BLEXBot/1.0; +http://webmeup-crawler.com/)"
157.90.182.25 - - [02/Nov/2023:05:08:07 +0100] "GET /postcard-without-envelope-tassen-p-57450.html HTTP/1.0" 200 79806 "-" "Mozilla/5.0 (compatible; BLEXBot/1.0; +http://webmeup-crawler.com/)"
157.90.182.25 - - [02/Nov/2023:05:08:12 +0100] "GET /postcard-without-envelope-tassen-p-59679.html HTTP/1.0" 200 79806 "-" "Mozilla/5.0 (compatible; BLEXBot/1.0; +http://webmeup-crawler.com/)"
129.226.215.97 - - [02/Nov/2023:05:08:16 +0100] "GET /images/mini_prod/5060275045255.jpg HTTP/1.0" 200 269 "-" "Mozilla/5.0 (Windows NT 10.0; WOW64) AppleWebKit/537.36 (KHTML, like Gecko) Safari/74.0.1126.57 Safari/537.36"
157.90.182.25 - - [02/Nov/2023:05:08:17 +0100] "GET /postcard-without-envelope-tassen-p-59680.html HTTP/1.0" 200 79806 "-" "Mozilla/5.0 (compatible; BLEXBot/1.0; +http://webmeup-crawler.com/)"
157.90.182.25 - - [02/Nov/2023:05:08:23 +0100] "GET /postcard-without-envelope-tassen-p-59681.html HTTP/1.0" 200 79806 "-" "Mozilla/5.0 (compatible; BLEXBot/1.0; +http://webmeup-crawler.com/)"
157.90.182.25 - - [02/Nov/2023:05:08:28 +0100] "GET /postcard-without-envelope-tassen-p-59682.html HTTP/1.0" 200 79806 "-" "Mozilla/5.0 (compatible; BLEXBot/1.0; +http://webmeup-crawler.com/)"
157.90.182.25 - - [02/Nov/2023:05:08:34 +0100] "GET /postcard-without-envelope-tassen-p-60795.html HTTP/1.0" 200 80020 "-" "Mozilla/5.0 (compatible; BLEXBot/1.0; +http://webmeup-crawler.com/)"
54.36.149.100 - - [02/Nov/2023:05:08:39 +0100] "GET /angry-birds-night-light-p-29410.html HTTP/1.0" 200 79275 "-" "Mozilla/5.0 (compatible; AhrefsBot/7.0; +http://ahrefs.com/robot/)"
157.90.182.25 - - [02/Nov/2023:05:08:41 +0100] "GET /postcard-without-envelope-tassen-p-60796.html HTTP/1.0" 200 80019 "-" "Mozilla/5.0 (compatible; BLEXBot/1.0; +http://webmeup-crawler.com/)"
157.90.182.25 - - [02/Nov/2023:05:08:46 +0100] "GET /postcard-without-envelope-tassen-p-60797.html HTTP/1.0" 200 79806 "-" "Mozilla/5.0 (compatible; BLEXBot/1.0; +http://webmeup-crawler.com/)"
54.36.149.36 - - [02/Nov/2023:05:08:55 +0100] "GET /images/8420406608891.jpg HTTP/1.0" 200 259 "-" "Mozilla/5.0 (compatible; AhrefsBot/7.0; +http://ahrefs.com/robot/)"
157.90.182.25 - - [02/Nov/2023:05:08:54 +0100] "GET /postcard-without-envelope-tassen-p-60798.html HTTP/1.0" 200 80019 "-" "Mozilla/5.0 (compatible; BLEXBot/1.0; +http://webmeup-crawler.com/)"
157.90.182.25 - - [02/Nov/2023:05:09:01 +0100] "GET /postcard-without-envelope-tassen-p-60799.html HTTP/1.0" 200 79806 "-" "Mozilla/5.0 (compatible; BLEXBot/1.0; +http://webmeup-crawler.com/)"
157.90.182.25 - - [02/Nov/2023:05:09:06 +0100] "GET /postcard-without-envelope-tassen-p-60800.html HTTP/1.0" 200 79806 "-" "Mozilla/5.0 (compatible; BLEXBot/1.0; +http://webmeup-crawler.com/)"
157.90.182.25 - - [02/Nov/2023:05:09:12 +0100] "GET /postcard-without-envelope-tassen-p-60801.html HTTP/1.0" 200 79806 "-" "Mozilla/5.0 (compatible; BLEXBot/1.0; +http://webmeup-crawler.com/)"
157.90.182.25 - - [02/Nov/2023:05:09:18 +0100] "GET /postcard-without-envelope-tassen-p-60802.html HTTP/1.0" 200 79806 "-" "Mozilla/5.0 (compatible; BLEXBot/1.0; +http://webmeup-crawler.com/)"
157.90.182.25 - - [02/Nov/2023:05:09:25 +0100] "GET /posters-stickers-wall-c-13_147.html?page=2 HTTP/1.0" 200 91554 "-" "Mozilla/5.0 (compatible; BLEXBot/1.0; +http://webmeup-crawler.com/)"
157.90.182.25 - - [02/Nov/2023:05:09:32 +0100] "GET /potholder-glove-ivory-p-54136.html HTTP/1.0" 200 79131 "-" "Mozilla/5.0 (compatible; BLEXBot/1.0; +http://webmeup-crawler.com/)"
173.252.83.5 - - [02/Nov/2023:05:09:33 +0100] "GET /images/big_prod/1399986101122.jpg HTTP/1.0" 200 268 "-" "facebookexternalhit/1.1 (+http://www.facebook.com/externalhit_uatext.php)"
157.90.182.25 - - [02/Nov/2023:05:09:38 +0100] "GET /potholder-glove-p-54121.html HTTP/1.0" 200 79079 "-" "Mozilla/5.0 (compatible; BLEXBot/1.0; +http://webmeup-crawler.com/)"
157.90.182.25 - - [02/Nov/2023:05:09:44 +0100] "GET /potholder-glove-p-54123.html HTTP/1.0" 200 79079 "-" "Mozilla/5.0 (compatible; BLEXBot/1.0; +http://webmeup-crawler.com/)"
157.90.182.25 - - [02/Nov/2023:05:09:51 +0100] "GET /potholder-glove-p-54124.html HTTP/1.0" 200 79079 "-" "Mozilla/5.0 (compatible; BLEXBot/1.0; +http://webmeup-crawler.com/)"
157.90.182.25 - - [02/Nov/2023:05:09:57 +0100] "GET /potholder-glove-p-54126.html HTTP/1.0" 200 79079 "-" "Mozilla/5.0 (compatible; BLEXBot/1.0; +http://webmeup-crawler.com/)"
173.252.83.12 - - [02/Nov/2023:05:09:59 +0100] "GET /images/mini_prod/3453131156462.jpg HTTP/1.0" 200 269 "-" "facebookexternalhit/1.1 (+http://www.facebook.com/externalhit_uatext.php)"
157.90.182.25 - - [02/Nov/2023:05:10:04 +0100] "GET /potholder-glove-p-54130.html HTTP/1.0" 200 79079 "-" "Mozilla/5.0 (compatible; BLEXBot/1.0; +http://webmeup-crawler.com/)"
157.90.182.25 - - [02/Nov/2023:05:10:10 +0100] "GET /potholder-glove-p-54131.html HTTP/1.0" 200 79079 "-" "Mozilla/5.0 (compatible; BLEXBot/1.0; +http://webmeup-crawler.com/)"
157.90.182.25 - - [02/Nov/2023:05:10:16 +0100] "GET /potholder-glove-p-54132.html HTTP/1.0" 200 79079 "-" "Mozilla/5.0 (compatible; BLEXBot/1.0; +http://webmeup-crawler.com/)"
157.90.182.25 - - [02/Nov/2023:05:10:22 +0100] "GET /potholder-glove-p-54133.html HTTP/1.0" 200 79079 "-" "Mozilla/5.0 (compatible; BLEXBot/1.0; +http://webmeup-crawler.com/)"
173.252.83.6 - - [02/Nov/2023:05:10:26 +0100] "GET /images/big_prod/3574642563058.jpg HTTP/1.0" 200 268 "-" "facebookexternalhit/1.1 (+http://www.facebook.com/externalhit_uatext.php)"
157.90.182.25 - - [02/Nov/2023:05:10:28 +0100] "GET /potholder-glove-p-54134.html HTTP/1.0" 200 79079 "-" "Mozilla/5.0 (compatible; BLEXBot/1.0; +http://webmeup-crawler.com/)"
157.90.182.25 - - [02/Nov/2023:05:10:34 +0100] "GET /potholder-glove-p-54135.html HTTP/1.0" 200 79079 "-" "Mozilla/5.0 (compatible; BLEXBot/1.0; +http://webmeup-crawler.com/)"
157.90.182.25 - - [02/Nov/2023:05:10:40 +0100] "GET /potholder-glove-p-54137.html HTTP/1.0" 200 79079 "-" "Mozilla/5.0 (compatible; BLEXBot/1.0; +http://webmeup-crawler.com/)"
157.90.182.25 - - [02/Nov/2023:05:10:46 +0100] "GET /pots-cookie-jars-c-12_250.html?page=2 HTTP/1.0" 200 96653 "-" "Mozilla/5.0 (compatible; BLEXBot/1.0; +http://webmeup-crawler.com/)"
157.90.182.25 - - [02/Nov/2023:05:10:54 +0100] "GET /pots-cookie-jars-c-12_250.html?page=3 HTTP/1.0" 200 88926 "-" "Mozilla/5.0 (compatible; BLEXBot/1.0; +http://webmeup-crawler.com/)"
157.90.182.25 - - [02/Nov/2023:05:11:01 +0100] "GET /pouf-covered-velvet-p-59462.html HTTP/1.0" 200 80313 "-" "Mozilla/5.0 (compatible; BLEXBot/1.0; +http://webmeup-crawler.com/)"
157.90.182.25 - - [02/Nov/2023:05:11:05 +0100] "GET /pouf-covered-with-black-velvet-p-44231.html HTTP/1.0" 200 80221 "-" "Mozilla/5.0 (compatible; BLEXBot/1.0; +http://webmeup-crawler.com/)"
59.82.83.138 - - [02/Nov/2023:05:11:09 +0100] "GET /images/3700653501967.jpg HTTP/1.0" 200 259 "-" "insight2"
157.90.182.25 - - [02/Nov/2023:05:11:11 +0100] "GET /pouf-covered-with-grey-velvet-p-46355.html HTTP/1.0" 200 80743 "-" "Mozilla/5.0 (compatible; BLEXBot/1.0; +http://webmeup-crawler.com/)"
157.90.182.25 - - [02/Nov/2023:05:11:16 +0100] "GET /pouf-covered-with-light-grey-velvet-p-59461.html HTTP/1.0" 200 80593 "-" "Mozilla/5.0 (compatible; BLEXBot/1.0; +http://webmeup-crawler.com/)"
124.156.207.67 - - [02/Nov/2023:05:11:20 +0100] "GET /images/mini_prod/8422020085508.jpg HTTP/1.0" 200 269 "-" "Mozilla/5.0 (Windows NT 6.1; Win64; x64) AppleWebKit/537.36 (KHTML, like Gecko) Opera/77.0.1688.35 Safari/537.36"
157.90.182.25 - - [02/Nov/2023:05:11:23 +0100] "GET /pouf-mappemonde-trunks-p-56780.html HTTP/1.0" 200 80040 "-" "Mozilla/5.0 (compatible; BLEXBot/1.0; +http://webmeup-crawler.com/)"
157.90.182.25 - - [02/Nov/2023:05:11:32 +0100] "GET /pounds-money-cbkreation-p-24140.html HTTP/1.0" 200 79150 "-" "Mozilla/5.0 (compatible; BLEXBot/1.0; +http://webmeup-crawler.com/)"
18.212.59.15 - - [02/Nov/2023:05:11:39 +0100] "GET /images/big_prod_1/b8435333821862.jpg HTTP/1.0" 200 271 "-" "Mozilla/5.0 (X11; Ubuntu; Linux x86_64; rv:72.0) Gecko/20100101 Firefox/72.0"
157.90.182.25 - - [02/Nov/2023:05:11:38 +0100] "GET /pride-rainbow-p-60905.html HTTP/1.0" 200 79859 "-" "Mozilla/5.0 (compatible; BLEXBot/1.0; +http://webmeup-crawler.com/)"
54.36.149.41 - - [02/Nov/2023:05:11:43 +0100] "GET /lotus-candleholder-pink-goldlining-p-47014.html HTTP/1.0" 200 80574 "-" "Mozilla/5.0 (compatible; AhrefsBot/7.0; +http://ahrefs.com/robot/)"
157.90.182.25 - - [02/Nov/2023:05:11:45 +0100] "GET /prince-persia-shirt-p-29595.html HTTP/1.0" 200 80501 "-" "Mozilla/5.0 (compatible; BLEXBot/1.0; +http://webmeup-crawler.com/)"
54.36.148.55 - - [02/Nov/2023:05:11:49 +0100] "GET /images/big_prod/8718657460604.jpg HTTP/1.0" 200 268 "-" "Mozilla/5.0 (compatible; AhrefsBot/7.0; +http://ahrefs.com/robot/)"
54.36.148.53 - - [02/Nov/2023:05:11:50 +0100] "GET /images/big_prod_1/b8718657460604.jpg HTTP/1.0" 200 271 "-" "Mozilla/5.0 (compatible; AhrefsBot/7.0; +http://ahrefs.com/robot/)"
157.90.182.25 - - [02/Nov/2023:05:11:51 +0100] "GET /princess-disney-pink-swimsuit-p-30310.html HTTP/1.0" 200 80550 "-" "Mozilla/5.0 (compatible; BLEXBot/1.0; +http://webmeup-crawler.com/)"
157.90.182.25 - - [02/Nov/2023:05:11:56 +0100] "GET /princess-sofia-chair-p-28198.html HTTP/1.0" 200 79055 "-" "Mozilla/5.0 (compatible; BLEXBot/1.0; +http://webmeup-crawler.com/)"
157.90.182.25 - - [02/Nov/2023:05:12:02 +0100] "GET /princess-sofia-storage-cupboard-p-28200.html HTTP/1.0" 200 79174 "-" "Mozilla/5.0 (compatible; BLEXBot/1.0; +http://webmeup-crawler.com/)"
173.252.83.10 - - [02/Nov/2023:05:12:05 +0100] "GET /images/mini_prod/3418178591584.jpg HTTP/1.0" 200 269 "-" "facebookexternalhit/1.1 (+http://www.facebook.com/externalhit_uatext.php)"
157.90.182.25 - - [02/Nov/2023:05:12:09 +0100] "GET /princesse-sofia-book-figure-p-23410.html HTTP/1.0" 200 79269 "-" "Mozilla/5.0 (compatible; BLEXBot/1.0; +http://webmeup-crawler.com/)"
157.90.182.25 - - [02/Nov/2023:05:12:15 +0100] "GET /printed-plexiglas-mirrors-vehicle-vintage-p-33374.html HTTP/1.0" 200 79251 "-" "Mozilla/5.0 (compatible; BLEXBot/1.0; +http://webmeup-crawler.com/)"
157.90.182.25 - - [02/Nov/2023:05:12:21 +0100] "GET /products_new.php?page=10 HTTP/1.0" 200 91001 "-" "Mozilla/5.0 (compatible; BLEXBot/1.0; +http://webmeup-crawler.com/)"
157.90.182.25 - - [02/Nov/2023:05:12:28 +0100] "GET /products_new.php?page=11 HTTP/1.0" 200 91001 "-" "Mozilla/5.0 (compatible; BLEXBot/1.0; +http://webmeup-crawler.com/)"
157.90.182.25 - - [02/Nov/2023:05:12:37 +0100] "GET /products_new.php?page=2 HTTP/1.0" 200 101034 "-" "Mozilla/5.0 (compatible; BLEXBot/1.0; +http://webmeup-crawler.com/)"
173.252.83.113 - - [02/Nov/2023:05:12:42 +0100] "GET /images/mini_prod/1384010184929.jpg HTTP/1.0" 200 269 "-" "facebookexternalhit/1.1 (+http://www.facebook.com/externalhit_uatext.php)"
157.90.182.25 - - [02/Nov/2023:05:12:46 +0100] "GET /products_new.php?page=3 HTTP/1.0" 200 101319 "-" "Mozilla/5.0 (compatible; BLEXBot/1.0; +http://webmeup-crawler.com/)"
157.90.182.25 - - [02/Nov/2023:05:12:52 +0100] "GET /products_new.php?page=4 HTTP/1.0" 200 100804 "-" "Mozilla/5.0 (compatible; BLEXBot/1.0; +http://webmeup-crawler.com/)"
157.90.182.25 - - [02/Nov/2023:05:12:58 +0100] "GET /products_new.php?page=5 HTTP/1.0" 200 101519 "-" "Mozilla/5.0 (compatible; BLEXBot/1.0; +http://webmeup-crawler.com/)"
173.252.83.119 - - [02/Nov/2023:05:13:02 +0100] "GET /images/big_prod_3/4542202657867b.jpg HTTP/1.0" 200 271 "-" "facebookexternalhit/1.1 (+http://www.facebook.com/externalhit_uatext.php)"
157.90.182.25 - - [02/Nov/2023:05:13:06 +0100] "GET /products_new.php?page=6 HTTP/1.0" 200 101977 "-" "Mozilla/5.0 (compatible; BLEXBot/1.0; +http://webmeup-crawler.com/)"
157.90.182.25 - - [02/Nov/2023:05:13:13 +0100] "GET /products_new.php?page=7 HTTP/1.0" 200 101214 "-" "Mozilla/5.0 (compatible; BLEXBot/1.0; +http://webmeup-crawler.com/)"
52.167.144.171 - - [02/Nov/2023:05:13:20 +0100] "GET /nici-debbie-giraffe-plush-35-cm-p-35187.html HTTP/1.0" 301 76774 "-" "Mozilla/5.0 AppleWebKit/537.36 (KHTML, like Gecko; compatible; bingbot/2.0; +http://www.bing.com/bingbot.htm) Chrome/103.0.5060.134 Safari/537.36"
157.90.182.25 - - [02/Nov/2023:05:13:21 +0100] "GET /products_new.php?page=8 HTTP/1.0" 200 100392 "-" "Mozilla/5.0 (compatible; BLEXBot/1.0; +http://webmeup-crawler.com/)"
34.27.43.141 - - [02/Nov/2023:05:13:28 +0100] "GET /images/mini_prod/1399984221389.jpg HTTP/1.0" 200 269 "-" "Mozilla/5.0 (X11; Ubuntu; Linux x86_64; rv:72.0) Gecko/20100101 Firefox/72.0"
157.90.182.25 - - [02/Nov/2023:05:13:30 +0100] "GET /products_new.php?page=9 HTTP/1.0" 200 99878 "-" "Mozilla/5.0 (compatible; BLEXBot/1.0; +http://webmeup-crawler.com/)"
216.244.66.242 - - [02/Nov/2023:05:13:30 +0100] "GET /glass-hourglass-with-pink-sand-minutes-p-60868.html HTTP/1.0" 200 79893 "-" "Mozilla/5.0 (compatible; DotBot/1.2; +https://opensiteexplorer.org/dotbot; help@moz.com)"
157.90.182.25 - - [02/Nov/2023:05:13:37 +0100] "GET /protective-bamboo-pillow-cover-p-43574.html HTTP/1.0" 200 79257 "-" "Mozilla/5.0 (compatible; BLEXBot/1.0; +http://webmeup-crawler.com/)"
157.90.182.25 - - [02/Nov/2023:05:13:43 +0100] "GET /protective-cover-cotton-fleece-p-39152.html HTTP/1.0" 200 79913 "-" "Mozilla/5.0 (compatible; BLEXBot/1.0; +http://webmeup-crawler.com/)"
157.90.182.25 - - [02/Nov/2023:05:13:49 +0100] "GET /protective-cover-cotton-fleece-p-53660.html HTTP/1.0" 200 79267 "-" "Mozilla/5.0 (compatible; BLEXBot/1.0; +http://webmeup-crawler.com/)"
157.90.182.25 - - [02/Nov/2023:05:13:57 +0100] "GET /protective-cover-cotton-fleece-p-53954.html HTTP/1.0" 200 79261 "-" "Mozilla/5.0 (compatible; BLEXBot/1.0; +http://webmeup-crawler.com/)"
216.244.66.242 - - [02/Nov/2023:05:14:03 +0100] "GET /hello-kitty-chocolate-heart-wallet-camomilla-p-16298.html HTTP/1.0" 200 80151 "-" "Mozilla/5.0 (compatible; DotBot/1.2; +https://opensiteexplorer.org/dotbot; help@moz.com)"
173.252.83.119 - - [02/Nov/2023:05:14:05 +0100] "GET /images/mini_prod/8424345003250A.jpg HTTP/1.0" 200 270 "-" "facebookexternalhit/1.1 (+http://www.facebook.com/externalhit_uatext.php)"
157.90.182.25 - - [02/Nov/2023:05:14:05 +0100] "GET /protective-fleece-pillow-cover-p-39150.html HTTP/1.0" 200 80103 "-" "Mozilla/5.0 (compatible; BLEXBot/1.0; +http://webmeup-crawler.com/)"
157.90.182.25 - - [02/Nov/2023:05:14:10 +0100] "GET /protective-fleece-pillow-cover-p-39151.html HTTP/1.0" 200 79873 "-" "Mozilla/5.0 (compatible; BLEXBot/1.0; +http://webmeup-crawler.com/)"
157.90.182.25 - - [02/Nov/2023:05:14:18 +0100] "GET /protects-mattress-fleece-cotton-p-39147.html HTTP/1.0" 200 79865 "-" "Mozilla/5.0 (compatible; BLEXBot/1.0; +http://webmeup-crawler.com/)"
17.241.75.29 - - [02/Nov/2023:05:14:20 +0100] "GET /mother-russia-cbkreation-p-28588.html HTTP/1.0" 200 79130 "-" "Mozilla/5.0 (Macintosh; Intel Mac OS X 10_15_5) AppleWebKit/605.1.15 (KHTML, like Gecko) Version/13.1.1 Safari/605.1.15 (Applebot/0.1; +http://www.apple.com/go/applebot)"
157.90.182.25 - - [02/Nov/2023:05:14:23 +0100] "GET /protects-mattress-fleece-cotton-p-39148.html HTTP/1.0" 200 79876 "-" "Mozilla/5.0 (compatible; BLEXBot/1.0; +http://webmeup-crawler.com/)"
157.90.182.25 - - [02/Nov/2023:05:14:29 +0100] "GET /protects-mattress-fleece-cotton-p-39149.html HTTP/1.0" 200 80112 "-" "Mozilla/5.0 (compatible; BLEXBot/1.0; +http://webmeup-crawler.com/)"
216.244.66.242 - - [02/Nov/2023:05:14:33 +0100] "GET /horses-dreams-drawin-book-p-21504.html HTTP/1.0" 200 79419 "-" "Mozilla/5.0 (compatible; DotBot/1.2; +https://opensiteexplorer.org/dotbot; help@moz.com)"
157.90.182.25 - - [02/Nov/2023:05:14:35 +0100] "GET /protects-mattress-fleece-cotton-p-43570.html HTTP/1.0" 200 79228 "-" "Mozilla/5.0 (compatible; BLEXBot/1.0; +http://webmeup-crawler.com/)"
54.36.149.28 - - [02/Nov/2023:05:14:40 +0100] "GET /ride-hobo-p-31356.html HTTP/1.0" 200 79293 "-" "Mozilla/5.0 (compatible; AhrefsBot/7.0; +http://ahrefs.com/robot/)"
54.36.148.59 - - [02/Nov/2023:05:14:44 +0100] "GET /images/med_prod/4891320369689.jpg HTTP/1.0" 200 268 "-" "Mozilla/5.0 (compatible; AhrefsBot/7.0; +http://ahrefs.com/robot/)"
157.90.182.25 - - [02/Nov/2023:05:14:44 +0100] "GET /protects-mattress-fleece-cotton-p-54902.html HTTP/1.0" 200 79241 "-" "Mozilla/5.0 (compatible; BLEXBot/1.0; +http://webmeup-crawler.com/)"
157.90.182.25 - - [02/Nov/2023:05:14:49 +0100] "GET /protects-mattress-fleece-p-52145.html HTTP/1.0" 200 79383 "-" "Mozilla/5.0 (compatible; BLEXBot/1.0; +http://webmeup-crawler.com/)"
157.90.182.25 - - [02/Nov/2023:05:14:55 +0100] "GET /protects-plastic-mattress-p-36798.html HTTP/1.0" 200 79254 "-" "Mozilla/5.0 (compatible; BLEXBot/1.0; +http://webmeup-crawler.com/)"
3.80.35.60 - - [02/Nov/2023:05:15:00 +0100] "GET /images/mini_prod/8435333853276.jpg HTTP/1.0" 200 269 "-" "Mozilla/5.0 (X11; Ubuntu; Linux x86_64; rv:72.0) Gecko/20100101 Firefox/72.0"
157.90.182.25 - - [02/Nov/2023:05:15:01 +0100] "GET /protects-plastic-mattress-p-36799.html HTTP/1.0" 200 79253 "-" "Mozilla/5.0 (compatible; BLEXBot/1.0; +http://webmeup-crawler.com/)"
216.244.66.242 - - [02/Nov/2023:05:15:05 +0100] "GET /paperweight-mona-lisa-leonardo-vinci-p-46904.html HTTP/1.0" 200 79688 "-" "Mozilla/5.0 (compatible; DotBot/1.2; +https://opensiteexplorer.org/dotbot; help@moz.com)"
157.90.182.25 - - [02/Nov/2023:05:15:10 +0100] "GET /protects-plastic-mattress-p-36800.html HTTP/1.0" 200 79247 "-" "Mozilla/5.0 (compatible; BLEXBot/1.0; +http://webmeup-crawler.com/)"
173.252.83.119 - - [02/Nov/2023:05:15:13 +0100] "GET /images/big_prod_2/8422017826305b.jpg HTTP/1.0" 200 271 "-" "facebookexternalhit/1.1 (+http://www.facebook.com/externalhit_uatext.php)"
207.46.13.116 - - [02/Nov/2023:05:15:11 +0100] "GET /tablecloths-c-11_176.html HTTP/1.0" 200 97523 "-" "Mozilla/5.0 AppleWebKit/537.36 (KHTML, like Gecko; compatible; bingbot/2.0; +http://www.bing.com/bingbot.htm) Chrome/103.0.5060.134 Safari/537.36"
157.90.182.25 - - [02/Nov/2023:05:15:16 +0100] "GET /protects-plastic-mattress-p-39028.html HTTP/1.0" 200 79828 "-" "Mozilla/5.0 (compatible; BLEXBot/1.0; +http://webmeup-crawler.com/)"
157.90.182.25 - - [02/Nov/2023:05:15:22 +0100] "GET /protects-plastic-mattress-p-44346.html HTTP/1.0" 200 79201 "-" "Mozilla/5.0 (compatible; BLEXBot/1.0; +http://webmeup-crawler.com/)"
157.90.182.25 - - [02/Nov/2023:05:15:28 +0100] "GET /protects-plastic-mattress-p-47773.html HTTP/1.0" 200 79241 "-" "Mozilla/5.0 (compatible; BLEXBot/1.0; +http://webmeup-crawler.com/)"
47.76.48.253 - - [02/Nov/2023:05:15:37 +0100] "GET /images/mini_prod/9316188073875.jpg HTTP/1.0" 200 269 "-" "Mozilla/5.0 (X11; Ubuntu; Linux x86_64; rv:72.0) Gecko/20100101 Firefox/72.0"
216.244.66.242 - - [02/Nov/2023:05:15:36 +0100] "GET /russian-doll-kitchen-towel-p-38778.html HTTP/1.0" 200 76801 "-" "Mozilla/5.0 (compatible; DotBot/1.2; +https://opensiteexplorer.org/dotbot; help@moz.com)"
157.90.182.25 - - [02/Nov/2023:05:15:36 +0100] "GET /protects-plastic-mattress-p-55453.html HTTP/1.0" 200 79241 "-" "Mozilla/5.0 (compatible; BLEXBot/1.0; +http://webmeup-crawler.com/)"
157.90.182.25 - - [02/Nov/2023:05:15:42 +0100] "GET /provencal-arabesques-carpet-p-48573.html HTTP/1.0" 200 79987 "-" "Mozilla/5.0 (compatible; BLEXBot/1.0; +http://webmeup-crawler.com/)"
157.90.182.25 - - [02/Nov/2023:05:15:48 +0100] "GET /provencal-arabesques-carpet-p-48574.html HTTP/1.0" 200 80197 "-" "Mozilla/5.0 (compatible; BLEXBot/1.0; +http://webmeup-crawler.com/)"
157.90.182.25 - - [02/Nov/2023:05:15:54 +0100] "GET /provencal-arabesques-carpet-p-48575.html HTTP/1.0" 200 80209 "-" "Mozilla/5.0 (compatible; BLEXBot/1.0; +http://webmeup-crawler.com/)"
66.249.66.206 - - [02/Nov/2023:05:15:58 +0100] "GET /collection-frame-cinderella-britto-p-30162.html HTTP/1.0" 200 79423 "-" "Mozilla/5.0 (compatible; Googlebot/2.1; +http://www.google.com/bot.html)"
157.90.182.25 - - [02/Nov/2023:05:16:01 +0100] "GET /provence-bath-soap-dish-p-44567.html HTTP/1.0" 200 79079 "-" "Mozilla/5.0 (compatible; BLEXBot/1.0; +http://webmeup-crawler.com/)"
216.244.66.242 - - [02/Nov/2023:05:16:03 +0100] "GET /sweet-white-women-shirt-p-30996.html HTTP/1.0" 200 76834 "-" "Mozilla/5.0 (compatible; DotBot/1.2; +https://opensiteexplorer.org/dotbot; help@moz.com)"
157.90.182.25 - - [02/Nov/2023:05:16:08 +0100] "GET /provence-lavender-salt-pepper-shaker-p-30683.html HTTP/1.0" 200 79315 "-" "Mozilla/5.0 (compatible; BLEXBot/1.0; +http://webmeup-crawler.com/)"
207.46.13.116 - - [02/Nov/2023:05:16:13 +0100] "GET /bagshandbags-shoulder-bags-c-31_81.html?page=10 HTTP/1.0" 200 90425 "-" "Mozilla/5.0 AppleWebKit/537.36 (KHTML, like Gecko; compatible; bingbot/2.0; +http://www.bing.com/bingbot.htm) Chrome/103.0.5060.134 Safari/537.36"
157.90.182.25 - - [02/Nov/2023:05:16:13 +0100] "GET /provence-little-tray-p-44549.html HTTP/1.0" 200 79152 "-" "Mozilla/5.0 (compatible; BLEXBot/1.0; +http://webmeup-crawler.com/)"
173.252.83.1 - - [02/Nov/2023:05:16:19 +0100] "GET /images/mini_prod/8433901315867.jpg HTTP/1.0" 200 269 "-" "facebookexternalhit/1.1 (+http://www.facebook.com/externalhit_uatext.php)"
157.90.182.25 - - [02/Nov/2023:05:16:25 +0100] "GET /provence-little-tray-p-51672.html HTTP/1.0" 200 79151 "-" "Mozilla/5.0 (compatible; BLEXBot/1.0; +http://webmeup-crawler.com/)"
157.90.182.25 - - [02/Nov/2023:05:16:31 +0100] "GET /provence-magnetic-corkscrew-p-44554.html HTTP/1.0" 200 79187 "-" "Mozilla/5.0 (compatible; BLEXBot/1.0; +http://webmeup-crawler.com/)"
157.90.182.25 - - [02/Nov/2023:05:16:39 +0100] "GET /provence-marseille-soapdish-p-36613.html HTTP/1.0" 200 79739 "-" "Mozilla/5.0 (compatible; BLEXBot/1.0; +http://webmeup-crawler.com/)"
157.90.182.25 - - [02/Nov/2023:05:16:46 +0100] "GET /provence-retro-tray-p-17265.html HTTP/1.0" 200 79074 "-" "Mozilla/5.0 (compatible; BLEXBot/1.0; +http://webmeup-crawler.com/)"
157.90.182.25 - - [02/Nov/2023:05:16:53 +0100] "GET /provence-soap-dish-p-44566.html HTTP/1.0" 200 79041 "-" "Mozilla/5.0 (compatible; BLEXBot/1.0; +http://webmeup-crawler.com/)"
157.90.182.25 - - [02/Nov/2023:05:16:58 +0100] "GET /provence-soap-dish-p-51393.html HTTP/1.0" 200 79052 "-" "Mozilla/5.0 (compatible; BLEXBot/1.0; +http://webmeup-crawler.com/)"
157.90.182.25 - - [02/Nov/2023:05:17:06 +0100] "GET /provence-soap-dish-p-51394.html HTTP/1.0" 200 79053 "-" "Mozilla/5.0 (compatible; BLEXBot/1.0; +http://webmeup-crawler.com/)"
173.252.83.6 - - [02/Nov/2023:05:17:09 +0100] "GET /images/mini_prod/8424001641178.jpg HTTP/1.0" 200 269 "-" "facebookexternalhit/1.1 (+http://www.facebook.com/externalhit_uatext.php)"
157.90.182.25 - - [02/Nov/2023:05:17:12 +0100] "GET /provence-soap-marseille-soap-p-39423.html HTTP/1.0" 200 79443 "-" "Mozilla/5.0 (compatible; BLEXBot/1.0; +http://webmeup-crawler.com/)"
157.90.182.25 - - [02/Nov/2023:05:17:20 +0100] "GET /provence-soap-marseille-soap-p-39424.html HTTP/1.0" 200 79443 "-" "Mozilla/5.0 (compatible; BLEXBot/1.0; +http://webmeup-crawler.com/)"
157.90.182.25 - - [02/Nov/2023:05:17:25 +0100] "GET /provence-tray-p-45513.html HTTP/1.0" 200 79142 "-" "Mozilla/5.0 (compatible; BLEXBot/1.0; +http://webmeup-crawler.com/)"
54.36.149.27 - - [02/Nov/2023:05:17:29 +0100] "GET / HTTP/1.0" 200 158668 "-" "Mozilla/5.0 (compatible; AhrefsBot/7.0; +http://ahrefs.com/robot/)"
157.90.182.25 - - [02/Nov/2023:05:17:31 +0100] "GET /pucca-black-triangular-pencil-case-p-20088.html HTTP/1.0" 200 79290 "-" "Mozilla/5.0 (compatible; BLEXBot/1.0; +http://webmeup-crawler.com/)"
54.36.149.105 - - [02/Nov/2023:05:17:37 +0100] "GET /images/mini_prod/3665269296341.jpg HTTP/1.0" 200 269 "-" "Mozilla/5.0 (compatible; AhrefsBot/7.0; +http://ahrefs.com/robot/)"
54.36.149.23 - - [02/Nov/2023:05:17:38 +0100] "GET /images/mini_prod/3701461325370.jpg HTTP/1.0" 200 269 "-" "Mozilla/5.0 (compatible; AhrefsBot/7.0; +http://ahrefs.com/robot/)"
54.36.148.85 - - [02/Nov/2023:05:17:38 +0100] "GET /images/mini_prod/5051276494913.jpg HTTP/1.0" 200 269 "-" "Mozilla/5.0 (compatible; AhrefsBot/7.0; +http://ahrefs.com/robot/)"
54.36.149.88 - - [02/Nov/2023:05:17:39 +0100] "GET /images/mini_prod/5051276495996.jpg HTTP/1.0" 200 269 "-" "Mozilla/5.0 (compatible; AhrefsBot/7.0; +http://ahrefs.com/robot/)"
54.36.148.197 - - [02/Nov/2023:05:17:39 +0100] "GET /images/mini_prod/8445148206228.jpg HTTP/1.0" 200 269 "-" "Mozilla/5.0 (compatible; AhrefsBot/7.0; +http://ahrefs.com/robot/)"
157.90.182.25 - - [02/Nov/2023:05:17:38 +0100] "GET /pucca-funny-love-mouse-p-2463.html HTTP/1.0" 200 79248 "-" "Mozilla/5.0 (compatible; BLEXBot/1.0; +http://webmeup-crawler.com/)"
54.36.148.22 - - [02/Nov/2023:05:17:40 +0100] "GET /images/mini_prod/3700281687477.jpg HTTP/1.0" 200 269 "-" "Mozilla/5.0 (compatible; AhrefsBot/7.0; +http://ahrefs.com/robot/)"
54.36.149.94 - - [02/Nov/2023:05:17:41 +0100] "GET /images/mini_prod/3700281687484.jpg HTTP/1.0" 200 269 "-" "Mozilla/5.0 (compatible; AhrefsBot/7.0; +http://ahrefs.com/robot/)"
54.36.149.93 - - [02/Nov/2023:05:17:41 +0100] "GET /images/mini_prod/5051276496023.jpg HTTP/1.0" 200 269 "-" "Mozilla/5.0 (compatible; AhrefsBot/7.0; +http://ahrefs.com/robot/)"
54.36.149.65 - - [02/Nov/2023:05:17:41 +0100] "GET /images/mini_prod/3442440297867.jpg HTTP/1.0" 200 269 "-" "Mozilla/5.0 (compatible; AhrefsBot/7.0; +http://ahrefs.com/robot/)"
54.36.148.182 - - [02/Nov/2023:05:17:41 +0100] "GET /images/mini_prod/1491693238433.jpg HTTP/1.0" 200 269 "-" "Mozilla/5.0 (compatible; AhrefsBot/7.0; +http://ahrefs.com/robot/)"
54.36.148.65 - - [02/Nov/2023:05:17:41 +0100] "GET /images/mini_prod/5051276423968.jpg HTTP/1.0" 200 269 "-" "Mozilla/5.0 (compatible; AhrefsBot/7.0; +http://ahrefs.com/robot/)"
54.36.149.31 - - [02/Nov/2023:05:17:42 +0100] "GET /images/mini_prod/5051276457758.jpg HTTP/1.0" 200 269 "-" "Mozilla/5.0 (compatible; AhrefsBot/7.0; +http://ahrefs.com/robot/)"
54.36.148.153 - - [02/Nov/2023:05:17:42 +0100] "GET /images/mini_prod/3710276264989.jpg HTTP/1.0" 200 269 "-" "Mozilla/5.0 (compatible; AhrefsBot/7.0; +http://ahrefs.com/robot/)"
54.36.148.2 - - [02/Nov/2023:05:17:42 +0100] "GET /images/mini_prod/5051276457772.jpg HTTP/1.0" 200 269 "-" "Mozilla/5.0 (compatible; AhrefsBot/7.0; +http://ahrefs.com/robot/)"
54.36.148.17 - - [02/Nov/2023:05:17:42 +0100] "GET /images/mini_prod/3701461304351.jpg HTTP/1.0" 200 269 "-" "Mozilla/5.0 (compatible; AhrefsBot/7.0; +http://ahrefs.com/robot/)"
157.90.182.25 - - [02/Nov/2023:05:17:44 +0100] "GET /pucca-p-22263.html HTTP/1.0" 200 79070 "-" "Mozilla/5.0 (compatible; BLEXBot/1.0; +http://webmeup-crawler.com/)"
54.36.149.93 - - [02/Nov/2023:05:17:49 +0100] "GET /images/mini_prod/8712159177527.jpg HTTP/1.0" 200 269 "-" "Mozilla/5.0 (compatible; AhrefsBot/7.0; +http://ahrefs.com/robot/)"
54.36.148.91 - - [02/Nov/2023:05:17:49 +0100] "GET /images/mini_prod/34416495.jpg HTTP/1.0" 200 264 "-" "Mozilla/5.0 (compatible; AhrefsBot/7.0; +http://ahrefs.com/robot/)"
54.36.148.3 - - [02/Nov/2023:05:17:49 +0100] "GET /images/mini_prod/5051276424002.jpg HTTP/1.0" 200 269 "-" "Mozilla/5.0 (compatible; AhrefsBot/7.0; +http://ahrefs.com/robot/)"
54.36.149.89 - - [02/Nov/2023:05:17:50 +0100] "GET /images/mini_prod/5051276459301Z.jpg HTTP/1.0" 200 270 "-" "Mozilla/5.0 (compatible; AhrefsBot/7.0; +http://ahrefs.com/robot/)"
54.36.148.183 - - [02/Nov/2023:05:17:51 +0100] "GET /images/mini_prod/5051276424088.jpg HTTP/1.0" 200 269 "-" "Mozilla/5.0 (compatible; AhrefsBot/7.0; +http://ahrefs.com/robot/)"
54.36.149.102 - - [02/Nov/2023:05:17:51 +0100] "GET /images/mini_prod/5027145366926.jpg HTTP/1.0" 200 269 "-" "Mozilla/5.0 (compatible; AhrefsBot/7.0; +http://ahrefs.com/robot/)"
54.36.148.45 - - [02/Nov/2023:05:17:51 +0100] "GET /images/mini_prod/5027145966928.jpg HTTP/1.0" 200 269 "-" "Mozilla/5.0 (compatible; AhrefsBot/7.0; +http://ahrefs.com/robot/)"
54.36.148.145 - - [02/Nov/2023:05:17:51 +0100] "GET /images/mini_prod/5051276495163.jpg HTTP/1.0" 200 269 "-" "Mozilla/5.0 (compatible; AhrefsBot/7.0; +http://ahrefs.com/robot/)"
54.36.148.116 - - [02/Nov/2023:05:17:51 +0100] "GET /images/mini_prod/3700276293836.jpg HTTP/1.0" 200 269 "-" "Mozilla/5.0 (compatible; AhrefsBot/7.0; +http://ahrefs.com/robot/)"
54.36.148.244 - - [02/Nov/2023:05:17:51 +0100] "GET /images/mini_prod/8422099384014.jpg HTTP/1.0" 200 269 "-" "Mozilla/5.0 (compatible; AhrefsBot/7.0; +http://ahrefs.com/robot/)"
54.36.148.156 - - [02/Nov/2023:05:17:52 +0100] "GET /images/mini_prod/8445148206112.jpg HTTP/1.0" 200 269 "-" "Mozilla/5.0 (compatible; AhrefsBot/7.0; +http://ahrefs.com/robot/)"
54.36.148.100 - - [02/Nov/2023:05:17:52 +0100] "GET /images/mini_prod/1384010180969.jpg HTTP/1.0" 200 269 "-" "Mozilla/5.0 (compatible; AhrefsBot/7.0; +http://ahrefs.com/robot/)"
157.90.182.25 - - [02/Nov/2023:05:17:51 +0100] "GET /pucca-p-22264.html HTTP/1.0" 200 79070 "-" "Mozilla/5.0 (compatible; BLEXBot/1.0; +http://webmeup-crawler.com/)"
216.244.66.242 - - [02/Nov/2023:05:17:52 +0100] "GET /dubout-cats-white-p-56345.html HTTP/1.0" 200 79620 "-" "Mozilla/5.0 (compatible; DotBot/1.2; +https://opensiteexplorer.org/dotbot; help@moz.com)"
43.156.12.221 - - [02/Nov/2023:05:18:00 +0100] "GET /images/mini_prod/1384010202906.jpg HTTP/1.0" 200 269 "-" "Mozilla/5.0 (Windows NT 10.0) AppleWebKit/537.36 (KHTML, like Gecko) Chrome/60.0.1982.112 Safari/537.36"
157.90.182.25 - - [02/Nov/2023:05:17:58 +0100] "GET /pucca-p-22265.html HTTP/1.0" 200 79093 "-" "Mozilla/5.0 (compatible; BLEXBot/1.0; +http://webmeup-crawler.com/)"
157.90.182.25 - - [02/Nov/2023:05:18:06 +0100] "GET /pucca-p-22266.html HTTP/1.0" 200 79075 "-" "Mozilla/5.0 (compatible; BLEXBot/1.0; +http://webmeup-crawler.com/)"
157.90.182.25 - - [02/Nov/2023:05:18:11 +0100] "GET /pucca-pencil-case-p-2966.html HTTP/1.0" 200 79168 "-" "Mozilla/5.0 (compatible; BLEXBot/1.0; +http://webmeup-crawler.com/)"
157.90.182.25 - - [02/Nov/2023:05:18:16 +0100] "GET /pucca-shopping-p-12826.html HTTP/1.0" 200 79214 "-" "Mozilla/5.0 (compatible; BLEXBot/1.0; +http://webmeup-crawler.com/)"
216.244.66.242 - - [02/Nov/2023:05:18:16 +0100] "GET /esotericism-lithotherapy-c-174.html?page=1 HTTP/1.0" 200 96324 "-" "Mozilla/5.0 (compatible; DotBot/1.2; +https://opensiteexplorer.org/dotbot; help@moz.com)"
157.90.182.25 - - [02/Nov/2023:05:18:25 +0100] "GET /pucca-tights-p-34658.html HTTP/1.0" 200 80103 "-" "Mozilla/5.0 (compatible; BLEXBot/1.0; +http://webmeup-crawler.com/)"
157.90.182.25 - - [02/Nov/2023:05:18:31 +0100] "GET /pucca-towel-p-2355.html HTTP/1.0" 200 79119 "-" "Mozilla/5.0 (compatible; BLEXBot/1.0; +http://webmeup-crawler.com/)"
157.90.182.25 - - [02/Nov/2023:05:18:37 +0100] "GET /pucca-yakusa-wallet-p-20523.html HTTP/1.0" 200 79466 "-" "Mozilla/5.0 (compatible; BLEXBot/1.0; +http://webmeup-crawler.com/)"
216.244.66.242 - - [02/Nov/2023:05:18:41 +0100] "GET /princess-sofia-storage-cupboard-p-28200.html HTTP/1.0" 200 79174 "-" "Mozilla/5.0 (compatible; DotBot/1.2; +https://opensiteexplorer.org/dotbot; help@moz.com)"
157.90.182.25 - - [02/Nov/2023:05:18:44 +0100] "GET /pulp-fiction-pencil-case-p-36356.html HTTP/1.0" 200 79128 "-" "Mozilla/5.0 (compatible; BLEXBot/1.0; +http://webmeup-crawler.com/)"
157.90.182.25 - - [02/Nov/2023:05:18:50 +0100] "GET /pulp-fiction-zombis-poster-p-32264.html HTTP/1.0" 200 79113 "-" "Mozilla/5.0 (compatible; BLEXBot/1.0; +http://webmeup-crawler.com/)"
157.90.182.25 - - [02/Nov/2023:05:18:57 +0100] "GET /punisher-figure-p-23425.html HTTP/1.0" 200 79202 "-" "Mozilla/5.0 (compatible; BLEXBot/1.0; +http://webmeup-crawler.com/)"
157.90.182.25 - - [02/Nov/2023:05:19:03 +0100] "GET /puppies-boots-wildside-poster-p-25820.html HTTP/1.0" 200 79114 "-" "Mozilla/5.0 (compatible; BLEXBot/1.0; +http://webmeup-crawler.com/)"
216.244.66.242 - - [02/Nov/2023:05:19:04 +0100] "GET /vanity-beauty-bags-c-31_78.html?page=3 HTTP/1.0" 200 86746 "-" "Mozilla/5.0 (compatible; DotBot/1.2; +https://opensiteexplorer.org/dotbot; help@moz.com)"
157.90.182.25 - - [02/Nov/2023:05:19:08 +0100] "GET /puppies-glass-clock-p-27209.html HTTP/1.0" 200 79043 "-" "Mozilla/5.0 (compatible; BLEXBot/1.0; +http://webmeup-crawler.com/)"
47.76.48.253 - - [02/Nov/2023:05:19:12 +0100] "GET /images/mini_prod/8422019609043B.jpg HTTP/1.0" 200 270 "-" "Mozilla/5.0 (X11; Ubuntu; Linux x86_64; rv:72.0) Gecko/20100101 Firefox/72.0"
157.90.182.25 - - [02/Nov/2023:05:19:14 +0100] "GET /puppy-glue-stick-p-40831.html HTTP/1.0" 200 79037 "-" "Mozilla/5.0 (compatible; BLEXBot/1.0; +http://webmeup-crawler.com/)"
157.90.182.25 - - [02/Nov/2023:05:19:20 +0100] "GET /pure-living-ceramic-teapot-p-59929.html HTTP/1.0" 200 80150 "-" "Mozilla/5.0 (compatible; BLEXBot/1.0; +http://webmeup-crawler.com/)"
157.90.182.25 - - [02/Nov/2023:05:19:27 +0100] "GET /pure-washed-linen-cushion-cover-p-54379.html HTTP/1.0" 200 80382 "-" "Mozilla/5.0 (compatible; BLEXBot/1.0; +http://webmeup-crawler.com/)"
43.156.12.221 - - [02/Nov/2023:05:19:32 +0100] "GET /images/mini_prod/3660173176284.jpg HTTP/1.0" 200 269 "-" "Mozilla/5.0 (Windows NT 10.0) AppleWebKit/537.36 (KHTML, like Gecko) Internet Explorer/78.0.671.136 Safari/537.36"
157.90.182.25 - - [02/Nov/2023:05:19:36 +0100] "GET /pure-washed-linen-cushion-cover-p-54385.html HTTP/1.0" 200 80384 "-" "Mozilla/5.0 (compatible; BLEXBot/1.0; +http://webmeup-crawler.com/)"
168.138.105.69 - - [02/Nov/2023:05:19:39 +0100] "GET /images/mini_prod/1384010202050.jpg HTTP/1.0" 200 269 "-" "Mozilla/5.0 (X11; Ubuntu; Linux x86_64; rv:72.0) Gecko/20100101 Firefox/72.0"
157.90.182.25 - - [02/Nov/2023:05:19:41 +0100] "GET /pure-washed-linen-cushion-cover-p-54386.html HTTP/1.0" 200 80382 "-" "Mozilla/5.0 (compatible; BLEXBot/1.0; +http://webmeup-crawler.com/)"
157.90.182.25 - - [02/Nov/2023:05:19:46 +0100] "GET /pure-washed-linen-cushion-cover-p-54387.html HTTP/1.0" 200 80382 "-" "Mozilla/5.0 (compatible; BLEXBot/1.0; +http://webmeup-crawler.com/)"
157.90.182.25 - - [02/Nov/2023:05:19:51 +0100] "GET /purple-kitchen-towel-p-44417.html HTTP/1.0" 200 79073 "-" "Mozilla/5.0 (compatible; BLEXBot/1.0; +http://webmeup-crawler.com/)"
157.90.182.25 - - [02/Nov/2023:05:19:57 +0100] "GET /purse-leather-purse-navy-anchor-gray-p-47352.html HTTP/1.0" 200 79827 "-" "Mozilla/5.0 (compatible; BLEXBot/1.0; +http://webmeup-crawler.com/)"
157.90.182.25 - - [02/Nov/2023:05:20:04 +0100] "GET /purse-leather-purse-navy-anchor-graypurse-leather-wallet-p-47353.html HTTP/1.0" 200 80269 "-" "Mozilla/5.0 (compatible; BLEXBot/1.0; +http://webmeup-crawler.com/)"
157.90.182.25 - - [02/Nov/2023:05:20:09 +0100] "GET /purse-wallet-c-31_76.html?page=2 HTTP/1.0" 200 98152 "-" "Mozilla/5.0 (compatible; BLEXBot/1.0; +http://webmeup-crawler.com/)"
157.90.182.25 - - [02/Nov/2023:05:20:17 +0100] "GET /purse-wallet-c-31_76.html?page=3 HTTP/1.0" 200 98223 "-" "Mozilla/5.0 (compatible; BLEXBot/1.0; +http://webmeup-crawler.com/)"
157.90.182.25 - - [02/Nov/2023:05:20:24 +0100] "GET /purse-wallet-c-31_76.html?page=4 HTTP/1.0" 200 91109 "-" "Mozilla/5.0 (compatible; BLEXBot/1.0; +http://webmeup-crawler.com/)"
34.27.43.141 - - [02/Nov/2023:05:20:26 +0100] "GET /images/big_prod_2/028399270163b.jpg HTTP/1.0" 200 270 "-" "Mozilla/5.0 (X11; Ubuntu; Linux x86_64; rv:72.0) Gecko/20100101 Firefox/72.0"
157.90.182.25 - - [02/Nov/2023:05:20:30 +0100] "GET /pusheen-holidazzler-p-41961.html HTTP/1.0" 200 80037 "-" "Mozilla/5.0 (compatible; BLEXBot/1.0; +http://webmeup-crawler.com/)"
54.36.148.81 - - [02/Nov/2023:05:20:31 +0100] "GET /-c-95_326.html HTTP/1.0" 200 75575 "-" "Mozilla/5.0 (compatible; AhrefsBot/7.0; +http://ahrefs.com/robot/)"
111.225.149.149 - - [02/Nov/2023:05:20:32 +0100] "GET /novena-candle-protection-health-p-59393.html HTTP/1.0" 200 80044 "-" "Mozilla/5.0 (Linux; Android 5.0) AppleWebKit/537.36 (KHTML, like Gecko) Mobile Safari/537.36 (compatible; Bytespider; https://zhanzhang.toutiao.com/)"
111.225.149.146 - - [02/Nov/2023:05:20:34 +0100] "GET /swfobject.js HTTP/1.0" 404 1308 "http://www.wonder-geek.com/novena-candle-protection-health-p-59393.html" "Mozilla/5.0 (Linux; Android 5.0) AppleWebKit/537.36 (KHTML, like Gecko) Mobile Safari/537.36 (compatible; Bytespider; https://zhanzhang.toutiao.com/)"
157.90.182.25 - - [02/Nov/2023:05:20:35 +0100] "GET /pusheen-sticker-sheet-p-42602.html HTTP/1.0" 200 79315 "-" "Mozilla/5.0 (compatible; BLEXBot/1.0; +http://webmeup-crawler.com/)"
