52.70.240.171 - - [08/Nov/2023:08:04:45 +0100] "GET /small-metal-plate-collection-vespa-best-p-16831.html HTTP/1.0" 200 80465 "-" "Mozilla/5.0 (Macintosh; Intel Mac OS X 10_10_1) AppleWebKit/600.2.5 (KHTML, like Gecko) Version/8.0.2 Safari/600.2.5 (Amazonbot/0.1; +https://developer.amazon.com/support/amazonbot)"
52.70.240.171 - - [08/Nov/2023:08:04:48 +0100] "GET /drink-metal-plate-deco-p-34329.html HTTP/1.0" 200 79765 "-" "Mozilla/5.0 (Macintosh; Intel Mac OS X 10_10_1) AppleWebKit/600.2.5 (KHTML, like Gecko) Version/8.0.2 Safari/600.2.5 (Amazonbot/0.1; +https://developer.amazon.com/support/amazonbot)"
3.224.220.101 - - [08/Nov/2023:08:04:53 +0100] "GET /moto-guzzi-metal-collection-hanging-plate-p-45986.html HTTP/1.0" 200 80144 "-" "Mozilla/5.0 (Macintosh; Intel Mac OS X 10_10_1) AppleWebKit/600.2.5 (KHTML, like Gecko) Version/8.0.2 Safari/600.2.5 (Amazonbot/0.1; +https://developer.amazon.com/support/amazonbot)"
52.70.240.171 - - [08/Nov/2023:08:04:54 +0100] "GET /today-special-metal-plate-p-29229.html HTTP/1.0" 200 79700 "-" "Mozilla/5.0 (Macintosh; Intel Mac OS X 10_10_1) AppleWebKit/600.2.5 (KHTML, like Gecko) Version/8.0.2 Safari/600.2.5 (Amazonbot/0.1; +https://developer.amazon.com/support/amazonbot)"
3.224.220.101 - - [08/Nov/2023:08:04:56 +0100] "GET /small-collection-plate-metal-vespa-vespa-p-48237.html HTTP/1.0" 200 79967 "-" "Mozilla/5.0 (Macintosh; Intel Mac OS X 10_10_1) AppleWebKit/600.2.5 (KHTML, like Gecko) Version/8.0.2 Safari/600.2.5 (Amazonbot/0.1; +https://developer.amazon.com/support/amazonbot)"
23.22.35.162 - - [08/Nov/2023:08:04:59 +0100] "GET /small-collection-plate-metal-vespa-gran-sport-p-16832.html HTTP/1.0" 200 80306 "-" "Mozilla/5.0 (Macintosh; Intel Mac OS X 10_10_1) AppleWebKit/600.2.5 (KHTML, like Gecko) Version/8.0.2 Safari/600.2.5 (Amazonbot/0.1; +https://developer.amazon.com/support/amazonbot)"
185.191.171.15 - - [08/Nov/2023:08:05:01 +0100] "GET /bamboo-white-tray-p-48013.html HTTP/1.0" 200 77329 "-" "Mozilla/5.0 (compatible; SemrushBot/7~bl; +http://www.semrush.com/bot.html)"
46.4.108.51 - - [08/Nov/2023:08:05:02 +0100] "GET /salt-pepper-savoie-p-56559.html HTTP/1.0" 200 79795 "-" "Mozilla/5.0 (compatible; AwarioBot/1.0; +https://awario.com/bots.html)"
3.224.220.101 - - [08/Nov/2023:08:05:02 +0100] "GET /life-simple-metal-plate-p-29230.html HTTP/1.0" 200 79695 "-" "Mozilla/5.0 (Macintosh; Intel Mac OS X 10_10_1) AppleWebKit/600.2.5 (KHTML, like Gecko) Version/8.0.2 Safari/600.2.5 (Amazonbot/0.1; +https://developer.amazon.com/support/amazonbot)"
3.224.220.101 - - [08/Nov/2023:08:05:03 +0100] "GET /small-metal-plate-collection-vespa-walk-love-p-16837.html HTTP/1.0" 200 80555 "-" "Mozilla/5.0 (Macintosh; Intel Mac OS X 10_10_1) AppleWebKit/600.2.5 (KHTML, like Gecko) Version/8.0.2 Safari/600.2.5 (Amazonbot/0.1; +https://developer.amazon.com/support/amazonbot)"
46.4.108.51 - - [08/Nov/2023:08:05:05 +0100] "GET /salt-pepper-shaker-p-40790.html HTTP/1.0" 200 79648 "-" "Mozilla/5.0 (compatible; AwarioBot/1.0; +https://awario.com/bots.html)"
52.70.240.171 - - [08/Nov/2023:08:05:06 +0100] "GET /small-metal-plate-collection-vespa-waterfall-p-35027.html HTTP/1.0" 200 80460 "-" "Mozilla/5.0 (Macintosh; Intel Mac OS X 10_10_1) AppleWebKit/600.2.5 (KHTML, like Gecko) Version/8.0.2 Safari/600.2.5 (Amazonbot/0.1; +https://developer.amazon.com/support/amazonbot)"
52.70.240.171 - - [08/Nov/2023:08:05:09 +0100] "GET /burlap-round-table-p-57556.html HTTP/1.0" 200 79564 "-" "Mozilla/5.0 (Macintosh; Intel Mac OS X 10_10_1) AppleWebKit/600.2.5 (KHTML, like Gecko) Version/8.0.2 Safari/600.2.5 (Amazonbot/0.1; +https://developer.amazon.com/support/amazonbot)"
46.4.108.51 - - [08/Nov/2023:08:05:11 +0100] "GET /salt-pepper-shaker-p-40791.html HTTP/1.0" 200 79669 "-" "Mozilla/5.0 (compatible; AwarioBot/1.0; +https://awario.com/bots.html)"
23.22.35.162 - - [08/Nov/2023:08:05:14 +0100] "GET /leaves-round-placemat-p-55836.html HTTP/1.0" 200 80172 "-" "Mozilla/5.0 (Macintosh; Intel Mac OS X 10_10_1) AppleWebKit/600.2.5 (KHTML, like Gecko) Version/8.0.2 Safari/600.2.5 (Amazonbot/0.1; +https://developer.amazon.com/support/amazonbot)"
3.224.220.101 - - [08/Nov/2023:08:05:21 +0100] "GET /toucan-round-placemat-p-53799.html HTTP/1.0" 200 80173 "-" "Mozilla/5.0 (Macintosh; Intel Mac OS X 10_10_1) AppleWebKit/600.2.5 (KHTML, like Gecko) Version/8.0.2 Safari/600.2.5 (Amazonbot/0.1; +https://developer.amazon.com/support/amazonbot)"
185.191.171.9 - - [08/Nov/2023:08:05:20 +0100] "GET /luggages-schoolbags-leather-shop-c-31.html?page=32 HTTP/1.0" 200 100912 "-" "Mozilla/5.0 (compatible; SemrushBot/7~bl; +http://www.semrush.com/bot.html)"
23.22.35.162 - - [08/Nov/2023:08:05:24 +0100] "GET /winnie-pooh-placemat-p-16822.html HTTP/1.0" 200 79826 "-" "Mozilla/5.0 (Macintosh; Intel Mac OS X 10_10_1) AppleWebKit/600.2.5 (KHTML, like Gecko) Version/8.0.2 Safari/600.2.5 (Amazonbot/0.1; +https://developer.amazon.com/support/amazonbot)"
3.224.220.101 - - [08/Nov/2023:08:05:26 +0100] "GET /saint-tropez-placemat-p-40085.html HTTP/1.0" 200 79673 "-" "Mozilla/5.0 (Macintosh; Intel Mac OS X 10_10_1) AppleWebKit/600.2.5 (KHTML, like Gecko) Version/8.0.2 Safari/600.2.5 (Amazonbot/0.1; +https://developer.amazon.com/support/amazonbot)"
23.22.35.162 - - [08/Nov/2023:08:05:29 +0100] "GET /leaves-round-placemat-p-56308.html HTTP/1.0" 200 80172 "-" "Mozilla/5.0 (Macintosh; Intel Mac OS X 10_10_1) AppleWebKit/600.2.5 (KHTML, like Gecko) Version/8.0.2 Safari/600.2.5 (Amazonbot/0.1; +https://developer.amazon.com/support/amazonbot)"
46.4.108.51 - - [08/Nov/2023:08:05:29 +0100] "GET /salt-pepper-shaker-p-40792.html HTTP/1.0" 200 79741 "-" "Mozilla/5.0 (compatible; AwarioBot/1.0; +https://awario.com/bots.html)"
3.224.220.101 - - [08/Nov/2023:08:05:31 +0100] "GET /leaves-round-placemat-p-51925.html HTTP/1.0" 200 80173 "-" "Mozilla/5.0 (Macintosh; Intel Mac OS X 10_10_1) AppleWebKit/600.2.5 (KHTML, like Gecko) Version/8.0.2 Safari/600.2.5 (Amazonbot/0.1; +https://developer.amazon.com/support/amazonbot)"
3.224.220.101 - - [08/Nov/2023:08:05:33 +0100] "GET /burlap-round-table-p-57555.html HTTP/1.0" 200 79563 "-" "Mozilla/5.0 (Macintosh; Intel Mac OS X 10_10_1) AppleWebKit/600.2.5 (KHTML, like Gecko) Version/8.0.2 Safari/600.2.5 (Amazonbot/0.1; +https://developer.amazon.com/support/amazonbot)"
52.70.240.171 - - [08/Nov/2023:08:05:35 +0100] "GET /round-beige-white-woven-bamboo-leaf-placemat-p-56538.html HTTP/1.0" 200 80497 "-" "Mozilla/5.0 (Macintosh; Intel Mac OS X 10_10_1) AppleWebKit/600.2.5 (KHTML, like Gecko) Version/8.0.2 Safari/600.2.5 (Amazonbot/0.1; +https://developer.amazon.com/support/amazonbot)"
46.4.108.51 - - [08/Nov/2023:08:05:35 +0100] "GET /salt-pepper-shaker-p-40794.html HTTP/1.0" 200 79740 "-" "Mozilla/5.0 (compatible; AwarioBot/1.0; +https://awario.com/bots.html)"
3.224.220.101 - - [08/Nov/2023:08:05:36 +0100] "GET /corsica-woven-round-place-p-50944.html HTTP/1.0" 200 80276 "-" "Mozilla/5.0 (Macintosh; Intel Mac OS X 10_10_1) AppleWebKit/600.2.5 (KHTML, like Gecko) Version/8.0.2 Safari/600.2.5 (Amazonbot/0.1; +https://developer.amazon.com/support/amazonbot)"
168.138.105.69 - - [08/Nov/2023:08:05:39 +0100] "GET /images/mini_prod/3700653591814B.jpg HTTP/1.0" 200 270 "-" "Mozilla/5.0 (X11; Ubuntu; Linux x86_64; rv:72.0) Gecko/20100101 Firefox/72.0"
3.224.220.101 - - [08/Nov/2023:08:05:38 +0100] "GET /corsica-woven-round-place-p-50945.html HTTP/1.0" 200 80276 "-" "Mozilla/5.0 (Macintosh; Intel Mac OS X 10_10_1) AppleWebKit/600.2.5 (KHTML, like Gecko) Version/8.0.2 Safari/600.2.5 (Amazonbot/0.1; +https://developer.amazon.com/support/amazonbot)"
46.4.108.51 - - [08/Nov/2023:08:05:48 +0100] "GET /salt-pepper-shaker-p-40795.html HTTP/1.0" 200 79741 "-" "Mozilla/5.0 (compatible; AwarioBot/1.0; +https://awario.com/bots.html)"
185.191.171.18 - - [08/Nov/2023:08:05:52 +0100] "GET /household-linen-c-11.html?page=46 HTTP/1.0" 200 99969 "-" "Mozilla/5.0 (compatible; SemrushBot/7~bl; +http://www.semrush.com/bot.html)"
173.252.83.10 - - [08/Nov/2023:08:05:56 +0100] "GET /images/mini_prod/8422048830920.jpg HTTP/1.0" 200 269 "-" "facebookexternalhit/1.1 (+http://www.facebook.com/externalhit_uatext.php)"
46.4.108.51 - - [08/Nov/2023:08:05:55 +0100] "GET /salt-pepper-shaker-p-40798.html HTTP/1.0" 200 79741 "-" "Mozilla/5.0 (compatible; AwarioBot/1.0; +https://awario.com/bots.html)"
185.191.171.19 - - [08/Nov/2023:08:05:56 +0100] "GET /dishes-c-13_12.html?page=100 HTTP/1.0" 200 99376 "-" "Mozilla/5.0 (compatible; SemrushBot/7~bl; +http://www.semrush.com/bot.html)"
85.208.96.201 - - [08/Nov/2023:08:06:00 +0100] "GET /amelia-lampshade-p-56322.html HTTP/1.0" 200 77325 "-" "Mozilla/5.0 (compatible; SemrushBot/7~bl; +http://www.semrush.com/bot.html)"
3.224.220.101 - - [08/Nov/2023:08:06:04 +0100] "GET /little-prince-placemat-p-27371.html HTTP/1.0" 200 79687 "-" "Mozilla/5.0 (Macintosh; Intel Mac OS X 10_10_1) AppleWebKit/600.2.5 (KHTML, like Gecko) Version/8.0.2 Safari/600.2.5 (Amazonbot/0.1; +https://developer.amazon.com/support/amazonbot)"
3.224.220.101 - - [08/Nov/2023:08:06:06 +0100] "GET /chaumont-cotton-placemat-p-58385.html HTTP/1.0" 200 80239 "-" "Mozilla/5.0 (Macintosh; Intel Mac OS X 10_10_1) AppleWebKit/600.2.5 (KHTML, like Gecko) Version/8.0.2 Safari/600.2.5 (Amazonbot/0.1; +https://developer.amazon.com/support/amazonbot)"
52.70.240.171 - - [08/Nov/2023:08:06:07 +0100] "GET /little-prince-placemat-p-47172.html HTTP/1.0" 200 79705 "-" "Mozilla/5.0 (Macintosh; Intel Mac OS X 10_10_1) AppleWebKit/600.2.5 (KHTML, like Gecko) Version/8.0.2 Safari/600.2.5 (Amazonbot/0.1; +https://developer.amazon.com/support/amazonbot)"
46.4.108.51 - - [08/Nov/2023:08:06:11 +0100] "GET /robots.txt HTTP/1.0" 200 245 "-" "Mozilla/5.0 (compatible; AwarioBot/1.0; +https://awario.com/bots.html)"
46.4.108.51 - - [08/Nov/2023:08:06:11 +0100] "GET /salt-pepper-shaker-sets-c-12_160.html?page=2 HTTP/1.0" 200 97941 "-" "Mozilla/5.0 (compatible; AwarioBot/1.0; +https://awario.com/bots.html)"
23.22.35.162 - - [08/Nov/2023:08:06:12 +0100] "GET /little-prince-placemat-p-47173.html HTTP/1.0" 200 79705 "-" "Mozilla/5.0 (Macintosh; Intel Mac OS X 10_10_1) AppleWebKit/600.2.5 (KHTML, like Gecko) Version/8.0.2 Safari/600.2.5 (Amazonbot/0.1; +https://developer.amazon.com/support/amazonbot)"
168.138.105.69 - - [08/Nov/2023:08:06:15 +0100] "GET /images/mini_prod/8904245400989.jpg HTTP/1.0" 200 269 "-" "Mozilla/5.0 (X11; Ubuntu; Linux x86_64; rv:72.0) Gecko/20100101 Firefox/72.0"
85.208.96.199 - - [08/Nov/2023:08:06:16 +0100] "GET /zippo-candle-utility-lighter-p-43703.html HTTP/1.0" 200 77373 "-" "Mozilla/5.0 (compatible; SemrushBot/7~bl; +http://www.semrush.com/bot.html)"
3.224.220.101 - - [08/Nov/2023:08:06:19 +0100] "GET /chaumont-cotton-placemat-p-58386.html HTTP/1.0" 200 80238 "-" "Mozilla/5.0 (Macintosh; Intel Mac OS X 10_10_1) AppleWebKit/600.2.5 (KHTML, like Gecko) Version/8.0.2 Safari/600.2.5 (Amazonbot/0.1; +https://developer.amazon.com/support/amazonbot)"
85.208.96.196 - - [08/Nov/2023:08:06:20 +0100] "GET /night-light-peacock-p-57820.html HTTP/1.0" 200 80300 "-" "Mozilla/5.0 (compatible; SemrushBot/7~bl; +http://www.semrush.com/bot.html)"
3.224.220.101 - - [08/Nov/2023:08:06:21 +0100] "GET /round-beige-white-woven-bamboo-leaf-placemat-p-56542.html HTTP/1.0" 200 80497 "-" "Mozilla/5.0 (Macintosh; Intel Mac OS X 10_10_1) AppleWebKit/600.2.5 (KHTML, like Gecko) Version/8.0.2 Safari/600.2.5 (Amazonbot/0.1; +https://developer.amazon.com/support/amazonbot)"
17.241.75.173 - - [08/Nov/2023:08:06:23 +0100] "GET /images/mini_prod/3700344910504.jpg HTTP/1.0" 200 269 "-" "Mozilla/5.0 (Macintosh; Intel Mac OS X 10_15_5) AppleWebKit/605.1.15 (KHTML, like Gecko) Version/13.1.1 Safari/605.1.15 (Applebot/0.1; +http://www.apple.com/go/applebot)"
46.4.108.51 - - [08/Nov/2023:08:06:25 +0100] "GET /salt-pepper-shaker-sets-c-12_160.html?page=3 HTTP/1.0" 200 98384 "-" "Mozilla/5.0 (compatible; AwarioBot/1.0; +https://awario.com/bots.html)"
23.22.35.162 - - [08/Nov/2023:08:06:26 +0100] "GET /ornamental-brass-compass-calendar-p-56656.html HTTP/1.0" 200 80345 "-" "Mozilla/5.0 (Macintosh; Intel Mac OS X 10_10_1) AppleWebKit/600.2.5 (KHTML, like Gecko) Version/8.0.2 Safari/600.2.5 (Amazonbot/0.1; +https://developer.amazon.com/support/amazonbot)"
52.70.240.171 - - [08/Nov/2023:08:06:30 +0100] "GET /brass-solar-clock-p-52852.html HTTP/1.0" 200 79644 "-" "Mozilla/5.0 (Macintosh; Intel Mac OS X 10_10_1) AppleWebKit/600.2.5 (KHTML, like Gecko) Version/8.0.2 Safari/600.2.5 (Amazonbot/0.1; +https://developer.amazon.com/support/amazonbot)"
185.191.171.17 - - [08/Nov/2023:08:06:31 +0100] "GET /espresso-gogh-p-59662.html HTTP/1.0" 200 80218 "-" "Mozilla/5.0 (compatible; SemrushBot/7~bl; +http://www.semrush.com/bot.html)"
3.224.220.101 - - [08/Nov/2023:08:06:32 +0100] "GET /brass-compass-sundial-p-52855.html HTTP/1.0" 200 80234 "-" "Mozilla/5.0 (Macintosh; Intel Mac OS X 10_10_1) AppleWebKit/600.2.5 (KHTML, like Gecko) Version/8.0.2 Safari/600.2.5 (Amazonbot/0.1; +https://developer.amazon.com/support/amazonbot)"
40.77.167.28 - - [08/Nov/2023:08:06:34 +0100] "GET /blue-wink-panda-pocket-warmer-p-55002.html HTTP/1.0" 200 81129 "-" "Mozilla/5.0 AppleWebKit/537.36 (KHTML, like Gecko; compatible; bingbot/2.0; +http://www.bing.com/bingbot.htm) Chrome/103.0.5060.134 Safari/537.36"
85.208.96.211 - - [08/Nov/2023:08:06:34 +0100] "GET /christmas-sock-hang-p-59573.html HTTP/1.0" 200 80355 "-" "Mozilla/5.0 (compatible; SemrushBot/7~bl; +http://www.semrush.com/bot.html)"
52.70.240.171 - - [08/Nov/2023:08:06:36 +0100] "GET /decorative-utility-compass-brass-p-52856.html HTTP/1.0" 200 79735 "-" "Mozilla/5.0 (Macintosh; Intel Mac OS X 10_10_1) AppleWebKit/600.2.5 (KHTML, like Gecko) Version/8.0.2 Safari/600.2.5 (Amazonbot/0.1; +https://developer.amazon.com/support/amazonbot)"
54.36.148.251 - - [08/Nov/2023:08:06:41 +0100] "GET /hawk-passeport-p-22671.html HTTP/1.0" 200 79693 "-" "Mozilla/5.0 (compatible; AhrefsBot/7.0; +http://ahrefs.com/robot/)"
46.4.108.51 - - [08/Nov/2023:08:06:41 +0100] "GET /salt-pepper-shaker-sets-c-12_160.html?page=4 HTTP/1.0" 200 89583 "-" "Mozilla/5.0 (compatible; AwarioBot/1.0; +https://awario.com/bots.html)"
3.224.220.101 - - [08/Nov/2023:08:06:42 +0100] "GET /cast-iron-door-wedge-p-59359.html HTTP/1.0" 200 80238 "-" "Mozilla/5.0 (Macintosh; Intel Mac OS X 10_10_1) AppleWebKit/600.2.5 (KHTML, like Gecko) Version/8.0.2 Safari/600.2.5 (Amazonbot/0.1; +https://developer.amazon.com/support/amazonbot)"
3.224.220.101 - - [08/Nov/2023:08:06:43 +0100] "GET /decorative-articulated-magnifying-glass-p-49462.html HTTP/1.0" 200 79886 "-" "Mozilla/5.0 (Macintosh; Intel Mac OS X 10_10_1) AppleWebKit/600.2.5 (KHTML, like Gecko) Version/8.0.2 Safari/600.2.5 (Amazonbot/0.1; +https://developer.amazon.com/support/amazonbot)"
3.224.220.101 - - [08/Nov/2023:08:06:45 +0100] "GET /brass-compass-ornament-christophe-colomb-p-41449.html HTTP/1.0" 200 79769 "-" "Mozilla/5.0 (Macintosh; Intel Mac OS X 10_10_1) AppleWebKit/600.2.5 (KHTML, like Gecko) Version/8.0.2 Safari/600.2.5 (Amazonbot/0.1; +https://developer.amazon.com/support/amazonbot)"
52.70.240.171 - - [08/Nov/2023:08:06:47 +0100] "GET /nelson-mandela-ornamental-brass-compass-p-56652.html HTTP/1.0" 200 80420 "-" "Mozilla/5.0 (Macintosh; Intel Mac OS X 10_10_1) AppleWebKit/600.2.5 (KHTML, like Gecko) Version/8.0.2 Safari/600.2.5 (Amazonbot/0.1; +https://developer.amazon.com/support/amazonbot)"
3.224.220.101 - - [08/Nov/2023:08:06:49 +0100] "GET /horn-decoration-brass-p-40142.html HTTP/1.0" 200 79638 "-" "Mozilla/5.0 (Macintosh; Intel Mac OS X 10_10_1) AppleWebKit/600.2.5 (KHTML, like Gecko) Version/8.0.2 Safari/600.2.5 (Amazonbot/0.1; +https://developer.amazon.com/support/amazonbot)"
23.22.35.162 - - [08/Nov/2023:08:06:50 +0100] "GET /cast-iron-door-wedge-p-59357.html HTTP/1.0" 200 80249 "-" "Mozilla/5.0 (Macintosh; Intel Mac OS X 10_10_1) AppleWebKit/600.2.5 (KHTML, like Gecko) Version/8.0.2 Safari/600.2.5 (Amazonbot/0.1; +https://developer.amazon.com/support/amazonbot)"
46.4.108.51 - - [08/Nov/2023:08:06:51 +0100] "GET /salt-pepper-small-fish-p-54509.html HTTP/1.0" 200 79775 "-" "Mozilla/5.0 (compatible; AwarioBot/1.0; +https://awario.com/bots.html)"
52.70.240.171 - - [08/Nov/2023:08:06:51 +0100] "GET /ornamental-marine-sailor-pulley-p-43929.html HTTP/1.0" 200 80712 "-" "Mozilla/5.0 (Macintosh; Intel Mac OS X 10_10_1) AppleWebKit/600.2.5 (KHTML, like Gecko) Version/8.0.2 Safari/600.2.5 (Amazonbot/0.1; +https://developer.amazon.com/support/amazonbot)"
52.70.240.171 - - [08/Nov/2023:08:06:53 +0100] "GET /marine-navigation-magnifier-feet-p-52904.html HTTP/1.0" 200 79817 "-" "Mozilla/5.0 (Macintosh; Intel Mac OS X 10_10_1) AppleWebKit/600.2.5 (KHTML, like Gecko) Version/8.0.2 Safari/600.2.5 (Amazonbot/0.1; +https://developer.amazon.com/support/amazonbot)"
52.70.240.171 - - [08/Nov/2023:08:06:54 +0100] "GET /perpetual-calendar-metal-p-56399.html HTTP/1.0" 200 80371 "-" "Mozilla/5.0 (Macintosh; Intel Mac OS X 10_10_1) AppleWebKit/600.2.5 (KHTML, like Gecko) Version/8.0.2 Safari/600.2.5 (Amazonbot/0.1; +https://developer.amazon.com/support/amazonbot)"
3.224.220.101 - - [08/Nov/2023:08:06:56 +0100] "GET /ornamental-compass-golden-brass-p-56651.html HTTP/1.0" 200 80321 "-" "Mozilla/5.0 (Macintosh; Intel Mac OS X 10_10_1) AppleWebKit/600.2.5 (KHTML, like Gecko) Version/8.0.2 Safari/600.2.5 (Amazonbot/0.1; +https://developer.amazon.com/support/amazonbot)"
23.22.35.162 - - [08/Nov/2023:08:06:58 +0100] "GET /compass-sundial-ornamental-brass-robert-frost-p-41464.html HTTP/1.0" 200 79871 "-" "Mozilla/5.0 (Macintosh; Intel Mac OS X 10_10_1) AppleWebKit/600.2.5 (KHTML, like Gecko) Version/8.0.2 Safari/600.2.5 (Amazonbot/0.1; +https://developer.amazon.com/support/amazonbot)"
52.70.240.171 - - [08/Nov/2023:08:07:04 +0100] "GET /decorative-magnifying-glass-brass-glass-wood-p-57340.html HTTP/1.0" 200 79874 "-" "Mozilla/5.0 (Macintosh; Intel Mac OS X 10_10_1) AppleWebKit/600.2.5 (KHTML, like Gecko) Version/8.0.2 Safari/600.2.5 (Amazonbot/0.1; +https://developer.amazon.com/support/amazonbot)"
3.224.220.101 - - [08/Nov/2023:08:07:05 +0100] "GET /brass-compass-ornament-p-36668.html HTTP/1.0" 200 79617 "-" "Mozilla/5.0 (Macintosh; Intel Mac OS X 10_10_1) AppleWebKit/600.2.5 (KHTML, like Gecko) Version/8.0.2 Safari/600.2.5 (Amazonbot/0.1; +https://developer.amazon.com/support/amazonbot)"
23.22.35.162 - - [08/Nov/2023:08:07:06 +0100] "GET /corsica-metal-plate-p-52522.html HTTP/1.0" 200 79594 "-" "Mozilla/5.0 (Macintosh; Intel Mac OS X 10_10_1) AppleWebKit/600.2.5 (KHTML, like Gecko) Version/8.0.2 Safari/600.2.5 (Amazonbot/0.1; +https://developer.amazon.com/support/amazonbot)"
46.4.108.51 - - [08/Nov/2023:08:07:05 +0100] "GET /salt-with-spoon-cabourg-p-50636.html HTTP/1.0" 200 79741 "-" "Mozilla/5.0 (compatible; AwarioBot/1.0; +https://awario.com/bots.html)"
216.244.66.242 - - [08/Nov/2023:08:07:10 +0100] "GET /images/big_prod/3609810082007.jpg HTTP/1.0" 200 268 "-" "Mozilla/5.0 (compatible; DotBot/1.2; +https://opensiteexplorer.org/dotbot; help@moz.com)"
23.22.35.162 - - [08/Nov/2023:08:07:11 +0100] "GET /goodness-kitchen-metal-plate-deco-p-36045.html HTTP/1.0" 200 79797 "-" "Mozilla/5.0 (Macintosh; Intel Mac OS X 10_10_1) AppleWebKit/600.2.5 (KHTML, like Gecko) Version/8.0.2 Safari/600.2.5 (Amazonbot/0.1; +https://developer.amazon.com/support/amazonbot)"
46.4.108.51 - - [08/Nov/2023:08:07:13 +0100] "GET /salt-with-spoon-camargua-p-54571.html HTTP/1.0" 200 79669 "-" "Mozilla/5.0 (compatible; AwarioBot/1.0; +https://awario.com/bots.html)"
3.224.220.101 - - [08/Nov/2023:08:07:18 +0100] "GET /rtro-metal-plate-p-28412.html HTTP/1.0" 200 79699 "-" "Mozilla/5.0 (Macintosh; Intel Mac OS X 10_10_1) AppleWebKit/600.2.5 (KHTML, like Gecko) Version/8.0.2 Safari/600.2.5 (Amazonbot/0.1; +https://developer.amazon.com/support/amazonbot)"
46.4.108.51 - - [08/Nov/2023:08:07:18 +0100] "GET /salt-with-wooden-spoon-aderne-p-54500.html HTTP/1.0" 200 79792 "-" "Mozilla/5.0 (compatible; AwarioBot/1.0; +https://awario.com/bots.html)"
23.22.35.162 - - [08/Nov/2023:08:07:20 +0100] "GET /corsica-metal-plate-p-52518.html HTTP/1.0" 200 79594 "-" "Mozilla/5.0 (Macintosh; Intel Mac OS X 10_10_1) AppleWebKit/600.2.5 (KHTML, like Gecko) Version/8.0.2 Safari/600.2.5 (Amazonbot/0.1; +https://developer.amazon.com/support/amazonbot)"
34.23.197.99 - - [08/Nov/2023:08:07:21 +0100] "GET /flasks-c-12_245.html HTTP/1.0" 200 90801 "-" "ZoominfoBot (zoominfobot at zoominfo dot com)"
46.4.108.51 - - [08/Nov/2023:08:07:22 +0100] "GET /salt-with-wooden-spoon-caspienne-p-54523.html HTTP/1.0" 200 79688 "-" "Mozilla/5.0 (compatible; AwarioBot/1.0; +https://awario.com/bots.html)"
46.4.108.51 - - [08/Nov/2023:08:07:32 +0100] "GET /salt-with-wooden-spoon-p-60456.html HTTP/1.0" 200 80555 "-" "Mozilla/5.0 (compatible; AwarioBot/1.0; +https://awario.com/bots.html)"
85.208.96.209 - - [08/Nov/2023:08:07:33 +0100] "GET /stranger-things-ceramic-p-53480.html HTTP/1.0" 200 80480 "-" "Mozilla/5.0 (compatible; SemrushBot/7~bl; +http://www.semrush.com/bot.html)"
46.4.108.51 - - [08/Nov/2023:08:07:38 +0100] "GET /salt-with-wooden-spoon-p-60457.html HTTP/1.0" 200 80560 "-" "Mozilla/5.0 (compatible; AwarioBot/1.0; +https://awario.com/bots.html)"
34.23.197.99 - - [08/Nov/2023:08:07:37 +0100] "GET /personalized-products-c-97.html HTTP/1.0" 200 97179 "-" "ZoominfoBot (zoominfobot at zoominfo dot com)"
46.4.108.51 - - [08/Nov/2023:08:07:41 +0100] "GET /salt-with-wooden-spoon-sardy-p-54510.html HTTP/1.0" 200 79681 "-" "Mozilla/5.0 (compatible; AwarioBot/1.0; +https://awario.com/bots.html)"
46.4.108.51 - - [08/Nov/2023:08:07:47 +0100] "GET /sandstone-butter-dish-with-bees-pattern-p-57766.html HTTP/1.0" 200 80691 "-" "Mozilla/5.0 (compatible; AwarioBot/1.0; +https://awario.com/bots.html)"
46.4.108.51 - - [08/Nov/2023:08:07:55 +0100] "GET /santa-claus-pocket-heater-p-59451.html HTTP/1.0" 200 80472 "-" "Mozilla/5.0 (compatible; AwarioBot/1.0; +https://awario.com/bots.html)"
85.208.96.194 - - [08/Nov/2023:08:07:59 +0100] "GET /terracotta-soldier-statuette-emperor-p-52432.html HTTP/1.0" 200 80810 "-" "Mozilla/5.0 (compatible; SemrushBot/7~bl; +http://www.semrush.com/bot.html)"
3.224.220.101 - - [08/Nov/2023:08:08:03 +0100] "GET /corsica-metal-plate-p-52527.html HTTP/1.0" 200 79596 "-" "Mozilla/5.0 (Macintosh; Intel Mac OS X 10_10_1) AppleWebKit/600.2.5 (KHTML, like Gecko) Version/8.0.2 Safari/600.2.5 (Amazonbot/0.1; +https://developer.amazon.com/support/amazonbot)"
46.4.108.51 - - [08/Nov/2023:08:08:05 +0100] "GET /santa-claus-solar-powered-dancing-p-33073.html HTTP/1.0" 200 80049 "-" "Mozilla/5.0 (compatible; AwarioBot/1.0; +https://awario.com/bots.html)"
52.70.240.171 - - [08/Nov/2023:08:08:05 +0100] "GET /rhum-metal-plate-deco-p-51753.html HTTP/1.0" 200 80193 "-" "Mozilla/5.0 (Macintosh; Intel Mac OS X 10_10_1) AppleWebKit/600.2.5 (KHTML, like Gecko) Version/8.0.2 Safari/600.2.5 (Amazonbot/0.1; +https://developer.amazon.com/support/amazonbot)"
52.70.240.171 - - [08/Nov/2023:08:08:07 +0100] "GET /fiat-gran-premio-metal-plate-postcard-p-15608.html HTTP/1.0" 200 79846 "-" "Mozilla/5.0 (Macintosh; Intel Mac OS X 10_10_1) AppleWebKit/600.2.5 (KHTML, like Gecko) Version/8.0.2 Safari/600.2.5 (Amazonbot/0.1; +https://developer.amazon.com/support/amazonbot)"
114.119.158.6 - - [08/Nov/2023:08:08:08 +0100] "GET /pisces-clasic-keyring-cbkreation-p-43251.html HTTP/1.0" 200 79781 "http://www.wonder-geek.com/keyrings-c-31_52.html?page=5" "Mozilla/5.0 (Linux; Android 7.0;) AppleWebKit/537.36 (KHTML, like Gecko) Mobile Safari/537.36 (compatible; PetalBot;+https://webmaster.petalsearch.com/site/petalbot)"
40.77.167.144 - - [08/Nov/2023:08:08:08 +0100] "GET /adults-c-53.html HTTP/1.0" 200 98615 "-" "Mozilla/5.0 AppleWebKit/537.36 (KHTML, like Gecko; compatible; bingbot/2.0; +http://www.bing.com/bingbot.htm) Chrome/103.0.5060.134 Safari/537.36"
46.4.108.51 - - [08/Nov/2023:08:08:09 +0100] "GET /santa-sleigh-saucer-p-56236.html HTTP/1.0" 200 79686 "-" "Mozilla/5.0 (compatible; AwarioBot/1.0; +https://awario.com/bots.html)"
52.70.240.171 - - [08/Nov/2023:08:08:15 +0100] "GET /london-dream-metal-plate-p-27584.html HTTP/1.0" 200 79704 "-" "Mozilla/5.0 (Macintosh; Intel Mac OS X 10_10_1) AppleWebKit/600.2.5 (KHTML, like Gecko) Version/8.0.2 Safari/600.2.5 (Amazonbot/0.1; +https://developer.amazon.com/support/amazonbot)"
17.241.219.30 - - [08/Nov/2023:08:08:21 +0100] "GET /planes-disney-trolley-p-30350.html HTTP/1.0" 200 77353 "-" "Mozilla/5.0 (Macintosh; Intel Mac OS X 10_15_5) AppleWebKit/605.1.15 (KHTML, like Gecko) Version/13.1.1 Safari/605.1.15 (Applebot/0.1; +http://www.apple.com/go/applebot)"
46.4.108.51 - - [08/Nov/2023:08:08:23 +0100] "GET /robots.txt HTTP/1.0" 200 245 "-" "Mozilla/5.0 (compatible; AwarioBot/1.0; +https://awario.com/bots.html)"
46.4.108.51 - - [08/Nov/2023:08:08:23 +0100] "GET /sardinerie-kitchen-utensil-holder-p-56555.html HTTP/1.0" 200 79940 "-" "Mozilla/5.0 (compatible; AwarioBot/1.0; +https://awario.com/bots.html)"
46.4.108.51 - - [08/Nov/2023:08:08:29 +0100] "GET /saturnin-bedclothes-p-57076.html HTTP/1.0" 200 80381 "-" "Mozilla/5.0 (compatible; AwarioBot/1.0; +https://awario.com/bots.html)"
85.208.96.196 - - [08/Nov/2023:08:08:29 +0100] "GET /tray-with-buffalo-head-mango-wood-p-55120.html HTTP/1.0" 200 80666 "-" "Mozilla/5.0 (compatible; SemrushBot/7~bl; +http://www.semrush.com/bot.html)"
46.4.108.51 - - [08/Nov/2023:08:08:35 +0100] "GET /saucer-p-53820.html HTTP/1.0" 200 80178 "-" "Mozilla/5.0 (compatible; AwarioBot/1.0; +https://awario.com/bots.html)"
52.70.240.171 - - [08/Nov/2023:08:08:36 +0100] "GET /embossed-hanging-plaque-p-60153.html HTTP/1.0" 200 80258 "-" "Mozilla/5.0 (Macintosh; Intel Mac OS X 10_10_1) AppleWebKit/600.2.5 (KHTML, like Gecko) Version/8.0.2 Safari/600.2.5 (Amazonbot/0.1; +https://developer.amazon.com/support/amazonbot)"
185.191.171.10 - - [08/Nov/2023:08:08:38 +0100] "GET /take-cake-gourmandise-p-39859.html HTTP/1.0" 200 77365 "-" "Mozilla/5.0 (compatible; SemrushBot/7~bl; +http://www.semrush.com/bot.html)"
52.70.240.171 - - [08/Nov/2023:08:08:39 +0100] "GET /embossed-hanging-plaque-p-60156.html HTTP/1.0" 200 80258 "-" "Mozilla/5.0 (Macintosh; Intel Mac OS X 10_10_1) AppleWebKit/600.2.5 (KHTML, like Gecko) Version/8.0.2 Safari/600.2.5 (Amazonbot/0.1; +https://developer.amazon.com/support/amazonbot)"
46.4.108.51 - - [08/Nov/2023:08:08:43 +0100] "GET /saucer-p-57179.html HTTP/1.0" 200 80177 "-" "Mozilla/5.0 (compatible; AwarioBot/1.0; +https://awario.com/bots.html)"
185.191.171.2 - - [08/Nov/2023:08:08:44 +0100] "GET /golden-metal-glass-decorative-hourglass-p-57674.html HTTP/1.0" 200 77425 "-" "Mozilla/5.0 (compatible; SemrushBot/7~bl; +http://www.semrush.com/bot.html)"
23.22.35.162 - - [08/Nov/2023:08:08:44 +0100] "GET /embossed-hanging-plaque-p-60157.html HTTP/1.0" 200 80259 "-" "Mozilla/5.0 (Macintosh; Intel Mac OS X 10_10_1) AppleWebKit/600.2.5 (KHTML, like Gecko) Version/8.0.2 Safari/600.2.5 (Amazonbot/0.1; +https://developer.amazon.com/support/amazonbot)"
85.208.96.212 - - [08/Nov/2023:08:08:47 +0100] "GET /penguin-pocket-warmer-p-58832.html HTTP/1.0" 200 80526 "-" "Mozilla/5.0 (compatible; SemrushBot/7~bl; +http://www.semrush.com/bot.html)"
46.4.108.51 - - [08/Nov/2023:08:08:50 +0100] "GET /saucer-p-57180.html HTTP/1.0" 200 80178 "-" "Mozilla/5.0 (compatible; AwarioBot/1.0; +https://awario.com/bots.html)"
52.70.240.171 - - [08/Nov/2023:08:08:54 +0100] "GET /embossed-hanging-plaque-p-60155.html HTTP/1.0" 200 80258 "-" "Mozilla/5.0 (Macintosh; Intel Mac OS X 10_10_1) AppleWebKit/600.2.5 (KHTML, like Gecko) Version/8.0.2 Safari/600.2.5 (Amazonbot/0.1; +https://developer.amazon.com/support/amazonbot)"
173.252.83.7 - - [08/Nov/2023:08:08:59 +0100] "GET /images/mini_prod/3585190849204.gif HTTP/1.0" 200 268 "-" "facebookexternalhit/1.1 (+http://www.facebook.com/externalhit_uatext.php)"
52.70.240.171 - - [08/Nov/2023:08:08:59 +0100] "GET /pastis-metal-plate-deco-p-51749.html HTTP/1.0" 200 79592 "-" "Mozilla/5.0 (Macintosh; Intel Mac OS X 10_10_1) AppleWebKit/600.2.5 (KHTML, like Gecko) Version/8.0.2 Safari/600.2.5 (Amazonbot/0.1; +https://developer.amazon.com/support/amazonbot)"
23.22.35.162 - - [08/Nov/2023:08:09:01 +0100] "GET /embossed-hanging-plaque-p-60152.html HTTP/1.0" 200 80258 "-" "Mozilla/5.0 (Macintosh; Intel Mac OS X 10_10_1) AppleWebKit/600.2.5 (KHTML, like Gecko) Version/8.0.2 Safari/600.2.5 (Amazonbot/0.1; +https://developer.amazon.com/support/amazonbot)"
3.224.220.101 - - [08/Nov/2023:08:09:03 +0100] "GET /embossed-hanging-plaque-p-60154.html HTTP/1.0" 200 80260 "-" "Mozilla/5.0 (Macintosh; Intel Mac OS X 10_10_1) AppleWebKit/600.2.5 (KHTML, like Gecko) Version/8.0.2 Safari/600.2.5 (Amazonbot/0.1; +https://developer.amazon.com/support/amazonbot)"
46.4.108.51 - - [08/Nov/2023:08:09:03 +0100] "GET /saucer-p-57185.html HTTP/1.0" 200 80178 "-" "Mozilla/5.0 (compatible; AwarioBot/1.0; +https://awario.com/bots.html)"
85.208.96.196 - - [08/Nov/2023:08:09:05 +0100] "GET /retro-style-saveurs-traditions-franaises-p-55521.html HTTP/1.0" 200 80754 "-" "Mozilla/5.0 (compatible; SemrushBot/7~bl; +http://www.semrush.com/bot.html)"
168.138.105.69 - - [08/Nov/2023:08:09:07 +0100] "GET /images/mini_prod/8422014032839A.jpg HTTP/1.0" 200 270 "-" "Mozilla/5.0 (X11; Ubuntu; Linux x86_64; rv:72.0) Gecko/20100101 Firefox/72.0"
46.4.108.51 - - [08/Nov/2023:08:09:12 +0100] "GET /saucer-p-57188.html HTTP/1.0" 200 80178 "-" "Mozilla/5.0 (compatible; AwarioBot/1.0; +https://awario.com/bots.html)"
23.22.35.162 - - [08/Nov/2023:08:09:16 +0100] "GET /decorative-metal-plate-cbkreation-p-57172.html HTTP/1.0" 200 79749 "-" "Mozilla/5.0 (Macintosh; Intel Mac OS X 10_10_1) AppleWebKit/600.2.5 (KHTML, like Gecko) Version/8.0.2 Safari/600.2.5 (Amazonbot/0.1; +https://developer.amazon.com/support/amazonbot)"
46.4.108.51 - - [08/Nov/2023:08:09:21 +0100] "GET /sausage-apro-p-58143.html HTTP/1.0" 200 80212 "-" "Mozilla/5.0 (compatible; AwarioBot/1.0; +https://awario.com/bots.html)"
3.224.220.101 - - [08/Nov/2023:08:09:22 +0100] "GET /spain-decorative-metal-plate-cbkreation-p-60570.html HTTP/1.0" 200 80413 "-" "Mozilla/5.0 (Macintosh; Intel Mac OS X 10_10_1) AppleWebKit/600.2.5 (KHTML, like Gecko) Version/8.0.2 Safari/600.2.5 (Amazonbot/0.1; +https://developer.amazon.com/support/amazonbot)"
23.22.35.162 - - [08/Nov/2023:08:09:26 +0100] "GET /relief-hanging-plate-rgles-cuisine-p-55675.html HTTP/1.0" 200 80549 "-" "Mozilla/5.0 (Macintosh; Intel Mac OS X 10_10_1) AppleWebKit/600.2.5 (KHTML, like Gecko) Version/8.0.2 Safari/600.2.5 (Amazonbot/0.1; +https://developer.amazon.com/support/amazonbot)"
85.208.96.198 - - [08/Nov/2023:08:09:26 +0100] "GET /salt-boxes-jars-c-12_223.html?page=4 HTTP/1.0" 200 94012 "-" "Mozilla/5.0 (compatible; SemrushBot/7~bl; +http://www.semrush.com/bot.html)"
46.4.108.51 - - [08/Nov/2023:08:09:28 +0100] "GET /sausage-apro-recrute-p-58142.html HTTP/1.0" 200 80253 "-" "Mozilla/5.0 (compatible; AwarioBot/1.0; +https://awario.com/bots.html)"
52.70.240.171 - - [08/Nov/2023:08:09:30 +0100] "GET /decorative-metal-plate-cbkreation-p-52908.html HTTP/1.0" 200 79753 "-" "Mozilla/5.0 (Macintosh; Intel Mac OS X 10_10_1) AppleWebKit/600.2.5 (KHTML, like Gecko) Version/8.0.2 Safari/600.2.5 (Amazonbot/0.1; +https://developer.amazon.com/support/amazonbot)"
124.156.207.67 - - [08/Nov/2023:08:09:32 +0100] "GET /images/B8420406800554.jpg HTTP/1.0" 200 260 "-" "Mozilla/5.0 (Windows NT 10.0; WOW64) AppleWebKit/537.36 (KHTML, like Gecko) Safari/79.0.1819.138 Safari/537.36"
23.22.35.162 - - [08/Nov/2023:08:09:37 +0100] "GET /relief-hanging-plate-rgles-maison-p-55676.html HTTP/1.0" 200 80540 "-" "Mozilla/5.0 (Macintosh; Intel Mac OS X 10_10_1) AppleWebKit/600.2.5 (KHTML, like Gecko) Version/8.0.2 Safari/600.2.5 (Amazonbot/0.1; +https://developer.amazon.com/support/amazonbot)"
46.4.108.51 - - [08/Nov/2023:08:09:41 +0100] "GET /sausage-tout-travail-p-58141.html HTTP/1.0" 200 80223 "-" "Mozilla/5.0 (compatible; AwarioBot/1.0; +https://awario.com/bots.html)"
173.252.83.15 - - [08/Nov/2023:08:09:44 +0100] "GET /images/mini_prod/8445180351818.jpg HTTP/1.0" 200 269 "-" "facebookexternalhit/1.1 (+http://www.facebook.com/externalhit_uatext.php)"
185.191.171.5 - - [08/Nov/2023:08:09:49 +0100] "GET /gare-wood-large-clock-p-38436.html HTTP/1.0" 200 79711 "-" "Mozilla/5.0 (compatible; SemrushBot/7~bl; +http://www.semrush.com/bot.html)"
3.224.220.101 - - [08/Nov/2023:08:09:55 +0100] "GET /decorative-metal-plate-cbkreation-p-52896.html HTTP/1.0" 200 79758 "-" "Mozilla/5.0 (Macintosh; Intel Mac OS X 10_10_1) AppleWebKit/600.2.5 (KHTML, like Gecko) Version/8.0.2 Safari/600.2.5 (Amazonbot/0.1; +https://developer.amazon.com/support/amazonbot)"
46.4.108.51 - - [08/Nov/2023:08:09:56 +0100] "GET /sausage-veillis-p-58140.html HTTP/1.0" 200 80238 "-" "Mozilla/5.0 (compatible; AwarioBot/1.0; +https://awario.com/bots.html)"
3.224.220.101 - - [08/Nov/2023:08:09:57 +0100] "GET /portugal-decorative-metal-plate-cbkreation-p-60621.html HTTP/1.0" 200 80440 "-" "Mozilla/5.0 (Macintosh; Intel Mac OS X 10_10_1) AppleWebKit/600.2.5 (KHTML, like Gecko) Version/8.0.2 Safari/600.2.5 (Amazonbot/0.1; +https://developer.amazon.com/support/amazonbot)"
54.36.148.199 - - [08/Nov/2023:08:10:04 +0100] "GET /princess-disney-pink-swimsuit-p-30310.html HTTP/1.0" 200 81114 "-" "Mozilla/5.0 (compatible; AhrefsBot/7.0; +http://ahrefs.com/robot/)"
46.4.108.51 - - [08/Nov/2023:08:10:06 +0100] "GET /sausage-with-knife-excuse-french-p-47322.html HTTP/1.0" 200 80340 "-" "Mozilla/5.0 (compatible; AwarioBot/1.0; +https://awario.com/bots.html)"
23.22.35.162 - - [08/Nov/2023:08:10:13 +0100] "GET /paris-decorative-metal-plate-cbkreation-p-52887.html HTTP/1.0" 200 79782 "-" "Mozilla/5.0 (Macintosh; Intel Mac OS X 10_10_1) AppleWebKit/600.2.5 (KHTML, like Gecko) Version/8.0.2 Safari/600.2.5 (Amazonbot/0.1; +https://developer.amazon.com/support/amazonbot)"
46.4.108.51 - - [08/Nov/2023:08:10:14 +0100] "GET /savonnette-provence-made-france-sweet-almond-milk-p-44883.html HTTP/1.0" 200 80285 "-" "Mozilla/5.0 (compatible; AwarioBot/1.0; +https://awario.com/bots.html)"
85.208.96.210 - - [08/Nov/2023:08:10:14 +0100] "GET /monkey-neck-water-bottle-p-57534.html HTTP/1.0" 200 77377 "-" "Mozilla/5.0 (compatible; SemrushBot/7~bl; +http://www.semrush.com/bot.html)"
3.224.220.101 - - [08/Nov/2023:08:10:17 +0100] "GET /decorative-metal-plate-cbkreation-p-57171.html HTTP/1.0" 200 79749 "-" "Mozilla/5.0 (Macintosh; Intel Mac OS X 10_10_1) AppleWebKit/600.2.5 (KHTML, like Gecko) Version/8.0.2 Safari/600.2.5 (Amazonbot/0.1; +https://developer.amazon.com/support/amazonbot)"
85.208.96.203 - - [08/Nov/2023:08:10:18 +0100] "GET /blue-ginkgo-mini-tray-p-56802.html HTTP/1.0" 200 79695 "-" "Mozilla/5.0 (compatible; SemrushBot/7~bl; +http://www.semrush.com/bot.html)"
3.224.220.101 - - [08/Nov/2023:08:10:20 +0100] "GET /decorative-metal-plate-p-51481.html HTTP/1.0" 200 79709 "-" "Mozilla/5.0 (Macintosh; Intel Mac OS X 10_10_1) AppleWebKit/600.2.5 (KHTML, like Gecko) Version/8.0.2 Safari/600.2.5 (Amazonbot/0.1; +https://developer.amazon.com/support/amazonbot)"
23.22.35.162 - - [08/Nov/2023:08:10:21 +0100] "GET /feria-metal-plate-deco-p-42112.html HTTP/1.0" 200 79626 "-" "Mozilla/5.0 (Macintosh; Intel Mac OS X 10_10_1) AppleWebKit/600.2.5 (KHTML, like Gecko) Version/8.0.2 Safari/600.2.5 (Amazonbot/0.1; +https://developer.amazon.com/support/amazonbot)"
23.22.35.162 - - [08/Nov/2023:08:10:22 +0100] "GET /quebec-decorative-metal-plate-cbkreation-p-52889.html HTTP/1.0" 200 79783 "-" "Mozilla/5.0 (Macintosh; Intel Mac OS X 10_10_1) AppleWebKit/600.2.5 (KHTML, like Gecko) Version/8.0.2 Safari/600.2.5 (Amazonbot/0.1; +https://developer.amazon.com/support/amazonbot)"
52.70.240.171 - - [08/Nov/2023:08:10:24 +0100] "GET /decorative-metal-plate-cbkreation-p-52909.html HTTP/1.0" 200 79754 "-" "Mozilla/5.0 (Macintosh; Intel Mac OS X 10_10_1) AppleWebKit/600.2.5 (KHTML, like Gecko) Version/8.0.2 Safari/600.2.5 (Amazonbot/0.1; +https://developer.amazon.com/support/amazonbot)"
185.191.171.17 - - [08/Nov/2023:08:10:28 +0100] "GET /great-wall-decor-orange-scooter-p-36513.html HTTP/1.0" 200 77393 "-" "Mozilla/5.0 (compatible; SemrushBot/7~bl; +http://www.semrush.com/bot.html)"
46.4.108.51 - - [08/Nov/2023:08:10:30 +0100] "GET /robots.txt HTTP/1.0" 200 245 "-" "Mozilla/5.0 (compatible; AwarioBot/1.0; +https://awario.com/bots.html)"
52.70.240.171 - - [08/Nov/2023:08:10:29 +0100] "GET /urss-decorative-metal-plate-cbkreation-p-60622.html HTTP/1.0" 200 80404 "-" "Mozilla/5.0 (Macintosh; Intel Mac OS X 10_10_1) AppleWebKit/600.2.5 (KHTML, like Gecko) Version/8.0.2 Safari/600.2.5 (Amazonbot/0.1; +https://developer.amazon.com/support/amazonbot)"
46.4.108.51 - - [08/Nov/2023:08:10:30 +0100] "GET /scarf-gloves-bratz-yellow-color-p-22128.html HTTP/1.0" 200 79933 "-" "Mozilla/5.0 (compatible; AwarioBot/1.0; +https://awario.com/bots.html)"
3.224.220.101 - - [08/Nov/2023:08:10:30 +0100] "GET /marseille-decorative-metal-plate-cbkreation-p-53155.html HTTP/1.0" 200 79814 "-" "Mozilla/5.0 (Macintosh; Intel Mac OS X 10_10_1) AppleWebKit/600.2.5 (KHTML, like Gecko) Version/8.0.2 Safari/600.2.5 (Amazonbot/0.1; +https://developer.amazon.com/support/amazonbot)"
85.208.96.195 - - [08/Nov/2023:08:10:32 +0100] "GET /-p-60302.html HTTP/1.0" 200 77271 "-" "Mozilla/5.0 (compatible; SemrushBot/7~bl; +http://www.semrush.com/bot.html)"
52.70.240.171 - - [08/Nov/2023:08:10:32 +0100] "GET /monaco-metal-plate-p-42346.html HTTP/1.0" 200 79690 "-" "Mozilla/5.0 (Macintosh; Intel Mac OS X 10_10_1) AppleWebKit/600.2.5 (KHTML, like Gecko) Version/8.0.2 Safari/600.2.5 (Amazonbot/0.1; +https://developer.amazon.com/support/amazonbot)"
23.22.35.162 - - [08/Nov/2023:08:10:33 +0100] "GET /monaco-metal-plate-p-40088.html HTTP/1.0" 200 79690 "-" "Mozilla/5.0 (Macintosh; Intel Mac OS X 10_10_1) AppleWebKit/600.2.5 (KHTML, like Gecko) Version/8.0.2 Safari/600.2.5 (Amazonbot/0.1; +https://developer.amazon.com/support/amazonbot)"
52.70.240.171 - - [08/Nov/2023:08:10:34 +0100] "GET /harley-davidson-large-metal-plate-p-40294.html HTTP/1.0" 200 79754 "-" "Mozilla/5.0 (Macintosh; Intel Mac OS X 10_10_1) AppleWebKit/600.2.5 (KHTML, like Gecko) Version/8.0.2 Safari/600.2.5 (Amazonbot/0.1; +https://developer.amazon.com/support/amazonbot)"
185.191.171.2 - - [08/Nov/2023:08:10:35 +0100] "GET /tinted-candle-mass-burgundy-p-48918.html HTTP/1.0" 200 77365 "-" "Mozilla/5.0 (compatible; SemrushBot/7~bl; +http://www.semrush.com/bot.html)"
3.224.220.101 - - [08/Nov/2023:08:10:38 +0100] "GET /volkswagen-beetle-large-metal-plate-deco-p-26436.html HTTP/1.0" 200 79753 "-" "Mozilla/5.0 (Macintosh; Intel Mac OS X 10_10_1) AppleWebKit/600.2.5 (KHTML, like Gecko) Version/8.0.2 Safari/600.2.5 (Amazonbot/0.1; +https://developer.amazon.com/support/amazonbot)"
23.22.35.162 - - [08/Nov/2023:08:10:40 +0100] "GET /monaco-metal-plate-p-42347.html HTTP/1.0" 200 79690 "-" "Mozilla/5.0 (Macintosh; Intel Mac OS X 10_10_1) AppleWebKit/600.2.5 (KHTML, like Gecko) Version/8.0.2 Safari/600.2.5 (Amazonbot/0.1; +https://developer.amazon.com/support/amazonbot)"
17.241.219.40 - - [08/Nov/2023:08:10:42 +0100] "GET /images/mini_prod/3442440232110.jpg HTTP/1.0" 200 269 "-" "Mozilla/5.0 (Macintosh; Intel Mac OS X 10_15_5) AppleWebKit/605.1.15 (KHTML, like Gecko) Version/13.1.1 Safari/605.1.15 (Applebot/0.1; +http://www.apple.com/go/applebot)"
46.4.108.51 - - [08/Nov/2023:08:10:41 +0100] "GET /scented-candles-c-231_227_353.html?page=10 HTTP/1.0" 200 101280 "-" "Mozilla/5.0 (compatible; AwarioBot/1.0; +https://awario.com/bots.html)"
3.224.220.101 - - [08/Nov/2023:08:10:42 +0100] "GET /volkswagen-beetle-large-metal-plate-deco-p-26646.html HTTP/1.0" 200 79746 "-" "Mozilla/5.0 (Macintosh; Intel Mac OS X 10_10_1) AppleWebKit/600.2.5 (KHTML, like Gecko) Version/8.0.2 Safari/600.2.5 (Amazonbot/0.1; +https://developer.amazon.com/support/amazonbot)"
3.224.220.101 - - [08/Nov/2023:08:10:45 +0100] "GET /pepsi-metal-plate-p-40312.html HTTP/1.0" 200 79770 "-" "Mozilla/5.0 (Macintosh; Intel Mac OS X 10_10_1) AppleWebKit/600.2.5 (KHTML, like Gecko) Version/8.0.2 Safari/600.2.5 (Amazonbot/0.1; +https://developer.amazon.com/support/amazonbot)"
173.252.83.3 - - [08/Nov/2023:08:10:47 +0100] "GET /images/big_prod/8422024026064.jpg HTTP/1.0" 200 268 "-" "facebookexternalhit/1.1 (+http://www.facebook.com/externalhit_uatext.php)"
3.224.220.101 - - [08/Nov/2023:08:10:47 +0100] "GET /pepsi-metal-plate-p-40310.html HTTP/1.0" 200 79770 "-" "Mozilla/5.0 (Macintosh; Intel Mac OS X 10_10_1) AppleWebKit/600.2.5 (KHTML, like Gecko) Version/8.0.2 Safari/600.2.5 (Amazonbot/0.1; +https://developer.amazon.com/support/amazonbot)"
52.70.240.171 - - [08/Nov/2023:08:10:49 +0100] "GET /pepsi-metal-plate-p-40311.html HTTP/1.0" 200 79770 "-" "Mozilla/5.0 (Macintosh; Intel Mac OS X 10_10_1) AppleWebKit/600.2.5 (KHTML, like Gecko) Version/8.0.2 Safari/600.2.5 (Amazonbot/0.1; +https://developer.amazon.com/support/amazonbot)"
46.4.108.51 - - [08/Nov/2023:08:10:49 +0100] "GET /scented-candles-c-231_227_353.html?page=11 HTTP/1.0" 200 100999 "-" "Mozilla/5.0 (compatible; AwarioBot/1.0; +https://awario.com/bots.html)"
23.22.35.162 - - [08/Nov/2023:08:10:51 +0100] "GET /volkswagen-large-metal-plate-deco-p-37085.html HTTP/1.0" 200 79715 "-" "Mozilla/5.0 (Macintosh; Intel Mac OS X 10_10_1) AppleWebKit/600.2.5 (KHTML, like Gecko) Version/8.0.2 Safari/600.2.5 (Amazonbot/0.1; +https://developer.amazon.com/support/amazonbot)"
52.70.240.171 - - [08/Nov/2023:08:10:52 +0100] "GET /mustang-anniversary-metal-plate-deco-p-47179.html HTTP/1.0" 200 79869 "-" "Mozilla/5.0 (Macintosh; Intel Mac OS X 10_10_1) AppleWebKit/600.2.5 (KHTML, like Gecko) Version/8.0.2 Safari/600.2.5 (Amazonbot/0.1; +https://developer.amazon.com/support/amazonbot)"
46.4.108.51 - - [08/Nov/2023:08:10:54 +0100] "GET /scented-candles-c-231_227_353.html?page=2 HTTP/1.0" 200 101019 "-" "Mozilla/5.0 (compatible; AwarioBot/1.0; +https://awario.com/bots.html)"
52.70.240.171 - - [08/Nov/2023:08:10:55 +0100] "GET /austin-mini-cooper-large-metal-plate-deco-p-37104.html HTTP/1.0" 200 79772 "-" "Mozilla/5.0 (Macintosh; Intel Mac OS X 10_10_1) AppleWebKit/600.2.5 (KHTML, like Gecko) Version/8.0.2 Safari/600.2.5 (Amazonbot/0.1; +https://developer.amazon.com/support/amazonbot)"
185.191.171.16 - - [08/Nov/2023:08:11:05 +0100] "GET /-p-29500.html HTTP/1.0" 200 77271 "-" "Mozilla/5.0 (compatible; SemrushBot/7~bl; +http://www.semrush.com/bot.html)"
3.224.220.101 - - [08/Nov/2023:08:11:08 +0100] "GET /mobil-metal-plate-p-47175.html HTTP/1.0" 200 79641 "-" "Mozilla/5.0 (Macintosh; Intel Mac OS X 10_10_1) AppleWebKit/600.2.5 (KHTML, like Gecko) Version/8.0.2 Safari/600.2.5 (Amazonbot/0.1; +https://developer.amazon.com/support/amazonbot)"
3.224.220.101 - - [08/Nov/2023:08:11:09 +0100] "GET /garage-service-station-metal-wall-decoration-p-44440.html HTTP/1.0" 200 79862 "-" "Mozilla/5.0 (Macintosh; Intel Mac OS X 10_10_1) AppleWebKit/600.2.5 (KHTML, like Gecko) Version/8.0.2 Safari/600.2.5 (Amazonbot/0.1; +https://developer.amazon.com/support/amazonbot)"
46.4.108.51 - - [08/Nov/2023:08:11:11 +0100] "GET /scented-candles-c-231_227_353.html?page=3 HTTP/1.0" 200 101123 "-" "Mozilla/5.0 (compatible; AwarioBot/1.0; +https://awario.com/bots.html)"
3.224.220.101 - - [08/Nov/2023:08:11:12 +0100] "GET /coca-cola-large-metal-plate-deco-p-27959.html HTTP/1.0" 200 79700 "-" "Mozilla/5.0 (Macintosh; Intel Mac OS X 10_10_1) AppleWebKit/600.2.5 (KHTML, like Gecko) Version/8.0.2 Safari/600.2.5 (Amazonbot/0.1; +https://developer.amazon.com/support/amazonbot)"
52.70.240.171 - - [08/Nov/2023:08:11:16 +0100] "GET /monaco-large-metal-plate-p-15178.html HTTP/1.0" 200 79597 "-" "Mozilla/5.0 (Macintosh; Intel Mac OS X 10_10_1) AppleWebKit/600.2.5 (KHTML, like Gecko) Version/8.0.2 Safari/600.2.5 (Amazonbot/0.1; +https://developer.amazon.com/support/amazonbot)"
185.191.171.8 - - [08/Nov/2023:08:11:17 +0100] "GET /figurine-silver-crocodile-glass-bubble-p-56419.html HTTP/1.0" 200 77439 "-" "Mozilla/5.0 (compatible; SemrushBot/7~bl; +http://www.semrush.com/bot.html)"
46.4.108.51 - - [08/Nov/2023:08:11:16 +0100] "GET /scented-candles-c-231_227_353.html?page=4 HTTP/1.0" 200 101154 "-" "Mozilla/5.0 (compatible; AwarioBot/1.0; +https://awario.com/bots.html)"
3.224.220.101 - - [08/Nov/2023:08:11:18 +0100] "GET /route-perpetual-calendar-p-12568.html HTTP/1.0" 200 79690 "-" "Mozilla/5.0 (Macintosh; Intel Mac OS X 10_10_1) AppleWebKit/600.2.5 (KHTML, like Gecko) Version/8.0.2 Safari/600.2.5 (Amazonbot/0.1; +https://developer.amazon.com/support/amazonbot)"
185.191.171.15 - - [08/Nov/2023:08:11:20 +0100] "GET /salamander-wall-decoration-p-40931.html HTTP/1.0" 200 77377 "-" "Mozilla/5.0 (compatible; SemrushBot/7~bl; +http://www.semrush.com/bot.html)"
23.22.35.162 - - [08/Nov/2023:08:11:20 +0100] "GET /harley-davidson-parking-large-metal-plate-p-12545.html HTTP/1.0" 200 79798 "-" "Mozilla/5.0 (Macintosh; Intel Mac OS X 10_10_1) AppleWebKit/600.2.5 (KHTML, like Gecko) Version/8.0.2 Safari/600.2.5 (Amazonbot/0.1; +https://developer.amazon.com/support/amazonbot)"
52.167.144.166 - - [08/Nov/2023:08:11:28 +0100] "GET /images/mini_prod/3503420066931.jpg HTTP/1.0" 200 269 "-" "Mozilla/5.0 AppleWebKit/537.36 (KHTML, like Gecko; compatible; bingbot/2.0; +http://www.bing.com/bingbot.htm) Chrome/103.0.5060.134 Safari/537.36"
52.70.240.171 - - [08/Nov/2023:08:11:27 +0100] "GET /banania-large-metal-plate-p-19923.html HTTP/1.0" 200 79610 "-" "Mozilla/5.0 (Macintosh; Intel Mac OS X 10_10_1) AppleWebKit/600.2.5 (KHTML, like Gecko) Version/8.0.2 Safari/600.2.5 (Amazonbot/0.1; +https://developer.amazon.com/support/amazonbot)"
46.4.108.51 - - [08/Nov/2023:08:11:27 +0100] "GET /scented-candles-c-231_227_353.html?page=5 HTTP/1.0" 200 101167 "-" "Mozilla/5.0 (compatible; AwarioBot/1.0; +https://awario.com/bots.html)"
23.22.35.162 - - [08/Nov/2023:08:11:29 +0100] "GET /metal-plate-deco-p-54901.html HTTP/1.0" 200 80156 "-" "Mozilla/5.0 (Macintosh; Intel Mac OS X 10_10_1) AppleWebKit/600.2.5 (KHTML, like Gecko) Version/8.0.2 Safari/600.2.5 (Amazonbot/0.1; +https://developer.amazon.com/support/amazonbot)"
23.22.35.162 - - [08/Nov/2023:08:11:31 +0100] "GET /metal-plate-deco-p-55974.html HTTP/1.0" 200 79571 "-" "Mozilla/5.0 (Macintosh; Intel Mac OS X 10_10_1) AppleWebKit/600.2.5 (KHTML, like Gecko) Version/8.0.2 Safari/600.2.5 (Amazonbot/0.1; +https://developer.amazon.com/support/amazonbot)"
52.70.240.171 - - [08/Nov/2023:08:11:33 +0100] "GET /metal-plate-deco-p-55677.html HTTP/1.0" 200 80156 "-" "Mozilla/5.0 (Macintosh; Intel Mac OS X 10_10_1) AppleWebKit/600.2.5 (KHTML, like Gecko) Version/8.0.2 Safari/600.2.5 (Amazonbot/0.1; +https://developer.amazon.com/support/amazonbot)"
23.22.35.162 - - [08/Nov/2023:08:11:38 +0100] "GET /metal-plate-deco-p-56117.html HTTP/1.0" 200 80157 "-" "Mozilla/5.0 (Macintosh; Intel Mac OS X 10_10_1) AppleWebKit/600.2.5 (KHTML, like Gecko) Version/8.0.2 Safari/600.2.5 (Amazonbot/0.1; +https://developer.amazon.com/support/amazonbot)"
23.22.35.162 - - [08/Nov/2023:08:11:40 +0100] "GET /attention-chat-bizarre-metal-plate-deco-p-53432.html HTTP/1.0" 200 80318 "-" "Mozilla/5.0 (Macintosh; Intel Mac OS X 10_10_1) AppleWebKit/600.2.5 (KHTML, like Gecko) Version/8.0.2 Safari/600.2.5 (Amazonbot/0.1; +https://developer.amazon.com/support/amazonbot)"
23.22.35.162 - - [08/Nov/2023:08:11:42 +0100] "GET /rhum-metal-plate-deco-p-51750.html HTTP/1.0" 200 80177 "-" "Mozilla/5.0 (Macintosh; Intel Mac OS X 10_10_1) AppleWebKit/600.2.5 (KHTML, like Gecko) Version/8.0.2 Safari/600.2.5 (Amazonbot/0.1; +https://developer.amazon.com/support/amazonbot)"
3.224.220.101 - - [08/Nov/2023:08:11:43 +0100] "GET /rhum-metal-plate-deco-p-51751.html HTTP/1.0" 200 80191 "-" "Mozilla/5.0 (Macintosh; Intel Mac OS X 10_10_1) AppleWebKit/600.2.5 (KHTML, like Gecko) Version/8.0.2 Safari/600.2.5 (Amazonbot/0.1; +https://developer.amazon.com/support/amazonbot)"
46.4.108.51 - - [08/Nov/2023:08:11:42 +0100] "GET /scented-candles-c-231_227_353.html?page=6 HTTP/1.0" 200 101240 "-" "Mozilla/5.0 (compatible; AwarioBot/1.0; +https://awario.com/bots.html)"
46.4.108.51 - - [08/Nov/2023:08:11:50 +0100] "GET /scented-candles-c-231_227_353.html?page=7 HTTP/1.0" 200 101585 "-" "Mozilla/5.0 (compatible; AwarioBot/1.0; +https://awario.com/bots.html)"
46.4.108.51 - - [08/Nov/2023:08:11:55 +0100] "GET /scented-candles-c-231_227_353.html?page=8 HTTP/1.0" 200 101920 "-" "Mozilla/5.0 (compatible; AwarioBot/1.0; +https://awario.com/bots.html)"
46.4.108.51 - - [08/Nov/2023:08:12:04 +0100] "GET /scented-candles-c-231_227_353.html?page=9 HTTP/1.0" 200 101800 "-" "Mozilla/5.0 (compatible; AwarioBot/1.0; +https://awario.com/bots.html)"
185.191.171.19 - - [08/Nov/2023:08:12:06 +0100] "GET /brown-resin-elephant-bookend-p-60874.html HTTP/1.0" 200 80491 "-" "Mozilla/5.0 (compatible; SemrushBot/7~bl; +http://www.semrush.com/bot.html)"
3.224.220.101 - - [08/Nov/2023:08:12:10 +0100] "GET /pression-depression-metal-plate-deco-p-57073.html HTTP/1.0" 200 80297 "-" "Mozilla/5.0 (Macintosh; Intel Mac OS X 10_10_1) AppleWebKit/600.2.5 (KHTML, like Gecko) Version/8.0.2 Safari/600.2.5 (Amazonbot/0.1; +https://developer.amazon.com/support/amazonbot)"
173.252.83.2 - - [08/Nov/2023:08:12:12 +0100] "GET /images/mini_prod/3609810056619T.jpg HTTP/1.0" 200 270 "-" "facebookexternalhit/1.1 (+http://www.facebook.com/externalhit_uatext.php)"
23.22.35.162 - - [08/Nov/2023:08:12:11 +0100] "GET /metal-plate-deco-p-56118.html HTTP/1.0" 200 80156 "-" "Mozilla/5.0 (Macintosh; Intel Mac OS X 10_10_1) AppleWebKit/600.2.5 (KHTML, like Gecko) Version/8.0.2 Safari/600.2.5 (Amazonbot/0.1; +https://developer.amazon.com/support/amazonbot)"
52.70.240.171 - - [08/Nov/2023:08:12:16 +0100] "GET /entre-veut-sort-peut-metal-plate-deco-p-55694.html HTTP/1.0" 200 80359 "-" "Mozilla/5.0 (Macintosh; Intel Mac OS X 10_10_1) AppleWebKit/600.2.5 (KHTML, like Gecko) Version/8.0.2 Safari/600.2.5 (Amazonbot/0.1; +https://developer.amazon.com/support/amazonbot)"
46.4.108.51 - - [08/Nov/2023:08:12:17 +0100] "GET /scented-candles-novenas-c-231_227.html?page=10 HTTP/1.0" 200 100482 "-" "Mozilla/5.0 (compatible; AwarioBot/1.0; +https://awario.com/bots.html)"
