185.191.171.4 - - [08/Nov/2023:03:55:31 +0100] "GET /glass-cutting-board-cbkreation-p-51293.html HTTP/1.0" 200 79703 "-" "Mozilla/5.0 (compatible; SemrushBot/7~bl; +http://www.semrush.com/bot.html)"
100.21.24.205 - - [08/Nov/2023:03:55:31 +0100] "GET /door-bottom-cushion-bienvenue-chez-nous-p-60753.html HTTP/1.0" 200 80533 "-" "thesis-research-bot"
46.4.108.51 - - [08/Nov/2023:03:55:32 +0100] "GET /london-metal-keyring-p-35352.html HTTP/1.0" 200 79674 "-" "Mozilla/5.0 (compatible; AwarioBot/1.0; +https://awario.com/bots.html)"
100.21.24.205 - - [08/Nov/2023:03:55:32 +0100] "GET /cars-training-bottle-p-20356.html HTTP/1.0" 200 79606 "-" "thesis-research-bot"
100.21.24.205 - - [08/Nov/2023:03:55:33 +0100] "GET /planes-sports-bottle-p-25060.html HTTP/1.0" 200 80224 "-" "thesis-research-bot"
85.208.96.202 - - [08/Nov/2023:03:55:34 +0100] "GET /small-cool-lunch-blue-p-44328.html HTTP/1.0" 200 77383 "-" "Mozilla/5.0 (compatible; SemrushBot/7~bl; +http://www.semrush.com/bot.html)"
52.25.208.208 - - [08/Nov/2023:03:55:34 +0100] "GET /winx-training-bottle-p-14881.html HTTP/1.0" 200 81744 "-" "thesis-research-bot"
100.21.24.205 - - [08/Nov/2023:03:55:35 +0100] "GET /double-door-bottom-cushion-bonjour-revoir-p-59577.html HTTP/1.0" 200 80724 "-" "thesis-research-bot"
128.42.28.84 - - [08/Nov/2023:03:55:37 +0100] "GET /images/mini_prod/9316188073875.jpg HTTP/1.0" 200 269 "-" "Mozilla/5.0 (X11; Ubuntu; Linux x86_64; rv:72.0) Gecko/20100101 Firefox/72.0"
52.25.208.208 - - [08/Nov/2023:03:55:36 +0100] "GET /double-door-bottom-cushion-entre-artistes-p-59710.html HTTP/1.0" 200 80715 "-" "thesis-research-bot"
100.21.24.205 - - [08/Nov/2023:03:55:37 +0100] "GET /minions-sports-bottle-p-31754.html HTTP/1.0" 200 79637 "-" "thesis-research-bot"
100.21.24.205 - - [08/Nov/2023:03:55:38 +0100] "GET /door-bottom-cushion-maison-amour-p-60755.html HTTP/1.0" 200 80524 "-" "thesis-research-bot"
44.230.252.91 - - [08/Nov/2023:03:55:39 +0100] "GET /door-bottom-cushion-welcome-home-p-60752.html HTTP/1.0" 200 80484 "-" "thesis-research-bot"
52.25.208.208 - - [08/Nov/2023:03:55:40 +0100] "GET /double-door-bottom-cushion-belle-p-59712.html HTTP/1.0" 200 80666 "-" "thesis-research-bot"
44.230.252.91 - - [08/Nov/2023:03:55:41 +0100] "GET /door-bottom-cushion-reste-chaud-p-60754.html HTTP/1.0" 200 80507 "-" "thesis-research-bot"
44.230.252.91 - - [08/Nov/2023:03:55:42 +0100] "GET /daisy-duck-sports-bottle-p-25065.html HTTP/1.0" 200 80461 "-" "thesis-research-bot"
52.25.208.208 - - [08/Nov/2023:03:55:43 +0100] "GET /door-bottom-cushion-belle-p-59716.html HTTP/1.0" 200 80547 "-" "thesis-research-bot"
44.230.252.91 - - [08/Nov/2023:03:55:44 +0100] "GET /door-bottom-cushion-sheep-p-60577.html HTTP/1.0" 200 79978 "-" "thesis-research-bot"
52.70.240.171 - - [08/Nov/2023:03:55:44 +0100] "GET /yoga-c-11_269_268.html HTTP/1.0" 200 88729 "-" "Mozilla/5.0 (Macintosh; Intel Mac OS X 10_10_1) AppleWebKit/600.2.5 (KHTML, like Gecko) Version/8.0.2 Safari/600.2.5 (Amazonbot/0.1; +https://developer.amazon.com/support/amazonbot)"
44.230.252.91 - - [08/Nov/2023:03:55:46 +0100] "GET /hello-kitty-sports-bottle-p-25066.html HTTP/1.0" 200 80472 "-" "thesis-research-bot"
100.21.24.205 - - [08/Nov/2023:03:55:47 +0100] "GET /sponge-training-bottle-p-17161.html HTTP/1.0" 200 79800 "-" "thesis-research-bot"
23.22.35.162 - - [08/Nov/2023:03:55:47 +0100] "GET /lamp-paint-white-p-58410.html HTTP/1.0" 200 80964 "-" "Mozilla/5.0 (Macintosh; Intel Mac OS X 10_10_1) AppleWebKit/600.2.5 (KHTML, like Gecko) Version/8.0.2 Safari/600.2.5 (Amazonbot/0.1; +https://developer.amazon.com/support/amazonbot)"
52.25.208.208 - - [08/Nov/2023:03:55:48 +0100] "GET /underwear-c-2_38.html HTTP/1.0" 200 82567 "-" "thesis-research-bot"
44.230.252.91 - - [08/Nov/2023:03:55:48 +0100] "GET /dancer-jewelery-p-42718.html HTTP/1.0" 200 80365 "-" "thesis-research-bot"
100.21.24.205 - - [08/Nov/2023:03:55:49 +0100] "GET /shelf-furniture-c-13_87.html HTTP/1.0" 200 89251 "-" "thesis-research-bot"
44.230.252.91 - - [08/Nov/2023:03:55:50 +0100] "GET /bolstercases-c-11_318.html HTTP/1.0" 200 96806 "-" "thesis-research-bot"
44.230.252.91 - - [08/Nov/2023:03:55:51 +0100] "GET /horse-jewelry-p-49356.html HTTP/1.0" 200 80345 "-" "thesis-research-bot"
52.70.240.171 - - [08/Nov/2023:03:55:52 +0100] "GET /lamp-paint-blue-p-58412.html HTTP/1.0" 200 80948 "-" "Mozilla/5.0 (Macintosh; Intel Mac OS X 10_10_1) AppleWebKit/600.2.5 (KHTML, like Gecko) Version/8.0.2 Safari/600.2.5 (Amazonbot/0.1; +https://developer.amazon.com/support/amazonbot)"
44.230.252.91 - - [08/Nov/2023:03:55:52 +0100] "GET /barbecue-aperitif-c-12_254.html HTTP/1.0" 200 96599 "-" "thesis-research-bot"
52.25.208.208 - - [08/Nov/2023:03:55:53 +0100] "GET /polar-bear-jewelry-support-statuette-p-47112.html HTTP/1.0" 200 80519 "-" "thesis-research-bot"
52.25.208.208 - - [08/Nov/2023:03:55:54 +0100] "GET /blue-peacock-jewelry-holder-statuette-p-56814.html HTTP/1.0" 200 79884 "-" "thesis-research-bot"
52.25.208.208 - - [08/Nov/2023:03:55:55 +0100] "GET /ceramic-silver-flower-p-59487.html HTTP/1.0" 200 80586 "-" "thesis-research-bot"
100.21.24.205 - - [08/Nov/2023:03:55:56 +0100] "GET /penguin-jewelry-holder-statuette-p-57765.html HTTP/1.0" 200 79854 "-" "thesis-research-bot"
52.70.240.171 - - [08/Nov/2023:03:55:56 +0100] "GET /ocher-sandstone-lamp-p-58975.html HTTP/1.0" 200 80378 "-" "Mozilla/5.0 (Macintosh; Intel Mac OS X 10_10_1) AppleWebKit/600.2.5 (KHTML, like Gecko) Version/8.0.2 Safari/600.2.5 (Amazonbot/0.1; +https://developer.amazon.com/support/amazonbot)"
52.25.208.208 - - [08/Nov/2023:03:55:57 +0100] "GET /unicorn-jewelry-holder-statuette-p-55818.html HTTP/1.0" 200 80471 "-" "thesis-research-bot"
54.36.149.3 - - [08/Nov/2023:03:55:57 +0100] "GET /-c-95_310.html HTTP/1.0" 200 76139 "-" "Mozilla/5.0 (compatible; AhrefsBot/7.0; +http://ahrefs.com/robot/)"
52.25.208.208 - - [08/Nov/2023:03:55:58 +0100] "GET /unicorn-jewelry-holder-statuette-p-60147.html HTTP/1.0" 200 80465 "-" "thesis-research-bot"
46.4.108.51 - - [08/Nov/2023:03:55:58 +0100] "GET /london-metal-keyring-phone-p-35351.html HTTP/1.0" 200 79708 "-" "Mozilla/5.0 (compatible; AwarioBot/1.0; +https://awario.com/bots.html)"
52.25.208.208 - - [08/Nov/2023:03:55:59 +0100] "GET /alice-wonderland-jewelry-p-56304.html HTTP/1.0" 200 80769 "-" "thesis-research-bot"
3.224.220.101 - - [08/Nov/2023:03:55:59 +0100] "GET /white-lampshade-p-56280.html HTTP/1.0" 200 80495 "-" "Mozilla/5.0 (Macintosh; Intel Mac OS X 10_10_1) AppleWebKit/600.2.5 (KHTML, like Gecko) Version/8.0.2 Safari/600.2.5 (Amazonbot/0.1; +https://developer.amazon.com/support/amazonbot)"
44.230.252.91 - - [08/Nov/2023:03:56:00 +0100] "GET /gold-jewelry-stand-white-p-48823.html HTTP/1.0" 200 79868 "-" "thesis-research-bot"
52.70.240.171 - - [08/Nov/2023:03:56:00 +0100] "GET /lamp-paint-pink-p-58411.html HTTP/1.0" 200 80948 "-" "Mozilla/5.0 (Macintosh; Intel Mac OS X 10_10_1) AppleWebKit/600.2.5 (KHTML, like Gecko) Version/8.0.2 Safari/600.2.5 (Amazonbot/0.1; +https://developer.amazon.com/support/amazonbot)"
52.25.208.208 - - [08/Nov/2023:03:56:01 +0100] "GET /water-bottles-heaters-c-13_288.html HTTP/1.0" 200 97318 "-" "thesis-research-bot"
100.21.24.205 - - [08/Nov/2023:03:56:02 +0100] "GET /white-gold-jewelry-holder-p-58457.html HTTP/1.0" 200 80683 "-" "thesis-research-bot"
44.230.252.91 - - [08/Nov/2023:03:56:03 +0100] "GET /bucolic-atmosphere-training-bottle-cbkreation-p-49143.html HTTP/1.0" 200 80092 "-" "thesis-research-bot"
100.21.24.205 - - [08/Nov/2023:03:56:04 +0100] "GET /decorative-carpets-c-11_269_167.html HTTP/1.0" 200 96867 "-" "thesis-research-bot"
40.77.167.50 - - [08/Nov/2023:03:56:09 +0100] "GET /images/1300010237335.jpg HTTP/1.0" 200 259 "-" "Mozilla/5.0 (Windows NT 6.1; WOW64) AppleWebKit/534+ (KHTML, like Gecko) BingPreview/1.0b"
52.25.208.208 - - [08/Nov/2023:03:56:07 +0100] "GET /poncho-towel-p-5729.html HTTP/1.0" 200 79716 "-" "thesis-research-bot"
52.25.208.208 - - [08/Nov/2023:03:56:08 +0100] "GET /vent-bathrobe-size-p-45898.html HTTP/1.0" 200 79687 "-" "thesis-research-bot"
52.25.208.208 - - [08/Nov/2023:03:56:09 +0100] "GET /vent-bathrobe-size-p-45899.html HTTP/1.0" 200 79676 "-" "thesis-research-bot"
100.21.24.205 - - [08/Nov/2023:03:56:10 +0100] "GET /vent-bathrobe-size-p-45901.html HTTP/1.0" 200 79670 "-" "thesis-research-bot"
52.25.208.208 - - [08/Nov/2023:03:56:11 +0100] "GET /vent-bathrobe-size-p-45904.html HTTP/1.0" 200 79676 "-" "thesis-research-bot"
52.25.208.208 - - [08/Nov/2023:03:56:12 +0100] "GET /strawberry-shortcake-bathrobe-size-years-p-12632.html HTTP/1.0" 200 79945 "-" "thesis-research-bot"
23.22.35.162 - - [08/Nov/2023:03:56:14 +0100] "GET /-c-95_346.html HTTP/1.0" 200 76139 "-" "Mozilla/5.0 (Macintosh; Intel Mac OS X 10_10_1) AppleWebKit/600.2.5 (KHTML, like Gecko) Version/8.0.2 Safari/600.2.5 (Amazonbot/0.1; +https://developer.amazon.com/support/amazonbot)"
173.252.83.3 - - [08/Nov/2023:03:56:17 +0100] "GET /images/mini_prod/DSCN6089.jpg HTTP/1.0" 200 264 "-" "facebookexternalhit/1.1 (+http://www.facebook.com/externalhit_uatext.php)"
46.4.108.51 - - [08/Nov/2023:03:56:17 +0100] "GET /robots.txt HTTP/1.0" 200 245 "-" "Mozilla/5.0 (compatible; AwarioBot/1.0; +https://awario.com/bots.html)"
46.4.108.51 - - [08/Nov/2023:03:56:17 +0100] "GET /london-metal-keyring-union-jack-boot-p-35354.html HTTP/1.0" 200 79767 "-" "Mozilla/5.0 (compatible; AwarioBot/1.0; +https://awario.com/bots.html)"
52.70.240.171 - - [08/Nov/2023:03:56:20 +0100] "GET /butter-dish-c-12_222.html HTTP/1.0" 200 89443 "-" "Mozilla/5.0 (Macintosh; Intel Mac OS X 10_10_1) AppleWebKit/600.2.5 (KHTML, like Gecko) Version/8.0.2 Safari/600.2.5 (Amazonbot/0.1; +https://developer.amazon.com/support/amazonbot)"
52.70.240.171 - - [08/Nov/2023:03:56:22 +0100] "GET /decorations-c-13_89.html HTTP/1.0" 200 97703 "-" "Mozilla/5.0 (Macintosh; Intel Mac OS X 10_10_1) AppleWebKit/600.2.5 (KHTML, like Gecko) Version/8.0.2 Safari/600.2.5 (Amazonbot/0.1; +https://developer.amazon.com/support/amazonbot)"
85.208.96.206 - - [08/Nov/2023:03:56:23 +0100] "GET /novena-candle-saint-mary-magdalene-hope-p-59348.html HTTP/1.0" 200 80642 "-" "Mozilla/5.0 (compatible; SemrushBot/7~bl; +http://www.semrush.com/bot.html)"
52.70.240.171 - - [08/Nov/2023:03:56:24 +0100] "GET /chameleon-night-light-p-55544.html HTTP/1.0" 200 80793 "-" "Mozilla/5.0 (Macintosh; Intel Mac OS X 10_10_1) AppleWebKit/600.2.5 (KHTML, like Gecko) Version/8.0.2 Safari/600.2.5 (Amazonbot/0.1; +https://developer.amazon.com/support/amazonbot)"
128.42.29.48 - - [08/Nov/2023:03:56:28 +0100] "GET /images/mini_prod/3609810061897.jpg HTTP/1.0" 200 269 "-" "Mozilla/5.0 (X11; Ubuntu; Linux x86_64; rv:72.0) Gecko/20100101 Firefox/72.0"
185.191.171.4 - - [08/Nov/2023:03:56:26 +0100] "GET /night-lights-c-86_278.html HTTP/1.0" 200 97911 "-" "Mozilla/5.0 (compatible; SemrushBot/7~bl; +http://www.semrush.com/bot.html)"
23.22.35.162 - - [08/Nov/2023:03:56:27 +0100] "GET /himalayan-mini-mood-salt-lamp-pyramid-p-40685.html HTTP/1.0" 200 81738 "-" "Mozilla/5.0 (Macintosh; Intel Mac OS X 10_10_1) AppleWebKit/600.2.5 (KHTML, like Gecko) Version/8.0.2 Safari/600.2.5 (Amazonbot/0.1; +https://developer.amazon.com/support/amazonbot)"
52.25.208.208 - - [08/Nov/2023:03:56:30 +0100] "GET /happy-hobo-p-5336.html HTTP/1.0" 200 79843 "-" "thesis-research-bot"
44.230.252.91 - - [08/Nov/2023:03:56:31 +0100] "GET /pucca-shopping-p-12826.html HTTP/1.0" 200 79778 "-" "thesis-research-bot"
23.22.35.162 - - [08/Nov/2023:03:56:31 +0100] "GET /anthracite-sandstone-lamp-p-58977.html HTTP/1.0" 200 80396 "-" "Mozilla/5.0 (Macintosh; Intel Mac OS X 10_10_1) AppleWebKit/600.2.5 (KHTML, like Gecko) Version/8.0.2 Safari/600.2.5 (Amazonbot/0.1; +https://developer.amazon.com/support/amazonbot)"
85.208.96.194 - - [08/Nov/2023:03:56:32 +0100] "GET /stop-sign-metal-plate-deco-p-35654.html HTTP/1.0" 200 79677 "-" "Mozilla/5.0 (compatible; SemrushBot/7~bl; +http://www.semrush.com/bot.html)"
100.21.24.205 - - [08/Nov/2023:03:56:32 +0100] "GET /little-prince-tote-p-50595.html HTTP/1.0" 200 79694 "-" "thesis-research-bot"
44.230.252.91 - - [08/Nov/2023:03:56:33 +0100] "GET /hannah-montana-shopping-coin-purse-p-7617.html HTTP/1.0" 200 80243 "-" "thesis-research-bot"
100.21.24.205 - - [08/Nov/2023:03:56:34 +0100] "GET /high-school-musical-black-shopping-p-24268.html HTTP/1.0" 200 80046 "-" "thesis-research-bot"
46.4.108.51 - - [08/Nov/2023:03:56:35 +0100] "GET /london-metal-keyring-union-jack-purse-p-35355.html HTTP/1.0" 200 79775 "-" "Mozilla/5.0 (compatible; AwarioBot/1.0; +https://awario.com/bots.html)"
100.21.24.205 - - [08/Nov/2023:03:56:35 +0100] "GET /keith-haring-tote-p-29252.html HTTP/1.0" 200 79675 "-" "thesis-research-bot"
52.25.208.208 - - [08/Nov/2023:03:56:36 +0100] "GET /keith-haring-tote-p-39089.html HTTP/1.0" 200 79693 "-" "thesis-research-bot"
52.25.208.208 - - [08/Nov/2023:03:56:37 +0100] "GET /french-riviera-small-p-38724.html HTTP/1.0" 200 79979 "-" "thesis-research-bot"
100.21.24.205 - - [08/Nov/2023:03:56:38 +0100] "GET /hannah-montana-postman-p-1485.html HTTP/1.0" 200 80055 "-" "thesis-research-bot"
52.25.208.208 - - [08/Nov/2023:03:56:39 +0100] "GET /little-miss-sunshine-hobo-p-5338.html HTTP/1.0" 200 79925 "-" "thesis-research-bot"
17.241.75.146 - - [08/Nov/2023:03:56:49 +0100] "GET /animals-pencil-cbkreation-p-45063.html HTTP/1.0" 200 79703 "-" "Mozilla/5.0 (Macintosh; Intel Mac OS X 10_15_5) AppleWebKit/605.1.15 (KHTML, like Gecko) Version/13.1.1 Safari/605.1.15 (Applebot/0.1; +http://www.apple.com/go/applebot)"
46.4.108.51 - - [08/Nov/2023:03:56:51 +0100] "GET /london-metal-keyring-welsh-guard-p-35353.html HTTP/1.0" 200 79733 "-" "Mozilla/5.0 (compatible; AwarioBot/1.0; +https://awario.com/bots.html)"
203.185.130.166 - - [08/Nov/2023:03:56:53 +0100] "GET /images/mini_prod/1384010207260.jpg HTTP/1.0" 200 269 "-" "Mozilla/5.0 (X11; Ubuntu; Linux x86_64; rv:72.0) Gecko/20100101 Firefox/72.0"
46.4.108.51 - - [08/Nov/2023:03:56:57 +0100] "GET /london-mirror-p-29317.html HTTP/1.0" 200 79634 "-" "Mozilla/5.0 (compatible; AwarioBot/1.0; +https://awario.com/bots.html)"
44.230.252.91 - - [08/Nov/2023:03:57:02 +0100] "GET /bear-decoration-p-41951.html HTTP/1.0" 200 79728 "-" "thesis-research-bot"
46.4.108.51 - - [08/Nov/2023:03:57:03 +0100] "GET /london-mirror-p-29319.html HTTP/1.0" 200 79638 "-" "Mozilla/5.0 (compatible; AwarioBot/1.0; +https://awario.com/bots.html)"
100.21.24.205 - - [08/Nov/2023:03:57:03 +0100] "GET /bear-decoration-p-56570.html HTTP/1.0" 200 80340 "-" "thesis-research-bot"
52.25.208.208 - - [08/Nov/2023:03:57:04 +0100] "GET /snowman-decoration-p-41953.html HTTP/1.0" 200 79752 "-" "thesis-research-bot"
85.208.96.202 - - [08/Nov/2023:03:57:05 +0100] "GET /porcelain-mermaid-p-54481.html HTTP/1.0" 200 79588 "-" "Mozilla/5.0 (compatible; SemrushBot/7~bl; +http://www.semrush.com/bot.html)"
52.25.208.208 - - [08/Nov/2023:03:57:05 +0100] "GET /vivace-bedspread-p-61211.html HTTP/1.0" 200 80299 "-" "thesis-research-bot"
52.25.208.208 - - [08/Nov/2023:03:57:06 +0100] "GET /sixtine-plaid-p-51299.html HTTP/1.0" 200 80329 "-" "thesis-research-bot"
100.21.24.205 - - [08/Nov/2023:03:57:07 +0100] "GET /snowman-decoration-p-49646.html HTTP/1.0" 200 79700 "-" "thesis-research-bot"
52.25.208.208 - - [08/Nov/2023:03:57:08 +0100] "GET /boutis-bedspread-pillowcases-cynthia-p-60290.html HTTP/1.0" 200 80946 "-" "thesis-research-bot"
44.230.252.91 - - [08/Nov/2023:03:57:09 +0100] "GET /boutis-bedspread-pillowcases-cynthia-p-60291.html HTTP/1.0" 200 80946 "-" "thesis-research-bot"
100.21.24.205 - - [08/Nov/2023:03:57:10 +0100] "GET /boutis-bedspread-pillowcases-cynthia-p-60292.html HTTP/1.0" 200 80946 "-" "thesis-research-bot"
185.191.171.15 - - [08/Nov/2023:03:57:11 +0100] "GET /paris-macarons-p-44540.html HTTP/1.0" 200 77325 "-" "Mozilla/5.0 (compatible; SemrushBot/7~bl; +http://www.semrush.com/bot.html)"
44.230.252.91 - - [08/Nov/2023:03:57:11 +0100] "GET /boutis-bedspread-pillowcases-bamako-p-60420.html HTTP/1.0" 200 80700 "-" "thesis-research-bot"
44.230.252.91 - - [08/Nov/2023:03:57:12 +0100] "GET /boutis-bedspread-pillowcases-arkansas-p-38894.html HTTP/1.0" 200 80957 "-" "thesis-research-bot"
52.25.208.208 - - [08/Nov/2023:03:57:13 +0100] "GET /boutis-bedspread-pillowcases-arkansas-p-39592.html HTTP/1.0" 200 80570 "-" "thesis-research-bot"
52.25.208.208 - - [08/Nov/2023:03:57:14 +0100] "GET /small-plush-ball-tree-decoration-bear-p-56330.html HTTP/1.0" 200 80741 "-" "thesis-research-bot"
46.4.108.51 - - [08/Nov/2023:03:57:14 +0100] "GET /london-piggy-moneybox-p-27853.html HTTP/1.0" 200 79596 "-" "Mozilla/5.0 (compatible; AwarioBot/1.0; +https://awario.com/bots.html)"
100.21.24.205 - - [08/Nov/2023:03:57:15 +0100] "GET /boutis-bedspread-pillowcases-julianne-blue-p-60419.html HTTP/1.0" 200 80763 "-" "thesis-research-bot"
44.230.252.91 - - [08/Nov/2023:03:57:16 +0100] "GET /gund-mini-plush-beige-p-51581.html HTTP/1.0" 200 79809 "-" "thesis-research-bot"
100.21.24.205 - - [08/Nov/2023:03:57:17 +0100] "GET /heart-bear-decoration-p-56121.html HTTP/1.0" 200 79768 "-" "thesis-research-bot"
100.21.24.205 - - [08/Nov/2023:03:57:18 +0100] "GET /beige-sherpa-ribbed-flannel-sofa-p-59927.html HTTP/1.0" 200 81285 "-" "thesis-research-bot"
185.191.171.13 - - [08/Nov/2023:03:57:19 +0100] "GET /plastic-fiber-lamp-p-48682.html HTTP/1.0" 200 80289 "-" "Mozilla/5.0 (compatible; SemrushBot/7~bl; +http://www.semrush.com/bot.html)"
52.25.208.208 - - [08/Nov/2023:03:57:19 +0100] "GET /small-plush-ball-tree-decoration-p-56329.html HTTP/1.0" 200 80725 "-" "thesis-research-bot"
44.230.252.91 - - [08/Nov/2023:03:57:20 +0100] "GET /grey-sherpa-ribbed-flannel-sofa-p-60091.html HTTP/1.0" 200 81502 "-" "thesis-research-bot"
44.230.252.91 - - [08/Nov/2023:03:57:21 +0100] "GET /grey-sherpa-ribbed-flannel-sofa-p-60092.html HTTP/1.0" 200 81515 "-" "thesis-research-bot"
52.25.208.208 - - [08/Nov/2023:03:57:22 +0100] "GET /plush-christmas-tree-decoration-p-49648.html HTTP/1.0" 200 79762 "-" "thesis-research-bot"
3.224.220.101 - - [08/Nov/2023:03:57:22 +0100] "GET /tree-life-mini-salt-lamp-p-59208.html HTTP/1.0" 200 81562 "-" "Mozilla/5.0 (Macintosh; Intel Mac OS X 10_10_1) AppleWebKit/600.2.5 (KHTML, like Gecko) Version/8.0.2 Safari/600.2.5 (Amazonbot/0.1; +https://developer.amazon.com/support/amazonbot)"
44.230.252.91 - - [08/Nov/2023:03:57:23 +0100] "GET /plush-christmas-tree-decoration-p-49649.html HTTP/1.0" 200 79762 "-" "thesis-research-bot"
182.22.30.9 - - [08/Nov/2023:03:57:23 +0100] "GET /fairy-lights-c-86_279.html HTTP/1.0" 200 93035 "-" "Mozilla/5.0 (compatible; Y!J-WSC/1.0; +https://yahoo.jp/3BSZgF)"
44.230.252.91 - - [08/Nov/2023:03:57:24 +0100] "GET /plush-christmas-tree-decoration-p-49650.html HTTP/1.0" 200 79762 "-" "thesis-research-bot"
52.25.208.208 - - [08/Nov/2023:03:57:25 +0100] "GET /plush-christmas-tree-decoration-p-49651.html HTTP/1.0" 200 79762 "-" "thesis-research-bot"
173.252.83.7 - - [08/Nov/2023:03:57:27 +0100] "GET /images/mini_prod/1399984263082.jpg HTTP/1.0" 200 269 "-" "facebookexternalhit/1.1 (+http://www.facebook.com/externalhit_uatext.php)"
52.25.208.208 - - [08/Nov/2023:03:57:26 +0100] "GET /plush-christmas-tree-decoration-p-49652.html HTTP/1.0" 200 79762 "-" "thesis-research-bot"
44.230.252.91 - - [08/Nov/2023:03:57:27 +0100] "GET /plush-christmas-tree-decoration-p-49653.html HTTP/1.0" 200 79762 "-" "thesis-research-bot"
100.21.24.205 - - [08/Nov/2023:03:57:28 +0100] "GET /unicorn-plush-gold-white-p-49626.html HTTP/1.0" 200 79728 "-" "thesis-research-bot"
46.4.108.51 - - [08/Nov/2023:03:57:28 +0100] "GET /london-poster-p-14409.html HTTP/1.0" 200 79532 "-" "Mozilla/5.0 (compatible; AwarioBot/1.0; +https://awario.com/bots.html)"
52.25.208.208 - - [08/Nov/2023:03:57:29 +0100] "GET /unicorn-plush-pink-white-p-47653.html HTTP/1.0" 200 79781 "-" "thesis-research-bot"
173.252.83.117 - - [08/Nov/2023:03:57:31 +0100] "GET /images/mini_prod/5010994737429.jpg HTTP/1.0" 200 269 "-" "facebookexternalhit/1.1 (+http://www.facebook.com/externalhit_uatext.php)"
44.230.252.91 - - [08/Nov/2023:03:57:30 +0100] "GET /vivace-bedspread-tobacco-p-61209.html HTTP/1.0" 200 80548 "-" "thesis-research-bot"
52.25.208.208 - - [08/Nov/2023:03:57:31 +0100] "GET /gipsy-lichen-bedspread-p-60887.html HTTP/1.0" 200 79991 "-" "thesis-research-bot"
100.21.24.205 - - [08/Nov/2023:03:57:32 +0100] "GET /gipsy-lichen-bedspread-p-60888.html HTTP/1.0" 200 79991 "-" "thesis-research-bot"
100.21.24.205 - - [08/Nov/2023:03:57:33 +0100] "GET /unicorn-plush-parma-white-p-47654.html HTTP/1.0" 200 79736 "-" "thesis-research-bot"
46.4.108.51 - - [08/Nov/2023:03:57:38 +0100] "GET /london-rectangular-mirror-p-37758.html HTTP/1.0" 200 79636 "-" "Mozilla/5.0 (compatible; AwarioBot/1.0; +https://awario.com/bots.html)"
52.70.240.171 - - [08/Nov/2023:03:57:38 +0100] "GET /chameleon-night-light-p-59653.html HTTP/1.0" 200 80992 "-" "Mozilla/5.0 (Macintosh; Intel Mac OS X 10_10_1) AppleWebKit/600.2.5 (KHTML, like Gecko) Version/8.0.2 Safari/600.2.5 (Amazonbot/0.1; +https://developer.amazon.com/support/amazonbot)"
23.22.35.162 - - [08/Nov/2023:03:57:40 +0100] "GET /unicorn-nightlight-p-58488.html HTTP/1.0" 200 80911 "-" "Mozilla/5.0 (Macintosh; Intel Mac OS X 10_10_1) AppleWebKit/600.2.5 (KHTML, like Gecko) Version/8.0.2 Safari/600.2.5 (Amazonbot/0.1; +https://developer.amazon.com/support/amazonbot)"
46.4.108.51 - - [08/Nov/2023:03:57:44 +0100] "GET /london-union-jack-black-shirt-p-30145.html HTTP/1.0" 200 80868 "-" "Mozilla/5.0 (compatible; AwarioBot/1.0; +https://awario.com/bots.html)"
52.70.240.171 - - [08/Nov/2023:03:57:44 +0100] "GET /narval-night-light-p-59655.html HTTP/1.0" 200 80822 "-" "Mozilla/5.0 (Macintosh; Intel Mac OS X 10_10_1) AppleWebKit/600.2.5 (KHTML, like Gecko) Version/8.0.2 Safari/600.2.5 (Amazonbot/0.1; +https://developer.amazon.com/support/amazonbot)"
52.70.240.171 - - [08/Nov/2023:03:57:45 +0100] "GET /lucky-night-light-p-59652.html HTTP/1.0" 200 81221 "-" "Mozilla/5.0 (Macintosh; Intel Mac OS X 10_10_1) AppleWebKit/600.2.5 (KHTML, like Gecko) Version/8.0.2 Safari/600.2.5 (Amazonbot/0.1; +https://developer.amazon.com/support/amazonbot)"
52.25.208.208 - - [08/Nov/2023:03:57:46 +0100] "GET /stitch-heart-collection-statuette-p-47669.html HTTP/1.0" 200 81432 "-" "thesis-research-bot"
52.25.208.208 - - [08/Nov/2023:03:57:47 +0100] "GET /stitch-guitar-collection-statuette-p-51399.html HTTP/1.0" 200 80991 "-" "thesis-research-bot"
52.25.208.208 - - [08/Nov/2023:03:57:48 +0100] "GET /winnie-pooh-with-honey-mini-figurine-p-41978.html HTTP/1.0" 200 81068 "-" "thesis-research-bot"
52.70.240.171 - - [08/Nov/2023:03:57:48 +0100] "GET /kangaroo-mother-baby-night-light-p-58489.html HTTP/1.0" 200 81169 "-" "Mozilla/5.0 (Macintosh; Intel Mac OS X 10_10_1) AppleWebKit/600.2.5 (KHTML, like Gecko) Version/8.0.2 Safari/600.2.5 (Amazonbot/0.1; +https://developer.amazon.com/support/amazonbot)"
100.21.24.205 - - [08/Nov/2023:03:57:49 +0100] "GET /candle-raclette-p-59106.html HTTP/1.0" 200 80633 "-" "thesis-research-bot"
44.230.252.91 - - [08/Nov/2023:03:57:50 +0100] "GET /artisan-citrus-juicer-large-black-p-59213.html HTTP/1.0" 200 82472 "-" "thesis-research-bot"
52.25.208.208 - - [08/Nov/2023:03:57:51 +0100] "GET /artisan-citrus-juicer-small-black-p-59214.html HTTP/1.0" 200 82501 "-" "thesis-research-bot"
52.25.208.208 - - [08/Nov/2023:03:57:52 +0100] "GET /artisan-citrus-juicer-small-green-p-57502.html HTTP/1.0" 200 82724 "-" "thesis-research-bot"
44.230.252.91 - - [08/Nov/2023:03:57:53 +0100] "GET /chewing-dispenser-p-58409.html HTTP/1.0" 200 80485 "-" "thesis-research-bot"
52.25.208.208 - - [08/Nov/2023:03:57:54 +0100] "GET /thermometers-meat-p-48685.html HTTP/1.0" 200 79624 "-" "thesis-research-bot"
121.52.244.247 - - [08/Nov/2023:03:57:56 +0100] "GET /images/mini_prod/1300000790673.jpg HTTP/1.0" 200 269 "-" "Mozilla/5.0 (X11; Ubuntu; Linux x86_64; rv:72.0) Gecko/20100101 Firefox/72.0"
52.25.208.208 - - [08/Nov/2023:03:57:55 +0100] "GET /piston-coffee-maker-p-41737.html HTTP/1.0" 200 79665 "-" "thesis-research-bot"
185.191.171.17 - - [08/Nov/2023:03:57:56 +0100] "GET /bamboo-fiber-plant-cover-p-58913.html HTTP/1.0" 200 80465 "-" "Mozilla/5.0 (compatible; SemrushBot/7~bl; +http://www.semrush.com/bot.html)"
52.25.208.208 - - [08/Nov/2023:03:57:56 +0100] "GET /artisan-citrus-juicer-large-rose-gold-p-57506.html HTTP/1.0" 200 82989 "-" "thesis-research-bot"
52.25.208.208 - - [08/Nov/2023:03:57:57 +0100] "GET /mickey-mouse-with-flowers-mini-figurine-p-57156.html HTTP/1.0" 200 81021 "-" "thesis-research-bot"
44.230.252.91 - - [08/Nov/2023:03:57:58 +0100] "GET /stitch-laying-down-collection-statuette-p-47679.html HTTP/1.0" 200 81492 "-" "thesis-research-bot"
46.4.108.51 - - [08/Nov/2023:03:57:59 +0100] "GET /london-union-jack-shirt-p-29619.html HTTP/1.0" 200 80806 "-" "Mozilla/5.0 (compatible; AwarioBot/1.0; +https://awario.com/bots.html)"
100.21.24.205 - - [08/Nov/2023:03:57:59 +0100] "GET /figaro-mini-figurine-p-45990.html HTTP/1.0" 200 81038 "-" "thesis-research-bot"
100.21.24.205 - - [08/Nov/2023:03:58:00 +0100] "GET /marble-mortar-pestle-p-60082.html HTTP/1.0" 200 80448 "-" "thesis-research-bot"
52.25.208.208 - - [08/Nov/2023:03:58:01 +0100] "GET /stitch-mini-figurine-p-56808.html HTTP/1.0" 200 80653 "-" "thesis-research-bot"
85.208.96.208 - - [08/Nov/2023:03:58:02 +0100] "GET /-p-36374.html HTTP/1.0" 200 77271 "-" "Mozilla/5.0 (compatible; SemrushBot/7~bl; +http://www.semrush.com/bot.html)"
52.25.208.208 - - [08/Nov/2023:03:58:03 +0100] "GET /small-stick-stitch-collectible-statuette-p-56317.html HTTP/1.0" 200 81026 "-" "thesis-research-bot"
44.230.252.91 - - [08/Nov/2023:03:58:02 +0100] "GET /parmesan-grater-with-multi-purpose-board-p-59105.html HTTP/1.0" 200 80956 "-" "thesis-research-bot"
52.25.208.208 - - [08/Nov/2023:03:58:05 +0100] "GET /strawberry-shortcake-poncho-years-p-31118.html HTTP/1.0" 200 80886 "-" "thesis-research-bot"
44.230.252.91 - - [08/Nov/2023:03:58:04 +0100] "GET /small-dancing-stitch-collectible-statuette-p-56316.html HTTP/1.0" 200 81006 "-" "thesis-research-bot"
23.22.35.162 - - [08/Nov/2023:03:58:06 +0100] "GET /anise-green-gold-sandstone-lamp-p-58974.html HTTP/1.0" 200 80578 "-" "Mozilla/5.0 (Macintosh; Intel Mac OS X 10_10_1) AppleWebKit/600.2.5 (KHTML, like Gecko) Version/8.0.2 Safari/600.2.5 (Amazonbot/0.1; +https://developer.amazon.com/support/amazonbot)"
52.25.208.208 - - [08/Nov/2023:03:58:06 +0100] "GET /strawberry-shortcake-poncho-years-p-31119.html HTTP/1.0" 200 80893 "-" "thesis-research-bot"
44.230.252.91 - - [08/Nov/2023:03:58:07 +0100] "GET /strawberry-shortcake-poncho-years-p-31120.html HTTP/1.0" 200 80891 "-" "thesis-research-bot"
46.4.108.51 - - [08/Nov/2023:03:58:08 +0100] "GET /london-westminster-rectangular-mirror-p-29009.html HTTP/1.0" 200 79732 "-" "Mozilla/5.0 (compatible; AwarioBot/1.0; +https://awario.com/bots.html)"
44.230.252.91 - - [08/Nov/2023:03:58:08 +0100] "GET /strawberry-shortcake-embroidered-vest-p-36364.html HTTP/1.0" 200 81007 "-" "thesis-research-bot"
85.208.96.206 - - [08/Nov/2023:03:58:09 +0100] "GET /cement-glasses-flower-p-56908.html HTTP/1.0" 200 77353 "-" "Mozilla/5.0 (compatible; SemrushBot/7~bl; +http://www.semrush.com/bot.html)"
100.21.24.205 - - [08/Nov/2023:03:58:09 +0100] "GET /pegasus-mini-figurine-p-45992.html HTTP/1.0" 200 80899 "-" "thesis-research-bot"
52.25.208.208 - - [08/Nov/2023:03:58:10 +0100] "GET /seagrass-napkin-rings-p-60085.html HTTP/1.0" 200 79686 "-" "thesis-research-bot"
52.25.208.208 - - [08/Nov/2023:03:58:11 +0100] "GET /seagrass-napkin-rings-p-60086.html HTTP/1.0" 200 80299 "-" "thesis-research-bot"
52.25.208.208 - - [08/Nov/2023:03:58:12 +0100] "GET /artisan-citrus-juicer-large-gold-p-57505.html HTTP/1.0" 200 83120 "-" "thesis-research-bot"
44.230.252.91 - - [08/Nov/2023:03:58:14 +0100] "GET /artisan-citrus-juicer-small-gold-p-57504.html HTTP/1.0" 200 82928 "-" "thesis-research-bot"
100.21.24.205 - - [08/Nov/2023:03:58:14 +0100] "GET /spice-furniture-wooden-turnstile-p-47326.html HTTP/1.0" 200 80543 "-" "thesis-research-bot"
44.230.252.91 - - [08/Nov/2023:03:58:15 +0100] "GET /thumper-mini-figurine-collection-p-57284.html HTTP/1.0" 200 81153 "-" "thesis-research-bot"
100.21.24.205 - - [08/Nov/2023:03:58:16 +0100] "GET /double-dispenser-cereals-p-50116.html HTTP/1.0" 200 80281 "-" "thesis-research-bot"
44.230.252.91 - - [08/Nov/2023:03:58:17 +0100] "GET /kitchen-timer-pink-metal-p-40920.html HTTP/1.0" 200 79652 "-" "thesis-research-bot"
52.25.208.208 - - [08/Nov/2023:03:58:18 +0100] "GET /cheshire-mini-figurine-p-39113.html HTTP/1.0" 200 80264 "-" "thesis-research-bot"
185.191.171.18 - - [08/Nov/2023:03:58:19 +0100] "GET /double-door-bottom-cushion-belle-p-59712.html HTTP/1.0" 200 80666 "-" "Mozilla/5.0 (compatible; SemrushBot/7~bl; +http://www.semrush.com/bot.html)"
52.25.208.208 - - [08/Nov/2023:03:58:19 +0100] "GET /marie-heart-mini-figurine-p-58347.html HTTP/1.0" 200 80799 "-" "thesis-research-bot"
100.21.24.205 - - [08/Nov/2023:03:58:20 +0100] "GET /white-cereal-dispenser-p-47517.html HTTP/1.0" 200 80779 "-" "thesis-research-bot"
46.4.108.51 - - [08/Nov/2023:03:58:22 +0100] "GET /robots.txt HTTP/1.0" 200 245 "-" "Mozilla/5.0 (compatible; AwarioBot/1.0; +https://awario.com/bots.html)"
52.25.208.208 - - [08/Nov/2023:03:58:21 +0100] "GET /sleepy-figure-collection-disney-tired-dwarf-p-23122.html HTTP/1.0" 200 79922 "-" "thesis-research-bot"
100.21.24.205 - - [08/Nov/2023:03:58:22 +0100] "GET /charmmy-kitty-waistcoat-p-31126.html HTTP/1.0" 200 80844 "-" "thesis-research-bot"
46.4.108.51 - - [08/Nov/2023:03:58:22 +0100] "GET /looney-tunes-black-shirt-p-30146.html HTTP/1.0" 200 81374 "-" "Mozilla/5.0 (compatible; AwarioBot/1.0; +https://awario.com/bots.html)"
52.25.208.208 - - [08/Nov/2023:03:58:23 +0100] "GET /mickey-mouse-blue-swimsuit-p-30484.html HTTP/1.0" 200 80832 "-" "thesis-research-bot"
44.230.252.91 - - [08/Nov/2023:03:58:24 +0100] "GET /mickey-mouse-green-swimsuit-p-30577.html HTTP/1.0" 200 80804 "-" "thesis-research-bot"
3.224.220.101 - - [08/Nov/2023:03:58:25 +0100] "GET /pink-gold-sandstone-lamp-p-58972.html HTTP/1.0" 200 80411 "-" "Mozilla/5.0 (Macintosh; Intel Mac OS X 10_10_1) AppleWebKit/600.2.5 (KHTML, like Gecko) Version/8.0.2 Safari/600.2.5 (Amazonbot/0.1; +https://developer.amazon.com/support/amazonbot)"
44.230.252.91 - - [08/Nov/2023:03:58:25 +0100] "GET /winnie-pooh-orange-swimsuit-p-30832.html HTTP/1.0" 200 81431 "-" "thesis-research-bot"
185.191.171.11 - - [08/Nov/2023:03:58:26 +0100] "GET /bracelets-c-3_200.html?page=2 HTTP/1.0" 200 98042 "-" "Mozilla/5.0 (compatible; SemrushBot/7~bl; +http://www.semrush.com/bot.html)"
23.22.35.162 - - [08/Nov/2023:03:58:26 +0100] "GET /cotton-rabbit-night-light-p-55384.html HTTP/1.0" 200 81592 "-" "Mozilla/5.0 (Macintosh; Intel Mac OS X 10_10_1) AppleWebKit/600.2.5 (KHTML, like Gecko) Version/8.0.2 Safari/600.2.5 (Amazonbot/0.1; +https://developer.amazon.com/support/amazonbot)"
85.208.96.195 - - [08/Nov/2023:03:58:28 +0100] "GET /robots.txt HTTP/1.0" 200 245 "-" "Mozilla/5.0 (compatible; SemrushBot/7~bl; +http://www.semrush.com/bot.html)"
44.230.252.91 - - [08/Nov/2023:03:58:26 +0100] "GET /boys-c-2.html?page=2 HTTP/1.0" 200 91470 "-" "thesis-research-bot"
85.208.96.209 - - [08/Nov/2023:03:58:29 +0100] "GET /kimmidoll-keyring-p-44097.html HTTP/1.0" 200 77329 "-" "Mozilla/5.0 (compatible; SemrushBot/7~bl; +http://www.semrush.com/bot.html)"
23.22.35.162 - - [08/Nov/2023:03:58:31 +0100] "GET /coco-koala-night-light-p-55382.html HTTP/1.0" 200 81111 "-" "Mozilla/5.0 (Macintosh; Intel Mac OS X 10_10_1) AppleWebKit/600.2.5 (KHTML, like Gecko) Version/8.0.2 Safari/600.2.5 (Amazonbot/0.1; +https://developer.amazon.com/support/amazonbot)"
46.4.108.51 - - [08/Nov/2023:03:58:32 +0100] "GET /losc-lille-kids-school-p-59808.html HTTP/1.0" 200 80762 "-" "Mozilla/5.0 (compatible; AwarioBot/1.0; +https://awario.com/bots.html)"
3.224.220.101 - - [08/Nov/2023:03:58:33 +0100] "GET /night-light-coral-mermaid-p-60423.html HTTP/1.0" 200 81116 "-" "Mozilla/5.0 (Macintosh; Intel Mac OS X 10_10_1) AppleWebKit/600.2.5 (KHTML, like Gecko) Version/8.0.2 Safari/600.2.5 (Amazonbot/0.1; +https://developer.amazon.com/support/amazonbot)"
23.22.35.162 - - [08/Nov/2023:03:58:36 +0100] "GET /mini-mood-selenite-lamp-white-surface-light-p-40687.html HTTP/1.0" 200 82275 "-" "Mozilla/5.0 (Macintosh; Intel Mac OS X 10_10_1) AppleWebKit/600.2.5 (KHTML, like Gecko) Version/8.0.2 Safari/600.2.5 (Amazonbot/0.1; +https://developer.amazon.com/support/amazonbot)"
23.22.35.162 - - [08/Nov/2023:03:58:39 +0100] "GET /night-light-shape-fawn-p-59654.html HTTP/1.0" 200 81245 "-" "Mozilla/5.0 (Macintosh; Intel Mac OS X 10_10_1) AppleWebKit/600.2.5 (KHTML, like Gecko) Version/8.0.2 Safari/600.2.5 (Amazonbot/0.1; +https://developer.amazon.com/support/amazonbot)"
185.191.171.6 - - [08/Nov/2023:03:58:40 +0100] "GET /-p-30841.html HTTP/1.0" 200 77271 "-" "Mozilla/5.0 (compatible; SemrushBot/7~bl; +http://www.semrush.com/bot.html)"
52.70.240.171 - - [08/Nov/2023:03:58:41 +0100] "GET /coconut-fibers-doormat-home-sweet-home-p-52140.html HTTP/1.0" 200 80904 "-" "Mozilla/5.0 (Macintosh; Intel Mac OS X 10_10_1) AppleWebKit/600.2.5 (KHTML, like Gecko) Version/8.0.2 Safari/600.2.5 (Amazonbot/0.1; +https://developer.amazon.com/support/amazonbot)"
100.21.24.205 - - [08/Nov/2023:03:58:41 +0100] "GET /-c-95_321.html HTTP/1.0" 200 76139 "-" "thesis-research-bot"
52.25.208.208 - - [08/Nov/2023:03:58:42 +0100] "GET /adults-c-53.html HTTP/1.0" 200 98615 "-" "thesis-research-bot"
44.230.252.91 - - [08/Nov/2023:03:58:43 +0100] "GET /glitters-p-53394.html HTTP/1.0" 200 79573 "-" "thesis-research-bot"
44.230.252.91 - - [08/Nov/2023:03:58:44 +0100] "GET /gormiti-stamp-p-6583.html HTTP/1.0" 200 79809 "-" "thesis-research-bot"
100.21.24.205 - - [08/Nov/2023:03:58:45 +0100] "GET /glitters-black-p-53392.html HTTP/1.0" 200 79591 "-" "thesis-research-bot"
100.21.24.205 - - [08/Nov/2023:03:58:46 +0100] "GET /glitters-green-p-53396.html HTTP/1.0" 200 79592 "-" "thesis-research-bot"
17.241.227.191 - - [08/Nov/2023:03:58:48 +0100] "GET /images/mini_prod/3442440232660Z.jpg HTTP/1.0" 200 270 "-" "Mozilla/5.0 (Macintosh; Intel Mac OS X 10_15_5) AppleWebKit/605.1.15 (KHTML, like Gecko) Version/13.1.1 Safari/605.1.15 (Applebot/0.1; +http://www.apple.com/go/applebot)"
44.230.252.91 - - [08/Nov/2023:03:58:47 +0100] "GET /glitters-white-p-53393.html HTTP/1.0" 200 79592 "-" "thesis-research-bot"
44.230.252.91 - - [08/Nov/2023:03:58:48 +0100] "GET /cars-ball-filled-p-11526.html HTTP/1.0" 200 80023 "-" "thesis-research-bot"
52.25.208.208 - - [08/Nov/2023:03:58:49 +0100] "GET /glitters-blue-p-53397.html HTTP/1.0" 200 79586 "-" "thesis-research-bot"
44.230.252.91 - - [08/Nov/2023:03:58:50 +0100] "GET /glitters-pink-p-53395.html HTTP/1.0" 200 79587 "-" "thesis-research-bot"
100.21.24.205 - - [08/Nov/2023:03:58:51 +0100] "GET /shirts-sweatshirts-c-53_54.html HTTP/1.0" 200 99328 "-" "thesis-research-bot"
52.25.208.208 - - [08/Nov/2023:03:58:52 +0100] "GET /miracle-tattoos-augmented-reality-p-30661.html HTTP/1.0" 200 80479 "-" "thesis-research-bot"
44.230.252.91 - - [08/Nov/2023:03:58:53 +0100] "GET /miracle-tattoos-augmented-reality-p-30664.html HTTP/1.0" 200 80592 "-" "thesis-research-bot"
52.25.208.208 - - [08/Nov/2023:03:58:54 +0100] "GET /avengers-stickers-p-31212.html HTTP/1.0" 200 79642 "-" "thesis-research-bot"
52.25.208.208 - - [08/Nov/2023:03:58:55 +0100] "GET /decoration-hippos-p-21332.html HTTP/1.0" 200 80066 "-" "thesis-research-bot"
44.230.252.91 - - [08/Nov/2023:03:58:56 +0100] "GET /bamboo-flower-cover-p-55091.html HTTP/1.0" 200 80272 "-" "thesis-research-bot"
52.25.208.208 - - [08/Nov/2023:03:58:57 +0100] "GET /court-sleeves-shirts-c-2_39.html HTTP/1.0" 200 83486 "-" "thesis-research-bot"
52.25.208.208 - - [08/Nov/2023:03:58:58 +0100] "GET /disney-princess-christmas-ball-filled-p-11525.html HTTP/1.0" 200 80175 "-" "thesis-research-bot"
44.230.252.91 - - [08/Nov/2023:03:58:59 +0100] "GET /chica-loca-invitation-p-17463.html HTTP/1.0" 200 79874 "-" "thesis-research-bot"
46.4.108.51 - - [08/Nov/2023:03:58:59 +0100] "GET /lotus-atmospheric-light-colours-goldrim-p-43209.html HTTP/1.0" 200 81187 "-" "Mozilla/5.0 (compatible; AwarioBot/1.0; +https://awario.com/bots.html)"
52.25.208.208 - - [08/Nov/2023:03:59:00 +0100] "GET /decoration-sunflowers-p-21334.html HTTP/1.0" 200 80098 "-" "thesis-research-bot"
44.230.252.91 - - [08/Nov/2023:03:59:01 +0100] "GET /bamboo-fiber-plant-cover-p-53413.html HTTP/1.0" 200 80280 "-" "thesis-research-bot"
52.25.208.208 - - [08/Nov/2023:03:59:02 +0100] "GET /bamboo-fiber-plant-cover-p-54399.html HTTP/1.0" 200 80303 "-" "thesis-research-bot"
44.230.252.91 - - [08/Nov/2023:03:59:03 +0100] "GET /bamboo-fiber-plant-cover-p-54531.html HTTP/1.0" 200 80278 "-" "thesis-research-bot"
52.25.208.208 - - [08/Nov/2023:03:59:04 +0100] "GET /bamboo-fiber-plant-cover-p-57862.html HTTP/1.0" 200 80280 "-" "thesis-research-bot"
44.230.252.91 - - [08/Nov/2023:03:59:05 +0100] "GET /bamboo-fiber-plant-cover-p-57863.html HTTP/1.0" 200 80280 "-" "thesis-research-bot"
100.21.24.205 - - [08/Nov/2023:03:59:06 +0100] "GET /bamboo-fiber-plant-cover-p-58870.html HTTP/1.0" 200 80303 "-" "thesis-research-bot"
100.21.24.205 - - [08/Nov/2023:03:59:07 +0100] "GET /bamboo-fiber-plant-cover-p-58871.html HTTP/1.0" 200 80304 "-" "thesis-research-bot"
44.230.252.91 - - [08/Nov/2023:03:59:08 +0100] "GET /bamboo-fiber-plant-cover-p-58886.html HTTP/1.0" 200 80304 "-" "thesis-research-bot"
185.191.171.8 - - [08/Nov/2023:03:59:09 +0100] "GET /-p-53125.html HTTP/1.0" 200 77271 "-" "Mozilla/5.0 (compatible; SemrushBot/7~bl; +http://www.semrush.com/bot.html)"
44.230.252.91 - - [08/Nov/2023:03:59:09 +0100] "GET /bamboo-fiber-plant-cover-p-58887.html HTTP/1.0" 200 80304 "-" "thesis-research-bot"
46.4.108.51 - - [08/Nov/2023:03:59:10 +0100] "GET /lotus-candleholder-chakra-blue-goldlining-p-35520.html HTTP/1.0" 200 81224 "-" "Mozilla/5.0 (compatible; AwarioBot/1.0; +https://awario.com/bots.html)"
52.25.208.208 - - [08/Nov/2023:03:59:10 +0100] "GET /bamboo-fiber-plant-cover-p-58888.html HTTP/1.0" 200 80305 "-" "thesis-research-bot"
44.230.252.91 - - [08/Nov/2023:03:59:11 +0100] "GET /bamboo-fiber-plant-cover-p-58889.html HTTP/1.0" 200 80303 "-" "thesis-research-bot"
100.21.24.205 - - [08/Nov/2023:03:59:12 +0100] "GET /bamboo-fiber-plant-cover-p-58890.html HTTP/1.0" 200 80304 "-" "thesis-research-bot"
44.230.252.91 - - [08/Nov/2023:03:59:13 +0100] "GET /bamboo-fiber-plant-cover-p-58891.html HTTP/1.0" 200 80304 "-" "thesis-research-bot"
17.241.75.64 - - [08/Nov/2023:03:59:13 +0100] "GET /quote-wall-stickers-happiness-p-42989.html HTTP/1.0" 200 80560 "-" "Mozilla/5.0 (Macintosh; Intel Mac OS X 10_15_5) AppleWebKit/605.1.15 (KHTML, like Gecko) Version/13.1.1 Safari/605.1.15 (Applebot/0.1; +http://www.apple.com/go/applebot)"
100.21.24.205 - - [08/Nov/2023:03:59:14 +0100] "GET /wooden-bottle-rack-p-54557.html HTTP/1.0" 200 80239 "-" "thesis-research-bot"
193.70.81.103 - - [08/Nov/2023:03:59:16 +0100] "GET /robots.txt HTTP/1.0" 200 245 "-" "Mozilla/5.0 (compatible; MJ12bot/v1.4.8; http://mj12bot.com/)"
44.230.252.91 - - [08/Nov/2023:03:59:15 +0100] "GET /metal-beer-bucket-pizza-bire-foot-p-53421.html HTTP/1.0" 200 79739 "-" "thesis-research-bot"
23.22.35.162 - - [08/Nov/2023:03:59:15 +0100] "GET /coconut-fibers-doormat-cement-tile-pattern-p-56271.html HTTP/1.0" 200 80951 "-" "Mozilla/5.0 (Macintosh; Intel Mac OS X 10_10_1) AppleWebKit/600.2.5 (KHTML, like Gecko) Version/8.0.2 Safari/600.2.5 (Amazonbot/0.1; +https://developer.amazon.com/support/amazonbot)"
44.230.252.91 - - [08/Nov/2023:03:59:16 +0100] "GET /metal-beer-bucket-tattooed-sailor-p-42681.html HTTP/1.0" 200 79779 "-" "thesis-research-bot"
100.21.24.205 - - [08/Nov/2023:03:59:17 +0100] "GET /metal-beer-bucket-p-44738.html HTTP/1.0" 200 79591 "-" "thesis-research-bot"
52.25.208.208 - - [08/Nov/2023:03:59:18 +0100] "GET /metal-beer-bucket-p-54342.html HTTP/1.0" 200 80192 "-" "thesis-research-bot"
52.70.240.171 - - [08/Nov/2023:03:59:18 +0100] "GET /cushion-covers-c-11_71_284.html HTTP/1.0" 200 95792 "-" "Mozilla/5.0 (Macintosh; Intel Mac OS X 10_10_1) AppleWebKit/600.2.5 (KHTML, like Gecko) Version/8.0.2 Safari/600.2.5 (Amazonbot/0.1; +https://developer.amazon.com/support/amazonbot)"
100.21.24.205 - - [08/Nov/2023:03:59:19 +0100] "GET /metal-beer-bucket-p-54343.html HTTP/1.0" 200 80197 "-" "thesis-research-bot"
185.191.171.13 - - [08/Nov/2023:03:59:20 +0100] "GET /white-buddha-statue-polyresin-p-53710.html HTTP/1.0" 200 77389 "-" "Mozilla/5.0 (compatible; SemrushBot/7~bl; +http://www.semrush.com/bot.html)"
193.70.81.103 - - [08/Nov/2023:03:59:20 +0100] "GET /decoration-pose-small-monks-p-60104.html HTTP/1.0" 200 79836 "-" "Mozilla/5.0 (compatible; MJ12bot/v1.4.8; http://mj12bot.com/)"
100.21.24.205 - - [08/Nov/2023:03:59:20 +0100] "GET /metal-beer-bucket-p-54344.html HTTP/1.0" 200 80192 "-" "thesis-research-bot"
100.21.24.205 - - [08/Nov/2023:03:59:21 +0100] "GET /metal-beer-bucket-p-54345.html HTTP/1.0" 200 80192 "-" "thesis-research-bot"
44.230.252.91 - - [08/Nov/2023:03:59:22 +0100] "GET /metal-beer-bucket-p-55612.html HTTP/1.0" 200 79590 "-" "thesis-research-bot"
52.25.208.208 - - [08/Nov/2023:03:59:23 +0100] "GET /metal-beer-bucket-p-55613.html HTTP/1.0" 200 79588 "-" "thesis-research-bot"
100.21.24.205 - - [08/Nov/2023:03:59:24 +0100] "GET /metal-beer-bucket-p-55614.html HTTP/1.0" 200 79588 "-" "thesis-research-bot"
3.224.220.101 - - [08/Nov/2023:03:59:24 +0100] "GET /narval-night-light-p-48239.html HTTP/1.0" 200 80305 "-" "Mozilla/5.0 (Macintosh; Intel Mac OS X 10_10_1) AppleWebKit/600.2.5 (KHTML, like Gecko) Version/8.0.2 Safari/600.2.5 (Amazonbot/0.1; +https://developer.amazon.com/support/amazonbot)"
100.21.24.205 - - [08/Nov/2023:03:59:25 +0100] "GET /metal-beer-bucket-p-55615.html HTTP/1.0" 200 79588 "-" "thesis-research-bot"
44.230.252.91 - - [08/Nov/2023:03:59:26 +0100] "GET /small-metal-beer-bucket-cocktail-lounge-p-41208.html HTTP/1.0" 200 79856 "-" "thesis-research-bot"
52.25.208.208 - - [08/Nov/2023:03:59:27 +0100] "GET /support-metal-bottle-p-47885.html HTTP/1.0" 200 79675 "-" "thesis-research-bot"
52.25.208.208 - - [08/Nov/2023:03:59:28 +0100] "GET /small-metal-beer-bucket-barbecue-p-41207.html HTTP/1.0" 200 79768 "-" "thesis-research-bot"
44.230.252.91 - - [08/Nov/2023:03:59:29 +0100] "GET /bamboo-fiber-plant-cover-p-58892.html HTTP/1.0" 200 80304 "-" "thesis-research-bot"
52.25.208.208 - - [08/Nov/2023:03:59:30 +0100] "GET /bamboo-fiber-plant-cover-p-58893.html HTTP/1.0" 200 80304 "-" "thesis-research-bot"
100.21.24.205 - - [08/Nov/2023:03:59:31 +0100] "GET /bamboo-fiber-plant-cover-p-59084.html HTTP/1.0" 200 80304 "-" "thesis-research-bot"
46.4.108.51 - - [08/Nov/2023:03:59:31 +0100] "GET /lotus-candleholder-chakra-green-goldlining-p-35523.html HTTP/1.0" 200 81234 "-" "Mozilla/5.0 (compatible; AwarioBot/1.0; +https://awario.com/bots.html)"
52.25.208.208 - - [08/Nov/2023:03:59:32 +0100] "GET /bamboo-fiber-plant-cover-p-59085.html HTTP/1.0" 200 80304 "-" "thesis-research-bot"
100.21.24.205 - - [08/Nov/2023:03:59:33 +0100] "GET /bamboo-fiber-plant-cover-p-60056.html HTTP/1.0" 200 80306 "-" "thesis-research-bot"
100.21.24.205 - - [08/Nov/2023:03:59:34 +0100] "GET /bamboo-fiber-plant-cover-p-60057.html HTTP/1.0" 200 80304 "-" "thesis-research-bot"
100.21.24.205 - - [08/Nov/2023:03:59:35 +0100] "GET /horses-dreams-stickerbook-p-9606.html HTTP/1.0" 200 79691 "-" "thesis-research-bot"
52.25.208.208 - - [08/Nov/2023:03:59:36 +0100] "GET /girl-baby-shower-confetti-p-55933.html HTTP/1.0" 200 80788 "-" "thesis-research-bot"
100.21.24.205 - - [08/Nov/2023:03:59:37 +0100] "GET /metal-beer-bucket-blue-p-44737.html HTTP/1.0" 200 79638 "-" "thesis-research-bot"
44.230.252.91 - - [08/Nov/2023:03:59:38 +0100] "GET /star-wars-rebels-stickers-p-31214.html HTTP/1.0" 200 79707 "-" "thesis-research-bot"
44.230.252.91 - - [08/Nov/2023:03:59:39 +0100] "GET /trays-medium-size-c-12_159_265.html HTTP/1.0" 200 97755 "-" "thesis-research-bot"
185.191.171.5 - - [08/Nov/2023:03:59:40 +0100] "GET /time-lighting-p-33169.html HTTP/1.0" 200 79662 "-" "Mozilla/5.0 (compatible; SemrushBot/7~bl; +http://www.semrush.com/bot.html)"
44.230.252.91 - - [08/Nov/2023:03:59:40 +0100] "GET /wooden-range-bottle-style-p-40213.html HTTP/1.0" 200 79744 "-" "thesis-research-bot"
52.25.208.208 - - [08/Nov/2023:03:59:41 +0100] "GET /difference-accessoriess-c-12_59.html HTTP/1.0" 200 95943 "-" "thesis-research-bot"
23.22.35.162 - - [08/Nov/2023:03:59:42 +0100] "GET /sweaters-sweatshirts-vests-c-1_23.html HTTP/1.0" 200 88898 "-" "Mozilla/5.0 (Macintosh; Intel Mac OS X 10_10_1) AppleWebKit/600.2.5 (KHTML, like Gecko) Version/8.0.2 Safari/600.2.5 (Amazonbot/0.1; +https://developer.amazon.com/support/amazonbot)"
85.208.96.202 - - [08/Nov/2023:03:59:43 +0100] "GET /vilaines-filles-shower-curtain-p-57628.html HTTP/1.0" 200 80456 "-" "Mozilla/5.0 (compatible; SemrushBot/7~bl; +http://www.semrush.com/bot.html)"
173.252.83.8 - - [08/Nov/2023:03:59:45 +0100] "GET /images/063562527453.jpg HTTP/1.0" 200 258 "-" "facebookexternalhit/1.1 (+http://www.facebook.com/externalhit_uatext.php)"
52.70.240.171 - - [08/Nov/2023:03:59:45 +0100] "GET /grey-sandstone-lamp-p-58969.html HTTP/1.0" 200 80364 "-" "Mozilla/5.0 (Macintosh; Intel Mac OS X 10_10_1) AppleWebKit/600.2.5 (KHTML, like Gecko) Version/8.0.2 Safari/600.2.5 (Amazonbot/0.1; +https://developer.amazon.com/support/amazonbot)"
23.22.35.162 - - [08/Nov/2023:03:59:46 +0100] "GET /ceramic-lamp-gray-p-60954.html HTTP/1.0" 200 80951 "-" "Mozilla/5.0 (Macintosh; Intel Mac OS X 10_10_1) AppleWebKit/600.2.5 (KHTML, like Gecko) Version/8.0.2 Safari/600.2.5 (Amazonbot/0.1; +https://developer.amazon.com/support/amazonbot)"
23.22.35.162 - - [08/Nov/2023:03:59:47 +0100] "GET /ceramic-lamp-petrol-p-60951.html HTTP/1.0" 200 80955 "-" "Mozilla/5.0 (Macintosh; Intel Mac OS X 10_10_1) AppleWebKit/600.2.5 (KHTML, like Gecko) Version/8.0.2 Safari/600.2.5 (Amazonbot/0.1; +https://developer.amazon.com/support/amazonbot)"
52.70.240.171 - - [08/Nov/2023:03:59:48 +0100] "GET /beige-ceramic-lamp-p-60952.html HTTP/1.0" 200 80939 "-" "Mozilla/5.0 (Macintosh; Intel Mac OS X 10_10_1) AppleWebKit/600.2.5 (KHTML, like Gecko) Version/8.0.2 Safari/600.2.5 (Amazonbot/0.1; +https://developer.amazon.com/support/amazonbot)"
3.224.220.101 - - [08/Nov/2023:03:59:49 +0100] "GET /ceramic-lamp-taupe-p-60953.html HTTP/1.0" 200 81063 "-" "Mozilla/5.0 (Macintosh; Intel Mac OS X 10_10_1) AppleWebKit/600.2.5 (KHTML, like Gecko) Version/8.0.2 Safari/600.2.5 (Amazonbot/0.1; +https://developer.amazon.com/support/amazonbot)"
85.208.96.206 - - [08/Nov/2023:03:59:51 +0100] "GET /vilaines-filles-beach-towel-p-51712.html HTTP/1.0" 200 77401 "-" "Mozilla/5.0 (compatible; SemrushBot/7~bl; +http://www.semrush.com/bot.html)"
3.224.220.101 - - [08/Nov/2023:03:59:52 +0100] "GET /ivory-sandstone-lamp-p-58967.html HTTP/1.0" 200 80569 "-" "Mozilla/5.0 (Macintosh; Intel Mac OS X 10_10_1) AppleWebKit/600.2.5 (KHTML, like Gecko) Version/8.0.2 Safari/600.2.5 (Amazonbot/0.1; +https://developer.amazon.com/support/amazonbot)"
100.21.24.205 - - [08/Nov/2023:03:59:53 +0100] "GET /angel-aventurin-p-47021.html HTTP/1.0" 200 79829 "-" "thesis-research-bot"
44.230.252.91 - - [08/Nov/2023:03:59:54 +0100] "GET /angel-lapis-lazuli-p-48900.html HTTP/1.0" 200 79862 "-" "thesis-research-bot"
46.4.108.51 - - [08/Nov/2023:03:59:55 +0100] "GET /lotus-candleholder-chakra-green-silverlining-p-35522.html HTTP/1.0" 200 81256 "-" "Mozilla/5.0 (compatible; AwarioBot/1.0; +https://awario.com/bots.html)"
44.230.252.91 - - [08/Nov/2023:03:59:55 +0100] "GET /floor-cushions-c-11_71_182.html HTTP/1.0" 200 97843 "-" "thesis-research-bot"
52.25.208.208 - - [08/Nov/2023:03:59:56 +0100] "GET /angel-rose-quartz-p-48899.html HTTP/1.0" 200 79857 "-" "thesis-research-bot"
23.22.35.162 - - [08/Nov/2023:03:59:56 +0100] "GET /pink-flamingo-ornament-p-41144.html HTTP/1.0" 200 79681 "-" "Mozilla/5.0 (Macintosh; Intel Mac OS X 10_10_1) AppleWebKit/600.2.5 (KHTML, like Gecko) Version/8.0.2 Safari/600.2.5 (Amazonbot/0.1; +https://developer.amazon.com/support/amazonbot)"
100.21.24.205 - - [08/Nov/2023:03:59:57 +0100] "GET /healing-mini-stones-p-49036.html HTTP/1.0" 200 80479 "-" "thesis-research-bot"
185.191.171.19 - - [08/Nov/2023:03:59:58 +0100] "GET /games-toys-c-4.html?page=17 HTTP/1.0" 200 95785 "-" "Mozilla/5.0 (compatible; SemrushBot/7~bl; +http://www.semrush.com/bot.html)"
52.25.208.208 - - [08/Nov/2023:03:59:58 +0100] "GET /-c-95_296.html HTTP/1.0" 200 76139 "-" "thesis-research-bot"
34.23.197.99 - - [08/Nov/2023:04:00:00 +0100] "GET /robots.txt HTTP/1.0" 301 531 "-" "ZoominfoBot (zoominfobot at zoominfo dot com)"
34.23.197.99 - - [08/Nov/2023:04:00:00 +0100] "GET /robots.txt HTTP/1.0" 200 245 "-" "ZoominfoBot (zoominfobot at zoominfo dot com)"
34.23.197.99 - - [08/Nov/2023:04:00:01 +0100] "GET / HTTP/1.0" 301 511 "-" "ZoominfoBot (zoominfobot at zoominfo dot com)"
44.230.252.91 - - [08/Nov/2023:03:59:59 +0100] "GET /-c-95_361.html HTTP/1.0" 200 76139 "-" "thesis-research-bot"
52.25.208.208 - - [08/Nov/2023:04:00:00 +0100] "GET /socks-c-1_141.html HTTP/1.0" 200 84635 "-" "thesis-research-bot"
203.185.130.166 - - [08/Nov/2023:04:00:02 +0100] "GET /images/mini_prod/1300000790673.jpg HTTP/1.0" 200 269 "-" "Mozilla/5.0 (X11; Ubuntu; Linux x86_64; rv:72.0) Gecko/20100101 Firefox/72.0"
44.230.252.91 - - [08/Nov/2023:04:00:01 +0100] "GET /blue-blanket-p-61052.html HTTP/1.0" 200 80469 "-" "thesis-research-bot"
52.25.208.208 - - [08/Nov/2023:04:00:02 +0100] "GET /hero-polar-plaid-p-33186.html HTTP/1.0" 200 79792 "-" "thesis-research-bot"
52.25.208.208 - - [08/Nov/2023:04:00:05 +0100] "GET /polar-blanket-p-58799.html HTTP/1.0" 200 80457 "-" "thesis-research-bot"
44.230.252.91 - - [08/Nov/2023:04:00:04 +0100] "GET /polar-blanket-p-58798.html HTTP/1.0" 200 80457 "-" "thesis-research-bot"
44.230.252.91 - - [08/Nov/2023:04:00:07 +0100] "GET /anthracite-blanket-p-61050.html HTTP/1.0" 200 80501 "-" "thesis-research-bot"
