52.70.240.171 - - [08/Nov/2023:06:33:59 +0100] "GET /round-magnet-little-prince-rose-p-59032.html HTTP/1.0" 200 80429 "-" "Mozilla/5.0 (Macintosh; Intel Mac OS X 10_10_1) AppleWebKit/600.2.5 (KHTML, like Gecko) Version/8.0.2 Safari/600.2.5 (Amazonbot/0.1; +https://developer.amazon.com/support/amazonbot)"
46.4.108.51 - - [08/Nov/2023:06:34:04 +0100] "GET /pastry-chef-cotton-kiub-p-60865.html HTTP/1.0" 200 80343 "-" "Mozilla/5.0 (compatible; AwarioBot/1.0; +https://awario.com/bots.html)"
185.191.171.10 - - [08/Nov/2023:06:34:05 +0100] "GET /large-statue-venus-p-55951.html HTTP/1.0" 200 77353 "-" "Mozilla/5.0 (compatible; SemrushBot/7~bl; +http://www.semrush.com/bot.html)"
3.224.220.101 - - [08/Nov/2023:06:34:10 +0100] "GET /magnet-relief-little-prince-exupery-p-48346.html HTTP/1.0" 200 79813 "-" "Mozilla/5.0 (Macintosh; Intel Mac OS X 10_10_1) AppleWebKit/600.2.5 (KHTML, like Gecko) Version/8.0.2 Safari/600.2.5 (Amazonbot/0.1; +https://developer.amazon.com/support/amazonbot)"
3.224.220.101 - - [08/Nov/2023:06:34:11 +0100] "GET /vase-soliflore-c-13_232.html HTTP/1.0" 200 96848 "-" "Mozilla/5.0 (Macintosh; Intel Mac OS X 10_10_1) AppleWebKit/600.2.5 (KHTML, like Gecko) Version/8.0.2 Safari/600.2.5 (Amazonbot/0.1; +https://developer.amazon.com/support/amazonbot)"
3.224.220.101 - - [08/Nov/2023:06:34:13 +0100] "GET /resin-magnet-tour-france-yellow-p-55497.html HTTP/1.0" 200 79792 "-" "Mozilla/5.0 (Macintosh; Intel Mac OS X 10_10_1) AppleWebKit/600.2.5 (KHTML, like Gecko) Version/8.0.2 Safari/600.2.5 (Amazonbot/0.1; +https://developer.amazon.com/support/amazonbot)"
3.224.220.101 - - [08/Nov/2023:06:34:14 +0100] "GET /magnet-citron-p-40122.html HTTP/1.0" 200 79643 "-" "Mozilla/5.0 (Macintosh; Intel Mac OS X 10_10_1) AppleWebKit/600.2.5 (KHTML, like Gecko) Version/8.0.2 Safari/600.2.5 (Amazonbot/0.1; +https://developer.amazon.com/support/amazonbot)"
85.208.96.195 - - [08/Nov/2023:06:34:15 +0100] "GET /paris-p-25807.html HTTP/1.0" 200 77289 "-" "Mozilla/5.0 (compatible; SemrushBot/7~bl; +http://www.semrush.com/bot.html)"
52.70.240.171 - - [08/Nov/2023:06:34:16 +0100] "GET /resin-magnet-little-prince-moon-p-54975.html HTTP/1.0" 200 79737 "-" "Mozilla/5.0 (Macintosh; Intel Mac OS X 10_10_1) AppleWebKit/600.2.5 (KHTML, like Gecko) Version/8.0.2 Safari/600.2.5 (Amazonbot/0.1; +https://developer.amazon.com/support/amazonbot)"
52.70.240.171 - - [08/Nov/2023:06:34:18 +0100] "GET /surfboard-ceramic-magnet-p-42055.html HTTP/1.0" 200 80564 "-" "Mozilla/5.0 (Macintosh; Intel Mac OS X 10_10_1) AppleWebKit/600.2.5 (KHTML, like Gecko) Version/8.0.2 Safari/600.2.5 (Amazonbot/0.1; +https://developer.amazon.com/support/amazonbot)"
3.224.220.101 - - [08/Nov/2023:06:34:20 +0100] "GET /magnet-happy-tassen-p-47561.html HTTP/1.0" 200 80559 "-" "Mozilla/5.0 (Macintosh; Intel Mac OS X 10_10_1) AppleWebKit/600.2.5 (KHTML, like Gecko) Version/8.0.2 Safari/600.2.5 (Amazonbot/0.1; +https://developer.amazon.com/support/amazonbot)"
3.224.220.101 - - [08/Nov/2023:06:34:22 +0100] "GET /round-magnet-little-prince-plane-p-59033.html HTTP/1.0" 200 80439 "-" "Mozilla/5.0 (Macintosh; Intel Mac OS X 10_10_1) AppleWebKit/600.2.5 (KHTML, like Gecko) Version/8.0.2 Safari/600.2.5 (Amazonbot/0.1; +https://developer.amazon.com/support/amazonbot)"
46.4.108.51 - - [08/Nov/2023:06:34:22 +0100] "GET /paul-frank-blue-computer-p-6062.html HTTP/1.0" 200 80551 "-" "Mozilla/5.0 (compatible; AwarioBot/1.0; +https://awario.com/bots.html)"
3.224.220.101 - - [08/Nov/2023:06:34:24 +0100] "GET /magnet-lavender-p-30711.html HTTP/1.0" 200 80900 "-" "Mozilla/5.0 (Macintosh; Intel Mac OS X 10_10_1) AppleWebKit/600.2.5 (KHTML, like Gecko) Version/8.0.2 Safari/600.2.5 (Amazonbot/0.1; +https://developer.amazon.com/support/amazonbot)"
23.22.35.162 - - [08/Nov/2023:06:34:26 +0100] "GET /magnet-citron-p-40123.html HTTP/1.0" 200 79643 "-" "Mozilla/5.0 (Macintosh; Intel Mac OS X 10_10_1) AppleWebKit/600.2.5 (KHTML, like Gecko) Version/8.0.2 Safari/600.2.5 (Amazonbot/0.1; +https://developer.amazon.com/support/amazonbot)"
52.70.240.171 - - [08/Nov/2023:06:34:27 +0100] "GET /magnet-relief-yellow-tour-france-p-54974.html HTTP/1.0" 200 79725 "-" "Mozilla/5.0 (Macintosh; Intel Mac OS X 10_10_1) AppleWebKit/600.2.5 (KHTML, like Gecko) Version/8.0.2 Safari/600.2.5 (Amazonbot/0.1; +https://developer.amazon.com/support/amazonbot)"
173.252.83.120 - - [08/Nov/2023:06:34:29 +0100] "GET /images/mini_prod/3700516208750.jpg HTTP/1.0" 301 579 "-" "facebookexternalhit/1.1 (+http://www.facebook.com/externalhit_uatext.php)"
173.252.83.120 - - [08/Nov/2023:06:34:29 +0100] "GET /images/mini_prod/3700516208750.jpg HTTP/1.0" 200 269 "-" "facebookexternalhit/1.1 (+http://www.facebook.com/externalhit_uatext.php)"
52.70.240.171 - - [08/Nov/2023:06:34:29 +0100] "GET /jouets-citron-magnet-p-15272.html HTTP/1.0" 200 79657 "-" "Mozilla/5.0 (Macintosh; Intel Mac OS X 10_10_1) AppleWebKit/600.2.5 (KHTML, like Gecko) Version/8.0.2 Safari/600.2.5 (Amazonbot/0.1; +https://developer.amazon.com/support/amazonbot)"
3.224.220.101 - - [08/Nov/2023:06:34:30 +0100] "GET /surfboard-ceramic-magnet-p-42049.html HTTP/1.0" 200 80564 "-" "Mozilla/5.0 (Macintosh; Intel Mac OS X 10_10_1) AppleWebKit/600.2.5 (KHTML, like Gecko) Version/8.0.2 Safari/600.2.5 (Amazonbot/0.1; +https://developer.amazon.com/support/amazonbot)"
85.208.96.203 - - [08/Nov/2023:06:34:33 +0100] "GET /elephants-wall-decoration-p-46713.html HTTP/1.0" 200 77361 "-" "Mozilla/5.0 (compatible; SemrushBot/7~bl; +http://www.semrush.com/bot.html)"
85.208.96.205 - - [08/Nov/2023:06:34:35 +0100] "GET /with-wooden-drawers-blush-p-53946.html HTTP/1.0" 200 77373 "-" "Mozilla/5.0 (compatible; SemrushBot/7~bl; +http://www.semrush.com/bot.html)"
23.22.35.162 - - [08/Nov/2023:06:34:36 +0100] "GET /round-magnet-bird-cage-p-59030.html HTTP/1.0" 200 80260 "-" "Mozilla/5.0 (Macintosh; Intel Mac OS X 10_10_1) AppleWebKit/600.2.5 (KHTML, like Gecko) Version/8.0.2 Safari/600.2.5 (Amazonbot/0.1; +https://developer.amazon.com/support/amazonbot)"
46.4.108.51 - - [08/Nov/2023:06:34:37 +0100] "GET /paulownia-table-p-59507.html HTTP/1.0" 200 80884 "-" "Mozilla/5.0 (compatible; AwarioBot/1.0; +https://awario.com/bots.html)"
23.22.35.162 - - [08/Nov/2023:06:34:39 +0100] "GET /surfboard-ceramic-magnet-p-42059.html HTTP/1.0" 200 80564 "-" "Mozilla/5.0 (Macintosh; Intel Mac OS X 10_10_1) AppleWebKit/600.2.5 (KHTML, like Gecko) Version/8.0.2 Safari/600.2.5 (Amazonbot/0.1; +https://developer.amazon.com/support/amazonbot)"
3.224.220.101 - - [08/Nov/2023:06:34:40 +0100] "GET /accessories-mobiles-c-3_17.html HTTP/1.0" 200 101165 "-" "Mozilla/5.0 (Macintosh; Intel Mac OS X 10_10_1) AppleWebKit/600.2.5 (KHTML, like Gecko) Version/8.0.2 Safari/600.2.5 (Amazonbot/0.1; +https://developer.amazon.com/support/amazonbot)"
185.191.171.3 - - [08/Nov/2023:06:34:42 +0100] "GET /heart-home-friendly-stick-diffuser-spiced-apple-p-56997.html HTTP/1.0" 200 81300 "-" "Mozilla/5.0 (compatible; SemrushBot/7~bl; +http://www.semrush.com/bot.html)"
23.22.35.162 - - [08/Nov/2023:06:34:43 +0100] "GET /magnet-tour-france-p-51687.html HTTP/1.0" 200 79594 "-" "Mozilla/5.0 (Macintosh; Intel Mac OS X 10_10_1) AppleWebKit/600.2.5 (KHTML, like Gecko) Version/8.0.2 Safari/600.2.5 (Amazonbot/0.1; +https://developer.amazon.com/support/amazonbot)"
3.224.220.101 - - [08/Nov/2023:06:34:45 +0100] "GET /marilyn-monroe-mini-magnet-mirror-p-19663.html HTTP/1.0" 200 79795 "-" "Mozilla/5.0 (Macintosh; Intel Mac OS X 10_10_1) AppleWebKit/600.2.5 (KHTML, like Gecko) Version/8.0.2 Safari/600.2.5 (Amazonbot/0.1; +https://developer.amazon.com/support/amazonbot)"
46.4.108.51 - - [08/Nov/2023:06:34:55 +0100] "GET /peanuts-linus-figure-p-11180.html HTTP/1.0" 200 79725 "-" "Mozilla/5.0 (compatible; AwarioBot/1.0; +https://awario.com/bots.html)"
185.191.171.15 - - [08/Nov/2023:06:34:56 +0100] "GET /-p-11527.html HTTP/1.0" 200 77271 "-" "Mozilla/5.0 (compatible; SemrushBot/7~bl; +http://www.semrush.com/bot.html)"
23.22.35.162 - - [08/Nov/2023:06:34:58 +0100] "GET /magnet-winking-tassen-made-germany-p-56783.html HTTP/1.0" 200 80689 "-" "Mozilla/5.0 (Macintosh; Intel Mac OS X 10_10_1) AppleWebKit/600.2.5 (KHTML, like Gecko) Version/8.0.2 Safari/600.2.5 (Amazonbot/0.1; +https://developer.amazon.com/support/amazonbot)"
23.22.35.162 - - [08/Nov/2023:06:35:01 +0100] "GET /salt-boxes-jars-c-12_223.html HTTP/1.0" 200 97202 "-" "Mozilla/5.0 (Macintosh; Intel Mac OS X 10_10_1) AppleWebKit/600.2.5 (KHTML, like Gecko) Version/8.0.2 Safari/600.2.5 (Amazonbot/0.1; +https://developer.amazon.com/support/amazonbot)"
23.22.35.162 - - [08/Nov/2023:06:35:03 +0100] "GET /barbabright-magnet-p-6013.html HTTP/1.0" 200 79547 "-" "Mozilla/5.0 (Macintosh; Intel Mac OS X 10_10_1) AppleWebKit/600.2.5 (KHTML, like Gecko) Version/8.0.2 Safari/600.2.5 (Amazonbot/0.1; +https://developer.amazon.com/support/amazonbot)"
185.191.171.7 - - [08/Nov/2023:06:35:07 +0100] "GET /kiub-collection-cool-p-57315.html HTTP/1.0" 200 80660 "-" "Mozilla/5.0 (compatible; SemrushBot/7~bl; +http://www.semrush.com/bot.html)"
85.208.96.205 - - [08/Nov/2023:06:35:11 +0100] "GET /french-flag-p-38273.html HTTP/1.0" 200 77305 "-" "Mozilla/5.0 (compatible; SemrushBot/7~bl; +http://www.semrush.com/bot.html)"
173.252.83.2 - - [08/Nov/2023:06:35:20 +0100] "GET /images/mini_prod/021008_214417_PEEL_KfZPnC.gif HTTP/1.0" 404 1308 "-" "facebookexternalhit/1.1 (+http://www.facebook.com/externalhit_uatext.php)"
185.191.171.18 - - [08/Nov/2023:06:35:20 +0100] "GET /-p-51276.html HTTP/1.0" 200 77271 "-" "Mozilla/5.0 (compatible; SemrushBot/7~bl; +http://www.semrush.com/bot.html)"
3.224.220.101 - - [08/Nov/2023:06:35:22 +0100] "GET /magnet-singing-tassen-made-germany-p-56781.html HTTP/1.0" 200 80689 "-" "Mozilla/5.0 (Macintosh; Intel Mac OS X 10_10_1) AppleWebKit/600.2.5 (KHTML, like Gecko) Version/8.0.2 Safari/600.2.5 (Amazonbot/0.1; +https://developer.amazon.com/support/amazonbot)"
52.70.240.171 - - [08/Nov/2023:06:35:24 +0100] "GET /magnet-grinning-tassen-made-germany-p-47557.html HTTP/1.0" 200 80697 "-" "Mozilla/5.0 (Macintosh; Intel Mac OS X 10_10_1) AppleWebKit/600.2.5 (KHTML, like Gecko) Version/8.0.2 Safari/600.2.5 (Amazonbot/0.1; +https://developer.amazon.com/support/amazonbot)"
46.4.108.51 - - [08/Nov/2023:06:35:24 +0100] "GET /peanuts-lucy-figure-p-11181.html HTTP/1.0" 200 79696 "-" "Mozilla/5.0 (compatible; AwarioBot/1.0; +https://awario.com/bots.html)"
23.22.35.162 - - [08/Nov/2023:06:35:26 +0100] "GET /magnet-control-tassen-made-germany-p-47556.html HTTP/1.0" 200 80724 "-" "Mozilla/5.0 (Macintosh; Intel Mac OS X 10_10_1) AppleWebKit/600.2.5 (KHTML, like Gecko) Version/8.0.2 Safari/600.2.5 (Amazonbot/0.1; +https://developer.amazon.com/support/amazonbot)"
52.70.240.171 - - [08/Nov/2023:06:35:35 +0100] "GET /shop-c-155.html HTTP/1.0" 200 95574 "-" "Mozilla/5.0 (Macintosh; Intel Mac OS X 10_10_1) AppleWebKit/600.2.5 (KHTML, like Gecko) Version/8.0.2 Safari/600.2.5 (Amazonbot/0.1; +https://developer.amazon.com/support/amazonbot)"
185.191.171.12 - - [08/Nov/2023:06:35:36 +0100] "GET /small-wooden-towel-holder-hang-p-51017.html HTTP/1.0" 200 77395 "-" "Mozilla/5.0 (compatible; SemrushBot/7~bl; +http://www.semrush.com/bot.html)"
173.252.83.120 - - [08/Nov/2023:06:35:38 +0100] "GET /images/mini_prod/3014627887484.jpg HTTP/1.0" 200 269 "-" "facebookexternalhit/1.1 (+http://www.facebook.com/externalhit_uatext.php)"
23.22.35.162 - - [08/Nov/2023:06:35:38 +0100] "GET /musical-c-13_150_149.html HTTP/1.0" 200 98216 "-" "Mozilla/5.0 (Macintosh; Intel Mac OS X 10_10_1) AppleWebKit/600.2.5 (KHTML, like Gecko) Version/8.0.2 Safari/600.2.5 (Amazonbot/0.1; +https://developer.amazon.com/support/amazonbot)"
185.191.171.6 - - [08/Nov/2023:06:35:41 +0100] "GET /vintage-cola-cola-glamour-canvas-frame-p-33384.html HTTP/1.0" 200 77449 "-" "Mozilla/5.0 (compatible; SemrushBot/7~bl; +http://www.semrush.com/bot.html)"
46.4.108.51 - - [08/Nov/2023:06:35:47 +0100] "GET /pearl-side-table-p-53423.html HTTP/1.0" 200 80202 "-" "Mozilla/5.0 (compatible; AwarioBot/1.0; +https://awario.com/bots.html)"
85.208.96.210 - - [08/Nov/2023:06:35:50 +0100] "GET /plush-keeleco-friendly-p-61149.html HTTP/1.0" 200 80856 "-" "Mozilla/5.0 (compatible; SemrushBot/7~bl; +http://www.semrush.com/bot.html)"
46.4.108.51 - - [08/Nov/2023:06:35:55 +0100] "GET /robots.txt HTTP/1.0" 200 245 "-" "Mozilla/5.0 (compatible; AwarioBot/1.0; +https://awario.com/bots.html)"
46.4.108.51 - - [08/Nov/2023:06:35:55 +0100] "GET /peas-russian-doll-money-cbkreation-p-18468.html HTTP/1.0" 200 79780 "-" "Mozilla/5.0 (compatible; AwarioBot/1.0; +https://awario.com/bots.html)"
51.68.224.127 - - [08/Nov/2023:06:36:02 +0100] "GET /adminweb/export_orders_xml.php?token=256de2z6edz6ed2z6DFSFsed2zed6zeDSFDSGdzedezfzf&maxorders=10&orderstart=1&status=14&start_date=2018-10-01 HTTP/1.0" 200 285 "-" "GesCom CharlotteBoutik Serveur"
51.68.224.127 - - [08/Nov/2023:06:36:02 +0100] "GET /adminweb/export_orders_xml.php?token=256de2z6edz6ed2z6DFSFsed2zed6zeDSFDSGdzedezfzf&maxorders=10&orderstart=1&status=6&start_date=2018-10-01 HTTP/1.0" 200 33939 "-" "GesCom CharlotteBoutik Serveur"
52.70.240.171 - - [08/Nov/2023:06:36:05 +0100] "GET /magnet-relief-little-prince-exupery-p-49210.html HTTP/1.0" 200 80411 "-" "Mozilla/5.0 (Macintosh; Intel Mac OS X 10_10_1) AppleWebKit/600.2.5 (KHTML, like Gecko) Version/8.0.2 Safari/600.2.5 (Amazonbot/0.1; +https://developer.amazon.com/support/amazonbot)"
3.224.220.101 - - [08/Nov/2023:06:36:07 +0100] "GET /magnets-gustav-klimt-p-51681.html HTTP/1.0" 200 79726 "-" "Mozilla/5.0 (Macintosh; Intel Mac OS X 10_10_1) AppleWebKit/600.2.5 (KHTML, like Gecko) Version/8.0.2 Safari/600.2.5 (Amazonbot/0.1; +https://developer.amazon.com/support/amazonbot)"
3.224.220.101 - - [08/Nov/2023:06:36:08 +0100] "GET /magnet-resin-plaisirs-france-made-france-p-39447.html HTTP/1.0" 200 79884 "-" "Mozilla/5.0 (Macintosh; Intel Mac OS X 10_10_1) AppleWebKit/600.2.5 (KHTML, like Gecko) Version/8.0.2 Safari/600.2.5 (Amazonbot/0.1; +https://developer.amazon.com/support/amazonbot)"
46.4.108.51 - - [08/Nov/2023:06:36:08 +0100] "GET /pedal-blue-p-52592.html HTTP/1.0" 200 80530 "-" "Mozilla/5.0 (compatible; AwarioBot/1.0; +https://awario.com/bots.html)"
173.252.83.10 - - [08/Nov/2023:06:36:20 +0100] "GET /images/mini_prod/1399984255025.jpg HTTP/1.0" 404 1308 "-" "facebookexternalhit/1.1 (+http://www.facebook.com/externalhit_uatext.php)"
185.191.171.4 - - [08/Nov/2023:06:36:24 +0100] "GET /-p-35235.html HTTP/1.0" 200 77271 "-" "Mozilla/5.0 (compatible; SemrushBot/7~bl; +http://www.semrush.com/bot.html)"
185.191.171.6 - - [08/Nov/2023:06:36:34 +0100] "GET /mini-rectangular-tray-nutcrackers-p-58503.html HTTP/1.0" 200 80409 "-" "Mozilla/5.0 (compatible; SemrushBot/7~bl; +http://www.semrush.com/bot.html)"
3.224.220.101 - - [08/Nov/2023:06:36:38 +0100] "GET /beatles-logo-metal-magnet-p-10808.html HTTP/1.0" 200 79594 "-" "Mozilla/5.0 (Macintosh; Intel Mac OS X 10_10_1) AppleWebKit/600.2.5 (KHTML, like Gecko) Version/8.0.2 Safari/600.2.5 (Amazonbot/0.1; +https://developer.amazon.com/support/amazonbot)"
52.70.240.171 - - [08/Nov/2023:06:36:40 +0100] "GET /magnet-tasty-tassen-made-germany-p-47558.html HTTP/1.0" 200 80675 "-" "Mozilla/5.0 (Macintosh; Intel Mac OS X 10_10_1) AppleWebKit/600.2.5 (KHTML, like Gecko) Version/8.0.2 Safari/600.2.5 (Amazonbot/0.1; +https://developer.amazon.com/support/amazonbot)"
85.208.96.212 - - [08/Nov/2023:06:36:40 +0100] "GET /decorative-wooden-plate-habite-chez-chien-herms-p-47831.html HTTP/1.0" 200 80110 "-" "Mozilla/5.0 (compatible; SemrushBot/7~bl; +http://www.semrush.com/bot.html)"
46.4.108.51 - - [08/Nov/2023:06:36:41 +0100] "GET /pedal-green-p-52588.html HTTP/1.0" 200 80731 "-" "Mozilla/5.0 (compatible; AwarioBot/1.0; +https://awario.com/bots.html)"
46.4.108.51 - - [08/Nov/2023:06:36:50 +0100] "GET /pedal-pink-p-52591.html HTTP/1.0" 200 80504 "-" "Mozilla/5.0 (compatible; AwarioBot/1.0; +https://awario.com/bots.html)"
173.252.83.6 - - [08/Nov/2023:06:36:56 +0100] "GET /images/mini_prod/1384010187838.jpg HTTP/1.0" 200 269 "-" "facebookexternalhit/1.1 (+http://www.facebook.com/externalhit_uatext.php)"
46.4.108.51 - - [08/Nov/2023:06:37:06 +0100] "GET /pegasus-mini-figurine-p-45992.html HTTP/1.0" 200 80899 "-" "Mozilla/5.0 (compatible; AwarioBot/1.0; +https://awario.com/bots.html)"
46.4.108.51 - - [08/Nov/2023:06:37:17 +0100] "GET /pencil-c-129_183.html?page=2 HTTP/1.0" 200 97191 "-" "Mozilla/5.0 (compatible; AwarioBot/1.0; +https://awario.com/bots.html)"
185.191.171.5 - - [08/Nov/2023:06:37:21 +0100] "GET /educational-children-watch-sailor-p-51720.html HTTP/1.0" 200 77401 "-" "Mozilla/5.0 (compatible; SemrushBot/7~bl; +http://www.semrush.com/bot.html)"
202.239.4.229 - - [08/Nov/2023:06:37:24 +0100] "GET /-c-95_359.html HTTP/1.0" 200 76139 "-" "Mozilla/5.0 (compatible; Y!J-WSC/1.0; +https://yahoo.jp/3BSZgF)"
168.138.105.69 - - [08/Nov/2023:06:37:29 +0100] "GET /images/big_prod_1/8433933199671B.jpg HTTP/1.0" 200 271 "-" "Mozilla/5.0 (X11; Ubuntu; Linux x86_64; rv:72.0) Gecko/20100101 Firefox/72.0"
182.22.30.93 - - [08/Nov/2023:06:37:30 +0100] "GET /swfobject.js HTTP/1.0" 404 1308 "http://www.wonder-geek.com/-c-95_359.html" "Mozilla/5.0 (Windows NT 10.0; Win64; x64) AppleWebKit/537.36 (KHTML, like Gecko; compatible; Y!J-WSC/1.0; +https://yahoo.jp/3BSZgF) Chrome/116.0.0.0 Safari/537.36"
46.4.108.51 - - [08/Nov/2023:06:37:30 +0100] "GET /pencil-c-129_183.html?page=3 HTTP/1.0" 200 96223 "-" "Mozilla/5.0 (compatible; AwarioBot/1.0; +https://awario.com/bots.html)"
173.252.83.6 - - [08/Nov/2023:06:37:38 +0100] "GET /images/mini_prod/3014627976218.jpg HTTP/1.0" 404 1308 "-" "facebookexternalhit/1.1 (+http://www.facebook.com/externalhit_uatext.php)"
54.36.148.72 - - [08/Nov/2023:06:37:40 +0100] "GET /small-airtight-ceramic-salt-with-wooden-spoon-p-61277.html HTTP/1.0" 200 79249 "-" "Mozilla/5.0 (compatible; AhrefsBot/7.0; +http://ahrefs.com/robot/)"
52.70.240.171 - - [08/Nov/2023:06:37:41 +0100] "GET /magnets-french-riviera-p-48341.html HTTP/1.0" 200 79734 "-" "Mozilla/5.0 (Macintosh; Intel Mac OS X 10_10_1) AppleWebKit/600.2.5 (KHTML, like Gecko) Version/8.0.2 Safari/600.2.5 (Amazonbot/0.1; +https://developer.amazon.com/support/amazonbot)"
52.70.240.171 - - [08/Nov/2023:06:37:42 +0100] "GET /kimmidoll-haruyo-magnets-p-31960.html HTTP/1.0" 200 79655 "-" "Mozilla/5.0 (Macintosh; Intel Mac OS X 10_10_1) AppleWebKit/600.2.5 (KHTML, like Gecko) Version/8.0.2 Safari/600.2.5 (Amazonbot/0.1; +https://developer.amazon.com/support/amazonbot)"
85.208.96.210 - - [08/Nov/2023:06:37:46 +0100] "GET /mareva-coated-tablecloth-grey-yellow-p-45347.html HTTP/1.0" 200 77381 "-" "Mozilla/5.0 (compatible; SemrushBot/7~bl; +http://www.semrush.com/bot.html)"
46.4.108.51 - - [08/Nov/2023:06:37:46 +0100] "GET /pencil-case-c-31_75.html?page=2 HTTP/1.0" 200 101097 "-" "Mozilla/5.0 (compatible; AwarioBot/1.0; +https://awario.com/bots.html)"
46.4.108.51 - - [08/Nov/2023:06:37:51 +0100] "GET /pencil-case-c-31_75.html?page=3 HTTP/1.0" 200 100811 "-" "Mozilla/5.0 (compatible; AwarioBot/1.0; +https://awario.com/bots.html)"
173.252.83.117 - - [08/Nov/2023:06:37:54 +0100] "GET /images/mini_prod/5051276388762.jpg HTTP/1.0" 200 269 "-" "facebookexternalhit/1.1 (+http://www.facebook.com/externalhit_uatext.php)"
3.224.220.101 - - [08/Nov/2023:06:37:59 +0100] "GET /gogh-coffee-p-48226.html HTTP/1.0" 200 80290 "-" "Mozilla/5.0 (Macintosh; Intel Mac OS X 10_10_1) AppleWebKit/600.2.5 (KHTML, like Gecko) Version/8.0.2 Safari/600.2.5 (Amazonbot/0.1; +https://developer.amazon.com/support/amazonbot)"
52.70.240.171 - - [08/Nov/2023:06:38:01 +0100] "GET /expresso-rugby-p-24311.html HTTP/1.0" 200 80011 "-" "Mozilla/5.0 (Macintosh; Intel Mac OS X 10_10_1) AppleWebKit/600.2.5 (KHTML, like Gecko) Version/8.0.2 Safari/600.2.5 (Amazonbot/0.1; +https://developer.amazon.com/support/amazonbot)"
46.4.108.51 - - [08/Nov/2023:06:38:03 +0100] "GET /robots.txt HTTP/1.0" 200 245 "-" "Mozilla/5.0 (compatible; AwarioBot/1.0; +https://awario.com/bots.html)"
3.224.220.101 - - [08/Nov/2023:06:38:03 +0100] "GET /paris-macaroons-magnet-p-24384.html HTTP/1.0" 200 80836 "-" "Mozilla/5.0 (Macintosh; Intel Mac OS X 10_10_1) AppleWebKit/600.2.5 (KHTML, like Gecko) Version/8.0.2 Safari/600.2.5 (Amazonbot/0.1; +https://developer.amazon.com/support/amazonbot)"
46.4.108.51 - - [08/Nov/2023:06:38:03 +0100] "GET /pencil-case-c-31_75.html?page=4 HTTP/1.0" 200 100570 "-" "Mozilla/5.0 (compatible; AwarioBot/1.0; +https://awario.com/bots.html)"
3.224.220.101 - - [08/Nov/2023:06:38:05 +0100] "GET /laundry-baskets-p-44778.html HTTP/1.0" 200 79637 "-" "Mozilla/5.0 (Macintosh; Intel Mac OS X 10_10_1) AppleWebKit/600.2.5 (KHTML, like Gecko) Version/8.0.2 Safari/600.2.5 (Amazonbot/0.1; +https://developer.amazon.com/support/amazonbot)"
85.208.96.209 - - [08/Nov/2023:06:38:04 +0100] "GET /-p-47532.html HTTP/1.0" 200 77271 "-" "Mozilla/5.0 (compatible; SemrushBot/7~bl; +http://www.semrush.com/bot.html)"
3.224.220.101 - - [08/Nov/2023:06:38:07 +0100] "GET /wicker-basket-p-44996.html HTTP/1.0" 200 79576 "-" "Mozilla/5.0 (Macintosh; Intel Mac OS X 10_10_1) AppleWebKit/600.2.5 (KHTML, like Gecko) Version/8.0.2 Safari/600.2.5 (Amazonbot/0.1; +https://developer.amazon.com/support/amazonbot)"
46.4.108.51 - - [08/Nov/2023:06:38:11 +0100] "GET /pencil-case-c-31_75.html?page=5 HTTP/1.0" 200 100429 "-" "Mozilla/5.0 (compatible; AwarioBot/1.0; +https://awario.com/bots.html)"
185.191.171.2 - - [08/Nov/2023:06:38:13 +0100] "GET /wood-chopping-board-aprophiles-club-p-47255.html HTTP/1.0" 200 80621 "-" "Mozilla/5.0 (compatible; SemrushBot/7~bl; +http://www.semrush.com/bot.html)"
185.191.171.15 - - [08/Nov/2023:06:38:17 +0100] "GET /hello-kitty-swimming-ring-p-19971.html HTTP/1.0" 200 79758 "-" "Mozilla/5.0 (compatible; SemrushBot/7~bl; +http://www.semrush.com/bot.html)"
3.224.220.101 - - [08/Nov/2023:06:38:25 +0100] "GET /london-ashtray-p-36625.html HTTP/1.0" 200 79591 "-" "Mozilla/5.0 (Macintosh; Intel Mac OS X 10_10_1) AppleWebKit/600.2.5 (KHTML, like Gecko) Version/8.0.2 Safari/600.2.5 (Amazonbot/0.1; +https://developer.amazon.com/support/amazonbot)"
23.22.35.162 - - [08/Nov/2023:06:38:26 +0100] "GET /horse-backpack-p-23430.html HTTP/1.0" 200 79628 "-" "Mozilla/5.0 (Macintosh; Intel Mac OS X 10_10_1) AppleWebKit/600.2.5 (KHTML, like Gecko) Version/8.0.2 Safari/600.2.5 (Amazonbot/0.1; +https://developer.amazon.com/support/amazonbot)"
46.4.108.51 - - [08/Nov/2023:06:38:26 +0100] "GET /pencil-case-c-31_75.html?page=6 HTTP/1.0" 200 100992 "-" "Mozilla/5.0 (compatible; AwarioBot/1.0; +https://awario.com/bots.html)"
52.70.240.171 - - [08/Nov/2023:06:38:28 +0100] "GET /horse-backpack-p-22206.html HTTP/1.0" 200 79774 "-" "Mozilla/5.0 (Macintosh; Intel Mac OS X 10_10_1) AppleWebKit/600.2.5 (KHTML, like Gecko) Version/8.0.2 Safari/600.2.5 (Amazonbot/0.1; +https://developer.amazon.com/support/amazonbot)"
3.224.220.101 - - [08/Nov/2023:06:38:30 +0100] "GET /shirts-sweatshirts-c-53_54.html HTTP/1.0" 200 99328 "-" "Mozilla/5.0 (Macintosh; Intel Mac OS X 10_10_1) AppleWebKit/600.2.5 (KHTML, like Gecko) Version/8.0.2 Safari/600.2.5 (Amazonbot/0.1; +https://developer.amazon.com/support/amazonbot)"
3.224.220.101 - - [08/Nov/2023:06:38:33 +0100] "GET /wooden-storage-boxes-p-56511.html HTTP/1.0" 200 80818 "-" "Mozilla/5.0 (Macintosh; Intel Mac OS X 10_10_1) AppleWebKit/600.2.5 (KHTML, like Gecko) Version/8.0.2 Safari/600.2.5 (Amazonbot/0.1; +https://developer.amazon.com/support/amazonbot)"
3.224.220.101 - - [08/Nov/2023:06:38:35 +0100] "GET /wooden-storage-boxes-p-56509.html HTTP/1.0" 200 80611 "-" "Mozilla/5.0 (Macintosh; Intel Mac OS X 10_10_1) AppleWebKit/600.2.5 (KHTML, like Gecko) Version/8.0.2 Safari/600.2.5 (Amazonbot/0.1; +https://developer.amazon.com/support/amazonbot)"
3.224.220.101 - - [08/Nov/2023:06:38:37 +0100] "GET /baskets-magazine-rack-p-50693.html HTTP/1.0" 200 80707 "-" "Mozilla/5.0 (Macintosh; Intel Mac OS X 10_10_1) AppleWebKit/600.2.5 (KHTML, like Gecko) Version/8.0.2 Safari/600.2.5 (Amazonbot/0.1; +https://developer.amazon.com/support/amazonbot)"
23.22.35.162 - - [08/Nov/2023:06:38:38 +0100] "GET /bamboo-laundry-basket-p-52484.html HTTP/1.0" 200 80453 "-" "Mozilla/5.0 (Macintosh; Intel Mac OS X 10_10_1) AppleWebKit/600.2.5 (KHTML, like Gecko) Version/8.0.2 Safari/600.2.5 (Amazonbot/0.1; +https://developer.amazon.com/support/amazonbot)"
46.4.108.51 - - [08/Nov/2023:06:38:39 +0100] "GET /pencil-case-c-31_75.html?page=7 HTTP/1.0" 200 87627 "-" "Mozilla/5.0 (compatible; AwarioBot/1.0; +https://awario.com/bots.html)"
185.191.171.11 - - [08/Nov/2023:06:38:42 +0100] "GET /-p-60276.html HTTP/1.0" 200 77271 "-" "Mozilla/5.0 (compatible; SemrushBot/7~bl; +http://www.semrush.com/bot.html)"
3.224.220.101 - - [08/Nov/2023:06:38:47 +0100] "GET /three-nesting-baskets-p-58717.html HTTP/1.0" 200 80880 "-" "Mozilla/5.0 (Macintosh; Intel Mac OS X 10_10_1) AppleWebKit/600.2.5 (KHTML, like Gecko) Version/8.0.2 Safari/600.2.5 (Amazonbot/0.1; +https://developer.amazon.com/support/amazonbot)"
46.4.108.51 - - [08/Nov/2023:06:38:47 +0100] "GET /pencil-case-p-10628.html HTTP/1.0" 200 79755 "-" "Mozilla/5.0 (compatible; AwarioBot/1.0; +https://awario.com/bots.html)"
85.208.96.205 - - [08/Nov/2023:06:38:52 +0100] "GET /-p-51887.html HTTP/1.0" 200 77271 "-" "Mozilla/5.0 (compatible; SemrushBot/7~bl; +http://www.semrush.com/bot.html)"
185.191.171.6 - - [08/Nov/2023:06:38:56 +0100] "GET /littlest-petshop-backpack-p-25773.html HTTP/1.0" 200 79955 "-" "Mozilla/5.0 (compatible; SemrushBot/7~bl; +http://www.semrush.com/bot.html)"
185.191.171.3 - - [08/Nov/2023:06:39:05 +0100] "GET /king-chess-piece-silver-p-53096.html HTTP/1.0" 200 77353 "-" "Mozilla/5.0 (compatible; SemrushBot/7~bl; +http://www.semrush.com/bot.html)"
46.4.108.51 - - [08/Nov/2023:06:39:05 +0100] "GET /pencil-case-p-3528.html HTTP/1.0" 200 79766 "-" "Mozilla/5.0 (compatible; AwarioBot/1.0; +https://awario.com/bots.html)"
3.224.220.101 - - [08/Nov/2023:06:39:13 +0100] "GET /backpack-p-55759.html HTTP/1.0" 200 80478 "-" "Mozilla/5.0 (Macintosh; Intel Mac OS X 10_10_1) AppleWebKit/600.2.5 (KHTML, like Gecko) Version/8.0.2 Safari/600.2.5 (Amazonbot/0.1; +https://developer.amazon.com/support/amazonbot)"
46.4.108.51 - - [08/Nov/2023:06:39:14 +0100] "GET /pencil-cbkreation-p-43446.html HTTP/1.0" 200 79625 "-" "Mozilla/5.0 (compatible; AwarioBot/1.0; +https://awario.com/bots.html)"
185.191.171.15 - - [08/Nov/2023:06:39:21 +0100] "GET /pepe-jeans-black-leather-wallet-p-38146.html HTTP/1.0" 200 77385 "-" "Mozilla/5.0 (compatible; SemrushBot/7~bl; +http://www.semrush.com/bot.html)"
52.70.240.171 - - [08/Nov/2023:06:39:21 +0100] "GET /bracelet-amber-p-48650.html HTTP/1.0" 200 80116 "-" "Mozilla/5.0 (Macintosh; Intel Mac OS X 10_10_1) AppleWebKit/600.2.5 (KHTML, like Gecko) Version/8.0.2 Safari/600.2.5 (Amazonbot/0.1; +https://developer.amazon.com/support/amazonbot)"
52.70.240.171 - - [08/Nov/2023:06:39:22 +0100] "GET /vanity-beauty-bags-c-31_78.html HTTP/1.0" 200 87299 "-" "Mozilla/5.0 (Macintosh; Intel Mac OS X 10_10_1) AppleWebKit/600.2.5 (KHTML, like Gecko) Version/8.0.2 Safari/600.2.5 (Amazonbot/0.1; +https://developer.amazon.com/support/amazonbot)"
3.224.220.101 - - [08/Nov/2023:06:39:23 +0100] "GET /candy-cloud-hair-brush-dasha-p-49778.html HTTP/1.0" 200 79690 "-" "Mozilla/5.0 (Macintosh; Intel Mac OS X 10_10_1) AppleWebKit/600.2.5 (KHTML, like Gecko) Version/8.0.2 Safari/600.2.5 (Amazonbot/0.1; +https://developer.amazon.com/support/amazonbot)"
3.224.220.101 - - [08/Nov/2023:06:39:24 +0100] "GET /wicker-basket-p-44998.html HTTP/1.0" 200 79576 "-" "Mozilla/5.0 (Macintosh; Intel Mac OS X 10_10_1) AppleWebKit/600.2.5 (KHTML, like Gecko) Version/8.0.2 Safari/600.2.5 (Amazonbot/0.1; +https://developer.amazon.com/support/amazonbot)"
17.241.219.241 - - [08/Nov/2023:06:39:29 +0100] "GET /images/big_prod_3/c028399186730.jpg HTTP/1.0" 200 270 "-" "Mozilla/5.0 (Macintosh; Intel Mac OS X 10_15_5) AppleWebKit/605.1.15 (KHTML, like Gecko) Version/13.1.1 Safari/605.1.15 (Applebot/0.1; +http://www.apple.com/go/applebot)"
46.4.108.51 - - [08/Nov/2023:06:39:29 +0100] "GET /pencil-cbkreation-p-43449.html HTTP/1.0" 200 79624 "-" "Mozilla/5.0 (compatible; AwarioBot/1.0; +https://awario.com/bots.html)"
23.22.35.162 - - [08/Nov/2023:06:39:30 +0100] "GET /seagrass-basket-p-50217.html HTTP/1.0" 200 79601 "-" "Mozilla/5.0 (Macintosh; Intel Mac OS X 10_10_1) AppleWebKit/600.2.5 (KHTML, like Gecko) Version/8.0.2 Safari/600.2.5 (Amazonbot/0.1; +https://developer.amazon.com/support/amazonbot)"
52.70.240.171 - - [08/Nov/2023:06:39:31 +0100] "GET /seagrass-basket-p-50216.html HTTP/1.0" 200 79601 "-" "Mozilla/5.0 (Macintosh; Intel Mac OS X 10_10_1) AppleWebKit/600.2.5 (KHTML, like Gecko) Version/8.0.2 Safari/600.2.5 (Amazonbot/0.1; +https://developer.amazon.com/support/amazonbot)"
185.191.171.18 - - [08/Nov/2023:06:39:35 +0100] "GET /paperweight-glass-flower-p-59154.html HTTP/1.0" 200 80481 "-" "Mozilla/5.0 (compatible; SemrushBot/7~bl; +http://www.semrush.com/bot.html)"
52.70.240.171 - - [08/Nov/2023:06:39:37 +0100] "GET /baskets-with-handles-p-50701.html HTTP/1.0" 200 80584 "-" "Mozilla/5.0 (Macintosh; Intel Mac OS X 10_10_1) AppleWebKit/600.2.5 (KHTML, like Gecko) Version/8.0.2 Safari/600.2.5 (Amazonbot/0.1; +https://developer.amazon.com/support/amazonbot)"
185.191.171.11 - - [08/Nov/2023:06:39:39 +0100] "GET /wooden-chime-metal-glass-p-43522.html HTTP/1.0" 200 80324 "-" "Mozilla/5.0 (compatible; SemrushBot/7~bl; +http://www.semrush.com/bot.html)"
3.224.220.101 - - [08/Nov/2023:06:39:39 +0100] "GET /wicker-basket-p-44997.html HTTP/1.0" 200 79596 "-" "Mozilla/5.0 (Macintosh; Intel Mac OS X 10_10_1) AppleWebKit/600.2.5 (KHTML, like Gecko) Version/8.0.2 Safari/600.2.5 (Amazonbot/0.1; +https://developer.amazon.com/support/amazonbot)"
23.22.35.162 - - [08/Nov/2023:06:39:40 +0100] "GET /wicker-basket-p-48603.html HTTP/1.0" 200 79596 "-" "Mozilla/5.0 (Macintosh; Intel Mac OS X 10_10_1) AppleWebKit/600.2.5 (KHTML, like Gecko) Version/8.0.2 Safari/600.2.5 (Amazonbot/0.1; +https://developer.amazon.com/support/amazonbot)"
52.70.240.171 - - [08/Nov/2023:06:39:41 +0100] "GET /braided-paper-fiber-basket-beige-p-58195.html HTTP/1.0" 200 80675 "-" "Mozilla/5.0 (Macintosh; Intel Mac OS X 10_10_1) AppleWebKit/600.2.5 (KHTML, like Gecko) Version/8.0.2 Safari/600.2.5 (Amazonbot/0.1; +https://developer.amazon.com/support/amazonbot)"
23.22.35.162 - - [08/Nov/2023:06:39:42 +0100] "GET /bamboo-laundry-basket-p-48965.html HTTP/1.0" 200 79668 "-" "Mozilla/5.0 (Macintosh; Intel Mac OS X 10_10_1) AppleWebKit/600.2.5 (KHTML, like Gecko) Version/8.0.2 Safari/600.2.5 (Amazonbot/0.1; +https://developer.amazon.com/support/amazonbot)"
185.191.171.17 - - [08/Nov/2023:06:39:43 +0100] "GET /eyelet-curtain-p-52356.html HTTP/1.0" 200 81815 "-" "Mozilla/5.0 (compatible; SemrushBot/7~bl; +http://www.semrush.com/bot.html)"
23.22.35.162 - - [08/Nov/2023:06:39:48 +0100] "GET /singing-bowl-p-50831.html HTTP/1.0" 200 79576 "-" "Mozilla/5.0 (Macintosh; Intel Mac OS X 10_10_1) AppleWebKit/600.2.5 (KHTML, like Gecko) Version/8.0.2 Safari/600.2.5 (Amazonbot/0.1; +https://developer.amazon.com/support/amazonbot)"
52.70.240.171 - - [08/Nov/2023:06:39:53 +0100] "GET /singing-bowl-p-36058.html HTTP/1.0" 200 79578 "-" "Mozilla/5.0 (Macintosh; Intel Mac OS X 10_10_1) AppleWebKit/600.2.5 (KHTML, like Gecko) Version/8.0.2 Safari/600.2.5 (Amazonbot/0.1; +https://developer.amazon.com/support/amazonbot)"
46.4.108.51 - - [08/Nov/2023:06:39:55 +0100] "GET /pencil-cbkreation-p-43450.html HTTP/1.0" 200 79624 "-" "Mozilla/5.0 (compatible; AwarioBot/1.0; +https://awario.com/bots.html)"
185.191.171.5 - - [08/Nov/2023:06:40:00 +0100] "GET /cotton-floor-cushion-charmille-p-49124.html HTTP/1.0" 200 77373 "-" "Mozilla/5.0 (compatible; SemrushBot/7~bl; +http://www.semrush.com/bot.html)"
46.4.108.51 - - [08/Nov/2023:06:40:09 +0100] "GET /robots.txt HTTP/1.0" 200 245 "-" "Mozilla/5.0 (compatible; AwarioBot/1.0; +https://awario.com/bots.html)"
46.4.108.51 - - [08/Nov/2023:06:40:09 +0100] "GET /pencil-loola-ylvi-minimoomis-p-33974.html HTTP/1.0" 200 79780 "-" "Mozilla/5.0 (compatible; AwarioBot/1.0; +https://awario.com/bots.html)"
168.138.105.69 - - [08/Nov/2023:06:40:19 +0100] "GET /images/mini_prod/3660173176284.jpg HTTP/1.0" 200 269 "-" "Mozilla/5.0 (X11; Ubuntu; Linux x86_64; rv:72.0) Gecko/20100101 Firefox/72.0"
23.22.35.162 - - [08/Nov/2023:06:40:18 +0100] "GET /newton-wiege-p-28326.html HTTP/1.0" 200 80334 "-" "Mozilla/5.0 (Macintosh; Intel Mac OS X 10_10_1) AppleWebKit/600.2.5 (KHTML, like Gecko) Version/8.0.2 Safari/600.2.5 (Amazonbot/0.1; +https://developer.amazon.com/support/amazonbot)"
185.191.171.18 - - [08/Nov/2023:06:40:23 +0100] "GET /ethnic-elephant-storage-chest-p-57344.html HTTP/1.0" 200 77389 "-" "Mozilla/5.0 (compatible; SemrushBot/7~bl; +http://www.semrush.com/bot.html)"
203.185.130.166 - - [08/Nov/2023:06:40:26 +0100] "GET /images/mini_prod/5051276388199.jpg HTTP/1.0" 200 269 "-" "Mozilla/5.0 (X11; Ubuntu; Linux x86_64; rv:72.0) Gecko/20100101 Firefox/72.0"
46.4.108.51 - - [08/Nov/2023:06:40:26 +0100] "GET /pendant-silver-with-amethyst-p-45458.html HTTP/1.0" 200 79758 "-" "Mozilla/5.0 (compatible; AwarioBot/1.0; +https://awario.com/bots.html)"
173.252.83.1 - - [08/Nov/2023:06:40:28 +0100] "GET /images/mini_prod/3700281647280B.jpg HTTP/1.0" 200 270 "-" "facebookexternalhit/1.1 (+http://www.facebook.com/externalhit_uatext.php)"
128.42.28.84 - - [08/Nov/2023:06:40:29 +0100] "GET /images/mini_prod/4025055184372.jpg HTTP/1.0" 200 269 "-" "Mozilla/5.0 (X11; Ubuntu; Linux x86_64; rv:72.0) Gecko/20100101 Firefox/72.0"
3.224.220.101 - - [08/Nov/2023:06:40:34 +0100] "GET /coat-rack-p-50130.html HTTP/1.0" 200 80130 "-" "Mozilla/5.0 (Macintosh; Intel Mac OS X 10_10_1) AppleWebKit/600.2.5 (KHTML, like Gecko) Version/8.0.2 Safari/600.2.5 (Amazonbot/0.1; +https://developer.amazon.com/support/amazonbot)"
185.191.171.17 - - [08/Nov/2023:06:40:41 +0100] "GET /bamboo-storage-boxes-p-54610.html HTTP/1.0" 200 80648 "-" "Mozilla/5.0 (compatible; SemrushBot/7~bl; +http://www.semrush.com/bot.html)"
173.252.83.119 - - [08/Nov/2023:06:40:44 +0100] "GET /images/big_prod/1384010204306.jpg HTTP/1.0" 200 268 "-" "facebookexternalhit/1.1 (+http://www.facebook.com/externalhit_uatext.php)"
185.191.171.17 - - [08/Nov/2023:06:40:45 +0100] "GET /vase-soliflore-c-13_232.html HTTP/1.0" 200 96848 "-" "Mozilla/5.0 (compatible; SemrushBot/7~bl; +http://www.semrush.com/bot.html)"
85.208.96.203 - - [08/Nov/2023:06:40:48 +0100] "GET /-p-49857.html HTTP/1.0" 200 77271 "-" "Mozilla/5.0 (compatible; SemrushBot/7~bl; +http://www.semrush.com/bot.html)"
3.224.220.101 - - [08/Nov/2023:06:40:50 +0100] "GET /bamboo-storage-boxes-p-60956.html HTTP/1.0" 200 80719 "-" "Mozilla/5.0 (Macintosh; Intel Mac OS X 10_10_1) AppleWebKit/600.2.5 (KHTML, like Gecko) Version/8.0.2 Safari/600.2.5 (Amazonbot/0.1; +https://developer.amazon.com/support/amazonbot)"
46.4.108.51 - - [08/Nov/2023:06:40:50 +0100] "GET /pendants-necklaces-c-3_214.html?page=2 HTTP/1.0" 200 91400 "-" "Mozilla/5.0 (compatible; AwarioBot/1.0; +https://awario.com/bots.html)"
23.22.35.162 - - [08/Nov/2023:06:40:51 +0100] "GET /wicker-basket-p-48598.html HTTP/1.0" 200 79580 "-" "Mozilla/5.0 (Macintosh; Intel Mac OS X 10_10_1) AppleWebKit/600.2.5 (KHTML, like Gecko) Version/8.0.2 Safari/600.2.5 (Amazonbot/0.1; +https://developer.amazon.com/support/amazonbot)"
3.224.220.101 - - [08/Nov/2023:06:40:52 +0100] "GET /bamboo-storage-boxes-p-54610.html HTTP/1.0" 200 80648 "-" "Mozilla/5.0 (Macintosh; Intel Mac OS X 10_10_1) AppleWebKit/600.2.5 (KHTML, like Gecko) Version/8.0.2 Safari/600.2.5 (Amazonbot/0.1; +https://developer.amazon.com/support/amazonbot)"
52.70.240.171 - - [08/Nov/2023:06:40:53 +0100] "GET /three-wooden-baskets-p-59635.html HTTP/1.0" 200 80760 "-" "Mozilla/5.0 (Macintosh; Intel Mac OS X 10_10_1) AppleWebKit/600.2.5 (KHTML, like Gecko) Version/8.0.2 Safari/600.2.5 (Amazonbot/0.1; +https://developer.amazon.com/support/amazonbot)"
168.138.105.69 - - [08/Nov/2023:06:40:56 +0100] "GET /images/mini_prod/3665269014396.jpg HTTP/1.0" 200 269 "-" "Mozilla/5.0 (X11; Ubuntu; Linux x86_64; rv:72.0) Gecko/20100101 Firefox/72.0"
3.224.220.101 - - [08/Nov/2023:06:40:55 +0100] "GET /money-p-52252.html HTTP/1.0" 200 80490 "-" "Mozilla/5.0 (Macintosh; Intel Mac OS X 10_10_1) AppleWebKit/600.2.5 (KHTML, like Gecko) Version/8.0.2 Safari/600.2.5 (Amazonbot/0.1; +https://developer.amazon.com/support/amazonbot)"
85.208.96.197 - - [08/Nov/2023:06:40:56 +0100] "GET /gund-mini-horse-sound-plush-p-32795.html HTTP/1.0" 200 79764 "-" "Mozilla/5.0 (compatible; SemrushBot/7~bl; +http://www.semrush.com/bot.html)"
52.70.240.171 - - [08/Nov/2023:06:40:56 +0100] "GET /basket-black-natural-palm-leaves-p-48057.html HTTP/1.0" 200 79777 "-" "Mozilla/5.0 (Macintosh; Intel Mac OS X 10_10_1) AppleWebKit/600.2.5 (KHTML, like Gecko) Version/8.0.2 Safari/600.2.5 (Amazonbot/0.1; +https://developer.amazon.com/support/amazonbot)"
3.224.220.101 - - [08/Nov/2023:06:40:57 +0100] "GET /basket-black-natural-palm-leaves-p-48064.html HTTP/1.0" 200 79778 "-" "Mozilla/5.0 (Macintosh; Intel Mac OS X 10_10_1) AppleWebKit/600.2.5 (KHTML, like Gecko) Version/8.0.2 Safari/600.2.5 (Amazonbot/0.1; +https://developer.amazon.com/support/amazonbot)"
23.22.35.162 - - [08/Nov/2023:06:40:59 +0100] "GET /hung-mirrors-c-31_258.html HTTP/1.0" 200 95305 "-" "Mozilla/5.0 (Macintosh; Intel Mac OS X 10_10_1) AppleWebKit/600.2.5 (KHTML, like Gecko) Version/8.0.2 Safari/600.2.5 (Amazonbot/0.1; +https://developer.amazon.com/support/amazonbot)"
46.4.108.51 - - [08/Nov/2023:06:41:01 +0100] "GET /penguin-jewelry-holder-statuette-p-57765.html HTTP/1.0" 200 79854 "-" "Mozilla/5.0 (compatible; AwarioBot/1.0; +https://awario.com/bots.html)"
23.22.35.162 - - [08/Nov/2023:06:41:01 +0100] "GET /renault-magnets-p-40278.html HTTP/1.0" 200 79671 "-" "Mozilla/5.0 (Macintosh; Intel Mac OS X 10_10_1) AppleWebKit/600.2.5 (KHTML, like Gecko) Version/8.0.2 Safari/600.2.5 (Amazonbot/0.1; +https://developer.amazon.com/support/amazonbot)"
23.22.35.162 - - [08/Nov/2023:06:41:03 +0100] "GET /volkswagen-mini-magnets-enamelled-p-31623.html HTTP/1.0" 200 79970 "-" "Mozilla/5.0 (Macintosh; Intel Mac OS X 10_10_1) AppleWebKit/600.2.5 (KHTML, like Gecko) Version/8.0.2 Safari/600.2.5 (Amazonbot/0.1; +https://developer.amazon.com/support/amazonbot)"
173.252.83.5 - - [08/Nov/2023:06:41:06 +0100] "GET /images/mini_prod/8424001712816.jpg HTTP/1.0" 404 1308 "-" "facebookexternalhit/1.1 (+http://www.facebook.com/externalhit_uatext.php)"
52.70.240.171 - - [08/Nov/2023:06:41:05 +0100] "GET /writing-correction-c-129_186.html HTTP/1.0" 200 99054 "-" "Mozilla/5.0 (Macintosh; Intel Mac OS X 10_10_1) AppleWebKit/600.2.5 (KHTML, like Gecko) Version/8.0.2 Safari/600.2.5 (Amazonbot/0.1; +https://developer.amazon.com/support/amazonbot)"
46.4.108.51 - - [08/Nov/2023:06:41:15 +0100] "GET /penguin-pocket-warmer-p-58832.html HTTP/1.0" 200 80526 "-" "Mozilla/5.0 (compatible; AwarioBot/1.0; +https://awario.com/bots.html)"
124.156.207.67 - - [08/Nov/2023:06:41:18 +0100] "GET /images/D5411217321171.jpg HTTP/1.0" 200 260 "-" "Mozilla/5.0 (Windows NT 6.1; Win64; x64) AppleWebKit/537.36 (KHTML, like Gecko) Firefox/65.0.2277.2 Safari/537.36"
85.208.96.208 - - [08/Nov/2023:06:41:23 +0100] "GET /gormiti-stamp-p-6583.html HTTP/1.0" 200 79809 "-" "Mozilla/5.0 (compatible; SemrushBot/7~bl; +http://www.semrush.com/bot.html)"
46.4.108.51 - - [08/Nov/2023:06:41:24 +0100] "GET /penseurs-bookend-patinated-black-resin-p-58810.html HTTP/1.0" 200 80779 "-" "Mozilla/5.0 (compatible; AwarioBot/1.0; +https://awario.com/bots.html)"
54.36.149.64 - - [08/Nov/2023:06:41:26 +0100] "GET /small-tassen-breakfast-board-made-germany-p-61279.html HTTP/1.0" 200 80707 "-" "Mozilla/5.0 (compatible; AhrefsBot/7.0; +http://ahrefs.com/robot/)"
54.36.149.43 - - [08/Nov/2023:06:41:29 +0100] "GET /images/big_prod_1/4250255840524a.jpg HTTP/1.0" 200 271 "-" "Mozilla/5.0 (compatible; AhrefsBot/7.0; +http://ahrefs.com/robot/)"
54.36.148.127 - - [08/Nov/2023:06:41:29 +0100] "GET /images/big_prod_2/4250255840524b.jpg HTTP/1.0" 200 271 "-" "Mozilla/5.0 (compatible; AhrefsBot/7.0; +http://ahrefs.com/robot/)"
54.36.148.155 - - [08/Nov/2023:06:41:29 +0100] "GET /images/big_prod/4250255840524.jpg HTTP/1.0" 200 268 "-" "Mozilla/5.0 (compatible; AhrefsBot/7.0; +http://ahrefs.com/robot/)"
185.191.171.6 - - [08/Nov/2023:06:41:34 +0100] "GET /decorative-canvas-mappemond-hang-p-56047.html HTTP/1.0" 200 77395 "-" "Mozilla/5.0 (compatible; SemrushBot/7~bl; +http://www.semrush.com/bot.html)"
23.22.35.162 - - [08/Nov/2023:06:41:35 +0100] "GET /ceramic-wooden-p-42168.html HTTP/1.0" 200 80413 "-" "Mozilla/5.0 (Macintosh; Intel Mac OS X 10_10_1) AppleWebKit/600.2.5 (KHTML, like Gecko) Version/8.0.2 Safari/600.2.5 (Amazonbot/0.1; +https://developer.amazon.com/support/amazonbot)"
23.22.35.162 - - [08/Nov/2023:06:41:39 +0100] "GET /ginkgo-p-55191.html HTTP/1.0" 200 80358 "-" "Mozilla/5.0 (Macintosh; Intel Mac OS X 10_10_1) AppleWebKit/600.2.5 (KHTML, like Gecko) Version/8.0.2 Safari/600.2.5 (Amazonbot/0.1; +https://developer.amazon.com/support/amazonbot)"
46.4.108.51 - - [08/Nov/2023:06:41:41 +0100] "GET /perfumes-interior-c-231_234.html?page=2 HTTP/1.0" 200 99428 "-" "Mozilla/5.0 (compatible; AwarioBot/1.0; +https://awario.com/bots.html)"
23.22.35.162 - - [08/Nov/2023:06:41:46 +0100] "GET /mandala-p-55189.html HTTP/1.0" 200 80363 "-" "Mozilla/5.0 (Macintosh; Intel Mac OS X 10_10_1) AppleWebKit/600.2.5 (KHTML, like Gecko) Version/8.0.2 Safari/600.2.5 (Amazonbot/0.1; +https://developer.amazon.com/support/amazonbot)"
3.224.220.101 - - [08/Nov/2023:06:41:47 +0100] "GET /mandala-p-55188.html HTTP/1.0" 200 80362 "-" "Mozilla/5.0 (Macintosh; Intel Mac OS X 10_10_1) AppleWebKit/600.2.5 (KHTML, like Gecko) Version/8.0.2 Safari/600.2.5 (Amazonbot/0.1; +https://developer.amazon.com/support/amazonbot)"
23.22.35.162 - - [08/Nov/2023:06:41:51 +0100] "GET /rainforest-p-56842.html HTTP/1.0" 200 80494 "-" "Mozilla/5.0 (Macintosh; Intel Mac OS X 10_10_1) AppleWebKit/600.2.5 (KHTML, like Gecko) Version/8.0.2 Safari/600.2.5 (Amazonbot/0.1; +https://developer.amazon.com/support/amazonbot)"
168.138.105.69 - - [08/Nov/2023:06:41:53 +0100] "GET /images/mini_prod/8718969000611.jpg HTTP/1.0" 200 269 "-" "Mozilla/5.0 (X11; Ubuntu; Linux x86_64; rv:72.0) Gecko/20100101 Firefox/72.0"
23.22.35.162 - - [08/Nov/2023:06:41:54 +0100] "GET /flower-life-p-42835.html HTTP/1.0" 200 80571 "-" "Mozilla/5.0 (Macintosh; Intel Mac OS X 10_10_1) AppleWebKit/600.2.5 (KHTML, like Gecko) Version/8.0.2 Safari/600.2.5 (Amazonbot/0.1; +https://developer.amazon.com/support/amazonbot)"
3.224.220.101 - - [08/Nov/2023:06:41:56 +0100] "GET /rainforest-p-56843.html HTTP/1.0" 200 80495 "-" "Mozilla/5.0 (Macintosh; Intel Mac OS X 10_10_1) AppleWebKit/600.2.5 (KHTML, like Gecko) Version/8.0.2 Safari/600.2.5 (Amazonbot/0.1; +https://developer.amazon.com/support/amazonbot)"
3.224.220.101 - - [08/Nov/2023:06:41:58 +0100] "GET /yumiko-gold-p-50772.html HTTP/1.0" 200 80605 "-" "Mozilla/5.0 (Macintosh; Intel Mac OS X 10_10_1) AppleWebKit/600.2.5 (KHTML, like Gecko) Version/8.0.2 Safari/600.2.5 (Amazonbot/0.1; +https://developer.amazon.com/support/amazonbot)"
85.208.96.198 - - [08/Nov/2023:06:41:59 +0100] "GET /carpet-mandala-grey-blue-p-44901.html HTTP/1.0" 200 80832 "-" "Mozilla/5.0 (compatible; SemrushBot/7~bl; +http://www.semrush.com/bot.html)"
46.4.108.51 - - [08/Nov/2023:06:41:59 +0100] "GET /perfumes-interior-c-231_234.html?page=3 HTTP/1.0" 200 99737 "-" "Mozilla/5.0 (compatible; AwarioBot/1.0; +https://awario.com/bots.html)"
3.224.220.101 - - [08/Nov/2023:06:42:04 +0100] "GET /metal-capacity-p-52986.html HTTP/1.0" 200 80469 "-" "Mozilla/5.0 (Macintosh; Intel Mac OS X 10_10_1) AppleWebKit/600.2.5 (KHTML, like Gecko) Version/8.0.2 Safari/600.2.5 (Amazonbot/0.1; +https://developer.amazon.com/support/amazonbot)"
3.224.220.101 - - [08/Nov/2023:06:42:03 +0100] "GET /andalusia-p-50766.html HTTP/1.0" 200 80394 "-" "Mozilla/5.0 (Macintosh; Intel Mac OS X 10_10_1) AppleWebKit/600.2.5 (KHTML, like Gecko) Version/8.0.2 Safari/600.2.5 (Amazonbot/0.1; +https://developer.amazon.com/support/amazonbot)"
52.70.240.171 - - [08/Nov/2023:06:42:06 +0100] "GET /andalusia-p-50767.html HTTP/1.0" 200 80391 "-" "Mozilla/5.0 (Macintosh; Intel Mac OS X 10_10_1) AppleWebKit/600.2.5 (KHTML, like Gecko) Version/8.0.2 Safari/600.2.5 (Amazonbot/0.1; +https://developer.amazon.com/support/amazonbot)"
23.22.35.162 - - [08/Nov/2023:06:42:07 +0100] "GET /africa-p-45713.html HTTP/1.0" 200 80315 "-" "Mozilla/5.0 (Macintosh; Intel Mac OS X 10_10_1) AppleWebKit/600.2.5 (KHTML, like Gecko) Version/8.0.2 Safari/600.2.5 (Amazonbot/0.1; +https://developer.amazon.com/support/amazonbot)"
85.208.96.195 - - [08/Nov/2023:06:42:09 +0100] "GET /flower-cover-white-metal-shape-p-58276.html HTTP/1.0" 200 80796 "-" "Mozilla/5.0 (compatible; SemrushBot/7~bl; +http://www.semrush.com/bot.html)"
46.4.108.51 - - [08/Nov/2023:06:42:09 +0100] "GET /perfumes-interior-c-231_234.html?page=4 HTTP/1.0" 200 90212 "-" "Mozilla/5.0 (compatible; AwarioBot/1.0; +https://awario.com/bots.html)"
173.252.83.7 - - [08/Nov/2023:06:42:14 +0100] "GET /images/mini_prod/3453131148917.jpg HTTP/1.0" 200 269 "-" "facebookexternalhit/1.1 (+http://www.facebook.com/externalhit_uatext.php)"
173.252.83.119 - - [08/Nov/2023:06:42:25 +0100] "GET /images/big_prod_1/1962360000009B.jpg HTTP/1.0" 200 271 "-" "facebookexternalhit/1.1 (+http://www.facebook.com/externalhit_uatext.php)"
46.4.108.51 - - [08/Nov/2023:06:42:27 +0100] "GET /robots.txt HTTP/1.0" 200 245 "-" "Mozilla/5.0 (compatible; AwarioBot/1.0; +https://awario.com/bots.html)"
46.4.108.51 - - [08/Nov/2023:06:42:27 +0100] "GET /personalized-products-c-97.html?page=2 HTTP/1.0" 200 98337 "-" "Mozilla/5.0 (compatible; AwarioBot/1.0; +https://awario.com/bots.html)"
52.70.240.171 - - [08/Nov/2023:06:42:32 +0100] "GET /eucalyptus-p-55190.html HTTP/1.0" 200 80396 "-" "Mozilla/5.0 (Macintosh; Intel Mac OS X 10_10_1) AppleWebKit/600.2.5 (KHTML, like Gecko) Version/8.0.2 Safari/600.2.5 (Amazonbot/0.1; +https://developer.amazon.com/support/amazonbot)"
3.224.220.101 - - [08/Nov/2023:06:42:33 +0100] "GET /metal-capacity-p-52989.html HTTP/1.0" 200 80468 "-" "Mozilla/5.0 (Macintosh; Intel Mac OS X 10_10_1) AppleWebKit/600.2.5 (KHTML, like Gecko) Version/8.0.2 Safari/600.2.5 (Amazonbot/0.1; +https://developer.amazon.com/support/amazonbot)"
3.224.220.101 - - [08/Nov/2023:06:42:40 +0100] "GET /rainforest-p-56841.html HTTP/1.0" 200 80396 "-" "Mozilla/5.0 (Macintosh; Intel Mac OS X 10_10_1) AppleWebKit/600.2.5 (KHTML, like Gecko) Version/8.0.2 Safari/600.2.5 (Amazonbot/0.1; +https://developer.amazon.com/support/amazonbot)"
3.224.220.101 - - [08/Nov/2023:06:42:44 +0100] "GET /padma-pink-p-54309.html HTTP/1.0" 200 80352 "-" "Mozilla/5.0 (Macintosh; Intel Mac OS X 10_10_1) AppleWebKit/600.2.5 (KHTML, like Gecko) Version/8.0.2 Safari/600.2.5 (Amazonbot/0.1; +https://developer.amazon.com/support/amazonbot)"
23.22.35.162 - - [08/Nov/2023:06:42:46 +0100] "GET /padma-blue-p-54308.html HTTP/1.0" 200 80352 "-" "Mozilla/5.0 (Macintosh; Intel Mac OS X 10_10_1) AppleWebKit/600.2.5 (KHTML, like Gecko) Version/8.0.2 Safari/600.2.5 (Amazonbot/0.1; +https://developer.amazon.com/support/amazonbot)"
185.191.171.19 - - [08/Nov/2023:06:42:47 +0100] "GET /-p-26481.html HTTP/1.0" 200 77271 "-" "Mozilla/5.0 (compatible; SemrushBot/7~bl; +http://www.semrush.com/bot.html)"
23.22.35.162 - - [08/Nov/2023:06:42:47 +0100] "GET /kyoto-black-p-39303.html HTTP/1.0" 200 79771 "-" "Mozilla/5.0 (Macintosh; Intel Mac OS X 10_10_1) AppleWebKit/600.2.5 (KHTML, like Gecko) Version/8.0.2 Safari/600.2.5 (Amazonbot/0.1; +https://developer.amazon.com/support/amazonbot)"
46.4.108.51 - - [08/Nov/2023:06:42:47 +0100] "GET /personalized-products-c-97.html?page=3 HTTP/1.0" 200 87858 "-" "Mozilla/5.0 (compatible; AwarioBot/1.0; +https://awario.com/bots.html)"
52.70.240.171 - - [08/Nov/2023:06:42:50 +0100] "GET /kyoto-cherry-p-39304.html HTTP/1.0" 200 79779 "-" "Mozilla/5.0 (Macintosh; Intel Mac OS X 10_10_1) AppleWebKit/600.2.5 (KHTML, like Gecko) Version/8.0.2 Safari/600.2.5 (Amazonbot/0.1; +https://developer.amazon.com/support/amazonbot)"
185.191.171.11 - - [08/Nov/2023:06:42:50 +0100] "GET /incense-burner-brass-charcoal-incense-sticks-p-58685.html HTTP/1.0" 200 80740 "-" "Mozilla/5.0 (compatible; SemrushBot/7~bl; +http://www.semrush.com/bot.html)"
52.70.240.171 - - [08/Nov/2023:06:42:53 +0100] "GET /pillow-bolster-c-11_199.html HTTP/1.0" 200 88731 "-" "Mozilla/5.0 (Macintosh; Intel Mac OS X 10_10_1) AppleWebKit/600.2.5 (KHTML, like Gecko) Version/8.0.2 Safari/600.2.5 (Amazonbot/0.1; +https://developer.amazon.com/support/amazonbot)"
23.22.35.162 - - [08/Nov/2023:06:42:57 +0100] "GET /small-steel-fridge-magnets-p-31631.html HTTP/1.0" 200 79799 "-" "Mozilla/5.0 (Macintosh; Intel Mac OS X 10_10_1) AppleWebKit/600.2.5 (KHTML, like Gecko) Version/8.0.2 Safari/600.2.5 (Amazonbot/0.1; +https://developer.amazon.com/support/amazonbot)"
3.224.220.101 - - [08/Nov/2023:06:42:59 +0100] "GET /harley-davidson-magnets-p-12540.html HTTP/1.0" 200 79717 "-" "Mozilla/5.0 (Macintosh; Intel Mac OS X 10_10_1) AppleWebKit/600.2.5 (KHTML, like Gecko) Version/8.0.2 Safari/600.2.5 (Amazonbot/0.1; +https://developer.amazon.com/support/amazonbot)"
46.4.108.51 - - [08/Nov/2023:06:42:59 +0100] "GET /peter-rabbit-musical-jewelry-p-56591.html HTTP/1.0" 200 80766 "-" "Mozilla/5.0 (compatible; AwarioBot/1.0; +https://awario.com/bots.html)"
85.208.96.203 - - [08/Nov/2023:06:43:03 +0100] "GET /guardian-angel-statuette-saint-michael-p-51141.html HTTP/1.0" 200 77417 "-" "Mozilla/5.0 (compatible; SemrushBot/7~bl; +http://www.semrush.com/bot.html)"
23.22.35.162 - - [08/Nov/2023:06:43:09 +0100] "GET /rtro-small-steel-fridge-magnets-p-31629.html HTTP/1.0" 200 79810 "-" "Mozilla/5.0 (Macintosh; Intel Mac OS X 10_10_1) AppleWebKit/600.2.5 (KHTML, like Gecko) Version/8.0.2 Safari/600.2.5 (Amazonbot/0.1; +https://developer.amazon.com/support/amazonbot)"
