23.22.35.162 - - [08/Nov/2023:07:56:23 +0100] "GET /home-decoration-c-13.html HTTP/1.0" 200 99159 "-" "Mozilla/5.0 (Macintosh; Intel Mac OS X 10_10_1) AppleWebKit/600.2.5 (KHTML, like Gecko) Version/8.0.2 Safari/600.2.5 (Amazonbot/0.1; +https://developer.amazon.com/support/amazonbot)"
23.22.35.162 - - [08/Nov/2023:07:56:25 +0100] "GET /shell-collection-large-metal-plate-deco-p-38626.html HTTP/1.0" 200 79757 "-" "Mozilla/5.0 (Macintosh; Intel Mac OS X 10_10_1) AppleWebKit/600.2.5 (KHTML, like Gecko) Version/8.0.2 Safari/600.2.5 (Amazonbot/0.1; +https://developer.amazon.com/support/amazonbot)"
185.191.171.16 - - [08/Nov/2023:07:56:26 +0100] "GET /retro-mustache-barber-p-41580.html HTTP/1.0" 200 77361 "-" "Mozilla/5.0 (compatible; SemrushBot/7~bl; +http://www.semrush.com/bot.html)"
3.224.220.101 - - [08/Nov/2023:07:56:26 +0100] "GET /citron-collection-large-metal-plate-deco-p-34129.html HTTP/1.0" 200 79776 "-" "Mozilla/5.0 (Macintosh; Intel Mac OS X 10_10_1) AppleWebKit/600.2.5 (KHTML, like Gecko) Version/8.0.2 Safari/600.2.5 (Amazonbot/0.1; +https://developer.amazon.com/support/amazonbot)"
46.4.108.51 - - [08/Nov/2023:07:56:27 +0100] "GET /rigid-gift-with-pretty-satin-p-60945.html HTTP/1.0" 200 80389 "-" "Mozilla/5.0 (compatible; AwarioBot/1.0; +https://awario.com/bots.html)"
23.22.35.162 - - [08/Nov/2023:07:56:28 +0100] "GET /shell-collection-large-metal-plate-deco-p-37113.html HTTP/1.0" 200 79797 "-" "Mozilla/5.0 (Macintosh; Intel Mac OS X 10_10_1) AppleWebKit/600.2.5 (KHTML, like Gecko) Version/8.0.2 Safari/600.2.5 (Amazonbot/0.1; +https://developer.amazon.com/support/amazonbot)"
3.224.220.101 - - [08/Nov/2023:07:56:29 +0100] "GET /shell-collection-large-metal-plate-deco-p-37114.html HTTP/1.0" 200 79761 "-" "Mozilla/5.0 (Macintosh; Intel Mac OS X 10_10_1) AppleWebKit/600.2.5 (KHTML, like Gecko) Version/8.0.2 Safari/600.2.5 (Amazonbot/0.1; +https://developer.amazon.com/support/amazonbot)"
85.208.96.197 - - [08/Nov/2023:07:56:32 +0100] "GET /headrest-cushion-safran-p-51965.html HTTP/1.0" 200 77361 "-" "Mozilla/5.0 (compatible; SemrushBot/7~bl; +http://www.semrush.com/bot.html)"
168.138.105.69 - - [08/Nov/2023:07:56:34 +0100] "GET /images/mini_prod/5050293383620.jpg HTTP/1.0" 200 269 "-" "Mozilla/5.0 (X11; Ubuntu; Linux x86_64; rv:72.0) Gecko/20100101 Firefox/72.0"
46.4.108.51 - - [08/Nov/2023:07:56:34 +0100] "GET /ring-flower-life-brass-copper-colour-p-44683.html HTTP/1.0" 200 79752 "-" "Mozilla/5.0 (compatible; AwarioBot/1.0; +https://awario.com/bots.html)"
168.138.105.69 - - [08/Nov/2023:07:56:36 +0100] "GET /images/mini_prod/3660173143606.jpg HTTP/1.0" 200 269 "-" "Mozilla/5.0 (X11; Ubuntu; Linux x86_64; rv:72.0) Gecko/20100101 Firefox/72.0"
85.208.96.198 - - [08/Nov/2023:07:56:34 +0100] "GET /barbapapa-barbabeau-pencil-case-p-19619.html HTTP/1.0" 200 77393 "-" "Mozilla/5.0 (compatible; SemrushBot/7~bl; +http://www.semrush.com/bot.html)"
185.191.171.19 - - [08/Nov/2023:07:56:37 +0100] "GET /cbkration-toiletry-p-41155.html HTTP/1.0" 200 77343 "-" "Mozilla/5.0 (compatible; SemrushBot/7~bl; +http://www.semrush.com/bot.html)"
46.4.108.51 - - [08/Nov/2023:07:56:38 +0100] "GET /robin-family-cotton-table-runner-p-60920.html HTTP/1.0" 200 79779 "-" "Mozilla/5.0 (compatible; AwarioBot/1.0; +https://awario.com/bots.html)"
23.22.35.162 - - [08/Nov/2023:07:56:40 +0100] "GET /norton-collection-large-metal-plate-deco-p-37115.html HTTP/1.0" 200 79806 "-" "Mozilla/5.0 (Macintosh; Intel Mac OS X 10_10_1) AppleWebKit/600.2.5 (KHTML, like Gecko) Version/8.0.2 Safari/600.2.5 (Amazonbot/0.1; +https://developer.amazon.com/support/amazonbot)"
46.4.108.51 - - [08/Nov/2023:07:56:41 +0100] "GET /rock-little-mirror-p-8846.html HTTP/1.0" 200 79728 "-" "Mozilla/5.0 (compatible; AwarioBot/1.0; +https://awario.com/bots.html)"
3.224.220.101 - - [08/Nov/2023:07:56:42 +0100] "GET /shell-collection-large-metal-plate-deco-p-38625.html HTTP/1.0" 200 79757 "-" "Mozilla/5.0 (Macintosh; Intel Mac OS X 10_10_1) AppleWebKit/600.2.5 (KHTML, like Gecko) Version/8.0.2 Safari/600.2.5 (Amazonbot/0.1; +https://developer.amazon.com/support/amazonbot)"
23.22.35.162 - - [08/Nov/2023:07:56:45 +0100] "GET /norton-collection-large-metal-plate-deco-p-37116.html HTTP/1.0" 200 79806 "-" "Mozilla/5.0 (Macintosh; Intel Mac OS X 10_10_1) AppleWebKit/600.2.5 (KHTML, like Gecko) Version/8.0.2 Safari/600.2.5 (Amazonbot/0.1; +https://developer.amazon.com/support/amazonbot)"
23.22.35.162 - - [08/Nov/2023:07:56:46 +0100] "GET /coca-cola-large-metal-plate-deco-p-27961.html HTTP/1.0" 200 79682 "-" "Mozilla/5.0 (Macintosh; Intel Mac OS X 10_10_1) AppleWebKit/600.2.5 (KHTML, like Gecko) Version/8.0.2 Safari/600.2.5 (Amazonbot/0.1; +https://developer.amazon.com/support/amazonbot)"
3.224.220.101 - - [08/Nov/2023:07:56:47 +0100] "GET /coca-cola-large-metal-plate-deco-p-27969.html HTTP/1.0" 200 79700 "-" "Mozilla/5.0 (Macintosh; Intel Mac OS X 10_10_1) AppleWebKit/600.2.5 (KHTML, like Gecko) Version/8.0.2 Safari/600.2.5 (Amazonbot/0.1; +https://developer.amazon.com/support/amazonbot)"
52.70.240.171 - - [08/Nov/2023:07:56:48 +0100] "GET /good-year-large-metal-plate-deco-p-43531.html HTTP/1.0" 200 79733 "-" "Mozilla/5.0 (Macintosh; Intel Mac OS X 10_10_1) AppleWebKit/600.2.5 (KHTML, like Gecko) Version/8.0.2 Safari/600.2.5 (Amazonbot/0.1; +https://developer.amazon.com/support/amazonbot)"
185.191.171.3 - - [08/Nov/2023:07:56:48 +0100] "GET /medusa-glass-paperweight-p-54532.html HTTP/1.0" 200 77357 "-" "Mozilla/5.0 (compatible; SemrushBot/7~bl; +http://www.semrush.com/bot.html)"
46.4.108.51 - - [08/Nov/2023:07:56:49 +0100] "GET /rock-little-mirror-p-8847.html HTTP/1.0" 200 79744 "-" "Mozilla/5.0 (compatible; AwarioBot/1.0; +https://awario.com/bots.html)"
168.138.105.69 - - [08/Nov/2023:07:56:55 +0100] "GET /images/mini_prod/80039905585252.jpg HTTP/1.0" 200 270 "-" "Mozilla/5.0 (X11; Ubuntu; Linux x86_64; rv:72.0) Gecko/20100101 Firefox/72.0"
46.4.108.51 - - [08/Nov/2023:07:57:01 +0100] "GET /roll-golden-temple-charcoal-tablets-p-60938.html HTTP/1.0" 200 79914 "-" "Mozilla/5.0 (compatible; AwarioBot/1.0; +https://awario.com/bots.html)"
46.4.108.51 - - [08/Nov/2023:07:57:07 +0100] "GET /rose-metal-tray-p-53577.html HTTP/1.0" 200 80529 "-" "Mozilla/5.0 (compatible; AwarioBot/1.0; +https://awario.com/bots.html)"
3.224.220.101 - - [08/Nov/2023:07:57:08 +0100] "GET /large-metal-plate-deco-p-37107.html HTTP/1.0" 200 79670 "-" "Mozilla/5.0 (Macintosh; Intel Mac OS X 10_10_1) AppleWebKit/600.2.5 (KHTML, like Gecko) Version/8.0.2 Safari/600.2.5 (Amazonbot/0.1; +https://developer.amazon.com/support/amazonbot)"
23.22.35.162 - - [08/Nov/2023:07:57:09 +0100] "GET /good-year-large-metal-plate-deco-p-43529.html HTTP/1.0" 200 79733 "-" "Mozilla/5.0 (Macintosh; Intel Mac OS X 10_10_1) AppleWebKit/600.2.5 (KHTML, like Gecko) Version/8.0.2 Safari/600.2.5 (Amazonbot/0.1; +https://developer.amazon.com/support/amazonbot)"
85.208.96.207 - - [08/Nov/2023:07:57:10 +0100] "GET /writing-correction-c-129_186.html?page=1 HTTP/1.0" 200 99065 "-" "Mozilla/5.0 (compatible; SemrushBot/7~bl; +http://www.semrush.com/bot.html)"
23.22.35.162 - - [08/Nov/2023:07:57:11 +0100] "GET /good-year-large-metal-plate-deco-p-43527.html HTTP/1.0" 200 79700 "-" "Mozilla/5.0 (Macintosh; Intel Mac OS X 10_10_1) AppleWebKit/600.2.5 (KHTML, like Gecko) Version/8.0.2 Safari/600.2.5 (Amazonbot/0.1; +https://developer.amazon.com/support/amazonbot)"
23.22.35.162 - - [08/Nov/2023:07:57:13 +0100] "GET /metal-plate-deco-p-54398.html HTTP/1.0" 200 80156 "-" "Mozilla/5.0 (Macintosh; Intel Mac OS X 10_10_1) AppleWebKit/600.2.5 (KHTML, like Gecko) Version/8.0.2 Safari/600.2.5 (Amazonbot/0.1; +https://developer.amazon.com/support/amazonbot)"
3.224.220.101 - - [08/Nov/2023:07:57:15 +0100] "GET /metal-plate-wine-p-57509.html HTTP/1.0" 200 80220 "-" "Mozilla/5.0 (Macintosh; Intel Mac OS X 10_10_1) AppleWebKit/600.2.5 (KHTML, like Gecko) Version/8.0.2 Safari/600.2.5 (Amazonbot/0.1; +https://developer.amazon.com/support/amazonbot)"
185.191.171.6 - - [08/Nov/2023:07:57:16 +0100] "GET /fragrance-sachet-pearl-bouquet-p-40538.html HTTP/1.0" 200 77353 "-" "Mozilla/5.0 (compatible; SemrushBot/7~bl; +http://www.semrush.com/bot.html)"
23.22.35.162 - - [08/Nov/2023:07:57:18 +0100] "GET /metal-plate-deco-p-54397.html HTTP/1.0" 200 80157 "-" "Mozilla/5.0 (Macintosh; Intel Mac OS X 10_10_1) AppleWebKit/600.2.5 (KHTML, like Gecko) Version/8.0.2 Safari/600.2.5 (Amazonbot/0.1; +https://developer.amazon.com/support/amazonbot)"
23.22.35.162 - - [08/Nov/2023:07:57:20 +0100] "GET /habite-chez-chat-metal-plate-deco-p-53482.html HTTP/1.0" 200 80320 "-" "Mozilla/5.0 (Macintosh; Intel Mac OS X 10_10_1) AppleWebKit/600.2.5 (KHTML, like Gecko) Version/8.0.2 Safari/600.2.5 (Amazonbot/0.1; +https://developer.amazon.com/support/amazonbot)"
52.70.240.171 - - [08/Nov/2023:07:57:22 +0100] "GET /metal-plate-mieux-vaut-boire-jaune-p-60428.html HTTP/1.0" 200 80467 "-" "Mozilla/5.0 (Macintosh; Intel Mac OS X 10_10_1) AppleWebKit/600.2.5 (KHTML, like Gecko) Version/8.0.2 Safari/600.2.5 (Amazonbot/0.1; +https://developer.amazon.com/support/amazonbot)"
46.4.108.51 - - [08/Nov/2023:07:57:23 +0100] "GET /roses-josephine-bread-basket-p-59812.html HTTP/1.0" 200 80393 "-" "Mozilla/5.0 (compatible; AwarioBot/1.0; +https://awario.com/bots.html)"
52.70.240.171 - - [08/Nov/2023:07:57:24 +0100] "GET /arrow-metal-plate-p-41717.html HTTP/1.0" 200 79609 "-" "Mozilla/5.0 (Macintosh; Intel Mac OS X 10_10_1) AppleWebKit/600.2.5 (KHTML, like Gecko) Version/8.0.2 Safari/600.2.5 (Amazonbot/0.1; +https://developer.amazon.com/support/amazonbot)"
52.70.240.171 - - [08/Nov/2023:07:57:25 +0100] "GET /japan-decorative-metal-plate-cbkreation-p-57170.html HTTP/1.0" 200 79761 "-" "Mozilla/5.0 (Macintosh; Intel Mac OS X 10_10_1) AppleWebKit/600.2.5 (KHTML, like Gecko) Version/8.0.2 Safari/600.2.5 (Amazonbot/0.1; +https://developer.amazon.com/support/amazonbot)"
202.239.4.109 - - [08/Nov/2023:07:57:25 +0100] "GET /-c-95_360.html HTTP/1.0" 200 76139 "-" "Mozilla/5.0 (compatible; Y!J-WSC/1.0; +https://yahoo.jp/3BSZgF)"
46.4.108.51 - - [08/Nov/2023:07:57:27 +0100] "GET /rosewood-bird-flower-figurine-p-60090.html HTTP/1.0" 200 80545 "-" "Mozilla/5.0 (compatible; AwarioBot/1.0; +https://awario.com/bots.html)"
52.70.240.171 - - [08/Nov/2023:07:57:27 +0100] "GET /cuba-decorative-metal-plate-cbkreation-p-52888.html HTTP/1.0" 200 80409 "-" "Mozilla/5.0 (Macintosh; Intel Mac OS X 10_10_1) AppleWebKit/600.2.5 (KHTML, like Gecko) Version/8.0.2 Safari/600.2.5 (Amazonbot/0.1; +https://developer.amazon.com/support/amazonbot)"
202.239.4.239 - - [08/Nov/2023:07:57:29 +0100] "GET /swfobject.js HTTP/1.0" 404 1308 "http://www.wonder-geek.com/-c-95_360.html" "Mozilla/5.0 (Windows NT 10.0; Win64; x64) AppleWebKit/537.36 (KHTML, like Gecko; compatible; Y!J-WSC/1.0; +https://yahoo.jp/3BSZgF) Chrome/116.0.0.0 Safari/537.36"
52.70.240.171 - - [08/Nov/2023:07:57:29 +0100] "GET /relief-hanging-plate-place-bonheur-p-55674.html HTTP/1.0" 200 80517 "-" "Mozilla/5.0 (Macintosh; Intel Mac OS X 10_10_1) AppleWebKit/600.2.5 (KHTML, like Gecko) Version/8.0.2 Safari/600.2.5 (Amazonbot/0.1; +https://developer.amazon.com/support/amazonbot)"
52.70.240.171 - - [08/Nov/2023:07:57:30 +0100] "GET /bodega-decorative-metal-plate-cbkreation-p-60623.html HTTP/1.0" 200 80422 "-" "Mozilla/5.0 (Macintosh; Intel Mac OS X 10_10_1) AppleWebKit/600.2.5 (KHTML, like Gecko) Version/8.0.2 Safari/600.2.5 (Amazonbot/0.1; +https://developer.amazon.com/support/amazonbot)"
46.4.108.51 - - [08/Nov/2023:07:57:32 +0100] "GET /rosie-white-bone-china-p-54929.html HTTP/1.0" 200 79864 "-" "Mozilla/5.0 (compatible; AwarioBot/1.0; +https://awario.com/bots.html)"
168.138.105.69 - - [08/Nov/2023:07:57:35 +0100] "GET /images/mini_prod/5028486343256.jpg HTTP/1.0" 404 1308 "-" "Mozilla/5.0 (X11; Ubuntu; Linux x86_64; rv:72.0) Gecko/20100101 Firefox/72.0"
46.4.108.51 - - [08/Nov/2023:07:57:35 +0100] "GET /round-bath-towel-corsica-p-44927.html HTTP/1.0" 200 80309 "-" "Mozilla/5.0 (compatible; AwarioBot/1.0; +https://awario.com/bots.html)"
185.191.171.15 - - [08/Nov/2023:07:57:40 +0100] "GET /-p-22563.html HTTP/1.0" 200 77271 "-" "Mozilla/5.0 (compatible; SemrushBot/7~bl; +http://www.semrush.com/bot.html)"
52.70.240.171 - - [08/Nov/2023:07:57:44 +0100] "GET /canada-decorative-metal-plate-cbkreation-p-60571.html HTTP/1.0" 200 80422 "-" "Mozilla/5.0 (Macintosh; Intel Mac OS X 10_10_1) AppleWebKit/600.2.5 (KHTML, like Gecko) Version/8.0.2 Safari/600.2.5 (Amazonbot/0.1; +https://developer.amazon.com/support/amazonbot)"
128.42.29.48 - - [08/Nov/2023:07:57:46 +0100] "GET /images/mini_prod/4025055184372.jpg HTTP/1.0" 200 269 "-" "Mozilla/5.0 (X11; Ubuntu; Linux x86_64; rv:72.0) Gecko/20100101 Firefox/72.0"
54.36.149.16 - - [08/Nov/2023:07:57:47 +0100] "GET /anti-rfid-card-holder-cards-anthracite-p-50173.html HTTP/1.0" 200 81005 "-" "Mozilla/5.0 (compatible; AhrefsBot/7.0; +http://ahrefs.com/robot/)"
46.4.108.51 - - [08/Nov/2023:07:57:50 +0100] "GET /round-clock-copains-abord-p-55666.html HTTP/1.0" 200 80578 "-" "Mozilla/5.0 (compatible; AwarioBot/1.0; +https://awario.com/bots.html)"
54.36.148.158 - - [08/Nov/2023:07:57:52 +0100] "GET /images/big_prod/anthramexxup.jpg HTTP/1.0" 200 267 "-" "Mozilla/5.0 (compatible; AhrefsBot/7.0; +http://ahrefs.com/robot/)"
185.191.171.6 - - [08/Nov/2023:07:57:51 +0100] "GET /dishes-c-12.html?page=83 HTTP/1.0" 200 99319 "-" "Mozilla/5.0 (compatible; SemrushBot/7~bl; +http://www.semrush.com/bot.html)"
46.4.108.51 - - [08/Nov/2023:07:58:00 +0100] "GET /robots.txt HTTP/1.0" 200 245 "-" "Mozilla/5.0 (compatible; AwarioBot/1.0; +https://awario.com/bots.html)"
85.208.96.212 - - [08/Nov/2023:07:57:59 +0100] "GET /pugsley-keel-toys-plush-unicorn-light-pink-p-46895.html HTTP/1.0" 200 77445 "-" "Mozilla/5.0 (compatible; SemrushBot/7~bl; +http://www.semrush.com/bot.html)"
46.4.108.51 - - [08/Nov/2023:07:58:00 +0100] "GET /round-cotton-pencil-case-little-prince-p-58267.html HTTP/1.0" 200 80467 "-" "Mozilla/5.0 (compatible; AwarioBot/1.0; +https://awario.com/bots.html)"
85.208.96.210 - - [08/Nov/2023:07:58:06 +0100] "GET /robots.txt HTTP/1.0" 200 245 "-" "Mozilla/5.0 (compatible; SemrushBot/7~bl; +http://www.semrush.com/bot.html)"
51.68.224.127 - - [08/Nov/2023:07:58:07 +0100] "GET /adminweb/export_orders_xml.php?token=256de2z6edz6ed2z6DFSFsed2zed6zeDSFDSGdzedezfzf&maxorders=10&orderstart=1&status=14&start_date=2018-10-01 HTTP/1.0" 200 285 "-" "GesCom CharlotteBoutik Serveur"
168.138.105.69 - - [08/Nov/2023:07:58:08 +0100] "GET /images/mini_prod/3442440234190.jpg HTTP/1.0" 200 269 "-" "Mozilla/5.0 (X11; Ubuntu; Linux x86_64; rv:72.0) Gecko/20100101 Firefox/72.0"
85.208.96.207 - - [08/Nov/2023:07:58:07 +0100] "GET /placemat-little-prince-p-56247.html HTTP/1.0" 200 79637 "-" "Mozilla/5.0 (compatible; SemrushBot/7~bl; +http://www.semrush.com/bot.html)"
51.68.224.127 - - [08/Nov/2023:07:58:07 +0100] "GET /adminweb/export_orders_xml.php?token=256de2z6edz6ed2z6DFSFsed2zed6zeDSFDSGdzedezfzf&maxorders=10&orderstart=1&status=6&start_date=2018-10-01 HTTP/1.0" 200 33939 "-" "GesCom CharlotteBoutik Serveur"
46.4.108.51 - - [08/Nov/2023:07:58:07 +0100] "GET /round-trays-c-12_159_263.html?page=2 HTTP/1.0" 200 96791 "-" "Mozilla/5.0 (compatible; AwarioBot/1.0; +https://awario.com/bots.html)"
85.208.96.203 - - [08/Nov/2023:07:58:10 +0100] "GET /mustache-small-cbkreation-p-16689.html HTTP/1.0" 200 79771 "-" "Mozilla/5.0 (compatible; SemrushBot/7~bl; +http://www.semrush.com/bot.html)"
46.4.108.51 - - [08/Nov/2023:07:58:13 +0100] "GET /round-wooden-incense-stick-holder-p-60901.html HTTP/1.0" 200 80486 "-" "Mozilla/5.0 (compatible; AwarioBot/1.0; +https://awario.com/bots.html)"
185.191.171.9 - - [08/Nov/2023:07:58:13 +0100] "GET /flamingo-porcelain-bowl-p-44478.html HTTP/1.0" 200 77367 "-" "Mozilla/5.0 (compatible; SemrushBot/7~bl; +http://www.semrush.com/bot.html)"
46.4.108.51 - - [08/Nov/2023:07:58:20 +0100] "GET /round-wooden-incense-stick-holder-peace-love-p-60903.html HTTP/1.0" 200 80563 "-" "Mozilla/5.0 (compatible; AwarioBot/1.0; +https://awario.com/bots.html)"
46.4.108.51 - - [08/Nov/2023:07:58:23 +0100] "GET /round-wooden-incense-stick-holder-star-p-60902.html HTTP/1.0" 200 80501 "-" "Mozilla/5.0 (compatible; AwarioBot/1.0; +https://awario.com/bots.html)"
52.70.240.171 - - [08/Nov/2023:07:58:24 +0100] "GET /corsica-decorative-metal-plate-cbkration-p-51911.html HTTP/1.0" 200 79802 "-" "Mozilla/5.0 (Macintosh; Intel Mac OS X 10_10_1) AppleWebKit/600.2.5 (KHTML, like Gecko) Version/8.0.2 Safari/600.2.5 (Amazonbot/0.1; +https://developer.amazon.com/support/amazonbot)"
46.4.108.51 - - [08/Nov/2023:07:58:37 +0100] "GET /route-mirror-p-32544.html HTTP/1.0" 200 79555 "-" "Mozilla/5.0 (compatible; AwarioBot/1.0; +https://awario.com/bots.html)"
23.22.35.162 - - [08/Nov/2023:07:58:41 +0100] "GET /corsica-decorative-metal-plate-cbkration-p-51910.html HTTP/1.0" 200 79802 "-" "Mozilla/5.0 (Macintosh; Intel Mac OS X 10_10_1) AppleWebKit/600.2.5 (KHTML, like Gecko) Version/8.0.2 Safari/600.2.5 (Amazonbot/0.1; +https://developer.amazon.com/support/amazonbot)"
23.22.35.162 - - [08/Nov/2023:07:58:43 +0100] "GET /apro-metal-plate-deco-p-51748.html HTTP/1.0" 200 80224 "-" "Mozilla/5.0 (Macintosh; Intel Mac OS X 10_10_1) AppleWebKit/600.2.5 (KHTML, like Gecko) Version/8.0.2 Safari/600.2.5 (Amazonbot/0.1; +https://developer.amazon.com/support/amazonbot)"
52.70.240.171 - - [08/Nov/2023:07:58:44 +0100] "GET /customized-decorative-metal-plate-cbkration-p-51480.html HTTP/1.0" 200 79832 "-" "Mozilla/5.0 (Macintosh; Intel Mac OS X 10_10_1) AppleWebKit/600.2.5 (KHTML, like Gecko) Version/8.0.2 Safari/600.2.5 (Amazonbot/0.1; +https://developer.amazon.com/support/amazonbot)"
46.4.108.51 - - [08/Nov/2023:07:58:44 +0100] "GET /route-mirror-p-37752.html HTTP/1.0" 200 79563 "-" "Mozilla/5.0 (compatible; AwarioBot/1.0; +https://awario.com/bots.html)"
3.224.220.101 - - [08/Nov/2023:07:58:46 +0100] "GET /metal-plate-rules-pastis-p-60427.html HTTP/1.0" 200 80339 "-" "Mozilla/5.0 (Macintosh; Intel Mac OS X 10_10_1) AppleWebKit/600.2.5 (KHTML, like Gecko) Version/8.0.2 Safari/600.2.5 (Amazonbot/0.1; +https://developer.amazon.com/support/amazonbot)"
52.70.240.171 - - [08/Nov/2023:07:58:47 +0100] "GET /decorative-brass-telescope-p-51516.html HTTP/1.0" 200 80289 "-" "Mozilla/5.0 (Macintosh; Intel Mac OS X 10_10_1) AppleWebKit/600.2.5 (KHTML, like Gecko) Version/8.0.2 Safari/600.2.5 (Amazonbot/0.1; +https://developer.amazon.com/support/amazonbot)"
3.224.220.101 - - [08/Nov/2023:07:58:49 +0100] "GET /decorative-sundial-compass-brass-gilbert-sons-p-52859.html HTTP/1.0" 200 79870 "-" "Mozilla/5.0 (Macintosh; Intel Mac OS X 10_10_1) AppleWebKit/600.2.5 (KHTML, like Gecko) Version/8.0.2 Safari/600.2.5 (Amazonbot/0.1; +https://developer.amazon.com/support/amazonbot)"
46.4.108.51 - - [08/Nov/2023:07:58:54 +0100] "GET /route-picture-frame-p-23043.html HTTP/1.0" 200 79724 "-" "Mozilla/5.0 (compatible; AwarioBot/1.0; +https://awario.com/bots.html)"
3.224.220.101 - - [08/Nov/2023:07:58:56 +0100] "GET /-c-95_302.html HTTP/1.0" 200 76139 "-" "Mozilla/5.0 (Macintosh; Intel Mac OS X 10_10_1) AppleWebKit/600.2.5 (KHTML, like Gecko) Version/8.0.2 Safari/600.2.5 (Amazonbot/0.1; +https://developer.amazon.com/support/amazonbot)"
3.224.220.101 - - [08/Nov/2023:07:58:58 +0100] "GET /aprons-c-11_74.html HTTP/1.0" 200 98215 "-" "Mozilla/5.0 (Macintosh; Intel Mac OS X 10_10_1) AppleWebKit/600.2.5 (KHTML, like Gecko) Version/8.0.2 Safari/600.2.5 (Amazonbot/0.1; +https://developer.amazon.com/support/amazonbot)"
46.4.108.51 - - [08/Nov/2023:07:59:03 +0100] "GET /route-small-lamp-p-29403.html HTTP/1.0" 200 79791 "-" "Mozilla/5.0 (compatible; AwarioBot/1.0; +https://awario.com/bots.html)"
23.22.35.162 - - [08/Nov/2023:07:59:05 +0100] "GET /mugs-mazagrans-c-12_57.html HTTP/1.0" 200 101920 "-" "Mozilla/5.0 (Macintosh; Intel Mac OS X 10_10_1) AppleWebKit/600.2.5 (KHTML, like Gecko) Version/8.0.2 Safari/600.2.5 (Amazonbot/0.1; +https://developer.amazon.com/support/amazonbot)"
3.224.220.101 - - [08/Nov/2023:07:59:06 +0100] "GET /sugar-c-13_150_152.html HTTP/1.0" 200 87580 "-" "Mozilla/5.0 (Macintosh; Intel Mac OS X 10_10_1) AppleWebKit/600.2.5 (KHTML, like Gecko) Version/8.0.2 Safari/600.2.5 (Amazonbot/0.1; +https://developer.amazon.com/support/amazonbot)"
173.252.83.116 - - [08/Nov/2023:07:59:08 +0100] "GET /images/big_prod/CD3962b.jpg HTTP/1.0" 200 262 "-" "facebookexternalhit/1.1 (+http://www.facebook.com/externalhit_uatext.php)"
52.70.240.171 - - [08/Nov/2023:07:59:09 +0100] "GET /ornamental-brass-padlock-p-56766.html HTTP/1.0" 200 79803 "-" "Mozilla/5.0 (Macintosh; Intel Mac OS X 10_10_1) AppleWebKit/600.2.5 (KHTML, like Gecko) Version/8.0.2 Safari/600.2.5 (Amazonbot/0.1; +https://developer.amazon.com/support/amazonbot)"
3.224.220.101 - - [08/Nov/2023:07:59:11 +0100] "GET /decorative-brass-telescope-delivered-with-p-56658.html HTTP/1.0" 200 80821 "-" "Mozilla/5.0 (Macintosh; Intel Mac OS X 10_10_1) AppleWebKit/600.2.5 (KHTML, like Gecko) Version/8.0.2 Safari/600.2.5 (Amazonbot/0.1; +https://developer.amazon.com/support/amazonbot)"
46.4.108.51 - - [08/Nov/2023:07:59:12 +0100] "GET /rtro-ashtray-p-47259.html HTTP/1.0" 200 79542 "-" "Mozilla/5.0 (compatible; AwarioBot/1.0; +https://awario.com/bots.html)"
52.70.240.171 - - [08/Nov/2023:07:59:14 +0100] "GET /perpetual-wooden-calendar-brown-cats-p-60323.html HTTP/1.0" 200 80576 "-" "Mozilla/5.0 (Macintosh; Intel Mac OS X 10_10_1) AppleWebKit/600.2.5 (KHTML, like Gecko) Version/8.0.2 Safari/600.2.5 (Amazonbot/0.1; +https://developer.amazon.com/support/amazonbot)"
46.4.108.51 - - [08/Nov/2023:07:59:22 +0100] "GET /rtro-beer-caps-collector-p-58135.html HTTP/1.0" 200 80415 "-" "Mozilla/5.0 (compatible; AwarioBot/1.0; +https://awario.com/bots.html)"
3.224.220.101 - - [08/Nov/2023:07:59:32 +0100] "GET /small-wood-rtro-perpetual-calendar-p-45695.html HTTP/1.0" 200 79727 "-" "Mozilla/5.0 (Macintosh; Intel Mac OS X 10_10_1) AppleWebKit/600.2.5 (KHTML, like Gecko) Version/8.0.2 Safari/600.2.5 (Amazonbot/0.1; +https://developer.amazon.com/support/amazonbot)"
46.4.108.51 - - [08/Nov/2023:07:59:36 +0100] "GET /rubbers-p-13881.html HTTP/1.0" 200 80571 "-" "Mozilla/5.0 (compatible; AwarioBot/1.0; +https://awario.com/bots.html)"
46.4.108.51 - - [08/Nov/2023:07:59:42 +0100] "GET /rugs-c-11_269.html?page=2 HTTP/1.0" 200 99003 "-" "Mozilla/5.0 (compatible; AwarioBot/1.0; +https://awario.com/bots.html)"
23.22.35.162 - - [08/Nov/2023:07:59:47 +0100] "GET /reading-kitchen-lectern-white-wood-p-60110.html HTTP/1.0" 200 79836 "-" "Mozilla/5.0 (Macintosh; Intel Mac OS X 10_10_1) AppleWebKit/600.2.5 (KHTML, like Gecko) Version/8.0.2 Safari/600.2.5 (Amazonbot/0.1; +https://developer.amazon.com/support/amazonbot)"
46.4.108.51 - - [08/Nov/2023:07:59:54 +0100] "GET /rugs-c-11_269.html?page=3 HTTP/1.0" 200 97545 "-" "Mozilla/5.0 (compatible; AwarioBot/1.0; +https://awario.com/bots.html)"
46.4.108.51 - - [08/Nov/2023:08:00:03 +0100] "GET /robots.txt HTTP/1.0" 200 245 "-" "Mozilla/5.0 (compatible; AwarioBot/1.0; +https://awario.com/bots.html)"
17.241.219.122 - - [08/Nov/2023:08:00:04 +0100] "GET /images/mini_prod/1300000021432.jpg HTTP/1.0" 200 269 "-" "Mozilla/5.0 (Macintosh; Intel Mac OS X 10_15_5) AppleWebKit/605.1.15 (KHTML, like Gecko) Version/13.1.1 Safari/605.1.15 (Applebot/0.1; +http://www.apple.com/go/applebot)"
46.4.108.51 - - [08/Nov/2023:08:00:03 +0100] "GET /rugs-c-11_269.html?page=4 HTTP/1.0" 200 97883 "-" "Mozilla/5.0 (compatible; AwarioBot/1.0; +https://awario.com/bots.html)"
46.4.108.51 - - [08/Nov/2023:08:00:13 +0100] "GET /rugs-c-11_269.html?page=5 HTTP/1.0" 200 97916 "-" "Mozilla/5.0 (compatible; AwarioBot/1.0; +https://awario.com/bots.html)"
52.70.240.171 - - [08/Nov/2023:08:00:19 +0100] "GET /-c-95_347.html HTTP/1.0" 200 76139 "-" "Mozilla/5.0 (Macintosh; Intel Mac OS X 10_10_1) AppleWebKit/600.2.5 (KHTML, like Gecko) Version/8.0.2 Safari/600.2.5 (Amazonbot/0.1; +https://developer.amazon.com/support/amazonbot)"
185.191.171.12 - - [08/Nov/2023:08:00:24 +0100] "GET /mtal-small-baby-teeth-p-50824.html HTTP/1.0" 200 79791 "-" "Mozilla/5.0 (compatible; SemrushBot/7~bl; +http://www.semrush.com/bot.html)"
3.224.220.101 - - [08/Nov/2023:08:00:31 +0100] "GET /perpetual-wooden-calendar-beige-cats-p-60324.html HTTP/1.0" 200 80576 "-" "Mozilla/5.0 (Macintosh; Intel Mac OS X 10_10_1) AppleWebKit/600.2.5 (KHTML, like Gecko) Version/8.0.2 Safari/600.2.5 (Amazonbot/0.1; +https://developer.amazon.com/support/amazonbot)"
185.191.171.13 - - [08/Nov/2023:08:00:33 +0100] "GET /isothermic-stainless-steel-bottle-corsican-flag-cbkreation-p-60715.html?action=add_product HTTP/1.0" 302 476 "-" "Mozilla/5.0 (compatible; SemrushBot/7~bl; +http://www.semrush.com/bot.html)"
46.4.108.51 - - [08/Nov/2023:08:00:29 +0100] "GET /rugs-c-11_269.html?page=6 HTTP/1.0" 200 98085 "-" "Mozilla/5.0 (compatible; AwarioBot/1.0; +https://awario.com/bots.html)"
185.191.171.2 - - [08/Nov/2023:08:00:36 +0100] "GET /wind-chime-agate-purple-p-47043.html HTTP/1.0" 200 77353 "-" "Mozilla/5.0 (compatible; SemrushBot/7~bl; +http://www.semrush.com/bot.html)"
85.208.96.194 - - [08/Nov/2023:08:00:39 +0100] "GET /cats-dubout-figurine-what-dinner-p-44148.html HTTP/1.0" 200 80879 "-" "Mozilla/5.0 (compatible; SemrushBot/7~bl; +http://www.semrush.com/bot.html)"
52.70.240.171 - - [08/Nov/2023:08:00:43 +0100] "GET /decorative-useful-little-prince-p-56228.html HTTP/1.0" 200 79778 "-" "Mozilla/5.0 (Macintosh; Intel Mac OS X 10_10_1) AppleWebKit/600.2.5 (KHTML, like Gecko) Version/8.0.2 Safari/600.2.5 (Amazonbot/0.1; +https://developer.amazon.com/support/amazonbot)"
128.42.29.48 - - [08/Nov/2023:08:00:48 +0100] "GET /images/mini_prod/3760054863347.jpg HTTP/1.0" 200 269 "-" "Mozilla/5.0 (X11; Ubuntu; Linux x86_64; rv:72.0) Gecko/20100101 Firefox/72.0"
54.36.148.84 - - [08/Nov/2023:08:00:47 +0100] "GET /dubout-cats-large-round-flat-p-40060.html HTTP/1.0" 200 79660 "-" "Mozilla/5.0 (compatible; AhrefsBot/7.0; +http://ahrefs.com/robot/)"
46.4.108.51 - - [08/Nov/2023:08:00:52 +0100] "GET /rugs-c-11_269.html?page=7 HTTP/1.0" 200 97980 "-" "Mozilla/5.0 (compatible; AwarioBot/1.0; +https://awario.com/bots.html)"
85.208.96.198 - - [08/Nov/2023:08:00:57 +0100] "GET /mustache-white-shirt-p-31176.html HTTP/1.0" 200 81582 "-" "Mozilla/5.0 (compatible; SemrushBot/7~bl; +http://www.semrush.com/bot.html)"
85.208.96.198 - - [08/Nov/2023:08:01:11 +0100] "GET /decorative-mango-wood-with-sand-drawing-p-60630.html?action=add_product HTTP/1.0" 302 476 "-" "Mozilla/5.0 (compatible; SemrushBot/7~bl; +http://www.semrush.com/bot.html)"
40.77.167.70 - - [08/Nov/2023:08:01:10 +0100] "GET /christmas-tree-ornament-christmas-balls-c-13_271.html HTTP/1.0" 200 97593 "-" "Mozilla/5.0 AppleWebKit/537.36 (KHTML, like Gecko; compatible; bingbot/2.0; +http://www.bing.com/bingbot.htm) Chrome/103.0.5060.134 Safari/537.36"
52.70.240.171 - - [08/Nov/2023:08:01:11 +0100] "GET /black-decorative-utility-p-60789.html HTTP/1.0" 200 80421 "-" "Mozilla/5.0 (Macintosh; Intel Mac OS X 10_10_1) AppleWebKit/600.2.5 (KHTML, like Gecko) Version/8.0.2 Safari/600.2.5 (Amazonbot/0.1; +https://developer.amazon.com/support/amazonbot)"
46.4.108.51 - - [08/Nov/2023:08:01:14 +0100] "GET /rugs-c-11_269.html?page=8 HTTP/1.0" 200 97794 "-" "Mozilla/5.0 (compatible; AwarioBot/1.0; +https://awario.com/bots.html)"
185.191.171.2 - - [08/Nov/2023:08:01:17 +0100] "GET /aluminum-bottle-girls-printed-france-p-56360.html HTTP/1.0" 200 80489 "-" "Mozilla/5.0 (compatible; SemrushBot/7~bl; +http://www.semrush.com/bot.html)"
85.208.96.197 - - [08/Nov/2023:08:01:20 +0100] "GET /-p-51545.html HTTP/1.0" 200 77271 "-" "Mozilla/5.0 (compatible; SemrushBot/7~bl; +http://www.semrush.com/bot.html)"
46.4.108.51 - - [08/Nov/2023:08:01:25 +0100] "GET /rugs-c-11_269.html?page=9 HTTP/1.0" 200 87138 "-" "Mozilla/5.0 (compatible; AwarioBot/1.0; +https://awario.com/bots.html)"
185.191.171.11 - - [08/Nov/2023:08:01:26 +0100] "GET /liter-waterproof-backpack-blue-p-58222.html HTTP/1.0" 200 80896 "-" "Mozilla/5.0 (compatible; SemrushBot/7~bl; +http://www.semrush.com/bot.html)"
85.208.96.195 - - [08/Nov/2023:08:01:30 +0100] "GET /medusa-glass-paperweight-p-53633.html HTTP/1.0" 200 77357 "-" "Mozilla/5.0 (compatible; SemrushBot/7~bl; +http://www.semrush.com/bot.html)"
46.4.108.51 - - [08/Nov/2023:08:01:32 +0100] "GET /russian-doll-alarm-clock-cbkreation-p-25001.html HTTP/1.0" 200 79777 "-" "Mozilla/5.0 (compatible; AwarioBot/1.0; +https://awario.com/bots.html)"
185.191.171.12 - - [08/Nov/2023:08:01:33 +0100] "GET /blue-perfume-diffuser-p-35888.html HTTP/1.0" 200 79740 "-" "Mozilla/5.0 (compatible; SemrushBot/7~bl; +http://www.semrush.com/bot.html)"
173.252.83.7 - - [08/Nov/2023:08:01:37 +0100] "GET /images/mini_prod/1345544820806.jpg HTTP/1.0" 200 269 "-" "facebookexternalhit/1.1 (+http://www.facebook.com/externalhit_uatext.php)"
46.4.108.51 - - [08/Nov/2023:08:01:37 +0100] "GET /russian-doll-blue-figure-p-27616.html HTTP/1.0" 200 79775 "-" "Mozilla/5.0 (compatible; AwarioBot/1.0; +https://awario.com/bots.html)"
46.4.108.51 - - [08/Nov/2023:08:01:42 +0100] "GET /russian-doll-cookware-cbkreation-p-29703.html HTTP/1.0" 200 79713 "-" "Mozilla/5.0 (compatible; AwarioBot/1.0; +https://awario.com/bots.html)"
46.4.108.51 - - [08/Nov/2023:08:01:50 +0100] "GET /russian-doll-figurine-jewelry-p-27613.html HTTP/1.0" 200 80530 "-" "Mozilla/5.0 (compatible; AwarioBot/1.0; +https://awario.com/bots.html)"
46.4.108.51 - - [08/Nov/2023:08:01:57 +0100] "GET /russian-doll-green-figure-p-27615.html HTTP/1.0" 200 79784 "-" "Mozilla/5.0 (compatible; AwarioBot/1.0; +https://awario.com/bots.html)"
46.4.108.51 - - [08/Nov/2023:08:02:06 +0100] "GET /robots.txt HTTP/1.0" 200 245 "-" "Mozilla/5.0 (compatible; AwarioBot/1.0; +https://awario.com/bots.html)"
185.191.171.13 - - [08/Nov/2023:08:02:04 +0100] "GET /assassin-creed-zippo-lighter-p-41036.html HTTP/1.0" 200 82022 "-" "Mozilla/5.0 (compatible; SemrushBot/7~bl; +http://www.semrush.com/bot.html)"
46.4.108.51 - - [08/Nov/2023:08:02:06 +0100] "GET /russian-doll-pink-figure-p-27614.html HTTP/1.0" 200 79776 "-" "Mozilla/5.0 (compatible; AwarioBot/1.0; +https://awario.com/bots.html)"
85.208.96.200 - - [08/Nov/2023:08:02:08 +0100] "GET /home-decoration-c-13.html?page=156 HTTP/1.0" 200 91192 "-" "Mozilla/5.0 (compatible; SemrushBot/7~bl; +http://www.semrush.com/bot.html)"
173.252.83.14 - - [08/Nov/2023:08:02:12 +0100] "GET /images/big_prod_1/8720088295809a.jpg HTTP/1.0" 200 271 "-" "facebookexternalhit/1.1 (+http://www.facebook.com/externalhit_uatext.php)"
46.4.108.51 - - [08/Nov/2023:08:02:11 +0100] "GET /rusty-metal-buddha-mobile-p-56718.html HTTP/1.0" 200 80256 "-" "Mozilla/5.0 (compatible; AwarioBot/1.0; +https://awario.com/bots.html)"
185.191.171.11 - - [08/Nov/2023:08:02:12 +0100] "GET /-p-19972.html HTTP/1.0" 200 77271 "-" "Mozilla/5.0 (compatible; SemrushBot/7~bl; +http://www.semrush.com/bot.html)"
23.22.35.162 - - [08/Nov/2023:08:02:16 +0100] "GET /black-decorative-utility-p-60791.html HTTP/1.0" 200 80418 "-" "Mozilla/5.0 (Macintosh; Intel Mac OS X 10_10_1) AppleWebKit/600.2.5 (KHTML, like Gecko) Version/8.0.2 Safari/600.2.5 (Amazonbot/0.1; +https://developer.amazon.com/support/amazonbot)"
46.4.108.51 - - [08/Nov/2023:08:02:21 +0100] "GET /rusty-metal-buddha-mobile-p-56719.html HTTP/1.0" 200 80467 "-" "Mozilla/5.0 (compatible; AwarioBot/1.0; +https://awario.com/bots.html)"
46.4.108.51 - - [08/Nov/2023:08:02:28 +0100] "GET /rusty-metal-hand-fatma-mobile-p-56717.html HTTP/1.0" 200 80543 "-" "Mozilla/5.0 (compatible; AwarioBot/1.0; +https://awario.com/bots.html)"
23.22.35.162 - - [08/Nov/2023:08:02:30 +0100] "GET /palm-leaf-decoration-p-59854.html HTTP/1.0" 200 80633 "-" "Mozilla/5.0 (Macintosh; Intel Mac OS X 10_10_1) AppleWebKit/600.2.5 (KHTML, like Gecko) Version/8.0.2 Safari/600.2.5 (Amazonbot/0.1; +https://developer.amazon.com/support/amazonbot)"
173.252.83.15 - - [08/Nov/2023:08:02:34 +0100] "GET /images/mini_prod/Photo-007.gif HTTP/1.0" 404 1308 "-" "facebookexternalhit/1.1 (+http://www.facebook.com/externalhit_uatext.php)"
168.138.105.69 - - [08/Nov/2023:08:02:38 +0100] "GET /images/mini_prod/1399984287316.jpg HTTP/1.0" 200 269 "-" "Mozilla/5.0 (X11; Ubuntu; Linux x86_64; rv:72.0) Gecko/20100101 Firefox/72.0"
185.191.171.10 - - [08/Nov/2023:08:02:44 +0100] "GET /-p-34623.html HTTP/1.0" 200 77271 "-" "Mozilla/5.0 (compatible; SemrushBot/7~bl; +http://www.semrush.com/bot.html)"
173.252.83.6 - - [08/Nov/2023:08:02:47 +0100] "GET /images/mini_prod/3700829400056.jpg HTTP/1.0" 200 269 "-" "facebookexternalhit/1.1 (+http://www.facebook.com/externalhit_uatext.php)"
23.22.35.162 - - [08/Nov/2023:08:02:46 +0100] "GET /black-decorative-utility-p-60793.html HTTP/1.0" 200 80421 "-" "Mozilla/5.0 (Macintosh; Intel Mac OS X 10_10_1) AppleWebKit/600.2.5 (KHTML, like Gecko) Version/8.0.2 Safari/600.2.5 (Amazonbot/0.1; +https://developer.amazon.com/support/amazonbot)"
46.4.108.51 - - [08/Nov/2023:08:02:47 +0100] "GET /saddle-club-pieces-p-27691.html HTTP/1.0" 200 79823 "-" "Mozilla/5.0 (compatible; AwarioBot/1.0; +https://awario.com/bots.html)"
52.70.240.171 - - [08/Nov/2023:08:02:47 +0100] "GET /irises-metal-bicycle-horn-vincent-gogh-p-57018.html HTTP/1.0" 200 79813 "-" "Mozilla/5.0 (Macintosh; Intel Mac OS X 10_10_1) AppleWebKit/600.2.5 (KHTML, like Gecko) Version/8.0.2 Safari/600.2.5 (Amazonbot/0.1; +https://developer.amazon.com/support/amazonbot)"
52.70.240.171 - - [08/Nov/2023:08:02:49 +0100] "GET /decorative-useful-little-prince-p-56227.html HTTP/1.0" 200 80415 "-" "Mozilla/5.0 (Macintosh; Intel Mac OS X 10_10_1) AppleWebKit/600.2.5 (KHTML, like Gecko) Version/8.0.2 Safari/600.2.5 (Amazonbot/0.1; +https://developer.amazon.com/support/amazonbot)"
3.224.220.101 - - [08/Nov/2023:08:02:50 +0100] "GET /black-decorative-utility-p-60792.html HTTP/1.0" 200 80421 "-" "Mozilla/5.0 (Macintosh; Intel Mac OS X 10_10_1) AppleWebKit/600.2.5 (KHTML, like Gecko) Version/8.0.2 Safari/600.2.5 (Amazonbot/0.1; +https://developer.amazon.com/support/amazonbot)"
3.224.220.101 - - [08/Nov/2023:08:02:52 +0100] "GET /little-prince-metal-bicycle-horn-p-55436.html HTTP/1.0" 200 80388 "-" "Mozilla/5.0 (Macintosh; Intel Mac OS X 10_10_1) AppleWebKit/600.2.5 (KHTML, like Gecko) Version/8.0.2 Safari/600.2.5 (Amazonbot/0.1; +https://developer.amazon.com/support/amazonbot)"
52.70.240.171 - - [08/Nov/2023:08:02:53 +0100] "GET /black-decorative-utility-p-60794.html HTTP/1.0" 200 80421 "-" "Mozilla/5.0 (Macintosh; Intel Mac OS X 10_10_1) AppleWebKit/600.2.5 (KHTML, like Gecko) Version/8.0.2 Safari/600.2.5 (Amazonbot/0.1; +https://developer.amazon.com/support/amazonbot)"
46.4.108.51 - - [08/Nov/2023:08:02:54 +0100] "GET /saddle-club-pieces-puzzle-p-27690.html HTTP/1.0" 200 79867 "-" "Mozilla/5.0 (compatible; AwarioBot/1.0; +https://awario.com/bots.html)"
3.224.220.101 - - [08/Nov/2023:08:02:54 +0100] "GET /bons-moments-entre-amis-round-placemat-p-57748.html HTTP/1.0" 200 80377 "-" "Mozilla/5.0 (Macintosh; Intel Mac OS X 10_10_1) AppleWebKit/600.2.5 (KHTML, like Gecko) Version/8.0.2 Safari/600.2.5 (Amazonbot/0.1; +https://developer.amazon.com/support/amazonbot)"
23.22.35.162 - - [08/Nov/2023:08:02:56 +0100] "GET /rectangular-burlap-placemat-corsica-p-50939.html HTTP/1.0" 200 80315 "-" "Mozilla/5.0 (Macintosh; Intel Mac OS X 10_10_1) AppleWebKit/600.2.5 (KHTML, like Gecko) Version/8.0.2 Safari/600.2.5 (Amazonbot/0.1; +https://developer.amazon.com/support/amazonbot)"
52.70.240.171 - - [08/Nov/2023:08:02:58 +0100] "GET /rectangular-burlap-placemat-corsica-p-50940.html HTTP/1.0" 200 80315 "-" "Mozilla/5.0 (Macintosh; Intel Mac OS X 10_10_1) AppleWebKit/600.2.5 (KHTML, like Gecko) Version/8.0.2 Safari/600.2.5 (Amazonbot/0.1; +https://developer.amazon.com/support/amazonbot)"
23.22.35.162 - - [08/Nov/2023:08:03:01 +0100] "GET /amour-cuisine-tous-jours-round-placemat-p-57746.html HTTP/1.0" 200 80451 "-" "Mozilla/5.0 (Macintosh; Intel Mac OS X 10_10_1) AppleWebKit/600.2.5 (KHTML, like Gecko) Version/8.0.2 Safari/600.2.5 (Amazonbot/0.1; +https://developer.amazon.com/support/amazonbot)"
52.70.240.171 - - [08/Nov/2023:08:03:04 +0100] "GET /yellow-white-cement-tile-round-placemat-p-57745.html HTTP/1.0" 200 80371 "-" "Mozilla/5.0 (Macintosh; Intel Mac OS X 10_10_1) AppleWebKit/600.2.5 (KHTML, like Gecko) Version/8.0.2 Safari/600.2.5 (Amazonbot/0.1; +https://developer.amazon.com/support/amazonbot)"
46.4.108.51 - - [08/Nov/2023:08:03:06 +0100] "GET /saffron-kitchen-towel-p-44423.html HTTP/1.0" 200 79642 "-" "Mozilla/5.0 (compatible; AwarioBot/1.0; +https://awario.com/bots.html)"
52.70.240.171 - - [08/Nov/2023:08:03:07 +0100] "GET /cuisine-base-bonheur-round-placemat-p-57747.html HTTP/1.0" 200 80419 "-" "Mozilla/5.0 (Macintosh; Intel Mac OS X 10_10_1) AppleWebKit/600.2.5 (KHTML, like Gecko) Version/8.0.2 Safari/600.2.5 (Amazonbot/0.1; +https://developer.amazon.com/support/amazonbot)"
46.4.108.51 - - [08/Nov/2023:08:03:10 +0100] "GET /sailor-themed-wooden-p-57550.html HTTP/1.0" 200 80415 "-" "Mozilla/5.0 (compatible; AwarioBot/1.0; +https://awario.com/bots.html)"
3.224.220.101 - - [08/Nov/2023:08:03:10 +0100] "GET /tropical-round-placemat-p-57750.html HTTP/1.0" 200 80195 "-" "Mozilla/5.0 (Macintosh; Intel Mac OS X 10_10_1) AppleWebKit/600.2.5 (KHTML, like Gecko) Version/8.0.2 Safari/600.2.5 (Amazonbot/0.1; +https://developer.amazon.com/support/amazonbot)"
23.22.35.162 - - [08/Nov/2023:08:03:13 +0100] "GET /recette-bonheur-burlap-placemat-p-53500.html HTTP/1.0" 200 80326 "-" "Mozilla/5.0 (Macintosh; Intel Mac OS X 10_10_1) AppleWebKit/600.2.5 (KHTML, like Gecko) Version/8.0.2 Safari/600.2.5 (Amazonbot/0.1; +https://developer.amazon.com/support/amazonbot)"
173.252.83.7 - - [08/Nov/2023:08:03:15 +0100] "GET /images/mini_prod/1490016000009.jpg HTTP/1.0" 200 269 "-" "facebookexternalhit/1.1 (+http://www.facebook.com/externalhit_uatext.php)"
52.70.240.171 - - [08/Nov/2023:08:03:15 +0100] "GET /plaisir-partager-round-placemat-p-57749.html HTTP/1.0" 200 80323 "-" "Mozilla/5.0 (Macintosh; Intel Mac OS X 10_10_1) AppleWebKit/600.2.5 (KHTML, like Gecko) Version/8.0.2 Safari/600.2.5 (Amazonbot/0.1; +https://developer.amazon.com/support/amazonbot)"
3.224.220.101 - - [08/Nov/2023:08:03:18 +0100] "GET /fringale-burlap-placemat-p-53499.html HTTP/1.0" 200 80232 "-" "Mozilla/5.0 (Macintosh; Intel Mac OS X 10_10_1) AppleWebKit/600.2.5 (KHTML, like Gecko) Version/8.0.2 Safari/600.2.5 (Amazonbot/0.1; +https://developer.amazon.com/support/amazonbot)"
46.4.108.51 - - [08/Nov/2023:08:03:21 +0100] "GET /saint-seiya-stickers-p-15397.html HTTP/1.0" 200 79575 "-" "Mozilla/5.0 (compatible; AwarioBot/1.0; +https://awario.com/bots.html)"
23.22.35.162 - - [08/Nov/2023:08:03:21 +0100] "GET /tropical-round-placemat-p-57751.html HTTP/1.0" 200 80195 "-" "Mozilla/5.0 (Macintosh; Intel Mac OS X 10_10_1) AppleWebKit/600.2.5 (KHTML, like Gecko) Version/8.0.2 Safari/600.2.5 (Amazonbot/0.1; +https://developer.amazon.com/support/amazonbot)"
46.4.108.51 - - [08/Nov/2023:08:03:24 +0100] "GET /salad-servers-coconut-wood-p-59595.html HTTP/1.0" 200 80741 "-" "Mozilla/5.0 (compatible; AwarioBot/1.0; +https://awario.com/bots.html)"
23.22.35.162 - - [08/Nov/2023:08:03:24 +0100] "GET /petit-beurre-placemat-p-28607.html HTTP/1.0" 200 79584 "-" "Mozilla/5.0 (Macintosh; Intel Mac OS X 10_10_1) AppleWebKit/600.2.5 (KHTML, like Gecko) Version/8.0.2 Safari/600.2.5 (Amazonbot/0.1; +https://developer.amazon.com/support/amazonbot)"
23.22.35.162 - - [08/Nov/2023:08:03:28 +0100] "GET /happy-colors-love-pink-placemat-p-22362.html HTTP/1.0" 200 80526 "-" "Mozilla/5.0 (Macintosh; Intel Mac OS X 10_10_1) AppleWebKit/600.2.5 (KHTML, like Gecko) Version/8.0.2 Safari/600.2.5 (Amazonbot/0.1; +https://developer.amazon.com/support/amazonbot)"
46.4.108.51 - - [08/Nov/2023:08:03:28 +0100] "GET /salamander-wall-decoration-p-47400.html HTTP/1.0" 200 79702 "-" "Mozilla/5.0 (compatible; AwarioBot/1.0; +https://awario.com/bots.html)"
23.22.35.162 - - [08/Nov/2023:08:03:32 +0100] "GET /tropical-round-placemat-p-57752.html HTTP/1.0" 200 80194 "-" "Mozilla/5.0 (Macintosh; Intel Mac OS X 10_10_1) AppleWebKit/600.2.5 (KHTML, like Gecko) Version/8.0.2 Safari/600.2.5 (Amazonbot/0.1; +https://developer.amazon.com/support/amazonbot)"
173.252.83.5 - - [08/Nov/2023:08:03:37 +0100] "GET /images/mini_prod/1300000021425.jpg HTTP/1.0" 200 269 "-" "facebookexternalhit/1.1 (+http://www.facebook.com/externalhit_uatext.php)"
52.70.240.171 - - [08/Nov/2023:08:03:36 +0100] "GET /children-coat-hooks-p-52707.html HTTP/1.0" 200 80541 "-" "Mozilla/5.0 (Macintosh; Intel Mac OS X 10_10_1) AppleWebKit/600.2.5 (KHTML, like Gecko) Version/8.0.2 Safari/600.2.5 (Amazonbot/0.1; +https://developer.amazon.com/support/amazonbot)"
46.4.108.51 - - [08/Nov/2023:08:03:38 +0100] "GET /salsa-hermetic-p-37454.html HTTP/1.0" 200 79600 "-" "Mozilla/5.0 (compatible; AwarioBot/1.0; +https://awario.com/bots.html)"
185.191.171.12 - - [08/Nov/2023:08:03:39 +0100] "GET /-p-29788.html HTTP/1.0" 200 77271 "-" "Mozilla/5.0 (compatible; SemrushBot/7~bl; +http://www.semrush.com/bot.html)"
52.70.240.171 - - [08/Nov/2023:08:03:39 +0100] "GET /blue-vintage-motorcycle-coat-rack-p-46695.html HTTP/1.0" 200 79795 "-" "Mozilla/5.0 (Macintosh; Intel Mac OS X 10_10_1) AppleWebKit/600.2.5 (KHTML, like Gecko) Version/8.0.2 Safari/600.2.5 (Amazonbot/0.1; +https://developer.amazon.com/support/amazonbot)"
52.70.240.171 - - [08/Nov/2023:08:03:41 +0100] "GET /children-coat-hooks-p-52562.html HTTP/1.0" 200 80531 "-" "Mozilla/5.0 (Macintosh; Intel Mac OS X 10_10_1) AppleWebKit/600.2.5 (KHTML, like Gecko) Version/8.0.2 Safari/600.2.5 (Amazonbot/0.1; +https://developer.amazon.com/support/amazonbot)"
46.4.108.51 - - [08/Nov/2023:08:03:46 +0100] "GET /salsa-ramekin-p-37453.html HTTP/1.0" 200 79571 "-" "Mozilla/5.0 (compatible; AwarioBot/1.0; +https://awario.com/bots.html)"
3.224.220.101 - - [08/Nov/2023:08:03:50 +0100] "GET /metal-wall-hook-wines-p-46796.html HTTP/1.0" 200 80489 "-" "Mozilla/5.0 (Macintosh; Intel Mac OS X 10_10_1) AppleWebKit/600.2.5 (KHTML, like Gecko) Version/8.0.2 Safari/600.2.5 (Amazonbot/0.1; +https://developer.amazon.com/support/amazonbot)"
54.36.148.135 - - [08/Nov/2023:08:03:50 +0100] "GET /accessories-c-97_98.html HTTP/1.0" 200 91206 "-" "Mozilla/5.0 (compatible; AhrefsBot/7.0; +http://ahrefs.com/robot/)"
46.4.108.51 - - [08/Nov/2023:08:03:51 +0100] "GET /salt-boxes-jars-c-12_223.html?page=2 HTTP/1.0" 200 94012 "-" "Mozilla/5.0 (compatible; AwarioBot/1.0; +https://awario.com/bots.html)"
54.36.148.47 - - [08/Nov/2023:08:03:53 +0100] "GET /images/mini_prod/TV-VINTAGES-03.jpg HTTP/1.0" 200 270 "-" "Mozilla/5.0 (compatible; AhrefsBot/7.0; +http://ahrefs.com/robot/)"
54.36.149.65 - - [08/Nov/2023:08:03:54 +0100] "GET /images/mini_prod/PAPIER-DECHIRE-30_COUSSIN-30-05.jpg HTTP/1.0" 200 287 "-" "Mozilla/5.0 (compatible; AhrefsBot/7.0; +http://ahrefs.com/robot/)"
54.36.148.27 - - [08/Nov/2023:08:03:54 +0100] "GET /images/mini_prod/A-PERSONNALISER-30.jpg HTTP/1.0" 200 274 "-" "Mozilla/5.0 (compatible; AhrefsBot/7.0; +http://ahrefs.com/robot/)"
54.36.148.58 - - [08/Nov/2023:08:03:54 +0100] "GET /images/mini_prod/CADRE-BAROQUE-BLC-CUPCAKES.jpg HTTP/1.0" 200 282 "-" "Mozilla/5.0 (compatible; AhrefsBot/7.0; +http://ahrefs.com/robot/)"
54.36.148.163 - - [08/Nov/2023:08:03:55 +0100] "GET /images/mini_prod/CADRE-LOUIS-PHILIPPES-MAGNAN.jpg HTTP/1.0" 200 284 "-" "Mozilla/5.0 (compatible; AhrefsBot/7.0; +http://ahrefs.com/robot/)"
54.36.149.74 - - [08/Nov/2023:08:03:55 +0100] "GET /images/mini_prod/ST-VALENTIN-07.jpg HTTP/1.0" 200 270 "-" "Mozilla/5.0 (compatible; AhrefsBot/7.0; +http://ahrefs.com/robot/)"
3.224.220.101 - - [08/Nov/2023:08:03:53 +0100] "GET /white-hook-metal-p-44992.html HTTP/1.0" 200 79720 "-" "Mozilla/5.0 (Macintosh; Intel Mac OS X 10_10_1) AppleWebKit/600.2.5 (KHTML, like Gecko) Version/8.0.2 Safari/600.2.5 (Amazonbot/0.1; +https://developer.amazon.com/support/amazonbot)"
54.36.148.240 - - [08/Nov/2023:08:03:55 +0100] "GET /images/mini_prod/CADRE-BAROQUE-NOIR-MONSTER.jpg HTTP/1.0" 200 282 "-" "Mozilla/5.0 (compatible; AhrefsBot/7.0; +http://ahrefs.com/robot/)"
54.36.148.172 - - [08/Nov/2023:08:03:56 +0100] "GET /images/mini_prod/CADRE-LOUIS-PHILIPPES-01.jpg HTTP/1.0" 200 280 "-" "Mozilla/5.0 (compatible; AhrefsBot/7.0; +http://ahrefs.com/robot/)"
85.208.96.205 - - [08/Nov/2023:08:03:55 +0100] "GET /bamboo-storage-boxes-p-56576.html HTTP/1.0" 200 77359 "-" "Mozilla/5.0 (compatible; SemrushBot/7~bl; +http://www.semrush.com/bot.html)"
3.224.220.101 - - [08/Nov/2023:08:03:58 +0100] "GET /ecureuil-coat-rack-resin-p-45893.html HTTP/1.0" 200 80383 "-" "Mozilla/5.0 (Macintosh; Intel Mac OS X 10_10_1) AppleWebKit/600.2.5 (KHTML, like Gecko) Version/8.0.2 Safari/600.2.5 (Amazonbot/0.1; +https://developer.amazon.com/support/amazonbot)"
52.70.240.171 - - [08/Nov/2023:08:04:01 +0100] "GET /wooden-hook-mirror-hooks-p-52864.html HTTP/1.0" 200 79741 "-" "Mozilla/5.0 (Macintosh; Intel Mac OS X 10_10_1) AppleWebKit/600.2.5 (KHTML, like Gecko) Version/8.0.2 Safari/600.2.5 (Amazonbot/0.1; +https://developer.amazon.com/support/amazonbot)"
3.224.220.101 - - [08/Nov/2023:08:04:05 +0100] "GET /coat-rack-wooden-supports-p-44783.html HTTP/1.0" 200 79672 "-" "Mozilla/5.0 (Macintosh; Intel Mac OS X 10_10_1) AppleWebKit/600.2.5 (KHTML, like Gecko) Version/8.0.2 Safari/600.2.5 (Amazonbot/0.1; +https://developer.amazon.com/support/amazonbot)"
52.70.240.171 - - [08/Nov/2023:08:04:07 +0100] "GET /dachshund-metal-coat-rack-p-45944.html HTTP/1.0" 200 80386 "-" "Mozilla/5.0 (Macintosh; Intel Mac OS X 10_10_1) AppleWebKit/600.2.5 (KHTML, like Gecko) Version/8.0.2 Safari/600.2.5 (Amazonbot/0.1; +https://developer.amazon.com/support/amazonbot)"
46.4.108.51 - - [08/Nov/2023:08:04:10 +0100] "GET /robots.txt HTTP/1.0" 200 245 "-" "Mozilla/5.0 (compatible; AwarioBot/1.0; +https://awario.com/bots.html)"
46.4.108.51 - - [08/Nov/2023:08:04:10 +0100] "GET /salt-made-ceramic-wood-p-57360.html HTTP/1.0" 200 80527 "-" "Mozilla/5.0 (compatible; AwarioBot/1.0; +https://awario.com/bots.html)"
3.224.220.101 - - [08/Nov/2023:08:04:12 +0100] "GET /wooden-kitchen-with-clock-p-32058.html HTTP/1.0" 200 79721 "-" "Mozilla/5.0 (Macintosh; Intel Mac OS X 10_10_1) AppleWebKit/600.2.5 (KHTML, like Gecko) Version/8.0.2 Safari/600.2.5 (Amazonbot/0.1; +https://developer.amazon.com/support/amazonbot)"
46.4.108.51 - - [08/Nov/2023:08:04:14 +0100] "GET /salt-pepper-faces-p-32463.html HTTP/1.0" 200 79656 "-" "Mozilla/5.0 (compatible; AwarioBot/1.0; +https://awario.com/bots.html)"
185.191.171.3 - - [08/Nov/2023:08:04:16 +0100] "GET /cotton-towel-retro-style-p-42573.html HTTP/1.0" 200 77361 "-" "Mozilla/5.0 (compatible; SemrushBot/7~bl; +http://www.semrush.com/bot.html)"
23.22.35.162 - - [08/Nov/2023:08:04:17 +0100] "GET /warning-genius-work-metal-plate-deco-p-36129.html HTTP/1.0" 200 79756 "-" "Mozilla/5.0 (Macintosh; Intel Mac OS X 10_10_1) AppleWebKit/600.2.5 (KHTML, like Gecko) Version/8.0.2 Safari/600.2.5 (Amazonbot/0.1; +https://developer.amazon.com/support/amazonbot)"
46.4.108.51 - - [08/Nov/2023:08:04:20 +0100] "GET /salt-pepper-p-49111.html HTTP/1.0" 200 79628 "-" "Mozilla/5.0 (compatible; AwarioBot/1.0; +https://awario.com/bots.html)"
3.224.220.101 - - [08/Nov/2023:08:04:24 +0100] "GET /vespa-metal-collection-hanging-plate-p-45987.html HTTP/1.0" 200 79998 "-" "Mozilla/5.0 (Macintosh; Intel Mac OS X 10_10_1) AppleWebKit/600.2.5 (KHTML, like Gecko) Version/8.0.2 Safari/600.2.5 (Amazonbot/0.1; +https://developer.amazon.com/support/amazonbot)"
85.208.96.202 - - [08/Nov/2023:08:04:26 +0100] "GET /golden-metal-glass-decorative-hourglass-p-59192.html HTTP/1.0" 200 77425 "-" "Mozilla/5.0 (compatible; SemrushBot/7~bl; +http://www.semrush.com/bot.html)"
23.22.35.162 - - [08/Nov/2023:08:04:29 +0100] "GET /keep-calm-drink-beer-metal-plate-deco-p-36123.html HTTP/1.0" 200 79800 "-" "Mozilla/5.0 (Macintosh; Intel Mac OS X 10_10_1) AppleWebKit/600.2.5 (KHTML, like Gecko) Version/8.0.2 Safari/600.2.5 (Amazonbot/0.1; +https://developer.amazon.com/support/amazonbot)"
23.22.35.162 - - [08/Nov/2023:08:04:33 +0100] "GET /small-metal-plate-collection-vespa-p-16836.html HTTP/1.0" 200 80442 "-" "Mozilla/5.0 (Macintosh; Intel Mac OS X 10_10_1) AppleWebKit/600.2.5 (KHTML, like Gecko) Version/8.0.2 Safari/600.2.5 (Amazonbot/0.1; +https://developer.amazon.com/support/amazonbot)"
46.4.108.51 - - [08/Nov/2023:08:04:33 +0100] "GET /salt-pepper-p-50747.html HTTP/1.0" 200 80287 "-" "Mozilla/5.0 (compatible; AwarioBot/1.0; +https://awario.com/bots.html)"
173.252.83.117 - - [08/Nov/2023:08:04:35 +0100] "GET /images/mini_prod/1399984251164.jpg HTTP/1.0" 200 269 "-" "facebookexternalhit/1.1 (+http://www.facebook.com/externalhit_uatext.php)"
168.138.105.69 - - [08/Nov/2023:08:04:36 +0100] "GET /images/mini_prod/8719497615612.jpg HTTP/1.0" 200 269 "-" "Mozilla/5.0 (X11; Ubuntu; Linux x86_64; rv:72.0) Gecko/20100101 Firefox/72.0"
85.208.96.196 - - [08/Nov/2023:08:04:37 +0100] "GET /-p-47321.html HTTP/1.0" 200 77271 "-" "Mozilla/5.0 (compatible; SemrushBot/7~bl; +http://www.semrush.com/bot.html)"
3.224.220.101 - - [08/Nov/2023:08:04:38 +0100] "GET /love-story-large-metal-plate-deco-p-36114.html HTTP/1.0" 200 79714 "-" "Mozilla/5.0 (Macintosh; Intel Mac OS X 10_10_1) AppleWebKit/600.2.5 (KHTML, like Gecko) Version/8.0.2 Safari/600.2.5 (Amazonbot/0.1; +https://developer.amazon.com/support/amazonbot)"
52.70.240.171 - - [08/Nov/2023:08:04:42 +0100] "GET /small-collection-plate-metal-vespa-piaggio-p-16834.html HTTP/1.0" 200 80279 "-" "Mozilla/5.0 (Macintosh; Intel Mac OS X 10_10_1) AppleWebKit/600.2.5 (KHTML, like Gecko) Version/8.0.2 Safari/600.2.5 (Amazonbot/0.1; +https://developer.amazon.com/support/amazonbot)"
46.4.108.51 - - [08/Nov/2023:08:04:42 +0100] "GET /salt-pepper-p-52772.html HTTP/1.0" 200 80442 "-" "Mozilla/5.0 (compatible; AwarioBot/1.0; +https://awario.com/bots.html)"
185.191.171.15 - - [08/Nov/2023:08:04:43 +0100] "GET /-c-95_296.html?page=1 HTTP/1.0" 200 76150 "-" "Mozilla/5.0 (compatible; SemrushBot/7~bl; +http://www.semrush.com/bot.html)"
