52.25.208.208 - - [08/Nov/2023:04:22:11 +0100] "GET /oriental-cotton-table-runner-p-60386.html HTTP/1.0" 200 80370 "-" "thesis-research-bot"
44.230.252.91 - - [08/Nov/2023:04:22:12 +0100] "GET /bilbao-coated-tablecloth-blue-p-45345.html HTTP/1.0" 200 80357 "-" "thesis-research-bot"
46.4.108.51 - - [08/Nov/2023:04:22:12 +0100] "GET /mango-wood-salad-bowl-p-56170.html HTTP/1.0" 200 80257 "-" "Mozilla/5.0 (compatible; AwarioBot/1.0; +https://awario.com/bots.html)"
44.230.252.91 - - [08/Nov/2023:04:22:13 +0100] "GET /novena-religious-candles-c-231_227_351.html HTTP/1.0" 200 97472 "-" "thesis-research-bot"
52.25.208.208 - - [08/Nov/2023:04:22:14 +0100] "GET /melanie-ceramic-butter-dish-p-47864.html HTTP/1.0" 200 79725 "-" "thesis-research-bot"
52.25.208.208 - - [08/Nov/2023:04:22:15 +0100] "GET /cushions-draft-excluders-c-11_71_316.html HTTP/1.0" 200 97620 "-" "thesis-research-bot"
100.21.24.205 - - [08/Nov/2023:04:22:16 +0100] "GET /butterfly-cotton-table-runner-p-60925.html HTTP/1.0" 200 79755 "-" "thesis-research-bot"
44.230.252.91 - - [08/Nov/2023:04:22:17 +0100] "GET /home-decoration-c-13.html?page=4 HTTP/1.0" 200 98533 "-" "thesis-research-bot"
85.208.96.210 - - [08/Nov/2023:04:22:18 +0100] "GET /tendresse-duvet-cover-washed-cotton-gauze-p-54428.html HTTP/1.0" 200 81059 "-" "Mozilla/5.0 (compatible; SemrushBot/7~bl; +http://www.semrush.com/bot.html)"
100.21.24.205 - - [08/Nov/2023:04:22:19 +0100] "GET /home-decoration-c-13.html?page=6 HTTP/1.0" 200 98923 "-" "thesis-research-bot"
100.21.24.205 - - [08/Nov/2023:04:22:20 +0100] "GET /home-decoration-c-13.html?page=7 HTTP/1.0" 200 99380 "-" "thesis-research-bot"
46.4.108.51 - - [08/Nov/2023:04:22:22 +0100] "GET /mango-wood-salad-bowl-p-56173.html HTTP/1.0" 200 80255 "-" "Mozilla/5.0 (compatible; AwarioBot/1.0; +https://awario.com/bots.html)"
44.230.252.91 - - [08/Nov/2023:04:22:21 +0100] "GET /home-decoration-c-13.html?page=5 HTTP/1.0" 200 98560 "-" "thesis-research-bot"
52.25.208.208 - - [08/Nov/2023:04:22:22 +0100] "GET /home-decoration-c-13.html?page=9 HTTP/1.0" 200 98574 "-" "thesis-research-bot"
44.230.252.91 - - [08/Nov/2023:04:22:23 +0100] "GET /household-linen-c-11.html?page=2 HTTP/1.0" 200 98767 "-" "thesis-research-bot"
52.70.240.171 - - [08/Nov/2023:04:22:24 +0100] "GET /child-apron-little-prince-p-58743.html HTTP/1.0" 200 80372 "-" "Mozilla/5.0 (Macintosh; Intel Mac OS X 10_10_1) AppleWebKit/600.2.5 (KHTML, like Gecko) Version/8.0.2 Safari/600.2.5 (Amazonbot/0.1; +https://developer.amazon.com/support/amazonbot)"
100.21.24.205 - - [08/Nov/2023:04:22:24 +0100] "GET /nerf-darts-refill-elite-p-20346.html HTTP/1.0" 200 79806 "-" "thesis-research-bot"
44.230.252.91 - - [08/Nov/2023:04:22:25 +0100] "GET /collection-mirabelle-pursuit-happiness-pocket-mirror-p-19999.html HTTP/1.0" 200 80219 "-" "thesis-research-bot"
100.21.24.205 - - [08/Nov/2023:04:22:26 +0100] "GET /cars-mattress-swimming-pool-p-19984.html HTTP/1.0" 200 80060 "-" "thesis-research-bot"
46.4.108.51 - - [08/Nov/2023:04:22:29 +0100] "GET /mango-wood-shelf-p-60504.html HTTP/1.0" 200 80484 "-" "Mozilla/5.0 (compatible; AwarioBot/1.0; +https://awario.com/bots.html)"
100.21.24.205 - - [08/Nov/2023:04:22:29 +0100] "GET /household-linen-c-11.html?page=4 HTTP/1.0" 200 98956 "-" "thesis-research-bot"
100.21.24.205 - - [08/Nov/2023:04:22:30 +0100] "GET /household-linen-c-11.html?page=5 HTTP/1.0" 200 99089 "-" "thesis-research-bot"
52.25.208.208 - - [08/Nov/2023:04:22:31 +0100] "GET /household-linen-c-11.html?page=6 HTTP/1.0" 200 99104 "-" "thesis-research-bot"
44.230.252.91 - - [08/Nov/2023:04:22:31 +0100] "GET /home-decoration-c-13.html?page=8 HTTP/1.0" 200 98849 "-" "thesis-research-bot"
44.230.252.91 - - [08/Nov/2023:04:22:32 +0100] "GET /household-linen-c-11.html?page=7 HTTP/1.0" 200 99000 "-" "thesis-research-bot"
44.230.252.91 - - [08/Nov/2023:04:22:33 +0100] "GET /household-linen-c-11.html?page=8 HTTP/1.0" 200 99433 "-" "thesis-research-bot"
185.191.171.16 - - [08/Nov/2023:04:22:35 +0100] "GET /seagrass-basket-p-50215.html HTTP/1.0" 200 77333 "-" "Mozilla/5.0 (compatible; SemrushBot/7~bl; +http://www.semrush.com/bot.html)"
100.21.24.205 - - [08/Nov/2023:04:22:35 +0100] "GET /musical-c-13_150_149.html?page=2 HTTP/1.0" 200 87108 "-" "thesis-research-bot"
44.230.252.91 - - [08/Nov/2023:04:22:35 +0100] "GET /household-linen-c-11.html?page=3 HTTP/1.0" 200 98406 "-" "thesis-research-bot"
3.224.220.101 - - [08/Nov/2023:04:22:36 +0100] "GET /child-apron-little-prince-p-58744.html HTTP/1.0" 200 80372 "-" "Mozilla/5.0 (Macintosh; Intel Mac OS X 10_10_1) AppleWebKit/600.2.5 (KHTML, like Gecko) Version/8.0.2 Safari/600.2.5 (Amazonbot/0.1; +https://developer.amazon.com/support/amazonbot)"
100.21.24.205 - - [08/Nov/2023:04:22:36 +0100] "GET /table-lamps-c-86_286.html?page=2 HTTP/1.0" 200 99397 "-" "thesis-research-bot"
44.230.252.91 - - [08/Nov/2023:04:22:37 +0100] "GET /verity-rose-moonstruck-mirror-p-29163.html HTTP/1.0" 200 79795 "-" "thesis-research-bot"
52.25.208.208 - - [08/Nov/2023:04:22:37 +0100] "GET /table-lamps-c-86_286.html?page=3 HTTP/1.0" 200 100010 "-" "thesis-research-bot"
23.22.35.162 - - [08/Nov/2023:04:22:38 +0100] "GET /allen-decorated-cotton-children-apron-koala-p-58293.html HTTP/1.0" 200 79798 "-" "Mozilla/5.0 (Macintosh; Intel Mac OS X 10_10_1) AppleWebKit/600.2.5 (KHTML, like Gecko) Version/8.0.2 Safari/600.2.5 (Amazonbot/0.1; +https://developer.amazon.com/support/amazonbot)"
100.21.24.205 - - [08/Nov/2023:04:22:38 +0100] "GET /table-lamps-c-86_286.html?page=4 HTTP/1.0" 200 99622 "-" "thesis-research-bot"
44.230.252.91 - - [08/Nov/2023:04:22:39 +0100] "GET /table-lamps-c-86_286.html?page=5 HTTP/1.0" 200 99789 "-" "thesis-research-bot"
52.25.208.208 - - [08/Nov/2023:04:22:40 +0100] "GET /table-lamps-c-86_286.html?page=6 HTTP/1.0" 200 99995 "-" "thesis-research-bot"
52.25.208.208 - - [08/Nov/2023:04:22:41 +0100] "GET /table-lamps-c-86_286.html?page=7 HTTP/1.0" 200 100540 "-" "thesis-research-bot"
44.230.252.91 - - [08/Nov/2023:04:22:41 +0100] "GET /household-linen-c-11.html?page=9 HTTP/1.0" 200 99303 "-" "thesis-research-bot"
100.21.24.205 - - [08/Nov/2023:04:22:42 +0100] "GET /table-lamps-c-86_286.html?page=8 HTTP/1.0" 200 100064 "-" "thesis-research-bot"
100.21.24.205 - - [08/Nov/2023:04:22:43 +0100] "GET /mtal-small-baby-teeth-pink-p-47099.html HTTP/1.0" 200 80449 "-" "thesis-research-bot"
100.21.24.205 - - [08/Nov/2023:04:22:44 +0100] "GET /small-baby-teeth-simon-bear-p-50818.html HTTP/1.0" 200 79831 "-" "thesis-research-bot"
52.25.208.208 - - [08/Nov/2023:04:22:45 +0100] "GET /small-baby-teeth-small-mouse-p-45386.html HTTP/1.0" 200 79870 "-" "thesis-research-bot"
46.4.108.51 - - [08/Nov/2023:04:22:46 +0100] "GET /mango-wood-shelf-p-60505.html HTTP/1.0" 200 80485 "-" "Mozilla/5.0 (compatible; AwarioBot/1.0; +https://awario.com/bots.html)"
100.21.24.205 - - [08/Nov/2023:04:22:46 +0100] "GET /small-baby-teeth-small-mouse-p-49162.html HTTP/1.0" 200 79870 "-" "thesis-research-bot"
100.21.24.205 - - [08/Nov/2023:04:22:47 +0100] "GET /small-baby-teeth-small-mouse-p-53419.html HTTP/1.0" 200 79895 "-" "thesis-research-bot"
100.21.24.205 - - [08/Nov/2023:04:22:48 +0100] "GET /small-baby-teeth-pink-unicorn-p-43013.html HTTP/1.0" 200 80491 "-" "thesis-research-bot"
100.21.24.205 - - [08/Nov/2023:04:22:50 +0100] "GET /tablecloths-c-11_176.html?page=2 HTTP/1.0" 200 97872 "-" "thesis-research-bot"
44.230.252.91 - - [08/Nov/2023:04:22:51 +0100] "GET /tablecloths-c-11_176.html?page=3 HTTP/1.0" 200 92076 "-" "thesis-research-bot"
52.25.208.208 - - [08/Nov/2023:04:22:52 +0100] "GET /bolstercases-c-11_318.html?page=2 HTTP/1.0" 200 87761 "-" "thesis-research-bot"
185.191.171.11 - - [08/Nov/2023:04:22:52 +0100] "GET /zodiac-white-women-shirt-p-30799.html HTTP/1.0" 200 81656 "-" "Mozilla/5.0 (compatible; SemrushBot/7~bl; +http://www.semrush.com/bot.html)"
44.230.252.91 - - [08/Nov/2023:04:22:53 +0100] "GET /glasses-case-c-31_164.html?page=2 HTTP/1.0" 200 97336 "-" "thesis-research-bot"
52.25.208.208 - - [08/Nov/2023:04:22:54 +0100] "GET /glasses-case-c-31_164.html?page=3 HTTP/1.0" 200 88678 "-" "thesis-research-bot"
100.21.24.205 - - [08/Nov/2023:04:22:55 +0100] "GET /night-lights-c-86_278.html?page=2 HTTP/1.0" 200 97836 "-" "thesis-research-bot"
100.21.24.205 - - [08/Nov/2023:04:22:56 +0100] "GET /night-lights-c-86_278.html?page=3 HTTP/1.0" 200 98565 "-" "thesis-research-bot"
44.230.252.91 - - [08/Nov/2023:04:22:56 +0100] "GET /table-lamps-c-86_286.html?page=9 HTTP/1.0" 200 100070 "-" "thesis-research-bot"
100.21.24.205 - - [08/Nov/2023:04:22:57 +0100] "GET /night-lights-c-86_278.html?page=4 HTTP/1.0" 200 94232 "-" "thesis-research-bot"
52.25.208.208 - - [08/Nov/2023:04:22:58 +0100] "GET /toothbox-c-13_150_170.html?page=2 HTTP/1.0" 200 96538 "-" "thesis-research-bot"
52.25.208.208 - - [08/Nov/2023:04:22:59 +0100] "GET /toothbox-c-13_150_170.html?page=3 HTTP/1.0" 200 88040 "-" "thesis-research-bot"
44.230.252.91 - - [08/Nov/2023:04:23:00 +0100] "GET /wall-sticker-c-13_187.html?page=2 HTTP/1.0" 200 100560 "-" "thesis-research-bot"
44.230.252.91 - - [08/Nov/2023:04:23:02 +0100] "GET /wall-sticker-c-13_187.html?page=4 HTTP/1.0" 200 101051 "-" "thesis-research-bot"
44.230.252.91 - - [08/Nov/2023:04:23:03 +0100] "GET /angry-birds-light-figurine-p-19143.html HTTP/1.0" 200 79844 "-" "thesis-research-bot"
44.230.252.91 - - [08/Nov/2023:04:23:04 +0100] "GET /nici-horse-club-stationery-p-20586.html HTTP/1.0" 200 79689 "-" "thesis-research-bot"
44.230.252.91 - - [08/Nov/2023:04:23:05 +0100] "GET /erasers-delivered-model-depending-availability-p-33660.html HTTP/1.0" 200 80005 "-" "thesis-research-bot"
44.230.252.91 - - [08/Nov/2023:04:23:06 +0100] "GET /mini-erasers-random-patterns-p-33549.html HTTP/1.0" 200 79834 "-" "thesis-research-bot"
100.21.24.205 - - [08/Nov/2023:04:23:07 +0100] "GET /cake-dish-morello-cherries-p-54512.html HTTP/1.0" 200 79817 "-" "thesis-research-bot"
52.25.208.208 - - [08/Nov/2023:04:23:08 +0100] "GET /nici-horse-club-pencils-gray-p-20583.html HTTP/1.0" 200 79712 "-" "thesis-research-bot"
44.230.252.91 - - [08/Nov/2023:04:23:08 +0100] "GET /wall-sticker-c-13_187.html?page=3 HTTP/1.0" 200 100666 "-" "thesis-research-bot"
52.25.208.208 - - [08/Nov/2023:04:23:09 +0100] "GET /pencil-loola-ylvi-minimoomis-p-33974.html HTTP/1.0" 200 79780 "-" "thesis-research-bot"
185.191.171.17 - - [08/Nov/2023:04:23:10 +0100] "GET /golden-waves-bedhead-wall-sticker-p-39184.html HTTP/1.0" 200 79859 "-" "Mozilla/5.0 (compatible; SemrushBot/7~bl; +http://www.semrush.com/bot.html)"
44.230.252.91 - - [08/Nov/2023:04:23:10 +0100] "GET /tweety-fireman-figurine-p-31926.html HTTP/1.0" 200 79723 "-" "thesis-research-bot"
44.230.252.91 - - [08/Nov/2023:04:23:11 +0100] "GET /nici-jolly-sheep-pencils-gray-p-20584.html HTTP/1.0" 200 79719 "-" "thesis-research-bot"
100.21.24.205 - - [08/Nov/2023:04:23:12 +0100] "GET /dishes-dishes-c-12_251.html?page=2 HTTP/1.0" 200 88022 "-" "thesis-research-bot"
52.25.208.208 - - [08/Nov/2023:04:23:13 +0100] "GET /wall-sticker-c-13_187.html?page=5 HTTP/1.0" 200 101771 "-" "thesis-research-bot"
46.4.108.51 - - [08/Nov/2023:04:23:15 +0100] "GET /mango-wood-shelf-p-60506.html HTTP/1.0" 200 80496 "-" "Mozilla/5.0 (compatible; AwarioBot/1.0; +https://awario.com/bots.html)"
44.230.252.91 - - [08/Nov/2023:04:23:14 +0100] "GET /wall-sticker-c-13_187.html?page=6 HTTP/1.0" 200 101291 "-" "thesis-research-bot"
52.25.208.208 - - [08/Nov/2023:04:23:15 +0100] "GET /wall-sticker-c-13_187.html?page=7 HTTP/1.0" 200 100715 "-" "thesis-research-bot"
44.230.252.91 - - [08/Nov/2023:04:23:16 +0100] "GET /white-cotton-chandelier-p-58310.html HTTP/1.0" 200 80504 "-" "thesis-research-bot"
52.25.208.208 - - [08/Nov/2023:04:23:17 +0100] "GET /brown-polyester-chandelier-p-59708.html HTTP/1.0" 200 80945 "-" "thesis-research-bot"
100.21.24.205 - - [08/Nov/2023:04:23:18 +0100] "GET /golden-aluminum-chandelier-p-59836.html HTTP/1.0" 200 80720 "-" "thesis-research-bot"
44.230.252.91 - - [08/Nov/2023:04:23:19 +0100] "GET /white-polyester-chandelier-p-58373.html HTTP/1.0" 200 80945 "-" "thesis-research-bot"
185.191.171.2 - - [08/Nov/2023:04:23:20 +0100] "GET /marseille-decorative-metal-plate-cbkreation-p-53155.html HTTP/1.0" 200 79814 "-" "Mozilla/5.0 (compatible; SemrushBot/7~bl; +http://www.semrush.com/bot.html)"
52.25.208.208 - - [08/Nov/2023:04:23:20 +0100] "GET /retro-industriel-chandelier-p-37256.html HTTP/1.0" 200 79744 "-" "thesis-research-bot"
173.252.83.8 - - [08/Nov/2023:04:23:22 +0100] "GET /images/mini_prod/5018997751053.jpg HTTP/1.0" 200 269 "-" "facebookexternalhit/1.1 (+http://www.facebook.com/externalhit_uatext.php)"
44.230.252.91 - - [08/Nov/2023:04:23:21 +0100] "GET /wall-sticker-c-13_187.html?page=8 HTTP/1.0" 200 100597 "-" "thesis-research-bot"
52.25.208.208 - - [08/Nov/2023:04:23:22 +0100] "GET /wall-sticker-c-13_187.html?page=9 HTTP/1.0" 200 100868 "-" "thesis-research-bot"
100.21.24.205 - - [08/Nov/2023:04:23:23 +0100] "GET /bell-wall-bell-c-13_270.html?page=2 HTTP/1.0" 200 86018 "-" "thesis-research-bot"
17.241.227.142 - - [08/Nov/2023:04:23:25 +0100] "GET /images/big_prod/8719075391747N.jpg HTTP/1.0" 200 269 "-" "Mozilla/5.0 (Macintosh; Intel Mac OS X 10_15_5) AppleWebKit/605.1.15 (KHTML, like Gecko) Version/13.1.1 Safari/605.1.15 (Applebot/0.1; +http://www.apple.com/go/applebot)"
100.21.24.205 - - [08/Nov/2023:04:23:24 +0100] "GET /chairs-cushion-c-11_165.html?page=2 HTTP/1.0" 200 98807 "-" "thesis-research-bot"
100.21.24.205 - - [08/Nov/2023:04:23:25 +0100] "GET /chairs-cushion-c-11_165.html?page=3 HTTP/1.0" 200 99175 "-" "thesis-research-bot"
52.70.240.171 - - [08/Nov/2023:04:23:26 +0100] "GET /-c-95_354.html HTTP/1.0" 200 76139 "-" "Mozilla/5.0 (Macintosh; Intel Mac OS X 10_10_1) AppleWebKit/600.2.5 (KHTML, like Gecko) Version/8.0.2 Safari/600.2.5 (Amazonbot/0.1; +https://developer.amazon.com/support/amazonbot)"
100.21.24.205 - - [08/Nov/2023:04:23:26 +0100] "GET /chairs-cushion-c-11_165.html?page=4 HTTP/1.0" 200 98654 "-" "thesis-research-bot"
100.21.24.205 - - [08/Nov/2023:04:23:27 +0100] "GET /chairs-cushion-c-11_165.html?page=5 HTTP/1.0" 200 87517 "-" "thesis-research-bot"
44.230.252.91 - - [08/Nov/2023:04:23:28 +0100] "GET /lola-shower-towel-white-p-41784.html HTTP/1.0" 200 80550 "-" "thesis-research-bot"
52.70.240.171 - - [08/Nov/2023:04:23:28 +0100] "GET /luna-disney-apron-chef-p-37538.html HTTP/1.0" 200 79684 "-" "Mozilla/5.0 (Macintosh; Intel Mac OS X 10_10_1) AppleWebKit/600.2.5 (KHTML, like Gecko) Version/8.0.2 Safari/600.2.5 (Amazonbot/0.1; +https://developer.amazon.com/support/amazonbot)"
44.230.252.91 - - [08/Nov/2023:04:23:29 +0100] "GET /vilaines-filles-bath-towel-p-57629.html HTTP/1.0" 200 80420 "-" "thesis-research-bot"
100.21.24.205 - - [08/Nov/2023:04:23:30 +0100] "GET /vilaines-filles-beach-towel-p-51710.html HTTP/1.0" 200 79781 "-" "thesis-research-bot"
44.230.252.91 - - [08/Nov/2023:04:23:31 +0100] "GET /mini-trays-c-12_159_260.html?page=2 HTTP/1.0" 200 99983 "-" "thesis-research-bot"
44.230.252.91 - - [08/Nov/2023:04:23:33 +0100] "GET /mobile-tealight-brown-patinated-metal-butterfly-heart-p-37208.html HTTP/1.0" 200 79931 "-" "thesis-research-bot"
44.230.252.91 - - [08/Nov/2023:04:23:34 +0100] "GET /nici-milo-gorilla-memo-clip-p-4972.html HTTP/1.0" 200 79680 "-" "thesis-research-bot"
44.230.252.91 - - [08/Nov/2023:04:23:35 +0100] "GET /mobile-tealight-brown-patinated-metal-butterfly-p-37207.html HTTP/1.0" 200 79884 "-" "thesis-research-bot"
44.230.252.91 - - [08/Nov/2023:04:23:35 +0100] "GET /sticker-guitar-photo-frame-p-25041.html HTTP/1.0" 200 79886 "-" "thesis-research-bot"
44.230.252.91 - - [08/Nov/2023:04:23:36 +0100] "GET /feng-shui-ganesh-decoration-with-seven-chakra-colors-p-42837.html HTTP/1.0" 200 80115 "-" "thesis-research-bot"
44.230.252.91 - - [08/Nov/2023:04:23:37 +0100] "GET /mobile-bells-metal-butterfly-p-41510.html HTTP/1.0" 200 79703 "-" "thesis-research-bot"
3.224.220.101 - - [08/Nov/2023:04:23:37 +0100] "GET /child-apron-little-prince-p-47662.html HTTP/1.0" 200 79760 "-" "Mozilla/5.0 (Macintosh; Intel Mac OS X 10_10_1) AppleWebKit/600.2.5 (KHTML, like Gecko) Version/8.0.2 Safari/600.2.5 (Amazonbot/0.1; +https://developer.amazon.com/support/amazonbot)"
100.21.24.205 - - [08/Nov/2023:04:23:38 +0100] "GET /mobile-bells-metal-elephants-p-41509.html HTTP/1.0" 200 80327 "-" "thesis-research-bot"
52.70.240.171 - - [08/Nov/2023:04:23:38 +0100] "GET /pink-adult-cotton-apron-p-44329.html HTTP/1.0" 200 80198 "-" "Mozilla/5.0 (Macintosh; Intel Mac OS X 10_10_1) AppleWebKit/600.2.5 (KHTML, like Gecko) Version/8.0.2 Safari/600.2.5 (Amazonbot/0.1; +https://developer.amazon.com/support/amazonbot)"
52.25.208.208 - - [08/Nov/2023:04:23:39 +0100] "GET /cats-dubout-photo-frame-third-p-33753.html HTTP/1.0" 200 80810 "-" "thesis-research-bot"
100.21.24.205 - - [08/Nov/2023:04:23:40 +0100] "GET /rusty-metal-hand-fatma-mobile-p-56717.html HTTP/1.0" 200 80543 "-" "thesis-research-bot"
44.230.252.91 - - [08/Nov/2023:04:23:41 +0100] "GET /feng-shui-seven-chakra-decoration-with-seven-chakra-colors-p-42836.html HTTP/1.0" 200 80176 "-" "thesis-research-bot"
23.22.35.162 - - [08/Nov/2023:04:23:41 +0100] "GET /child-apron-little-prince-p-47663.html HTTP/1.0" 200 79760 "-" "Mozilla/5.0 (Macintosh; Intel Mac OS X 10_10_1) AppleWebKit/600.2.5 (KHTML, like Gecko) Version/8.0.2 Safari/600.2.5 (Amazonbot/0.1; +https://developer.amazon.com/support/amazonbot)"
52.25.208.208 - - [08/Nov/2023:04:23:42 +0100] "GET /mini-trays-c-12_159_260.html?page=3 HTTP/1.0" 200 100102 "-" "thesis-research-bot"
52.25.208.208 - - [08/Nov/2023:04:23:43 +0100] "GET /mini-trays-c-12_159_260.html?page=4 HTTP/1.0" 200 100273 "-" "thesis-research-bot"
3.224.220.101 - - [08/Nov/2023:04:23:44 +0100] "GET /zinc-adult-cotton-apron-p-39046.html HTTP/1.0" 200 80214 "-" "Mozilla/5.0 (Macintosh; Intel Mac OS X 10_10_1) AppleWebKit/600.2.5 (KHTML, like Gecko) Version/8.0.2 Safari/600.2.5 (Amazonbot/0.1; +https://developer.amazon.com/support/amazonbot)"
44.230.252.91 - - [08/Nov/2023:04:23:44 +0100] "GET /mini-trays-c-12_159_260.html?page=5 HTTP/1.0" 200 100717 "-" "thesis-research-bot"
46.4.108.51 - - [08/Nov/2023:04:23:45 +0100] "GET /mango-wood-tray-with-hand-fatma-pattern-p-56765.html HTTP/1.0" 200 80487 "-" "Mozilla/5.0 (compatible; AwarioBot/1.0; +https://awario.com/bots.html)"
44.230.252.91 - - [08/Nov/2023:04:23:45 +0100] "GET /mini-trays-c-12_159_260.html?page=6 HTTP/1.0" 200 100960 "-" "thesis-research-bot"
23.22.35.162 - - [08/Nov/2023:04:23:46 +0100] "GET /birds-meeting-mini-rectangular-tray-p-58505.html HTTP/1.0" 200 80429 "-" "Mozilla/5.0 (Macintosh; Intel Mac OS X 10_10_1) AppleWebKit/600.2.5 (KHTML, like Gecko) Version/8.0.2 Safari/600.2.5 (Amazonbot/0.1; +https://developer.amazon.com/support/amazonbot)"
52.25.208.208 - - [08/Nov/2023:04:23:46 +0100] "GET /mini-trays-c-12_159_260.html?page=7 HTTP/1.0" 200 100627 "-" "thesis-research-bot"
52.25.208.208 - - [08/Nov/2023:04:23:47 +0100] "GET /mini-trays-c-12_159_260.html?page=8 HTTP/1.0" 200 100742 "-" "thesis-research-bot"
100.21.24.205 - - [08/Nov/2023:04:23:48 +0100] "GET /mini-trays-c-12_159_260.html?page=9 HTTP/1.0" 200 100205 "-" "thesis-research-bot"
100.21.24.205 - - [08/Nov/2023:04:23:49 +0100] "GET /shower-curtain-c-11_168.html?page=2 HTTP/1.0" 200 88317 "-" "thesis-research-bot"
3.224.220.101 - - [08/Nov/2023:04:23:50 +0100] "GET /daisy-green-mini-rectangular-tray-p-55471.html HTTP/1.0" 200 79786 "-" "Mozilla/5.0 (Macintosh; Intel Mac OS X 10_10_1) AppleWebKit/600.2.5 (KHTML, like Gecko) Version/8.0.2 Safari/600.2.5 (Amazonbot/0.1; +https://developer.amazon.com/support/amazonbot)"
44.230.252.91 - - [08/Nov/2023:04:23:50 +0100] "GET /vase-soliflore-c-13_232.html?page=2 HTTP/1.0" 200 97800 "-" "thesis-research-bot"
100.21.24.205 - - [08/Nov/2023:04:23:51 +0100] "GET /vase-soliflore-c-13_232.html?page=3 HTTP/1.0" 200 95539 "-" "thesis-research-bot"
100.21.24.205 - - [08/Nov/2023:04:23:52 +0100] "GET /companion-wallet-c-31_238.html?page=2 HTTP/1.0" 200 93603 "-" "thesis-research-bot"
44.230.252.91 - - [08/Nov/2023:04:23:53 +0100] "GET /metal-wall-decor-c-13_308.html?page=2 HTTP/1.0" 200 97755 "-" "thesis-research-bot"
100.21.24.205 - - [08/Nov/2023:04:23:54 +0100] "GET /metal-wall-decor-c-13_308.html?page=3 HTTP/1.0" 200 84401 "-" "thesis-research-bot"
100.21.24.205 - - [08/Nov/2023:04:23:55 +0100] "GET /barbecue-aperitif-c-12_254.html?page=2 HTTP/1.0" 200 91761 "-" "thesis-research-bot"
44.230.252.91 - - [08/Nov/2023:04:23:56 +0100] "GET /personalized-products-c-97.html?page=2 HTTP/1.0" 200 98337 "-" "thesis-research-bot"
100.21.24.205 - - [08/Nov/2023:04:23:57 +0100] "GET /personalized-products-c-97.html?page=3 HTTP/1.0" 200 87858 "-" "thesis-research-bot"
100.21.24.205 - - [08/Nov/2023:04:23:58 +0100] "GET /shirts-sweatshirts-c-53_54.html?page=2 HTTP/1.0" 200 98047 "-" "thesis-research-bot"
100.21.24.205 - - [08/Nov/2023:04:23:59 +0100] "GET /shirts-sweatshirts-c-53_54.html?page=3 HTTP/1.0" 200 89468 "-" "thesis-research-bot"
52.25.208.208 - - [08/Nov/2023:04:24:00 +0100] "GET /stationery-cardmaking-c-129.html?page=10 HTTP/1.0" 200 98750 "-" "thesis-research-bot"
52.25.208.208 - - [08/Nov/2023:04:24:01 +0100] "GET /stationery-cardmaking-c-129.html?page=11 HTTP/1.0" 200 99198 "-" "thesis-research-bot"
44.230.252.91 - - [08/Nov/2023:04:24:02 +0100] "GET /bedding-protection-c-11_192.html?page=2 HTTP/1.0" 200 85365 "-" "thesis-research-bot"
100.21.24.205 - - [08/Nov/2023:04:24:03 +0100] "GET /chimes-suspensions-c-13_241.html?page=2 HTTP/1.0" 200 97736 "-" "thesis-research-bot"
44.230.252.91 - - [08/Nov/2023:04:24:04 +0100] "GET /chimes-suspensions-c-13_241.html?page=3 HTTP/1.0" 200 91721 "-" "thesis-research-bot"
185.191.171.10 - - [08/Nov/2023:04:24:06 +0100] "GET /height-adjustable-globe-decoration-p-60055.html HTTP/1.0" 200 80378 "-" "Mozilla/5.0 (compatible; SemrushBot/7~bl; +http://www.semrush.com/bot.html)"
46.4.108.51 - - [08/Nov/2023:04:24:06 +0100] "GET /mani-lucky-brush-p-44107.html HTTP/1.0" 200 79656 "-" "Mozilla/5.0 (compatible; AwarioBot/1.0; +https://awario.com/bots.html)"
52.25.208.208 - - [08/Nov/2023:04:24:06 +0100] "GET /perfumes-interior-c-231_234.html?page=3 HTTP/1.0" 200 99737 "-" "thesis-research-bot"
100.21.24.205 - - [08/Nov/2023:04:24:07 +0100] "GET /perfumes-interior-c-231_234.html?page=4 HTTP/1.0" 200 90212 "-" "thesis-research-bot"
44.230.252.91 - - [08/Nov/2023:04:24:08 +0100] "GET /stationery-cardmaking-c-129.html?page=2 HTTP/1.0" 200 99709 "-" "thesis-research-bot"
100.21.24.205 - - [08/Nov/2023:04:24:09 +0100] "GET /stationery-cardmaking-c-129.html?page=3 HTTP/1.0" 200 99369 "-" "thesis-research-bot"
66.249.66.206 - - [08/Nov/2023:04:24:10 +0100] "GET /pokemon-pikachu-school-p-55005.html HTTP/1.0" 200 80481 "-" "Mozilla/5.0 (Linux; Android 6.0.1; Nexus 5X Build/MMB29P) AppleWebKit/537.36 (KHTML, like Gecko) Chrome/119.0.6045.105 Mobile Safari/537.36 (compatible; Googlebot/2.1; +http://www.google.com/bot.html)"
44.230.252.91 - - [08/Nov/2023:04:24:10 +0100] "GET /hand-fatima-wooden-tray-p-60779.html HTTP/1.0" 200 80547 "-" "thesis-research-bot"
100.21.24.205 - - [08/Nov/2023:04:24:11 +0100] "GET /small-cups-plank-christmas-p-57089.html HTTP/1.0" 200 79837 "-" "thesis-research-bot"
100.21.24.205 - - [08/Nov/2023:04:24:12 +0100] "GET /hand-fatma-tray-empty-pocket-carved-wood-pattern-p-53774.html HTTP/1.0" 200 80661 "-" "thesis-research-bot"
44.230.252.91 - - [08/Nov/2023:04:24:12 +0100] "GET /perfumes-interior-c-231_234.html?page=2 HTTP/1.0" 200 99428 "-" "thesis-research-bot"
52.25.208.208 - - [08/Nov/2023:04:24:13 +0100] "GET /empty-tray-pocket-tree-life-pattern-carved-wood-p-53773.html HTTP/1.0" 200 81149 "-" "thesis-research-bot"
185.191.171.9 - - [08/Nov/2023:04:24:15 +0100] "GET /little-prince-exupery-figurine-p-44603.html HTTP/1.0" 200 79897 "-" "Mozilla/5.0 (compatible; SemrushBot/7~bl; +http://www.semrush.com/bot.html)"
52.25.208.208 - - [08/Nov/2023:04:24:14 +0100] "GET /storage-cups-c-12_159_264.html?page=2 HTTP/1.0" 200 98250 "-" "thesis-research-bot"
100.21.24.205 - - [08/Nov/2023:04:24:15 +0100] "GET /storage-cups-c-12_159_264.html?page=3 HTTP/1.0" 200 85703 "-" "thesis-research-bot"
23.22.35.162 - - [08/Nov/2023:04:24:15 +0100] "GET /shop-c-155.html HTTP/1.0" 200 95574 "-" "Mozilla/5.0 (Macintosh; Intel Mac OS X 10_10_1) AppleWebKit/600.2.5 (KHTML, like Gecko) Version/8.0.2 Safari/600.2.5 (Amazonbot/0.1; +https://developer.amazon.com/support/amazonbot)"
100.21.24.205 - - [08/Nov/2023:04:24:16 +0100] "GET /stationery-cardmaking-c-129.html?page=4 HTTP/1.0" 200 99269 "-" "thesis-research-bot"
52.25.208.208 - - [08/Nov/2023:04:24:18 +0100] "GET /silver-metal-umbrella-stand-p-59111.html HTTP/1.0" 200 80547 "-" "thesis-research-bot"
100.21.24.205 - - [08/Nov/2023:04:24:18 +0100] "GET /white-metal-umbrella-stand-p-59110.html HTTP/1.0" 200 80320 "-" "thesis-research-bot"
128.42.28.84 - - [08/Nov/2023:04:24:20 +0100] "GET /images/mini_prod/3609810061897.jpg HTTP/1.0" 200 269 "-" "Mozilla/5.0 (X11; Ubuntu; Linux x86_64; rv:72.0) Gecko/20100101 Firefox/72.0"
46.4.108.51 - - [08/Nov/2023:04:24:20 +0100] "GET /robots.txt HTTP/1.0" 200 245 "-" "Mozilla/5.0 (compatible; AwarioBot/1.0; +https://awario.com/bots.html)"
44.230.252.91 - - [08/Nov/2023:04:24:20 +0100] "GET /jasmin-kawai-blue-scarf-p-35978.html HTTP/1.0" 200 79657 "-" "thesis-research-bot"
46.4.108.51 - - [08/Nov/2023:04:24:20 +0100] "GET /mani-lucky-brush-p-44108.html HTTP/1.0" 200 79656 "-" "Mozilla/5.0 (compatible; AwarioBot/1.0; +https://awario.com/bots.html)"
44.230.252.91 - - [08/Nov/2023:04:24:20 +0100] "GET /white-metal-umbrella-stand-p-59745.html HTTP/1.0" 200 80300 "-" "thesis-research-bot"
52.25.208.208 - - [08/Nov/2023:04:24:21 +0100] "GET /adults-c-53.html?page=1 HTTP/1.0" 200 98626 "-" "thesis-research-bot"
52.25.208.208 - - [08/Nov/2023:04:24:22 +0100] "GET /stationery-cardmaking-c-129.html?page=5 HTTP/1.0" 200 99672 "-" "thesis-research-bot"
52.25.208.208 - - [08/Nov/2023:04:24:23 +0100] "GET /stationery-cardmaking-c-129.html?page=6 HTTP/1.0" 200 101170 "-" "thesis-research-bot"
185.191.171.5 - - [08/Nov/2023:04:24:23 +0100] "GET /luggages-schoolbags-leather-shop-c-31.html?page=53 HTTP/1.0" 200 98134 "-" "Mozilla/5.0 (compatible; SemrushBot/7~bl; +http://www.semrush.com/bot.html)"
52.25.208.208 - - [08/Nov/2023:04:24:24 +0100] "GET /stationery-cardmaking-c-129.html?page=7 HTTP/1.0" 200 98945 "-" "thesis-research-bot"
52.25.208.208 - - [08/Nov/2023:04:24:26 +0100] "GET /stationery-cardmaking-c-129.html?page=9 HTTP/1.0" 200 99547 "-" "thesis-research-bot"
100.21.24.205 - - [08/Nov/2023:04:24:27 +0100] "GET /water-outdoor-games-c-4_143.html?page=2 HTTP/1.0" 200 88463 "-" "thesis-research-bot"
185.191.171.2 - - [08/Nov/2023:04:24:28 +0100] "GET /collectible-sailor-moon-statue-sailor-uranus-p-33467.html HTTP/1.0" 200 77441 "-" "Mozilla/5.0 (compatible; SemrushBot/7~bl; +http://www.semrush.com/bot.html)"
100.21.24.205 - - [08/Nov/2023:04:24:28 +0100] "GET /writing-correction-c-129_186.html?page=2 HTTP/1.0" 200 98574 "-" "thesis-research-bot"
44.230.252.91 - - [08/Nov/2023:04:24:29 +0100] "GET /writing-correction-c-129_186.html?page=3 HTTP/1.0" 200 99035 "-" "thesis-research-bot"
23.22.35.162 - - [08/Nov/2023:04:24:30 +0100] "GET /musical-c-13_150_149.html HTTP/1.0" 200 98216 "-" "Mozilla/5.0 (Macintosh; Intel Mac OS X 10_10_1) AppleWebKit/600.2.5 (KHTML, like Gecko) Version/8.0.2 Safari/600.2.5 (Amazonbot/0.1; +https://developer.amazon.com/support/amazonbot)"
52.25.208.208 - - [08/Nov/2023:04:24:31 +0100] "GET /provencal-arabesques-carpet-p-48574.html HTTP/1.0" 200 80761 "-" "thesis-research-bot"
44.230.252.91 - - [08/Nov/2023:04:24:31 +0100] "GET /provencal-arabesques-carpet-p-48573.html HTTP/1.0" 200 80551 "-" "thesis-research-bot"
46.4.108.51 - - [08/Nov/2023:04:24:31 +0100] "GET /mani-lucky-brush-p-44109.html HTTP/1.0" 200 79656 "-" "Mozilla/5.0 (compatible; AwarioBot/1.0; +https://awario.com/bots.html)"
52.25.208.208 - - [08/Nov/2023:04:24:32 +0100] "GET /provencal-arabesques-carpet-p-48575.html HTTP/1.0" 200 80773 "-" "thesis-research-bot"
44.230.252.91 - - [08/Nov/2023:04:24:32 +0100] "GET /stationery-cardmaking-c-129.html?page=8 HTTP/1.0" 200 99424 "-" "thesis-research-bot"
44.230.252.91 - - [08/Nov/2023:04:24:33 +0100] "GET /writing-correction-c-129_186.html?page=4 HTTP/1.0" 200 90492 "-" "thesis-research-bot"
51.68.224.127 - - [08/Nov/2023:04:24:35 +0100] "GET /adminweb/export_orders_xml.php?token=256de2z6edz6ed2z6DFSFsed2zed6zeDSFDSGdzedezfzf&maxorders=10&orderstart=1&status=14&start_date=2018-10-01 HTTP/1.0" 200 285 "-" "GesCom CharlotteBoutik Serveur"
44.230.252.91 - - [08/Nov/2023:04:24:34 +0100] "GET /collectible-figurines-decorative-c-292_135.html?page=10 HTTP/1.0" 200 101766 "-" "thesis-research-bot"
51.68.224.127 - - [08/Nov/2023:04:24:35 +0100] "GET /adminweb/export_orders_xml.php?token=256de2z6edz6ed2z6DFSFsed2zed6zeDSFDSGdzedezfzf&maxorders=10&orderstart=1&status=6&start_date=2018-10-01 HTTP/1.0" 200 33939 "-" "GesCom CharlotteBoutik Serveur"
44.230.252.91 - - [08/Nov/2023:04:24:35 +0100] "GET /collectible-figurines-decorative-c-292_135.html?page=11 HTTP/1.0" 200 101646 "-" "thesis-research-bot"
44.230.252.91 - - [08/Nov/2023:04:24:36 +0100] "GET /collectible-figurines-decorative-c-292_135.html?page=2 HTTP/1.0" 200 102229 "-" "thesis-research-bot"
52.25.208.208 - - [08/Nov/2023:04:24:37 +0100] "GET /collectible-figurines-decorative-c-292_135.html?page=3 HTTP/1.0" 200 101679 "-" "thesis-research-bot"
52.25.208.208 - - [08/Nov/2023:04:24:38 +0100] "GET /collectible-figurines-decorative-c-292_135.html?page=4 HTTP/1.0" 200 101964 "-" "thesis-research-bot"
46.4.108.51 - - [08/Nov/2023:04:24:39 +0100] "GET /mani-lucky-brush-p-44110.html HTTP/1.0" 200 79656 "-" "Mozilla/5.0 (compatible; AwarioBot/1.0; +https://awario.com/bots.html)"
44.230.252.91 - - [08/Nov/2023:04:24:39 +0100] "GET /collectible-figurines-decorative-c-292_135.html?page=5 HTTP/1.0" 200 102133 "-" "thesis-research-bot"
52.25.208.208 - - [08/Nov/2023:04:24:40 +0100] "GET /christmas-under-glasses-p-49645.html HTTP/1.0" 200 80266 "-" "thesis-research-bot"
44.230.252.91 - - [08/Nov/2023:04:24:41 +0100] "GET /panda-paris-glass-coasters-p-46533.html HTTP/1.0" 200 79627 "-" "thesis-research-bot"
44.230.252.91 - - [08/Nov/2023:04:24:42 +0100] "GET /kiub-coasters-little-prince-p-53846.html HTTP/1.0" 200 79723 "-" "thesis-research-bot"
52.70.240.171 - - [08/Nov/2023:04:24:42 +0100] "GET /jack-russel-mini-rectangular-tray-p-58509.html HTTP/1.0" 200 80409 "-" "Mozilla/5.0 (Macintosh; Intel Mac OS X 10_10_1) AppleWebKit/600.2.5 (KHTML, like Gecko) Version/8.0.2 Safari/600.2.5 (Amazonbot/0.1; +https://developer.amazon.com/support/amazonbot)"
44.230.252.91 - - [08/Nov/2023:04:24:43 +0100] "GET /star-mandala-pattern-coasters-p-47455.html HTTP/1.0" 200 80329 "-" "thesis-research-bot"
23.22.35.162 - - [08/Nov/2023:04:24:43 +0100] "GET /mandala-mini-tray-p-45584.html HTTP/1.0" 200 79681 "-" "Mozilla/5.0 (Macintosh; Intel Mac OS X 10_10_1) AppleWebKit/600.2.5 (KHTML, like Gecko) Version/8.0.2 Safari/600.2.5 (Amazonbot/0.1; +https://developer.amazon.com/support/amazonbot)"
100.21.24.205 - - [08/Nov/2023:04:24:44 +0100] "GET /coasters-c-12_157.html?page=1 HTTP/1.0" 200 99194 "-" "thesis-research-bot"
52.25.208.208 - - [08/Nov/2023:04:24:45 +0100] "GET /coasters-c-12_157.html?page=8 HTTP/1.0" 200 101216 "-" "thesis-research-bot"
85.208.96.198 - - [08/Nov/2023:04:24:46 +0100] "GET /round-natural-teak-mirror-p-56126.html HTTP/1.0" 200 77361 "-" "Mozilla/5.0 (compatible; SemrushBot/7~bl; +http://www.semrush.com/bot.html)"
52.25.208.208 - - [08/Nov/2023:04:24:46 +0100] "GET /collectible-figurines-decorative-c-292_135.html?page=6 HTTP/1.0" 200 101904 "-" "thesis-research-bot"
100.21.24.205 - - [08/Nov/2023:04:24:47 +0100] "GET /collectible-figurines-decorative-c-292_135.html?page=7 HTTP/1.0" 200 102013 "-" "thesis-research-bot"
44.230.252.91 - - [08/Nov/2023:04:24:48 +0100] "GET /collectible-figurines-decorative-c-292_135.html?page=8 HTTP/1.0" 200 101971 "-" "thesis-research-bot"
44.230.252.91 - - [08/Nov/2023:04:24:49 +0100] "GET /collectible-figurines-decorative-c-292_135.html?page=9 HTTP/1.0" 200 101965 "-" "thesis-research-bot"
52.25.208.208 - - [08/Nov/2023:04:24:50 +0100] "GET /chandeliers-suspensions-c-86_280.html?page=2 HTTP/1.0" 200 95604 "-" "thesis-research-bot"
100.21.24.205 - - [08/Nov/2023:04:24:51 +0100] "GET /decoration-thermometers-c-13_145.html?page=2 HTTP/1.0" 200 91058 "-" "thesis-research-bot"
52.25.208.208 - - [08/Nov/2023:04:24:52 +0100] "GET /decorative-earth-globes-c-13_233.html?page=2 HTTP/1.0" 200 85723 "-" "thesis-research-bot"
44.230.252.91 - - [08/Nov/2023:04:24:53 +0100] "GET /photo-frames-memo-clips-c-13_132.html?page=2 HTTP/1.0" 200 88601 "-" "thesis-research-bot"
100.21.24.205 - - [08/Nov/2023:04:24:54 +0100] "GET /decorative-utility-hourglasses-c-13_331.html?page=2 HTTP/1.0" 200 91864 "-" "thesis-research-bot"
46.4.108.51 - - [08/Nov/2023:04:25:02 +0100] "GET /mani-lucky-charm-size-amiti-p-33282.html HTTP/1.0" 200 79926 "-" "Mozilla/5.0 (compatible; AwarioBot/1.0; +https://awario.com/bots.html)"
185.191.171.17 - - [08/Nov/2023:04:25:03 +0100] "GET /pencil-cbkreation-p-43447.html HTTP/1.0" 200 77315 "-" "Mozilla/5.0 (compatible; SemrushBot/7~bl; +http://www.semrush.com/bot.html)"
52.70.240.171 - - [08/Nov/2023:04:25:03 +0100] "GET /small-melamine-tray-p-48618.html HTTP/1.0" 200 79697 "-" "Mozilla/5.0 (Macintosh; Intel Mac OS X 10_10_1) AppleWebKit/600.2.5 (KHTML, like Gecko) Version/8.0.2 Safari/600.2.5 (Amazonbot/0.1; +https://developer.amazon.com/support/amazonbot)"
216.244.66.242 - - [08/Nov/2023:04:25:06 +0100] "GET /robots.txt HTTP/1.0" 200 245 "-" "Mozilla/5.0 (compatible; DotBot/1.2; +https://opensiteexplorer.org/dotbot; help@moz.com)"
3.224.220.101 - - [08/Nov/2023:04:25:05 +0100] "GET /mini-rectangular-tray-christmas-kitten-p-56868.html HTTP/1.0" 200 80440 "-" "Mozilla/5.0 (Macintosh; Intel Mac OS X 10_10_1) AppleWebKit/600.2.5 (KHTML, like Gecko) Version/8.0.2 Safari/600.2.5 (Amazonbot/0.1; +https://developer.amazon.com/support/amazonbot)"
85.208.96.207 - - [08/Nov/2023:04:25:06 +0100] "GET /winnie-pooh-birthday-card-with-envelope-p-25259.html HTTP/1.0" 200 79740 "-" "Mozilla/5.0 (compatible; SemrushBot/7~bl; +http://www.semrush.com/bot.html)"
100.21.24.205 - - [08/Nov/2023:04:25:05 +0100] "GET /cushions-floor-cushions-cushion-covers-c-11_71.html?page=2 HTTP/1.0" 200 99446 "-" "thesis-research-bot"
100.21.24.205 - - [08/Nov/2023:04:25:06 +0100] "GET /cushions-floor-cushions-cushion-covers-c-11_71.html?page=3 HTTP/1.0" 200 99541 "-" "thesis-research-bot"
52.70.240.171 - - [08/Nov/2023:04:25:07 +0100] "GET /cats-bees-mini-rectangular-tray-p-54906.html HTTP/1.0" 200 80423 "-" "Mozilla/5.0 (Macintosh; Intel Mac OS X 10_10_1) AppleWebKit/600.2.5 (KHTML, like Gecko) Version/8.0.2 Safari/600.2.5 (Amazonbot/0.1; +https://developer.amazon.com/support/amazonbot)"
44.230.252.91 - - [08/Nov/2023:04:25:07 +0100] "GET /cushions-floor-cushions-cushion-covers-c-11_71.html?page=4 HTTP/1.0" 200 99616 "-" "thesis-research-bot"
100.21.24.205 - - [08/Nov/2023:04:25:08 +0100] "GET /cushions-floor-cushions-cushion-covers-c-11_71.html?page=5 HTTP/1.0" 200 99480 "-" "thesis-research-bot"
52.70.240.171 - - [08/Nov/2023:04:25:09 +0100] "GET /mini-rectangular-tray-autumn-hedgehog-p-57255.html HTTP/1.0" 200 80482 "-" "Mozilla/5.0 (Macintosh; Intel Mac OS X 10_10_1) AppleWebKit/600.2.5 (KHTML, like Gecko) Version/8.0.2 Safari/600.2.5 (Amazonbot/0.1; +https://developer.amazon.com/support/amazonbot)"
100.21.24.205 - - [08/Nov/2023:04:25:09 +0100] "GET /cushions-floor-cushions-cushion-covers-c-11_71.html?page=6 HTTP/1.0" 200 99698 "-" "thesis-research-bot"
185.191.171.13 - - [08/Nov/2023:04:25:10 +0100] "GET /smokers-items-c-3_112.html?page=3 HTTP/1.0" 200 98388 "-" "Mozilla/5.0 (compatible; SemrushBot/7~bl; +http://www.semrush.com/bot.html)"
100.21.24.205 - - [08/Nov/2023:04:25:10 +0100] "GET /cushions-floor-cushions-cushion-covers-c-11_71.html?page=7 HTTP/1.0" 200 100079 "-" "thesis-research-bot"
52.25.208.208 - - [08/Nov/2023:04:25:11 +0100] "GET /cushions-floor-cushions-cushion-covers-c-11_71.html?page=8 HTTP/1.0" 200 100628 "-" "thesis-research-bot"
52.25.208.208 - - [08/Nov/2023:04:25:12 +0100] "GET /cushions-floor-cushions-cushion-covers-c-11_71.html?page=9 HTTP/1.0" 200 86204 "-" "thesis-research-bot"
100.21.24.205 - - [08/Nov/2023:04:25:13 +0100] "GET /boxes-storage-ceramics-c-13_150_219.html HTTP/1.0" 200 76586 "-" "thesis-research-bot"
3.224.220.101 - - [08/Nov/2023:04:25:13 +0100] "GET /bird-blossom-white-mini-rectangular-tray-p-54909.html HTTP/1.0" 200 80488 "-" "Mozilla/5.0 (Macintosh; Intel Mac OS X 10_10_1) AppleWebKit/600.2.5 (KHTML, like Gecko) Version/8.0.2 Safari/600.2.5 (Amazonbot/0.1; +https://developer.amazon.com/support/amazonbot)"
46.4.108.51 - - [08/Nov/2023:04:25:14 +0100] "GET /mani-lucky-charm-size-amour-p-33281.html HTTP/1.0" 200 79913 "-" "Mozilla/5.0 (compatible; AwarioBot/1.0; +https://awario.com/bots.html)"
44.230.252.91 - - [08/Nov/2023:04:25:14 +0100] "GET /marseille-saltshaker-pepper-p-22215.html HTTP/1.0" 200 80546 "-" "thesis-research-bot"
52.25.208.208 - - [08/Nov/2023:04:25:15 +0100] "GET /marseille-saltshaker-pepper-p-61036.html HTTP/1.0" 200 80546 "-" "thesis-research-bot"
54.36.148.12 - - [08/Nov/2023:04:25:15 +0100] "GET /-c-95_295.html HTTP/1.0" 200 76139 "-" "Mozilla/5.0 (compatible; AhrefsBot/7.0; +http://ahrefs.com/robot/)"
23.22.35.162 - - [08/Nov/2023:04:25:15 +0100] "GET /mini-rectangular-tray-christmas-plaid-p-59587.html HTTP/1.0" 200 80718 "-" "Mozilla/5.0 (Macintosh; Intel Mac OS X 10_10_1) AppleWebKit/600.2.5 (KHTML, like Gecko) Version/8.0.2 Safari/600.2.5 (Amazonbot/0.1; +https://developer.amazon.com/support/amazonbot)"
44.230.252.91 - - [08/Nov/2023:04:25:16 +0100] "GET /revolvers-saltshaker-pepper-p-37737.html HTTP/1.0" 200 79706 "-" "thesis-research-bot"
3.224.220.101 - - [08/Nov/2023:04:25:17 +0100] "GET /mini-rectangular-tray-p-54913.html HTTP/1.0" 200 80317 "-" "Mozilla/5.0 (Macintosh; Intel Mac OS X 10_10_1) AppleWebKit/600.2.5 (KHTML, like Gecko) Version/8.0.2 Safari/600.2.5 (Amazonbot/0.1; +https://developer.amazon.com/support/amazonbot)"
44.230.252.91 - - [08/Nov/2023:04:25:17 +0100] "GET /meditation-yoga-cushions-c-11_71_317.html HTTP/1.0" 200 95036 "-" "thesis-research-bot"
52.25.208.208 - - [08/Nov/2023:04:25:18 +0100] "GET /miss-mister-saltshaker-pepper-p-28748.html HTTP/1.0" 200 79823 "-" "thesis-research-bot"
44.230.252.91 - - [08/Nov/2023:04:25:19 +0100] "GET /salt-pepper-shaker-sets-c-12_160.html?page=2 HTTP/1.0" 200 97941 "-" "thesis-research-bot"
3.224.220.101 - - [08/Nov/2023:04:25:20 +0100] "GET /cats-small-melamine-tray-p-45157.html HTTP/1.0" 200 79711 "-" "Mozilla/5.0 (Macintosh; Intel Mac OS X 10_10_1) AppleWebKit/600.2.5 (KHTML, like Gecko) Version/8.0.2 Safari/600.2.5 (Amazonbot/0.1; +https://developer.amazon.com/support/amazonbot)"
44.230.252.91 - - [08/Nov/2023:04:25:21 +0100] "GET /salt-pepper-shaker-sets-c-12_160.html?page=4 HTTP/1.0" 200 89583 "-" "thesis-research-bot"
44.230.252.91 - - [08/Nov/2023:04:25:23 +0100] "GET /salt-pepper-shaker-sets-c-12_160.html?page=3 HTTP/1.0" 200 98384 "-" "thesis-research-bot"
185.191.171.17 - - [08/Nov/2023:04:25:25 +0100] "GET /-p-47702.html HTTP/1.0" 200 77271 "-" "Mozilla/5.0 (compatible; SemrushBot/7~bl; +http://www.semrush.com/bot.html)"
52.167.144.180 - - [08/Nov/2023:04:25:29 +0100] "GET /eucalyptus-kitchen-potholder-p-60912.html HTTP/1.0" 200 80472 "-" "Mozilla/5.0 AppleWebKit/537.36 (KHTML, like Gecko; compatible; bingbot/2.0; +http://www.bing.com/bingbot.htm) Chrome/103.0.5060.134 Safari/537.36"
46.4.108.51 - - [08/Nov/2023:04:25:29 +0100] "GET /mani-lucky-charm-size-anniversaire-p-33275.html HTTP/1.0" 200 79987 "-" "Mozilla/5.0 (compatible; AwarioBot/1.0; +https://awario.com/bots.html)"
23.22.35.162 - - [08/Nov/2023:04:25:31 +0100] "GET /flower-border-white-mini-rectangular-tray-p-58513.html HTTP/1.0" 200 80489 "-" "Mozilla/5.0 (Macintosh; Intel Mac OS X 10_10_1) AppleWebKit/600.2.5 (KHTML, like Gecko) Version/8.0.2 Safari/600.2.5 (Amazonbot/0.1; +https://developer.amazon.com/support/amazonbot)"
85.208.96.204 - - [08/Nov/2023:04:25:41 +0100] "GET /gorjuss-daily-planner-autumn-leaves-p-49481.html HTTP/1.0" 200 77401 "-" "Mozilla/5.0 (compatible; SemrushBot/7~bl; +http://www.semrush.com/bot.html)"
23.22.35.162 - - [08/Nov/2023:04:25:43 +0100] "GET /mini-rectangular-tray-classic-angels-gold-p-59558.html HTTP/1.0" 200 80489 "-" "Mozilla/5.0 (Macintosh; Intel Mac OS X 10_10_1) AppleWebKit/600.2.5 (KHTML, like Gecko) Version/8.0.2 Safari/600.2.5 (Amazonbot/0.1; +https://developer.amazon.com/support/amazonbot)"
23.22.35.162 - - [08/Nov/2023:04:25:49 +0100] "GET /mini-rectangular-tray-dragonflies-p-60546.html HTTP/1.0" 200 80847 "-" "Mozilla/5.0 (Macintosh; Intel Mac OS X 10_10_1) AppleWebKit/600.2.5 (KHTML, like Gecko) Version/8.0.2 Safari/600.2.5 (Amazonbot/0.1; +https://developer.amazon.com/support/amazonbot)"
52.25.208.208 - - [08/Nov/2023:04:25:50 +0100] "GET /horse-patchwork-pencil-case-p-40784.html HTTP/1.0" 200 79703 "-" "thesis-research-bot"
85.208.96.210 - - [08/Nov/2023:04:25:50 +0100] "GET /-p-50933.html HTTP/1.0" 200 77271 "-" "Mozilla/5.0 (compatible; SemrushBot/7~bl; +http://www.semrush.com/bot.html)"
23.22.35.162 - - [08/Nov/2023:04:25:50 +0100] "GET /mini-rectangular-tray-winter-rosie-p-57252.html HTTP/1.0" 200 80419 "-" "Mozilla/5.0 (Macintosh; Intel Mac OS X 10_10_1) AppleWebKit/600.2.5 (KHTML, like Gecko) Version/8.0.2 Safari/600.2.5 (Amazonbot/0.1; +https://developer.amazon.com/support/amazonbot)"
23.22.35.162 - - [08/Nov/2023:04:25:52 +0100] "GET /mini-rectangular-tray-nutcrackers-p-58503.html HTTP/1.0" 200 80409 "-" "Mozilla/5.0 (Macintosh; Intel Mac OS X 10_10_1) AppleWebKit/600.2.5 (KHTML, like Gecko) Version/8.0.2 Safari/600.2.5 (Amazonbot/0.1; +https://developer.amazon.com/support/amazonbot)"
23.22.35.162 - - [08/Nov/2023:04:25:53 +0100] "GET /mini-rectangular-tray-robin-family-p-59559.html HTTP/1.0" 200 80419 "-" "Mozilla/5.0 (Macintosh; Intel Mac OS X 10_10_1) AppleWebKit/600.2.5 (KHTML, like Gecko) Version/8.0.2 Safari/600.2.5 (Amazonbot/0.1; +https://developer.amazon.com/support/amazonbot)"
85.208.96.205 - - [08/Nov/2023:04:25:55 +0100] "GET /crayola-poster-paints-p-16652.html HTTP/1.0" 200 77365 "-" "Mozilla/5.0 (compatible; SemrushBot/7~bl; +http://www.semrush.com/bot.html)"
3.224.220.101 - - [08/Nov/2023:04:25:57 +0100] "GET /mini-rectangular-tray-ornaments-over-p-58500.html HTTP/1.0" 200 80478 "-" "Mozilla/5.0 (Macintosh; Intel Mac OS X 10_10_1) AppleWebKit/600.2.5 (KHTML, like Gecko) Version/8.0.2 Safari/600.2.5 (Amazonbot/0.1; +https://developer.amazon.com/support/amazonbot)"
85.208.96.211 - - [08/Nov/2023:04:25:58 +0100] "GET /-p-34600.html HTTP/1.0" 200 77271 "-" "Mozilla/5.0 (compatible; SemrushBot/7~bl; +http://www.semrush.com/bot.html)"
52.70.240.171 - - [08/Nov/2023:04:25:58 +0100] "GET /mini-rectangular-tray-hedera-white-p-60401.html HTTP/1.0" 200 80577 "-" "Mozilla/5.0 (Macintosh; Intel Mac OS X 10_10_1) AppleWebKit/600.2.5 (KHTML, like Gecko) Version/8.0.2 Safari/600.2.5 (Amazonbot/0.1; +https://developer.amazon.com/support/amazonbot)"
23.22.35.162 - - [08/Nov/2023:04:26:04 +0100] "GET /mini-rectangular-tray-sunny-flowers-cream-p-58512.html HTTP/1.0" 200 80489 "-" "Mozilla/5.0 (Macintosh; Intel Mac OS X 10_10_1) AppleWebKit/600.2.5 (KHTML, like Gecko) Version/8.0.2 Safari/600.2.5 (Amazonbot/0.1; +https://developer.amazon.com/support/amazonbot)"
173.252.83.11 - - [08/Nov/2023:04:26:11 +0100] "GET /images/mini_prod/0039897677330ej.jpg HTTP/1.0" 200 271 "-" "facebookexternalhit/1.1 (+http://www.facebook.com/externalhit_uatext.php)"
46.4.108.51 - - [08/Nov/2023:04:26:10 +0100] "GET /mani-lucky-charm-size-anniversaire-p-33289.html HTTP/1.0" 200 79988 "-" "Mozilla/5.0 (compatible; AwarioBot/1.0; +https://awario.com/bots.html)"
85.208.96.204 - - [08/Nov/2023:04:26:11 +0100] "GET /pugsley-keel-toys-plush-p-46900.html HTTP/1.0" 200 77395 "-" "Mozilla/5.0 (compatible; SemrushBot/7~bl; +http://www.semrush.com/bot.html)"
87.250.224.239 - - [08/Nov/2023:04:26:14 +0100] "GET /mouse-cbkreation-p-13985.html HTTP/1.0" 200 79587 "-" "Mozilla/5.0 (compatible; YandexBot/3.0; +http://yandex.com/bots)"
3.224.220.101 - - [08/Nov/2023:04:26:14 +0100] "GET /mini-rectangular-tray-winter-apples-p-56863.html HTTP/1.0" 200 79802 "-" "Mozilla/5.0 (Macintosh; Intel Mac OS X 10_10_1) AppleWebKit/600.2.5 (KHTML, like Gecko) Version/8.0.2 Safari/600.2.5 (Amazonbot/0.1; +https://developer.amazon.com/support/amazonbot)"
100.21.24.205 - - [08/Nov/2023:04:26:18 +0100] "GET /gogh-isothermic-stainless-steel-bottle-p-53164.html HTTP/1.0" 200 80464 "-" "thesis-research-bot"
100.21.24.205 - - [08/Nov/2023:04:26:19 +0100] "GET /gogh-isothermic-stainless-steel-bottle-p-53165.html HTTP/1.0" 200 80464 "-" "thesis-research-bot"
52.25.208.208 - - [08/Nov/2023:04:26:20 +0100] "GET /insulated-bottle-vilaines-filles-p-57607.html HTTP/1.0" 200 80709 "-" "thesis-research-bot"
85.208.96.204 - - [08/Nov/2023:04:26:22 +0100] "GET /citron-collection-large-metal-plate-deco-p-40298.html HTTP/1.0" 200 77465 "-" "Mozilla/5.0 (compatible; SemrushBot/7~bl; +http://www.semrush.com/bot.html)"
52.25.208.208 - - [08/Nov/2023:04:26:22 +0100] "GET /insulated-bottle-vilains-garons-p-57609.html HTTP/1.0" 200 80946 "-" "thesis-research-bot"
46.4.108.51 - - [08/Nov/2023:04:26:24 +0100] "GET /robots.txt HTTP/1.0" 200 245 "-" "Mozilla/5.0 (compatible; AwarioBot/1.0; +https://awario.com/bots.html)"
52.25.208.208 - - [08/Nov/2023:04:26:23 +0100] "GET /blue-isothermic-stainless-steel-bottle-cbkreation-p-54159.html HTTP/1.0" 200 80535 "-" "thesis-research-bot"
46.4.108.51 - - [08/Nov/2023:04:26:24 +0100] "GET /mani-lucky-charm-size-cagnotte-p-33276.html HTTP/1.0" 200 79949 "-" "Mozilla/5.0 (compatible; AwarioBot/1.0; +https://awario.com/bots.html)"
100.21.24.205 - - [08/Nov/2023:04:26:24 +0100] "GET /koala-isothermic-stainless-steel-bottle-allen-p-57592.html HTTP/1.0" 200 80562 "-" "thesis-research-bot"
100.21.24.205 - - [08/Nov/2023:04:26:25 +0100] "GET /cats-isothermic-stainless-steel-bottle-allen-p-51919.html HTTP/1.0" 200 80496 "-" "thesis-research-bot"
52.25.208.208 - - [08/Nov/2023:04:26:26 +0100] "GET /cats-isothermic-stainless-steel-bottle-allen-p-53158.html HTTP/1.0" 200 80498 "-" "thesis-research-bot"
100.21.24.205 - - [08/Nov/2023:04:26:27 +0100] "GET /klimt-kiss-isothermic-stainless-steel-bottle-p-57587.html HTTP/1.0" 200 80506 "-" "thesis-research-bot"
100.21.24.205 - - [08/Nov/2023:04:26:28 +0100] "GET /insulated-bottle-planet-p-58208.html HTTP/1.0" 200 80610 "-" "thesis-research-bot"
44.230.252.91 - - [08/Nov/2023:04:26:28 +0100] "GET /insulated-bottle-vilaines-filles-p-57608.html HTTP/1.0" 200 80716 "-" "thesis-research-bot"
46.4.108.51 - - [08/Nov/2023:04:26:33 +0100] "GET /mani-lucky-charm-size-chance-p-33279.html HTTP/1.0" 200 79921 "-" "Mozilla/5.0 (compatible; AwarioBot/1.0; +https://awario.com/bots.html)"
46.4.108.51 - - [08/Nov/2023:04:26:39 +0100] "GET /mani-lucky-charm-size-p-33283.html HTTP/1.0" 200 79890 "-" "Mozilla/5.0 (compatible; AwarioBot/1.0; +https://awario.com/bots.html)"
85.208.96.196 - - [08/Nov/2023:04:26:41 +0100] "GET /gorjuss-glass-wall-clock-tall-tails-p-53944.html HTTP/1.0" 200 77405 "-" "Mozilla/5.0 (compatible; SemrushBot/7~bl; +http://www.semrush.com/bot.html)"
85.208.96.201 - - [08/Nov/2023:04:26:45 +0100] "GET /pedal-pink-p-52591.html HTTP/1.0" 200 80504 "-" "Mozilla/5.0 (compatible; SemrushBot/7~bl; +http://www.semrush.com/bot.html)"
85.208.96.201 - - [08/Nov/2023:04:26:55 +0100] "GET /home-decoration-c-13.html?page=193 HTTP/1.0" 200 91192 "-" "Mozilla/5.0 (compatible; SemrushBot/7~bl; +http://www.semrush.com/bot.html)"
52.25.208.208 - - [08/Nov/2023:04:26:57 +0100] "GET /fiat-yellow-pencil-case-p-17069.html HTTP/1.0" 200 79889 "-" "thesis-research-bot"
44.230.252.91 - - [08/Nov/2023:04:26:58 +0100] "GET /hello-kitty-pencil-case-p-20695.html HTTP/1.0" 200 79809 "-" "thesis-research-bot"
52.25.208.208 - - [08/Nov/2023:04:26:59 +0100] "GET /keychain-jewel-tree-life-beige-p-40751.html HTTP/1.0" 200 79896 "-" "thesis-research-bot"
100.21.24.205 - - [08/Nov/2023:04:27:00 +0100] "GET /keychain-jewel-tree-life-parma-p-40750.html HTTP/1.0" 200 79963 "-" "thesis-research-bot"
40.77.167.30 - - [08/Nov/2023:04:27:06 +0100] "GET /clocks-c-13_67.html?page=9 HTTP/1.0" 200 99557 "-" "Mozilla/5.0 AppleWebKit/537.36 (KHTML, like Gecko; compatible; bingbot/2.0; +http://www.bing.com/bingbot.htm) Chrome/103.0.5060.134 Safari/537.36"
46.4.108.51 - - [08/Nov/2023:04:27:10 +0100] "GET /mani-lucky-charm-size-pour-vacances-p-33277.html HTTP/1.0" 200 80047 "-" "Mozilla/5.0 (compatible; AwarioBot/1.0; +https://awario.com/bots.html)"
100.21.24.205 - - [08/Nov/2023:04:27:15 +0100] "GET /mini-stickers-animals-p-22597.html HTTP/1.0" 200 80260 "-" "thesis-research-bot"
52.25.208.208 - - [08/Nov/2023:04:27:16 +0100] "GET /nici-horses-mouse-p-9494.html HTTP/1.0" 200 79732 "-" "thesis-research-bot"
52.25.208.208 - - [08/Nov/2023:04:27:17 +0100] "GET /postcard-with-envelope-flamingos-p-48867.html HTTP/1.0" 200 79809 "-" "thesis-research-bot"
46.4.108.51 - - [08/Nov/2023:04:27:17 +0100] "GET /mani-lucky-charm-size-russite-p-33285.html HTTP/1.0" 200 79979 "-" "Mozilla/5.0 (compatible; AwarioBot/1.0; +https://awario.com/bots.html)"
100.21.24.205 - - [08/Nov/2023:04:27:18 +0100] "GET /postcard-with-envelope-happy-birthday-p-48868.html HTTP/1.0" 200 79834 "-" "thesis-research-bot"
100.21.24.205 - - [08/Nov/2023:04:27:19 +0100] "GET /postcard-with-envelope-happy-birthday-p-48869.html HTTP/1.0" 200 79834 "-" "thesis-research-bot"
44.230.252.91 - - [08/Nov/2023:04:27:21 +0100] "GET /postcard-with-envelope-p-48865.html HTTP/1.0" 200 79771 "-" "thesis-research-bot"
44.230.252.91 - - [08/Nov/2023:04:27:21 +0100] "GET /postcard-with-envelope-rhinoceros-p-48861.html HTTP/1.0" 200 79814 "-" "thesis-research-bot"
52.25.208.208 - - [08/Nov/2023:04:27:22 +0100] "GET /postcard-with-envelope-russian-doll-p-48859.html HTTP/1.0" 200 79824 "-" "thesis-research-bot"
