173.252.83.15 - - [08/Nov/2023:06:19:13 +0100] "GET /images/mini_prod/3457019600016.jpg HTTP/1.0" 200 269 "-" "facebookexternalhit/1.1 (+http://www.facebook.com/externalhit_uatext.php)"
100.21.24.205 - - [08/Nov/2023:06:19:11 +0100] "GET /kitchen-p-51895.html HTTP/1.0" 200 79686 "-" "thesis-research-bot"
44.230.252.91 - - [08/Nov/2023:06:19:12 +0100] "GET /kitchen-p-51896.html HTTP/1.0" 200 79686 "-" "thesis-research-bot"
100.21.24.205 - - [08/Nov/2023:06:19:14 +0100] "GET /kitchen-p-51897.html HTTP/1.0" 200 79686 "-" "thesis-research-bot"
100.21.24.205 - - [08/Nov/2023:06:19:15 +0100] "GET /school-trolley-c-31_169.html HTTP/1.0" 200 87892 "-" "thesis-research-bot"
100.21.24.205 - - [08/Nov/2023:06:19:15 +0100] "GET /rectangular-indoor-carpet-p-53796.html HTTP/1.0" 200 80679 "-" "thesis-research-bot"
100.21.24.205 - - [08/Nov/2023:06:19:16 +0100] "GET /rectangular-indoor-carpet-p-53797.html HTTP/1.0" 200 80901 "-" "thesis-research-bot"
173.252.83.15 - - [08/Nov/2023:06:19:18 +0100] "GET /images/big_prod_1/3453131155229B.jpg HTTP/1.0" 200 271 "-" "facebookexternalhit/1.1 (+http://www.facebook.com/externalhit_uatext.php)"
100.21.24.205 - - [08/Nov/2023:06:19:17 +0100] "GET /rectangular-indoor-carpet-p-53973.html HTTP/1.0" 200 80903 "-" "thesis-research-bot"
46.4.108.51 - - [08/Nov/2023:06:19:19 +0100] "GET /panda-ground-sheet-p-45411.html HTTP/1.0" 200 80781 "-" "Mozilla/5.0 (compatible; AwarioBot/1.0; +https://awario.com/bots.html)"
85.208.96.198 - - [08/Nov/2023:06:19:30 +0100] "GET /vent-bathrobe-size-p-45901.html HTTP/1.0" 200 79670 "-" "Mozilla/5.0 (compatible; SemrushBot/7~bl; +http://www.semrush.com/bot.html)"
52.70.240.171 - - [08/Nov/2023:06:19:37 +0100] "GET /coasters-p-45665.html HTTP/1.0" 200 79535 "-" "Mozilla/5.0 (Macintosh; Intel Mac OS X 10_10_1) AppleWebKit/600.2.5 (KHTML, like Gecko) Version/8.0.2 Safari/600.2.5 (Amazonbot/0.1; +https://developer.amazon.com/support/amazonbot)"
23.22.35.162 - - [08/Nov/2023:06:19:38 +0100] "GET /coasters-p-45662.html HTTP/1.0" 200 79535 "-" "Mozilla/5.0 (Macintosh; Intel Mac OS X 10_10_1) AppleWebKit/600.2.5 (KHTML, like Gecko) Version/8.0.2 Safari/600.2.5 (Amazonbot/0.1; +https://developer.amazon.com/support/amazonbot)"
52.70.240.171 - - [08/Nov/2023:06:19:39 +0100] "GET /klimt-coasters-p-51866.html HTTP/1.0" 200 79554 "-" "Mozilla/5.0 (Macintosh; Intel Mac OS X 10_10_1) AppleWebKit/600.2.5 (KHTML, like Gecko) Version/8.0.2 Safari/600.2.5 (Amazonbot/0.1; +https://developer.amazon.com/support/amazonbot)"
23.22.35.162 - - [08/Nov/2023:06:19:40 +0100] "GET /bires-coasters-p-50290.html HTTP/1.0" 200 79651 "-" "Mozilla/5.0 (Macintosh; Intel Mac OS X 10_10_1) AppleWebKit/600.2.5 (KHTML, like Gecko) Version/8.0.2 Safari/600.2.5 (Amazonbot/0.1; +https://developer.amazon.com/support/amazonbot)"
51.68.224.127 - - [08/Nov/2023:06:19:42 +0100] "GET /adminweb/export_orders_xml.php?token=256de2z6edz6ed2z6DFSFsed2zed6zeDSFDSGdzedezfzf&maxorders=10&orderstart=1&status=14&start_date=2018-10-01 HTTP/1.0" 200 285 "-" "GesCom CharlotteBoutik Serveur"
51.68.224.127 - - [08/Nov/2023:06:19:42 +0100] "GET /adminweb/export_orders_xml.php?token=256de2z6edz6ed2z6DFSFsed2zed6zeDSFDSGdzedezfzf&maxorders=10&orderstart=1&status=6&start_date=2018-10-01 HTTP/1.0" 200 33939 "-" "GesCom CharlotteBoutik Serveur"
46.4.108.51 - - [08/Nov/2023:06:19:43 +0100] "GET /panda-head-clock-p-49251.html HTTP/1.0" 200 79638 "-" "Mozilla/5.0 (compatible; AwarioBot/1.0; +https://awario.com/bots.html)"
52.25.208.208 - - [08/Nov/2023:06:19:46 +0100] "GET /bernard-figurine-p-58784.html HTTP/1.0" 200 80954 "-" "thesis-research-bot"
100.21.24.205 - - [08/Nov/2023:06:19:47 +0100] "GET /cinderella-kind-helper-suzy-figurine-p-58164.html HTTP/1.0" 200 81010 "-" "thesis-research-bot"
100.21.24.205 - - [08/Nov/2023:06:19:48 +0100] "GET /personality-pose-cinderella-figurine-p-52398.html HTTP/1.0" 200 81109 "-" "thesis-research-bot"
52.25.208.208 - - [08/Nov/2023:06:19:50 +0100] "GET /eeyore-with-butterfly-mini-figurine-p-47681.html HTTP/1.0" 200 81393 "-" "thesis-research-bot"
100.21.24.205 - - [08/Nov/2023:06:19:50 +0100] "GET /goofy-mini-figurine-p-55969.html HTTP/1.0" 200 80822 "-" "thesis-research-bot"
44.230.252.91 - - [08/Nov/2023:06:19:51 +0100] "GET /bambi-mini-figurine-disney-traditions-p-59420.html HTTP/1.0" 200 80804 "-" "thesis-research-bot"
3.224.220.101 - - [08/Nov/2023:06:19:52 +0100] "GET /decoration-protection-animal-iphone-cable-p-47277.html HTTP/1.0" 200 81336 "-" "Mozilla/5.0 (Macintosh; Intel Mac OS X 10_10_1) AppleWebKit/600.2.5 (KHTML, like Gecko) Version/8.0.2 Safari/600.2.5 (Amazonbot/0.1; +https://developer.amazon.com/support/amazonbot)"
52.25.208.208 - - [08/Nov/2023:06:19:52 +0100] "GET /mickey-figure-collection-romero-britto-p-51458.html HTTP/1.0" 200 81126 "-" "thesis-research-bot"
52.70.240.171 - - [08/Nov/2023:06:19:53 +0100] "GET /bracelet-bamboo-coral-p-48652.html HTTP/1.0" 200 80224 "-" "Mozilla/5.0 (Macintosh; Intel Mac OS X 10_10_1) AppleWebKit/600.2.5 (KHTML, like Gecko) Version/8.0.2 Safari/600.2.5 (Amazonbot/0.1; +https://developer.amazon.com/support/amazonbot)"
46.4.108.51 - - [08/Nov/2023:06:19:53 +0100] "GET /panda-picture-frame-p-58848.html HTTP/1.0" 200 80291 "-" "Mozilla/5.0 (compatible; AwarioBot/1.0; +https://awario.com/bots.html)"
44.230.252.91 - - [08/Nov/2023:06:19:53 +0100] "GET /simba-figure-collection-romero-britto-p-51462.html HTTP/1.0" 200 81342 "-" "thesis-research-bot"
52.70.240.171 - - [08/Nov/2023:06:19:54 +0100] "GET /decoration-protection-animal-iphone-cable-p-47284.html HTTP/1.0" 200 83788 "-" "Mozilla/5.0 (Macintosh; Intel Mac OS X 10_10_1) AppleWebKit/600.2.5 (KHTML, like Gecko) Version/8.0.2 Safari/600.2.5 (Amazonbot/0.1; +https://developer.amazon.com/support/amazonbot)"
100.21.24.205 - - [08/Nov/2023:06:19:54 +0100] "GET /tinker-bell-mini-figurine-romero-britto-p-32583.html HTTP/1.0" 200 81678 "-" "thesis-research-bot"
52.25.208.208 - - [08/Nov/2023:06:19:56 +0100] "GET /miss-bianca-figurine-p-58783.html HTTP/1.0" 200 81013 "-" "thesis-research-bot"
3.224.220.101 - - [08/Nov/2023:06:19:56 +0100] "GET /decoration-protection-animal-iphone-cable-p-47279.html HTTP/1.0" 200 83788 "-" "Mozilla/5.0 (Macintosh; Intel Mac OS X 10_10_1) AppleWebKit/600.2.5 (KHTML, like Gecko) Version/8.0.2 Safari/600.2.5 (Amazonbot/0.1; +https://developer.amazon.com/support/amazonbot)"
44.230.252.91 - - [08/Nov/2023:06:19:56 +0100] "GET /ariel-santuary-figure-collection-p-29065.html HTTP/1.0" 200 80084 "-" "thesis-research-bot"
173.252.83.7 - - [08/Nov/2023:06:19:58 +0100] "GET /images/big_prod_1/8718375752906A.jpg HTTP/1.0" 200 271 "-" "facebookexternalhit/1.1 (+http://www.facebook.com/externalhit_uatext.php)"
44.230.252.91 - - [08/Nov/2023:06:19:57 +0100] "GET /snow-chip-dale-sledding-figurine-p-56638.html HTTP/1.0" 200 81151 "-" "thesis-research-bot"
52.70.240.171 - - [08/Nov/2023:06:19:58 +0100] "GET /decoration-protection-animal-iphone-cable-p-47283.html HTTP/1.0" 200 81336 "-" "Mozilla/5.0 (Macintosh; Intel Mac OS X 10_10_1) AppleWebKit/600.2.5 (KHTML, like Gecko) Version/8.0.2 Safari/600.2.5 (Amazonbot/0.1; +https://developer.amazon.com/support/amazonbot)"
100.21.24.205 - - [08/Nov/2023:06:19:58 +0100] "GET /cheshire-tree-disney-traditions-p-58161.html HTTP/1.0" 200 80908 "-" "thesis-research-bot"
44.230.252.91 - - [08/Nov/2023:06:19:59 +0100] "GET /beloved-bear-winnie-pooh-personality-pose-figurine-p-54002.html HTTP/1.0" 200 81719 "-" "thesis-research-bot"
100.21.24.205 - - [08/Nov/2023:06:20:00 +0100] "GET /timothy-mouse-mini-figurine-disney-traditions-p-59419.html HTTP/1.0" 200 81323 "-" "thesis-research-bot"
23.22.35.162 - - [08/Nov/2023:06:20:01 +0100] "GET /bracelet-lava-rose-quartz-p-43807.html HTTP/1.0" 200 79981 "-" "Mozilla/5.0 (Macintosh; Intel Mac OS X 10_10_1) AppleWebKit/600.2.5 (KHTML, like Gecko) Version/8.0.2 Safari/600.2.5 (Amazonbot/0.1; +https://developer.amazon.com/support/amazonbot)"
52.25.208.208 - - [08/Nov/2023:06:20:01 +0100] "GET /candy-cane-cheer-cheshire-cane-tail-figurine-p-56810.html HTTP/1.0" 200 81221 "-" "thesis-research-bot"
100.21.24.205 - - [08/Nov/2023:06:20:03 +0100] "GET /minnie-mouse-figure-collection-romero-britto-p-51459.html HTTP/1.0" 200 81319 "-" "thesis-research-bot"
52.25.208.208 - - [08/Nov/2023:06:20:09 +0100] "GET /-c-95_296.html HTTP/1.0" 200 76139 "-" "thesis-research-bot"
44.230.252.91 - - [08/Nov/2023:06:20:10 +0100] "GET /coat-hook-c-13_198.html HTTP/1.0" 200 96852 "-" "thesis-research-bot"
52.25.208.208 - - [08/Nov/2023:06:20:11 +0100] "GET /pillowcases-c-11_166.html HTTP/1.0" 200 96693 "-" "thesis-research-bot"
185.191.171.9 - - [08/Nov/2023:06:20:13 +0100] "GET /little-hearts-p-52286.html HTTP/1.0" 200 77341 "-" "Mozilla/5.0 (compatible; SemrushBot/7~bl; +http://www.semrush.com/bot.html)"
52.25.208.208 - - [08/Nov/2023:06:20:12 +0100] "GET /fragrance-case-cabinet-diffuser-c-231_228.html HTTP/1.0" 200 91516 "-" "thesis-research-bot"
46.4.108.51 - - [08/Nov/2023:06:20:13 +0100] "GET /papers-holder-indian-spirit-light-brown-p-42942.html HTTP/1.0" 200 79895 "-" "Mozilla/5.0 (compatible; AwarioBot/1.0; +https://awario.com/bots.html)"
100.21.24.205 - - [08/Nov/2023:06:20:13 +0100] "GET /perfumes-interior-c-231_234.html HTTP/1.0" 200 98878 "-" "thesis-research-bot"
100.21.24.205 - - [08/Nov/2023:06:20:14 +0100] "GET /poncho-towels-bathrobes-c-11_72.html HTTP/1.0" 200 86698 "-" "thesis-research-bot"
128.42.29.48 - - [08/Nov/2023:06:20:20 +0100] "GET /images/mini_prod/1399984241882.jpg HTTP/1.0" 200 269 "-" "Mozilla/5.0 (X11; Ubuntu; Linux x86_64; rv:72.0) Gecko/20100101 Firefox/72.0"
85.208.96.200 - - [08/Nov/2023:06:20:26 +0100] "GET /incense-satya-champa-grams-about-sticks-p-56479.html HTTP/1.0" 200 80197 "-" "Mozilla/5.0 (compatible; SemrushBot/7~bl; +http://www.semrush.com/bot.html)"
85.208.96.206 - - [08/Nov/2023:06:20:29 +0100] "GET /bell-golden-brass-wood-table-p-41448.html HTTP/1.0" 200 77407 "-" "Mozilla/5.0 (compatible; SemrushBot/7~bl; +http://www.semrush.com/bot.html)"
3.224.220.101 - - [08/Nov/2023:06:20:32 +0100] "GET /glass-coasters-p-45183.html HTTP/1.0" 200 79552 "-" "Mozilla/5.0 (Macintosh; Intel Mac OS X 10_10_1) AppleWebKit/600.2.5 (KHTML, like Gecko) Version/8.0.2 Safari/600.2.5 (Amazonbot/0.1; +https://developer.amazon.com/support/amazonbot)"
23.22.35.162 - - [08/Nov/2023:06:20:35 +0100] "GET /tetsubin-bleu-teapot-japanese-liter-p-56040.html HTTP/1.0" 200 79970 "-" "Mozilla/5.0 (Macintosh; Intel Mac OS X 10_10_1) AppleWebKit/600.2.5 (KHTML, like Gecko) Version/8.0.2 Safari/600.2.5 (Amazonbot/0.1; +https://developer.amazon.com/support/amazonbot)"
46.4.108.51 - - [08/Nov/2023:06:20:38 +0100] "GET /paperweight-awakening-kitten-ronner-knip-p-53519.html HTTP/1.0" 200 80697 "-" "Mozilla/5.0 (compatible; AwarioBot/1.0; +https://awario.com/bots.html)"
3.224.220.101 - - [08/Nov/2023:06:20:39 +0100] "GET /skating-bear-teapot-p-45615.html HTTP/1.0" 200 79562 "-" "Mozilla/5.0 (Macintosh; Intel Mac OS X 10_10_1) AppleWebKit/600.2.5 (KHTML, like Gecko) Version/8.0.2 Safari/600.2.5 (Amazonbot/0.1; +https://developer.amazon.com/support/amazonbot)"
23.22.35.162 - - [08/Nov/2023:06:20:40 +0100] "GET /long-sleeves-shirts-c-1_21.html HTTP/1.0" 200 84718 "-" "Mozilla/5.0 (Macintosh; Intel Mac OS X 10_10_1) AppleWebKit/600.2.5 (KHTML, like Gecko) Version/8.0.2 Safari/600.2.5 (Amazonbot/0.1; +https://developer.amazon.com/support/amazonbot)"
173.252.83.12 - - [08/Nov/2023:06:20:41 +0100] "GET /girls/images/mini_prod/DSCN2444.gif HTTP/1.0" 404 1308 "-" "facebookexternalhit/1.1 (+http://www.facebook.com/externalhit_uatext.php)"
85.208.96.206 - - [08/Nov/2023:06:20:46 +0100] "GET /potholder-lemons-p-59801.html HTTP/1.0" 200 79678 "-" "Mozilla/5.0 (compatible; SemrushBot/7~bl; +http://www.semrush.com/bot.html)"
46.4.108.51 - - [08/Nov/2023:06:20:48 +0100] "GET /robots.txt HTTP/1.0" 200 245 "-" "Mozilla/5.0 (compatible; AwarioBot/1.0; +https://awario.com/bots.html)"
46.4.108.51 - - [08/Nov/2023:06:20:48 +0100] "GET /paperweight-bike-kiub-collection-jewels-p-55893.html HTTP/1.0" 200 80516 "-" "Mozilla/5.0 (compatible; AwarioBot/1.0; +https://awario.com/bots.html)"
17.241.75.35 - - [08/Nov/2023:06:20:50 +0100] "GET /images/big_prod/a045544924801.jpg HTTP/1.0" 200 268 "-" "Mozilla/5.0 (Macintosh; Intel Mac OS X 10_15_5) AppleWebKit/605.1.15 (KHTML, like Gecko) Version/13.1.1 Safari/605.1.15 (Applebot/0.1; +http://www.apple.com/go/applebot)"
100.21.24.205 - - [08/Nov/2023:06:20:48 +0100] "GET /-c-95_306.html HTTP/1.0" 200 76139 "-" "thesis-research-bot"
52.25.208.208 - - [08/Nov/2023:06:20:49 +0100] "GET /-c-95_321.html HTTP/1.0" 200 76139 "-" "thesis-research-bot"
100.21.24.205 - - [08/Nov/2023:06:20:50 +0100] "GET /-c-95_359.html HTTP/1.0" 200 76139 "-" "thesis-research-bot"
23.22.35.162 - - [08/Nov/2023:06:20:55 +0100] "GET /flamingo-teapot-p-42251.html HTTP/1.0" 200 79530 "-" "Mozilla/5.0 (Macintosh; Intel Mac OS X 10_10_1) AppleWebKit/600.2.5 (KHTML, like Gecko) Version/8.0.2 Safari/600.2.5 (Amazonbot/0.1; +https://developer.amazon.com/support/amazonbot)"
23.22.35.162 - - [08/Nov/2023:06:20:57 +0100] "GET /japanese-style-cast-iron-teapot-liter-p-59973.html HTTP/1.0" 200 80200 "-" "Mozilla/5.0 (Macintosh; Intel Mac OS X 10_10_1) AppleWebKit/600.2.5 (KHTML, like Gecko) Version/8.0.2 Safari/600.2.5 (Amazonbot/0.1; +https://developer.amazon.com/support/amazonbot)"
52.70.240.171 - - [08/Nov/2023:06:20:58 +0100] "GET /japanese-enameled-cast-iron-teapot-liter-p-57688.html HTTP/1.0" 200 80948 "-" "Mozilla/5.0 (Macintosh; Intel Mac OS X 10_10_1) AppleWebKit/600.2.5 (KHTML, like Gecko) Version/8.0.2 Safari/600.2.5 (Amazonbot/0.1; +https://developer.amazon.com/support/amazonbot)"
23.22.35.162 - - [08/Nov/2023:06:21:00 +0100] "GET /japanese-style-cast-iron-teapot-liter-p-59967.html HTTP/1.0" 200 80849 "-" "Mozilla/5.0 (Macintosh; Intel Mac OS X 10_10_1) AppleWebKit/600.2.5 (KHTML, like Gecko) Version/8.0.2 Safari/600.2.5 (Amazonbot/0.1; +https://developer.amazon.com/support/amazonbot)"
23.22.35.162 - - [08/Nov/2023:06:21:02 +0100] "GET /japanese-style-cast-iron-teapot-liter-p-59203.html HTTP/1.0" 200 80746 "-" "Mozilla/5.0 (Macintosh; Intel Mac OS X 10_10_1) AppleWebKit/600.2.5 (KHTML, like Gecko) Version/8.0.2 Safari/600.2.5 (Amazonbot/0.1; +https://developer.amazon.com/support/amazonbot)"
44.230.252.91 - - [08/Nov/2023:06:21:03 +0100] "GET /-c-95_299.html HTTP/1.0" 200 76139 "-" "thesis-research-bot"
52.25.208.208 - - [08/Nov/2023:06:21:04 +0100] "GET /-c-95_314.html HTTP/1.0" 200 76139 "-" "thesis-research-bot"
100.21.24.205 - - [08/Nov/2023:06:21:05 +0100] "GET /tables-c-13_206.html HTTP/1.0" 200 94399 "-" "thesis-research-bot"
52.25.208.208 - - [08/Nov/2023:06:21:07 +0100] "GET /baskets-c-13_289.html HTTP/1.0" 200 96835 "-" "thesis-research-bot"
52.25.208.208 - - [08/Nov/2023:06:21:08 +0100] "GET /mattress-cover-c-11_197.html HTTP/1.0" 200 83581 "-" "thesis-research-bot"
100.21.24.205 - - [08/Nov/2023:06:21:09 +0100] "GET /potholder-glove-p-54133.html HTTP/1.0" 200 79643 "-" "thesis-research-bot"
52.25.208.208 - - [08/Nov/2023:06:21:09 +0100] "GET /potholder-glove-p-51737.html HTTP/1.0" 200 79644 "-" "thesis-research-bot"
44.230.252.91 - - [08/Nov/2023:06:21:11 +0100] "GET /potholder-glove-p-54134.html HTTP/1.0" 200 79643 "-" "thesis-research-bot"
100.21.24.205 - - [08/Nov/2023:06:21:12 +0100] "GET /potholder-glove-p-54135.html HTTP/1.0" 200 79643 "-" "thesis-research-bot"
52.25.208.208 - - [08/Nov/2023:06:21:13 +0100] "GET /potholder-glove-p-54137.html HTTP/1.0" 200 79643 "-" "thesis-research-bot"
44.230.252.91 - - [08/Nov/2023:06:21:13 +0100] "GET /camargue-oven-mitt-p-43815.html HTTP/1.0" 200 79628 "-" "thesis-research-bot"
216.244.66.242 - - [08/Nov/2023:06:21:15 +0100] "GET /images/big_prod/8422048800909.jpg HTTP/1.0" 200 268 "-" "Mozilla/5.0 (compatible; DotBot/1.2; +https://opensiteexplorer.org/dotbot; help@moz.com)"
100.21.24.205 - - [08/Nov/2023:06:21:14 +0100] "GET /chactus-oven-glove-p-54727.html HTTP/1.0" 200 79641 "-" "thesis-research-bot"
52.25.208.208 - - [08/Nov/2023:06:21:16 +0100] "GET /provence-oven-mitt-p-44526.html HTTP/1.0" 200 79621 "-" "thesis-research-bot"
44.230.252.91 - - [08/Nov/2023:06:21:17 +0100] "GET /door-p-50102.html HTTP/1.0" 200 79828 "-" "thesis-research-bot"
52.25.208.208 - - [08/Nov/2023:06:21:17 +0100] "GET /doormat-p-53934.html HTTP/1.0" 200 80368 "-" "thesis-research-bot"
100.21.24.205 - - [08/Nov/2023:06:21:18 +0100] "GET /chalut-door-p-37211.html HTTP/1.0" 200 79881 "-" "thesis-research-bot"
85.208.96.203 - - [08/Nov/2023:06:21:19 +0100] "GET /yellow-peace-love-paper-towel-dispenser-p-17438.html HTTP/1.0" 200 77425 "-" "Mozilla/5.0 (compatible; SemrushBot/7~bl; +http://www.semrush.com/bot.html)"
44.230.252.91 - - [08/Nov/2023:06:21:19 +0100] "GET /welcome-doormat-p-58306.html HTTP/1.0" 200 80333 "-" "thesis-research-bot"
100.21.24.205 - - [08/Nov/2023:06:21:20 +0100] "GET /provence-oven-mitt-p-51442.html HTTP/1.0" 200 79621 "-" "thesis-research-bot"
100.21.24.205 - - [08/Nov/2023:06:21:21 +0100] "GET /provence-potholder-p-51448.html HTTP/1.0" 200 79657 "-" "thesis-research-bot"
52.25.208.208 - - [08/Nov/2023:06:21:23 +0100] "GET /springy-oven-glove-p-54605.html HTTP/1.0" 200 79642 "-" "thesis-research-bot"
44.230.252.91 - - [08/Nov/2023:06:21:24 +0100] "GET /round-doormat-flower-life-diameter-p-52118.html HTTP/1.0" 200 80656 "-" "thesis-research-bot"
44.230.252.91 - - [08/Nov/2023:06:21:24 +0100] "GET /doormat-love-cats-p-52765.html HTTP/1.0" 200 80702 "-" "thesis-research-bot"
52.25.208.208 - - [08/Nov/2023:06:21:26 +0100] "GET /assorted-potholders-p-57964.html HTTP/1.0" 200 80932 "-" "thesis-research-bot"
44.230.252.91 - - [08/Nov/2023:06:21:26 +0100] "GET /assorted-potholders-p-57965.html HTTP/1.0" 200 80932 "-" "thesis-research-bot"
46.4.108.51 - - [08/Nov/2023:06:21:27 +0100] "GET /paperweight-birds-kiub-collection-jewels-p-55894.html HTTP/1.0" 200 80494 "-" "Mozilla/5.0 (compatible; AwarioBot/1.0; +https://awario.com/bots.html)"
100.21.24.205 - - [08/Nov/2023:06:21:27 +0100] "GET /assorted-potholders-p-57966.html HTTP/1.0" 200 80932 "-" "thesis-research-bot"
85.208.96.207 - - [08/Nov/2023:06:21:27 +0100] "GET /decorative-statuette-p-54215.html HTTP/1.0" 200 79747 "-" "Mozilla/5.0 (compatible; SemrushBot/7~bl; +http://www.semrush.com/bot.html)"
100.21.24.205 - - [08/Nov/2023:06:21:28 +0100] "GET /assorted-potholders-p-57967.html HTTP/1.0" 200 80932 "-" "thesis-research-bot"
52.25.208.208 - - [08/Nov/2023:06:21:30 +0100] "GET /camargue-oven-glove-p-54607.html HTTP/1.0" 200 79649 "-" "thesis-research-bot"
173.252.83.14 - - [08/Nov/2023:06:21:31 +0100] "GET /images/mini_prod/1399984228029.jpg HTTP/1.0" 200 269 "-" "facebookexternalhit/1.1 (+http://www.facebook.com/externalhit_uatext.php)"
100.21.24.205 - - [08/Nov/2023:06:21:30 +0100] "GET /cats-love-oven-mitt-p-43813.html HTTP/1.0" 200 79632 "-" "thesis-research-bot"
100.21.24.205 - - [08/Nov/2023:06:21:31 +0100] "GET /chouchou-oven-glove-p-54606.html HTTP/1.0" 200 79650 "-" "thesis-research-bot"
23.22.35.162 - - [08/Nov/2023:06:21:33 +0100] "GET /japanese-black-gold-enameled-cast-iron-teapot-p-57703.html HTTP/1.0" 200 80716 "-" "Mozilla/5.0 (Macintosh; Intel Mac OS X 10_10_1) AppleWebKit/600.2.5 (KHTML, like Gecko) Version/8.0.2 Safari/600.2.5 (Amazonbot/0.1; +https://developer.amazon.com/support/amazonbot)"
44.230.252.91 - - [08/Nov/2023:06:21:33 +0100] "GET /jackets-coats-parkas-c-2_41.html HTTP/1.0" 200 84898 "-" "thesis-research-bot"
100.21.24.205 - - [08/Nov/2023:06:21:33 +0100] "GET /stranger-things-door-p-59439.html HTTP/1.0" 200 80981 "-" "thesis-research-bot"
52.25.208.208 - - [08/Nov/2023:06:21:34 +0100] "GET /potholder-glove-ivory-p-54136.html HTTP/1.0" 200 79695 "-" "thesis-research-bot"
52.25.208.208 - - [08/Nov/2023:06:21:36 +0100] "GET /small-fish-oven-glove-p-54502.html HTTP/1.0" 200 79667 "-" "thesis-research-bot"
44.230.252.91 - - [08/Nov/2023:06:21:36 +0100] "GET /bienvenue-coconut-fibers-doormat-p-58058.html HTTP/1.0" 200 80629 "-" "thesis-research-bot"
52.25.208.208 - - [08/Nov/2023:06:21:37 +0100] "GET /round-doormat-diameter-p-53933.html HTTP/1.0" 200 80496 "-" "thesis-research-bot"
44.230.252.91 - - [08/Nov/2023:06:21:38 +0100] "GET /round-doormat-diameter-p-59924.html HTTP/1.0" 200 80496 "-" "thesis-research-bot"
52.25.208.208 - - [08/Nov/2023:06:21:40 +0100] "GET /beatles-back-ussr-coin-purse-p-8087.html HTTP/1.0" 200 79865 "-" "thesis-research-bot"
46.4.108.51 - - [08/Nov/2023:06:21:40 +0100] "GET /paperweight-c-129_188.html?page=2 HTTP/1.0" 200 98578 "-" "Mozilla/5.0 (compatible; AwarioBot/1.0; +https://awario.com/bots.html)"
85.208.96.210 - - [08/Nov/2023:06:21:43 +0100] "GET /-c-95_347.html HTTP/1.0" 200 76139 "-" "Mozilla/5.0 (compatible; SemrushBot/7~bl; +http://www.semrush.com/bot.html)"
100.21.24.205 - - [08/Nov/2023:06:21:44 +0100] "GET /valdrome-kalian-napkin-made-france-p-43970.html HTTP/1.0" 200 80436 "-" "thesis-research-bot"
100.21.24.205 - - [08/Nov/2023:06:21:46 +0100] "GET /cotton-napkin-sold-individually-p-51264.html HTTP/1.0" 200 79796 "-" "thesis-research-bot"
52.25.208.208 - - [08/Nov/2023:06:21:46 +0100] "GET /cotton-napkin-sold-individually-p-51265.html HTTP/1.0" 200 80437 "-" "thesis-research-bot"
44.230.252.91 - - [08/Nov/2023:06:21:47 +0100] "GET /cotton-napkin-sold-individually-p-51266.html HTTP/1.0" 200 80437 "-" "thesis-research-bot"
100.21.24.205 - - [08/Nov/2023:06:21:48 +0100] "GET /cotton-napkin-sold-individually-p-52106.html HTTP/1.0" 200 79797 "-" "thesis-research-bot"
185.191.171.16 - - [08/Nov/2023:06:21:50 +0100] "GET /robots.txt HTTP/1.0" 200 245 "-" "Mozilla/5.0 (compatible; SemrushBot/7~bl; +http://www.semrush.com/bot.html)"
52.25.208.208 - - [08/Nov/2023:06:21:49 +0100] "GET /cotton-napkin-sold-individually-p-52107.html HTTP/1.0" 200 79797 "-" "thesis-research-bot"
52.70.240.171 - - [08/Nov/2023:06:21:50 +0100] "GET /oriental-teapot-liter-p-60776.html HTTP/1.0" 200 80938 "-" "Mozilla/5.0 (Macintosh; Intel Mac OS X 10_10_1) AppleWebKit/600.2.5 (KHTML, like Gecko) Version/8.0.2 Safari/600.2.5 (Amazonbot/0.1; +https://developer.amazon.com/support/amazonbot)"
44.230.252.91 - - [08/Nov/2023:06:21:51 +0100] "GET /cotton-napkin-sold-individually-p-52108.html HTTP/1.0" 200 79796 "-" "thesis-research-bot"
185.191.171.15 - - [08/Nov/2023:06:21:50 +0100] "GET /pression-depression-metal-plate-deco-p-57073.html HTTP/1.0" 200 80297 "-" "Mozilla/5.0 (compatible; SemrushBot/7~bl; +http://www.semrush.com/bot.html)"
23.22.35.162 - - [08/Nov/2023:06:21:52 +0100] "GET /small-green-japanese-cast-iron-teapot-liter-p-56737.html HTTP/1.0" 200 80626 "-" "Mozilla/5.0 (Macintosh; Intel Mac OS X 10_10_1) AppleWebKit/600.2.5 (KHTML, like Gecko) Version/8.0.2 Safari/600.2.5 (Amazonbot/0.1; +https://developer.amazon.com/support/amazonbot)"
128.42.28.84 - - [08/Nov/2023:06:21:56 +0100] "GET /images/mini_prod/8717318129119.jpg HTTP/1.0" 200 269 "-" "Mozilla/5.0 (X11; Ubuntu; Linux x86_64; rv:72.0) Gecko/20100101 Firefox/72.0"
185.191.171.13 - - [08/Nov/2023:06:21:57 +0100] "GET /sacha-ceramic-ball-cover-grey-p-55335.html HTTP/1.0" 200 77375 "-" "Mozilla/5.0 (compatible; SemrushBot/7~bl; +http://www.semrush.com/bot.html)"
46.4.108.51 - - [08/Nov/2023:06:21:59 +0100] "GET /paperweight-c-129_188.html?page=3 HTTP/1.0" 200 98954 "-" "Mozilla/5.0 (compatible; AwarioBot/1.0; +https://awario.com/bots.html)"
54.36.148.238 - - [08/Nov/2023:06:22:04 +0100] "GET /ceramic-with-pattern-p-61267.html HTTP/1.0" 200 78877 "-" "Mozilla/5.0 (compatible; AhrefsBot/7.0; +http://ahrefs.com/robot/)"
185.191.171.7 - - [08/Nov/2023:06:22:09 +0100] "GET /pencil-cbkreation-p-50325.html HTTP/1.0" 200 79661 "-" "Mozilla/5.0 (compatible; SemrushBot/7~bl; +http://www.semrush.com/bot.html)"
17.241.75.85 - - [08/Nov/2023:06:22:11 +0100] "GET /images/big_prod/3560600303118.jpg HTTP/1.0" 200 268 "-" "Mozilla/5.0 (Macintosh; Intel Mac OS X 10_15_5) AppleWebKit/605.1.15 (KHTML, like Gecko) Version/13.1.1 Safari/605.1.15 (Applebot/0.1; +http://www.apple.com/go/applebot)"
3.224.220.101 - - [08/Nov/2023:06:22:10 +0100] "GET /japanese-style-cast-iron-teapot-liter-p-59976.html HTTP/1.0" 200 80849 "-" "Mozilla/5.0 (Macintosh; Intel Mac OS X 10_10_1) AppleWebKit/600.2.5 (KHTML, like Gecko) Version/8.0.2 Safari/600.2.5 (Amazonbot/0.1; +https://developer.amazon.com/support/amazonbot)"
3.224.220.101 - - [08/Nov/2023:06:22:11 +0100] "GET /tetsubin-teapots-japanese-p-54074.html HTTP/1.0" 200 80561 "-" "Mozilla/5.0 (Macintosh; Intel Mac OS X 10_10_1) AppleWebKit/600.2.5 (KHTML, like Gecko) Version/8.0.2 Safari/600.2.5 (Amazonbot/0.1; +https://developer.amazon.com/support/amazonbot)"
46.4.108.51 - - [08/Nov/2023:06:22:10 +0100] "GET /paperweight-c-129_188.html?page=4 HTTP/1.0" 200 98055 "-" "Mozilla/5.0 (compatible; AwarioBot/1.0; +https://awario.com/bots.html)"
185.191.171.7 - - [08/Nov/2023:06:22:12 +0100] "GET /espresso-humor-p-46259.html HTTP/1.0" 200 79605 "-" "Mozilla/5.0 (compatible; SemrushBot/7~bl; +http://www.semrush.com/bot.html)"
17.241.219.184 - - [08/Nov/2023:06:22:15 +0100] "GET /images/1399984236291.jpg HTTP/1.0" 200 259 "-" "Mozilla/5.0 (Macintosh; Intel Mac OS X 10_15_5) AppleWebKit/605.1.15 (KHTML, like Gecko) Version/13.1.1 Safari/605.1.15 (Applebot/0.1; +http://www.apple.com/go/applebot)"
3.224.220.101 - - [08/Nov/2023:06:22:16 +0100] "GET /small-japanese-blue-cast-iron-teapot-liter-p-54897.html HTTP/1.0" 200 79973 "-" "Mozilla/5.0 (Macintosh; Intel Mac OS X 10_10_1) AppleWebKit/600.2.5 (KHTML, like Gecko) Version/8.0.2 Safari/600.2.5 (Amazonbot/0.1; +https://developer.amazon.com/support/amazonbot)"
46.4.108.51 - - [08/Nov/2023:06:22:16 +0100] "GET /paperweight-c-129_188.html?page=5 HTTP/1.0" 200 86329 "-" "Mozilla/5.0 (compatible; AwarioBot/1.0; +https://awario.com/bots.html)"
85.208.96.198 - - [08/Nov/2023:06:22:16 +0100] "GET /incense-c-231_226.html?page=6 HTTP/1.0" 200 99278 "-" "Mozilla/5.0 (compatible; SemrushBot/7~bl; +http://www.semrush.com/bot.html)"
23.22.35.162 - - [08/Nov/2023:06:22:18 +0100] "GET /japanese-style-cast-iron-teapot-liter-p-59975.html HTTP/1.0" 200 80214 "-" "Mozilla/5.0 (Macintosh; Intel Mac OS X 10_10_1) AppleWebKit/600.2.5 (KHTML, like Gecko) Version/8.0.2 Safari/600.2.5 (Amazonbot/0.1; +https://developer.amazon.com/support/amazonbot)"
23.22.35.162 - - [08/Nov/2023:06:22:19 +0100] "GET /japanese-white-gold-enameled-cast-iron-teapot-p-57704.html HTTP/1.0" 200 80716 "-" "Mozilla/5.0 (Macintosh; Intel Mac OS X 10_10_1) AppleWebKit/600.2.5 (KHTML, like Gecko) Version/8.0.2 Safari/600.2.5 (Amazonbot/0.1; +https://developer.amazon.com/support/amazonbot)"
185.191.171.6 - - [08/Nov/2023:06:22:19 +0100] "GET /zippo-lighter-sparkling-dragon-p-61047.html HTTP/1.0" 200 80629 "-" "Mozilla/5.0 (compatible; SemrushBot/7~bl; +http://www.semrush.com/bot.html)"
52.70.240.171 - - [08/Nov/2023:06:22:21 +0100] "GET /school-trolley-c-31_169.html HTTP/1.0" 200 87892 "-" "Mozilla/5.0 (Macintosh; Intel Mac OS X 10_10_1) AppleWebKit/600.2.5 (KHTML, like Gecko) Version/8.0.2 Safari/600.2.5 (Amazonbot/0.1; +https://developer.amazon.com/support/amazonbot)"
101.198.192.15 - - [08/Nov/2023:06:22:24 +0100] "GET /images/mini_prod/8422028078571.jpg HTTP/1.0" 200 269 "-" "Mozilla/5.0 (X11; Ubuntu; Linux x86_64; rv:72.0) Gecko/20100101 Firefox/72.0"
85.208.96.211 - - [08/Nov/2023:06:22:22 +0100] "GET /clocks-c-13_67.html?page=13 HTTP/1.0" 200 94677 "-" "Mozilla/5.0 (compatible; SemrushBot/7~bl; +http://www.semrush.com/bot.html)"
85.208.96.212 - - [08/Nov/2023:06:22:25 +0100] "GET /stainless-steel-mustache-flask-p-59103.html HTTP/1.0" 200 80271 "-" "Mozilla/5.0 (compatible; SemrushBot/7~bl; +http://www.semrush.com/bot.html)"
46.4.108.51 - - [08/Nov/2023:06:22:36 +0100] "GET /paperweight-composition-mondrian-p-55068.html HTTP/1.0" 200 81404 "-" "Mozilla/5.0 (compatible; AwarioBot/1.0; +https://awario.com/bots.html)"
185.191.171.7 - - [08/Nov/2023:06:22:38 +0100] "GET /home-decoration-c-13.html?page=185 HTTP/1.0" 200 91192 "-" "Mozilla/5.0 (compatible; SemrushBot/7~bl; +http://www.semrush.com/bot.html)"
185.191.171.17 - - [08/Nov/2023:06:22:42 +0100] "GET /retro-coffee-placemat-p-41931.html HTTP/1.0" 200 77367 "-" "Mozilla/5.0 (compatible; SemrushBot/7~bl; +http://www.semrush.com/bot.html)"
185.191.171.10 - - [08/Nov/2023:06:22:45 +0100] "GET /-p-51785.html HTTP/1.0" 200 77271 "-" "Mozilla/5.0 (compatible; SemrushBot/7~bl; +http://www.semrush.com/bot.html)"
3.224.220.101 - - [08/Nov/2023:06:22:49 +0100] "GET /retro-coasters-p-40044.html HTTP/1.0" 200 79592 "-" "Mozilla/5.0 (Macintosh; Intel Mac OS X 10_10_1) AppleWebKit/600.2.5 (KHTML, like Gecko) Version/8.0.2 Safari/600.2.5 (Amazonbot/0.1; +https://developer.amazon.com/support/amazonbot)"
46.4.108.51 - - [08/Nov/2023:06:22:52 +0100] "GET /robots.txt HTTP/1.0" 200 245 "-" "Mozilla/5.0 (compatible; AwarioBot/1.0; +https://awario.com/bots.html)"
46.4.108.51 - - [08/Nov/2023:06:22:52 +0100] "GET /paperweight-kiub-collection-amys-p-55890.html HTTP/1.0" 200 80475 "-" "Mozilla/5.0 (compatible; AwarioBot/1.0; +https://awario.com/bots.html)"
23.22.35.162 - - [08/Nov/2023:06:22:58 +0100] "GET /retro-coasters-p-40073.html HTTP/1.0" 200 79592 "-" "Mozilla/5.0 (Macintosh; Intel Mac OS X 10_10_1) AppleWebKit/600.2.5 (KHTML, like Gecko) Version/8.0.2 Safari/600.2.5 (Amazonbot/0.1; +https://developer.amazon.com/support/amazonbot)"
52.70.240.171 - - [08/Nov/2023:06:22:59 +0100] "GET /indian-fancy-bracelet-finish-golden-color-p-43744.html HTTP/1.0" 200 79731 "-" "Mozilla/5.0 (Macintosh; Intel Mac OS X 10_10_1) AppleWebKit/600.2.5 (KHTML, like Gecko) Version/8.0.2 Safari/600.2.5 (Amazonbot/0.1; +https://developer.amazon.com/support/amazonbot)"
23.22.35.162 - - [08/Nov/2023:06:23:01 +0100] "GET /indian-fancy-bracelet-finish-golden-color-p-43743.html HTTP/1.0" 200 79731 "-" "Mozilla/5.0 (Macintosh; Intel Mac OS X 10_10_1) AppleWebKit/600.2.5 (KHTML, like Gecko) Version/8.0.2 Safari/600.2.5 (Amazonbot/0.1; +https://developer.amazon.com/support/amazonbot)"
52.70.240.171 - - [08/Nov/2023:06:23:04 +0100] "GET /indian-fancy-bracelet-finish-golden-color-p-43741.html HTTP/1.0" 200 79731 "-" "Mozilla/5.0 (Macintosh; Intel Mac OS X 10_10_1) AppleWebKit/600.2.5 (KHTML, like Gecko) Version/8.0.2 Safari/600.2.5 (Amazonbot/0.1; +https://developer.amazon.com/support/amazonbot)"
46.4.108.51 - - [08/Nov/2023:06:23:05 +0100] "GET /paperweight-mona-lisa-leonardo-vinci-p-46904.html HTTP/1.0" 200 80252 "-" "Mozilla/5.0 (compatible; AwarioBot/1.0; +https://awario.com/bots.html)"
52.70.240.171 - - [08/Nov/2023:06:23:07 +0100] "GET /elastic-bracelet-hematite-rose-quartz-p-48646.html HTTP/1.0" 200 80102 "-" "Mozilla/5.0 (Macintosh; Intel Mac OS X 10_10_1) AppleWebKit/600.2.5 (KHTML, like Gecko) Version/8.0.2 Safari/600.2.5 (Amazonbot/0.1; +https://developer.amazon.com/support/amazonbot)"
100.21.24.205 - - [08/Nov/2023:06:23:09 +0100] "GET /large-candle-hours-fresh-linen-p-53887.html HTTP/1.0" 200 81040 "-" "thesis-research-bot"
3.224.220.101 - - [08/Nov/2023:06:23:09 +0100] "GET /indian-fancy-bracelet-finish-golden-color-p-43746.html HTTP/1.0" 200 79731 "-" "Mozilla/5.0 (Macintosh; Intel Mac OS X 10_10_1) AppleWebKit/600.2.5 (KHTML, like Gecko) Version/8.0.2 Safari/600.2.5 (Amazonbot/0.1; +https://developer.amazon.com/support/amazonbot)"
52.25.208.208 - - [08/Nov/2023:06:23:09 +0100] "GET /large-candle-guardian-angel-p-57839.html HTTP/1.0" 200 80970 "-" "thesis-research-bot"
23.22.35.162 - - [08/Nov/2023:06:23:10 +0100] "GET /indian-fancy-bracelet-finish-golden-color-p-43740.html HTTP/1.0" 200 79731 "-" "Mozilla/5.0 (Macintosh; Intel Mac OS X 10_10_1) AppleWebKit/600.2.5 (KHTML, like Gecko) Version/8.0.2 Safari/600.2.5 (Amazonbot/0.1; +https://developer.amazon.com/support/amazonbot)"
100.21.24.205 - - [08/Nov/2023:06:23:17 +0100] "GET /kitchen-gloves-potholders-c-11_178.html HTTP/1.0" 200 97581 "-" "thesis-research-bot"
52.25.208.208 - - [08/Nov/2023:06:23:18 +0100] "GET /decorative-binocular-brass-p-51517.html HTTP/1.0" 200 79685 "-" "thesis-research-bot"
46.4.108.51 - - [08/Nov/2023:06:23:18 +0100] "GET /paperweight-nautical-p-52928.html HTTP/1.0" 200 79628 "-" "Mozilla/5.0 (compatible; AwarioBot/1.0; +https://awario.com/bots.html)"
52.25.208.208 - - [08/Nov/2023:06:23:19 +0100] "GET /cats-dubout-figurine-third-p-32699.html HTTP/1.0" 200 80776 "-" "thesis-research-bot"
54.36.149.40 - - [08/Nov/2023:06:23:19 +0100] "GET /stationery-school-supplies-c-129_30.html?page=26 HTTP/1.0" 301 91930 "-" "Mozilla/5.0 (compatible; AhrefsBot/7.0; +http://ahrefs.com/robot/)"
44.230.252.91 - - [08/Nov/2023:06:23:19 +0100] "GET /decorative-brass-telescope-p-51516.html HTTP/1.0" 200 80289 "-" "thesis-research-bot"
100.21.24.205 - - [08/Nov/2023:06:23:20 +0100] "GET /statuette-resin-lutin-moto-p-40382.html HTTP/1.0" 200 79879 "-" "thesis-research-bot"
52.25.208.208 - - [08/Nov/2023:06:23:21 +0100] "GET /buddha-fiberglass-gray-statue-p-37580.html HTTP/1.0" 200 79844 "-" "thesis-research-bot"
100.21.24.205 - - [08/Nov/2023:06:23:22 +0100] "GET /calendar-workbook-organizer-c-129_189.html HTTP/1.0" 200 95457 "-" "thesis-research-bot"
52.25.208.208 - - [08/Nov/2023:06:23:23 +0100] "GET /decorations-c-13_89.html?page=1 HTTP/1.0" 200 97714 "-" "thesis-research-bot"
52.25.208.208 - - [08/Nov/2023:06:23:24 +0100] "GET /figurines-statuettes-statues-decoration-collection-c-292.html?page=21 HTTP/1.0" 200 101445 "-" "thesis-research-bot"
46.4.108.51 - - [08/Nov/2023:06:23:29 +0100] "GET /paperweight-terrasse-soir-p-54229.html HTTP/1.0" 200 80601 "-" "Mozilla/5.0 (compatible; AwarioBot/1.0; +https://awario.com/bots.html)"
46.4.108.51 - - [08/Nov/2023:06:23:36 +0100] "GET /paradise-bedclothes-p-52089.html HTTP/1.0" 200 79683 "-" "Mozilla/5.0 (compatible; AwarioBot/1.0; +https://awario.com/bots.html)"
46.4.108.51 - - [08/Nov/2023:06:23:48 +0100] "GET /parfum-provence-soap-dish-p-47698.html HTTP/1.0" 200 79649 "-" "Mozilla/5.0 (compatible; AwarioBot/1.0; +https://awario.com/bots.html)"
44.230.252.91 - - [08/Nov/2023:06:23:54 +0100] "GET /card-holders-passport-cases-c-31_236.html HTTP/1.0" 200 97884 "-" "thesis-research-bot"
3.224.220.101 - - [08/Nov/2023:06:23:59 +0100] "GET /indian-fancy-bracelet-finish-golden-color-p-43745.html HTTP/1.0" 200 79731 "-" "Mozilla/5.0 (Macintosh; Intel Mac OS X 10_10_1) AppleWebKit/600.2.5 (KHTML, like Gecko) Version/8.0.2 Safari/600.2.5 (Amazonbot/0.1; +https://developer.amazon.com/support/amazonbot)"
46.4.108.51 - - [08/Nov/2023:06:24:00 +0100] "GET /paris-beauty-nail-p-34520.html HTTP/1.0" 200 79814 "-" "Mozilla/5.0 (compatible; AwarioBot/1.0; +https://awario.com/bots.html)"
23.22.35.162 - - [08/Nov/2023:06:24:01 +0100] "GET /bracelet-lapis-lazuli-p-53456.html HTTP/1.0" 200 80155 "-" "Mozilla/5.0 (Macintosh; Intel Mac OS X 10_10_1) AppleWebKit/600.2.5 (KHTML, like Gecko) Version/8.0.2 Safari/600.2.5 (Amazonbot/0.1; +https://developer.amazon.com/support/amazonbot)"
52.70.240.171 - - [08/Nov/2023:06:24:02 +0100] "GET /bracelet-carnelian-p-48657.html HTTP/1.0" 200 80167 "-" "Mozilla/5.0 (Macintosh; Intel Mac OS X 10_10_1) AppleWebKit/600.2.5 (KHTML, like Gecko) Version/8.0.2 Safari/600.2.5 (Amazonbot/0.1; +https://developer.amazon.com/support/amazonbot)"
52.70.240.171 - - [08/Nov/2023:06:24:03 +0100] "GET /indian-fancy-bracelet-finish-silvered-color-p-43752.html HTTP/1.0" 200 79747 "-" "Mozilla/5.0 (Macintosh; Intel Mac OS X 10_10_1) AppleWebKit/600.2.5 (KHTML, like Gecko) Version/8.0.2 Safari/600.2.5 (Amazonbot/0.1; +https://developer.amazon.com/support/amazonbot)"
52.25.208.208 - - [08/Nov/2023:06:24:03 +0100] "GET /cushions-draft-excluders-c-11_71_316.html HTTP/1.0" 200 97620 "-" "thesis-research-bot"
44.230.252.91 - - [08/Nov/2023:06:24:17 +0100] "GET /clear-cheshire-figurine-p-54994.html HTTP/1.0" 200 80824 "-" "thesis-research-bot"
44.230.252.91 - - [08/Nov/2023:06:24:18 +0100] "GET /mister-beauty-p-3321.html HTTP/1.0" 200 80437 "-" "thesis-research-bot"
52.25.208.208 - - [08/Nov/2023:06:24:20 +0100] "GET /barbapapa-beauty-p-3318.html HTTP/1.0" 200 80435 "-" "thesis-research-bot"
46.4.108.51 - - [08/Nov/2023:06:24:20 +0100] "GET /paris-black-cotton-pouch-p-47655.html HTTP/1.0" 200 80292 "-" "Mozilla/5.0 (compatible; AwarioBot/1.0; +https://awario.com/bots.html)"
52.25.208.208 - - [08/Nov/2023:06:24:20 +0100] "GET /happy-hair-tidy-p-19449.html HTTP/1.0" 200 79883 "-" "thesis-research-bot"
52.25.208.208 - - [08/Nov/2023:06:24:21 +0100] "GET /quibe-make-pencil-case-made-france-p-52749.html HTTP/1.0" 200 80633 "-" "thesis-research-bot"
52.25.208.208 - - [08/Nov/2023:06:24:22 +0100] "GET /makeup-mani-lucky-p-44101.html HTTP/1.0" 200 79770 "-" "thesis-research-bot"
100.21.24.205 - - [08/Nov/2023:06:24:23 +0100] "GET /makeup-mani-lucky-p-44102.html HTTP/1.0" 200 79770 "-" "thesis-research-bot"
44.230.252.91 - - [08/Nov/2023:06:24:24 +0100] "GET /little-prince-flat-pouch-made-france-p-52345.html HTTP/1.0" 200 81102 "-" "thesis-research-bot"
216.244.66.242 - - [08/Nov/2023:06:24:26 +0100] "GET /images/327276036583612072012.jpg HTTP/1.0" 200 267 "-" "Mozilla/5.0 (compatible; DotBot/1.2; +https://opensiteexplorer.org/dotbot; help@moz.com)"
46.4.108.51 - - [08/Nov/2023:06:24:25 +0100] "GET /paris-bottle-p-30714.html HTTP/1.0" 200 79675 "-" "Mozilla/5.0 (compatible; AwarioBot/1.0; +https://awario.com/bots.html)"
44.230.252.91 - - [08/Nov/2023:06:24:26 +0100] "GET /marilyn-monroe-airlines-blue-cosmetic-p-7116.html HTTP/1.0" 200 79959 "-" "thesis-research-bot"
44.230.252.91 - - [08/Nov/2023:06:24:26 +0100] "GET /jasmin-make-morioka-p-46995.html HTTP/1.0" 200 79807 "-" "thesis-research-bot"
52.25.208.208 - - [08/Nov/2023:06:24:27 +0100] "GET /merci-gustave-paris-chic-cosmetic-make-p-38462.html HTTP/1.0" 200 79866 "-" "thesis-research-bot"
52.25.208.208 - - [08/Nov/2023:06:24:29 +0100] "GET /alice-wonderland-faux-leather-flat-pouch-p-56299.html HTTP/1.0" 200 80490 "-" "thesis-research-bot"
100.21.24.205 - - [08/Nov/2023:06:24:30 +0100] "GET /little-prince-make-pencil-case-made-france-p-52344.html HTTP/1.0" 200 80969 "-" "thesis-research-bot"
52.70.240.171 - - [08/Nov/2023:06:24:30 +0100] "GET /-c-95_304.html HTTP/1.0" 200 76139 "-" "Mozilla/5.0 (Macintosh; Intel Mac OS X 10_10_1) AppleWebKit/600.2.5 (KHTML, like Gecko) Version/8.0.2 Safari/600.2.5 (Amazonbot/0.1; +https://developer.amazon.com/support/amazonbot)"
52.25.208.208 - - [08/Nov/2023:06:24:30 +0100] "GET /vinci-joconde-make-pencil-case-made-france-p-47449.html HTTP/1.0" 200 80053 "-" "thesis-research-bot"
44.230.252.91 - - [08/Nov/2023:06:24:31 +0100] "GET /kori-kumi-flat-pocket-p-30502.html HTTP/1.0" 200 80321 "-" "thesis-research-bot"
52.25.208.208 - - [08/Nov/2023:06:24:32 +0100] "GET /makeup-mani-lucky-pink-p-37355.html HTTP/1.0" 200 79824 "-" "thesis-research-bot"
85.208.96.203 - - [08/Nov/2023:06:24:32 +0100] "GET /towel-bath-towels-c-11_70.html HTTP/1.0" 200 94431 "-" "Mozilla/5.0 (compatible; SemrushBot/7~bl; +http://www.semrush.com/bot.html)"
100.21.24.205 - - [08/Nov/2023:06:24:33 +0100] "GET /hello-kitty-camomilla-cosmetic-white-glitters-p-18441.html HTTP/1.0" 200 81053 "-" "thesis-research-bot"
52.25.208.208 - - [08/Nov/2023:06:24:35 +0100] "GET /waltz-statue-camille-claudel-p-55510.html HTTP/1.0" 200 80769 "-" "thesis-research-bot"
3.224.220.101 - - [08/Nov/2023:06:24:35 +0100] "GET /bracelet-rock-crystal-p-48659.html HTTP/1.0" 200 80701 "-" "Mozilla/5.0 (Macintosh; Intel Mac OS X 10_10_1) AppleWebKit/600.2.5 (KHTML, like Gecko) Version/8.0.2 Safari/600.2.5 (Amazonbot/0.1; +https://developer.amazon.com/support/amazonbot)"
100.21.24.205 - - [08/Nov/2023:06:24:36 +0100] "GET /golden-bear-statue-p-59172.html HTTP/1.0" 200 80401 "-" "thesis-research-bot"
100.21.24.205 - - [08/Nov/2023:06:24:36 +0100] "GET /bathing-figurines-p-60106.html HTTP/1.0" 200 80375 "-" "thesis-research-bot"
3.224.220.101 - - [08/Nov/2023:06:24:37 +0100] "GET /indian-fancy-bracelet-finish-silvered-color-p-43748.html HTTP/1.0" 200 79747 "-" "Mozilla/5.0 (Macintosh; Intel Mac OS X 10_10_1) AppleWebKit/600.2.5 (KHTML, like Gecko) Version/8.0.2 Safari/600.2.5 (Amazonbot/0.1; +https://developer.amazon.com/support/amazonbot)"
44.230.252.91 - - [08/Nov/2023:06:24:37 +0100] "GET /kiss-statue-rodin-p-46887.html HTTP/1.0" 200 80636 "-" "thesis-research-bot"
44.230.252.91 - - [08/Nov/2023:06:24:38 +0100] "GET /collectible-dragon-ball-statue-trunks-p-33466.html HTTP/1.0" 200 80028 "-" "thesis-research-bot"
44.230.252.91 - - [08/Nov/2023:06:24:39 +0100] "GET /collectible-dragon-ball-statue-vegeta-p-33464.html HTTP/1.0" 200 80022 "-" "thesis-research-bot"
44.230.252.91 - - [08/Nov/2023:06:24:41 +0100] "GET /ceramic-statues-trio-small-buddhist-monks-p-60356.html HTTP/1.0" 200 81217 "-" "thesis-research-bot"
52.25.208.208 - - [08/Nov/2023:06:24:42 +0100] "GET /ceramic-statues-trio-small-buddhist-monks-p-60357.html HTTP/1.0" 200 81217 "-" "thesis-research-bot"
100.21.24.205 - - [08/Nov/2023:06:24:42 +0100] "GET /emotion-bronze-statuette-p-35308.html HTTP/1.0" 200 80403 "-" "thesis-research-bot"
100.21.24.205 - - [08/Nov/2023:06:24:43 +0100] "GET /figurine-rodin-cathedral-p-51169.html HTTP/1.0" 200 80648 "-" "thesis-research-bot"
100.21.24.205 - - [08/Nov/2023:06:24:44 +0100] "GET /soldier-statuette-emperor-p-56031.html HTTP/1.0" 200 80773 "-" "thesis-research-bot"
46.4.108.51 - - [08/Nov/2023:06:24:45 +0100] "GET /paris-ceramic-teapot-p-59930.html HTTP/1.0" 200 80454 "-" "Mozilla/5.0 (compatible; AwarioBot/1.0; +https://awario.com/bots.html)"
52.25.208.208 - - [08/Nov/2023:06:24:45 +0100] "GET /ceramic-statues-trio-white-owls-with-silver-patina-p-60349.html HTTP/1.0" 200 81333 "-" "thesis-research-bot"
52.70.240.171 - - [08/Nov/2023:06:24:46 +0100] "GET /indian-fancy-bracelet-finish-silvered-color-p-43753.html HTTP/1.0" 200 79747 "-" "Mozilla/5.0 (Macintosh; Intel Mac OS X 10_10_1) AppleWebKit/600.2.5 (KHTML, like Gecko) Version/8.0.2 Safari/600.2.5 (Amazonbot/0.1; +https://developer.amazon.com/support/amazonbot)"
52.25.208.208 - - [08/Nov/2023:06:24:46 +0100] "GET /angel-figurine-infinite-p-58780.html HTTP/1.0" 200 81445 "-" "thesis-research-bot"
100.21.24.205 - - [08/Nov/2023:06:24:47 +0100] "GET /paris-shopping-p-46248.html HTTP/1.0" 200 79701 "-" "thesis-research-bot"
3.224.220.101 - - [08/Nov/2023:06:24:48 +0100] "GET /indian-fancy-bracelet-finish-silvered-color-p-43747.html HTTP/1.0" 200 79747 "-" "Mozilla/5.0 (Macintosh; Intel Mac OS X 10_10_1) AppleWebKit/600.2.5 (KHTML, like Gecko) Version/8.0.2 Safari/600.2.5 (Amazonbot/0.1; +https://developer.amazon.com/support/amazonbot)"
44.230.252.91 - - [08/Nov/2023:06:24:48 +0100] "GET /america-handbag-p-14170.html HTTP/1.0" 200 79815 "-" "thesis-research-bot"
100.21.24.205 - - [08/Nov/2023:06:24:49 +0100] "GET /wendy-lucie-make-p-49020.html HTTP/1.0" 200 80680 "-" "thesis-research-bot"
85.208.96.210 - - [08/Nov/2023:06:24:50 +0100] "GET /metal-coffee-capacity-poppy-p-58335.html HTTP/1.0" 200 80692 "-" "Mozilla/5.0 (compatible; SemrushBot/7~bl; +http://www.semrush.com/bot.html)"
44.230.252.91 - - [08/Nov/2023:06:24:50 +0100] "GET /shopping-cats-p-45438.html HTTP/1.0" 200 79691 "-" "thesis-research-bot"
52.70.240.171 - - [08/Nov/2023:06:24:51 +0100] "GET /mala-bracelet-xinyi-jade-elastic-p-57281.html HTTP/1.0" 200 81408 "-" "Mozilla/5.0 (Macintosh; Intel Mac OS X 10_10_1) AppleWebKit/600.2.5 (KHTML, like Gecko) Version/8.0.2 Safari/600.2.5 (Amazonbot/0.1; +https://developer.amazon.com/support/amazonbot)"
44.230.252.91 - - [08/Nov/2023:06:24:51 +0100] "GET /shopping-cats-p-45439.html HTTP/1.0" 200 79693 "-" "thesis-research-bot"
100.21.24.205 - - [08/Nov/2023:06:24:52 +0100] "GET /retro-shoulder-grey-p-49819.html HTTP/1.0" 200 79854 "-" "thesis-research-bot"
52.25.208.208 - - [08/Nov/2023:06:24:55 +0100] "GET /retro-shoulder-brown-p-49820.html HTTP/1.0" 200 79859 "-" "thesis-research-bot"
3.224.220.101 - - [08/Nov/2023:06:24:55 +0100] "GET /indian-fancy-bracelet-finish-silvered-color-p-43749.html HTTP/1.0" 200 79747 "-" "Mozilla/5.0 (Macintosh; Intel Mac OS X 10_10_1) AppleWebKit/600.2.5 (KHTML, like Gecko) Version/8.0.2 Safari/600.2.5 (Amazonbot/0.1; +https://developer.amazon.com/support/amazonbot)"
100.21.24.205 - - [08/Nov/2023:06:24:56 +0100] "GET /dubout-cats-large-white-shopping-p-43033.html HTTP/1.0" 200 80505 "-" "thesis-research-bot"
52.70.240.171 - - [08/Nov/2023:06:24:56 +0100] "GET /indian-fancy-bracelet-finish-silvered-color-p-43750.html HTTP/1.0" 200 79747 "-" "Mozilla/5.0 (Macintosh; Intel Mac OS X 10_10_1) AppleWebKit/600.2.5 (KHTML, like Gecko) Version/8.0.2 Safari/600.2.5 (Amazonbot/0.1; +https://developer.amazon.com/support/amazonbot)"
52.25.208.208 - - [08/Nov/2023:06:24:56 +0100] "GET /pepe-jeans-gray-shoulder-p-35985.html HTTP/1.0" 200 80010 "-" "thesis-research-bot"
44.230.252.91 - - [08/Nov/2023:06:24:56 +0100] "GET /retro-shoulder-beige-p-49821.html HTTP/1.0" 200 79859 "-" "thesis-research-bot"
23.22.35.162 - - [08/Nov/2023:06:24:58 +0100] "GET /bracelet-rose-quartz-palo-santo-elastic-p-54228.html HTTP/1.0" 200 80953 "-" "Mozilla/5.0 (Macintosh; Intel Mac OS X 10_10_1) AppleWebKit/600.2.5 (KHTML, like Gecko) Version/8.0.2 Safari/600.2.5 (Amazonbot/0.1; +https://developer.amazon.com/support/amazonbot)"
100.21.24.205 - - [08/Nov/2023:06:24:58 +0100] "GET /carlin-union-jack-white-sports-printed-france-p-33648.html HTTP/1.0" 200 80047 "-" "thesis-research-bot"
52.25.208.208 - - [08/Nov/2023:06:24:58 +0100] "GET /littlest-petshop-travel-p-6374.html HTTP/1.0" 200 79935 "-" "thesis-research-bot"
52.25.208.208 - - [08/Nov/2023:06:25:00 +0100] "GET /hello-kitty-camomilla-purple-sequins-shopping-p-8396.html HTTP/1.0" 200 80123 "-" "thesis-research-bot"
52.25.208.208 - - [08/Nov/2023:06:25:00 +0100] "GET /buddha-statue-polyresin-p-40353.html HTTP/1.0" 200 79791 "-" "thesis-research-bot"
100.21.24.205 - - [08/Nov/2023:06:25:02 +0100] "GET /pepe-jeans-dales-laptop-p-41325.html HTTP/1.0" 200 79968 "-" "thesis-research-bot"
3.224.220.101 - - [08/Nov/2023:06:25:04 +0100] "GET /bracelet-lapis-lazuli-p-57280.html HTTP/1.0" 200 80681 "-" "Mozilla/5.0 (Macintosh; Intel Mac OS X 10_10_1) AppleWebKit/600.2.5 (KHTML, like Gecko) Version/8.0.2 Safari/600.2.5 (Amazonbot/0.1; +https://developer.amazon.com/support/amazonbot)"
52.25.208.208 - - [08/Nov/2023:06:25:03 +0100] "GET /vase-soliflore-c-13_232.html HTTP/1.0" 200 96848 "-" "thesis-research-bot"
100.21.24.205 - - [08/Nov/2023:06:25:04 +0100] "GET /table-setting-c-97_99.html HTTP/1.0" 200 87512 "-" "thesis-research-bot"
46.4.108.51 - - [08/Nov/2023:06:25:06 +0100] "GET /robots.txt HTTP/1.0" 200 245 "-" "Mozilla/5.0 (compatible; AwarioBot/1.0; +https://awario.com/bots.html)"
23.22.35.162 - - [08/Nov/2023:06:25:06 +0100] "GET /iphone-case-bump-silicone-p-49441.html HTTP/1.0" 200 82211 "-" "Mozilla/5.0 (Macintosh; Intel Mac OS X 10_10_1) AppleWebKit/600.2.5 (KHTML, like Gecko) Version/8.0.2 Safari/600.2.5 (Amazonbot/0.1; +https://developer.amazon.com/support/amazonbot)"
100.21.24.205 - - [08/Nov/2023:06:25:06 +0100] "GET /vanity-beauty-bags-c-31_78.html HTTP/1.0" 200 87299 "-" "thesis-research-bot"
46.4.108.51 - - [08/Nov/2023:06:25:06 +0100] "GET /paris-corkscrew-notre-dame-paris-grey-metal-p-38608.html HTTP/1.0" 200 79820 "-" "Mozilla/5.0 (compatible; AwarioBot/1.0; +https://awario.com/bots.html)"
44.230.252.91 - - [08/Nov/2023:06:25:05 +0100] "GET /tea-pot-c-12_175.html HTTP/1.0" 200 98275 "-" "thesis-research-bot"
44.230.252.91 - - [08/Nov/2023:06:25:06 +0100] "GET /animated-figurines-solar-flowers-c-292_273.html HTTP/1.0" 200 88098 "-" "thesis-research-bot"
100.21.24.205 - - [08/Nov/2023:06:25:07 +0100] "GET /-c-95.html HTTP/1.0" 200 85336 "-" "thesis-research-bot"
52.25.208.208 - - [08/Nov/2023:06:25:09 +0100] "GET /-c-95_347.html HTTP/1.0" 200 76139 "-" "thesis-research-bot"
100.21.24.205 - - [08/Nov/2023:06:25:09 +0100] "GET /watches-c-3_66.html HTTP/1.0" 200 92972 "-" "thesis-research-bot"
100.21.24.205 - - [08/Nov/2023:06:25:10 +0100] "GET /decorations-c-13_89.html HTTP/1.0" 200 97703 "-" "thesis-research-bot"
100.21.24.205 - - [08/Nov/2023:06:25:11 +0100] "GET /pencil-case-c-31_75.html HTTP/1.0" 200 100902 "-" "thesis-research-bot"
173.252.83.15 - - [08/Nov/2023:06:25:14 +0100] "GET /images/mini_prod/8720088290934.jpg HTTP/1.0" 200 269 "-" "facebookexternalhit/1.1 (+http://www.facebook.com/externalhit_uatext.php)"
100.21.24.205 - - [08/Nov/2023:06:25:13 +0100] "GET /fiers-etre-marseillais-baby-sweatsuit-p-29987.html HTTP/1.0" 200 81478 "-" "thesis-research-bot"
44.230.252.91 - - [08/Nov/2023:06:25:13 +0100] "GET /fiers-etre-marseillais-sweatsuit-p-29990.html HTTP/1.0" 200 81063 "-" "thesis-research-bot"
44.230.252.91 - - [08/Nov/2023:06:25:14 +0100] "GET /decorative-carpets-c-11_269_167.html HTTP/1.0" 200 96867 "-" "thesis-research-bot"
44.230.252.91 - - [08/Nov/2023:06:25:15 +0100] "GET /tinkerbell-round-pencil-case-p-19637.html HTTP/1.0" 200 79868 "-" "thesis-research-bot"
100.21.24.205 - - [08/Nov/2023:06:25:16 +0100] "GET /handy-manny-round-pencil-case-p-13347.html HTTP/1.0" 200 80590 "-" "thesis-research-bot"
100.21.24.205 - - [08/Nov/2023:06:25:18 +0100] "GET /hello-ketty-round-pencil-case-p-19910.html HTTP/1.0" 200 80471 "-" "thesis-research-bot"
44.230.252.91 - - [08/Nov/2023:06:25:18 +0100] "GET /luggages-schoolbags-leather-shop-c-31.html?page=17 HTTP/1.0" 200 99950 "-" "thesis-research-bot"
46.4.108.51 - - [08/Nov/2023:06:25:19 +0100] "GET /paris-corkscrew-notre-dame-paris-metal-copper-color-p-38611.html HTTP/1.0" 200 79856 "-" "Mozilla/5.0 (compatible; AwarioBot/1.0; +https://awario.com/bots.html)"
52.70.240.171 - - [08/Nov/2023:06:25:20 +0100] "GET /universal-phone-case-olivia-paris-p-16887.html HTTP/1.0" 200 79900 "-" "Mozilla/5.0 (Macintosh; Intel Mac OS X 10_10_1) AppleWebKit/600.2.5 (KHTML, like Gecko) Version/8.0.2 Safari/600.2.5 (Amazonbot/0.1; +https://developer.amazon.com/support/amazonbot)"
100.21.24.205 - - [08/Nov/2023:06:25:19 +0100] "GET /figurines-statuettes-statues-decoration-collection-c-292.html?page=22 HTTP/1.0" 200 101110 "-" "thesis-research-bot"
