23.22.35.162 - - [08/Nov/2023:08:19:19 +0100] "GET /flasks-c-12_245.html HTTP/1.0" 200 90801 "-" "Mozilla/5.0 (Macintosh; Intel Mac OS X 10_10_1) AppleWebKit/600.2.5 (KHTML, like Gecko) Version/8.0.2 Safari/600.2.5 (Amazonbot/0.1; +https://developer.amazon.com/support/amazonbot)"
3.224.220.101 - - [08/Nov/2023:08:19:29 +0100] "GET /-c-95_336.html HTTP/1.0" 200 76139 "-" "Mozilla/5.0 (Macintosh; Intel Mac OS X 10_10_1) AppleWebKit/600.2.5 (KHTML, like Gecko) Version/8.0.2 Safari/600.2.5 (Amazonbot/0.1; +https://developer.amazon.com/support/amazonbot)"
185.191.171.6 - - [08/Nov/2023:08:19:34 +0100] "GET /gormiti-backpack-p-13942.html HTTP/1.0" 200 77335 "-" "Mozilla/5.0 (compatible; SemrushBot/7~bl; +http://www.semrush.com/bot.html)"
46.4.108.51 - - [08/Nov/2023:08:19:41 +0100] "GET /shower-curtain-grey-p-59789.html HTTP/1.0" 200 80429 "-" "Mozilla/5.0 (compatible; AwarioBot/1.0; +https://awario.com/bots.html)"
54.36.148.14 - - [08/Nov/2023:08:19:47 +0100] "GET /london-mirror-p-29319.html HTTP/1.0" 200 79638 "-" "Mozilla/5.0 (compatible; AhrefsBot/7.0; +http://ahrefs.com/robot/)"
46.4.108.51 - - [08/Nov/2023:08:19:53 +0100] "GET /shower-curtain-p-50727.html HTTP/1.0" 200 80520 "-" "Mozilla/5.0 (compatible; AwarioBot/1.0; +https://awario.com/bots.html)"
85.208.96.202 - - [08/Nov/2023:08:19:58 +0100] "GET /pounds-money-cbkreation-p-24140.html HTTP/1.0" 200 79714 "-" "Mozilla/5.0 (compatible; SemrushBot/7~bl; +http://www.semrush.com/bot.html)"
85.208.96.198 - - [08/Nov/2023:08:20:01 +0100] "GET /coconut-fibers-doormat-love-cats-p-53696.html HTTP/1.0" 200 80598 "-" "Mozilla/5.0 (compatible; SemrushBot/7~bl; +http://www.semrush.com/bot.html)"
40.77.167.16 - - [08/Nov/2023:08:20:08 +0100] "GET /little-prince-cups-p-60836.html HTTP/1.0" 200 80846 "-" "Mozilla/5.0 AppleWebKit/537.36 (KHTML, like Gecko; compatible; bingbot/2.0; +http://www.bing.com/bingbot.htm) Chrome/103.0.5060.134 Safari/537.36"
173.252.83.14 - - [08/Nov/2023:08:20:10 +0100] "GET /images/big_prod/4260082936468.jpg HTTP/1.0" 200 268 "-" "facebookexternalhit/1.1 (+http://www.facebook.com/externalhit_uatext.php)"
46.4.108.51 - - [08/Nov/2023:08:20:16 +0100] "GET /shower-curtain-p-57890.html HTTP/1.0" 200 80308 "-" "Mozilla/5.0 (compatible; AwarioBot/1.0; +https://awario.com/bots.html)"
46.4.108.51 - - [08/Nov/2023:08:20:31 +0100] "GET /shower-curtain-p-58602.html HTTP/1.0" 200 80308 "-" "Mozilla/5.0 (compatible; AwarioBot/1.0; +https://awario.com/bots.html)"
23.22.35.162 - - [08/Nov/2023:08:20:41 +0100] "GET /-c-95_329.html HTTP/1.0" 200 76139 "-" "Mozilla/5.0 (Macintosh; Intel Mac OS X 10_10_1) AppleWebKit/600.2.5 (KHTML, like Gecko) Version/8.0.2 Safari/600.2.5 (Amazonbot/0.1; +https://developer.amazon.com/support/amazonbot)"
185.191.171.12 - - [08/Nov/2023:08:20:43 +0100] "GET /chair-cushion-scratchs-rose-linen-p-60641.html?action=add_product HTTP/1.0" 302 476 "-" "Mozilla/5.0 (compatible; SemrushBot/7~bl; +http://www.semrush.com/bot.html)"
85.208.96.196 - - [08/Nov/2023:08:20:45 +0100] "GET /small-barbapapa-money-p-28447.html HTTP/1.0" 200 77353 "-" "Mozilla/5.0 (compatible; SemrushBot/7~bl; +http://www.semrush.com/bot.html)"
23.22.35.162 - - [08/Nov/2023:08:20:46 +0100] "GET /plates-cups-c-12_58.html HTTP/1.0" 200 85219 "-" "Mozilla/5.0 (Macintosh; Intel Mac OS X 10_10_1) AppleWebKit/600.2.5 (KHTML, like Gecko) Version/8.0.2 Safari/600.2.5 (Amazonbot/0.1; +https://developer.amazon.com/support/amazonbot)"
46.4.108.51 - - [08/Nov/2023:08:20:48 +0100] "GET /shower-curtain-p-58603.html HTTP/1.0" 200 80519 "-" "Mozilla/5.0 (compatible; AwarioBot/1.0; +https://awario.com/bots.html)"
101.198.192.15 - - [08/Nov/2023:08:20:49 +0100] "GET /images/mini_prod/8001011164707.jpg HTTP/1.0" 200 269 "-" "Mozilla/5.0 (X11; Ubuntu; Linux x86_64; rv:72.0) Gecko/20100101 Firefox/72.0"
47.76.57.30 - - [08/Nov/2023:08:20:49 +0100] "GET /images/big_prod_2/028399270163b.jpg HTTP/1.0" 200 270 "-" "Mozilla/5.0 (X11; Ubuntu; Linux x86_64; rv:72.0) Gecko/20100101 Firefox/72.0"
185.191.171.5 - - [08/Nov/2023:08:20:51 +0100] "GET /harley-davidson-zippo-lighter-laser-p-53265.html HTTP/1.0" 200 82894 "-" "Mozilla/5.0 (compatible; SemrushBot/7~bl; +http://www.semrush.com/bot.html)"
23.22.35.162 - - [08/Nov/2023:08:20:56 +0100] "GET /musical-c-13_150_149.html HTTP/1.0" 200 98216 "-" "Mozilla/5.0 (Macintosh; Intel Mac OS X 10_10_1) AppleWebKit/600.2.5 (KHTML, like Gecko) Version/8.0.2 Safari/600.2.5 (Amazonbot/0.1; +https://developer.amazon.com/support/amazonbot)"
40.77.167.16 - - [08/Nov/2023:08:21:01 +0100] "GET /-p-49683.html HTTP/1.0" 200 77271 "-" "Mozilla/5.0 AppleWebKit/537.36 (KHTML, like Gecko; compatible; bingbot/2.0; +http://www.bing.com/bingbot.htm) Chrome/103.0.5060.134 Safari/537.36"
85.208.96.208 - - [08/Nov/2023:08:21:05 +0100] "GET /pencil-case-c-31_75.html?page=9 HTTP/1.0" 200 87627 "-" "Mozilla/5.0 (compatible; SemrushBot/7~bl; +http://www.semrush.com/bot.html)"
128.42.28.84 - - [08/Nov/2023:08:21:07 +0100] "GET /images/mini_prod/3760054863347.jpg HTTP/1.0" 200 269 "-" "Mozilla/5.0 (X11; Ubuntu; Linux x86_64; rv:72.0) Gecko/20100101 Firefox/72.0"
185.191.171.19 - - [08/Nov/2023:08:21:09 +0100] "GET /small-baby-teeth-p-60198.html HTTP/1.0" 200 79734 "-" "Mozilla/5.0 (compatible; SemrushBot/7~bl; +http://www.semrush.com/bot.html)"
46.4.108.51 - - [08/Nov/2023:08:21:13 +0100] "GET /silver-amethyst-brass-earrings-p-44818.html HTTP/1.0" 200 79722 "-" "Mozilla/5.0 (compatible; AwarioBot/1.0; +https://awario.com/bots.html)"
185.191.171.6 - - [08/Nov/2023:08:21:14 +0100] "GET /cotton-floor-cushion-anthracite-p-60766.html HTTP/1.0" 200 79871 "-" "Mozilla/5.0 (compatible; SemrushBot/7~bl; +http://www.semrush.com/bot.html)"
185.191.171.2 - - [08/Nov/2023:08:21:25 +0100] "GET /double-round-mirror-copper-aspect-free-standing-p-52464.html HTTP/1.0" 200 77457 "-" "Mozilla/5.0 (compatible; SemrushBot/7~bl; +http://www.semrush.com/bot.html)"
101.198.192.15 - - [08/Nov/2023:08:21:29 +0100] "GET /images/8435333807729.jpg HTTP/1.0" 200 259 "-" "Mozilla/5.0 (X11; Ubuntu; Linux x86_64; rv:72.0) Gecko/20100101 Firefox/72.0"
85.208.96.203 - - [08/Nov/2023:08:21:29 +0100] "GET /pride-door-p-59446.html HTTP/1.0" 200 79840 "-" "Mozilla/5.0 (compatible; SemrushBot/7~bl; +http://www.semrush.com/bot.html)"
46.4.108.51 - - [08/Nov/2023:08:21:35 +0100] "GET /robots.txt HTTP/1.0" 200 245 "-" "Mozilla/5.0 (compatible; AwarioBot/1.0; +https://awario.com/bots.html)"
46.4.108.51 - - [08/Nov/2023:08:21:35 +0100] "GET /silver-amethyst-brass-earrings-p-44961.html HTTP/1.0" 200 79757 "-" "Mozilla/5.0 (compatible; AwarioBot/1.0; +https://awario.com/bots.html)"
66.249.66.205 - - [08/Nov/2023:08:21:39 +0100] "GET /american-cream-clock-p-26642.html HTTP/1.0" 200 79615 "-" "Mozilla/5.0 (Linux; Android 6.0.1; Nexus 5X Build/MMB29P) AppleWebKit/537.36 (KHTML, like Gecko) Chrome/119.0.6045.105 Mobile Safari/537.36 (compatible; Googlebot/2.1; +http://www.google.com/bot.html)"
23.22.35.162 - - [08/Nov/2023:08:21:39 +0100] "GET /lampshades-c-86_277.html HTTP/1.0" 200 95003 "-" "Mozilla/5.0 (Macintosh; Intel Mac OS X 10_10_1) AppleWebKit/600.2.5 (KHTML, like Gecko) Version/8.0.2 Safari/600.2.5 (Amazonbot/0.1; +https://developer.amazon.com/support/amazonbot)"
46.4.108.51 - - [08/Nov/2023:08:21:42 +0100] "GET /silver-face-jewelry-holder-p-60299.html HTTP/1.0" 200 80818 "-" "Mozilla/5.0 (compatible; AwarioBot/1.0; +https://awario.com/bots.html)"
52.70.240.171 - - [08/Nov/2023:08:21:42 +0100] "GET /pencil-case-c-31_75.html HTTP/1.0" 200 100902 "-" "Mozilla/5.0 (Macintosh; Intel Mac OS X 10_10_1) AppleWebKit/600.2.5 (KHTML, like Gecko) Version/8.0.2 Safari/600.2.5 (Amazonbot/0.1; +https://developer.amazon.com/support/amazonbot)"
23.22.35.162 - - [08/Nov/2023:08:21:43 +0100] "GET /africa-savannah-p-45714.html HTTP/1.0" 200 80378 "-" "Mozilla/5.0 (Macintosh; Intel Mac OS X 10_10_1) AppleWebKit/600.2.5 (KHTML, like Gecko) Version/8.0.2 Safari/600.2.5 (Amazonbot/0.1; +https://developer.amazon.com/support/amazonbot)"
3.224.220.101 - - [08/Nov/2023:08:21:44 +0100] "GET /little-geisha-p-50776.html HTTP/1.0" 200 80631 "-" "Mozilla/5.0 (Macintosh; Intel Mac OS X 10_10_1) AppleWebKit/600.2.5 (KHTML, like Gecko) Version/8.0.2 Safari/600.2.5 (Amazonbot/0.1; +https://developer.amazon.com/support/amazonbot)"
52.70.240.171 - - [08/Nov/2023:08:21:47 +0100] "GET /fireflower-metal-capacity-p-55184.html HTTP/1.0" 200 80581 "-" "Mozilla/5.0 (Macintosh; Intel Mac OS X 10_10_1) AppleWebKit/600.2.5 (KHTML, like Gecko) Version/8.0.2 Safari/600.2.5 (Amazonbot/0.1; +https://developer.amazon.com/support/amazonbot)"
40.77.167.16 - - [08/Nov/2023:08:21:47 +0100] "GET /turtles-ninja-glass-p-21408.html HTTP/1.0" 200 80283 "-" "Mozilla/5.0 AppleWebKit/537.36 (KHTML, like Gecko; compatible; bingbot/2.0; +http://www.bing.com/bingbot.htm) Chrome/103.0.5060.134 Safari/537.36"
52.70.240.171 - - [08/Nov/2023:08:21:48 +0100] "GET /fireflower-metal-capacity-p-55185.html HTTP/1.0" 200 80581 "-" "Mozilla/5.0 (Macintosh; Intel Mac OS X 10_10_1) AppleWebKit/600.2.5 (KHTML, like Gecko) Version/8.0.2 Safari/600.2.5 (Amazonbot/0.1; +https://developer.amazon.com/support/amazonbot)"
46.4.108.51 - - [08/Nov/2023:08:21:48 +0100] "GET /silver-metal-umbrella-stand-p-59111.html HTTP/1.0" 200 80547 "-" "Mozilla/5.0 (compatible; AwarioBot/1.0; +https://awario.com/bots.html)"
116.62.36.100 - - [08/Nov/2023:08:21:51 +0100] "GET /images/3700057119348.jpg HTTP/1.0" 200 259 "-" "Mozilla/5.0 (Macintosh; Intel Mac OS X 10_15_7) AppleWebKit/537.36 (KHTML, like Gecko) Chrome/116.0.0.0 Safari/537.36"
40.77.167.16 - - [08/Nov/2023:08:21:49 +0100] "GET /small-boxes-pill-c-13_150_154.html HTTP/1.0" 200 93636 "-" "Mozilla/5.0 AppleWebKit/537.36 (KHTML, like Gecko; compatible; bingbot/2.0; +http://www.bing.com/bingbot.htm) Chrome/103.0.5060.134 Safari/537.36"
3.224.220.101 - - [08/Nov/2023:08:21:50 +0100] "GET /cherry-blossoms-green-p-39293.html HTTP/1.0" 200 79802 "-" "Mozilla/5.0 (Macintosh; Intel Mac OS X 10_10_1) AppleWebKit/600.2.5 (KHTML, like Gecko) Version/8.0.2 Safari/600.2.5 (Amazonbot/0.1; +https://developer.amazon.com/support/amazonbot)"
3.224.220.101 - - [08/Nov/2023:08:21:52 +0100] "GET /little-geisha-p-50775.html HTTP/1.0" 200 80631 "-" "Mozilla/5.0 (Macintosh; Intel Mac OS X 10_10_1) AppleWebKit/600.2.5 (KHTML, like Gecko) Version/8.0.2 Safari/600.2.5 (Amazonbot/0.1; +https://developer.amazon.com/support/amazonbot)"
52.70.240.171 - - [08/Nov/2023:08:21:55 +0100] "GET /cherry-blossoms-turquoise-p-39292.html HTTP/1.0" 200 79836 "-" "Mozilla/5.0 (Macintosh; Intel Mac OS X 10_10_1) AppleWebKit/600.2.5 (KHTML, like Gecko) Version/8.0.2 Safari/600.2.5 (Amazonbot/0.1; +https://developer.amazon.com/support/amazonbot)"
23.22.35.162 - - [08/Nov/2023:08:22:00 +0100] "GET /salt-pepper-shaker-sets-c-12_160.html HTTP/1.0" 200 97200 "-" "Mozilla/5.0 (Macintosh; Intel Mac OS X 10_10_1) AppleWebKit/600.2.5 (KHTML, like Gecko) Version/8.0.2 Safari/600.2.5 (Amazonbot/0.1; +https://developer.amazon.com/support/amazonbot)"
23.22.35.162 - - [08/Nov/2023:08:22:01 +0100] "GET /bedding-protection-c-11_192.html HTTP/1.0" 200 97308 "-" "Mozilla/5.0 (Macintosh; Intel Mac OS X 10_10_1) AppleWebKit/600.2.5 (KHTML, like Gecko) Version/8.0.2 Safari/600.2.5 (Amazonbot/0.1; +https://developer.amazon.com/support/amazonbot)"
46.4.108.51 - - [08/Nov/2023:08:22:04 +0100] "GET /silver-skull-keyrings-p-34191.html HTTP/1.0" 200 79661 "-" "Mozilla/5.0 (compatible; AwarioBot/1.0; +https://awario.com/bots.html)"
23.22.35.162 - - [08/Nov/2023:08:22:11 +0100] "GET /long-sleeves-shirts-c-1_21.html HTTP/1.0" 200 84718 "-" "Mozilla/5.0 (Macintosh; Intel Mac OS X 10_10_1) AppleWebKit/600.2.5 (KHTML, like Gecko) Version/8.0.2 Safari/600.2.5 (Amazonbot/0.1; +https://developer.amazon.com/support/amazonbot)"
85.208.96.210 - - [08/Nov/2023:08:22:11 +0100] "GET /shiny-snake-skin-adhesive-roll-black-p-47297.html HTTP/1.0" 200 80685 "-" "Mozilla/5.0 (compatible; SemrushBot/7~bl; +http://www.semrush.com/bot.html)"
216.244.66.242 - - [08/Nov/2023:08:22:14 +0100] "GET /robots.txt HTTP/1.0" 200 245 "-" "Mozilla/5.0 (compatible; DotBot/1.2; +https://opensiteexplorer.org/dotbot; help@moz.com)"
46.4.108.51 - - [08/Nov/2023:08:22:16 +0100] "GET /silver-tourmaline-brass-earrings-p-48664.html HTTP/1.0" 200 79745 "-" "Mozilla/5.0 (compatible; AwarioBot/1.0; +https://awario.com/bots.html)"
23.22.35.162 - - [08/Nov/2023:08:22:21 +0100] "GET /long-sleeves-shirts-c-1_21.html HTTP/1.0" 200 84718 "-" "Mozilla/5.0 (Macintosh; Intel Mac OS X 10_10_1) AppleWebKit/600.2.5 (KHTML, like Gecko) Version/8.0.2 Safari/600.2.5 (Amazonbot/0.1; +https://developer.amazon.com/support/amazonbot)"
185.191.171.6 - - [08/Nov/2023:08:22:29 +0100] "GET /-p-45567.html HTTP/1.0" 200 77271 "-" "Mozilla/5.0 (compatible; SemrushBot/7~bl; +http://www.semrush.com/bot.html)"
73.194.128.17 - - [08/Nov/2023:08:22:35 +0100] "GET /images/mini_prod/4260082930527.jpg HTTP/1.0" 200 269 "-" "Mozilla/5.0 (X11; Ubuntu; Linux x86_64; rv:72.0) Gecko/20100101 Firefox/72.0"
85.208.96.202 - - [08/Nov/2023:08:22:34 +0100] "GET /volkswagen-adult-apron-p-34171.html HTTP/1.0" 200 77349 "-" "Mozilla/5.0 (compatible; SemrushBot/7~bl; +http://www.semrush.com/bot.html)"
3.224.220.101 - - [08/Nov/2023:08:22:35 +0100] "GET /stationery-cardmaking-c-129.html HTTP/1.0" 200 99208 "-" "Mozilla/5.0 (Macintosh; Intel Mac OS X 10_10_1) AppleWebKit/600.2.5 (KHTML, like Gecko) Version/8.0.2 Safari/600.2.5 (Amazonbot/0.1; +https://developer.amazon.com/support/amazonbot)"
46.4.108.51 - - [08/Nov/2023:08:22:37 +0100] "GET /silvery-with-personalized-picture-p-16299.html HTTP/1.0" 200 80183 "-" "Mozilla/5.0 (compatible; AwarioBot/1.0; +https://awario.com/bots.html)"
3.224.220.101 - - [08/Nov/2023:08:22:37 +0100] "GET /paper-towel-dispenser-c-12_253.html HTTP/1.0" 200 76383 "-" "Mozilla/5.0 (Macintosh; Intel Mac OS X 10_10_1) AppleWebKit/600.2.5 (KHTML, like Gecko) Version/8.0.2 Safari/600.2.5 (Amazonbot/0.1; +https://developer.amazon.com/support/amazonbot)"
52.70.240.171 - - [08/Nov/2023:08:22:39 +0100] "GET /fitted-sheet-c-11_193.html HTTP/1.0" 200 97012 "-" "Mozilla/5.0 (Macintosh; Intel Mac OS X 10_10_1) AppleWebKit/600.2.5 (KHTML, like Gecko) Version/8.0.2 Safari/600.2.5 (Amazonbot/0.1; +https://developer.amazon.com/support/amazonbot)"
85.208.96.202 - - [08/Nov/2023:08:22:50 +0100] "GET /cars-small-silicone-mold-orange-model-p-28240.html HTTP/1.0" 200 77413 "-" "Mozilla/5.0 (compatible; SemrushBot/7~bl; +http://www.semrush.com/bot.html)"
54.36.149.49 - - [08/Nov/2023:08:22:50 +0100] "GET /washed-dyed-cotton-tablecloth-storm-blue-p-61212.html HTTP/1.0" 200 80381 "-" "Mozilla/5.0 (compatible; AhrefsBot/7.0; +http://ahrefs.com/robot/)"
85.208.96.209 - - [08/Nov/2023:08:22:55 +0100] "GET /aquarius-mousepad-cbkreation-p-43312.html HTTP/1.0" 200 79716 "-" "Mozilla/5.0 (compatible; SemrushBot/7~bl; +http://www.semrush.com/bot.html)"
185.191.171.2 - - [08/Nov/2023:08:23:01 +0100] "GET /retro-alarm-clock-flip-blue-p-53141.html HTTP/1.0" 200 77369 "-" "Mozilla/5.0 (compatible; SemrushBot/7~bl; +http://www.semrush.com/bot.html)"
27.46.103.23 - - [08/Nov/2023:08:23:03 +0100] "GET /images/mini_prod/3612875115269.jpg HTTP/1.0" 200 269 "-" "Mozilla/5.0 (X11; Ubuntu; Linux x86_64; rv:72.0) Gecko/20100101 Firefox/72.0"
46.4.108.51 - - [08/Nov/2023:08:23:02 +0100] "GET /simpsons-shirt-p-29593.html HTTP/1.0" 200 81012 "-" "Mozilla/5.0 (compatible; AwarioBot/1.0; +https://awario.com/bots.html)"
46.4.108.51 - - [08/Nov/2023:08:23:21 +0100] "GET /since-1960-small-clock-p-55074.html HTTP/1.0" 200 79716 "-" "Mozilla/5.0 (compatible; AwarioBot/1.0; +https://awario.com/bots.html)"
23.22.35.162 - - [08/Nov/2023:08:23:22 +0100] "GET /manicure-articles-c-31_204.html HTTP/1.0" 200 94485 "-" "Mozilla/5.0 (Macintosh; Intel Mac OS X 10_10_1) AppleWebKit/600.2.5 (KHTML, like Gecko) Version/8.0.2 Safari/600.2.5 (Amazonbot/0.1; +https://developer.amazon.com/support/amazonbot)"
52.70.240.171 - - [08/Nov/2023:08:23:23 +0100] "GET /long-sleeves-shirts-c-1_21.html HTTP/1.0" 200 84718 "-" "Mozilla/5.0 (Macintosh; Intel Mac OS X 10_10_1) AppleWebKit/600.2.5 (KHTML, like Gecko) Version/8.0.2 Safari/600.2.5 (Amazonbot/0.1; +https://developer.amazon.com/support/amazonbot)"
52.70.240.171 - - [08/Nov/2023:08:23:24 +0100] "GET /fragrances-ambiance-c-231.html HTTP/1.0" 200 99013 "-" "Mozilla/5.0 (Macintosh; Intel Mac OS X 10_10_1) AppleWebKit/600.2.5 (KHTML, like Gecko) Version/8.0.2 Safari/600.2.5 (Amazonbot/0.1; +https://developer.amazon.com/support/amazonbot)"
3.224.220.101 - - [08/Nov/2023:08:23:27 +0100] "GET /with-infuser-c-12_221.html HTTP/1.0" 200 98320 "-" "Mozilla/5.0 (Macintosh; Intel Mac OS X 10_10_1) AppleWebKit/600.2.5 (KHTML, like Gecko) Version/8.0.2 Safari/600.2.5 (Amazonbot/0.1; +https://developer.amazon.com/support/amazonbot)"
23.22.35.162 - - [08/Nov/2023:08:23:28 +0100] "GET /toothbox-c-13_150_170.html HTTP/1.0" 200 96884 "-" "Mozilla/5.0 (Macintosh; Intel Mac OS X 10_10_1) AppleWebKit/600.2.5 (KHTML, like Gecko) Version/8.0.2 Safari/600.2.5 (Amazonbot/0.1; +https://developer.amazon.com/support/amazonbot)"
52.70.240.171 - - [08/Nov/2023:08:23:29 +0100] "GET /soft-toys-security-blanket-c-4_46.html HTTP/1.0" 200 98491 "-" "Mozilla/5.0 (Macintosh; Intel Mac OS X 10_10_1) AppleWebKit/600.2.5 (KHTML, like Gecko) Version/8.0.2 Safari/600.2.5 (Amazonbot/0.1; +https://developer.amazon.com/support/amazonbot)"
85.208.96.203 - - [08/Nov/2023:08:23:33 +0100] "GET /small-baby-teeth-brown-p-60180.html HTTP/1.0" 200 80719 "-" "Mozilla/5.0 (compatible; SemrushBot/7~bl; +http://www.semrush.com/bot.html)"
46.4.108.51 - - [08/Nov/2023:08:23:33 +0100] "GET /sixtine-plaid-p-51299.html HTTP/1.0" 200 80329 "-" "Mozilla/5.0 (compatible; AwarioBot/1.0; +https://awario.com/bots.html)"
23.22.35.162 - - [08/Nov/2023:08:23:38 +0100] "GET /water-bottles-sport-bottles-c-12_161.html HTTP/1.0" 200 100724 "-" "Mozilla/5.0 (Macintosh; Intel Mac OS X 10_10_1) AppleWebKit/600.2.5 (KHTML, like Gecko) Version/8.0.2 Safari/600.2.5 (Amazonbot/0.1; +https://developer.amazon.com/support/amazonbot)"
3.224.220.101 - - [08/Nov/2023:08:23:40 +0100] "GET /barbecue-aperitif-c-12_254.html HTTP/1.0" 200 96599 "-" "Mozilla/5.0 (Macintosh; Intel Mac OS X 10_10_1) AppleWebKit/600.2.5 (KHTML, like Gecko) Version/8.0.2 Safari/600.2.5 (Amazonbot/0.1; +https://developer.amazon.com/support/amazonbot)"
85.208.96.203 - - [08/Nov/2023:08:23:41 +0100] "GET /allen-designs-tiger-clock-p-60224.html HTTP/1.0" 200 80480 "-" "Mozilla/5.0 (compatible; SemrushBot/7~bl; +http://www.semrush.com/bot.html)"
23.22.35.162 - - [08/Nov/2023:08:23:45 +0100] "GET /frames-flags-decorative-paintings-c-13_148.html HTTP/1.0" 200 100603 "-" "Mozilla/5.0 (Macintosh; Intel Mac OS X 10_10_1) AppleWebKit/600.2.5 (KHTML, like Gecko) Version/8.0.2 Safari/600.2.5 (Amazonbot/0.1; +https://developer.amazon.com/support/amazonbot)"
46.4.108.51 - - [08/Nov/2023:08:23:48 +0100] "GET /robots.txt HTTP/1.0" 200 245 "-" "Mozilla/5.0 (compatible; AwarioBot/1.0; +https://awario.com/bots.html)"
46.4.108.51 - - [08/Nov/2023:08:23:48 +0100] "GET /skeleton-black-shirt-p-30128.html HTTP/1.0" 200 80803 "-" "Mozilla/5.0 (compatible; AwarioBot/1.0; +https://awario.com/bots.html)"
52.70.240.171 - - [08/Nov/2023:08:23:49 +0100] "GET /long-sleeves-shirts-c-1_21.html HTTP/1.0" 200 84718 "-" "Mozilla/5.0 (Macintosh; Intel Mac OS X 10_10_1) AppleWebKit/600.2.5 (KHTML, like Gecko) Version/8.0.2 Safari/600.2.5 (Amazonbot/0.1; +https://developer.amazon.com/support/amazonbot)"
3.224.220.101 - - [08/Nov/2023:08:23:50 +0100] "GET /long-sleeves-shirts-c-1_21.html HTTP/1.0" 200 84718 "-" "Mozilla/5.0 (Macintosh; Intel Mac OS X 10_10_1) AppleWebKit/600.2.5 (KHTML, like Gecko) Version/8.0.2 Safari/600.2.5 (Amazonbot/0.1; +https://developer.amazon.com/support/amazonbot)"
23.22.35.162 - - [08/Nov/2023:08:23:53 +0100] "GET /long-sleeves-shirts-c-1_21.html HTTP/1.0" 200 84718 "-" "Mozilla/5.0 (Macintosh; Intel Mac OS X 10_10_1) AppleWebKit/600.2.5 (KHTML, like Gecko) Version/8.0.2 Safari/600.2.5 (Amazonbot/0.1; +https://developer.amazon.com/support/amazonbot)"
185.191.171.14 - - [08/Nov/2023:08:23:55 +0100] "GET /chocolates-spoons-p-24880.html HTTP/1.0" 200 79567 "-" "Mozilla/5.0 (compatible; SemrushBot/7~bl; +http://www.semrush.com/bot.html)"
173.252.83.118 - - [08/Nov/2023:08:23:58 +0100] "GET /images/mini_prod/4895029627323.jpg HTTP/1.0" 200 269 "-" "facebookexternalhit/1.1 (+http://www.facebook.com/externalhit_uatext.php)"
3.224.220.101 - - [08/Nov/2023:08:23:56 +0100] "GET /bottle-holder-beer-bucket-c-12_224.html HTTP/1.0" 200 97176 "-" "Mozilla/5.0 (Macintosh; Intel Mac OS X 10_10_1) AppleWebKit/600.2.5 (KHTML, like Gecko) Version/8.0.2 Safari/600.2.5 (Amazonbot/0.1; +https://developer.amazon.com/support/amazonbot)"
46.4.108.51 - - [08/Nov/2023:08:23:58 +0100] "GET /skull-bottle-p-42717.html HTTP/1.0" 200 79554 "-" "Mozilla/5.0 (compatible; AwarioBot/1.0; +https://awario.com/bots.html)"
3.224.220.101 - - [08/Nov/2023:08:24:00 +0100] "GET /long-sleeves-shirts-c-1_21.html HTTP/1.0" 200 84718 "-" "Mozilla/5.0 (Macintosh; Intel Mac OS X 10_10_1) AppleWebKit/600.2.5 (KHTML, like Gecko) Version/8.0.2 Safari/600.2.5 (Amazonbot/0.1; +https://developer.amazon.com/support/amazonbot)"
23.22.35.162 - - [08/Nov/2023:08:24:02 +0100] "GET /shelf-furniture-c-13_87.html HTTP/1.0" 200 89251 "-" "Mozilla/5.0 (Macintosh; Intel Mac OS X 10_10_1) AppleWebKit/600.2.5 (KHTML, like Gecko) Version/8.0.2 Safari/600.2.5 (Amazonbot/0.1; +https://developer.amazon.com/support/amazonbot)"
52.70.240.171 - - [08/Nov/2023:08:24:04 +0100] "GET /calendar-workbook-organizer-c-129_189.html HTTP/1.0" 200 95457 "-" "Mozilla/5.0 (Macintosh; Intel Mac OS X 10_10_1) AppleWebKit/600.2.5 (KHTML, like Gecko) Version/8.0.2 Safari/600.2.5 (Amazonbot/0.1; +https://developer.amazon.com/support/amazonbot)"
40.77.167.16 - - [08/Nov/2023:08:24:08 +0100] "GET /smokers-items-c-3_112.html?page=2 HTTP/1.0" 200 98729 "-" "Mozilla/5.0 AppleWebKit/537.36 (KHTML, like Gecko; compatible; bingbot/2.0; +http://www.bing.com/bingbot.htm) Chrome/103.0.5060.134 Safari/537.36"
185.191.171.15 - - [08/Nov/2023:08:24:14 +0100] "GET /-p-44586.html HTTP/1.0" 200 77271 "-" "Mozilla/5.0 (compatible; SemrushBot/7~bl; +http://www.semrush.com/bot.html)"
46.4.108.51 - - [08/Nov/2023:08:24:15 +0100] "GET /sleepy-figure-collection-disney-tired-dwarf-p-23122.html HTTP/1.0" 200 79922 "-" "Mozilla/5.0 (compatible; AwarioBot/1.0; +https://awario.com/bots.html)"
3.224.220.101 - - [08/Nov/2023:08:24:22 +0100] "GET /manicure-articles-c-31_204.html HTTP/1.0" 200 94485 "-" "Mozilla/5.0 (Macintosh; Intel Mac OS X 10_10_1) AppleWebKit/600.2.5 (KHTML, like Gecko) Version/8.0.2 Safari/600.2.5 (Amazonbot/0.1; +https://developer.amazon.com/support/amazonbot)"
23.22.35.162 - - [08/Nov/2023:08:24:23 +0100] "GET /school-trolley-c-31_169.html HTTP/1.0" 200 87892 "-" "Mozilla/5.0 (Macintosh; Intel Mac OS X 10_10_1) AppleWebKit/600.2.5 (KHTML, like Gecko) Version/8.0.2 Safari/600.2.5 (Amazonbot/0.1; +https://developer.amazon.com/support/amazonbot)"
52.70.240.171 - - [08/Nov/2023:08:24:24 +0100] "GET /small-appliances-hifi-c-13_88.html HTTP/1.0" 200 90028 "-" "Mozilla/5.0 (Macintosh; Intel Mac OS X 10_10_1) AppleWebKit/600.2.5 (KHTML, like Gecko) Version/8.0.2 Safari/600.2.5 (Amazonbot/0.1; +https://developer.amazon.com/support/amazonbot)"
85.208.96.193 - - [08/Nov/2023:08:24:25 +0100] "GET /isothermic-stainless-steel-bottle-hedgehog-cbkreation-p-51044.html HTTP/1.0" 200 79920 "-" "Mozilla/5.0 (compatible; SemrushBot/7~bl; +http://www.semrush.com/bot.html)"
46.4.108.51 - - [08/Nov/2023:08:24:25 +0100] "GET /sloth-baby-moneybox-p-46775.html HTTP/1.0" 200 79673 "-" "Mozilla/5.0 (compatible; AwarioBot/1.0; +https://awario.com/bots.html)"
17.241.75.53 - - [08/Nov/2023:08:24:30 +0100] "GET /images/big_prod/3442440276817CVC.jpg HTTP/1.0" 200 271 "-" "Mozilla/5.0 (Macintosh; Intel Mac OS X 10_15_5) AppleWebKit/605.1.15 (KHTML, like Gecko) Version/13.1.1 Safari/605.1.15 (Applebot/0.1; +http://www.apple.com/go/applebot)"
52.70.240.171 - - [08/Nov/2023:08:24:28 +0100] "GET /water-bottles-sport-bottles-c-12_161.html HTTP/1.0" 200 100724 "-" "Mozilla/5.0 (Macintosh; Intel Mac OS X 10_10_1) AppleWebKit/600.2.5 (KHTML, like Gecko) Version/8.0.2 Safari/600.2.5 (Amazonbot/0.1; +https://developer.amazon.com/support/amazonbot)"
46.4.108.51 - - [08/Nov/2023:08:24:34 +0100] "GET /sloth-chest-moneybox-p-46774.html HTTP/1.0" 200 80214 "-" "Mozilla/5.0 (compatible; AwarioBot/1.0; +https://awario.com/bots.html)"
46.4.108.51 - - [08/Nov/2023:08:24:41 +0100] "GET /smack-down-small-reels-p-13882.html HTTP/1.0" 200 80029 "-" "Mozilla/5.0 (compatible; AwarioBot/1.0; +https://awario.com/bots.html)"
185.191.171.15 - - [08/Nov/2023:08:24:44 +0100] "GET /robots.txt HTTP/1.0" 200 245 "-" "Mozilla/5.0 (compatible; SemrushBot/7~bl; +http://www.semrush.com/bot.html)"
185.191.171.11 - - [08/Nov/2023:08:24:44 +0100] "GET /round-magnet-p-56229.html HTTP/1.0" 200 80226 "-" "Mozilla/5.0 (compatible; SemrushBot/7~bl; +http://www.semrush.com/bot.html)"
46.4.108.51 - - [08/Nov/2023:08:24:49 +0100] "GET /small-adjustable-brown-lampshade-p-59431.html HTTP/1.0" 200 80590 "-" "Mozilla/5.0 (compatible; AwarioBot/1.0; +https://awario.com/bots.html)"
23.22.35.162 - - [08/Nov/2023:08:24:51 +0100] "GET /long-sleeves-shirts-c-1_21.html HTTP/1.0" 200 84718 "-" "Mozilla/5.0 (Macintosh; Intel Mac OS X 10_10_1) AppleWebKit/600.2.5 (KHTML, like Gecko) Version/8.0.2 Safari/600.2.5 (Amazonbot/0.1; +https://developer.amazon.com/support/amazonbot)"
85.208.96.194 - - [08/Nov/2023:08:24:52 +0100] "GET /-p-48114.html HTTP/1.0" 200 77271 "-" "Mozilla/5.0 (compatible; SemrushBot/7~bl; +http://www.semrush.com/bot.html)"
52.70.240.171 - - [08/Nov/2023:08:24:53 +0100] "GET /bottle-holder-beer-bucket-c-12_224.html HTTP/1.0" 200 97176 "-" "Mozilla/5.0 (Macintosh; Intel Mac OS X 10_10_1) AppleWebKit/600.2.5 (KHTML, like Gecko) Version/8.0.2 Safari/600.2.5 (Amazonbot/0.1; +https://developer.amazon.com/support/amazonbot)"
23.22.35.162 - - [08/Nov/2023:08:24:55 +0100] "GET /diffuser-perfume-essential-oils-c-231_162.html HTTP/1.0" 200 97536 "-" "Mozilla/5.0 (Macintosh; Intel Mac OS X 10_10_1) AppleWebKit/600.2.5 (KHTML, like Gecko) Version/8.0.2 Safari/600.2.5 (Amazonbot/0.1; +https://developer.amazon.com/support/amazonbot)"
52.70.240.171 - - [08/Nov/2023:08:24:57 +0100] "GET /fairy-lights-c-86_279.html HTTP/1.0" 200 93035 "-" "Mozilla/5.0 (Macintosh; Intel Mac OS X 10_10_1) AppleWebKit/600.2.5 (KHTML, like Gecko) Version/8.0.2 Safari/600.2.5 (Amazonbot/0.1; +https://developer.amazon.com/support/amazonbot)"
23.22.35.162 - - [08/Nov/2023:08:24:59 +0100] "GET /long-sleeves-shirts-c-1_21.html HTTP/1.0" 200 84718 "-" "Mozilla/5.0 (Macintosh; Intel Mac OS X 10_10_1) AppleWebKit/600.2.5 (KHTML, like Gecko) Version/8.0.2 Safari/600.2.5 (Amazonbot/0.1; +https://developer.amazon.com/support/amazonbot)"
3.224.220.101 - - [08/Nov/2023:08:25:00 +0100] "GET /long-sleeves-shirts-c-1_21.html HTTP/1.0" 200 84718 "-" "Mozilla/5.0 (Macintosh; Intel Mac OS X 10_10_1) AppleWebKit/600.2.5 (KHTML, like Gecko) Version/8.0.2 Safari/600.2.5 (Amazonbot/0.1; +https://developer.amazon.com/support/amazonbot)"
46.4.108.51 - - [08/Nov/2023:08:25:02 +0100] "GET /small-adjustable-white-lampshade-p-58796.html HTTP/1.0" 200 80591 "-" "Mozilla/5.0 (compatible; AwarioBot/1.0; +https://awario.com/bots.html)"
85.208.96.204 - - [08/Nov/2023:08:25:07 +0100] "GET /good-year-metal-plate-p-45955.html HTTP/1.0" 200 79643 "-" "Mozilla/5.0 (compatible; SemrushBot/7~bl; +http://www.semrush.com/bot.html)"
52.70.240.171 - - [08/Nov/2023:08:25:10 +0100] "GET /long-sleeves-shirts-c-1_21.html HTTP/1.0" 200 84718 "-" "Mozilla/5.0 (Macintosh; Intel Mac OS X 10_10_1) AppleWebKit/600.2.5 (KHTML, like Gecko) Version/8.0.2 Safari/600.2.5 (Amazonbot/0.1; +https://developer.amazon.com/support/amazonbot)"
66.249.66.206 - - [08/Nov/2023:08:25:13 +0100] "GET /images/big_prod/3700516278449.jpg HTTP/1.0" 200 268 "-" "Googlebot-Image/1.0"
3.224.220.101 - - [08/Nov/2023:08:25:13 +0100] "GET /office-items-c-97_100.html HTTP/1.0" 200 97331 "-" "Mozilla/5.0 (Macintosh; Intel Mac OS X 10_10_1) AppleWebKit/600.2.5 (KHTML, like Gecko) Version/8.0.2 Safari/600.2.5 (Amazonbot/0.1; +https://developer.amazon.com/support/amazonbot)"
85.208.96.202 - - [08/Nov/2023:08:25:15 +0100] "GET /powder-candle-bougie-autrement-glitter-gold-p-53088.html HTTP/1.0" 200 81399 "-" "Mozilla/5.0 (compatible; SemrushBot/7~bl; +http://www.semrush.com/bot.html)"
46.4.108.51 - - [08/Nov/2023:08:25:16 +0100] "GET /small-angel-flower-stitch-collectible-statuette-p-56327.html HTTP/1.0" 200 81086 "-" "Mozilla/5.0 (compatible; AwarioBot/1.0; +https://awario.com/bots.html)"
46.4.108.51 - - [08/Nov/2023:08:25:29 +0100] "GET /small-angel-heart-stitch-collectible-statuette-p-56318.html HTTP/1.0" 200 81072 "-" "Mozilla/5.0 (compatible; AwarioBot/1.0; +https://awario.com/bots.html)"
185.191.171.7 - - [08/Nov/2023:08:25:29 +0100] "GET /home-decoration-c-13.html?page=126 HTTP/1.0" 200 99716 "-" "Mozilla/5.0 (compatible; SemrushBot/7~bl; +http://www.semrush.com/bot.html)"
3.224.220.101 - - [08/Nov/2023:08:25:30 +0100] "GET /-c-95_348.html HTTP/1.0" 200 76139 "-" "Mozilla/5.0 (Macintosh; Intel Mac OS X 10_10_1) AppleWebKit/600.2.5 (KHTML, like Gecko) Version/8.0.2 Safari/600.2.5 (Amazonbot/0.1; +https://developer.amazon.com/support/amazonbot)"
46.4.108.51 - - [08/Nov/2023:08:25:34 +0100] "GET /small-baby-teeth-adam-small-mouse-p-47096.html HTTP/1.0" 200 80558 "-" "Mozilla/5.0 (compatible; AwarioBot/1.0; +https://awario.com/bots.html)"
185.191.171.5 - - [08/Nov/2023:08:25:45 +0100] "GET /purple-jellyfish-glass-paperweight-p-59152.html HTTP/1.0" 200 77413 "-" "Mozilla/5.0 (compatible; SemrushBot/7~bl; +http://www.semrush.com/bot.html)"
46.4.108.51 - - [08/Nov/2023:08:25:49 +0100] "GET /robots.txt HTTP/1.0" 200 245 "-" "Mozilla/5.0 (compatible; AwarioBot/1.0; +https://awario.com/bots.html)"
46.4.108.51 - - [08/Nov/2023:08:25:49 +0100] "GET /small-baby-teeth-gold-p-36445.html HTTP/1.0" 200 79786 "-" "Mozilla/5.0 (compatible; AwarioBot/1.0; +https://awario.com/bots.html)"
85.208.96.211 - - [08/Nov/2023:08:25:57 +0100] "GET /table-lamp-metal-gray-color-p-57003.html HTTP/1.0" 200 80383 "-" "Mozilla/5.0 (compatible; SemrushBot/7~bl; +http://www.semrush.com/bot.html)"
54.36.148.185 - - [08/Nov/2023:08:25:58 +0100] "GET /hairbrushes-c-3_203.html HTTP/1.0" 200 92188 "-" "Mozilla/5.0 (compatible; AhrefsBot/7.0; +http://ahrefs.com/robot/)"
216.244.66.242 - - [08/Nov/2023:08:25:58 +0100] "GET /make-smile-bedclothes-p-51955.html HTTP/1.0" 200 77377 "-" "Mozilla/5.0 (compatible; DotBot/1.2; +https://opensiteexplorer.org/dotbot; help@moz.com)"
46.4.108.51 - - [08/Nov/2023:08:26:05 +0100] "GET /small-baby-teeth-jade-p-50813.html HTTP/1.0" 200 80403 "-" "Mozilla/5.0 (compatible; AwarioBot/1.0; +https://awario.com/bots.html)"
52.70.240.171 - - [08/Nov/2023:08:26:06 +0100] "GET /-c-95_303.html HTTP/1.0" 200 76139 "-" "Mozilla/5.0 (Macintosh; Intel Mac OS X 10_10_1) AppleWebKit/600.2.5 (KHTML, like Gecko) Version/8.0.2 Safari/600.2.5 (Amazonbot/0.1; +https://developer.amazon.com/support/amazonbot)"
52.70.240.171 - - [08/Nov/2023:08:26:07 +0100] "GET /bulbs-c-86_287.html HTTP/1.0" 200 83351 "-" "Mozilla/5.0 (Macintosh; Intel Mac OS X 10_10_1) AppleWebKit/600.2.5 (KHTML, like Gecko) Version/8.0.2 Safari/600.2.5 (Amazonbot/0.1; +https://developer.amazon.com/support/amazonbot)"
185.191.171.13 - - [08/Nov/2023:08:26:06 +0100] "GET /angel-tiger-p-48898.html HTTP/1.0" 200 77293 "-" "Mozilla/5.0 (compatible; SemrushBot/7~bl; +http://www.semrush.com/bot.html)"
3.224.220.101 - - [08/Nov/2023:08:26:08 +0100] "GET /placemats-c-12_156.html HTTP/1.0" 200 99578 "-" "Mozilla/5.0 (Macintosh; Intel Mac OS X 10_10_1) AppleWebKit/600.2.5 (KHTML, like Gecko) Version/8.0.2 Safari/600.2.5 (Amazonbot/0.1; +https://developer.amazon.com/support/amazonbot)"
54.36.148.82 - - [08/Nov/2023:08:26:16 +0100] "GET /images/mini_prod/8422088078566.jpg HTTP/1.0" 200 269 "-" "Mozilla/5.0 (compatible; AhrefsBot/7.0; +http://ahrefs.com/robot/)"
54.36.148.92 - - [08/Nov/2023:08:26:16 +0100] "GET /images/mini_prod/8422088074483.jpg HTTP/1.0" 200 269 "-" "Mozilla/5.0 (compatible; AhrefsBot/7.0; +http://ahrefs.com/robot/)"
54.36.148.216 - - [08/Nov/2023:08:26:17 +0100] "GET /images/mini_prod/8422088078542.jpg HTTP/1.0" 200 269 "-" "Mozilla/5.0 (compatible; AhrefsBot/7.0; +http://ahrefs.com/robot/)"
54.36.148.108 - - [08/Nov/2023:08:26:17 +0100] "GET /images/mini_prod/3661443382978B.jpg HTTP/1.0" 200 270 "-" "Mozilla/5.0 (compatible; AhrefsBot/7.0; +http://ahrefs.com/robot/)"
54.36.148.36 - - [08/Nov/2023:08:26:17 +0100] "GET /images/mini_prod/3661443383005.jpg HTTP/1.0" 200 269 "-" "Mozilla/5.0 (compatible; AhrefsBot/7.0; +http://ahrefs.com/robot/)"
54.36.149.102 - - [08/Nov/2023:08:26:18 +0100] "GET /images/mini_prod/1348422000642.jpg HTTP/1.0" 200 269 "-" "Mozilla/5.0 (compatible; AhrefsBot/7.0; +http://ahrefs.com/robot/)"
54.36.149.71 - - [08/Nov/2023:08:26:18 +0100] "GET /images/mini_prod/1348422000659.jpg HTTP/1.0" 200 269 "-" "Mozilla/5.0 (compatible; AhrefsBot/7.0; +http://ahrefs.com/robot/)"
54.36.149.74 - - [08/Nov/2023:08:26:18 +0100] "GET /images/mini_prod/1348422000673.jpg HTTP/1.0" 200 269 "-" "Mozilla/5.0 (compatible; AhrefsBot/7.0; +http://ahrefs.com/robot/)"
54.36.149.25 - - [08/Nov/2023:08:26:19 +0100] "GET /images/mini_prod/1348422000635.jpg HTTP/1.0" 200 269 "-" "Mozilla/5.0 (compatible; AhrefsBot/7.0; +http://ahrefs.com/robot/)"
54.36.148.69 - - [08/Nov/2023:08:26:19 +0100] "GET /images/mini_prod/8422088078535.jpg HTTP/1.0" 200 269 "-" "Mozilla/5.0 (compatible; AhrefsBot/7.0; +http://ahrefs.com/robot/)"
54.36.148.113 - - [08/Nov/2023:08:26:19 +0100] "GET /images/mini_prod/1348422000666.jpg HTTP/1.0" 200 269 "-" "Mozilla/5.0 (compatible; AhrefsBot/7.0; +http://ahrefs.com/robot/)"
54.36.148.139 - - [08/Nov/2023:08:26:19 +0100] "GET /images/mini_prod/8422088078559.jpg HTTP/1.0" 200 269 "-" "Mozilla/5.0 (compatible; AhrefsBot/7.0; +http://ahrefs.com/robot/)"
54.36.149.44 - - [08/Nov/2023:08:26:19 +0100] "GET /images/mini_prod/1348422000697.jpg HTTP/1.0" 200 269 "-" "Mozilla/5.0 (compatible; AhrefsBot/7.0; +http://ahrefs.com/robot/)"
54.36.149.49 - - [08/Nov/2023:08:26:20 +0100] "GET /images/mini_prod/1348422000628.jpg HTTP/1.0" 200 269 "-" "Mozilla/5.0 (compatible; AhrefsBot/7.0; +http://ahrefs.com/robot/)"
54.36.148.57 - - [08/Nov/2023:08:26:20 +0100] "GET /images/mini_prod/3661443383029.jpg HTTP/1.0" 200 269 "-" "Mozilla/5.0 (compatible; AhrefsBot/7.0; +http://ahrefs.com/robot/)"
185.191.171.13 - - [08/Nov/2023:08:26:22 +0100] "GET /argentina-mouse-cbkreation-p-13982.html HTTP/1.0" 200 79637 "-" "Mozilla/5.0 (compatible; SemrushBot/7~bl; +http://www.semrush.com/bot.html)"
23.22.35.162 - - [08/Nov/2023:08:26:26 +0100] "GET /table-lamps-c-86_286.html HTTP/1.0" 200 99748 "-" "Mozilla/5.0 (Macintosh; Intel Mac OS X 10_10_1) AppleWebKit/600.2.5 (KHTML, like Gecko) Version/8.0.2 Safari/600.2.5 (Amazonbot/0.1; +https://developer.amazon.com/support/amazonbot)"
46.4.108.51 - - [08/Nov/2023:08:26:29 +0100] "GET /small-baby-teeth-p-50815.html HTTP/1.0" 200 80347 "-" "Mozilla/5.0 (compatible; AwarioBot/1.0; +https://awario.com/bots.html)"
23.22.35.162 - - [08/Nov/2023:08:26:30 +0100] "GET /jeux-jouets-c-95_312.html HTTP/1.0" 200 76158 "-" "Mozilla/5.0 (Macintosh; Intel Mac OS X 10_10_1) AppleWebKit/600.2.5 (KHTML, like Gecko) Version/8.0.2 Safari/600.2.5 (Amazonbot/0.1; +https://developer.amazon.com/support/amazonbot)"
52.70.240.171 - - [08/Nov/2023:08:26:37 +0100] "GET /lampshades-c-86_277.html HTTP/1.0" 200 95003 "-" "Mozilla/5.0 (Macintosh; Intel Mac OS X 10_10_1) AppleWebKit/600.2.5 (KHTML, like Gecko) Version/8.0.2 Safari/600.2.5 (Amazonbot/0.1; +https://developer.amazon.com/support/amazonbot)"
85.208.96.205 - - [08/Nov/2023:08:26:40 +0100] "GET /despecable-keyring-p-33100.html HTTP/1.0" 200 80334 "-" "Mozilla/5.0 (compatible; SemrushBot/7~bl; +http://www.semrush.com/bot.html)"
52.70.240.171 - - [08/Nov/2023:08:26:40 +0100] "GET /pendants-necklaces-c-3_214.html HTTP/1.0" 200 97352 "-" "Mozilla/5.0 (Macintosh; Intel Mac OS X 10_10_1) AppleWebKit/600.2.5 (KHTML, like Gecko) Version/8.0.2 Safari/600.2.5 (Amazonbot/0.1; +https://developer.amazon.com/support/amazonbot)"
23.22.35.162 - - [08/Nov/2023:08:26:41 +0100] "GET /cushions-draft-excluders-c-11_71_316.html HTTP/1.0" 200 97620 "-" "Mozilla/5.0 (Macintosh; Intel Mac OS X 10_10_1) AppleWebKit/600.2.5 (KHTML, like Gecko) Version/8.0.2 Safari/600.2.5 (Amazonbot/0.1; +https://developer.amazon.com/support/amazonbot)"
52.70.240.171 - - [08/Nov/2023:08:26:45 +0100] "GET /jackets-coats-parkas-c-1_27.html HTTP/1.0" 200 90432 "-" "Mozilla/5.0 (Macintosh; Intel Mac OS X 10_10_1) AppleWebKit/600.2.5 (KHTML, like Gecko) Version/8.0.2 Safari/600.2.5 (Amazonbot/0.1; +https://developer.amazon.com/support/amazonbot)"
3.224.220.101 - - [08/Nov/2023:08:26:46 +0100] "GET /long-sleeves-shirts-c-1_21.html HTTP/1.0" 200 84718 "-" "Mozilla/5.0 (Macintosh; Intel Mac OS X 10_10_1) AppleWebKit/600.2.5 (KHTML, like Gecko) Version/8.0.2 Safari/600.2.5 (Amazonbot/0.1; +https://developer.amazon.com/support/amazonbot)"
52.70.240.171 - - [08/Nov/2023:08:26:48 +0100] "GET /school-trolley-c-31_169.html HTTP/1.0" 200 87892 "-" "Mozilla/5.0 (Macintosh; Intel Mac OS X 10_10_1) AppleWebKit/600.2.5 (KHTML, like Gecko) Version/8.0.2 Safari/600.2.5 (Amazonbot/0.1; +https://developer.amazon.com/support/amazonbot)"
3.224.220.101 - - [08/Nov/2023:08:26:49 +0100] "GET /small-appliances-hifi-c-13_88.html HTTP/1.0" 200 90028 "-" "Mozilla/5.0 (Macintosh; Intel Mac OS X 10_10_1) AppleWebKit/600.2.5 (KHTML, like Gecko) Version/8.0.2 Safari/600.2.5 (Amazonbot/0.1; +https://developer.amazon.com/support/amazonbot)"
46.4.108.51 - - [08/Nov/2023:08:26:50 +0100] "GET /small-baby-teeth-p-56213.html HTTP/1.0" 200 80365 "-" "Mozilla/5.0 (compatible; AwarioBot/1.0; +https://awario.com/bots.html)"
52.70.240.171 - - [08/Nov/2023:08:26:51 +0100] "GET /water-bottles-sport-bottles-c-12_161.html HTTP/1.0" 200 100724 "-" "Mozilla/5.0 (Macintosh; Intel Mac OS X 10_10_1) AppleWebKit/600.2.5 (KHTML, like Gecko) Version/8.0.2 Safari/600.2.5 (Amazonbot/0.1; +https://developer.amazon.com/support/amazonbot)"
113.204.96.146 - - [08/Nov/2023:08:26:53 +0100] "GET /images/1300010240274.jpg HTTP/1.0" 200 259 "-" "Mozilla/5.0 (X11; Ubuntu; Linux x86_64; rv:72.0) Gecko/20100101 Firefox/72.0"
23.22.35.162 - - [08/Nov/2023:08:26:52 +0100] "GET /salt-pepper-shaker-sets-c-12_160.html HTTP/1.0" 200 97200 "-" "Mozilla/5.0 (Macintosh; Intel Mac OS X 10_10_1) AppleWebKit/600.2.5 (KHTML, like Gecko) Version/8.0.2 Safari/600.2.5 (Amazonbot/0.1; +https://developer.amazon.com/support/amazonbot)"
85.208.96.202 - - [08/Nov/2023:08:26:53 +0100] "GET /-p-48227.html HTTP/1.0" 200 77271 "-" "Mozilla/5.0 (compatible; SemrushBot/7~bl; +http://www.semrush.com/bot.html)"
3.224.220.101 - - [08/Nov/2023:08:26:53 +0100] "GET /bedding-protection-c-11_192.html HTTP/1.0" 200 97308 "-" "Mozilla/5.0 (Macintosh; Intel Mac OS X 10_10_1) AppleWebKit/600.2.5 (KHTML, like Gecko) Version/8.0.2 Safari/600.2.5 (Amazonbot/0.1; +https://developer.amazon.com/support/amazonbot)"
46.4.108.51 - - [08/Nov/2023:08:26:55 +0100] "GET /small-baby-teeth-p-56216.html HTTP/1.0" 200 80367 "-" "Mozilla/5.0 (compatible; AwarioBot/1.0; +https://awario.com/bots.html)"
85.208.96.202 - - [08/Nov/2023:08:26:56 +0100] "GET /-p-54420.html HTTP/1.0" 200 77271 "-" "Mozilla/5.0 (compatible; SemrushBot/7~bl; +http://www.semrush.com/bot.html)"
85.208.96.204 - - [08/Nov/2023:08:27:00 +0100] "GET /amys-p-54232.html HTTP/1.0" 200 80337 "-" "Mozilla/5.0 (compatible; SemrushBot/7~bl; +http://www.semrush.com/bot.html)"
40.77.167.77 - - [08/Nov/2023:08:27:02 +0100] "GET /bagshandbags-shoulder-bags-c-31_81.html?page=2 HTTP/1.0" 200 101836 "-" "Mozilla/5.0 AppleWebKit/537.36 (KHTML, like Gecko; compatible; bingbot/2.0; +http://www.bing.com/bingbot.htm) Chrome/103.0.5060.134 Safari/537.36"
168.138.105.69 - - [08/Nov/2023:08:27:06 +0100] "GET /images/mini_prod/3574641017361.jpg HTTP/1.0" 200 269 "-" "Mozilla/5.0 (X11; Ubuntu; Linux x86_64; rv:72.0) Gecko/20100101 Firefox/72.0"
3.224.220.101 - - [08/Nov/2023:08:27:10 +0100] "GET /salt-pepper-shaker-sets-c-12_160.html HTTP/1.0" 200 97200 "-" "Mozilla/5.0 (Macintosh; Intel Mac OS X 10_10_1) AppleWebKit/600.2.5 (KHTML, like Gecko) Version/8.0.2 Safari/600.2.5 (Amazonbot/0.1; +https://developer.amazon.com/support/amazonbot)"
85.208.96.195 - - [08/Nov/2023:08:27:12 +0100] "GET /decorative-statuette-p-54214.html HTTP/1.0" 200 77349 "-" "Mozilla/5.0 (compatible; SemrushBot/7~bl; +http://www.semrush.com/bot.html)"
23.22.35.162 - - [08/Nov/2023:08:27:13 +0100] "GET /bedding-protection-c-11_192.html HTTP/1.0" 200 97308 "-" "Mozilla/5.0 (Macintosh; Intel Mac OS X 10_10_1) AppleWebKit/600.2.5 (KHTML, like Gecko) Version/8.0.2 Safari/600.2.5 (Amazonbot/0.1; +https://developer.amazon.com/support/amazonbot)"
46.4.108.51 - - [08/Nov/2023:08:27:14 +0100] "GET /small-baby-teeth-p-57829.html HTTP/1.0" 200 80344 "-" "Mozilla/5.0 (compatible; AwarioBot/1.0; +https://awario.com/bots.html)"
3.224.220.101 - - [08/Nov/2023:08:27:15 +0100] "GET /manicure-articles-c-31_204.html HTTP/1.0" 200 94485 "-" "Mozilla/5.0 (Macintosh; Intel Mac OS X 10_10_1) AppleWebKit/600.2.5 (KHTML, like Gecko) Version/8.0.2 Safari/600.2.5 (Amazonbot/0.1; +https://developer.amazon.com/support/amazonbot)"
52.70.240.171 - - [08/Nov/2023:08:27:20 +0100] "GET /pillow-bolster-c-11_199.html HTTP/1.0" 200 88731 "-" "Mozilla/5.0 (Macintosh; Intel Mac OS X 10_10_1) AppleWebKit/600.2.5 (KHTML, like Gecko) Version/8.0.2 Safari/600.2.5 (Amazonbot/0.1; +https://developer.amazon.com/support/amazonbot)"
46.4.108.51 - - [08/Nov/2023:08:27:21 +0100] "GET /small-baby-teeth-p-57830.html HTTP/1.0" 200 80344 "-" "Mozilla/5.0 (compatible; AwarioBot/1.0; +https://awario.com/bots.html)"
23.22.35.162 - - [08/Nov/2023:08:27:25 +0100] "GET /hung-mirrors-c-31_258.html HTTP/1.0" 200 95305 "-" "Mozilla/5.0 (Macintosh; Intel Mac OS X 10_10_1) AppleWebKit/600.2.5 (KHTML, like Gecko) Version/8.0.2 Safari/600.2.5 (Amazonbot/0.1; +https://developer.amazon.com/support/amazonbot)"
52.70.240.171 - - [08/Nov/2023:08:27:26 +0100] "GET /writing-correction-c-129_186.html HTTP/1.0" 200 99054 "-" "Mozilla/5.0 (Macintosh; Intel Mac OS X 10_10_1) AppleWebKit/600.2.5 (KHTML, like Gecko) Version/8.0.2 Safari/600.2.5 (Amazonbot/0.1; +https://developer.amazon.com/support/amazonbot)"
3.224.220.101 - - [08/Nov/2023:08:27:29 +0100] "GET /christmas-tree-ornament-christmas-balls-c-13_271.html HTTP/1.0" 200 97593 "-" "Mozilla/5.0 (Macintosh; Intel Mac OS X 10_10_1) AppleWebKit/600.2.5 (KHTML, like Gecko) Version/8.0.2 Safari/600.2.5 (Amazonbot/0.1; +https://developer.amazon.com/support/amazonbot)"
23.22.35.162 - - [08/Nov/2023:08:27:31 +0100] "GET /school-trolley-c-31_169.html HTTP/1.0" 200 87892 "-" "Mozilla/5.0 (Macintosh; Intel Mac OS X 10_10_1) AppleWebKit/600.2.5 (KHTML, like Gecko) Version/8.0.2 Safari/600.2.5 (Amazonbot/0.1; +https://developer.amazon.com/support/amazonbot)"
52.70.240.171 - - [08/Nov/2023:08:27:33 +0100] "GET /accessories-mobiles-c-3_17.html HTTP/1.0" 200 101165 "-" "Mozilla/5.0 (Macintosh; Intel Mac OS X 10_10_1) AppleWebKit/600.2.5 (KHTML, like Gecko) Version/8.0.2 Safari/600.2.5 (Amazonbot/0.1; +https://developer.amazon.com/support/amazonbot)"
23.22.35.162 - - [08/Nov/2023:08:27:34 +0100] "GET /adaptable-decorative-caps-c-12_249.html HTTP/1.0" 200 85878 "-" "Mozilla/5.0 (Macintosh; Intel Mac OS X 10_10_1) AppleWebKit/600.2.5 (KHTML, like Gecko) Version/8.0.2 Safari/600.2.5 (Amazonbot/0.1; +https://developer.amazon.com/support/amazonbot)"
185.191.171.8 - - [08/Nov/2023:08:27:35 +0100] "GET /wooden-decorative-plate-barrel-p-51754.html HTTP/1.0" 200 80427 "-" "Mozilla/5.0 (compatible; SemrushBot/7~bl; +http://www.semrush.com/bot.html)"
46.4.108.51 - - [08/Nov/2023:08:27:41 +0100] "GET /small-baby-teeth-pink-unicorn-p-43013.html HTTP/1.0" 200 80491 "-" "Mozilla/5.0 (compatible; AwarioBot/1.0; +https://awario.com/bots.html)"
23.22.35.162 - - [08/Nov/2023:08:27:41 +0100] "GET /calendar-workbook-organizer-c-129_189.html HTTP/1.0" 200 95457 "-" "Mozilla/5.0 (Macintosh; Intel Mac OS X 10_10_1) AppleWebKit/600.2.5 (KHTML, like Gecko) Version/8.0.2 Safari/600.2.5 (Amazonbot/0.1; +https://developer.amazon.com/support/amazonbot)"
3.224.220.101 - - [08/Nov/2023:08:27:42 +0100] "GET /long-sleeves-shirts-c-1_21.html HTTP/1.0" 200 84718 "-" "Mozilla/5.0 (Macintosh; Intel Mac OS X 10_10_1) AppleWebKit/600.2.5 (KHTML, like Gecko) Version/8.0.2 Safari/600.2.5 (Amazonbot/0.1; +https://developer.amazon.com/support/amazonbot)"
46.4.108.51 - - [08/Nov/2023:08:27:44 +0100] "GET /small-baby-teeth-pink-unicorn-p-51937.html HTTP/1.0" 200 80483 "-" "Mozilla/5.0 (compatible; AwarioBot/1.0; +https://awario.com/bots.html)"
52.70.240.171 - - [08/Nov/2023:08:27:51 +0100] "GET /school-trolley-c-31_169.html HTTP/1.0" 200 87892 "-" "Mozilla/5.0 (Macintosh; Intel Mac OS X 10_10_1) AppleWebKit/600.2.5 (KHTML, like Gecko) Version/8.0.2 Safari/600.2.5 (Amazonbot/0.1; +https://developer.amazon.com/support/amazonbot)"
52.70.240.171 - - [08/Nov/2023:08:27:52 +0100] "GET /paper-towel-dispenser-c-12_253.html HTTP/1.0" 200 76383 "-" "Mozilla/5.0 (Macintosh; Intel Mac OS X 10_10_1) AppleWebKit/600.2.5 (KHTML, like Gecko) Version/8.0.2 Safari/600.2.5 (Amazonbot/0.1; +https://developer.amazon.com/support/amazonbot)"
23.22.35.162 - - [08/Nov/2023:08:27:54 +0100] "GET /plastic-boxes-storage-c-13_150_217.html HTTP/1.0" 200 83021 "-" "Mozilla/5.0 (Macintosh; Intel Mac OS X 10_10_1) AppleWebKit/600.2.5 (KHTML, like Gecko) Version/8.0.2 Safari/600.2.5 (Amazonbot/0.1; +https://developer.amazon.com/support/amazonbot)"
3.224.220.101 - - [08/Nov/2023:08:27:56 +0100] "GET /long-sleeves-shirts-c-1_21.html HTTP/1.0" 200 84718 "-" "Mozilla/5.0 (Macintosh; Intel Mac OS X 10_10_1) AppleWebKit/600.2.5 (KHTML, like Gecko) Version/8.0.2 Safari/600.2.5 (Amazonbot/0.1; +https://developer.amazon.com/support/amazonbot)"
3.224.220.101 - - [08/Nov/2023:08:27:57 +0100] "GET /long-sleeves-shirts-c-1_21.html HTTP/1.0" 200 84718 "-" "Mozilla/5.0 (Macintosh; Intel Mac OS X 10_10_1) AppleWebKit/600.2.5 (KHTML, like Gecko) Version/8.0.2 Safari/600.2.5 (Amazonbot/0.1; +https://developer.amazon.com/support/amazonbot)"
46.4.108.51 - - [08/Nov/2023:08:27:59 +0100] "GET /robots.txt HTTP/1.0" 200 245 "-" "Mozilla/5.0 (compatible; AwarioBot/1.0; +https://awario.com/bots.html)"
46.4.108.51 - - [08/Nov/2023:08:27:59 +0100] "GET /small-baby-teeth-simon-bear-p-50818.html HTTP/1.0" 200 79831 "-" "Mozilla/5.0 (compatible; AwarioBot/1.0; +https://awario.com/bots.html)"
3.224.220.101 - - [08/Nov/2023:08:28:06 +0100] "GET /frames-flags-decorative-paintings-c-13_148.html HTTP/1.0" 200 100603 "-" "Mozilla/5.0 (Macintosh; Intel Mac OS X 10_10_1) AppleWebKit/600.2.5 (KHTML, like Gecko) Version/8.0.2 Safari/600.2.5 (Amazonbot/0.1; +https://developer.amazon.com/support/amazonbot)"
52.70.240.171 - - [08/Nov/2023:08:28:12 +0100] "GET /barbecue-aperitif-c-12_254.html HTTP/1.0" 200 96599 "-" "Mozilla/5.0 (Macintosh; Intel Mac OS X 10_10_1) AppleWebKit/600.2.5 (KHTML, like Gecko) Version/8.0.2 Safari/600.2.5 (Amazonbot/0.1; +https://developer.amazon.com/support/amazonbot)"
17.241.219.16 - - [08/Nov/2023:08:28:16 +0100] "GET /images/big_prod/1399984239759MICKEY.jpg HTTP/1.0" 200 274 "-" "Mozilla/5.0 (Macintosh; Intel Mac OS X 10_15_5) AppleWebKit/605.1.15 (KHTML, like Gecko) Version/13.1.1 Safari/605.1.15 (Applebot/0.1; +http://www.apple.com/go/applebot)"
46.4.108.51 - - [08/Nov/2023:08:28:15 +0100] "GET /small-baby-teeth-small-mouse-p-45386.html HTTP/1.0" 200 79870 "-" "Mozilla/5.0 (compatible; AwarioBot/1.0; +https://awario.com/bots.html)"
3.224.220.101 - - [08/Nov/2023:08:28:15 +0100] "GET /decoration-thermometers-c-13_145.html HTTP/1.0" 200 97384 "-" "Mozilla/5.0 (Macintosh; Intel Mac OS X 10_10_1) AppleWebKit/600.2.5 (KHTML, like Gecko) Version/8.0.2 Safari/600.2.5 (Amazonbot/0.1; +https://developer.amazon.com/support/amazonbot)"
85.208.96.209 - - [08/Nov/2023:08:28:17 +0100] "GET /gorjuss-folding-shopper-bubble-fairy-p-46936.html HTTP/1.0" 200 77387 "-" "Mozilla/5.0 (compatible; SemrushBot/7~bl; +http://www.semrush.com/bot.html)"
46.4.108.51 - - [08/Nov/2023:08:28:22 +0100] "GET /small-baby-teeth-small-mouse-p-49162.html HTTP/1.0" 200 79870 "-" "Mozilla/5.0 (compatible; AwarioBot/1.0; +https://awario.com/bots.html)"
52.70.240.171 - - [08/Nov/2023:08:28:22 +0100] "GET /manicure-articles-c-31_204.html HTTP/1.0" 200 94485 "-" "Mozilla/5.0 (Macintosh; Intel Mac OS X 10_10_1) AppleWebKit/600.2.5 (KHTML, like Gecko) Version/8.0.2 Safari/600.2.5 (Amazonbot/0.1; +https://developer.amazon.com/support/amazonbot)"
85.208.96.200 - - [08/Nov/2023:08:28:25 +0100] "GET /-p-12628.html HTTP/1.0" 200 77271 "-" "Mozilla/5.0 (compatible; SemrushBot/7~bl; +http://www.semrush.com/bot.html)"
46.4.108.51 - - [08/Nov/2023:08:28:34 +0100] "GET /small-baby-teeth-small-mouse-p-53419.html HTTP/1.0" 200 79895 "-" "Mozilla/5.0 (compatible; AwarioBot/1.0; +https://awario.com/bots.html)"
46.4.108.51 - - [08/Nov/2023:08:28:37 +0100] "GET /small-bamboo-tray-cats-p-49572.html HTTP/1.0" 200 79697 "-" "Mozilla/5.0 (compatible; AwarioBot/1.0; +https://awario.com/bots.html)"
46.4.108.51 - - [08/Nov/2023:08:28:41 +0100] "GET /small-bamboo-tray-fish-p-49571.html HTTP/1.0" 200 79697 "-" "Mozilla/5.0 (compatible; AwarioBot/1.0; +https://awario.com/bots.html)"
52.70.240.171 - - [08/Nov/2023:08:28:42 +0100] "GET /school-trolley-c-31_169.html HTTP/1.0" 200 87892 "-" "Mozilla/5.0 (Macintosh; Intel Mac OS X 10_10_1) AppleWebKit/600.2.5 (KHTML, like Gecko) Version/8.0.2 Safari/600.2.5 (Amazonbot/0.1; +https://developer.amazon.com/support/amazonbot)"
3.224.220.101 - - [08/Nov/2023:08:28:47 +0100] "GET /companion-wallet-c-31_238.html HTTP/1.0" 200 97912 "-" "Mozilla/5.0 (Macintosh; Intel Mac OS X 10_10_1) AppleWebKit/600.2.5 (KHTML, like Gecko) Version/8.0.2 Safari/600.2.5 (Amazonbot/0.1; +https://developer.amazon.com/support/amazonbot)"
