52.70.240.171 - - [08/Nov/2023:05:18:37 +0100] "GET /bracelets-c-3_200.html HTTP/1.0" 200 97832 "-" "Mozilla/5.0 (Macintosh; Intel Mac OS X 10_10_1) AppleWebKit/600.2.5 (KHTML, like Gecko) Version/8.0.2 Safari/600.2.5 (Amazonbot/0.1; +https://developer.amazon.com/support/amazonbot)"
52.70.240.171 - - [08/Nov/2023:05:18:38 +0100] "GET /paper-towel-dispenser-c-12_253.html HTTP/1.0" 200 76383 "-" "Mozilla/5.0 (Macintosh; Intel Mac OS X 10_10_1) AppleWebKit/600.2.5 (KHTML, like Gecko) Version/8.0.2 Safari/600.2.5 (Amazonbot/0.1; +https://developer.amazon.com/support/amazonbot)"
46.4.108.51 - - [08/Nov/2023:05:18:53 +0100] "GET /miracle-tattoos-augmented-reality-p-30661.html HTTP/1.0" 200 80479 "-" "Mozilla/5.0 (compatible; AwarioBot/1.0; +https://awario.com/bots.html)"
52.70.240.171 - - [08/Nov/2023:05:18:56 +0100] "GET /shirts-sweatshirts-c-53_54.html HTTP/1.0" 200 99328 "-" "Mozilla/5.0 (Macintosh; Intel Mac OS X 10_10_1) AppleWebKit/600.2.5 (KHTML, like Gecko) Version/8.0.2 Safari/600.2.5 (Amazonbot/0.1; +https://developer.amazon.com/support/amazonbot)"
23.22.35.162 - - [08/Nov/2023:05:18:59 +0100] "GET /coasters-c-12_157.html?page=3 HTTP/1.0" 200 100091 "-" "Mozilla/5.0 (Macintosh; Intel Mac OS X 10_10_1) AppleWebKit/600.2.5 (KHTML, like Gecko) Version/8.0.2 Safari/600.2.5 (Amazonbot/0.1; +https://developer.amazon.com/support/amazonbot)"
168.138.105.69 - - [08/Nov/2023:05:19:02 +0100] "GET /images/mini_prod/3660173212999.jpg HTTP/1.0" 200 269 "-" "Mozilla/5.0 (X11; Ubuntu; Linux x86_64; rv:72.0) Gecko/20100101 Firefox/72.0"
3.224.220.101 - - [08/Nov/2023:05:19:04 +0100] "GET /coasters-c-12_157.html?page=2 HTTP/1.0" 200 99712 "-" "Mozilla/5.0 (Macintosh; Intel Mac OS X 10_10_1) AppleWebKit/600.2.5 (KHTML, like Gecko) Version/8.0.2 Safari/600.2.5 (Amazonbot/0.1; +https://developer.amazon.com/support/amazonbot)"
23.22.35.162 - - [08/Nov/2023:05:19:05 +0100] "GET /coasters-c-12_157.html?page=4 HTTP/1.0" 200 100092 "-" "Mozilla/5.0 (Macintosh; Intel Mac OS X 10_10_1) AppleWebKit/600.2.5 (KHTML, like Gecko) Version/8.0.2 Safari/600.2.5 (Amazonbot/0.1; +https://developer.amazon.com/support/amazonbot)"
52.70.240.171 - - [08/Nov/2023:05:19:05 +0100] "GET /coasters-c-12_157.html?page=5 HTTP/1.0" 200 100048 "-" "Mozilla/5.0 (Macintosh; Intel Mac OS X 10_10_1) AppleWebKit/600.2.5 (KHTML, like Gecko) Version/8.0.2 Safari/600.2.5 (Amazonbot/0.1; +https://developer.amazon.com/support/amazonbot)"
3.224.220.101 - - [08/Nov/2023:05:19:06 +0100] "GET /coasters-c-12_157.html?page=7 HTTP/1.0" 200 101339 "-" "Mozilla/5.0 (Macintosh; Intel Mac OS X 10_10_1) AppleWebKit/600.2.5 (KHTML, like Gecko) Version/8.0.2 Safari/600.2.5 (Amazonbot/0.1; +https://developer.amazon.com/support/amazonbot)"
46.4.108.51 - - [08/Nov/2023:05:19:09 +0100] "GET /miracle-tattoos-augmented-reality-p-30664.html HTTP/1.0" 200 80592 "-" "Mozilla/5.0 (compatible; AwarioBot/1.0; +https://awario.com/bots.html)"
52.70.240.171 - - [08/Nov/2023:05:19:08 +0100] "GET /coasters-c-12_157.html?page=8 HTTP/1.0" 200 101216 "-" "Mozilla/5.0 (Macintosh; Intel Mac OS X 10_10_1) AppleWebKit/600.2.5 (KHTML, like Gecko) Version/8.0.2 Safari/600.2.5 (Amazonbot/0.1; +https://developer.amazon.com/support/amazonbot)"
40.77.167.70 - - [08/Nov/2023:05:19:11 +0100] "GET /magnets-c-13_134.html HTTP/1.0" 200 97412 "-" "Mozilla/5.0 AppleWebKit/537.36 (KHTML, like Gecko; compatible; bingbot/2.0; +http://www.bing.com/bingbot.htm) Chrome/103.0.5060.134 Safari/537.36"
85.208.96.195 - - [08/Nov/2023:05:19:20 +0100] "GET /green-stoneware-ginkgo-sunflowers-p-57813.html HTTP/1.0" 200 80388 "-" "Mozilla/5.0 (compatible; SemrushBot/7~bl; +http://www.semrush.com/bot.html)"
185.191.171.11 - - [08/Nov/2023:05:19:24 +0100] "GET /volkswagen-metal-plate-p-43533.html HTTP/1.0" 200 77405 "-" "Mozilla/5.0 (compatible; SemrushBot/7~bl; +http://www.semrush.com/bot.html)"
46.4.108.51 - - [08/Nov/2023:05:19:24 +0100] "GET /miraculous-virgin-prayer-candle-novena-p-58243.html HTTP/1.0" 200 80652 "-" "Mozilla/5.0 (compatible; AwarioBot/1.0; +https://awario.com/bots.html)"
23.22.35.162 - - [08/Nov/2023:05:19:28 +0100] "GET /coasters-c-12_157.html?page=9 HTTP/1.0" 200 100528 "-" "Mozilla/5.0 (Macintosh; Intel Mac OS X 10_10_1) AppleWebKit/600.2.5 (KHTML, like Gecko) Version/8.0.2 Safari/600.2.5 (Amazonbot/0.1; +https://developer.amazon.com/support/amazonbot)"
52.70.240.171 - - [08/Nov/2023:05:19:29 +0100] "GET /coasters-c-12_157.html?page=6 HTTP/1.0" 200 99947 "-" "Mozilla/5.0 (Macintosh; Intel Mac OS X 10_10_1) AppleWebKit/600.2.5 (KHTML, like Gecko) Version/8.0.2 Safari/600.2.5 (Amazonbot/0.1; +https://developer.amazon.com/support/amazonbot)"
52.70.240.171 - - [08/Nov/2023:05:19:34 +0100] "GET /incense-c-231_226.html?page=2 HTTP/1.0" 200 99250 "-" "Mozilla/5.0 (Macintosh; Intel Mac OS X 10_10_1) AppleWebKit/600.2.5 (KHTML, like Gecko) Version/8.0.2 Safari/600.2.5 (Amazonbot/0.1; +https://developer.amazon.com/support/amazonbot)"
46.4.108.51 - - [08/Nov/2023:05:19:35 +0100] "GET /mire-alarm-clock-cbkreation-p-25011.html HTTP/1.0" 200 79724 "-" "Mozilla/5.0 (compatible; AwarioBot/1.0; +https://awario.com/bots.html)"
168.138.105.69 - - [08/Nov/2023:05:19:38 +0100] "GET /images/mini_prod/3453131150996.jpg HTTP/1.0" 200 269 "-" "Mozilla/5.0 (X11; Ubuntu; Linux x86_64; rv:72.0) Gecko/20100101 Firefox/72.0"
23.22.35.162 - - [08/Nov/2023:05:19:43 +0100] "GET /gold-brass-whistle-ring-p-56683.html HTTP/1.0" 200 79702 "-" "Mozilla/5.0 (Macintosh; Intel Mac OS X 10_10_1) AppleWebKit/600.2.5 (KHTML, like Gecko) Version/8.0.2 Safari/600.2.5 (Amazonbot/0.1; +https://developer.amazon.com/support/amazonbot)"
3.224.220.101 - - [08/Nov/2023:05:19:43 +0100] "GET /funky-bears-invaders-keychains-p-19201.html HTTP/1.0" 200 80881 "-" "Mozilla/5.0 (Macintosh; Intel Mac OS X 10_10_1) AppleWebKit/600.2.5 (KHTML, like Gecko) Version/8.0.2 Safari/600.2.5 (Amazonbot/0.1; +https://developer.amazon.com/support/amazonbot)"
52.70.240.171 - - [08/Nov/2023:05:19:44 +0100] "GET /keychain-jewel-tree-life-beige-p-40751.html HTTP/1.0" 200 79896 "-" "Mozilla/5.0 (Macintosh; Intel Mac OS X 10_10_1) AppleWebKit/600.2.5 (KHTML, like Gecko) Version/8.0.2 Safari/600.2.5 (Amazonbot/0.1; +https://developer.amazon.com/support/amazonbot)"
85.208.96.194 - - [08/Nov/2023:05:19:45 +0100] "GET /-p-28386.html HTTP/1.0" 200 77271 "-" "Mozilla/5.0 (compatible; SemrushBot/7~bl; +http://www.semrush.com/bot.html)"
128.42.28.84 - - [08/Nov/2023:05:19:47 +0100] "GET /images/mini_prod/boudha1384010191170.jpg HTTP/1.0" 200 275 "-" "Mozilla/5.0 (X11; Ubuntu; Linux x86_64; rv:72.0) Gecko/20100101 Firefox/72.0"
23.22.35.162 - - [08/Nov/2023:05:19:46 +0100] "GET /keychain-jewel-tree-life-parma-p-40750.html HTTP/1.0" 200 79963 "-" "Mozilla/5.0 (Macintosh; Intel Mac OS X 10_10_1) AppleWebKit/600.2.5 (KHTML, like Gecko) Version/8.0.2 Safari/600.2.5 (Amazonbot/0.1; +https://developer.amazon.com/support/amazonbot)"
23.22.35.162 - - [08/Nov/2023:05:19:48 +0100] "GET /incense-c-231_226.html?page=3 HTTP/1.0" 200 98492 "-" "Mozilla/5.0 (Macintosh; Intel Mac OS X 10_10_1) AppleWebKit/600.2.5 (KHTML, like Gecko) Version/8.0.2 Safari/600.2.5 (Amazonbot/0.1; +https://developer.amazon.com/support/amazonbot)"
85.208.96.206 - - [08/Nov/2023:05:19:48 +0100] "GET /chair-cushion-with-fringes-green-p-48323.html HTTP/1.0" 200 77377 "-" "Mozilla/5.0 (compatible; SemrushBot/7~bl; +http://www.semrush.com/bot.html)"
46.4.108.51 - - [08/Nov/2023:05:19:48 +0100] "GET /mirror-c-13_133.html?page=2 HTTP/1.0" 200 97776 "-" "Mozilla/5.0 (compatible; AwarioBot/1.0; +https://awario.com/bots.html)"
3.224.220.101 - - [08/Nov/2023:05:19:50 +0100] "GET /incense-c-231_226.html?page=4 HTTP/1.0" 200 98947 "-" "Mozilla/5.0 (Macintosh; Intel Mac OS X 10_10_1) AppleWebKit/600.2.5 (KHTML, like Gecko) Version/8.0.2 Safari/600.2.5 (Amazonbot/0.1; +https://developer.amazon.com/support/amazonbot)"
85.208.96.206 - - [08/Nov/2023:05:19:51 +0100] "GET /daisy-duck-cosmetic-pouch-p-28836.html HTTP/1.0" 200 79727 "-" "Mozilla/5.0 (compatible; SemrushBot/7~bl; +http://www.semrush.com/bot.html)"
3.224.220.101 - - [08/Nov/2023:05:19:52 +0100] "GET /incense-c-231_226.html?page=5 HTTP/1.0" 200 98457 "-" "Mozilla/5.0 (Macintosh; Intel Mac OS X 10_10_1) AppleWebKit/600.2.5 (KHTML, like Gecko) Version/8.0.2 Safari/600.2.5 (Amazonbot/0.1; +https://developer.amazon.com/support/amazonbot)"
85.208.96.207 - - [08/Nov/2023:05:19:55 +0100] "GET /minnie-mouse-with-chocolate-figurine-p-53261.html HTTP/1.0" 200 81458 "-" "Mozilla/5.0 (compatible; SemrushBot/7~bl; +http://www.semrush.com/bot.html)"
46.4.108.51 - - [08/Nov/2023:05:19:58 +0100] "GET /robots.txt HTTP/1.0" 200 245 "-" "Mozilla/5.0 (compatible; AwarioBot/1.0; +https://awario.com/bots.html)"
46.4.108.51 - - [08/Nov/2023:05:19:58 +0100] "GET /mirror-c-13_133.html?page=3 HTTP/1.0" 200 95778 "-" "Mozilla/5.0 (compatible; AwarioBot/1.0; +https://awario.com/bots.html)"
52.70.240.171 - - [08/Nov/2023:05:20:03 +0100] "GET /rugs-c-11_269.html HTTP/1.0" 200 98048 "-" "Mozilla/5.0 (Macintosh; Intel Mac OS X 10_10_1) AppleWebKit/600.2.5 (KHTML, like Gecko) Version/8.0.2 Safari/600.2.5 (Amazonbot/0.1; +https://developer.amazon.com/support/amazonbot)"
3.224.220.101 - - [08/Nov/2023:05:20:16 +0100] "GET /tables-c-13_206.html HTTP/1.0" 200 94399 "-" "Mozilla/5.0 (Macintosh; Intel Mac OS X 10_10_1) AppleWebKit/600.2.5 (KHTML, like Gecko) Version/8.0.2 Safari/600.2.5 (Amazonbot/0.1; +https://developer.amazon.com/support/amazonbot)"
3.224.220.101 - - [08/Nov/2023:05:20:17 +0100] "GET /french-shirt-glass-coasters-p-45185.html HTTP/1.0" 200 79623 "-" "Mozilla/5.0 (Macintosh; Intel Mac OS X 10_10_1) AppleWebKit/600.2.5 (KHTML, like Gecko) Version/8.0.2 Safari/600.2.5 (Amazonbot/0.1; +https://developer.amazon.com/support/amazonbot)"
23.22.35.162 - - [08/Nov/2023:05:20:19 +0100] "GET /incense-c-231_226.html?page=6 HTTP/1.0" 200 99278 "-" "Mozilla/5.0 (Macintosh; Intel Mac OS X 10_10_1) AppleWebKit/600.2.5 (KHTML, like Gecko) Version/8.0.2 Safari/600.2.5 (Amazonbot/0.1; +https://developer.amazon.com/support/amazonbot)"
23.22.35.162 - - [08/Nov/2023:05:20:23 +0100] "GET /incense-c-231_226.html?page=7 HTTP/1.0" 200 85566 "-" "Mozilla/5.0 (Macintosh; Intel Mac OS X 10_10_1) AppleWebKit/600.2.5 (KHTML, like Gecko) Version/8.0.2 Safari/600.2.5 (Amazonbot/0.1; +https://developer.amazon.com/support/amazonbot)"
23.22.35.162 - - [08/Nov/2023:05:20:24 +0100] "GET /breakfast-c-12_61.html?page=5 HTTP/1.0" 200 94069 "-" "Mozilla/5.0 (Macintosh; Intel Mac OS X 10_10_1) AppleWebKit/600.2.5 (KHTML, like Gecko) Version/8.0.2 Safari/600.2.5 (Amazonbot/0.1; +https://developer.amazon.com/support/amazonbot)"
52.70.240.171 - - [08/Nov/2023:05:20:27 +0100] "GET /breakfast-c-12_61.html?page=4 HTTP/1.0" 200 99288 "-" "Mozilla/5.0 (Macintosh; Intel Mac OS X 10_10_1) AppleWebKit/600.2.5 (KHTML, like Gecko) Version/8.0.2 Safari/600.2.5 (Amazonbot/0.1; +https://developer.amazon.com/support/amazonbot)"
46.4.108.51 - - [08/Nov/2023:05:20:29 +0100] "GET /mirror-love-kittens-p-21301.html HTTP/1.0" 200 79516 "-" "Mozilla/5.0 (compatible; AwarioBot/1.0; +https://awario.com/bots.html)"
85.208.96.203 - - [08/Nov/2023:05:20:35 +0100] "GET /bookmark-lenticular-happy-birthday-p-19152.html HTTP/1.0" 200 79891 "-" "Mozilla/5.0 (compatible; SemrushBot/7~bl; +http://www.semrush.com/bot.html)"
85.208.96.210 - - [08/Nov/2023:05:20:39 +0100] "GET /bookend-faces-p-60201.html HTTP/1.0" 200 77313 "-" "Mozilla/5.0 (compatible; SemrushBot/7~bl; +http://www.semrush.com/bot.html)"
46.4.108.51 - - [08/Nov/2023:05:20:43 +0100] "GET /miso-cute-kimmidoll-love-p-21767.html HTTP/1.0" 200 84093 "-" "Mozilla/5.0 (compatible; AwarioBot/1.0; +https://awario.com/bots.html)"
85.208.96.193 - - [08/Nov/2023:05:20:44 +0100] "GET /-p-53746.html HTTP/1.0" 200 77271 "-" "Mozilla/5.0 (compatible; SemrushBot/7~bl; +http://www.semrush.com/bot.html)"
185.191.171.3 - - [08/Nov/2023:05:20:50 +0100] "GET /hello-kitty-large-backpack-p-19832.html HTTP/1.0" 200 79998 "-" "Mozilla/5.0 (compatible; SemrushBot/7~bl; +http://www.semrush.com/bot.html)"
46.4.108.51 - - [08/Nov/2023:05:20:54 +0100] "GET /miss-mister-saltshaker-pepper-p-28748.html HTTP/1.0" 200 79823 "-" "Mozilla/5.0 (compatible; AwarioBot/1.0; +https://awario.com/bots.html)"
23.22.35.162 - - [08/Nov/2023:05:20:55 +0100] "GET /display-coasters-black-metal-p-35233.html HTTP/1.0" 200 79712 "-" "Mozilla/5.0 (Macintosh; Intel Mac OS X 10_10_1) AppleWebKit/600.2.5 (KHTML, like Gecko) Version/8.0.2 Safari/600.2.5 (Amazonbot/0.1; +https://developer.amazon.com/support/amazonbot)"
85.208.96.202 - - [08/Nov/2023:05:21:01 +0100] "GET /gold-turquoise-buddha-statue-p-60485.html HTTP/1.0" 200 80747 "-" "Mozilla/5.0 (compatible; SemrushBot/7~bl; +http://www.semrush.com/bot.html)"
52.25.208.208 - - [08/Nov/2023:05:21:06 +0100] "GET /glass-cutting-board-cbkreation-p-51281.html HTTP/1.0" 200 79703 "-" "thesis-research-bot"
46.4.108.51 - - [08/Nov/2023:05:21:07 +0100] "GET /miss-photo-frame-p-5145.html HTTP/1.0" 200 79640 "-" "Mozilla/5.0 (compatible; AwarioBot/1.0; +https://awario.com/bots.html)"
100.21.24.205 - - [08/Nov/2023:05:21:07 +0100] "GET /glass-cutting-board-cbkreation-p-51282.html HTTP/1.0" 200 79703 "-" "thesis-research-bot"
100.21.24.205 - - [08/Nov/2023:05:21:08 +0100] "GET /glass-cutting-board-cbkreation-p-51283.html HTTP/1.0" 200 79703 "-" "thesis-research-bot"
44.230.252.91 - - [08/Nov/2023:05:21:10 +0100] "GET /glass-cutting-board-cbkreation-p-51284.html HTTP/1.0" 200 79703 "-" "thesis-research-bot"
44.230.252.91 - - [08/Nov/2023:05:21:10 +0100] "GET /glass-cutting-board-cbkreation-p-51286.html HTTP/1.0" 200 79703 "-" "thesis-research-bot"
100.21.24.205 - - [08/Nov/2023:05:21:11 +0100] "GET /glass-cutting-board-cbkreation-p-51287.html HTTP/1.0" 200 79703 "-" "thesis-research-bot"
100.21.24.205 - - [08/Nov/2023:05:21:12 +0100] "GET /glass-cutting-board-cbkreation-p-51288.html HTTP/1.0" 200 79703 "-" "thesis-research-bot"
100.21.24.205 - - [08/Nov/2023:05:21:14 +0100] "GET /glass-cutting-board-cbkreation-p-51293.html HTTP/1.0" 200 79703 "-" "thesis-research-bot"
185.191.171.4 - - [08/Nov/2023:05:21:15 +0100] "GET /waltz-statue-camille-claudel-p-55512.html HTTP/1.0" 200 80782 "-" "Mozilla/5.0 (compatible; SemrushBot/7~bl; +http://www.semrush.com/bot.html)"
44.230.252.91 - - [08/Nov/2023:05:21:15 +0100] "GET /glass-cutting-board-cbkreation-p-51296.html HTTP/1.0" 200 79703 "-" "thesis-research-bot"
52.25.208.208 - - [08/Nov/2023:05:21:16 +0100] "GET /glass-cutting-board-cbkreation-p-51297.html HTTP/1.0" 200 79703 "-" "thesis-research-bot"
44.230.252.91 - - [08/Nov/2023:05:21:17 +0100] "GET /glass-cutting-board-cbkreation-p-51301.html HTTP/1.0" 200 79703 "-" "thesis-research-bot"
44.230.252.91 - - [08/Nov/2023:05:21:16 +0100] "GET /glass-cutting-board-cbkreation-p-51291.html HTTP/1.0" 200 79703 "-" "thesis-research-bot"
3.224.220.101 - - [08/Nov/2023:05:21:17 +0100] "GET /-c-95_354.html HTTP/1.0" 200 76139 "-" "Mozilla/5.0 (Macintosh; Intel Mac OS X 10_10_1) AppleWebKit/600.2.5 (KHTML, like Gecko) Version/8.0.2 Safari/600.2.5 (Amazonbot/0.1; +https://developer.amazon.com/support/amazonbot)"
44.230.252.91 - - [08/Nov/2023:05:21:19 +0100] "GET /glass-cutting-board-cbkreation-p-51304.html HTTP/1.0" 200 79703 "-" "thesis-research-bot"
23.22.35.162 - - [08/Nov/2023:05:21:19 +0100] "GET /square-coasters-cbkreation-p-17730.html HTTP/1.0" 200 79777 "-" "Mozilla/5.0 (Macintosh; Intel Mac OS X 10_10_1) AppleWebKit/600.2.5 (KHTML, like Gecko) Version/8.0.2 Safari/600.2.5 (Amazonbot/0.1; +https://developer.amazon.com/support/amazonbot)"
52.25.208.208 - - [08/Nov/2023:05:21:19 +0100] "GET /glass-cutting-board-cbkreation-p-51303.html HTTP/1.0" 200 79703 "-" "thesis-research-bot"
44.230.252.91 - - [08/Nov/2023:05:21:20 +0100] "GET /glass-cutting-board-cbkreation-p-51305.html HTTP/1.0" 200 79703 "-" "thesis-research-bot"
52.25.208.208 - - [08/Nov/2023:05:21:21 +0100] "GET /glass-cutting-board-cbkreation-p-51306.html HTTP/1.0" 200 79703 "-" "thesis-research-bot"
23.22.35.162 - - [08/Nov/2023:05:21:21 +0100] "GET /circle-coasters-starry-russian-doll-cbkreation-p-18471.html HTTP/1.0" 200 79932 "-" "Mozilla/5.0 (Macintosh; Intel Mac OS X 10_10_1) AppleWebKit/600.2.5 (KHTML, like Gecko) Version/8.0.2 Safari/600.2.5 (Amazonbot/0.1; +https://developer.amazon.com/support/amazonbot)"
46.4.108.51 - - [08/Nov/2023:05:21:22 +0100] "GET /miss-sunshine-computer-p-34669.html HTTP/1.0" 200 79845 "-" "Mozilla/5.0 (compatible; AwarioBot/1.0; +https://awario.com/bots.html)"
44.230.252.91 - - [08/Nov/2023:05:21:22 +0100] "GET /glass-cutting-board-cbkreation-p-51307.html HTTP/1.0" 200 79703 "-" "thesis-research-bot"
52.25.208.208 - - [08/Nov/2023:05:21:23 +0100] "GET /glass-cutting-board-cbkreation-p-51308.html HTTP/1.0" 200 79703 "-" "thesis-research-bot"
23.22.35.162 - - [08/Nov/2023:05:21:23 +0100] "GET /little-green-hearts-circle-coasters-cbkreation-p-17903.html HTTP/1.0" 200 79952 "-" "Mozilla/5.0 (Macintosh; Intel Mac OS X 10_10_1) AppleWebKit/600.2.5 (KHTML, like Gecko) Version/8.0.2 Safari/600.2.5 (Amazonbot/0.1; +https://developer.amazon.com/support/amazonbot)"
52.25.208.208 - - [08/Nov/2023:05:21:24 +0100] "GET /glass-cutting-board-cbkreation-p-51309.html HTTP/1.0" 200 79703 "-" "thesis-research-bot"
100.21.24.205 - - [08/Nov/2023:05:21:25 +0100] "GET /glass-cutting-board-cbkreation-p-51310.html HTTP/1.0" 200 79703 "-" "thesis-research-bot"
3.224.220.101 - - [08/Nov/2023:05:21:26 +0100] "GET /circle-coasters-liberty-russian-doll-cbkreation-p-18492.html HTTP/1.0" 200 79938 "-" "Mozilla/5.0 (Macintosh; Intel Mac OS X 10_10_1) AppleWebKit/600.2.5 (KHTML, like Gecko) Version/8.0.2 Safari/600.2.5 (Amazonbot/0.1; +https://developer.amazon.com/support/amazonbot)"
100.21.24.205 - - [08/Nov/2023:05:21:26 +0100] "GET /trivet-boards-c-12_158.html?page=1 HTTP/1.0" 200 101072 "-" "thesis-research-bot"
85.208.96.196 - - [08/Nov/2023:05:21:32 +0100] "GET /-p-55770.html HTTP/1.0" 200 77271 "-" "Mozilla/5.0 (compatible; SemrushBot/7~bl; +http://www.semrush.com/bot.html)"
173.252.83.120 - - [08/Nov/2023:05:21:36 +0100] "GET /images/mini_prod/3520071779195NN.jpg HTTP/1.0" 200 271 "-" "facebookexternalhit/1.1 (+http://www.facebook.com/externalhit_uatext.php)"
85.208.96.206 - - [08/Nov/2023:05:21:36 +0100] "GET /stitch-tree-topper-p-58751.html HTTP/1.0" 200 77345 "-" "Mozilla/5.0 (compatible; SemrushBot/7~bl; +http://www.semrush.com/bot.html)"
85.208.96.206 - - [08/Nov/2023:05:21:41 +0100] "GET /green-teapot-p-54061.html HTTP/1.0" 200 77309 "-" "Mozilla/5.0 (compatible; SemrushBot/7~bl; +http://www.semrush.com/bot.html)"
46.4.108.51 - - [08/Nov/2023:05:21:42 +0100] "GET /miss-sunshine-little-mirror-p-8861.html HTTP/1.0" 200 79824 "-" "Mozilla/5.0 (compatible; AwarioBot/1.0; +https://awario.com/bots.html)"
23.22.35.162 - - [08/Nov/2023:05:21:43 +0100] "GET /coasters-argentina-cbkreation-p-15023.html HTTP/1.0" 200 79830 "-" "Mozilla/5.0 (Macintosh; Intel Mac OS X 10_10_1) AppleWebKit/600.2.5 (KHTML, like Gecko) Version/8.0.2 Safari/600.2.5 (Amazonbot/0.1; +https://developer.amazon.com/support/amazonbot)"
52.70.240.171 - - [08/Nov/2023:05:21:46 +0100] "GET /aspect-mandala-coasters-orange-p-54063.html HTTP/1.0" 200 79702 "-" "Mozilla/5.0 (Macintosh; Intel Mac OS X 10_10_1) AppleWebKit/600.2.5 (KHTML, like Gecko) Version/8.0.2 Safari/600.2.5 (Amazonbot/0.1; +https://developer.amazon.com/support/amazonbot)"
85.208.96.205 - - [08/Nov/2023:05:21:46 +0100] "GET /white-table-lamp-p-44530.html HTTP/1.0" 200 80430 "-" "Mozilla/5.0 (compatible; SemrushBot/7~bl; +http://www.semrush.com/bot.html)"
3.224.220.101 - - [08/Nov/2023:05:21:48 +0100] "GET /coasters-mandala-purple-p-47006.html HTTP/1.0" 200 80265 "-" "Mozilla/5.0 (Macintosh; Intel Mac OS X 10_10_1) AppleWebKit/600.2.5 (KHTML, like Gecko) Version/8.0.2 Safari/600.2.5 (Amazonbot/0.1; +https://developer.amazon.com/support/amazonbot)"
46.4.108.51 - - [08/Nov/2023:05:21:48 +0100] "GET /miss-wallet-p-2683.html HTTP/1.0" 200 79840 "-" "Mozilla/5.0 (compatible; AwarioBot/1.0; +https://awario.com/bots.html)"
3.224.220.101 - - [08/Nov/2023:05:21:51 +0100] "GET /coasters-geisha-cbkreation-p-23366.html HTTP/1.0" 200 79759 "-" "Mozilla/5.0 (Macintosh; Intel Mac OS X 10_10_1) AppleWebKit/600.2.5 (KHTML, like Gecko) Version/8.0.2 Safari/600.2.5 (Amazonbot/0.1; +https://developer.amazon.com/support/amazonbot)"
3.224.220.101 - - [08/Nov/2023:05:21:52 +0100] "GET /square-coasters-liberty-russian-doll-cbkreation-p-18493.html HTTP/1.0" 200 79943 "-" "Mozilla/5.0 (Macintosh; Intel Mac OS X 10_10_1) AppleWebKit/600.2.5 (KHTML, like Gecko) Version/8.0.2 Safari/600.2.5 (Amazonbot/0.1; +https://developer.amazon.com/support/amazonbot)"
23.22.35.162 - - [08/Nov/2023:05:21:53 +0100] "GET /square-coasters-starry-russian-doll-cbkreation-p-18470.html HTTP/1.0" 200 79920 "-" "Mozilla/5.0 (Macintosh; Intel Mac OS X 10_10_1) AppleWebKit/600.2.5 (KHTML, like Gecko) Version/8.0.2 Safari/600.2.5 (Amazonbot/0.1; +https://developer.amazon.com/support/amazonbot)"
185.191.171.11 - - [08/Nov/2023:05:21:56 +0100] "GET /gilt-with-personalized-picture-p-16639.html HTTP/1.0" 200 80158 "-" "Mozilla/5.0 (compatible; SemrushBot/7~bl; +http://www.semrush.com/bot.html)"
23.22.35.162 - - [08/Nov/2023:05:21:57 +0100] "GET /square-coasters-little-green-hearts-cbkreation-p-17904.html HTTP/1.0" 200 79918 "-" "Mozilla/5.0 (Macintosh; Intel Mac OS X 10_10_1) AppleWebKit/600.2.5 (KHTML, like Gecko) Version/8.0.2 Safari/600.2.5 (Amazonbot/0.1; +https://developer.amazon.com/support/amazonbot)"
46.4.108.51 - - [08/Nov/2023:05:22:00 +0100] "GET /robots.txt HTTP/1.0" 200 245 "-" "Mozilla/5.0 (compatible; AwarioBot/1.0; +https://awario.com/bots.html)"
46.4.108.51 - - [08/Nov/2023:05:22:00 +0100] "GET /mister-long-sleeve-shirt-p-31041.html HTTP/1.0" 200 80804 "-" "Mozilla/5.0 (compatible; AwarioBot/1.0; +https://awario.com/bots.html)"
52.70.240.171 - - [08/Nov/2023:05:22:00 +0100] "GET /square-coasters-houndstooth-russian-doll-cbkreation-p-18425.html HTTP/1.0" 200 79953 "-" "Mozilla/5.0 (Macintosh; Intel Mac OS X 10_10_1) AppleWebKit/600.2.5 (KHTML, like Gecko) Version/8.0.2 Safari/600.2.5 (Amazonbot/0.1; +https://developer.amazon.com/support/amazonbot)"
52.70.240.171 - - [08/Nov/2023:05:22:01 +0100] "GET /mandala-coasters-orange-p-54067.html HTTP/1.0" 200 79653 "-" "Mozilla/5.0 (Macintosh; Intel Mac OS X 10_10_1) AppleWebKit/600.2.5 (KHTML, like Gecko) Version/8.0.2 Safari/600.2.5 (Amazonbot/0.1; +https://developer.amazon.com/support/amazonbot)"
52.70.240.171 - - [08/Nov/2023:05:22:04 +0100] "GET /mandala-coasters-purple-p-59362.html HTTP/1.0" 200 79653 "-" "Mozilla/5.0 (Macintosh; Intel Mac OS X 10_10_1) AppleWebKit/600.2.5 (KHTML, like Gecko) Version/8.0.2 Safari/600.2.5 (Amazonbot/0.1; +https://developer.amazon.com/support/amazonbot)"
23.22.35.162 - - [08/Nov/2023:05:22:05 +0100] "GET /kiub-animals-jewels-coasters-p-53849.html HTTP/1.0" 200 79743 "-" "Mozilla/5.0 (Macintosh; Intel Mac OS X 10_10_1) AppleWebKit/600.2.5 (KHTML, like Gecko) Version/8.0.2 Safari/600.2.5 (Amazonbot/0.1; +https://developer.amazon.com/support/amazonbot)"
46.4.108.51 - - [08/Nov/2023:05:22:10 +0100] "GET /moai-statue-p-54268.html HTTP/1.0" 200 80257 "-" "Mozilla/5.0 (compatible; AwarioBot/1.0; +https://awario.com/bots.html)"
3.224.220.101 - - [08/Nov/2023:05:22:18 +0100] "GET /mandala-coasters-purple-p-54077.html HTTP/1.0" 200 79653 "-" "Mozilla/5.0 (Macintosh; Intel Mac OS X 10_10_1) AppleWebKit/600.2.5 (KHTML, like Gecko) Version/8.0.2 Safari/600.2.5 (Amazonbot/0.1; +https://developer.amazon.com/support/amazonbot)"
23.22.35.162 - - [08/Nov/2023:05:22:20 +0100] "GET /carlin-coasters-cbkreation-p-23363.html HTTP/1.0" 200 79648 "-" "Mozilla/5.0 (Macintosh; Intel Mac OS X 10_10_1) AppleWebKit/600.2.5 (KHTML, like Gecko) Version/8.0.2 Safari/600.2.5 (Amazonbot/0.1; +https://developer.amazon.com/support/amazonbot)"
173.252.83.5 - - [08/Nov/2023:05:22:22 +0100] "GET /images/mini_prod/3503420146008B.jpg HTTP/1.0" 200 270 "-" "facebookexternalhit/1.1 (+http://www.facebook.com/externalhit_uatext.php)"
44.230.252.91 - - [08/Nov/2023:05:22:25 +0100] "GET /glass-cutting-board-cherry-p-47881.html HTTP/1.0" 200 79650 "-" "thesis-research-bot"
44.230.252.91 - - [08/Nov/2023:05:22:26 +0100] "GET /camargue-cross-metal-trivet-p-35368.html HTTP/1.0" 200 79653 "-" "thesis-research-bot"
100.21.24.205 - - [08/Nov/2023:05:22:27 +0100] "GET /cooking-recipe-cutting-board-p-43887.html HTTP/1.0" 200 79681 "-" "thesis-research-bot"
100.21.24.205 - - [08/Nov/2023:05:22:28 +0100] "GET /cooking-recipe-cutting-board-p-43888.html HTTP/1.0" 200 79681 "-" "thesis-research-bot"
52.70.240.171 - - [08/Nov/2023:05:22:29 +0100] "GET /coasters-union-jack-cbkreation-p-15021.html HTTP/1.0" 200 79795 "-" "Mozilla/5.0 (Macintosh; Intel Mac OS X 10_10_1) AppleWebKit/600.2.5 (KHTML, like Gecko) Version/8.0.2 Safari/600.2.5 (Amazonbot/0.1; +https://developer.amazon.com/support/amazonbot)"
46.4.108.51 - - [08/Nov/2023:05:22:29 +0100] "GET /mobile-bells-metal-butterfly-p-41510.html HTTP/1.0" 200 79703 "-" "Mozilla/5.0 (compatible; AwarioBot/1.0; +https://awario.com/bots.html)"
100.21.24.205 - - [08/Nov/2023:05:22:29 +0100] "GET /cooking-recipe-cutting-board-p-43889.html HTTP/1.0" 200 79681 "-" "thesis-research-bot"
44.230.252.91 - - [08/Nov/2023:05:22:30 +0100] "GET /cooking-recipe-cutting-board-p-44525.html HTTP/1.0" 200 79681 "-" "thesis-research-bot"
3.224.220.101 - - [08/Nov/2023:05:22:31 +0100] "GET /carlin-coasters-cbkreation-p-23362.html HTTP/1.0" 200 79648 "-" "Mozilla/5.0 (Macintosh; Intel Mac OS X 10_10_1) AppleWebKit/600.2.5 (KHTML, like Gecko) Version/8.0.2 Safari/600.2.5 (Amazonbot/0.1; +https://developer.amazon.com/support/amazonbot)"
173.252.83.10 - - [08/Nov/2023:05:22:32 +0100] "GET /images/mini_prod/5050293802206.jpg HTTP/1.0" 200 269 "-" "facebookexternalhit/1.1 (+http://www.facebook.com/externalhit_uatext.php)"
23.22.35.162 - - [08/Nov/2023:05:22:33 +0100] "GET /coasters-jamaica-cbkreation-p-15020.html HTTP/1.0" 200 79795 "-" "Mozilla/5.0 (Macintosh; Intel Mac OS X 10_10_1) AppleWebKit/600.2.5 (KHTML, like Gecko) Version/8.0.2 Safari/600.2.5 (Amazonbot/0.1; +https://developer.amazon.com/support/amazonbot)"
46.4.108.51 - - [08/Nov/2023:05:22:35 +0100] "GET /mobile-bells-metal-elephants-p-41509.html HTTP/1.0" 200 80327 "-" "Mozilla/5.0 (compatible; AwarioBot/1.0; +https://awario.com/bots.html)"
52.70.240.171 - - [08/Nov/2023:05:22:35 +0100] "GET /coasters-geisha-cbkreation-p-23367.html HTTP/1.0" 200 79759 "-" "Mozilla/5.0 (Macintosh; Intel Mac OS X 10_10_1) AppleWebKit/600.2.5 (KHTML, like Gecko) Version/8.0.2 Safari/600.2.5 (Amazonbot/0.1; +https://developer.amazon.com/support/amazonbot)"
52.70.240.171 - - [08/Nov/2023:05:22:37 +0100] "GET /kiub-coasters-little-prince-p-60016.html HTTP/1.0" 200 79725 "-" "Mozilla/5.0 (Macintosh; Intel Mac OS X 10_10_1) AppleWebKit/600.2.5 (KHTML, like Gecko) Version/8.0.2 Safari/600.2.5 (Amazonbot/0.1; +https://developer.amazon.com/support/amazonbot)"
46.4.108.51 - - [08/Nov/2023:05:22:49 +0100] "GET /mobile-metallic-tealight-blue-house-p-38563.html HTTP/1.0" 200 79820 "-" "Mozilla/5.0 (compatible; AwarioBot/1.0; +https://awario.com/bots.html)"
44.230.252.91 - - [08/Nov/2023:05:22:54 +0100] "GET /bear-plush-p-25888.html HTTP/1.0" 200 79675 "-" "thesis-research-bot"
100.21.24.205 - - [08/Nov/2023:05:22:55 +0100] "GET /puppet-britto-p-15445.html HTTP/1.0" 200 79705 "-" "thesis-research-bot"
100.21.24.205 - - [08/Nov/2023:05:22:56 +0100] "GET /gund-spunky-abc123-animated-plush-p-45661.html HTTP/1.0" 200 80230 "-" "thesis-research-bot"
100.21.24.205 - - [08/Nov/2023:05:22:57 +0100] "GET /keel-toys-plush-unicorn-valentine-p-51013.html HTTP/1.0" 200 79841 "-" "thesis-research-bot"
44.230.252.91 - - [08/Nov/2023:05:22:58 +0100] "GET /plush-bunny-glitter-motsu-keel-toys-p-54174.html HTTP/1.0" 200 79916 "-" "thesis-research-bot"
44.230.252.91 - - [08/Nov/2023:05:22:59 +0100] "GET /plush-panda-glitter-motsu-keel-toys-p-54173.html HTTP/1.0" 200 79937 "-" "thesis-research-bot"
100.21.24.205 - - [08/Nov/2023:05:23:00 +0100] "GET /plush-panda-glitter-motsu-keel-toys-p-54191.html HTTP/1.0" 200 79916 "-" "thesis-research-bot"
42.236.97.247 - - [08/Nov/2023:05:23:03 +0100] "GET /images/mini_prod/8424001278909.jpg HTTP/1.0" 200 269 "http://www.wonder-geek.com/images/mini_prod/8424001278909.jpg" "Mozilla/5.0 (Windows NT 10.0; Win64; x64) AppleWebKit/537.36 (KHTML, like Gecko) Chrome/80.0.3987.132 Safari/537.36"
44.230.252.91 - - [08/Nov/2023:05:23:01 +0100] "GET /plush-tiger-glitter-motsu-keel-toys-p-54175.html HTTP/1.0" 200 79916 "-" "thesis-research-bot"
52.167.144.145 - - [08/Nov/2023:05:23:02 +0100] "GET /money-boxes-c-13_83.html?page=6 HTTP/1.0" 200 91301 "-" "Mozilla/5.0 AppleWebKit/537.36 (KHTML, like Gecko; compatible; bingbot/2.0; +http://www.bing.com/bingbot.htm) Chrome/103.0.5060.134 Safari/537.36"
100.21.24.205 - - [08/Nov/2023:05:23:02 +0100] "GET /large-plush-tchoupi-p-27481.html HTTP/1.0" 200 79732 "-" "thesis-research-bot"
44.230.252.91 - - [08/Nov/2023:05:23:03 +0100] "GET /plush-elephant-glitter-motsu-keel-toys-p-54190.html HTTP/1.0" 200 79940 "-" "thesis-research-bot"
44.230.252.91 - - [08/Nov/2023:05:23:04 +0100] "GET /plush-unicorn-glitter-motsu-keel-toys-p-54172.html HTTP/1.0" 200 79881 "-" "thesis-research-bot"
52.25.208.208 - - [08/Nov/2023:05:23:05 +0100] "GET /masha-bear-doll-sled-p-36999.html HTTP/1.0" 200 80355 "-" "thesis-research-bot"
100.21.24.205 - - [08/Nov/2023:05:23:06 +0100] "GET /trudi-perla-lamb-soft-p-16221.html HTTP/1.0" 200 79764 "-" "thesis-research-bot"
52.25.208.208 - - [08/Nov/2023:05:23:08 +0100] "GET /small-soft-toys-christmas-balls-p-56332.html HTTP/1.0" 200 80967 "-" "thesis-research-bot"
52.25.208.208 - - [08/Nov/2023:05:23:08 +0100] "GET /soft-rattle-gund-beige-p-21368.html HTTP/1.0" 200 79869 "-" "thesis-research-bot"
100.21.24.205 - - [08/Nov/2023:05:23:13 +0100] "GET /love-london-rectangular-mirror-p-29008.html HTTP/1.0" 200 79670 "-" "thesis-research-bot"
44.230.252.91 - - [08/Nov/2023:05:23:14 +0100] "GET /star-wars-rectangular-mirror-p-31609.html HTTP/1.0" 200 79663 "-" "thesis-research-bot"
100.21.24.205 - - [08/Nov/2023:05:23:15 +0100] "GET /mirror-c-13_133.html?page=2 HTTP/1.0" 200 97776 "-" "thesis-research-bot"
100.21.24.205 - - [08/Nov/2023:05:23:16 +0100] "GET /mirror-c-13_133.html?page=3 HTTP/1.0" 200 95778 "-" "thesis-research-bot"
3.224.220.101 - - [08/Nov/2023:05:23:19 +0100] "GET /kiub-coasters-little-prince-p-60015.html HTTP/1.0" 200 79725 "-" "Mozilla/5.0 (Macintosh; Intel Mac OS X 10_10_1) AppleWebKit/600.2.5 (KHTML, like Gecko) Version/8.0.2 Safari/600.2.5 (Amazonbot/0.1; +https://developer.amazon.com/support/amazonbot)"
46.4.108.51 - - [08/Nov/2023:05:23:21 +0100] "GET /mobile-tealight-brown-patinated-metal-butterfly-heart-p-37208.html HTTP/1.0" 200 79931 "-" "Mozilla/5.0 (compatible; AwarioBot/1.0; +https://awario.com/bots.html)"
52.70.240.171 - - [08/Nov/2023:05:23:21 +0100] "GET /panda-paris-glass-coasters-p-46533.html HTTP/1.0" 200 79627 "-" "Mozilla/5.0 (Macintosh; Intel Mac OS X 10_10_1) AppleWebKit/600.2.5 (KHTML, like Gecko) Version/8.0.2 Safari/600.2.5 (Amazonbot/0.1; +https://developer.amazon.com/support/amazonbot)"
185.191.171.19 - - [08/Nov/2023:05:23:24 +0100] "GET /flag-door-journals-p-29732.html HTTP/1.0" 200 77341 "-" "Mozilla/5.0 (compatible; SemrushBot/7~bl; +http://www.semrush.com/bot.html)"
3.224.220.101 - - [08/Nov/2023:05:23:24 +0100] "GET /kiub-coasters-little-prince-p-53846.html HTTP/1.0" 200 79723 "-" "Mozilla/5.0 (Macintosh; Intel Mac OS X 10_10_1) AppleWebKit/600.2.5 (KHTML, like Gecko) Version/8.0.2 Safari/600.2.5 (Amazonbot/0.1; +https://developer.amazon.com/support/amazonbot)"
23.22.35.162 - - [08/Nov/2023:05:23:25 +0100] "GET /christmas-under-glasses-p-49645.html HTTP/1.0" 200 80266 "-" "Mozilla/5.0 (Macintosh; Intel Mac OS X 10_10_1) AppleWebKit/600.2.5 (KHTML, like Gecko) Version/8.0.2 Safari/600.2.5 (Amazonbot/0.1; +https://developer.amazon.com/support/amazonbot)"
168.138.105.69 - - [08/Nov/2023:05:23:30 +0100] "GET /images/mini_prod/3453131146852.jpg HTTP/1.0" 200 269 "-" "Mozilla/5.0 (X11; Ubuntu; Linux x86_64; rv:72.0) Gecko/20100101 Firefox/72.0"
46.4.108.51 - - [08/Nov/2023:05:23:31 +0100] "GET /mobile-tealight-brown-patinated-metal-butterfly-p-37207.html HTTP/1.0" 200 79884 "-" "Mozilla/5.0 (compatible; AwarioBot/1.0; +https://awario.com/bots.html)"
85.208.96.200 - - [08/Nov/2023:05:23:33 +0100] "GET /-p-45752.html HTTP/1.0" 200 77271 "-" "Mozilla/5.0 (compatible; SemrushBot/7~bl; +http://www.semrush.com/bot.html)"
52.70.240.171 - - [08/Nov/2023:05:23:33 +0100] "GET /star-mandala-pattern-coasters-p-47455.html HTTP/1.0" 200 80329 "-" "Mozilla/5.0 (Macintosh; Intel Mac OS X 10_10_1) AppleWebKit/600.2.5 (KHTML, like Gecko) Version/8.0.2 Safari/600.2.5 (Amazonbot/0.1; +https://developer.amazon.com/support/amazonbot)"
185.191.171.13 - - [08/Nov/2023:05:23:36 +0100] "GET /-p-49131.html HTTP/1.0" 200 77271 "-" "Mozilla/5.0 (compatible; SemrushBot/7~bl; +http://www.semrush.com/bot.html)"
42.236.23.96 - - [08/Nov/2023:05:23:44 +0100] "GET /images/mini_prod/5051265800374.jpg HTTP/1.0" 200 269 "http://www.wonder-geek.com/images/mini_prod/5051265800374.jpg" "Mozilla/5.0 (Windows NT 10.0; Win64; x64) AppleWebKit/537.36 (KHTML, like Gecko) Chrome/80.0.3987.132 Safari/537.36"
52.25.208.208 - - [08/Nov/2023:05:23:47 +0100] "GET /candy-cloud-coin-purse-bella-p-49867.html HTTP/1.0" 200 79696 "-" "thesis-research-bot"
44.230.252.91 - - [08/Nov/2023:05:23:48 +0100] "GET /candy-cloud-coin-purse-dasha-p-49865.html HTTP/1.0" 200 79696 "-" "thesis-research-bot"
52.25.208.208 - - [08/Nov/2023:05:23:49 +0100] "GET /candy-cloud-coin-purse-jazzy-p-49866.html HTTP/1.0" 200 79696 "-" "thesis-research-bot"
100.21.24.205 - - [08/Nov/2023:05:23:50 +0100] "GET /amazon-love-coin-purse-jungle-p-50273.html HTTP/1.0" 200 80691 "-" "thesis-research-bot"
46.4.108.51 - - [08/Nov/2023:05:23:51 +0100] "GET /model-felt-orange-p-20193.html HTTP/1.0" 200 79753 "-" "Mozilla/5.0 (compatible; AwarioBot/1.0; +https://awario.com/bots.html)"
44.230.252.91 - - [08/Nov/2023:05:23:51 +0100] "GET /amazon-love-coin-purse-macaws-p-50274.html HTTP/1.0" 200 80691 "-" "thesis-research-bot"
185.191.171.9 - - [08/Nov/2023:05:23:52 +0100] "GET /moroccan-ashtray-p-40176.html HTTP/1.0" 200 77325 "-" "Mozilla/5.0 (compatible; SemrushBot/7~bl; +http://www.semrush.com/bot.html)"
44.230.252.91 - - [08/Nov/2023:05:23:52 +0100] "GET /amazon-love-coin-purse-sloths-p-50271.html HTTP/1.0" 200 80691 "-" "thesis-research-bot"
100.21.24.205 - - [08/Nov/2023:05:23:53 +0100] "GET /purse-wallet-c-31_76.html?page=1 HTTP/1.0" 200 97518 "-" "thesis-research-bot"
85.208.96.200 - - [08/Nov/2023:05:24:02 +0100] "GET /michelle-allen-keyring-p-36950.html HTTP/1.0" 200 80900 "-" "Mozilla/5.0 (compatible; SemrushBot/7~bl; +http://www.semrush.com/bot.html)"
46.4.108.51 - - [08/Nov/2023:05:24:03 +0100] "GET /robots.txt HTTP/1.0" 200 245 "-" "Mozilla/5.0 (compatible; AwarioBot/1.0; +https://awario.com/bots.html)"
46.4.108.51 - - [08/Nov/2023:05:24:03 +0100] "GET /model-felt-yellow-p-20192.html HTTP/1.0" 200 79753 "-" "Mozilla/5.0 (compatible; AwarioBot/1.0; +https://awario.com/bots.html)"
173.252.83.11 - - [08/Nov/2023:05:24:05 +0100] "GET /images/mini_prod/1384010200636.jpg HTTP/1.0" 200 269 "-" "facebookexternalhit/1.1 (+http://www.facebook.com/externalhit_uatext.php)"
185.191.171.16 - - [08/Nov/2023:05:24:08 +0100] "GET /boho-indian-pouch-tree-life-p-42923.html HTTP/1.0" 200 77401 "-" "Mozilla/5.0 (compatible; SemrushBot/7~bl; +http://www.semrush.com/bot.html)"
3.224.220.101 - - [08/Nov/2023:05:24:11 +0100] "GET /-c-95_295.html HTTP/1.0" 200 76139 "-" "Mozilla/5.0 (Macintosh; Intel Mac OS X 10_10_1) AppleWebKit/600.2.5 (KHTML, like Gecko) Version/8.0.2 Safari/600.2.5 (Amazonbot/0.1; +https://developer.amazon.com/support/amazonbot)"
3.224.220.101 - - [08/Nov/2023:05:24:12 +0100] "GET /-c-95_329.html HTTP/1.0" 200 76139 "-" "Mozilla/5.0 (Macintosh; Intel Mac OS X 10_10_1) AppleWebKit/600.2.5 (KHTML, like Gecko) Version/8.0.2 Safari/600.2.5 (Amazonbot/0.1; +https://developer.amazon.com/support/amazonbot)"
85.208.96.196 - - [08/Nov/2023:05:24:17 +0100] "GET /incense-sticks-burner-storage-flowers-p-58689.html HTTP/1.0" 200 80980 "-" "Mozilla/5.0 (compatible; SemrushBot/7~bl; +http://www.semrush.com/bot.html)"
46.4.108.51 - - [08/Nov/2023:05:24:17 +0100] "GET /model-long-sleeve-shirt-p-50920.html HTTP/1.0" 200 83719 "-" "Mozilla/5.0 (compatible; AwarioBot/1.0; +https://awario.com/bots.html)"
185.191.171.11 - - [08/Nov/2023:05:24:25 +0100] "GET /cats-bees-fine-bone-china-p-55472.html HTTP/1.0" 200 79813 "-" "Mozilla/5.0 (compatible; SemrushBot/7~bl; +http://www.semrush.com/bot.html)"
173.252.83.3 - - [08/Nov/2023:05:24:27 +0100] "GET /images/mini_prod/3560600296298.jpg HTTP/1.0" 200 269 "-" "facebookexternalhit/1.1 (+http://www.facebook.com/externalhit_uatext.php)"
46.4.108.51 - - [08/Nov/2023:05:24:27 +0100] "GET /mojito-metal-tray-p-53575.html HTTP/1.0" 200 80477 "-" "Mozilla/5.0 (compatible; AwarioBot/1.0; +https://awario.com/bots.html)"
3.224.220.101 - - [08/Nov/2023:05:24:35 +0100] "GET /-c-95_336.html HTTP/1.0" 200 76139 "-" "Mozilla/5.0 (Macintosh; Intel Mac OS X 10_10_1) AppleWebKit/600.2.5 (KHTML, like Gecko) Version/8.0.2 Safari/600.2.5 (Amazonbot/0.1; +https://developer.amazon.com/support/amazonbot)"
46.4.108.51 - - [08/Nov/2023:05:24:36 +0100] "GET /monaco-homework-notebooks-p-36936.html HTTP/1.0" 200 79860 "-" "Mozilla/5.0 (compatible; AwarioBot/1.0; +https://awario.com/bots.html)"
3.224.220.101 - - [08/Nov/2023:05:24:37 +0100] "GET /lampshades-c-86_277.html HTTP/1.0" 200 95003 "-" "Mozilla/5.0 (Macintosh; Intel Mac OS X 10_10_1) AppleWebKit/600.2.5 (KHTML, like Gecko) Version/8.0.2 Safari/600.2.5 (Amazonbot/0.1; +https://developer.amazon.com/support/amazonbot)"
52.70.240.171 - - [08/Nov/2023:05:24:40 +0100] "GET /pencil-case-c-31_75.html HTTP/1.0" 200 100902 "-" "Mozilla/5.0 (Macintosh; Intel Mac OS X 10_10_1) AppleWebKit/600.2.5 (KHTML, like Gecko) Version/8.0.2 Safari/600.2.5 (Amazonbot/0.1; +https://developer.amazon.com/support/amazonbot)"
3.224.220.101 - - [08/Nov/2023:05:24:40 +0100] "GET /long-sleeves-shirts-c-1_21.html HTTP/1.0" 200 84718 "-" "Mozilla/5.0 (Macintosh; Intel Mac OS X 10_10_1) AppleWebKit/600.2.5 (KHTML, like Gecko) Version/8.0.2 Safari/600.2.5 (Amazonbot/0.1; +https://developer.amazon.com/support/amazonbot)"
44.230.252.91 - - [08/Nov/2023:05:24:42 +0100] "GET /nici-plush-collection-bubble-bunny-p-35157.html HTTP/1.0" 200 86575 "-" "thesis-research-bot"
23.22.35.162 - - [08/Nov/2023:05:24:42 +0100] "GET /incense-satya-traditional-ayurveda-grams-about-sticks-p-53777.html HTTP/1.0" 200 81657 "-" "Mozilla/5.0 (Macintosh; Intel Mac OS X 10_10_1) AppleWebKit/600.2.5 (KHTML, like Gecko) Version/8.0.2 Safari/600.2.5 (Amazonbot/0.1; +https://developer.amazon.com/support/amazonbot)"
52.25.208.208 - - [08/Nov/2023:05:24:44 +0100] "GET /nici-plush-collection-bubble-giraffe-p-35155.html HTTP/1.0" 200 86591 "-" "thesis-research-bot"
100.21.24.205 - - [08/Nov/2023:05:24:43 +0100] "GET /nici-plush-collection-bubble-panda-p-35153.html HTTP/1.0" 200 86575 "-" "thesis-research-bot"
23.22.35.162 - - [08/Nov/2023:05:24:45 +0100] "GET /amber-aromatika-incense-sticks-p-59277.html HTTP/1.0" 200 80436 "-" "Mozilla/5.0 (Macintosh; Intel Mac OS X 10_10_1) AppleWebKit/600.2.5 (KHTML, like Gecko) Version/8.0.2 Safari/600.2.5 (Amazonbot/0.1; +https://developer.amazon.com/support/amazonbot)"
52.25.208.208 - - [08/Nov/2023:05:24:45 +0100] "GET /plush-panda-glitter-motsu-keel-toys-p-54192.html HTTP/1.0" 200 79921 "-" "thesis-research-bot"
100.21.24.205 - - [08/Nov/2023:05:24:46 +0100] "GET /beanie-babies-plush-little-pony-rarity-p-28131.html HTTP/1.0" 200 79978 "-" "thesis-research-bot"
23.22.35.162 - - [08/Nov/2023:05:24:46 +0100] "GET /cedar-aromatika-incense-sticks-p-59283.html HTTP/1.0" 200 80352 "-" "Mozilla/5.0 (Macintosh; Intel Mac OS X 10_10_1) AppleWebKit/600.2.5 (KHTML, like Gecko) Version/8.0.2 Safari/600.2.5 (Amazonbot/0.1; +https://developer.amazon.com/support/amazonbot)"
23.22.35.162 - - [08/Nov/2023:05:24:47 +0100] "GET /iris-aromatika-incense-sticks-p-59267.html HTTP/1.0" 200 80336 "-" "Mozilla/5.0 (Macintosh; Intel Mac OS X 10_10_1) AppleWebKit/600.2.5 (KHTML, like Gecko) Version/8.0.2 Safari/600.2.5 (Amazonbot/0.1; +https://developer.amazon.com/support/amazonbot)"
3.224.220.101 - - [08/Nov/2023:05:24:47 +0100] "GET /clove-aromatika-incense-sticks-p-59273.html HTTP/1.0" 200 80435 "-" "Mozilla/5.0 (Macintosh; Intel Mac OS X 10_10_1) AppleWebKit/600.2.5 (KHTML, like Gecko) Version/8.0.2 Safari/600.2.5 (Amazonbot/0.1; +https://developer.amazon.com/support/amazonbot)"
52.25.208.208 - - [08/Nov/2023:05:24:47 +0100] "GET /gund-blue-small-plush-p-32417.html HTTP/1.0" 200 79753 "-" "thesis-research-bot"
100.21.24.205 - - [08/Nov/2023:05:24:48 +0100] "GET /gund-pink-small-plush-p-32416.html HTTP/1.0" 200 79753 "-" "thesis-research-bot"
23.22.35.162 - - [08/Nov/2023:05:24:49 +0100] "GET /copal-aromatika-incense-sticks-p-58246.html HTTP/1.0" 200 80374 "-" "Mozilla/5.0 (Macintosh; Intel Mac OS X 10_10_1) AppleWebKit/600.2.5 (KHTML, like Gecko) Version/8.0.2 Safari/600.2.5 (Amazonbot/0.1; +https://developer.amazon.com/support/amazonbot)"
44.230.252.91 - - [08/Nov/2023:05:24:49 +0100] "GET /unicorn-plush-gold-white-p-49624.html HTTP/1.0" 200 79783 "-" "thesis-research-bot"
3.224.220.101 - - [08/Nov/2023:05:24:50 +0100] "GET /lotus-aromatika-incense-sticks-p-59268.html HTTP/1.0" 200 80347 "-" "Mozilla/5.0 (Macintosh; Intel Mac OS X 10_10_1) AppleWebKit/600.2.5 (KHTML, like Gecko) Version/8.0.2 Safari/600.2.5 (Amazonbot/0.1; +https://developer.amazon.com/support/amazonbot)"
100.21.24.205 - - [08/Nov/2023:05:24:50 +0100] "GET /unicorn-plush-pink-white-p-47647.html HTTP/1.0" 200 79757 "-" "thesis-research-bot"
23.22.35.162 - - [08/Nov/2023:05:24:50 +0100] "GET /honey-aromatika-incense-sticks-p-59278.html HTTP/1.0" 200 80346 "-" "Mozilla/5.0 (Macintosh; Intel Mac OS X 10_10_1) AppleWebKit/600.2.5 (KHTML, like Gecko) Version/8.0.2 Safari/600.2.5 (Amazonbot/0.1; +https://developer.amazon.com/support/amazonbot)"
100.21.24.205 - - [08/Nov/2023:05:24:51 +0100] "GET /little-brown-bear-soft-p-22537.html HTTP/1.0" 200 79905 "-" "thesis-research-bot"
85.208.96.199 - - [08/Nov/2023:05:24:51 +0100] "GET /writing-correction-c-129_186.html?page=5 HTTP/1.0" 200 90492 "-" "Mozilla/5.0 (compatible; SemrushBot/7~bl; +http://www.semrush.com/bot.html)"
46.4.108.51 - - [08/Nov/2023:05:24:52 +0100] "GET /monaco-white-wallet-p-38645.html HTTP/1.0" 200 80551 "-" "Mozilla/5.0 (compatible; AwarioBot/1.0; +https://awario.com/bots.html)"
52.25.208.208 - - [08/Nov/2023:05:24:52 +0100] "GET /small-teddy-bear-rabbit-christmas-tree-decoration-p-53984.html HTTP/1.0" 200 79989 "-" "thesis-research-bot"
111.225.148.7 - - [08/Nov/2023:05:24:58 +0100] "GET /robots.txt HTTP/1.0" 200 245 "-" "Mozilla/5.0 (Linux; Android 5.0) AppleWebKit/537.36 (KHTML, like Gecko) Mobile Safari/537.36 (compatible; Bytespider; https://zhanzhang.toutiao.com/)"
52.70.240.171 - - [08/Nov/2023:05:25:05 +0100] "GET /pontifical-frankincense-vanilla-aromatika-incense-sticks-p-59270.html HTTP/1.0" 200 80622 "-" "Mozilla/5.0 (Macintosh; Intel Mac OS X 10_10_1) AppleWebKit/600.2.5 (KHTML, like Gecko) Version/8.0.2 Safari/600.2.5 (Amazonbot/0.1; +https://developer.amazon.com/support/amazonbot)"
85.208.96.201 - - [08/Nov/2023:05:25:07 +0100] "GET /lotus-candleholder-chakra-goldlining-p-35524.html HTTP/1.0" 200 81208 "-" "Mozilla/5.0 (compatible; SemrushBot/7~bl; +http://www.semrush.com/bot.html)"
46.4.108.51 - - [08/Nov/2023:05:25:11 +0100] "GET /money-bank-carlin-cbkreation-p-30094.html HTTP/1.0" 200 79705 "-" "Mozilla/5.0 (compatible; AwarioBot/1.0; +https://awario.com/bots.html)"
3.224.220.101 - - [08/Nov/2023:05:25:13 +0100] "GET /musk-aromatika-incense-sticks-p-59281.html HTTP/1.0" 200 80337 "-" "Mozilla/5.0 (Macintosh; Intel Mac OS X 10_10_1) AppleWebKit/600.2.5 (KHTML, like Gecko) Version/8.0.2 Safari/600.2.5 (Amazonbot/0.1; +https://developer.amazon.com/support/amazonbot)"
52.70.240.171 - - [08/Nov/2023:05:25:15 +0100] "GET /rose-aromatika-incense-sticks-p-59285.html HTTP/1.0" 200 80336 "-" "Mozilla/5.0 (Macintosh; Intel Mac OS X 10_10_1) AppleWebKit/600.2.5 (KHTML, like Gecko) Version/8.0.2 Safari/600.2.5 (Amazonbot/0.1; +https://developer.amazon.com/support/amazonbot)"
85.208.96.208 - - [08/Nov/2023:05:25:17 +0100] "GET /glass-cutting-board-cbkreation-p-51907.html HTTP/1.0" 200 79703 "-" "Mozilla/5.0 (compatible; SemrushBot/7~bl; +http://www.semrush.com/bot.html)"
23.22.35.162 - - [08/Nov/2023:05:25:17 +0100] "GET /champa-backflow-incense-cones-p-57300.html HTTP/1.0" 200 80071 "-" "Mozilla/5.0 (Macintosh; Intel Mac OS X 10_10_1) AppleWebKit/600.2.5 (KHTML, like Gecko) Version/8.0.2 Safari/600.2.5 (Amazonbot/0.1; +https://developer.amazon.com/support/amazonbot)"
52.70.240.171 - - [08/Nov/2023:05:25:19 +0100] "GET /rita-aromatika-incense-sticks-p-44350.html HTTP/1.0" 200 80362 "-" "Mozilla/5.0 (Macintosh; Intel Mac OS X 10_10_1) AppleWebKit/600.2.5 (KHTML, like Gecko) Version/8.0.2 Safari/600.2.5 (Amazonbot/0.1; +https://developer.amazon.com/support/amazonbot)"
52.70.240.171 - - [08/Nov/2023:05:25:21 +0100] "GET /manicure-articles-c-31_204.html HTTP/1.0" 200 94485 "-" "Mozilla/5.0 (Macintosh; Intel Mac OS X 10_10_1) AppleWebKit/600.2.5 (KHTML, like Gecko) Version/8.0.2 Safari/600.2.5 (Amazonbot/0.1; +https://developer.amazon.com/support/amazonbot)"
185.191.171.3 - - [08/Nov/2023:05:25:23 +0100] "GET /ceramic-cork-trivet-beer-capsule-blue-p-54087.html HTTP/1.0" 200 77421 "-" "Mozilla/5.0 (compatible; SemrushBot/7~bl; +http://www.semrush.com/bot.html)"
3.224.220.101 - - [08/Nov/2023:05:25:25 +0100] "GET /long-sleeves-shirts-c-1_21.html HTTP/1.0" 200 84718 "-" "Mozilla/5.0 (Macintosh; Intel Mac OS X 10_10_1) AppleWebKit/600.2.5 (KHTML, like Gecko) Version/8.0.2 Safari/600.2.5 (Amazonbot/0.1; +https://developer.amazon.com/support/amazonbot)"
23.22.35.162 - - [08/Nov/2023:05:25:28 +0100] "GET /incense-satya-rose-boxes-grams-p-57764.html HTTP/1.0" 200 80792 "-" "Mozilla/5.0 (Macintosh; Intel Mac OS X 10_10_1) AppleWebKit/600.2.5 (KHTML, like Gecko) Version/8.0.2 Safari/600.2.5 (Amazonbot/0.1; +https://developer.amazon.com/support/amazonbot)"
85.208.96.207 - - [08/Nov/2023:05:25:29 +0100] "GET /infuser-rest-c-12_247.html?page=2 HTTP/1.0" 200 97873 "-" "Mozilla/5.0 (compatible; SemrushBot/7~bl; +http://www.semrush.com/bot.html)"
3.224.220.101 - - [08/Nov/2023:05:25:32 +0100] "GET /tasty-wineberry-made-germany-p-58344.html HTTP/1.0" 200 80950 "-" "Mozilla/5.0 (Macintosh; Intel Mac OS X 10_10_1) AppleWebKit/600.2.5 (KHTML, like Gecko) Version/8.0.2 Safari/600.2.5 (Amazonbot/0.1; +https://developer.amazon.com/support/amazonbot)"
52.70.240.171 - - [08/Nov/2023:05:25:36 +0100] "GET /glass-cups-with-wooden-cups-copper-inscriptions-p-49414.html HTTP/1.0" 200 79905 "-" "Mozilla/5.0 (Macintosh; Intel Mac OS X 10_10_1) AppleWebKit/600.2.5 (KHTML, like Gecko) Version/8.0.2 Safari/600.2.5 (Amazonbot/0.1; +https://developer.amazon.com/support/amazonbot)"
173.252.83.6 - - [08/Nov/2023:05:25:38 +0100] "GET /images/big_prod_2/8424345986119C.jpg HTTP/1.0" 200 271 "-" "facebookexternalhit/1.1 (+http://www.facebook.com/externalhit_uatext.php)"
46.4.108.51 - - [08/Nov/2023:05:25:37 +0100] "GET /money-boxes-c-13_83.html?page=2 HTTP/1.0" 200 99209 "-" "Mozilla/5.0 (compatible; AwarioBot/1.0; +https://awario.com/bots.html)"
172.98.32.154 - - [08/Nov/2023:05:25:49 +0100] "GET /snowman-solar-powered-dancing-p-34143.html]Test HTTP/1.0" 301 609 "-" "Mozilla/5.0 (Windows NT 6.3; Win64; x64) AppleWebKit/537.36 (KHTML, like Gecko) Chrome/75.0.3770.100 Safari/537.36"
85.208.96.210 - - [08/Nov/2023:05:25:47 +0100] "GET /hello-kitty-tiara-p-13512.html HTTP/1.0" 200 79583 "-" "Mozilla/5.0 (compatible; SemrushBot/7~bl; +http://www.semrush.com/bot.html)"
46.4.108.51 - - [08/Nov/2023:05:25:47 +0100] "GET /money-boxes-c-13_83.html?page=3 HTTP/1.0" 200 98490 "-" "Mozilla/5.0 (compatible; AwarioBot/1.0; +https://awario.com/bots.html)"
173.252.83.6 - - [08/Nov/2023:05:25:55 +0100] "GET /images/mini_prod/8436565220751.jpg HTTP/1.0" 200 269 "-" "facebookexternalhit/1.1 (+http://www.facebook.com/externalhit_uatext.php)"
23.22.35.162 - - [08/Nov/2023:05:25:55 +0100] "GET /small-tassen-porcelain-mood-bowls-made-germany-p-43294.html HTTP/1.0" 200 79964 "-" "Mozilla/5.0 (Macintosh; Intel Mac OS X 10_10_1) AppleWebKit/600.2.5 (KHTML, like Gecko) Version/8.0.2 Safari/600.2.5 (Amazonbot/0.1; +https://developer.amazon.com/support/amazonbot)"
52.25.208.208 - - [08/Nov/2023:05:26:01 +0100] "GET /scented-candles-c-231_227_353.html HTTP/1.0" 200 99647 "-" "thesis-research-bot"
52.25.208.208 - - [08/Nov/2023:05:26:02 +0100] "GET /wooden-boxes-storage-c-13_150_220.html HTTP/1.0" 200 97237 "-" "thesis-research-bot"
185.191.171.2 - - [08/Nov/2023:05:26:03 +0100] "GET /small-piggy-bank-white-p-57583.html HTTP/1.0" 200 80271 "-" "Mozilla/5.0 (compatible; SemrushBot/7~bl; +http://www.semrush.com/bot.html)"
44.230.252.91 - - [08/Nov/2023:05:26:03 +0100] "GET /ottomans-storage-ottomans-c-13_209.html HTTP/1.0" 200 92463 "-" "thesis-research-bot"
46.4.108.51 - - [08/Nov/2023:05:26:03 +0100] "GET /money-boxes-c-13_83.html?page=4 HTTP/1.0" 200 98608 "-" "Mozilla/5.0 (compatible; AwarioBot/1.0; +https://awario.com/bots.html)"
85.208.96.205 - - [08/Nov/2023:05:26:08 +0100] "GET /gorjuss-double-filled-pencil-love-grows-p-52370.html HTTP/1.0" 200 81320 "-" "Mozilla/5.0 (compatible; SemrushBot/7~bl; +http://www.semrush.com/bot.html)"
100.21.24.205 - - [08/Nov/2023:05:26:09 +0100] "GET /magic-moonlight-mickey-minnie-with-moon-figurine-p-55444.html HTTP/1.0" 200 81322 "-" "thesis-research-bot"
52.25.208.208 - - [08/Nov/2023:05:26:10 +0100] "GET /mickey-minnie-wedding-figurine-disney-traditions-p-47685.html HTTP/1.0" 200 81048 "-" "thesis-research-bot"
85.208.96.196 - - [08/Nov/2023:05:26:11 +0100] "GET /ceramic-vase-klimt-kiss-p-55168.html HTTP/1.0" 200 80860 "-" "Mozilla/5.0 (compatible; SemrushBot/7~bl; +http://www.semrush.com/bot.html)"
