44.230.252.91 - - [08/Nov/2023:04:46:10 +0100] "GET /large-tassen-porcelain-mood-bowl-made-germany-p-43279.html HTTP/1.0" 200 80721 "-" "thesis-research-bot"
52.25.208.208 - - [08/Nov/2023:04:46:11 +0100] "GET /large-tassen-porcelain-mood-bowl-made-germany-p-43280.html HTTP/1.0" 200 79825 "-" "thesis-research-bot"
46.4.108.51 - - [08/Nov/2023:04:46:12 +0100] "GET /melt-home-christmas-p-46036.html HTTP/1.0" 200 80365 "-" "Mozilla/5.0 (compatible; AwarioBot/1.0; +https://awario.com/bots.html)"
100.21.24.205 - - [08/Nov/2023:04:46:12 +0100] "GET /large-tassen-porcelain-mood-bowl-made-germany-p-47551.html HTTP/1.0" 200 80964 "-" "thesis-research-bot"
3.224.220.101 - - [08/Nov/2023:04:45:51 +0100] "GET /christmas-tree-ornament-christmas-balls-c-13_271.html HTTP/1.0" 500 66519 "-" "Mozilla/5.0 (Macintosh; Intel Mac OS X 10_10_1) AppleWebKit/600.2.5 (KHTML, like Gecko) Version/8.0.2 Safari/600.2.5 (Amazonbot/0.1; +https://developer.amazon.com/support/amazonbot)"
52.70.240.171 - - [08/Nov/2023:04:46:11 +0100] "GET /long-sleeves-shirts-c-1_21.html HTTP/1.0" 200 84718 "-" "Mozilla/5.0 (Macintosh; Intel Mac OS X 10_10_1) AppleWebKit/600.2.5 (KHTML, like Gecko) Version/8.0.2 Safari/600.2.5 (Amazonbot/0.1; +https://developer.amazon.com/support/amazonbot)"
23.22.35.162 - - [08/Nov/2023:04:46:12 +0100] "GET /long-sleeves-shirts-c-1_21.html HTTP/1.0" 200 84718 "-" "Mozilla/5.0 (Macintosh; Intel Mac OS X 10_10_1) AppleWebKit/600.2.5 (KHTML, like Gecko) Version/8.0.2 Safari/600.2.5 (Amazonbot/0.1; +https://developer.amazon.com/support/amazonbot)"
52.70.240.171 - - [08/Nov/2023:04:46:13 +0100] "GET /long-sleeves-shirts-c-1_21.html HTTP/1.0" 200 84718 "-" "Mozilla/5.0 (Macintosh; Intel Mac OS X 10_10_1) AppleWebKit/600.2.5 (KHTML, like Gecko) Version/8.0.2 Safari/600.2.5 (Amazonbot/0.1; +https://developer.amazon.com/support/amazonbot)"
23.22.35.162 - - [08/Nov/2023:04:46:15 +0100] "GET /long-sleeves-shirts-c-1_21.html HTTP/1.0" 200 84718 "-" "Mozilla/5.0 (Macintosh; Intel Mac OS X 10_10_1) AppleWebKit/600.2.5 (KHTML, like Gecko) Version/8.0.2 Safari/600.2.5 (Amazonbot/0.1; +https://developer.amazon.com/support/amazonbot)"
52.70.240.171 - - [08/Nov/2023:04:46:18 +0100] "GET /long-sleeves-shirts-c-1_21.html HTTP/1.0" 200 84718 "-" "Mozilla/5.0 (Macintosh; Intel Mac OS X 10_10_1) AppleWebKit/600.2.5 (KHTML, like Gecko) Version/8.0.2 Safari/600.2.5 (Amazonbot/0.1; +https://developer.amazon.com/support/amazonbot)"
168.138.105.69 - - [08/Nov/2023:04:46:23 +0100] "GET /images/mini_prod/8433933101193.jpg HTTP/1.0" 200 269 "-" "Mozilla/5.0 (X11; Ubuntu; Linux x86_64; rv:72.0) Gecko/20100101 Firefox/72.0"
44.230.252.91 - - [08/Nov/2023:04:46:20 +0100] "GET /gorjuss-cards-supplied-with-envelope-pulling-your-heart-p-48380.html HTTP/1.0" 200 80004 "-" "thesis-research-bot"
216.244.66.242 - - [08/Nov/2023:04:46:27 +0100] "GET /images/3629810008678.jpg HTTP/1.0" 200 259 "-" "Mozilla/5.0 (compatible; DotBot/1.2; +https://opensiteexplorer.org/dotbot; help@moz.com)"
44.230.252.91 - - [08/Nov/2023:04:46:19 +0100] "GET /cardmaking-c-129_128.html?page=1 HTTP/1.0" 200 98423 "-" "thesis-research-bot"
52.70.240.171 - - [08/Nov/2023:04:46:23 +0100] "GET /school-trolley-c-31_169.html HTTP/1.0" 200 87892 "-" "Mozilla/5.0 (Macintosh; Intel Mac OS X 10_10_1) AppleWebKit/600.2.5 (KHTML, like Gecko) Version/8.0.2 Safari/600.2.5 (Amazonbot/0.1; +https://developer.amazon.com/support/amazonbot)"
216.244.66.242 - - [08/Nov/2023:04:46:34 +0100] "GET /images/3700276281123.jpg HTTP/1.0" 200 259 "-" "Mozilla/5.0 (compatible; DotBot/1.2; +https://opensiteexplorer.org/dotbot; help@moz.com)"
173.252.83.3 - - [08/Nov/2023:04:46:34 +0100] "GET /images/mini_prod/8420004225797.jpg HTTP/1.0" 200 269 "-" "facebookexternalhit/1.1 (+http://www.facebook.com/externalhit_uatext.php)"
3.224.220.101 - - [08/Nov/2023:04:46:20 +0100] "GET /water-bottles-sport-bottles-c-12_161.html HTTP/1.0" 200 100724 "-" "Mozilla/5.0 (Macintosh; Intel Mac OS X 10_10_1) AppleWebKit/600.2.5 (KHTML, like Gecko) Version/8.0.2 Safari/600.2.5 (Amazonbot/0.1; +https://developer.amazon.com/support/amazonbot)"
3.224.220.101 - - [08/Nov/2023:04:46:21 +0100] "GET /small-appliances-hifi-c-13_88.html HTTP/1.0" 500 66417 "-" "Mozilla/5.0 (Macintosh; Intel Mac OS X 10_10_1) AppleWebKit/600.2.5 (KHTML, like Gecko) Version/8.0.2 Safari/600.2.5 (Amazonbot/0.1; +https://developer.amazon.com/support/amazonbot)"
185.191.171.7 - - [08/Nov/2023:04:46:36 +0100] "GET /retro-wooden-lantern-animals-p-52298.html HTTP/1.0" 200 77401 "-" "Mozilla/5.0 (compatible; SemrushBot/7~bl; +http://www.semrush.com/bot.html)"
46.4.108.51 - - [08/Nov/2023:04:46:43 +0100] "GET /melt-pearl-bouquet-p-42633.html HTTP/1.0" 200 80330 "-" "Mozilla/5.0 (compatible; AwarioBot/1.0; +https://awario.com/bots.html)"
85.208.96.208 - - [08/Nov/2023:04:46:46 +0100] "GET /little-buddha-collection-statuette-p-46071.html HTTP/1.0" 200 77397 "-" "Mozilla/5.0 (compatible; SemrushBot/7~bl; +http://www.semrush.com/bot.html)"
52.70.240.171 - - [08/Nov/2023:04:46:48 +0100] "GET /long-sleeves-shirts-c-1_21.html HTTP/1.0" 200 84718 "-" "Mozilla/5.0 (Macintosh; Intel Mac OS X 10_10_1) AppleWebKit/600.2.5 (KHTML, like Gecko) Version/8.0.2 Safari/600.2.5 (Amazonbot/0.1; +https://developer.amazon.com/support/amazonbot)"
3.224.220.101 - - [08/Nov/2023:04:46:50 +0100] "GET /long-sleeves-shirts-c-1_21.html HTTP/1.0" 200 84718 "-" "Mozilla/5.0 (Macintosh; Intel Mac OS X 10_10_1) AppleWebKit/600.2.5 (KHTML, like Gecko) Version/8.0.2 Safari/600.2.5 (Amazonbot/0.1; +https://developer.amazon.com/support/amazonbot)"
46.4.108.51 - - [08/Nov/2023:04:46:55 +0100] "GET /melt-rambling-rose-p-39001.html HTTP/1.0" 200 80332 "-" "Mozilla/5.0 (compatible; AwarioBot/1.0; +https://awario.com/bots.html)"
52.70.240.171 - - [08/Nov/2023:04:46:51 +0100] "GET /soft-toys-security-blanket-c-4_46.html HTTP/1.0" 200 98491 "-" "Mozilla/5.0 (Macintosh; Intel Mac OS X 10_10_1) AppleWebKit/600.2.5 (KHTML, like Gecko) Version/8.0.2 Safari/600.2.5 (Amazonbot/0.1; +https://developer.amazon.com/support/amazonbot)"
52.70.240.171 - - [08/Nov/2023:04:46:53 +0100] "GET /with-infuser-c-12_221.html HTTP/1.0" 200 98320 "-" "Mozilla/5.0 (Macintosh; Intel Mac OS X 10_10_1) AppleWebKit/600.2.5 (KHTML, like Gecko) Version/8.0.2 Safari/600.2.5 (Amazonbot/0.1; +https://developer.amazon.com/support/amazonbot)"
44.230.252.91 - - [08/Nov/2023:04:47:07 +0100] "GET /heart-home-large-candle-hours-honey-poached-pear-p-61114.html HTTP/1.0" 200 81425 "-" "thesis-research-bot"
46.4.108.51 - - [08/Nov/2023:04:47:08 +0100] "GET /melt-snow-angel-p-39003.html HTTP/1.0" 200 80347 "-" "Mozilla/5.0 (compatible; AwarioBot/1.0; +https://awario.com/bots.html)"
52.25.208.208 - - [08/Nov/2023:04:47:08 +0100] "GET /heart-home-large-soaring-crackling-bamboo-candle-p-61058.html HTTP/1.0" 200 80835 "-" "thesis-research-bot"
185.191.171.3 - - [08/Nov/2023:04:47:09 +0100] "GET /wooden-hook-mirror-hooks-p-52864.html HTTP/1.0" 200 79741 "-" "Mozilla/5.0 (compatible; SemrushBot/7~bl; +http://www.semrush.com/bot.html)"
44.230.252.91 - - [08/Nov/2023:04:47:09 +0100] "GET /heart-home-large-winter-pine-cedar-wood-bamboo-candle-p-61059.html HTTP/1.0" 200 80846 "-" "thesis-research-bot"
52.25.208.208 - - [08/Nov/2023:04:47:10 +0100] "GET /heart-home-spiced-apple-cinnamon-large-bamboo-candle-p-61057.html HTTP/1.0" 200 80833 "-" "thesis-research-bot"
3.224.220.101 - - [08/Nov/2023:04:47:14 +0100] "GET /long-sleeves-shirts-c-1_21.html HTTP/1.0" 200 84718 "-" "Mozilla/5.0 (Macintosh; Intel Mac OS X 10_10_1) AppleWebKit/600.2.5 (KHTML, like Gecko) Version/8.0.2 Safari/600.2.5 (Amazonbot/0.1; +https://developer.amazon.com/support/amazonbot)"
173.252.83.117 - - [08/Nov/2023:04:47:19 +0100] "GET /images/mini_prod/8424346259984.jpg HTTP/1.0" 200 269 "-" "facebookexternalhit/1.1 (+http://www.facebook.com/externalhit_uatext.php)"
3.224.220.101 - - [08/Nov/2023:04:47:11 +0100] "GET /fragrances-ambiance-c-231.html HTTP/1.0" 200 99013 "-" "Mozilla/5.0 (Macintosh; Intel Mac OS X 10_10_1) AppleWebKit/600.2.5 (KHTML, like Gecko) Version/8.0.2 Safari/600.2.5 (Amazonbot/0.1; +https://developer.amazon.com/support/amazonbot)"
46.4.108.51 - - [08/Nov/2023:04:47:21 +0100] "GET /melt-sweet-black-cherries-p-37444.html HTTP/1.0" 200 80389 "-" "Mozilla/5.0 (compatible; AwarioBot/1.0; +https://awario.com/bots.html)"
168.138.105.69 - - [08/Nov/2023:04:47:27 +0100] "GET /images/mini_prod/3453131143288.jpg HTTP/1.0" 200 269 "-" "Mozilla/5.0 (X11; Ubuntu; Linux x86_64; rv:72.0) Gecko/20100101 Firefox/72.0"
185.191.171.13 - - [08/Nov/2023:04:47:18 +0100] "GET /scented-candles-novenas-c-231_227.html?page=1 HTTP/1.0" 200 99287 "-" "Mozilla/5.0 (compatible; SemrushBot/7~bl; +http://www.semrush.com/bot.html)"
52.70.240.171 - - [08/Nov/2023:04:47:12 +0100] "GET /toothbox-c-13_150_170.html HTTP/1.0" 500 66457 "-" "Mozilla/5.0 (Macintosh; Intel Mac OS X 10_10_1) AppleWebKit/600.2.5 (KHTML, like Gecko) Version/8.0.2 Safari/600.2.5 (Amazonbot/0.1; +https://developer.amazon.com/support/amazonbot)"
3.224.220.101 - - [08/Nov/2023:04:47:16 +0100] "GET /bedding-protection-c-11_192.html HTTP/1.0" 200 97308 "-" "Mozilla/5.0 (Macintosh; Intel Mac OS X 10_10_1) AppleWebKit/600.2.5 (KHTML, like Gecko) Version/8.0.2 Safari/600.2.5 (Amazonbot/0.1; +https://developer.amazon.com/support/amazonbot)"
185.191.171.18 - - [08/Nov/2023:04:47:31 +0100] "GET /arturo-bedding-p-61203.html HTTP/1.0" 200 80723 "-" "Mozilla/5.0 (compatible; SemrushBot/7~bl; +http://www.semrush.com/bot.html)"
92.204.174.122 - - [08/Nov/2023:04:47:37 +0100] "GET / HTTP/1.0" 301 511 "http://wonder-geek.com/" "Mozilla/5.0 (Windows NT 6.3) AppleWebKit/537.36 (KHTML, like Gecko) Chrome/103.0.0.0 Safari/537.36"
46.4.108.51 - - [08/Nov/2023:04:47:37 +0100] "GET /robots.txt HTTP/1.0" 200 245 "-" "Mozilla/5.0 (compatible; AwarioBot/1.0; +https://awario.com/bots.html)"
185.191.171.9 - - [08/Nov/2023:04:47:35 +0100] "GET /jewel-flower-life-p-48483.html HTTP/1.0" 200 77343 "-" "Mozilla/5.0 (compatible; SemrushBot/7~bl; +http://www.semrush.com/bot.html)"
3.224.220.101 - - [08/Nov/2023:04:47:33 +0100] "GET /long-sleeves-shirts-c-1_21.html HTTP/1.0" 200 84718 "-" "Mozilla/5.0 (Macintosh; Intel Mac OS X 10_10_1) AppleWebKit/600.2.5 (KHTML, like Gecko) Version/8.0.2 Safari/600.2.5 (Amazonbot/0.1; +https://developer.amazon.com/support/amazonbot)"
3.224.220.101 - - [08/Nov/2023:04:47:34 +0100] "GET /long-sleeves-shirts-c-1_21.html HTTP/1.0" 200 84718 "-" "Mozilla/5.0 (Macintosh; Intel Mac OS X 10_10_1) AppleWebKit/600.2.5 (KHTML, like Gecko) Version/8.0.2 Safari/600.2.5 (Amazonbot/0.1; +https://developer.amazon.com/support/amazonbot)"
46.4.108.51 - - [08/Nov/2023:04:47:37 +0100] "GET /mercedes-benz-p-27594.html HTTP/1.0" 200 79622 "-" "Mozilla/5.0 (compatible; AwarioBot/1.0; +https://awario.com/bots.html)"
23.22.35.162 - - [08/Nov/2023:04:47:35 +0100] "GET /long-sleeves-shirts-c-1_21.html HTTP/1.0" 200 84718 "-" "Mozilla/5.0 (Macintosh; Intel Mac OS X 10_10_1) AppleWebKit/600.2.5 (KHTML, like Gecko) Version/8.0.2 Safari/600.2.5 (Amazonbot/0.1; +https://developer.amazon.com/support/amazonbot)"
185.191.171.19 - - [08/Nov/2023:04:47:39 +0100] "GET /paris-germain-litre-p-33907.html HTTP/1.0" 200 79715 "-" "Mozilla/5.0 (compatible; SemrushBot/7~bl; +http://www.semrush.com/bot.html)"
44.230.252.91 - - [08/Nov/2023:04:47:36 +0100] "GET /calendar-workbook-organizer-c-129_189.html HTTP/1.0" 200 95457 "-" "thesis-research-bot"
52.70.240.171 - - [08/Nov/2023:04:47:30 +0100] "GET /salt-pepper-shaker-sets-c-12_160.html HTTP/1.0" 200 97200 "-" "Mozilla/5.0 (Macintosh; Intel Mac OS X 10_10_1) AppleWebKit/600.2.5 (KHTML, like Gecko) Version/8.0.2 Safari/600.2.5 (Amazonbot/0.1; +https://developer.amazon.com/support/amazonbot)"
23.22.35.162 - - [08/Nov/2023:04:47:45 +0100] "GET /calendar-workbook-organizer-c-129_189.html HTTP/1.0" 200 95457 "-" "Mozilla/5.0 (Macintosh; Intel Mac OS X 10_10_1) AppleWebKit/600.2.5 (KHTML, like Gecko) Version/8.0.2 Safari/600.2.5 (Amazonbot/0.1; +https://developer.amazon.com/support/amazonbot)"
3.224.220.101 - - [08/Nov/2023:04:47:44 +0100] "GET /cushions-draft-excluders-c-11_71_316.html HTTP/1.0" 200 97620 "-" "Mozilla/5.0 (Macintosh; Intel Mac OS X 10_10_1) AppleWebKit/600.2.5 (KHTML, like Gecko) Version/8.0.2 Safari/600.2.5 (Amazonbot/0.1; +https://developer.amazon.com/support/amazonbot)"
85.208.96.193 - - [08/Nov/2023:04:47:59 +0100] "GET /-p-36953.html HTTP/1.0" 200 77271 "-" "Mozilla/5.0 (compatible; SemrushBot/7~bl; +http://www.semrush.com/bot.html)"
3.224.220.101 - - [08/Nov/2023:04:47:56 +0100] "GET /long-sleeves-shirts-c-1_21.html HTTP/1.0" 200 84718 "-" "Mozilla/5.0 (Macintosh; Intel Mac OS X 10_10_1) AppleWebKit/600.2.5 (KHTML, like Gecko) Version/8.0.2 Safari/600.2.5 (Amazonbot/0.1; +https://developer.amazon.com/support/amazonbot)"
92.204.174.122 - - [08/Nov/2023:04:47:37 +0100] "GET / HTTP/1.0" 200 159661 "http://www.wonder-geek.com/" "Mozilla/5.0 (Windows NT 6.3) AppleWebKit/537.36 (KHTML, like Gecko) Chrome/103.0.0.0 Safari/537.36"
3.224.220.101 - - [08/Nov/2023:04:47:54 +0100] "GET /calendar-workbook-organizer-c-129_189.html HTTP/1.0" 200 95457 "-" "Mozilla/5.0 (Macintosh; Intel Mac OS X 10_10_1) AppleWebKit/600.2.5 (KHTML, like Gecko) Version/8.0.2 Safari/600.2.5 (Amazonbot/0.1; +https://developer.amazon.com/support/amazonbot)"
46.4.108.51 - - [08/Nov/2023:04:48:02 +0100] "GET /merci-gustave-disney-plates-p-32907.html HTTP/1.0" 200 79726 "-" "Mozilla/5.0 (compatible; AwarioBot/1.0; +https://awario.com/bots.html)"
185.191.171.9 - - [08/Nov/2023:04:48:07 +0100] "GET /bamboo-table-lamp-white-shade-p-54580.html HTTP/1.0" 200 80876 "-" "Mozilla/5.0 (compatible; SemrushBot/7~bl; +http://www.semrush.com/bot.html)"
52.70.240.171 - - [08/Nov/2023:04:48:02 +0100] "GET /paper-towel-dispenser-c-12_253.html HTTP/1.0" 500 66381 "-" "Mozilla/5.0 (Macintosh; Intel Mac OS X 10_10_1) AppleWebKit/600.2.5 (KHTML, like Gecko) Version/8.0.2 Safari/600.2.5 (Amazonbot/0.1; +https://developer.amazon.com/support/amazonbot)"
3.224.220.101 - - [08/Nov/2023:04:48:00 +0100] "GET /shirts-sweatshirts-c-53_54.html HTTP/1.0" 200 99328 "-" "Mozilla/5.0 (Macintosh; Intel Mac OS X 10_10_1) AppleWebKit/600.2.5 (KHTML, like Gecko) Version/8.0.2 Safari/600.2.5 (Amazonbot/0.1; +https://developer.amazon.com/support/amazonbot)"
3.224.220.101 - - [08/Nov/2023:04:47:58 +0100] "GET /meditation-yoga-cushions-c-11_71_317.html HTTP/1.0" 200 95036 "-" "Mozilla/5.0 (Macintosh; Intel Mac OS X 10_10_1) AppleWebKit/600.2.5 (KHTML, like Gecko) Version/8.0.2 Safari/600.2.5 (Amazonbot/0.1; +https://developer.amazon.com/support/amazonbot)"
52.70.240.171 - - [08/Nov/2023:04:47:58 +0100] "GET /photo-frames-memo-clips-c-13_132.html HTTP/1.0" 500 66431 "-" "Mozilla/5.0 (Macintosh; Intel Mac OS X 10_10_1) AppleWebKit/600.2.5 (KHTML, like Gecko) Version/8.0.2 Safari/600.2.5 (Amazonbot/0.1; +https://developer.amazon.com/support/amazonbot)"
92.204.174.122 - - [08/Nov/2023:04:48:08 +0100] "GET /trivet-boards-c-12_158.html HTTP/1.0" 200 101061 "http://www.wonder-geek.com/trivet-boards-c-12_158.html" "Mozilla/5.0 (Windows NT 6.3) AppleWebKit/537.36 (KHTML, like Gecko) Chrome/103.0.0.0 Safari/537.36"
46.4.108.51 - - [08/Nov/2023:04:48:26 +0100] "GET /merde-vido-game-shirt-p-29574.html HTTP/1.0" 200 80848 "-" "Mozilla/5.0 (compatible; AwarioBot/1.0; +https://awario.com/bots.html)"
85.208.96.207 - - [08/Nov/2023:04:48:17 +0100] "GET /coasters-c-12_157.html?page=3 HTTP/1.0" 200 100091 "-" "Mozilla/5.0 (compatible; SemrushBot/7~bl; +http://www.semrush.com/bot.html)"
85.208.96.209 - - [08/Nov/2023:04:48:36 +0100] "GET /heart-home-animated-candle-carousel-gift-p-59022.html HTTP/1.0" 200 77445 "-" "Mozilla/5.0 (compatible; SemrushBot/7~bl; +http://www.semrush.com/bot.html)"
52.70.240.171 - - [08/Nov/2023:04:48:18 +0100] "GET /clocks-c-13_67.html?page=8 HTTP/1.0" 500 66322 "-" "Mozilla/5.0 (Macintosh; Intel Mac OS X 10_10_1) AppleWebKit/600.2.5 (KHTML, like Gecko) Version/8.0.2 Safari/600.2.5 (Amazonbot/0.1; +https://developer.amazon.com/support/amazonbot)"
52.70.240.171 - - [08/Nov/2023:04:48:21 +0100] "GET /clocks-c-13_67.html?page=9 HTTP/1.0" 500 66322 "-" "Mozilla/5.0 (Macintosh; Intel Mac OS X 10_10_1) AppleWebKit/600.2.5 (KHTML, like Gecko) Version/8.0.2 Safari/600.2.5 (Amazonbot/0.1; +https://developer.amazon.com/support/amazonbot)"
92.204.174.122 - - [08/Nov/2023:04:48:29 +0100] "GET /cardboard-boxes-storage-c-13_150_216.html HTTP/1.0" 200 76576 "http://www.wonder-geek.com/cardboard-boxes-storage-c-13_150_216.html" "Mozilla/5.0 (Windows NT 6.3) AppleWebKit/537.36 (KHTML, like Gecko) Chrome/103.0.0.0 Safari/537.36"
185.191.171.16 - - [08/Nov/2023:04:48:40 +0100] "GET /kitchen-p-51615.html HTTP/1.0" 200 77321 "-" "Mozilla/5.0 (compatible; SemrushBot/7~bl; +http://www.semrush.com/bot.html)"
52.70.240.171 - - [08/Nov/2023:04:48:24 +0100] "GET /clocks-c-13_67.html?page=6 HTTP/1.0" 500 66322 "-" "Mozilla/5.0 (Macintosh; Intel Mac OS X 10_10_1) AppleWebKit/600.2.5 (KHTML, like Gecko) Version/8.0.2 Safari/600.2.5 (Amazonbot/0.1; +https://developer.amazon.com/support/amazonbot)"
216.244.66.242 - - [08/Nov/2023:04:48:35 +0100] "GET /stationery-and-cardmaking/cardmaking-c-129_128.html HTTP/1.0" 301 98487 "-" "Mozilla/5.0 (compatible; DotBot/1.2; +https://opensiteexplorer.org/dotbot; help@moz.com)"
173.252.83.14 - - [08/Nov/2023:04:48:47 +0100] "GET /images/big_prod/8480073433004.jpg HTTP/1.0" 200 268 "-" "facebookexternalhit/1.1 (+http://www.facebook.com/externalhit_uatext.php)"
92.204.174.122 - - [08/Nov/2023:04:48:41 +0100] "GET /cushion-headboard-c-11_71_173.html HTTP/1.0" 200 82971 "http://www.wonder-geek.com/cushion-headboard-c-11_71_173.html" "Mozilla/5.0 (Windows NT 6.3) AppleWebKit/537.36 (KHTML, like Gecko) Chrome/103.0.0.0 Safari/537.36"
46.4.108.51 - - [08/Nov/2023:04:48:48 +0100] "GET /merite-biere-metal-tray-p-53579.html HTTP/1.0" 200 80552 "-" "Mozilla/5.0 (compatible; AwarioBot/1.0; +https://awario.com/bots.html)"
23.22.35.162 - - [08/Nov/2023:04:48:48 +0100] "GET /mouse-c-129_85.html?page=5 HTTP/1.0" 200 89934 "-" "Mozilla/5.0 (Macintosh; Intel Mac OS X 10_10_1) AppleWebKit/600.2.5 (KHTML, like Gecko) Version/8.0.2 Safari/600.2.5 (Amazonbot/0.1; +https://developer.amazon.com/support/amazonbot)"
52.70.240.171 - - [08/Nov/2023:04:48:46 +0100] "GET /mouse-c-129_85.html?page=2 HTTP/1.0" 200 98413 "-" "Mozilla/5.0 (Macintosh; Intel Mac OS X 10_10_1) AppleWebKit/600.2.5 (KHTML, like Gecko) Version/8.0.2 Safari/600.2.5 (Amazonbot/0.1; +https://developer.amazon.com/support/amazonbot)"
3.224.220.101 - - [08/Nov/2023:04:48:46 +0100] "GET /mouse-c-129_85.html?page=3 HTTP/1.0" 200 98405 "-" "Mozilla/5.0 (Macintosh; Intel Mac OS X 10_10_1) AppleWebKit/600.2.5 (KHTML, like Gecko) Version/8.0.2 Safari/600.2.5 (Amazonbot/0.1; +https://developer.amazon.com/support/amazonbot)"
92.204.174.122 - - [08/Nov/2023:04:49:00 +0100] "GET /contact_us.php HTTP/1.0" 200 26241 "http://www.wonder-geek.com/contact_us.php" "Mozilla/5.0 (Windows NT 6.3) AppleWebKit/537.36 (KHTML, like Gecko) Chrome/103.0.0.0 Safari/537.36"
92.204.174.122 - - [08/Nov/2023:04:49:01 +0100] "POST /contact_us.php?action=send HTTP/1.0" 200 26603 "http://www.wonder-geek.com/contact_us.php" "Mozilla/5.0 (Windows NT 6.3) AppleWebKit/537.36 (KHTML, like Gecko) Chrome/103.0.0.0 Safari/537.36"
46.4.108.51 - - [08/Nov/2023:04:48:59 +0100] "GET /metal-beer-bucket-bistrot-amis-p-42680.html HTTP/1.0" 200 79761 "-" "Mozilla/5.0 (compatible; AwarioBot/1.0; +https://awario.com/bots.html)"
44.230.252.91 - - [08/Nov/2023:04:49:01 +0100] "GET /decorative-wooden-plate-habite-chez-chien-blue-p-61156.html HTTP/1.0" 200 80757 "-" "thesis-research-bot"
100.21.24.205 - - [08/Nov/2023:04:49:02 +0100] "GET /candle-hours-christmas-tree-p-61067.html HTTP/1.0" 200 81273 "-" "thesis-research-bot"
44.230.252.91 - - [08/Nov/2023:04:49:04 +0100] "GET /decorative-wooden-plate-paris-p-61190.html HTTP/1.0" 200 80485 "-" "thesis-research-bot"
44.230.252.91 - - [08/Nov/2023:04:49:00 +0100] "GET /adaptable-decorative-caps-c-12_249.html HTTP/1.0" 200 85878 "-" "thesis-research-bot"
100.21.24.205 - - [08/Nov/2023:04:49:04 +0100] "GET /products_new.php?page=7 HTTP/1.0" 200 102469 "-" "thesis-research-bot"
46.4.108.51 - - [08/Nov/2023:04:49:11 +0100] "GET /metal-beer-bucket-blue-p-44737.html HTTP/1.0" 200 79638 "-" "Mozilla/5.0 (compatible; AwarioBot/1.0; +https://awario.com/bots.html)"
3.224.220.101 - - [08/Nov/2023:04:49:17 +0100] "GET /sagittarus-mousepad-cbkreation-p-43307.html HTTP/1.0" 200 79731 "-" "Mozilla/5.0 (Macintosh; Intel Mac OS X 10_10_1) AppleWebKit/600.2.5 (KHTML, like Gecko) Version/8.0.2 Safari/600.2.5 (Amazonbot/0.1; +https://developer.amazon.com/support/amazonbot)"
216.244.66.242 - - [08/Nov/2023:04:49:18 +0100] "GET /travel-documents-passport-boarding-pass-p-47344.html HTTP/1.0" 200 80660 "-" "Mozilla/5.0 (compatible; DotBot/1.2; +https://opensiteexplorer.org/dotbot; help@moz.com)"
46.4.108.51 - - [08/Nov/2023:04:49:19 +0100] "GET /metal-beer-bucket-p-44738.html HTTP/1.0" 200 79591 "-" "Mozilla/5.0 (compatible; AwarioBot/1.0; +https://awario.com/bots.html)"
52.70.240.171 - - [08/Nov/2023:04:49:14 +0100] "GET /games-toys-c-4.html?page=9 HTTP/1.0" 200 95784 "-" "Mozilla/5.0 (Macintosh; Intel Mac OS X 10_10_1) AppleWebKit/600.2.5 (KHTML, like Gecko) Version/8.0.2 Safari/600.2.5 (Amazonbot/0.1; +https://developer.amazon.com/support/amazonbot)"
52.70.240.171 - - [08/Nov/2023:04:49:13 +0100] "GET /mouse-c-129_85.html?page=4 HTTP/1.0" 200 98193 "-" "Mozilla/5.0 (Macintosh; Intel Mac OS X 10_10_1) AppleWebKit/600.2.5 (KHTML, like Gecko) Version/8.0.2 Safari/600.2.5 (Amazonbot/0.1; +https://developer.amazon.com/support/amazonbot)"
23.22.35.162 - - [08/Nov/2023:04:49:22 +0100] "GET /scorpio-mousepad-cbkreation-p-43310.html HTTP/1.0" 200 79702 "-" "Mozilla/5.0 (Macintosh; Intel Mac OS X 10_10_1) AppleWebKit/600.2.5 (KHTML, like Gecko) Version/8.0.2 Safari/600.2.5 (Amazonbot/0.1; +https://developer.amazon.com/support/amazonbot)"
185.191.171.12 - - [08/Nov/2023:04:49:30 +0100] "GET /-p-10496.html HTTP/1.0" 200 77271 "-" "Mozilla/5.0 (compatible; SemrushBot/7~bl; +http://www.semrush.com/bot.html)"
40.77.167.5 - - [08/Nov/2023:04:49:19 +0100] "GET /collectible-figurines-decorative-c-13_135.html HTTP/1.0" 200 100784 "-" "Mozilla/5.0 AppleWebKit/537.36 (KHTML, like Gecko; compatible; bingbot/2.0; +http://www.bing.com/bingbot.htm) Chrome/103.0.5060.134 Safari/537.36"
46.4.108.51 - - [08/Nov/2023:04:49:35 +0100] "GET /metal-beer-bucket-p-54342.html HTTP/1.0" 200 80192 "-" "Mozilla/5.0 (compatible; AwarioBot/1.0; +https://awario.com/bots.html)"
52.70.240.171 - - [08/Nov/2023:04:49:37 +0100] "GET /zombie-sniper-mouse-cbkreation-p-30148.html HTTP/1.0" 200 79721 "-" "Mozilla/5.0 (Macintosh; Intel Mac OS X 10_10_1) AppleWebKit/600.2.5 (KHTML, like Gecko) Version/8.0.2 Safari/600.2.5 (Amazonbot/0.1; +https://developer.amazon.com/support/amazonbot)"
185.191.171.12 - - [08/Nov/2023:04:49:37 +0100] "GET /curtains-lace-curtains-c-11_69.html?page=2 HTTP/1.0" 200 92418 "-" "Mozilla/5.0 (compatible; SemrushBot/7~bl; +http://www.semrush.com/bot.html)"
46.4.108.51 - - [08/Nov/2023:04:49:51 +0100] "GET /robots.txt HTTP/1.0" 200 245 "-" "Mozilla/5.0 (compatible; AwarioBot/1.0; +https://awario.com/bots.html)"
216.244.66.242 - - [08/Nov/2023:04:49:48 +0100] "GET /coin-purse-p-30024.html HTTP/1.0" 200 79600 "-" "Mozilla/5.0 (compatible; DotBot/1.2; +https://opensiteexplorer.org/dotbot; help@moz.com)"
173.252.83.4 - - [08/Nov/2023:04:49:51 +0100] "GET /images/mini_prod/3609810091214.jpg HTTP/1.0" 200 269 "-" "facebookexternalhit/1.1 (+http://www.facebook.com/externalhit_uatext.php)"
3.224.220.101 - - [08/Nov/2023:04:49:49 +0100] "GET /love-london-mouse-cbkreation-p-13921.html HTTP/1.0" 200 79674 "-" "Mozilla/5.0 (Macintosh; Intel Mac OS X 10_10_1) AppleWebKit/600.2.5 (KHTML, like Gecko) Version/8.0.2 Safari/600.2.5 (Amazonbot/0.1; +https://developer.amazon.com/support/amazonbot)"
46.4.108.51 - - [08/Nov/2023:04:49:51 +0100] "GET /metal-beer-bucket-p-54343.html HTTP/1.0" 200 80197 "-" "Mozilla/5.0 (compatible; AwarioBot/1.0; +https://awario.com/bots.html)"
185.191.171.14 - - [08/Nov/2023:04:49:52 +0100] "GET /candy-cloud-compact-mirror-dasha-p-49892.html HTTP/1.0" 200 80866 "-" "Mozilla/5.0 (compatible; SemrushBot/7~bl; +http://www.semrush.com/bot.html)"
52.70.240.171 - - [08/Nov/2023:04:49:52 +0100] "GET /russian-dolls-mouse-cbkreation-p-18687.html HTTP/1.0" 200 79684 "-" "Mozilla/5.0 (Macintosh; Intel Mac OS X 10_10_1) AppleWebKit/600.2.5 (KHTML, like Gecko) Version/8.0.2 Safari/600.2.5 (Amazonbot/0.1; +https://developer.amazon.com/support/amazonbot)"
85.208.96.206 - - [08/Nov/2023:04:49:57 +0100] "GET /cotton-floor-cushion-beely-p-53569.html HTTP/1.0" 200 77365 "-" "Mozilla/5.0 (compatible; SemrushBot/7~bl; +http://www.semrush.com/bot.html)"
46.4.108.51 - - [08/Nov/2023:04:50:01 +0100] "GET /metal-beer-bucket-p-54344.html HTTP/1.0" 200 80192 "-" "Mozilla/5.0 (compatible; AwarioBot/1.0; +https://awario.com/bots.html)"
173.252.83.3 - - [08/Nov/2023:04:50:05 +0100] "GET /images/big_prod_2/3574642015410b.jpg HTTP/1.0" 200 271 "-" "facebookexternalhit/1.1 (+http://www.facebook.com/externalhit_uatext.php)"
44.230.252.91 - - [08/Nov/2023:04:49:47 +0100] "GET /water-bottles-sport-bottles-c-12_161.html HTTP/1.0" 200 100724 "-" "thesis-research-bot"
52.70.240.171 - - [08/Nov/2023:04:50:12 +0100] "GET /save-queen-mouse-cbkreation-p-13920.html HTTP/1.0" 200 79702 "-" "Mozilla/5.0 (Macintosh; Intel Mac OS X 10_10_1) AppleWebKit/600.2.5 (KHTML, like Gecko) Version/8.0.2 Safari/600.2.5 (Amazonbot/0.1; +https://developer.amazon.com/support/amazonbot)"
3.224.220.101 - - [08/Nov/2023:04:50:13 +0100] "GET /argentina-mouse-cbkreation-p-13982.html HTTP/1.0" 200 79637 "-" "Mozilla/5.0 (Macintosh; Intel Mac OS X 10_10_1) AppleWebKit/600.2.5 (KHTML, like Gecko) Version/8.0.2 Safari/600.2.5 (Amazonbot/0.1; +https://developer.amazon.com/support/amazonbot)"
46.4.108.51 - - [08/Nov/2023:04:50:23 +0100] "GET /metal-beer-bucket-p-54345.html HTTP/1.0" 200 80192 "-" "Mozilla/5.0 (compatible; AwarioBot/1.0; +https://awario.com/bots.html)"
173.252.83.1 - - [08/Nov/2023:04:50:31 +0100] "GET /images/mini_prod/DSCN2434.gif HTTP/1.0" 404 1308 "-" "facebookexternalhit/1.1 (+http://www.facebook.com/externalhit_uatext.php)"
3.224.220.101 - - [08/Nov/2023:04:50:34 +0100] "GET /quebec-mouse-cbkreation-p-13991.html HTTP/1.0" 200 79595 "-" "Mozilla/5.0 (Macintosh; Intel Mac OS X 10_10_1) AppleWebKit/600.2.5 (KHTML, like Gecko) Version/8.0.2 Safari/600.2.5 (Amazonbot/0.1; +https://developer.amazon.com/support/amazonbot)"
3.224.220.101 - - [08/Nov/2023:04:50:35 +0100] "GET /macaroons-mouse-cbkreation-p-13989.html HTTP/1.0" 200 79618 "-" "Mozilla/5.0 (Macintosh; Intel Mac OS X 10_10_1) AppleWebKit/600.2.5 (KHTML, like Gecko) Version/8.0.2 Safari/600.2.5 (Amazonbot/0.1; +https://developer.amazon.com/support/amazonbot)"
52.70.240.171 - - [08/Nov/2023:04:50:37 +0100] "GET /love-london-mouse-cbkreation-p-23324.html HTTP/1.0" 200 79673 "-" "Mozilla/5.0 (Macintosh; Intel Mac OS X 10_10_1) AppleWebKit/600.2.5 (KHTML, like Gecko) Version/8.0.2 Safari/600.2.5 (Amazonbot/0.1; +https://developer.amazon.com/support/amazonbot)"
23.22.35.162 - - [08/Nov/2023:04:50:39 +0100] "GET /russian-dolls-mouse-cbkreation-p-18688.html HTTP/1.0" 200 79674 "-" "Mozilla/5.0 (Macintosh; Intel Mac OS X 10_10_1) AppleWebKit/600.2.5 (KHTML, like Gecko) Version/8.0.2 Safari/600.2.5 (Amazonbot/0.1; +https://developer.amazon.com/support/amazonbot)"
23.22.35.162 - - [08/Nov/2023:04:50:43 +0100] "GET /keel-toys-plush-heart-bear-p-54158.html HTTP/1.0" 200 79815 "-" "Mozilla/5.0 (Macintosh; Intel Mac OS X 10_10_1) AppleWebKit/600.2.5 (KHTML, like Gecko) Version/8.0.2 Safari/600.2.5 (Amazonbot/0.1; +https://developer.amazon.com/support/amazonbot)"
46.4.108.51 - - [08/Nov/2023:04:50:45 +0100] "GET /metal-beer-bucket-p-55612.html HTTP/1.0" 200 79590 "-" "Mozilla/5.0 (compatible; AwarioBot/1.0; +https://awario.com/bots.html)"
3.224.220.101 - - [08/Nov/2023:04:50:45 +0100] "GET /keel-toys-plush-heart-bear-p-54160.html HTTP/1.0" 200 79810 "-" "Mozilla/5.0 (Macintosh; Intel Mac OS X 10_10_1) AppleWebKit/600.2.5 (KHTML, like Gecko) Version/8.0.2 Safari/600.2.5 (Amazonbot/0.1; +https://developer.amazon.com/support/amazonbot)"
52.25.208.208 - - [08/Nov/2023:04:50:47 +0100] "GET /gold-aluminum-golf-bookend-p-60732.html HTTP/1.0" 200 80476 "-" "thesis-research-bot"
52.70.240.171 - - [08/Nov/2023:04:50:48 +0100] "GET /maxi-gund-fuzzy-plush-bear-p-29248.html HTTP/1.0" 200 79838 "-" "Mozilla/5.0 (Macintosh; Intel Mac OS X 10_10_1) AppleWebKit/600.2.5 (KHTML, like Gecko) Version/8.0.2 Safari/600.2.5 (Amazonbot/0.1; +https://developer.amazon.com/support/amazonbot)"
44.230.252.91 - - [08/Nov/2023:04:50:48 +0100] "GET /gold-resin-elephant-bookend-p-60667.html HTTP/1.0" 200 80288 "-" "thesis-research-bot"
100.21.24.205 - - [08/Nov/2023:04:50:49 +0100] "GET /brown-resin-elephant-bookend-p-60874.html HTTP/1.0" 200 80491 "-" "thesis-research-bot"
85.208.96.199 - - [08/Nov/2023:04:50:55 +0100] "GET /ferns-bamboo-flower-cover-p-57714.html HTTP/1.0" 200 77369 "-" "Mozilla/5.0 (compatible; SemrushBot/7~bl; +http://www.semrush.com/bot.html)"
40.77.167.5 - - [08/Nov/2023:04:50:48 +0100] "GET /shirts-sweatshirts-women-c-53_55.html HTTP/1.0" 200 99371 "-" "Mozilla/5.0 AppleWebKit/537.36 (KHTML, like Gecko; compatible; bingbot/2.0; +http://www.bing.com/bingbot.htm) Chrome/103.0.5060.134 Safari/537.36"
3.224.220.101 - - [08/Nov/2023:04:50:59 +0100] "GET /tiger-wildlife-sitting-plush-p-33444.html HTTP/1.0" 200 79806 "-" "Mozilla/5.0 (Macintosh; Intel Mac OS X 10_10_1) AppleWebKit/600.2.5 (KHTML, like Gecko) Version/8.0.2 Safari/600.2.5 (Amazonbot/0.1; +https://developer.amazon.com/support/amazonbot)"
195.191.219.130 - - [08/Nov/2023:04:51:03 +0100] "GET /robots.txt HTTP/1.0" 200 245 "-" "Mozilla/5.0 (compatible; MJ12bot/v1.4.8; http://mj12bot.com/)"
85.208.96.212 - - [08/Nov/2023:04:51:01 +0100] "GET /jewelry-holder-mirror-p-55772.html HTTP/1.0" 200 77353 "-" "Mozilla/5.0 (compatible; SemrushBot/7~bl; +http://www.semrush.com/bot.html)"
52.70.240.171 - - [08/Nov/2023:04:51:01 +0100] "GET /pusheen-stormy-with-balloons-p-41960.html HTTP/1.0" 200 80808 "-" "Mozilla/5.0 (Macintosh; Intel Mac OS X 10_10_1) AppleWebKit/600.2.5 (KHTML, like Gecko) Version/8.0.2 Safari/600.2.5 (Amazonbot/0.1; +https://developer.amazon.com/support/amazonbot)"
52.70.240.171 - - [08/Nov/2023:04:51:02 +0100] "GET /cancer-mousepad-cbkreation-p-43299.html HTTP/1.0" 200 79699 "-" "Mozilla/5.0 (Macintosh; Intel Mac OS X 10_10_1) AppleWebKit/600.2.5 (KHTML, like Gecko) Version/8.0.2 Safari/600.2.5 (Amazonbot/0.1; +https://developer.amazon.com/support/amazonbot)"
3.224.220.101 - - [08/Nov/2023:04:51:04 +0100] "GET /andorra-mousepad-cbkreation-p-36709.html HTTP/1.0" 200 79706 "-" "Mozilla/5.0 (Macintosh; Intel Mac OS X 10_10_1) AppleWebKit/600.2.5 (KHTML, like Gecko) Version/8.0.2 Safari/600.2.5 (Amazonbot/0.1; +https://developer.amazon.com/support/amazonbot)"
85.208.96.196 - - [08/Nov/2023:04:51:06 +0100] "GET /jane-crowther-ziggy-bowl-p-53865.html HTTP/1.0" 200 77381 "-" "Mozilla/5.0 (compatible; SemrushBot/7~bl; +http://www.semrush.com/bot.html)"
23.22.35.162 - - [08/Nov/2023:04:51:05 +0100] "GET /pisces-mousepad-cbkreation-p-43306.html HTTP/1.0" 200 79700 "-" "Mozilla/5.0 (Macintosh; Intel Mac OS X 10_10_1) AppleWebKit/600.2.5 (KHTML, like Gecko) Version/8.0.2 Safari/600.2.5 (Amazonbot/0.1; +https://developer.amazon.com/support/amazonbot)"
52.70.240.171 - - [08/Nov/2023:04:51:08 +0100] "GET /gemini-mousepad-cbkreation-p-43302.html HTTP/1.0" 200 79699 "-" "Mozilla/5.0 (Macintosh; Intel Mac OS X 10_10_1) AppleWebKit/600.2.5 (KHTML, like Gecko) Version/8.0.2 Safari/600.2.5 (Amazonbot/0.1; +https://developer.amazon.com/support/amazonbot)"
44.230.252.91 - - [08/Nov/2023:04:50:50 +0100] "GET /bookend-c-13_202.html?page=1 HTTP/1.0" 500 66330 "-" "thesis-research-bot"
46.4.108.51 - - [08/Nov/2023:04:51:15 +0100] "GET /metal-beer-bucket-p-55613.html HTTP/1.0" 200 79588 "-" "Mozilla/5.0 (compatible; AwarioBot/1.0; +https://awario.com/bots.html)"
173.252.83.6 - - [08/Nov/2023:04:51:18 +0100] "GET /images/big_prod/8422091864033.jpg HTTP/1.0" 200 268 "-" "facebookexternalhit/1.1 (+http://www.facebook.com/externalhit_uatext.php)"
44.230.252.91 - - [08/Nov/2023:04:51:01 +0100] "GET /bookend-c-13_202.html?page=1 HTTP/1.0" 500 66330 "-" "thesis-research-bot"
23.22.35.162 - - [08/Nov/2023:04:51:25 +0100] "GET /austria-mousepad-cbkreation-p-36711.html HTTP/1.0" 200 79701 "-" "Mozilla/5.0 (Macintosh; Intel Mac OS X 10_10_1) AppleWebKit/600.2.5 (KHTML, like Gecko) Version/8.0.2 Safari/600.2.5 (Amazonbot/0.1; +https://developer.amazon.com/support/amazonbot)"
44.230.252.91 - - [08/Nov/2023:04:51:25 +0100] "GET /laissez-lucie-faire-placemat-p-42715.html HTTP/1.0" 200 79636 "-" "thesis-research-bot"
100.21.24.205 - - [08/Nov/2023:04:51:26 +0100] "GET /placemat-kiub-collection-owls-p-55899.html HTTP/1.0" 200 79668 "-" "thesis-research-bot"
46.4.108.51 - - [08/Nov/2023:04:51:27 +0100] "GET /metal-beer-bucket-p-55614.html HTTP/1.0" 200 79588 "-" "Mozilla/5.0 (compatible; AwarioBot/1.0; +https://awario.com/bots.html)"
185.191.171.8 - - [08/Nov/2023:04:51:30 +0100] "GET /keel-toys-plush-unicorn-valentine-p-51013.html HTTP/1.0" 200 79841 "-" "Mozilla/5.0 (compatible; SemrushBot/7~bl; +http://www.semrush.com/bot.html)"
195.191.219.130 - - [08/Nov/2023:04:51:06 +0100] "GET / HTTP/1.0" 200 159474 "-" "Mozilla/5.0 (compatible; MJ12bot/v1.4.8; http://mj12bot.com/)"
85.208.96.202 - - [08/Nov/2023:04:51:35 +0100] "GET /cotton-floor-cushion-deliciosa-p-57740.html HTTP/1.0" 200 77415 "-" "Mozilla/5.0 (compatible; SemrushBot/7~bl; +http://www.semrush.com/bot.html)"
44.230.252.91 - - [08/Nov/2023:04:51:38 +0100] "GET /deco-soapstone-tree-life-blue-p-53789.html HTTP/1.0" 200 80561 "-" "thesis-research-bot"
46.4.108.51 - - [08/Nov/2023:04:51:38 +0100] "GET /metal-beer-bucket-p-55615.html HTTP/1.0" 200 79588 "-" "Mozilla/5.0 (compatible; AwarioBot/1.0; +https://awario.com/bots.html)"
44.230.252.91 - - [08/Nov/2023:04:51:27 +0100] "GET /placemats-c-12_156.html?page=1 HTTP/1.0" 500 66320 "-" "thesis-research-bot"
173.252.83.116 - - [08/Nov/2023:04:51:49 +0100] "GET /images/mini_prod/3565750261899.jpg HTTP/1.0" 200 269 "-" "facebookexternalhit/1.1 (+http://www.facebook.com/externalhit_uatext.php)"
46.4.108.51 - - [08/Nov/2023:04:51:51 +0100] "GET /robots.txt HTTP/1.0" 200 245 "-" "Mozilla/5.0 (compatible; AwarioBot/1.0; +https://awario.com/bots.html)"
52.25.208.208 - - [08/Nov/2023:04:51:48 +0100] "GET /decorative-wooden-plate-habite-chez-chat-light-grey-p-47825.html HTTP/1.0" 200 80798 "-" "thesis-research-bot"
100.21.24.205 - - [08/Nov/2023:04:51:41 +0100] "GET /-c-95_297.html HTTP/1.0" 500 66243 "-" "thesis-research-bot"
52.25.208.208 - - [08/Nov/2023:04:51:49 +0100] "GET /decorative-wooden-plate-habite-chez-chat-white-p-47823.html HTTP/1.0" 200 80763 "-" "thesis-research-bot"
52.25.208.208 - - [08/Nov/2023:04:51:50 +0100] "GET /decorative-wooden-plate-habite-chez-chat-light-brown-p-47824.html HTTP/1.0" 200 80805 "-" "thesis-research-bot"
52.25.208.208 - - [08/Nov/2023:04:51:42 +0100] "GET /-c-95_302.html HTTP/1.0" 500 66243 "-" "thesis-research-bot"
46.4.108.51 - - [08/Nov/2023:04:51:51 +0100] "GET /metal-beer-bucket-pizza-bire-foot-p-53421.html HTTP/1.0" 200 79739 "-" "Mozilla/5.0 (compatible; AwarioBot/1.0; +https://awario.com/bots.html)"
85.208.96.209 - - [08/Nov/2023:04:51:51 +0100] "GET /wall-decoration-beer-capsule-collector-p-58610.html HTTP/1.0" 200 80653 "-" "Mozilla/5.0 (compatible; SemrushBot/7~bl; +http://www.semrush.com/bot.html)"
44.230.252.91 - - [08/Nov/2023:04:51:37 +0100] "GET /placemats-c-12_156.html?page=1 HTTP/1.0" 200 99589 "-" "thesis-research-bot"
52.25.208.208 - - [08/Nov/2023:04:51:43 +0100] "GET /-c-95_328.html HTTP/1.0" 500 66243 "-" "thesis-research-bot"
52.25.208.208 - - [08/Nov/2023:04:51:52 +0100] "GET /decorative-wooden-plate-wifi-p-60246.html HTTP/1.0" 200 80749 "-" "thesis-research-bot"
52.25.208.208 - - [08/Nov/2023:04:51:44 +0100] "GET /napkins-c-11_285.html HTTP/1.0" 200 88327 "-" "thesis-research-bot"
44.230.252.91 - - [08/Nov/2023:04:51:54 +0100] "GET /decorative-wooden-plate-wifi-p-60248.html HTTP/1.0" 200 80760 "-" "thesis-research-bot"
44.230.252.91 - - [08/Nov/2023:04:51:55 +0100] "GET /laissez-lucie-faire-placemat-p-31116.html HTTP/1.0" 200 79635 "-" "thesis-research-bot"
52.25.208.208 - - [08/Nov/2023:04:51:47 +0100] "GET /paper-towel-dispenser-c-12_253.html HTTP/1.0" 500 66381 "-" "thesis-research-bot"
100.21.24.205 - - [08/Nov/2023:04:51:53 +0100] "GET /decorative-wooden-plate-wifi-p-60247.html HTTP/1.0" 200 80749 "-" "thesis-research-bot"
44.230.252.91 - - [08/Nov/2023:04:51:51 +0100] "GET /decorative-wooden-plate-wifi-p-60245.html HTTP/1.0" 200 80749 "-" "thesis-research-bot"
52.25.208.208 - - [08/Nov/2023:04:51:46 +0100] "GET /night-lights-c-86_278.html HTTP/1.0" 200 97911 "-" "thesis-research-bot"
52.25.208.208 - - [08/Nov/2023:04:51:45 +0100] "GET /dishes-dishes-c-12_251.html HTTP/1.0" 500 66365 "-" "thesis-research-bot"
52.25.208.208 - - [08/Nov/2023:04:51:52 +0100] "GET /-c-95_302.html HTTP/1.0" 500 66243 "-" "thesis-research-bot"
52.25.208.208 - - [08/Nov/2023:04:51:53 +0100] "GET /-c-95_328.html HTTP/1.0" 500 66243 "-" "thesis-research-bot"
100.21.24.205 - - [08/Nov/2023:04:51:51 +0100] "GET /-c-95_297.html HTTP/1.0" 500 66243 "-" "thesis-research-bot"
123.126.68.6 - - [08/Nov/2023:04:51:41 +0100] "GET / HTTP/1.0" 200 158908 "-" "Sogou web spider/4.0(+http://www.sogou.com/docs/help/webmasters.htm#07)"
52.25.208.208 - - [08/Nov/2023:04:51:57 +0100] "GET /paper-towel-dispenser-c-12_253.html HTTP/1.0" 500 66381 "-" "thesis-research-bot"
46.4.108.51 - - [08/Nov/2023:04:52:07 +0100] "GET /metal-beer-bucket-tattooed-sailor-p-42681.html HTTP/1.0" 200 79779 "-" "Mozilla/5.0 (compatible; AwarioBot/1.0; +https://awario.com/bots.html)"
185.191.171.10 - - [08/Nov/2023:04:52:10 +0100] "GET /ethnic-style-burlap-table-p-48444.html HTTP/1.0" 200 80214 "-" "Mozilla/5.0 (compatible; SemrushBot/7~bl; +http://www.semrush.com/bot.html)"
52.25.208.208 - - [08/Nov/2023:04:51:56 +0100] "GET /dishes-dishes-c-12_251.html HTTP/1.0" 200 96347 "-" "thesis-research-bot"
3.224.220.101 - - [08/Nov/2023:04:52:11 +0100] "GET /andorra-mousepad-cbkreation-p-36710.html HTTP/1.0" 200 79706 "-" "Mozilla/5.0 (Macintosh; Intel Mac OS X 10_10_1) AppleWebKit/600.2.5 (KHTML, like Gecko) Version/8.0.2 Safari/600.2.5 (Amazonbot/0.1; +https://developer.amazon.com/support/amazonbot)"
3.224.220.101 - - [08/Nov/2023:04:52:12 +0100] "GET /albania-mousepad-cbkreation-p-36708.html HTTP/1.0" 200 79701 "-" "Mozilla/5.0 (Macintosh; Intel Mac OS X 10_10_1) AppleWebKit/600.2.5 (KHTML, like Gecko) Version/8.0.2 Safari/600.2.5 (Amazonbot/0.1; +https://developer.amazon.com/support/amazonbot)"
52.25.208.208 - - [08/Nov/2023:04:51:56 +0100] "GET /wall-decoration-wood-c-13_274.html?page=12 HTTP/1.0" 500 66453 "-" "thesis-research-bot"
100.21.24.205 - - [08/Nov/2023:04:52:00 +0100] "GET /wall-decoration-wood-c-13_274.html?page=16 HTTP/1.0" 500 66453 "-" "thesis-research-bot"
85.208.96.203 - - [08/Nov/2023:04:52:15 +0100] "GET /catches-dreams-diameter-p-51028.html HTTP/1.0" 200 77371 "-" "Mozilla/5.0 (compatible; SemrushBot/7~bl; +http://www.semrush.com/bot.html)"
3.224.220.101 - - [08/Nov/2023:04:52:15 +0100] "GET /alaska-mousepad-cbkreation-p-36707.html HTTP/1.0" 200 79694 "-" "Mozilla/5.0 (Macintosh; Intel Mac OS X 10_10_1) AppleWebKit/600.2.5 (KHTML, like Gecko) Version/8.0.2 Safari/600.2.5 (Amazonbot/0.1; +https://developer.amazon.com/support/amazonbot)"
52.25.208.208 - - [08/Nov/2023:04:51:57 +0100] "GET /wall-decoration-wood-c-13_274.html?page=13 HTTP/1.0" 500 66453 "-" "thesis-research-bot"
44.230.252.91 - - [08/Nov/2023:04:51:58 +0100] "GET /wall-decoration-wood-c-13_274.html?page=14 HTTP/1.0" 500 66453 "-" "thesis-research-bot"
185.191.171.15 - - [08/Nov/2023:04:52:20 +0100] "GET /vase-white-gray-p-54056.html HTTP/1.0" 200 77329 "-" "Mozilla/5.0 (compatible; SemrushBot/7~bl; +http://www.semrush.com/bot.html)"
23.22.35.162 - - [08/Nov/2023:04:52:19 +0100] "GET /bahamas-mousepad-cbkreation-p-36713.html HTTP/1.0" 200 79707 "-" "Mozilla/5.0 (Macintosh; Intel Mac OS X 10_10_1) AppleWebKit/600.2.5 (KHTML, like Gecko) Version/8.0.2 Safari/600.2.5 (Amazonbot/0.1; +https://developer.amazon.com/support/amazonbot)"
100.21.24.205 - - [08/Nov/2023:04:51:59 +0100] "GET /wall-decoration-wood-c-13_274.html?page=15 HTTP/1.0" 500 66453 "-" "thesis-research-bot"
52.70.240.171 - - [08/Nov/2023:04:52:20 +0100] "GET /barbade-mousepad-cbkreation-p-36712.html HTTP/1.0" 200 79707 "-" "Mozilla/5.0 (Macintosh; Intel Mac OS X 10_10_1) AppleWebKit/600.2.5 (KHTML, like Gecko) Version/8.0.2 Safari/600.2.5 (Amazonbot/0.1; +https://developer.amazon.com/support/amazonbot)"
46.4.108.51 - - [08/Nov/2023:04:52:22 +0100] "GET /metal-beer-bucket-zinc-look-with-integrated-bottle-opener-p-58144.html HTTP/1.0" 200 80913 "-" "Mozilla/5.0 (compatible; AwarioBot/1.0; +https://awario.com/bots.html)"
23.22.35.162 - - [08/Nov/2023:04:52:23 +0100] "GET /deutschland-mouse-cbkreation-p-36706.html HTTP/1.0" 200 79734 "-" "Mozilla/5.0 (Macintosh; Intel Mac OS X 10_10_1) AppleWebKit/600.2.5 (KHTML, like Gecko) Version/8.0.2 Safari/600.2.5 (Amazonbot/0.1; +https://developer.amazon.com/support/amazonbot)"
52.70.240.171 - - [08/Nov/2023:04:52:24 +0100] "GET /buffalo-mousepad-cbkreation-p-42911.html HTTP/1.0" 200 79707 "-" "Mozilla/5.0 (Macintosh; Intel Mac OS X 10_10_1) AppleWebKit/600.2.5 (KHTML, like Gecko) Version/8.0.2 Safari/600.2.5 (Amazonbot/0.1; +https://developer.amazon.com/support/amazonbot)"
100.21.24.205 - - [08/Nov/2023:04:52:11 +0100] "GET /wall-decoration-wood-c-13_274.html?page=16 HTTP/1.0" 500 66453 "-" "thesis-research-bot"
52.25.208.208 - - [08/Nov/2023:04:52:06 +0100] "GET /wall-decoration-wood-c-13_274.html?page=12 HTTP/1.0" 500 66453 "-" "thesis-research-bot"
52.25.208.208 - - [08/Nov/2023:04:52:07 +0100] "GET /wall-decoration-wood-c-13_274.html?page=13 HTTP/1.0" 500 66453 "-" "thesis-research-bot"
185.191.171.16 - - [08/Nov/2023:04:52:29 +0100] "GET /burner-tree-life-beige-ceramic-p-56895.html HTTP/1.0" 200 81099 "-" "Mozilla/5.0 (compatible; SemrushBot/7~bl; +http://www.semrush.com/bot.html)"
100.21.24.205 - - [08/Nov/2023:04:52:09 +0100] "GET /wall-decoration-wood-c-13_274.html?page=15 HTTP/1.0" 500 66453 "-" "thesis-research-bot"
44.230.252.91 - - [08/Nov/2023:04:52:08 +0100] "GET /wall-decoration-wood-c-13_274.html?page=14 HTTP/1.0" 500 66453 "-" "thesis-research-bot"
23.22.35.162 - - [08/Nov/2023:04:52:30 +0100] "GET /aquarius-mousepad-cbkreation-p-43312.html HTTP/1.0" 200 79716 "-" "Mozilla/5.0 (Macintosh; Intel Mac OS X 10_10_1) AppleWebKit/600.2.5 (KHTML, like Gecko) Version/8.0.2 Safari/600.2.5 (Amazonbot/0.1; +https://developer.amazon.com/support/amazonbot)"
85.208.96.197 - - [08/Nov/2023:04:52:37 +0100] "GET /headrest-cushion-p-53493.html HTTP/1.0" 200 77347 "-" "Mozilla/5.0 (compatible; SemrushBot/7~bl; +http://www.semrush.com/bot.html)"
46.4.108.51 - - [08/Nov/2023:04:52:36 +0100] "GET /metal-beer-bucket-zinc-look-with-integrated-bottle-opener-p-58145.html HTTP/1.0" 200 80643 "-" "Mozilla/5.0 (compatible; AwarioBot/1.0; +https://awario.com/bots.html)"
23.22.35.162 - - [08/Nov/2023:04:52:36 +0100] "GET /capricorn-mousepad-cbkreation-p-43301.html HTTP/1.0" 200 79723 "-" "Mozilla/5.0 (Macintosh; Intel Mac OS X 10_10_1) AppleWebKit/600.2.5 (KHTML, like Gecko) Version/8.0.2 Safari/600.2.5 (Amazonbot/0.1; +https://developer.amazon.com/support/amazonbot)"
85.208.96.199 - - [08/Nov/2023:04:52:41 +0100] "GET /-p-21350.html HTTP/1.0" 200 77271 "-" "Mozilla/5.0 (compatible; SemrushBot/7~bl; +http://www.semrush.com/bot.html)"
23.22.35.162 - - [08/Nov/2023:04:52:37 +0100] "GET /games-toys-c-4.html?page=3 HTTP/1.0" 200 98943 "-" "Mozilla/5.0 (Macintosh; Intel Mac OS X 10_10_1) AppleWebKit/600.2.5 (KHTML, like Gecko) Version/8.0.2 Safari/600.2.5 (Amazonbot/0.1; +https://developer.amazon.com/support/amazonbot)"
3.224.220.101 - - [08/Nov/2023:04:52:38 +0100] "GET /games-toys-c-4.html?page=2 HTTP/1.0" 200 99398 "-" "Mozilla/5.0 (Macintosh; Intel Mac OS X 10_10_1) AppleWebKit/600.2.5 (KHTML, like Gecko) Version/8.0.2 Safari/600.2.5 (Amazonbot/0.1; +https://developer.amazon.com/support/amazonbot)"
3.224.220.101 - - [08/Nov/2023:04:52:45 +0100] "GET /games-toys-c-4.html?page=5 HTTP/1.0" 200 98588 "-" "Mozilla/5.0 (Macintosh; Intel Mac OS X 10_10_1) AppleWebKit/600.2.5 (KHTML, like Gecko) Version/8.0.2 Safari/600.2.5 (Amazonbot/0.1; +https://developer.amazon.com/support/amazonbot)"
168.138.105.69 - - [08/Nov/2023:04:52:57 +0100] "GET /images/mini_prod/1399986106974.jpg HTTP/1.0" 200 269 "-" "Mozilla/5.0 (X11; Ubuntu; Linux x86_64; rv:72.0) Gecko/20100101 Firefox/72.0"
46.4.108.51 - - [08/Nov/2023:04:52:56 +0100] "GET /metal-bell-p-32128.html HTTP/1.0" 200 79573 "-" "Mozilla/5.0 (compatible; AwarioBot/1.0; +https://awario.com/bots.html)"
44.230.252.91 - - [08/Nov/2023:04:53:10 +0100] "GET /cuisine-base-bonheur-round-placemat-p-57747.html HTTP/1.0" 200 80419 "-" "thesis-research-bot"
46.4.108.51 - - [08/Nov/2023:04:53:11 +0100] "GET /metal-bicycle-bookend-p-58077.html HTTP/1.0" 200 80409 "-" "Mozilla/5.0 (compatible; AwarioBot/1.0; +https://awario.com/bots.html)"
44.230.252.91 - - [08/Nov/2023:04:53:11 +0100] "GET /rectangular-burlap-placemat-corsica-p-50939.html HTTP/1.0" 200 80315 "-" "thesis-research-bot"
100.21.24.205 - - [08/Nov/2023:04:53:12 +0100] "GET /rectangular-burlap-placemat-corsica-p-50940.html HTTP/1.0" 200 80315 "-" "thesis-research-bot"
44.230.252.91 - - [08/Nov/2023:04:53:13 +0100] "GET /bons-moments-entre-amis-round-placemat-p-57748.html HTTP/1.0" 200 80377 "-" "thesis-research-bot"
44.230.252.91 - - [08/Nov/2023:04:53:14 +0100] "GET /amour-cuisine-tous-jours-round-placemat-p-57746.html HTTP/1.0" 200 80451 "-" "thesis-research-bot"
52.25.208.208 - - [08/Nov/2023:04:53:16 +0100] "GET /yellow-white-cement-tile-round-placemat-p-57745.html HTTP/1.0" 200 80371 "-" "thesis-research-bot"
100.21.24.205 - - [08/Nov/2023:04:53:16 +0100] "GET /petit-beurre-placemat-p-28607.html HTTP/1.0" 200 79584 "-" "thesis-research-bot"
52.25.208.208 - - [08/Nov/2023:04:53:17 +0100] "GET /cactus-ethnic-style-burlap-table-p-48437.html HTTP/1.0" 200 80264 "-" "thesis-research-bot"
100.21.24.205 - - [08/Nov/2023:04:53:18 +0100] "GET /happy-colors-love-pink-placemat-p-22362.html HTTP/1.0" 200 80526 "-" "thesis-research-bot"
100.21.24.205 - - [08/Nov/2023:04:53:19 +0100] "GET /plaisir-partager-round-placemat-p-57749.html HTTP/1.0" 200 80323 "-" "thesis-research-bot"
44.230.252.91 - - [08/Nov/2023:04:53:20 +0100] "GET /recette-bonheur-burlap-placemat-p-53500.html HTTP/1.0" 200 80326 "-" "thesis-research-bot"
52.25.208.208 - - [08/Nov/2023:04:53:21 +0100] "GET /fringale-burlap-placemat-p-53499.html HTTP/1.0" 200 80232 "-" "thesis-research-bot"
100.21.24.205 - - [08/Nov/2023:04:53:22 +0100] "GET /burlap-round-table-love-p-51117.html HTTP/1.0" 200 80217 "-" "thesis-research-bot"
44.230.252.91 - - [08/Nov/2023:04:53:23 +0100] "GET /tropical-round-placemat-p-57750.html HTTP/1.0" 200 80195 "-" "thesis-research-bot"
46.4.108.51 - - [08/Nov/2023:04:53:25 +0100] "GET /metal-bicycle-horn-michelle-allen-designs-p-57017.html HTTP/1.0" 200 79837 "-" "Mozilla/5.0 (compatible; AwarioBot/1.0; +https://awario.com/bots.html)"
52.70.240.171 - - [08/Nov/2023:04:53:23 +0100] "GET /games-toys-c-4.html?page=4 HTTP/1.0" 200 99300 "-" "Mozilla/5.0 (Macintosh; Intel Mac OS X 10_10_1) AppleWebKit/600.2.5 (KHTML, like Gecko) Version/8.0.2 Safari/600.2.5 (Amazonbot/0.1; +https://developer.amazon.com/support/amazonbot)"
168.138.105.69 - - [08/Nov/2023:04:53:40 +0100] "GET /images/mini_prod/8006180204025.jpg HTTP/1.0" 200 269 "-" "Mozilla/5.0 (X11; Ubuntu; Linux x86_64; rv:72.0) Gecko/20100101 Firefox/72.0"
3.224.220.101 - - [08/Nov/2023:04:53:37 +0100] "GET /games-toys-c-4.html?page=7 HTTP/1.0" 200 98395 "-" "Mozilla/5.0 (Macintosh; Intel Mac OS X 10_10_1) AppleWebKit/600.2.5 (KHTML, like Gecko) Version/8.0.2 Safari/600.2.5 (Amazonbot/0.1; +https://developer.amazon.com/support/amazonbot)"
185.191.171.13 - - [08/Nov/2023:04:53:47 +0100] "GET /white-resin-table-lamp-p-57299.html HTTP/1.0" 200 77349 "-" "Mozilla/5.0 (compatible; SemrushBot/7~bl; +http://www.semrush.com/bot.html)"
52.70.240.171 - - [08/Nov/2023:04:53:38 +0100] "GET /games-toys-c-4.html?page=6 HTTP/1.0" 200 98387 "-" "Mozilla/5.0 (Macintosh; Intel Mac OS X 10_10_1) AppleWebKit/600.2.5 (KHTML, like Gecko) Version/8.0.2 Safari/600.2.5 (Amazonbot/0.1; +https://developer.amazon.com/support/amazonbot)"
46.4.108.51 - - [08/Nov/2023:04:53:36 +0100] "GET /metal-boxes-storage-c-13_150_218.html?page=2 HTTP/1.0" 200 88698 "-" "Mozilla/5.0 (compatible; AwarioBot/1.0; +https://awario.com/bots.html)"
23.22.35.162 - - [08/Nov/2023:04:53:41 +0100] "GET /games-toys-c-4.html?page=8 HTTP/1.0" 200 98919 "-" "Mozilla/5.0 (Macintosh; Intel Mac OS X 10_10_1) AppleWebKit/600.2.5 (KHTML, like Gecko) Version/8.0.2 Safari/600.2.5 (Amazonbot/0.1; +https://developer.amazon.com/support/amazonbot)"
185.191.171.9 - - [08/Nov/2023:04:53:51 +0100] "GET /salt-pepper-windy-p-47913.html HTTP/1.0" 200 79645 "-" "Mozilla/5.0 (compatible; SemrushBot/7~bl; +http://www.semrush.com/bot.html)"
52.70.240.171 - - [08/Nov/2023:04:53:51 +0100] "GET /plush-keeleco-friendly-monkey-p-60131.html HTTP/1.0" 200 80918 "-" "Mozilla/5.0 (Macintosh; Intel Mac OS X 10_10_1) AppleWebKit/600.2.5 (KHTML, like Gecko) Version/8.0.2 Safari/600.2.5 (Amazonbot/0.1; +https://developer.amazon.com/support/amazonbot)"
23.22.35.162 - - [08/Nov/2023:04:53:54 +0100] "GET /plush-keeleco-friendly-giraffe-p-60129.html HTTP/1.0" 200 80924 "-" "Mozilla/5.0 (Macintosh; Intel Mac OS X 10_10_1) AppleWebKit/600.2.5 (KHTML, like Gecko) Version/8.0.2 Safari/600.2.5 (Amazonbot/0.1; +https://developer.amazon.com/support/amazonbot)"
185.191.171.17 - - [08/Nov/2023:04:53:56 +0100] "GET /tropical-pouch-happiness-p-49553.html HTTP/1.0" 200 77359 "-" "Mozilla/5.0 (compatible; SemrushBot/7~bl; +http://www.semrush.com/bot.html)"
