40.77.167.5 - - [08/Nov/2023:04:53:59 +0100] "GET /pride-rainbow-p-60905.html HTTP/1.0" 200 80423 "-" "Mozilla/5.0 AppleWebKit/537.36 (KHTML, like Gecko; compatible; bingbot/2.0; +http://www.bing.com/bingbot.htm) Chrome/103.0.5060.134 Safari/537.36"
3.224.220.101 - - [08/Nov/2023:04:53:48 +0100] "GET /wallet-c-31_237.html?page=2 HTTP/1.0" 200 94898 "-" "Mozilla/5.0 (Macintosh; Intel Mac OS X 10_10_1) AppleWebKit/600.2.5 (KHTML, like Gecko) Version/8.0.2 Safari/600.2.5 (Amazonbot/0.1; +https://developer.amazon.com/support/amazonbot)"
46.4.108.51 - - [08/Nov/2023:04:54:02 +0100] "GET /robots.txt HTTP/1.0" 200 245 "-" "Mozilla/5.0 (compatible; AwarioBot/1.0; +https://awario.com/bots.html)"
23.22.35.162 - - [08/Nov/2023:04:53:42 +0100] "GET /mirror-c-13_133.html?page=3 HTTP/1.0" 500 66632 "-" "Mozilla/5.0 (Macintosh; Intel Mac OS X 10_10_1) AppleWebKit/600.2.5 (KHTML, like Gecko) Version/8.0.2 Safari/600.2.5 (Amazonbot/0.1; +https://developer.amazon.com/support/amazonbot)"
46.4.108.51 - - [08/Nov/2023:04:54:02 +0100] "GET /metal-coffee-capacity-cheerful-p-61222.html HTTP/1.0" 200 80750 "-" "Mozilla/5.0 (compatible; AwarioBot/1.0; +https://awario.com/bots.html)"
3.224.220.101 - - [08/Nov/2023:04:53:44 +0100] "GET /mirror-c-13_133.html?page=2 HTTP/1.0" 500 66632 "-" "Mozilla/5.0 (Macintosh; Intel Mac OS X 10_10_1) AppleWebKit/600.2.5 (KHTML, like Gecko) Version/8.0.2 Safari/600.2.5 (Amazonbot/0.1; +https://developer.amazon.com/support/amazonbot)"
23.22.35.162 - - [08/Nov/2023:04:54:05 +0100] "GET /plush-keeleco-friendly-panda-p-60132.html HTTP/1.0" 200 80908 "-" "Mozilla/5.0 (Macintosh; Intel Mac OS X 10_10_1) AppleWebKit/600.2.5 (KHTML, like Gecko) Version/8.0.2 Safari/600.2.5 (Amazonbot/0.1; +https://developer.amazon.com/support/amazonbot)"
46.4.108.51 - - [08/Nov/2023:04:54:12 +0100] "GET /metal-coffee-capacity-cheerful-p-61223.html HTTP/1.0" 200 80750 "-" "Mozilla/5.0 (compatible; AwarioBot/1.0; +https://awario.com/bots.html)"
100.21.24.205 - - [08/Nov/2023:04:54:23 +0100] "GET /bunny-nightlight-p-53122.html HTTP/1.0" 200 80606 "-" "thesis-research-bot"
100.21.24.205 - - [08/Nov/2023:04:54:24 +0100] "GET /koala-nightlight-p-53123.html HTTP/1.0" 200 80588 "-" "thesis-research-bot"
100.21.24.205 - - [08/Nov/2023:04:54:25 +0100] "GET /unicorn-nightlight-p-53119.html HTTP/1.0" 200 80807 "-" "thesis-research-bot"
3.224.220.101 - - [08/Nov/2023:04:54:25 +0100] "GET /plush-keeleco-friendly-meerkat-p-60128.html HTTP/1.0" 200 80935 "-" "Mozilla/5.0 (Macintosh; Intel Mac OS X 10_10_1) AppleWebKit/600.2.5 (KHTML, like Gecko) Version/8.0.2 Safari/600.2.5 (Amazonbot/0.1; +https://developer.amazon.com/support/amazonbot)"
52.25.208.208 - - [08/Nov/2023:04:54:26 +0100] "GET /unicorn-nightlight-p-55359.html HTTP/1.0" 200 80812 "-" "thesis-research-bot"
44.230.252.91 - - [08/Nov/2023:04:54:27 +0100] "GET /night-light-narval-color-variation-p-59659.html HTTP/1.0" 200 80980 "-" "thesis-research-bot"
52.70.240.171 - - [08/Nov/2023:04:54:27 +0100] "GET /plush-keeleco-friendly-tiger-p-60130.html HTTP/1.0" 200 80908 "-" "Mozilla/5.0 (Macintosh; Intel Mac OS X 10_10_1) AppleWebKit/600.2.5 (KHTML, like Gecko) Version/8.0.2 Safari/600.2.5 (Amazonbot/0.1; +https://developer.amazon.com/support/amazonbot)"
44.230.252.91 - - [08/Nov/2023:04:54:28 +0100] "GET /little-pony-mini-glitter-shake-shine-p-31919.html HTTP/1.0" 200 80150 "-" "thesis-research-bot"
52.25.208.208 - - [08/Nov/2023:04:54:29 +0100] "GET /little-pony-mini-glitter-shake-shine-p-31922.html HTTP/1.0" 200 80149 "-" "thesis-research-bot"
100.21.24.205 - - [08/Nov/2023:04:54:30 +0100] "GET /nightlight-shaped-rabbit-multicolor-p-37825.html HTTP/1.0" 200 80640 "-" "thesis-research-bot"
44.230.252.91 - - [08/Nov/2023:04:54:31 +0100] "GET /dinosaur-nightlight-p-53121.html HTTP/1.0" 200 80809 "-" "thesis-research-bot"
100.21.24.205 - - [08/Nov/2023:04:54:32 +0100] "GET /gorilla-night-light-p-59656.html HTTP/1.0" 200 81356 "-" "thesis-research-bot"
52.25.208.208 - - [08/Nov/2023:04:54:33 +0100] "GET /rhinoceros-color-variation-night-light-p-59658.html HTTP/1.0" 200 81502 "-" "thesis-research-bot"
52.25.208.208 - - [08/Nov/2023:04:54:34 +0100] "GET /elephant-night-light-p-59657.html HTTP/1.0" 200 81376 "-" "thesis-research-bot"
100.21.24.205 - - [08/Nov/2023:04:54:35 +0100] "GET /koala-nightlight-pink-p-55360.html HTTP/1.0" 200 80671 "-" "thesis-research-bot"
73.194.128.17 - - [08/Nov/2023:04:54:39 +0100] "GET /images/mini_prod/7601019994705.jpg HTTP/1.0" 200 269 "-" "Mozilla/5.0 (X11; Ubuntu; Linux x86_64; rv:72.0) Gecko/20100101 Firefox/72.0"
52.25.208.208 - - [08/Nov/2023:04:54:36 +0100] "GET /nightlight-shaped-rabbit-p-37286.html HTTP/1.0" 200 80293 "-" "thesis-research-bot"
100.21.24.205 - - [08/Nov/2023:04:54:37 +0100] "GET /nightlight-shaped-swan-p-51770.html HTTP/1.0" 200 80307 "-" "thesis-research-bot"
23.22.35.162 - - [08/Nov/2023:04:54:37 +0100] "GET /keel-toys-plush-pipp-panda-p-51011.html HTTP/1.0" 200 79847 "-" "Mozilla/5.0 (Macintosh; Intel Mac OS X 10_10_1) AppleWebKit/600.2.5 (KHTML, like Gecko) Version/8.0.2 Safari/600.2.5 (Amazonbot/0.1; +https://developer.amazon.com/support/amazonbot)"
185.191.171.18 - - [08/Nov/2023:04:54:38 +0100] "GET /pinocchio-figure-collection-britto-p-52404.html HTTP/1.0" 200 81513 "-" "Mozilla/5.0 (compatible; SemrushBot/7~bl; +http://www.semrush.com/bot.html)"
46.4.108.51 - - [08/Nov/2023:04:54:39 +0100] "GET /metal-cylindrical-coffee-p-59437.html HTTP/1.0" 200 80623 "-" "Mozilla/5.0 (compatible; AwarioBot/1.0; +https://awario.com/bots.html)"
3.224.220.101 - - [08/Nov/2023:04:54:29 +0100] "GET /towels-c-11_177.html?page=2 HTTP/1.0" 200 99213 "-" "Mozilla/5.0 (Macintosh; Intel Mac OS X 10_10_1) AppleWebKit/600.2.5 (KHTML, like Gecko) Version/8.0.2 Safari/600.2.5 (Amazonbot/0.1; +https://developer.amazon.com/support/amazonbot)"
23.22.35.162 - - [08/Nov/2023:04:54:32 +0100] "GET /towels-c-11_177.html?page=5 HTTP/1.0" 200 98885 "-" "Mozilla/5.0 (Macintosh; Intel Mac OS X 10_10_1) AppleWebKit/600.2.5 (KHTML, like Gecko) Version/8.0.2 Safari/600.2.5 (Amazonbot/0.1; +https://developer.amazon.com/support/amazonbot)"
46.4.108.51 - - [08/Nov/2023:04:54:48 +0100] "GET /metal-cylindrical-p-47672.html HTTP/1.0" 200 80380 "-" "Mozilla/5.0 (compatible; AwarioBot/1.0; +https://awario.com/bots.html)"
46.4.108.51 - - [08/Nov/2023:04:54:58 +0100] "GET /metal-cylindrical-p-52613.html HTTP/1.0" 200 79777 "-" "Mozilla/5.0 (compatible; AwarioBot/1.0; +https://awario.com/bots.html)"
46.4.108.51 - - [08/Nov/2023:04:55:05 +0100] "GET /metal-cylindrical-p-57511.html HTTP/1.0" 200 80377 "-" "Mozilla/5.0 (compatible; AwarioBot/1.0; +https://awario.com/bots.html)"
168.138.105.69 - - [08/Nov/2023:04:55:09 +0100] "GET /images/mini_prod/3574642330520.jpg HTTP/1.0" 200 269 "-" "Mozilla/5.0 (X11; Ubuntu; Linux x86_64; rv:72.0) Gecko/20100101 Firefox/72.0"
85.208.96.199 - - [08/Nov/2023:04:55:18 +0100] "GET /apache-cushion-p-43011.html HTTP/1.0" 200 77339 "-" "Mozilla/5.0 (compatible; SemrushBot/7~bl; +http://www.semrush.com/bot.html)"
185.191.171.13 - - [08/Nov/2023:04:55:23 +0100] "GET /kimmidoll-doll-p-47590.html HTTP/1.0" 200 77350 "-" "Mozilla/5.0 (compatible; SemrushBot/7~bl; +http://www.semrush.com/bot.html)"
46.4.108.51 - - [08/Nov/2023:04:55:23 +0100] "GET /metal-cylindrical-p-57512.html HTTP/1.0" 200 80377 "-" "Mozilla/5.0 (compatible; AwarioBot/1.0; +https://awario.com/bots.html)"
52.70.240.171 - - [08/Nov/2023:04:55:25 +0100] "GET /riverdale-mouse-oliver-grey-p-31726.html HTTP/1.0" 200 79872 "-" "Mozilla/5.0 (Macintosh; Intel Mac OS X 10_10_1) AppleWebKit/600.2.5 (KHTML, like Gecko) Version/8.0.2 Safari/600.2.5 (Amazonbot/0.1; +https://developer.amazon.com/support/amazonbot)"
46.4.108.51 - - [08/Nov/2023:04:55:28 +0100] "GET /metal-cylindrical-sugar-p-59438.html HTTP/1.0" 200 80398 "-" "Mozilla/5.0 (compatible; AwarioBot/1.0; +https://awario.com/bots.html)"
52.167.144.205 - - [08/Nov/2023:04:55:44 +0100] "GET /monster-money-p-61029.html HTTP/1.0" 200 80335 "-" "Mozilla/5.0 AppleWebKit/537.36 (KHTML, like Gecko; compatible; bingbot/2.0; +http://www.bing.com/bingbot.htm) Chrome/103.0.5060.134 Safari/537.36"
46.4.108.51 - - [08/Nov/2023:04:55:54 +0100] "GET /metal-ding-dong-bell-bike-black-p-40741.html HTTP/1.0" 200 79734 "-" "Mozilla/5.0 (compatible; AwarioBot/1.0; +https://awario.com/bots.html)"
185.191.171.7 - - [08/Nov/2023:04:55:50 +0100] "GET /boys-c-2.html?page=4 HTTP/1.0" 200 91470 "-" "Mozilla/5.0 (compatible; SemrushBot/7~bl; +http://www.semrush.com/bot.html)"
85.208.96.209 - - [08/Nov/2023:04:56:09 +0100] "GET /-p-46983.html HTTP/1.0" 200 77271 "-" "Mozilla/5.0 (compatible; SemrushBot/7~bl; +http://www.semrush.com/bot.html)"
46.4.108.51 - - [08/Nov/2023:04:56:15 +0100] "GET /robots.txt HTTP/1.0" 200 245 "-" "Mozilla/5.0 (compatible; AwarioBot/1.0; +https://awario.com/bots.html)"
85.208.96.211 - - [08/Nov/2023:04:56:13 +0100] "GET /white-wood-p-45693.html HTTP/1.0" 200 79831 "-" "Mozilla/5.0 (compatible; SemrushBot/7~bl; +http://www.semrush.com/bot.html)"
46.4.108.51 - - [08/Nov/2023:04:56:15 +0100] "GET /metal-ding-dong-bell-bike-black-p-40743.html HTTP/1.0" 200 79736 "-" "Mozilla/5.0 (compatible; AwarioBot/1.0; +https://awario.com/bots.html)"
52.70.240.171 - - [08/Nov/2023:04:56:15 +0100] "GET /pugsley-keel-toys-plush-winged-p-49740.html HTTP/1.0" 200 79851 "-" "Mozilla/5.0 (Macintosh; Intel Mac OS X 10_10_1) AppleWebKit/600.2.5 (KHTML, like Gecko) Version/8.0.2 Safari/600.2.5 (Amazonbot/0.1; +https://developer.amazon.com/support/amazonbot)"
85.208.96.206 - - [08/Nov/2023:04:56:18 +0100] "GET /washed-dyed-cotton-tablecloth-pearl-p-54412.html HTTP/1.0" 200 77405 "-" "Mozilla/5.0 (compatible; SemrushBot/7~bl; +http://www.semrush.com/bot.html)"
3.224.220.101 - - [08/Nov/2023:04:56:17 +0100] "GET /pugsley-keel-toys-plush-winged-p-46898.html HTTP/1.0" 200 79851 "-" "Mozilla/5.0 (Macintosh; Intel Mac OS X 10_10_1) AppleWebKit/600.2.5 (KHTML, like Gecko) Version/8.0.2 Safari/600.2.5 (Amazonbot/0.1; +https://developer.amazon.com/support/amazonbot)"
52.70.240.171 - - [08/Nov/2023:04:56:17 +0100] "GET /keel-toys-plush-pipp-panda-p-51010.html HTTP/1.0" 200 79847 "-" "Mozilla/5.0 (Macintosh; Intel Mac OS X 10_10_1) AppleWebKit/600.2.5 (KHTML, like Gecko) Version/8.0.2 Safari/600.2.5 (Amazonbot/0.1; +https://developer.amazon.com/support/amazonbot)"
23.22.35.162 - - [08/Nov/2023:04:56:18 +0100] "GET /plush-keeleco-friendly-parrot-p-51853.html HTTP/1.0" 200 80890 "-" "Mozilla/5.0 (Macintosh; Intel Mac OS X 10_10_1) AppleWebKit/600.2.5 (KHTML, like Gecko) Version/8.0.2 Safari/600.2.5 (Amazonbot/0.1; +https://developer.amazon.com/support/amazonbot)"
100.21.24.205 - - [08/Nov/2023:04:56:22 +0100] "GET /gold-brass-whistle-ring-p-56682.html HTTP/1.0" 200 79702 "-" "thesis-research-bot"
100.21.24.205 - - [08/Nov/2023:04:56:23 +0100] "GET /gold-brass-whistle-ring-p-56683.html HTTP/1.0" 200 79702 "-" "thesis-research-bot"
100.21.24.205 - - [08/Nov/2023:04:56:24 +0100] "GET /funky-bears-invaders-keychains-p-19201.html HTTP/1.0" 200 80881 "-" "thesis-research-bot"
85.208.96.212 - - [08/Nov/2023:04:56:27 +0100] "GET /cotton-floor-cushion-green-p-48835.html HTTP/1.0" 200 80463 "-" "Mozilla/5.0 (compatible; SemrushBot/7~bl; +http://www.semrush.com/bot.html)"
44.230.252.91 - - [08/Nov/2023:04:56:28 +0100] "GET /bella-candy-cloud-keychain-p-49756.html HTTP/1.0" 200 79660 "-" "thesis-research-bot"
52.25.208.208 - - [08/Nov/2023:04:56:29 +0100] "GET /jazzy-candy-cloud-keychain-p-49750.html HTTP/1.0" 200 79660 "-" "thesis-research-bot"
100.21.24.205 - - [08/Nov/2023:04:56:30 +0100] "GET /russian-doll-liberty-metal-keychain-cbkreation-p-23488.html HTTP/1.0" 200 81341 "-" "thesis-research-bot"
44.230.252.91 - - [08/Nov/2023:04:56:31 +0100] "GET /flossy-candy-cloud-keychain-p-46660.html HTTP/1.0" 200 79665 "-" "thesis-research-bot"
52.25.208.208 - - [08/Nov/2023:04:56:32 +0100] "GET /jamaica-flag-guitar-keyring-p-14626.html HTTP/1.0" 200 79981 "-" "thesis-research-bot"
52.25.208.208 - - [08/Nov/2023:04:56:21 +0100] "GET /luggages-schoolbags-leather-shop-c-31.html HTTP/1.0" 200 99311 "-" "thesis-research-bot"
100.21.24.205 - - [08/Nov/2023:04:56:33 +0100] "GET /jamaica-lion-guitar-keyring-p-14625.html HTTP/1.0" 200 79981 "-" "thesis-research-bot"
52.25.208.208 - - [08/Nov/2023:04:56:34 +0100] "GET /bubbles-candy-cloud-keychain-p-49754.html HTTP/1.0" 200 79670 "-" "thesis-research-bot"
44.230.252.91 - - [08/Nov/2023:04:56:35 +0100] "GET /cabin-londoner-metal-keyring-p-18870.html HTTP/1.0" 200 79670 "-" "thesis-research-bot"
100.21.24.205 - - [08/Nov/2023:04:56:36 +0100] "GET /jamaica-peace-guitar-keyring-p-14624.html HTTP/1.0" 200 79989 "-" "thesis-research-bot"
44.230.252.91 - - [08/Nov/2023:04:56:37 +0100] "GET /playboy-stripe-metal-keyring-p-16456.html HTTP/1.0" 200 80263 "-" "thesis-research-bot"
46.4.108.51 - - [08/Nov/2023:04:56:37 +0100] "GET /metal-ding-dong-bell-bike-grey-p-40746.html HTTP/1.0" 200 79735 "-" "Mozilla/5.0 (compatible; AwarioBot/1.0; +https://awario.com/bots.html)"
173.252.83.15 - - [08/Nov/2023:04:56:51 +0100] "GET /images/big_prod/8433833202136.jpg HTTP/1.0" 200 268 "-" "facebookexternalhit/1.1 (+http://www.facebook.com/externalhit_uatext.php)"
46.4.108.51 - - [08/Nov/2023:04:56:49 +0100] "GET /metal-flask-aperophiles-p-48468.html HTTP/1.0" 200 80260 "-" "Mozilla/5.0 (compatible; AwarioBot/1.0; +https://awario.com/bots.html)"
173.252.83.120 - - [08/Nov/2023:04:57:03 +0100] "GET /images/mini_prod/3700786500370.jpg HTTP/1.0" 200 269 "-" "facebookexternalhit/1.1 (+http://www.facebook.com/externalhit_uatext.php)"
185.191.171.16 - - [08/Nov/2023:04:56:52 +0100] "GET /stationery-cardmaking-c-129.html?page=16 HTTP/1.0" 200 99605 "-" "Mozilla/5.0 (compatible; SemrushBot/7~bl; +http://www.semrush.com/bot.html)"
46.4.108.51 - - [08/Nov/2023:04:57:04 +0100] "GET /metal-flask-whisky-p-48469.html HTTP/1.0" 200 80191 "-" "Mozilla/5.0 (compatible; AwarioBot/1.0; +https://awario.com/bots.html)"
85.208.96.212 - - [08/Nov/2023:04:57:07 +0100] "GET /-p-51514.html HTTP/1.0" 200 77271 "-" "Mozilla/5.0 (compatible; SemrushBot/7~bl; +http://www.semrush.com/bot.html)"
44.230.252.91 - - [08/Nov/2023:04:57:07 +0100] "GET /gorjuss-cards-supplied-with-envelope-learning-brave-p-48399.html HTTP/1.0" 200 79993 "-" "thesis-research-bot"
100.21.24.205 - - [08/Nov/2023:04:57:08 +0100] "GET /gorjuss-cards-supplied-with-envelope-dark-streak-p-48386.html HTTP/1.0" 200 79960 "-" "thesis-research-bot"
52.25.208.208 - - [08/Nov/2023:04:57:09 +0100] "GET /gorjuss-cards-supplied-with-envelope-little-song-p-48381.html HTTP/1.0" 200 79960 "-" "thesis-research-bot"
52.25.208.208 - - [08/Nov/2023:04:57:10 +0100] "GET /gorjuss-cards-supplied-with-envelope-dear-alice-p-48374.html HTTP/1.0" 200 79955 "-" "thesis-research-bot"
52.25.208.208 - - [08/Nov/2023:04:57:11 +0100] "GET /gorjuss-cards-supplied-with-envelope-dear-apple-p-48379.html HTTP/1.0" 200 79955 "-" "thesis-research-bot"
44.230.252.91 - - [08/Nov/2023:04:57:12 +0100] "GET /gorjuss-cards-supplied-with-envelope-lost-words-p-48371.html HTTP/1.0" 200 79967 "-" "thesis-research-bot"
52.25.208.208 - - [08/Nov/2023:04:57:13 +0100] "GET /gorjuss-cards-supplied-with-envelope-catch-falling-star-p-48392.html HTTP/1.0" 200 80001 "-" "thesis-research-bot"
173.252.83.4 - - [08/Nov/2023:04:57:17 +0100] "GET /images/big_prod/3560600293402.jpg HTTP/1.0" 200 268 "-" "facebookexternalhit/1.1 (+http://www.facebook.com/externalhit_uatext.php)"
3.224.220.101 - - [08/Nov/2023:04:57:18 +0100] "GET /nici-plush-collection-bubble-p-35159.html HTTP/1.0" 200 86551 "-" "Mozilla/5.0 (Macintosh; Intel Mac OS X 10_10_1) AppleWebKit/600.2.5 (KHTML, like Gecko) Version/8.0.2 Safari/600.2.5 (Amazonbot/0.1; +https://developer.amazon.com/support/amazonbot)"
46.4.108.51 - - [08/Nov/2023:04:57:21 +0100] "GET /metal-gray-p-60890.html HTTP/1.0" 200 80506 "-" "Mozilla/5.0 (compatible; AwarioBot/1.0; +https://awario.com/bots.html)"
23.22.35.162 - - [08/Nov/2023:04:57:21 +0100] "GET /soft-rattle-gund-orange-p-21365.html HTTP/1.0" 200 79877 "-" "Mozilla/5.0 (Macintosh; Intel Mac OS X 10_10_1) AppleWebKit/600.2.5 (KHTML, like Gecko) Version/8.0.2 Safari/600.2.5 (Amazonbot/0.1; +https://developer.amazon.com/support/amazonbot)"
52.25.208.208 - - [08/Nov/2023:04:57:14 +0100] "GET /collectible-disney-figures-c-292_290.html HTTP/1.0" 200 101346 "-" "thesis-research-bot"
23.22.35.162 - - [08/Nov/2023:04:57:23 +0100] "GET /trudi-placido-polar-bear-soft-p-16224.html HTTP/1.0" 200 79828 "-" "Mozilla/5.0 (Macintosh; Intel Mac OS X 10_10_1) AppleWebKit/600.2.5 (KHTML, like Gecko) Version/8.0.2 Safari/600.2.5 (Amazonbot/0.1; +https://developer.amazon.com/support/amazonbot)"
44.230.252.91 - - [08/Nov/2023:04:57:16 +0100] "GET /cardmaking-c-129_128.html?page=4 HTTP/1.0" 200 99540 "-" "thesis-research-bot"
44.230.252.91 - - [08/Nov/2023:04:57:26 +0100] "GET /fancy-elastic-bracelet-buddha-p-43731.html HTTP/1.0" 200 79645 "-" "thesis-research-bot"
52.25.208.208 - - [08/Nov/2023:04:57:27 +0100] "GET /fancy-elastic-bracelet-buddha-p-43732.html HTTP/1.0" 200 79645 "-" "thesis-research-bot"
100.21.24.205 - - [08/Nov/2023:04:57:28 +0100] "GET /fancy-elastic-bracelet-buddha-p-43733.html HTTP/1.0" 200 79645 "-" "thesis-research-bot"
100.21.24.205 - - [08/Nov/2023:04:57:15 +0100] "GET /meditation-yoga-cushions-c-11_71_317.html HTTP/1.0" 200 95036 "-" "thesis-research-bot"
44.230.252.91 - - [08/Nov/2023:04:57:29 +0100] "GET /fancy-elastic-bracelet-buddha-p-43734.html HTTP/1.0" 200 79645 "-" "thesis-research-bot"
44.230.252.91 - - [08/Nov/2023:04:57:30 +0100] "GET /fancy-elastic-bracelet-buddha-p-43735.html HTTP/1.0" 200 79649 "-" "thesis-research-bot"
44.230.252.91 - - [08/Nov/2023:04:57:31 +0100] "GET /fancy-elastic-bracelet-buddha-p-43736.html HTTP/1.0" 200 79645 "-" "thesis-research-bot"
85.208.96.207 - - [08/Nov/2023:04:57:33 +0100] "GET /scent-heart-home-baubles-berries-p-53332.html HTTP/1.0" 200 77412 "-" "Mozilla/5.0 (compatible; SemrushBot/7~bl; +http://www.semrush.com/bot.html)"
100.21.24.205 - - [08/Nov/2023:04:57:32 +0100] "GET /fancy-elastic-bracelet-buddha-p-43737.html HTTP/1.0" 200 79645 "-" "thesis-research-bot"
52.25.208.208 - - [08/Nov/2023:04:57:34 +0100] "GET /fancy-elastic-bracelet-buddha-p-43738.html HTTP/1.0" 200 79681 "-" "thesis-research-bot"
202.239.4.186 - - [08/Nov/2023:04:57:24 +0100] "GET /chairs-stools-c-13_207.html HTTP/1.0" 200 82770 "-" "Mozilla/5.0 (compatible; Y!J-WSC/1.0; +https://yahoo.jp/3BSZgF)"
46.4.108.51 - - [08/Nov/2023:04:57:39 +0100] "GET /metal-pink-p-60891.html HTTP/1.0" 200 80317 "-" "Mozilla/5.0 (compatible; AwarioBot/1.0; +https://awario.com/bots.html)"
52.70.240.171 - - [08/Nov/2023:04:57:43 +0100] "GET /gorjuss-wallet-pastel-pattern-print-toadstools-p-34748.html HTTP/1.0" 200 81021 "-" "Mozilla/5.0 (Macintosh; Intel Mac OS X 10_10_1) AppleWebKit/600.2.5 (KHTML, like Gecko) Version/8.0.2 Safari/600.2.5 (Amazonbot/0.1; +https://developer.amazon.com/support/amazonbot)"
44.230.252.91 - - [08/Nov/2023:04:57:35 +0100] "GET /bracelets-c-3_200.html?page=1 HTTP/1.0" 200 97843 "-" "thesis-research-bot"
52.70.240.171 - - [08/Nov/2023:04:57:45 +0100] "GET /zippo-brown-leather-wallet-p-42884.html HTTP/1.0" 200 80907 "-" "Mozilla/5.0 (Macintosh; Intel Mac OS X 10_10_1) AppleWebKit/600.2.5 (KHTML, like Gecko) Version/8.0.2 Safari/600.2.5 (Amazonbot/0.1; +https://developer.amazon.com/support/amazonbot)"
51.68.224.127 - - [08/Nov/2023:04:57:50 +0100] "GET /adminweb/export_orders_xml.php?token=256de2z6edz6ed2z6DFSFsed2zed6zeDSFDSGdzedezfzf&maxorders=10&orderstart=1&status=14&start_date=2018-10-01 HTTP/1.0" 200 285 "-" "GesCom CharlotteBoutik Serveur"
23.22.35.162 - - [08/Nov/2023:04:57:47 +0100] "GET /wallet-zippo-black-textures-p-49091.html HTTP/1.0" 200 80738 "-" "Mozilla/5.0 (Macintosh; Intel Mac OS X 10_10_1) AppleWebKit/600.2.5 (KHTML, like Gecko) Version/8.0.2 Safari/600.2.5 (Amazonbot/0.1; +https://developer.amazon.com/support/amazonbot)"
23.22.35.162 - - [08/Nov/2023:04:57:49 +0100] "GET /unicorn-plush-silver-white-p-49625.html HTTP/1.0" 200 79799 "-" "Mozilla/5.0 (Macintosh; Intel Mac OS X 10_10_1) AppleWebKit/600.2.5 (KHTML, like Gecko) Version/8.0.2 Safari/600.2.5 (Amazonbot/0.1; +https://developer.amazon.com/support/amazonbot)"
51.68.224.127 - - [08/Nov/2023:04:57:50 +0100] "GET /adminweb/export_orders_xml.php?token=256de2z6edz6ed2z6DFSFsed2zed6zeDSFDSGdzedezfzf&maxorders=10&orderstart=1&status=6&start_date=2018-10-01 HTTP/1.0" 200 33939 "-" "GesCom CharlotteBoutik Serveur"
3.224.220.101 - - [08/Nov/2023:04:57:56 +0100] "GET /unicorn-plush-purple-white-p-47652.html HTTP/1.0" 200 79799 "-" "Mozilla/5.0 (Macintosh; Intel Mac OS X 10_10_1) AppleWebKit/600.2.5 (KHTML, like Gecko) Version/8.0.2 Safari/600.2.5 (Amazonbot/0.1; +https://developer.amazon.com/support/amazonbot)"
185.191.171.3 - - [08/Nov/2023:04:57:59 +0100] "GET /peanuts-phone-p-33047.html HTTP/1.0" 200 77327 "-" "Mozilla/5.0 (compatible; SemrushBot/7~bl; +http://www.semrush.com/bot.html)"
52.70.240.171 - - [08/Nov/2023:04:57:58 +0100] "GET /plush-tree-hanging-decorations-p-56120.html HTTP/1.0" 200 79769 "-" "Mozilla/5.0 (Macintosh; Intel Mac OS X 10_10_1) AppleWebKit/600.2.5 (KHTML, like Gecko) Version/8.0.2 Safari/600.2.5 (Amazonbot/0.1; +https://developer.amazon.com/support/amazonbot)"
46.4.108.51 - - [08/Nov/2023:04:57:59 +0100] "GET /metal-ruler-little-prince-p-58153.html HTTP/1.0" 200 80299 "-" "Mozilla/5.0 (compatible; AwarioBot/1.0; +https://awario.com/bots.html)"
52.70.240.171 - - [08/Nov/2023:04:58:00 +0100] "GET /cotton-kitchen-towel-paris-p-59098.html HTTP/1.0" 200 80461 "-" "Mozilla/5.0 (Macintosh; Intel Mac OS X 10_10_1) AppleWebKit/600.2.5 (KHTML, like Gecko) Version/8.0.2 Safari/600.2.5 (Amazonbot/0.1; +https://developer.amazon.com/support/amazonbot)"
185.191.171.17 - - [08/Nov/2023:04:58:03 +0100] "GET /mexico-keychain-family-p-57394.html HTTP/1.0" 200 81283 "-" "Mozilla/5.0 (compatible; SemrushBot/7~bl; +http://www.semrush.com/bot.html)"
52.70.240.171 - - [08/Nov/2023:04:58:03 +0100] "GET /cotton-kitchen-towel-vieillis-p-55956.html HTTP/1.0" 200 79732 "-" "Mozilla/5.0 (Macintosh; Intel Mac OS X 10_10_1) AppleWebKit/600.2.5 (KHTML, like Gecko) Version/8.0.2 Safari/600.2.5 (Amazonbot/0.1; +https://developer.amazon.com/support/amazonbot)"
3.224.220.101 - - [08/Nov/2023:04:58:03 +0100] "GET /cotton-kitchen-towel-marseille-p-58742.html HTTP/1.0" 200 80310 "-" "Mozilla/5.0 (Macintosh; Intel Mac OS X 10_10_1) AppleWebKit/600.2.5 (KHTML, like Gecko) Version/8.0.2 Safari/600.2.5 (Amazonbot/0.1; +https://developer.amazon.com/support/amazonbot)"
23.22.35.162 - - [08/Nov/2023:04:58:05 +0100] "GET /cotton-kitchen-towel-meilleur-p-55961.html HTTP/1.0" 200 79717 "-" "Mozilla/5.0 (Macintosh; Intel Mac OS X 10_10_1) AppleWebKit/600.2.5 (KHTML, like Gecko) Version/8.0.2 Safari/600.2.5 (Amazonbot/0.1; +https://developer.amazon.com/support/amazonbot)"
3.224.220.101 - - [08/Nov/2023:04:58:06 +0100] "GET /cotton-kitchen-towel-cuisine-p-55962.html HTTP/1.0" 200 79749 "-" "Mozilla/5.0 (Macintosh; Intel Mac OS X 10_10_1) AppleWebKit/600.2.5 (KHTML, like Gecko) Version/8.0.2 Safari/600.2.5 (Amazonbot/0.1; +https://developer.amazon.com/support/amazonbot)"
52.70.240.171 - - [08/Nov/2023:04:58:07 +0100] "GET /cotton-kitchen-towel-menu-soir-p-58383.html HTTP/1.0" 200 79714 "-" "Mozilla/5.0 (Macintosh; Intel Mac OS X 10_10_1) AppleWebKit/600.2.5 (KHTML, like Gecko) Version/8.0.2 Safari/600.2.5 (Amazonbot/0.1; +https://developer.amazon.com/support/amazonbot)"
3.224.220.101 - - [08/Nov/2023:04:58:08 +0100] "GET /cotton-kitchen-towel-rgles-maison-sont-simples-p-56283.html HTTP/1.0" 200 79848 "-" "Mozilla/5.0 (Macintosh; Intel Mac OS X 10_10_1) AppleWebKit/600.2.5 (KHTML, like Gecko) Version/8.0.2 Safari/600.2.5 (Amazonbot/0.1; +https://developer.amazon.com/support/amazonbot)"
52.25.208.208 - - [08/Nov/2023:04:58:08 +0100] "GET /corsica-post-card-10x15-p-43549.html HTTP/1.0" 200 79597 "-" "thesis-research-bot"
52.25.208.208 - - [08/Nov/2023:04:58:09 +0100] "GET /corsica-post-card-10x15-p-43556.html HTTP/1.0" 200 79598 "-" "thesis-research-bot"
185.191.171.12 - - [08/Nov/2023:04:58:11 +0100] "GET /-p-50335.html HTTP/1.0" 200 77271 "-" "Mozilla/5.0 (compatible; SemrushBot/7~bl; +http://www.semrush.com/bot.html)"
52.25.208.208 - - [08/Nov/2023:04:58:10 +0100] "GET /corsica-post-card-10x15-p-43560.html HTTP/1.0" 200 79598 "-" "thesis-research-bot"
44.230.252.91 - - [08/Nov/2023:04:58:11 +0100] "GET /corsica-post-card-10x15-p-43563.html HTTP/1.0" 200 79597 "-" "thesis-research-bot"
46.4.108.51 - - [08/Nov/2023:04:58:18 +0100] "GET /robots.txt HTTP/1.0" 200 245 "-" "Mozilla/5.0 (compatible; AwarioBot/1.0; +https://awario.com/bots.html)"
85.208.96.198 - - [08/Nov/2023:04:58:17 +0100] "GET /fortress-frost-frozen-figure-collection-p-30718.html HTTP/1.0" 200 77423 "-" "Mozilla/5.0 (compatible; SemrushBot/7~bl; +http://www.semrush.com/bot.html)"
46.4.108.51 - - [08/Nov/2023:04:58:18 +0100] "GET /metal-structure-hang-fairy-p-44241.html HTTP/1.0" 200 79745 "-" "Mozilla/5.0 (compatible; AwarioBot/1.0; +https://awario.com/bots.html)"
44.230.252.91 - - [08/Nov/2023:04:58:15 +0100] "GET /hats-caps-c-1_44.html?page=1 HTTP/1.0" 200 98619 "-" "thesis-research-bot"
185.191.171.11 - - [08/Nov/2023:04:58:26 +0100] "GET /white-whale-table-lamp-p-56550.html HTTP/1.0" 200 77349 "-" "Mozilla/5.0 (compatible; SemrushBot/7~bl; +http://www.semrush.com/bot.html)"
85.208.96.212 - - [08/Nov/2023:04:58:29 +0100] "GET /with-spoon-flamingo-michelle-allen-p-59470.html HTTP/1.0" 200 80618 "-" "Mozilla/5.0 (compatible; SemrushBot/7~bl; +http://www.semrush.com/bot.html)"
46.4.108.51 - - [08/Nov/2023:04:58:42 +0100] "GET /metal-structure-hang-fairy-p-46790.html HTTP/1.0" 200 79751 "-" "Mozilla/5.0 (compatible; AwarioBot/1.0; +https://awario.com/bots.html)"
173.252.83.14 - - [08/Nov/2023:04:58:53 +0100] "GET /images/mini_prod/1384010200193.jpg HTTP/1.0" 404 1308 "-" "facebookexternalhit/1.1 (+http://www.facebook.com/externalhit_uatext.php)"
185.191.171.14 - - [08/Nov/2023:04:58:44 +0100] "GET /decorative-carpets-c-11_269_167.html?page=5 HTTP/1.0" 200 90620 "-" "Mozilla/5.0 (compatible; SemrushBot/7~bl; +http://www.semrush.com/bot.html)"
85.208.96.210 - - [08/Nov/2023:04:58:58 +0100] "GET /large-bowl-p-40459.html HTTP/1.0" 200 77301 "-" "Mozilla/5.0 (compatible; SemrushBot/7~bl; +http://www.semrush.com/bot.html)"
46.4.108.51 - - [08/Nov/2023:04:58:57 +0100] "GET /metal-tray-p-45851.html HTTP/1.0" 200 79681 "-" "Mozilla/5.0 (compatible; AwarioBot/1.0; +https://awario.com/bots.html)"
173.252.83.118 - - [08/Nov/2023:04:59:06 +0100] "GET /images/big_prod_1/4029811411795N.jpg HTTP/1.0" 200 271 "-" "facebookexternalhit/1.1 (+http://www.facebook.com/externalhit_uatext.php)"
44.230.252.91 - - [08/Nov/2023:04:59:09 +0100] "GET /mini-rectangular-tray-dragonflies-p-60546.html HTTP/1.0" 200 80847 "-" "thesis-research-bot"
85.208.96.205 - - [08/Nov/2023:04:59:10 +0100] "GET /sorcerer-mickey-figure-collection-romero-britto-p-57486.html HTTP/1.0" 200 81287 "-" "Mozilla/5.0 (compatible; SemrushBot/7~bl; +http://www.semrush.com/bot.html)"
52.25.208.208 - - [08/Nov/2023:04:59:10 +0100] "GET /mini-rectangular-tray-nutcrackers-p-58503.html HTTP/1.0" 200 80409 "-" "thesis-research-bot"
100.21.24.205 - - [08/Nov/2023:04:59:11 +0100] "GET /mini-rectangular-tray-hedera-white-p-60401.html HTTP/1.0" 200 80577 "-" "thesis-research-bot"
46.4.108.51 - - [08/Nov/2023:04:59:12 +0100] "GET /metal-tray-p-45852.html HTTP/1.0" 200 79681 "-" "Mozilla/5.0 (compatible; AwarioBot/1.0; +https://awario.com/bots.html)"
52.25.208.208 - - [08/Nov/2023:04:59:12 +0100] "GET /mini-rectangular-tray-robin-family-p-59559.html HTTP/1.0" 200 80419 "-" "thesis-research-bot"
44.230.252.91 - - [08/Nov/2023:04:59:13 +0100] "GET /mini-rectangular-tray-winter-rosie-p-57252.html HTTP/1.0" 200 80419 "-" "thesis-research-bot"
44.230.252.91 - - [08/Nov/2023:04:59:14 +0100] "GET /mini-rectangular-tray-ornaments-over-p-58500.html HTTP/1.0" 200 80478 "-" "thesis-research-bot"
52.25.208.208 - - [08/Nov/2023:04:59:15 +0100] "GET /mini-rectangular-tray-snowman-party-p-58501.html HTTP/1.0" 200 80414 "-" "thesis-research-bot"
52.25.208.208 - - [08/Nov/2023:04:59:16 +0100] "GET /mini-rectangular-tray-winter-apples-p-56863.html HTTP/1.0" 200 79802 "-" "thesis-research-bot"
44.230.252.91 - - [08/Nov/2023:04:59:17 +0100] "GET /mini-rectangular-tray-hedgehog-winter-p-59560.html HTTP/1.0" 200 80457 "-" "thesis-research-bot"
46.4.108.51 - - [08/Nov/2023:04:59:18 +0100] "GET /metal-tray-p-45853.html HTTP/1.0" 200 79681 "-" "Mozilla/5.0 (compatible; AwarioBot/1.0; +https://awario.com/bots.html)"
100.21.24.205 - - [08/Nov/2023:04:59:18 +0100] "GET /mini-rectangular-tray-magic-christmas-p-56862.html HTTP/1.0" 200 79836 "-" "thesis-research-bot"
52.25.208.208 - - [08/Nov/2023:04:59:19 +0100] "GET /mini-rectangular-tray-vintage-flowers-p-57251.html HTTP/1.0" 200 80449 "-" "thesis-research-bot"
85.208.96.208 - - [08/Nov/2023:04:59:19 +0100] "GET /collectible-figure-peter-rabbit-garden-p-56286.html HTTP/1.0" 200 80426 "-" "Mozilla/5.0 (compatible; SemrushBot/7~bl; +http://www.semrush.com/bot.html)"
100.21.24.205 - - [08/Nov/2023:04:59:20 +0100] "GET /mini-rectangular-tray-bumblebees-meadow-p-60396.html HTTP/1.0" 200 80689 "-" "thesis-research-bot"
44.230.252.91 - - [08/Nov/2023:04:59:21 +0100] "GET /mini-rectangular-tray-luxury-trees-black-p-58504.html HTTP/1.0" 200 80479 "-" "thesis-research-bot"
52.25.208.208 - - [08/Nov/2023:04:59:22 +0100] "GET /mini-rectangular-tray-garden-strawberries-p-58511.html HTTP/1.0" 200 80489 "-" "thesis-research-bot"
44.230.252.91 - - [08/Nov/2023:04:59:23 +0100] "GET /mini-rectangular-tray-sunny-flowers-cream-p-58512.html HTTP/1.0" 200 80489 "-" "thesis-research-bot"
52.25.208.208 - - [08/Nov/2023:04:59:24 +0100] "GET /mini-rectangular-tray-lake-view-p-57253.html HTTP/1.0" 200 80393 "-" "thesis-research-bot"
3.224.220.101 - - [08/Nov/2023:04:59:13 +0100] "GET /towels-c-11_177.html?page=6 HTTP/1.0" 200 94988 "-" "Mozilla/5.0 (Macintosh; Intel Mac OS X 10_10_1) AppleWebKit/600.2.5 (KHTML, like Gecko) Version/8.0.2 Safari/600.2.5 (Amazonbot/0.1; +https://developer.amazon.com/support/amazonbot)"
52.70.240.171 - - [08/Nov/2023:04:59:17 +0100] "GET /accessories-c-3.html?page=4 HTTP/1.0" 200 99125 "-" "Mozilla/5.0 (Macintosh; Intel Mac OS X 10_10_1) AppleWebKit/600.2.5 (KHTML, like Gecko) Version/8.0.2 Safari/600.2.5 (Amazonbot/0.1; +https://developer.amazon.com/support/amazonbot)"
3.224.220.101 - - [08/Nov/2023:04:59:15 +0100] "GET /towels-c-11_177.html?page=3 HTTP/1.0" 200 99417 "-" "Mozilla/5.0 (Macintosh; Intel Mac OS X 10_10_1) AppleWebKit/600.2.5 (KHTML, like Gecko) Version/8.0.2 Safari/600.2.5 (Amazonbot/0.1; +https://developer.amazon.com/support/amazonbot)"
3.224.220.101 - - [08/Nov/2023:04:59:15 +0100] "GET /towels-c-11_177.html?page=4 HTTP/1.0" 500 66336 "-" "Mozilla/5.0 (Macintosh; Intel Mac OS X 10_10_1) AppleWebKit/600.2.5 (KHTML, like Gecko) Version/8.0.2 Safari/600.2.5 (Amazonbot/0.1; +https://developer.amazon.com/support/amazonbot)"
85.208.96.197 - - [08/Nov/2023:04:59:32 +0100] "GET /sarah-fuchsia-large-backpack-p-6064.html HTTP/1.0" 200 80718 "-" "Mozilla/5.0 (compatible; SemrushBot/7~bl; +http://www.semrush.com/bot.html)"
46.4.108.51 - - [08/Nov/2023:04:59:37 +0100] "GET /metal-tray-p-53581.html HTTP/1.0" 200 80442 "-" "Mozilla/5.0 (compatible; AwarioBot/1.0; +https://awario.com/bots.html)"
52.25.208.208 - - [08/Nov/2023:04:59:28 +0100] "GET /paperweight-c-129_188.html?page=1 HTTP/1.0" 200 98037 "-" "thesis-research-bot"
52.25.208.208 - - [08/Nov/2023:04:59:53 +0100] "GET /cardboard-boxes-storage-c-13_150_216.html HTTP/1.0" 500 66563 "-" "thesis-research-bot"
23.22.35.162 - - [08/Nov/2023:05:00:09 +0100] "GET /kitchen-towel-cook-collection-p-54749.html HTTP/1.0" 200 79651 "-" "Mozilla/5.0 (Macintosh; Intel Mac OS X 10_10_1) AppleWebKit/600.2.5 (KHTML, like Gecko) Version/8.0.2 Safari/600.2.5 (Amazonbot/0.1; +https://developer.amazon.com/support/amazonbot)"
46.4.108.51 - - [08/Nov/2023:04:59:50 +0100] "GET /metal-wall-decor-c-13_308.html?page=2 HTTP/1.0" 200 97755 "-" "Mozilla/5.0 (compatible; AwarioBot/1.0; +https://awario.com/bots.html)"
185.191.171.11 - - [08/Nov/2023:05:00:18 +0100] "GET /bookend-sitting-cement-p-56912.html HTTP/1.0" 200 80441 "-" "Mozilla/5.0 (compatible; SemrushBot/7~bl; +http://www.semrush.com/bot.html)"
52.25.208.208 - - [08/Nov/2023:05:00:03 +0100] "GET /cardboard-boxes-storage-c-13_150_216.html HTTP/1.0" 500 66563 "-" "thesis-research-bot"
85.208.96.193 - - [08/Nov/2023:05:00:26 +0100] "GET /salamander-wall-decoration-p-59235.html HTTP/1.0" 200 77377 "-" "Mozilla/5.0 (compatible; SemrushBot/7~bl; +http://www.semrush.com/bot.html)"
3.224.220.101 - - [08/Nov/2023:05:00:28 +0100] "GET /sentiment-towel-kitchen-towel-p-43620.html HTTP/1.0" 200 80384 "-" "Mozilla/5.0 (Macintosh; Intel Mac OS X 10_10_1) AppleWebKit/600.2.5 (KHTML, like Gecko) Version/8.0.2 Safari/600.2.5 (Amazonbot/0.1; +https://developer.amazon.com/support/amazonbot)"
85.208.96.203 - - [08/Nov/2023:05:00:32 +0100] "GET /-p-43071.html HTTP/1.0" 200 77271 "-" "Mozilla/5.0 (compatible; SemrushBot/7~bl; +http://www.semrush.com/bot.html)"
52.70.240.171 - - [08/Nov/2023:05:00:32 +0100] "GET /sentiment-towel-kitchen-towel-p-43621.html HTTP/1.0" 200 80384 "-" "Mozilla/5.0 (Macintosh; Intel Mac OS X 10_10_1) AppleWebKit/600.2.5 (KHTML, like Gecko) Version/8.0.2 Safari/600.2.5 (Amazonbot/0.1; +https://developer.amazon.com/support/amazonbot)"
52.25.208.208 - - [08/Nov/2023:05:00:34 +0100] "GET /quel-souffle-anniv-card-p-20054.html HTTP/1.0" 200 79695 "-" "thesis-research-bot"
100.21.24.205 - - [08/Nov/2023:05:00:35 +0100] "GET /coasters-geisha-cbkreation-p-23366.html HTTP/1.0" 200 79759 "-" "thesis-research-bot"
52.25.208.208 - - [08/Nov/2023:05:00:36 +0100] "GET /square-coasters-houndstooth-russian-doll-cbkreation-p-18425.html HTTP/1.0" 200 79953 "-" "thesis-research-bot"
34.209.105.222 - - [08/Nov/2023:05:00:42 +0100] "GET /images/mini_prod/8003990630525.jpg HTTP/1.0" 200 269 "-" "Mozilla/5.0 (X11; Ubuntu; Linux x86_64; rv:72.0) Gecko/20100101 Firefox/72.0"
52.25.208.208 - - [08/Nov/2023:05:00:37 +0100] "GET /square-coasters-little-green-hearts-cbkreation-p-17904.html HTTP/1.0" 200 79918 "-" "thesis-research-bot"
52.25.208.208 - - [08/Nov/2023:05:00:38 +0100] "GET /square-coasters-starry-russian-doll-cbkreation-p-18470.html HTTP/1.0" 200 79920 "-" "thesis-research-bot"
44.230.252.91 - - [08/Nov/2023:05:00:39 +0100] "GET /square-coasters-liberty-russian-doll-cbkreation-p-18493.html HTTP/1.0" 200 79943 "-" "thesis-research-bot"
100.21.24.205 - - [08/Nov/2023:05:00:41 +0100] "GET /carlin-coasters-cbkreation-p-23363.html HTTP/1.0" 200 79648 "-" "thesis-research-bot"
52.25.208.208 - - [08/Nov/2023:05:00:40 +0100] "GET /carlin-coasters-cbkreation-p-23362.html HTTP/1.0" 200 79648 "-" "thesis-research-bot"
46.4.108.51 - - [08/Nov/2023:05:00:48 +0100] "GET /robots.txt HTTP/1.0" 200 245 "-" "Mozilla/5.0 (compatible; AwarioBot/1.0; +https://awario.com/bots.html)"
100.21.24.205 - - [08/Nov/2023:05:00:42 +0100] "GET /coasters-geisha-cbkreation-p-23367.html HTTP/1.0" 200 79759 "-" "thesis-research-bot"
100.21.24.205 - - [08/Nov/2023:05:00:43 +0100] "GET /cars-disney-card-with-envelope-p-34425.html HTTP/1.0" 200 79702 "-" "thesis-research-bot"
52.25.208.208 - - [08/Nov/2023:05:00:44 +0100] "GET /cars-disney-card-with-envelope-p-34426.html HTTP/1.0" 200 79702 "-" "thesis-research-bot"
44.230.252.91 - - [08/Nov/2023:05:00:45 +0100] "GET /cars-disney-card-with-envelope-p-34427.html HTTP/1.0" 200 79702 "-" "thesis-research-bot"
44.230.252.91 - - [08/Nov/2023:05:00:46 +0100] "GET /coasters-union-jack-cbkreation-p-15021.html HTTP/1.0" 200 79795 "-" "thesis-research-bot"
100.21.24.205 - - [08/Nov/2023:05:00:47 +0100] "GET /postcard-with-envelope-cushion-p-48845.html HTTP/1.0" 200 79800 "-" "thesis-research-bot"
44.230.252.91 - - [08/Nov/2023:05:00:48 +0100] "GET /postcard-with-envelope-raccoon-p-48866.html HTTP/1.0" 200 79799 "-" "thesis-research-bot"
52.25.208.208 - - [08/Nov/2023:05:00:50 +0100] "GET /kiub-coasters-little-prince-p-60015.html HTTP/1.0" 200 79725 "-" "thesis-research-bot"
44.230.252.91 - - [08/Nov/2023:05:00:49 +0100] "GET /coasters-jamaica-cbkreation-p-15020.html HTTP/1.0" 200 79795 "-" "thesis-research-bot"
100.21.24.205 - - [08/Nov/2023:05:00:51 +0100] "GET /kiub-coasters-little-prince-p-60016.html HTTP/1.0" 200 79725 "-" "thesis-research-bot"
23.22.35.162 - - [08/Nov/2023:05:00:52 +0100] "GET /sentiment-towel-kitchen-towel-p-43622.html HTTP/1.0" 200 80384 "-" "Mozilla/5.0 (Macintosh; Intel Mac OS X 10_10_1) AppleWebKit/600.2.5 (KHTML, like Gecko) Version/8.0.2 Safari/600.2.5 (Amazonbot/0.1; +https://developer.amazon.com/support/amazonbot)"
52.25.208.208 - - [08/Nov/2023:05:00:52 +0100] "GET /postcard-with-envelope-cats-p-48864.html HTTP/1.0" 200 79785 "-" "thesis-research-bot"
100.21.24.205 - - [08/Nov/2023:05:00:54 +0100] "GET /postcard-with-envelope-dove-p-48862.html HTTP/1.0" 200 79784 "-" "thesis-research-bot"
100.21.24.205 - - [08/Nov/2023:05:00:54 +0100] "GET /postcard-with-envelope-fishes-p-48853.html HTTP/1.0" 200 79784 "-" "thesis-research-bot"
44.230.252.91 - - [08/Nov/2023:05:00:55 +0100] "GET /postcard-with-envelope-flower-p-48847.html HTTP/1.0" 200 79804 "-" "thesis-research-bot"
52.70.240.171 - - [08/Nov/2023:05:00:54 +0100] "GET /sentiment-towel-kitchen-towel-p-43624.html HTTP/1.0" 200 80384 "-" "Mozilla/5.0 (Macintosh; Intel Mac OS X 10_10_1) AppleWebKit/600.2.5 (KHTML, like Gecko) Version/8.0.2 Safari/600.2.5 (Amazonbot/0.1; +https://developer.amazon.com/support/amazonbot)"
23.22.35.162 - - [08/Nov/2023:05:00:56 +0100] "GET /sentiment-towel-kitchen-towel-p-43627.html HTTP/1.0" 200 80384 "-" "Mozilla/5.0 (Macintosh; Intel Mac OS X 10_10_1) AppleWebKit/600.2.5 (KHTML, like Gecko) Version/8.0.2 Safari/600.2.5 (Amazonbot/0.1; +https://developer.amazon.com/support/amazonbot)"
52.70.240.171 - - [08/Nov/2023:05:00:58 +0100] "GET /sentiment-towel-kitchen-towel-p-43623.html HTTP/1.0" 200 80386 "-" "Mozilla/5.0 (Macintosh; Intel Mac OS X 10_10_1) AppleWebKit/600.2.5 (KHTML, like Gecko) Version/8.0.2 Safari/600.2.5 (Amazonbot/0.1; +https://developer.amazon.com/support/amazonbot)"
52.70.240.171 - - [08/Nov/2023:05:01:00 +0100] "GET /sentiment-towel-kitchen-towel-p-43625.html HTTP/1.0" 200 80384 "-" "Mozilla/5.0 (Macintosh; Intel Mac OS X 10_10_1) AppleWebKit/600.2.5 (KHTML, like Gecko) Version/8.0.2 Safari/600.2.5 (Amazonbot/0.1; +https://developer.amazon.com/support/amazonbot)"
3.224.220.101 - - [08/Nov/2023:05:01:02 +0100] "GET /sentiment-towel-kitchen-towel-p-43632.html HTTP/1.0" 200 80384 "-" "Mozilla/5.0 (Macintosh; Intel Mac OS X 10_10_1) AppleWebKit/600.2.5 (KHTML, like Gecko) Version/8.0.2 Safari/600.2.5 (Amazonbot/0.1; +https://developer.amazon.com/support/amazonbot)"
46.4.108.51 - - [08/Nov/2023:05:00:48 +0100] "GET /metal-wall-decor-c-13_308.html?page=3 HTTP/1.0" 200 84401 "-" "Mozilla/5.0 (compatible; AwarioBot/1.0; +https://awario.com/bots.html)"
185.191.171.12 - - [08/Nov/2023:05:01:05 +0100] "GET /cats-dubout-trivet-p-52479.html HTTP/1.0" 200 77339 "-" "Mozilla/5.0 (compatible; SemrushBot/7~bl; +http://www.semrush.com/bot.html)"
23.22.35.162 - - [08/Nov/2023:05:01:04 +0100] "GET /sentiment-towel-kitchen-towel-p-43629.html HTTP/1.0" 200 80384 "-" "Mozilla/5.0 (Macintosh; Intel Mac OS X 10_10_1) AppleWebKit/600.2.5 (KHTML, like Gecko) Version/8.0.2 Safari/600.2.5 (Amazonbot/0.1; +https://developer.amazon.com/support/amazonbot)"
52.25.208.208 - - [08/Nov/2023:05:00:57 +0100] "GET /fitted-sheet-c-11_193.html?page=1 HTTP/1.0" 200 97023 "-" "thesis-research-bot"
44.230.252.91 - - [08/Nov/2023:05:00:58 +0100] "GET /fitted-sheet-c-11_193.html?page=3 HTTP/1.0" 200 99717 "-" "thesis-research-bot"
34.209.105.222 - - [08/Nov/2023:05:01:17 +0100] "GET /images/mini_prod/9316188081009.jpg HTTP/1.0" 200 269 "-" "Mozilla/5.0 (X11; Ubuntu; Linux x86_64; rv:72.0) Gecko/20100101 Firefox/72.0"
85.208.96.204 - - [08/Nov/2023:05:01:17 +0100] "GET /-p-36448.html HTTP/1.0" 200 77271 "-" "Mozilla/5.0 (compatible; SemrushBot/7~bl; +http://www.semrush.com/bot.html)"
185.191.171.6 - - [08/Nov/2023:05:01:21 +0100] "GET /-p-35281.html HTTP/1.0" 200 77271 "-" "Mozilla/5.0 (compatible; SemrushBot/7~bl; +http://www.semrush.com/bot.html)"
46.4.108.51 - - [08/Nov/2023:05:01:24 +0100] "GET /meter-outdoor-fairy-lights-p-57989.html HTTP/1.0" 200 81305 "-" "Mozilla/5.0 (compatible; AwarioBot/1.0; +https://awario.com/bots.html)"
185.191.171.17 - - [08/Nov/2023:05:01:35 +0100] "GET /reversible-chair-cushion-navy-blue-linen-p-60684.html?action=add_product HTTP/1.0" 302 476 "-" "Mozilla/5.0 (compatible; SemrushBot/7~bl; +http://www.semrush.com/bot.html)"
52.25.208.208 - - [08/Nov/2023:05:01:31 +0100] "GET /provence-enamelled-ring-p-43605.html HTTP/1.0" 200 79685 "-" "thesis-research-bot"
100.21.24.205 - - [08/Nov/2023:05:01:32 +0100] "GET /provence-enamelled-ring-p-43606.html HTTP/1.0" 200 79685 "-" "thesis-research-bot"
100.21.24.205 - - [08/Nov/2023:05:01:33 +0100] "GET /provence-enamelled-ring-p-46909.html HTTP/1.0" 200 80292 "-" "thesis-research-bot"
52.25.208.208 - - [08/Nov/2023:05:01:34 +0100] "GET /provence-enamelled-ring-p-46911.html HTTP/1.0" 200 80292 "-" "thesis-research-bot"
44.230.252.91 - - [08/Nov/2023:05:01:35 +0100] "GET /rtro-keyring-cbkreation-p-43228.html HTTP/1.0" 200 79722 "-" "thesis-research-bot"
85.208.96.211 - - [08/Nov/2023:05:01:41 +0100] "GET /minion-placemat-p-31847.html HTTP/1.0" 200 77321 "-" "Mozilla/5.0 (compatible; SemrushBot/7~bl; +http://www.semrush.com/bot.html)"
46.4.108.51 - - [08/Nov/2023:05:01:46 +0100] "GET /miami-small-clock-p-55072.html HTTP/1.0" 200 79676 "-" "Mozilla/5.0 (compatible; AwarioBot/1.0; +https://awario.com/bots.html)"
3.224.220.101 - - [08/Nov/2023:05:01:51 +0100] "GET /sentiment-towel-kitchen-towel-p-43633.html HTTP/1.0" 200 80384 "-" "Mozilla/5.0 (Macintosh; Intel Mac OS X 10_10_1) AppleWebKit/600.2.5 (KHTML, like Gecko) Version/8.0.2 Safari/600.2.5 (Amazonbot/0.1; +https://developer.amazon.com/support/amazonbot)"
46.4.108.51 - - [08/Nov/2023:05:01:52 +0100] "GET /michelle-allen-designs-p-36958.html HTTP/1.0" 200 79816 "-" "Mozilla/5.0 (compatible; AwarioBot/1.0; +https://awario.com/bots.html)"
3.224.220.101 - - [08/Nov/2023:05:01:52 +0100] "GET /sentiment-towel-kitchen-towel-p-43630.html HTTP/1.0" 200 80384 "-" "Mozilla/5.0 (Macintosh; Intel Mac OS X 10_10_1) AppleWebKit/600.2.5 (KHTML, like Gecko) Version/8.0.2 Safari/600.2.5 (Amazonbot/0.1; +https://developer.amazon.com/support/amazonbot)"
52.70.240.171 - - [08/Nov/2023:05:01:46 +0100] "GET /-c-95_330.html HTTP/1.0" 500 66243 "-" "Mozilla/5.0 (Macintosh; Intel Mac OS X 10_10_1) AppleWebKit/600.2.5 (KHTML, like Gecko) Version/8.0.2 Safari/600.2.5 (Amazonbot/0.1; +https://developer.amazon.com/support/amazonbot)"
17.241.75.77 - - [08/Nov/2023:05:02:00 +0100] "GET /images/big_prod_1/8422099381099B.jpg HTTP/1.0" 200 271 "-" "Mozilla/5.0 (Macintosh; Intel Mac OS X 10_15_5) AppleWebKit/605.1.15 (KHTML, like Gecko) Version/13.1.1 Safari/605.1.15 (Applebot/0.1; +http://www.apple.com/go/applebot)"
173.252.83.9 - - [08/Nov/2023:05:02:07 +0100] "GET /accessories/images/mini_prod/5050293802206.jpg HTTP/1.0" 404 1308 "-" "facebookexternalhit/1.1 (+http://www.facebook.com/externalhit_uatext.php)"
46.4.108.51 - - [08/Nov/2023:05:02:05 +0100] "GET /michelle-allen-designs-p-36959.html HTTP/1.0" 200 79816 "-" "Mozilla/5.0 (compatible; AwarioBot/1.0; +https://awario.com/bots.html)"
100.21.24.205 - - [08/Nov/2023:05:02:05 +0100] "GET /decorative-door-sticker-p-51538.html HTTP/1.0" 200 80453 "-" "thesis-research-bot"
52.25.208.208 - - [08/Nov/2023:05:02:06 +0100] "GET /decorative-door-sticker-p-57362.html HTTP/1.0" 200 80461 "-" "thesis-research-bot"
52.25.208.208 - - [08/Nov/2023:05:02:07 +0100] "GET /decorative-door-sticker-p-57364.html HTTP/1.0" 200 80474 "-" "thesis-research-bot"
52.25.208.208 - - [08/Nov/2023:05:02:08 +0100] "GET /decorative-door-sticker-p-57365.html HTTP/1.0" 200 80473 "-" "thesis-research-bot"
46.4.108.51 - - [08/Nov/2023:05:02:15 +0100] "GET /michelle-allen-glass-p-24318.html HTTP/1.0" 200 79627 "-" "Mozilla/5.0 (compatible; AwarioBot/1.0; +https://awario.com/bots.html)"
85.208.96.210 - - [08/Nov/2023:05:02:21 +0100] "GET /lemons-round-tray-mango-wood-p-58552.html HTTP/1.0" 200 77379 "-" "Mozilla/5.0 (compatible; SemrushBot/7~bl; +http://www.semrush.com/bot.html)"
168.138.105.69 - - [08/Nov/2023:05:02:28 +0100] "GET /images/mini_prod/1300000022545.jpg HTTP/1.0" 200 269 "-" "Mozilla/5.0 (X11; Ubuntu; Linux x86_64; rv:72.0) Gecko/20100101 Firefox/72.0"
100.21.24.205 - - [08/Nov/2023:05:02:09 +0100] "GET /home-decoration-c-13.html?page=1 HTTP/1.0" 500 66266 "-" "thesis-research-bot"
185.191.171.16 - - [08/Nov/2023:05:02:28 +0100] "GET /kimmidoll-doll-p-47588.html HTTP/1.0" 200 77350 "-" "Mozilla/5.0 (compatible; SemrushBot/7~bl; +http://www.semrush.com/bot.html)"
168.138.105.69 - - [08/Nov/2023:05:02:34 +0100] "GET /images/mini_prod/1399984239810.jpg HTTP/1.0" 200 269 "-" "Mozilla/5.0 (X11; Ubuntu; Linux x86_64; rv:72.0) Gecko/20100101 Firefox/72.0"
46.4.108.51 - - [08/Nov/2023:05:02:32 +0100] "GET /michelle-allen-little-tray-p-39729.html HTTP/1.0" 200 79832 "-" "Mozilla/5.0 (compatible; AwarioBot/1.0; +https://awario.com/bots.html)"
3.224.220.101 - - [08/Nov/2023:05:02:32 +0100] "GET /sentiment-towel-kitchen-towel-p-43634.html HTTP/1.0" 200 80384 "-" "Mozilla/5.0 (Macintosh; Intel Mac OS X 10_10_1) AppleWebKit/600.2.5 (KHTML, like Gecko) Version/8.0.2 Safari/600.2.5 (Amazonbot/0.1; +https://developer.amazon.com/support/amazonbot)"
23.22.35.162 - - [08/Nov/2023:05:02:34 +0100] "GET /sentiment-towel-kitchen-towel-p-43628.html HTTP/1.0" 200 80384 "-" "Mozilla/5.0 (Macintosh; Intel Mac OS X 10_10_1) AppleWebKit/600.2.5 (KHTML, like Gecko) Version/8.0.2 Safari/600.2.5 (Amazonbot/0.1; +https://developer.amazon.com/support/amazonbot)"
185.191.171.16 - - [08/Nov/2023:05:02:34 +0100] "GET /japanese-style-cast-iron-teapot-liter-p-59203.html HTTP/1.0" 200 80746 "-" "Mozilla/5.0 (compatible; SemrushBot/7~bl; +http://www.semrush.com/bot.html)"
100.21.24.205 - - [08/Nov/2023:05:02:19 +0100] "GET /home-decoration-c-13.html?page=1 HTTP/1.0" 500 66266 "-" "thesis-research-bot"
23.22.35.162 - - [08/Nov/2023:05:02:35 +0100] "GET /cotton-kitchen-towel-guyane-p-49659.html HTTP/1.0" 200 80948 "-" "Mozilla/5.0 (Macintosh; Intel Mac OS X 10_10_1) AppleWebKit/600.2.5 (KHTML, like Gecko) Version/8.0.2 Safari/600.2.5 (Amazonbot/0.1; +https://developer.amazon.com/support/amazonbot)"
44.230.252.91 - - [08/Nov/2023:05:02:41 +0100] "GET /lion-clasic-keyring-cbkreation-p-43250.html HTTP/1.0" 200 79765 "-" "thesis-research-bot"
3.224.220.101 - - [08/Nov/2023:05:02:31 +0100] "GET /-c-95_304.html HTTP/1.0" 500 66243 "-" "Mozilla/5.0 (Macintosh; Intel Mac OS X 10_10_1) AppleWebKit/600.2.5 (KHTML, like Gecko) Version/8.0.2 Safari/600.2.5 (Amazonbot/0.1; +https://developer.amazon.com/support/amazonbot)"
52.25.208.208 - - [08/Nov/2023:05:02:42 +0100] "GET /mustache-keyring-cbkreation-p-43222.html HTTP/1.0" 200 79741 "-" "thesis-research-bot"
44.230.252.91 - - [08/Nov/2023:05:02:43 +0100] "GET /life-dream-keyring-cbkreation-p-43223.html HTTP/1.0" 200 79781 "-" "thesis-research-bot"
85.208.96.197 - - [08/Nov/2023:05:02:45 +0100] "GET /gift-around-wine-bottle-accessories-p-49243.html HTTP/1.0" 200 81072 "-" "Mozilla/5.0 (compatible; SemrushBot/7~bl; +http://www.semrush.com/bot.html)"
173.252.83.7 - - [08/Nov/2023:05:02:52 +0100] "GET /images/big_prod/1300000023658.jpg HTTP/1.0" 200 268 "-" "facebookexternalhit/1.1 (+http://www.facebook.com/externalhit_uatext.php)"
185.191.171.19 - - [08/Nov/2023:05:02:52 +0100] "GET /-p-39993.html HTTP/1.0" 200 77271 "-" "Mozilla/5.0 (compatible; SemrushBot/7~bl; +http://www.semrush.com/bot.html)"
52.70.240.171 - - [08/Nov/2023:05:02:53 +0100] "GET /cotton-kitchen-towel-newyork-p-53918.html HTTP/1.0" 200 79808 "-" "Mozilla/5.0 (Macintosh; Intel Mac OS X 10_10_1) AppleWebKit/600.2.5 (KHTML, like Gecko) Version/8.0.2 Safari/600.2.5 (Amazonbot/0.1; +https://developer.amazon.com/support/amazonbot)"
3.224.220.101 - - [08/Nov/2023:05:02:55 +0100] "GET /cotton-kitchen-towel-provence-p-53930.html HTTP/1.0" 200 79813 "-" "Mozilla/5.0 (Macintosh; Intel Mac OS X 10_10_1) AppleWebKit/600.2.5 (KHTML, like Gecko) Version/8.0.2 Safari/600.2.5 (Amazonbot/0.1; +https://developer.amazon.com/support/amazonbot)"
46.4.108.51 - - [08/Nov/2023:05:02:59 +0100] "GET /robots.txt HTTP/1.0" 200 245 "-" "Mozilla/5.0 (compatible; AwarioBot/1.0; +https://awario.com/bots.html)"
23.22.35.162 - - [08/Nov/2023:05:02:58 +0100] "GET /cotton-kitchen-towel-teatime-p-53947.html HTTP/1.0" 200 79808 "-" "Mozilla/5.0 (Macintosh; Intel Mac OS X 10_10_1) AppleWebKit/600.2.5 (KHTML, like Gecko) Version/8.0.2 Safari/600.2.5 (Amazonbot/0.1; +https://developer.amazon.com/support/amazonbot)"
46.4.108.51 - - [08/Nov/2023:05:02:59 +0100] "GET /mickael-want-back-shirt-p-29537.html HTTP/1.0" 200 81120 "-" "Mozilla/5.0 (compatible; AwarioBot/1.0; +https://awario.com/bots.html)"
185.191.171.17 - - [08/Nov/2023:05:02:55 +0100] "GET /alarms-clocks-c-13_65.html?page=4 HTTP/1.0" 200 85625 "-" "Mozilla/5.0 (compatible; SemrushBot/7~bl; +http://www.semrush.com/bot.html)"
185.191.171.9 - - [08/Nov/2023:05:03:09 +0100] "GET /large-backpack-luna-disney-p-36296.html HTTP/1.0" 200 77385 "-" "Mozilla/5.0 (compatible; SemrushBot/7~bl; +http://www.semrush.com/bot.html)"
3.224.220.101 - - [08/Nov/2023:05:03:02 +0100] "GET /fragrances-ambiance-c-231.html HTTP/1.0" 200 99013 "-" "Mozilla/5.0 (Macintosh; Intel Mac OS X 10_10_1) AppleWebKit/600.2.5 (KHTML, like Gecko) Version/8.0.2 Safari/600.2.5 (Amazonbot/0.1; +https://developer.amazon.com/support/amazonbot)"
46.4.108.51 - - [08/Nov/2023:05:03:11 +0100] "GET /mickael-white-shirt-p-30158.html HTTP/1.0" 200 80778 "-" "Mozilla/5.0 (compatible; AwarioBot/1.0; +https://awario.com/bots.html)"
