3.224.220.101 - - [08/Nov/2023:05:10:32 +0100] "GET /hedgehog-pencil-cbkreation-p-43428.html HTTP/1.0" 200 79703 "-" "Mozilla/5.0 (Macintosh; Intel Mac OS X 10_10_1) AppleWebKit/600.2.5 (KHTML, like Gecko) Version/8.0.2 Safari/600.2.5 (Amazonbot/0.1; +https://developer.amazon.com/support/amazonbot)"
46.4.108.51 - - [08/Nov/2023:05:10:37 +0100] "GET /mini-table-vacuum-ladybug-p-41019.html HTTP/1.0" 200 80502 "-" "Mozilla/5.0 (compatible; AwarioBot/1.0; +https://awario.com/bots.html)"
46.4.108.51 - - [08/Nov/2023:05:10:47 +0100] "GET /mini-trays-c-12_159_260.html?page=10 HTTP/1.0" 200 88479 "-" "Mozilla/5.0 (compatible; AwarioBot/1.0; +https://awario.com/bots.html)"
3.224.220.101 - - [08/Nov/2023:05:10:48 +0100] "GET /geishas-cookware-cbkreation-p-29728.html HTTP/1.0" 200 79686 "-" "Mozilla/5.0 (Macintosh; Intel Mac OS X 10_10_1) AppleWebKit/600.2.5 (KHTML, like Gecko) Version/8.0.2 Safari/600.2.5 (Amazonbot/0.1; +https://developer.amazon.com/support/amazonbot)"
52.70.240.171 - - [08/Nov/2023:05:10:50 +0100] "GET /gemini-cookware-cbkreation-p-43269.html HTTP/1.0" 200 79731 "-" "Mozilla/5.0 (Macintosh; Intel Mac OS X 10_10_1) AppleWebKit/600.2.5 (KHTML, like Gecko) Version/8.0.2 Safari/600.2.5 (Amazonbot/0.1; +https://developer.amazon.com/support/amazonbot)"
52.70.240.171 - - [08/Nov/2023:05:10:51 +0100] "GET /decorative-baskets-pink-p-58601.html HTTP/1.0" 200 80933 "-" "Mozilla/5.0 (Macintosh; Intel Mac OS X 10_10_1) AppleWebKit/600.2.5 (KHTML, like Gecko) Version/8.0.2 Safari/600.2.5 (Amazonbot/0.1; +https://developer.amazon.com/support/amazonbot)"
23.22.35.162 - - [08/Nov/2023:05:10:53 +0100] "GET /seagrass-basket-black-natural-p-58116.html HTTP/1.0" 200 79738 "-" "Mozilla/5.0 (Macintosh; Intel Mac OS X 10_10_1) AppleWebKit/600.2.5 (KHTML, like Gecko) Version/8.0.2 Safari/600.2.5 (Amazonbot/0.1; +https://developer.amazon.com/support/amazonbot)"
52.70.240.171 - - [08/Nov/2023:05:10:53 +0100] "GET /gray-decorative-baskets-p-58199.html HTTP/1.0" 200 80928 "-" "Mozilla/5.0 (Macintosh; Intel Mac OS X 10_10_1) AppleWebKit/600.2.5 (KHTML, like Gecko) Version/8.0.2 Safari/600.2.5 (Amazonbot/0.1; +https://developer.amazon.com/support/amazonbot)"
3.224.220.101 - - [08/Nov/2023:05:10:55 +0100] "GET /water-bottles-sport-bottles-c-12_161.html HTTP/1.0" 200 100724 "-" "Mozilla/5.0 (Macintosh; Intel Mac OS X 10_10_1) AppleWebKit/600.2.5 (KHTML, like Gecko) Version/8.0.2 Safari/600.2.5 (Amazonbot/0.1; +https://developer.amazon.com/support/amazonbot)"
46.4.108.51 - - [08/Nov/2023:05:10:58 +0100] "GET /mini-trays-c-12_159_260.html?page=2 HTTP/1.0" 200 99983 "-" "Mozilla/5.0 (compatible; AwarioBot/1.0; +https://awario.com/bots.html)"
46.4.108.51 - - [08/Nov/2023:05:11:05 +0100] "GET /mini-trays-c-12_159_260.html?page=3 HTTP/1.0" 200 100102 "-" "Mozilla/5.0 (compatible; AwarioBot/1.0; +https://awario.com/bots.html)"
100.21.24.205 - - [08/Nov/2023:05:11:11 +0100] "GET /monster-high-p-18676.html HTTP/1.0" 200 79842 "-" "thesis-research-bot"
100.21.24.205 - - [08/Nov/2023:05:11:12 +0100] "GET /playmobil-rule-p-13387.html HTTP/1.0" 200 79550 "-" "thesis-research-bot"
100.21.24.205 - - [08/Nov/2023:05:11:13 +0100] "GET /playmobil-rule-p-13388.html HTTP/1.0" 200 79552 "-" "thesis-research-bot"
185.191.171.5 - - [08/Nov/2023:05:11:14 +0100] "GET /burlap-round-table-bistrot-p-51524.html HTTP/1.0" 200 80237 "-" "Mozilla/5.0 (compatible; SemrushBot/7~bl; +http://www.semrush.com/bot.html)"
46.4.108.51 - - [08/Nov/2023:05:11:16 +0100] "GET /robots.txt HTTP/1.0" 200 245 "-" "Mozilla/5.0 (compatible; AwarioBot/1.0; +https://awario.com/bots.html)"
44.230.252.91 - - [08/Nov/2023:05:11:14 +0100] "GET /unicorn-pencil-p-51484.html HTTP/1.0" 200 80151 "-" "thesis-research-bot"
100.21.24.205 - - [08/Nov/2023:05:11:15 +0100] "GET /love-pucca-mouse-p-2419.html HTTP/1.0" 200 79763 "-" "thesis-research-bot"
52.25.208.208 - - [08/Nov/2023:05:11:16 +0100] "GET /experts-mousepad-p-18072.html HTTP/1.0" 200 79765 "-" "thesis-research-bot"
46.4.108.51 - - [08/Nov/2023:05:11:16 +0100] "GET /mini-trays-c-12_159_260.html?page=4 HTTP/1.0" 200 100273 "-" "Mozilla/5.0 (compatible; AwarioBot/1.0; +https://awario.com/bots.html)"
168.138.105.69 - - [08/Nov/2023:05:11:18 +0100] "GET /images/mini_prod/3453131080910.jpg HTTP/1.0" 200 269 "-" "Mozilla/5.0 (X11; Ubuntu; Linux x86_64; rv:72.0) Gecko/20100101 Firefox/72.0"
185.191.171.10 - - [08/Nov/2023:05:11:17 +0100] "GET /peppa-little-backpack-p-30389.html HTTP/1.0" 200 77353 "-" "Mozilla/5.0 (compatible; SemrushBot/7~bl; +http://www.semrush.com/bot.html)"
52.70.240.171 - - [08/Nov/2023:05:11:16 +0100] "GET /pencil-c-129_183.html?page=3 HTTP/1.0" 200 96223 "-" "Mozilla/5.0 (Macintosh; Intel Mac OS X 10_10_1) AppleWebKit/600.2.5 (KHTML, like Gecko) Version/8.0.2 Safari/600.2.5 (Amazonbot/0.1; +https://developer.amazon.com/support/amazonbot)"
52.25.208.208 - - [08/Nov/2023:05:11:17 +0100] "GET /puppy-glue-stick-p-40831.html HTTP/1.0" 200 79601 "-" "thesis-research-bot"
44.230.252.91 - - [08/Nov/2023:05:11:18 +0100] "GET /lumpy-birthday-card-with-envelope-p-25262.html HTTP/1.0" 200 79696 "-" "thesis-research-bot"
3.224.220.101 - - [08/Nov/2023:05:11:18 +0100] "GET /keyrings-c-31_52.html?page=2 HTTP/1.0" 200 100248 "-" "Mozilla/5.0 (Macintosh; Intel Mac OS X 10_10_1) AppleWebKit/600.2.5 (KHTML, like Gecko) Version/8.0.2 Safari/600.2.5 (Amazonbot/0.1; +https://developer.amazon.com/support/amazonbot)"
52.70.240.171 - - [08/Nov/2023:05:11:20 +0100] "GET /keyrings-c-31_52.html?page=6 HTTP/1.0" 200 101398 "-" "Mozilla/5.0 (Macintosh; Intel Mac OS X 10_10_1) AppleWebKit/600.2.5 (KHTML, like Gecko) Version/8.0.2 Safari/600.2.5 (Amazonbot/0.1; +https://developer.amazon.com/support/amazonbot)"
44.230.252.91 - - [08/Nov/2023:05:11:20 +0100] "GET /mickey-birthday-card-with-envelope-p-25256.html HTTP/1.0" 200 79694 "-" "thesis-research-bot"
52.70.240.171 - - [08/Nov/2023:05:11:21 +0100] "GET /long-sleeves-shirts-c-1_21.html HTTP/1.0" 200 84718 "-" "Mozilla/5.0 (Macintosh; Intel Mac OS X 10_10_1) AppleWebKit/600.2.5 (KHTML, like Gecko) Version/8.0.2 Safari/600.2.5 (Amazonbot/0.1; +https://developer.amazon.com/support/amazonbot)"
52.25.208.208 - - [08/Nov/2023:05:11:21 +0100] "GET /mickey-birthday-card-with-envelope-p-25257.html HTTP/1.0" 200 79695 "-" "thesis-research-bot"
23.22.35.162 - - [08/Nov/2023:05:11:22 +0100] "GET /keyrings-c-31_52.html?page=7 HTTP/1.0" 200 101236 "-" "Mozilla/5.0 (Macintosh; Intel Mac OS X 10_10_1) AppleWebKit/600.2.5 (KHTML, like Gecko) Version/8.0.2 Safari/600.2.5 (Amazonbot/0.1; +https://developer.amazon.com/support/amazonbot)"
52.25.208.208 - - [08/Nov/2023:05:11:22 +0100] "GET /mickey-birthday-card-with-envelope-p-25258.html HTTP/1.0" 200 79695 "-" "thesis-research-bot"
85.208.96.207 - - [08/Nov/2023:05:11:22 +0100] "GET /home-decoration-c-13.html?page=196 HTTP/1.0" 200 91192 "-" "Mozilla/5.0 (compatible; SemrushBot/7~bl; +http://www.semrush.com/bot.html)"
52.25.208.208 - - [08/Nov/2023:05:11:23 +0100] "GET /tigrou-birthday-card-with-envelope-p-25260.html HTTP/1.0" 200 79684 "-" "thesis-research-bot"
100.21.24.205 - - [08/Nov/2023:05:11:24 +0100] "GET /kitten-glue-stick-p-40832.html HTTP/1.0" 200 79609 "-" "thesis-research-bot"
100.21.24.205 - - [08/Nov/2023:05:11:25 +0100] "GET /model-felt-orange-p-20193.html HTTP/1.0" 200 79753 "-" "thesis-research-bot"
44.230.252.91 - - [08/Nov/2023:05:11:26 +0100] "GET /model-felt-yellow-p-20192.html HTTP/1.0" 200 79753 "-" "thesis-research-bot"
44.230.252.91 - - [08/Nov/2023:05:11:27 +0100] "GET /cinderella-birthday-card-with-envelope-p-25265.html HTTP/1.0" 200 79730 "-" "thesis-research-bot"
44.230.252.91 - - [08/Nov/2023:05:11:29 +0100] "GET /mickey-birthday-card-with-envelope-p-25252.html HTTP/1.0" 200 79694 "-" "thesis-research-bot"
185.191.171.12 - - [08/Nov/2023:05:11:33 +0100] "GET /-p-23458.html HTTP/1.0" 200 77271 "-" "Mozilla/5.0 (compatible; SemrushBot/7~bl; +http://www.semrush.com/bot.html)"
46.4.108.51 - - [08/Nov/2023:05:11:33 +0100] "GET /mini-trays-c-12_159_260.html?page=5 HTTP/1.0" 200 100717 "-" "Mozilla/5.0 (compatible; AwarioBot/1.0; +https://awario.com/bots.html)"
3.224.220.101 - - [08/Nov/2023:05:11:38 +0100] "GET /keyrings-c-31_52.html?page=3 HTTP/1.0" 200 101065 "-" "Mozilla/5.0 (Macintosh; Intel Mac OS X 10_10_1) AppleWebKit/600.2.5 (KHTML, like Gecko) Version/8.0.2 Safari/600.2.5 (Amazonbot/0.1; +https://developer.amazon.com/support/amazonbot)"
185.191.171.10 - - [08/Nov/2023:05:11:40 +0100] "GET /lentil-case-p-47531.html HTTP/1.0" 200 77305 "-" "Mozilla/5.0 (compatible; SemrushBot/7~bl; +http://www.semrush.com/bot.html)"
52.25.208.208 - - [08/Nov/2023:05:11:42 +0100] "GET /cushions-draft-excluders-c-11_71_316.html HTTP/1.0" 200 97620 "-" "thesis-research-bot"
185.191.171.5 - - [08/Nov/2023:05:11:45 +0100] "GET /cotton-floor-cushion-charmelia-p-49387.html HTTP/1.0" 200 80501 "-" "Mozilla/5.0 (compatible; SemrushBot/7~bl; +http://www.semrush.com/bot.html)"
46.4.108.51 - - [08/Nov/2023:05:11:45 +0100] "GET /mini-trays-c-12_159_260.html?page=6 HTTP/1.0" 200 100960 "-" "Mozilla/5.0 (compatible; AwarioBot/1.0; +https://awario.com/bots.html)"
52.25.208.208 - - [08/Nov/2023:05:11:45 +0100] "GET /luggages-schoolbags-leather-shop-c-31.html HTTP/1.0" 200 99311 "-" "thesis-research-bot"
185.191.171.19 - - [08/Nov/2023:05:11:48 +0100] "GET /household-linen-c-11.html?page=66 HTTP/1.0" 200 88377 "-" "Mozilla/5.0 (compatible; SemrushBot/7~bl; +http://www.semrush.com/bot.html)"
46.4.108.51 - - [08/Nov/2023:05:11:54 +0100] "GET /mini-trays-c-12_159_260.html?page=7 HTTP/1.0" 200 100627 "-" "Mozilla/5.0 (compatible; AwarioBot/1.0; +https://awario.com/bots.html)"
85.208.96.196 - - [08/Nov/2023:05:11:56 +0100] "GET /coca-cola-small-metal-plate-p-33730.html HTTP/1.0" 200 77377 "-" "Mozilla/5.0 (compatible; SemrushBot/7~bl; +http://www.semrush.com/bot.html)"
3.224.220.101 - - [08/Nov/2023:05:11:59 +0100] "GET /blue-keychain-little-prince-p-47479.html HTTP/1.0" 200 79735 "-" "Mozilla/5.0 (Macintosh; Intel Mac OS X 10_10_1) AppleWebKit/600.2.5 (KHTML, like Gecko) Version/8.0.2 Safari/600.2.5 (Amazonbot/0.1; +https://developer.amazon.com/support/amazonbot)"
3.224.220.101 - - [08/Nov/2023:05:11:59 +0100] "GET /keyrings-c-31_52.html?page=11 HTTP/1.0" 200 99077 "-" "Mozilla/5.0 (Macintosh; Intel Mac OS X 10_10_1) AppleWebKit/600.2.5 (KHTML, like Gecko) Version/8.0.2 Safari/600.2.5 (Amazonbot/0.1; +https://developer.amazon.com/support/amazonbot)"
3.224.220.101 - - [08/Nov/2023:05:12:02 +0100] "GET /provence-enamelled-ring-p-46911.html HTTP/1.0" 200 80292 "-" "Mozilla/5.0 (Macintosh; Intel Mac OS X 10_10_1) AppleWebKit/600.2.5 (KHTML, like Gecko) Version/8.0.2 Safari/600.2.5 (Amazonbot/0.1; +https://developer.amazon.com/support/amazonbot)"
52.70.240.171 - - [08/Nov/2023:05:12:02 +0100] "GET /rtro-keyring-cbkreation-p-43228.html HTTP/1.0" 200 79722 "-" "Mozilla/5.0 (Macintosh; Intel Mac OS X 10_10_1) AppleWebKit/600.2.5 (KHTML, like Gecko) Version/8.0.2 Safari/600.2.5 (Amazonbot/0.1; +https://developer.amazon.com/support/amazonbot)"
46.4.108.51 - - [08/Nov/2023:05:12:01 +0100] "GET /mini-trays-c-12_159_260.html?page=8 HTTP/1.0" 200 100742 "-" "Mozilla/5.0 (compatible; AwarioBot/1.0; +https://awario.com/bots.html)"
52.70.240.171 - - [08/Nov/2023:05:12:04 +0100] "GET /provence-enamelled-ring-p-46909.html HTTP/1.0" 200 80292 "-" "Mozilla/5.0 (Macintosh; Intel Mac OS X 10_10_1) AppleWebKit/600.2.5 (KHTML, like Gecko) Version/8.0.2 Safari/600.2.5 (Amazonbot/0.1; +https://developer.amazon.com/support/amazonbot)"
3.224.220.101 - - [08/Nov/2023:05:12:04 +0100] "GET /provence-enamelled-ring-p-43606.html HTTP/1.0" 200 79685 "-" "Mozilla/5.0 (Macintosh; Intel Mac OS X 10_10_1) AppleWebKit/600.2.5 (KHTML, like Gecko) Version/8.0.2 Safari/600.2.5 (Amazonbot/0.1; +https://developer.amazon.com/support/amazonbot)"
3.224.220.101 - - [08/Nov/2023:05:12:06 +0100] "GET /keyrings-c-31_52.html?page=5 HTTP/1.0" 200 101177 "-" "Mozilla/5.0 (Macintosh; Intel Mac OS X 10_10_1) AppleWebKit/600.2.5 (KHTML, like Gecko) Version/8.0.2 Safari/600.2.5 (Amazonbot/0.1; +https://developer.amazon.com/support/amazonbot)"
23.22.35.162 - - [08/Nov/2023:05:12:05 +0100] "GET /keyrings-c-31_52.html?page=4 HTTP/1.0" 200 100922 "-" "Mozilla/5.0 (Macintosh; Intel Mac OS X 10_10_1) AppleWebKit/600.2.5 (KHTML, like Gecko) Version/8.0.2 Safari/600.2.5 (Amazonbot/0.1; +https://developer.amazon.com/support/amazonbot)"
3.224.220.101 - - [08/Nov/2023:05:12:07 +0100] "GET /keyrings-c-31_52.html?page=10 HTTP/1.0" 200 100855 "-" "Mozilla/5.0 (Macintosh; Intel Mac OS X 10_10_1) AppleWebKit/600.2.5 (KHTML, like Gecko) Version/8.0.2 Safari/600.2.5 (Amazonbot/0.1; +https://developer.amazon.com/support/amazonbot)"
23.22.35.162 - - [08/Nov/2023:05:12:09 +0100] "GET /keyrings-c-31_52.html?page=8 HTTP/1.0" 200 101446 "-" "Mozilla/5.0 (Macintosh; Intel Mac OS X 10_10_1) AppleWebKit/600.2.5 (KHTML, like Gecko) Version/8.0.2 Safari/600.2.5 (Amazonbot/0.1; +https://developer.amazon.com/support/amazonbot)"
95.108.213.159 - - [08/Nov/2023:05:12:17 +0100] "GET /robots.txt HTTP/1.0" 200 245 "-" "Mozilla/5.0 (compatible; YandexBot/3.0; +http://yandex.com/bots)"
52.70.240.171 - - [08/Nov/2023:05:12:15 +0100] "GET /pisces-cookware-cbkreation-p-43274.html HTTP/1.0" 200 79731 "-" "Mozilla/5.0 (Macintosh; Intel Mac OS X 10_10_1) AppleWebKit/600.2.5 (KHTML, like Gecko) Version/8.0.2 Safari/600.2.5 (Amazonbot/0.1; +https://developer.amazon.com/support/amazonbot)"
52.70.240.171 - - [08/Nov/2023:05:12:16 +0100] "GET /taurus-cookware-cbkreation-p-43284.html HTTP/1.0" 200 79736 "-" "Mozilla/5.0 (Macintosh; Intel Mac OS X 10_10_1) AppleWebKit/600.2.5 (KHTML, like Gecko) Version/8.0.2 Safari/600.2.5 (Amazonbot/0.1; +https://developer.amazon.com/support/amazonbot)"
95.108.213.135 - - [08/Nov/2023:05:12:17 +0100] "GET /geishas-mouse-cbkreation-p-23467.html HTTP/1.0" 200 79646 "-" "Mozilla/5.0 (compatible; YandexBot/3.0; +http://yandex.com/bots)"
52.70.240.171 - - [08/Nov/2023:05:12:18 +0100] "GET /holder-recycled-metal-elements-p-42324.html HTTP/1.0" 200 79790 "-" "Mozilla/5.0 (Macintosh; Intel Mac OS X 10_10_1) AppleWebKit/600.2.5 (KHTML, like Gecko) Version/8.0.2 Safari/600.2.5 (Amazonbot/0.1; +https://developer.amazon.com/support/amazonbot)"
46.4.108.51 - - [08/Nov/2023:05:12:18 +0100] "GET /mini-trays-c-12_159_260.html?page=9 HTTP/1.0" 200 100205 "-" "Mozilla/5.0 (compatible; AwarioBot/1.0; +https://awario.com/bots.html)"
168.138.105.69 - - [08/Nov/2023:05:12:21 +0100] "GET /images/mini_prod/3453131143240.jpg HTTP/1.0" 200 269 "-" "Mozilla/5.0 (X11; Ubuntu; Linux x86_64; rv:72.0) Gecko/20100101 Firefox/72.0"
3.224.220.101 - - [08/Nov/2023:05:12:19 +0100] "GET /scorpio-cookware-cbkreation-p-43282.html HTTP/1.0" 200 79744 "-" "Mozilla/5.0 (Macintosh; Intel Mac OS X 10_10_1) AppleWebKit/600.2.5 (KHTML, like Gecko) Version/8.0.2 Safari/600.2.5 (Amazonbot/0.1; +https://developer.amazon.com/support/amazonbot)"
46.4.108.51 - - [08/Nov/2023:05:12:27 +0100] "GET /mini-trolley-p-49044.html HTTP/1.0" 200 80295 "-" "Mozilla/5.0 (compatible; AwarioBot/1.0; +https://awario.com/bots.html)"
46.4.108.51 - - [08/Nov/2023:05:12:38 +0100] "GET /mini-white-natural-wooden-p-55035.html HTTP/1.0" 200 80529 "-" "Mozilla/5.0 (compatible; AwarioBot/1.0; +https://awario.com/bots.html)"
185.191.171.4 - - [08/Nov/2023:05:12:43 +0100] "GET /-p-47093.html HTTP/1.0" 200 77271 "-" "Mozilla/5.0 (compatible; SemrushBot/7~bl; +http://www.semrush.com/bot.html)"
3.224.220.101 - - [08/Nov/2023:05:12:44 +0100] "GET /tour-eiffel-pencil-cbkreation-p-29708.html HTTP/1.0" 200 79703 "-" "Mozilla/5.0 (Macintosh; Intel Mac OS X 10_10_1) AppleWebKit/600.2.5 (KHTML, like Gecko) Version/8.0.2 Safari/600.2.5 (Amazonbot/0.1; +https://developer.amazon.com/support/amazonbot)"
46.4.108.51 - - [08/Nov/2023:05:12:44 +0100] "GET /mini-wooden-side-table-flower-life-p-56154.html HTTP/1.0" 200 81325 "-" "Mozilla/5.0 (compatible; AwarioBot/1.0; +https://awario.com/bots.html)"
52.70.240.171 - - [08/Nov/2023:05:12:46 +0100] "GET /russian-doll-pencil-cbkreation-p-29705.html HTTP/1.0" 200 79711 "-" "Mozilla/5.0 (Macintosh; Intel Mac OS X 10_10_1) AppleWebKit/600.2.5 (KHTML, like Gecko) Version/8.0.2 Safari/600.2.5 (Amazonbot/0.1; +https://developer.amazon.com/support/amazonbot)"
185.191.171.14 - - [08/Nov/2023:05:12:46 +0100] "GET /-p-44777.html HTTP/1.0" 200 77271 "-" "Mozilla/5.0 (compatible; SemrushBot/7~bl; +http://www.semrush.com/bot.html)"
128.42.28.84 - - [08/Nov/2023:05:12:49 +0100] "GET /images/mini_prod/3609810013544.jpg HTTP/1.0" 200 269 "-" "Mozilla/5.0 (X11; Ubuntu; Linux x86_64; rv:72.0) Gecko/20100101 Firefox/72.0"
23.22.35.162 - - [08/Nov/2023:05:12:52 +0100] "GET /sagittarus-cookware-cbkreation-p-43281.html HTTP/1.0" 200 79768 "-" "Mozilla/5.0 (Macintosh; Intel Mac OS X 10_10_1) AppleWebKit/600.2.5 (KHTML, like Gecko) Version/8.0.2 Safari/600.2.5 (Amazonbot/0.1; +https://developer.amazon.com/support/amazonbot)"
46.4.108.51 - - [08/Nov/2023:05:13:03 +0100] "GET /mini-wooden-side-table-tree-life-p-56156.html HTTP/1.0" 200 81291 "-" "Mozilla/5.0 (compatible; AwarioBot/1.0; +https://awario.com/bots.html)"
185.191.171.19 - - [08/Nov/2023:05:13:08 +0100] "GET /-p-46095.html HTTP/1.0" 200 77271 "-" "Mozilla/5.0 (compatible; SemrushBot/7~bl; +http://www.semrush.com/bot.html)"
23.22.35.162 - - [08/Nov/2023:05:13:11 +0100] "GET /jamaica-flag-guitar-keyring-p-14626.html HTTP/1.0" 200 79981 "-" "Mozilla/5.0 (Macintosh; Intel Mac OS X 10_10_1) AppleWebKit/600.2.5 (KHTML, like Gecko) Version/8.0.2 Safari/600.2.5 (Amazonbot/0.1; +https://developer.amazon.com/support/amazonbot)"
85.208.96.210 - - [08/Nov/2023:05:13:13 +0100] "GET /superman-plate-p-16431.html HTTP/1.0" 200 80173 "-" "Mozilla/5.0 (compatible; SemrushBot/7~bl; +http://www.semrush.com/bot.html)"
46.4.108.51 - - [08/Nov/2023:05:13:14 +0100] "GET /minions-despicable-backpack-p-35792.html HTTP/1.0" 200 79967 "-" "Mozilla/5.0 (compatible; AwarioBot/1.0; +https://awario.com/bots.html)"
52.70.240.171 - - [08/Nov/2023:05:13:19 +0100] "GET /bella-candy-cloud-keychain-p-49756.html HTTP/1.0" 200 79660 "-" "Mozilla/5.0 (Macintosh; Intel Mac OS X 10_10_1) AppleWebKit/600.2.5 (KHTML, like Gecko) Version/8.0.2 Safari/600.2.5 (Amazonbot/0.1; +https://developer.amazon.com/support/amazonbot)"
185.191.171.3 - - [08/Nov/2023:05:13:28 +0100] "GET /circle-coasters-starry-russian-doll-cbkreation-p-18471.html HTTP/1.0" 200 79932 "-" "Mozilla/5.0 (compatible; SemrushBot/7~bl; +http://www.semrush.com/bot.html)"
46.4.108.51 - - [08/Nov/2023:05:13:34 +0100] "GET /robots.txt HTTP/1.0" 200 245 "-" "Mozilla/5.0 (compatible; AwarioBot/1.0; +https://awario.com/bots.html)"
46.4.108.51 - - [08/Nov/2023:05:13:34 +0100] "GET /minions-melamine-dinner-p-34022.html HTTP/1.0" 200 79819 "-" "Mozilla/5.0 (compatible; AwarioBot/1.0; +https://awario.com/bots.html)"
185.191.171.10 - - [08/Nov/2023:05:13:41 +0100] "GET /-p-37861.html HTTP/1.0" 200 77271 "-" "Mozilla/5.0 (compatible; SemrushBot/7~bl; +http://www.semrush.com/bot.html)"
46.4.108.51 - - [08/Nov/2023:05:13:46 +0100] "GET /minions-poster-p-30932.html HTTP/1.0" 200 79583 "-" "Mozilla/5.0 (compatible; AwarioBot/1.0; +https://awario.com/bots.html)"
216.244.66.242 - - [08/Nov/2023:05:13:52 +0100] "GET /robots.txt HTTP/1.0" 200 245 "-" "Mozilla/5.0 (compatible; DotBot/1.2; +https://opensiteexplorer.org/dotbot; help@moz.com)"
46.4.108.51 - - [08/Nov/2023:05:13:51 +0100] "GET /minions-poster-p-30933.html HTTP/1.0" 200 79565 "-" "Mozilla/5.0 (compatible; AwarioBot/1.0; +https://awario.com/bots.html)"
185.191.171.7 - - [08/Nov/2023:05:13:53 +0100] "GET /olympique-marseille-large-backpack-p-19700.html HTTP/1.0" 200 79865 "-" "Mozilla/5.0 (compatible; SemrushBot/7~bl; +http://www.semrush.com/bot.html)"
46.4.108.51 - - [08/Nov/2023:05:13:55 +0100] "GET /minions-sports-bottle-p-31754.html HTTP/1.0" 200 79637 "-" "Mozilla/5.0 (compatible; AwarioBot/1.0; +https://awario.com/bots.html)"
40.77.167.22 - - [08/Nov/2023:05:13:59 +0100] "GET /dishes-dishes-c-251.html HTTP/1.0" 301 96324 "-" "Mozilla/5.0 AppleWebKit/537.36 (KHTML, like Gecko; compatible; bingbot/2.0; +http://www.bing.com/bingbot.htm) Chrome/103.0.5060.134 Safari/537.36"
51.68.224.127 - - [08/Nov/2023:05:14:05 +0100] "GET /adminweb/export_orders_xml.php?token=256de2z6edz6ed2z6DFSFsed2zed6zeDSFDSGdzedezfzf&maxorders=10&orderstart=1&status=14&start_date=2018-10-01 HTTP/1.0" 200 285 "-" "GesCom CharlotteBoutik Serveur"
51.68.224.127 - - [08/Nov/2023:05:14:05 +0100] "GET /adminweb/export_orders_xml.php?token=256de2z6edz6ed2z6DFSFsed2zed6zeDSFDSGdzedezfzf&maxorders=10&orderstart=1&status=6&start_date=2018-10-01 HTTP/1.0" 200 33939 "-" "GesCom CharlotteBoutik Serveur"
46.4.108.51 - - [08/Nov/2023:05:14:05 +0100] "GET /minions-swimming-armband-p-35064.html HTTP/1.0" 200 79790 "-" "Mozilla/5.0 (compatible; AwarioBot/1.0; +https://awario.com/bots.html)"
46.4.108.51 - - [08/Nov/2023:05:14:22 +0100] "GET /minnie-mouse-disney-suitcase-p-31207.html HTTP/1.0" 200 80100 "-" "Mozilla/5.0 (compatible; AwarioBot/1.0; +https://awario.com/bots.html)"
23.22.35.162 - - [08/Nov/2023:05:14:28 +0100] "GET /jazzy-candy-cloud-keychain-p-49750.html HTTP/1.0" 200 79660 "-" "Mozilla/5.0 (Macintosh; Intel Mac OS X 10_10_1) AppleWebKit/600.2.5 (KHTML, like Gecko) Version/8.0.2 Safari/600.2.5 (Amazonbot/0.1; +https://developer.amazon.com/support/amazonbot)"
3.224.220.101 - - [08/Nov/2023:05:14:38 +0100] "GET /russian-doll-liberty-metal-keychain-cbkreation-p-23488.html HTTP/1.0" 200 81341 "-" "Mozilla/5.0 (Macintosh; Intel Mac OS X 10_10_1) AppleWebKit/600.2.5 (KHTML, like Gecko) Version/8.0.2 Safari/600.2.5 (Amazonbot/0.1; +https://developer.amazon.com/support/amazonbot)"
52.70.240.171 - - [08/Nov/2023:05:14:41 +0100] "GET /jamaica-lion-guitar-keyring-p-14625.html HTTP/1.0" 200 79981 "-" "Mozilla/5.0 (Macintosh; Intel Mac OS X 10_10_1) AppleWebKit/600.2.5 (KHTML, like Gecko) Version/8.0.2 Safari/600.2.5 (Amazonbot/0.1; +https://developer.amazon.com/support/amazonbot)"
46.4.108.51 - - [08/Nov/2023:05:14:41 +0100] "GET /minnie-mouse-large-expandable-backpack-p-19678.html HTTP/1.0" 200 80250 "-" "Mozilla/5.0 (compatible; AwarioBot/1.0; +https://awario.com/bots.html)"
52.70.240.171 - - [08/Nov/2023:05:14:41 +0100] "GET /playboy-stripe-metal-keyring-p-16456.html HTTP/1.0" 200 80263 "-" "Mozilla/5.0 (Macintosh; Intel Mac OS X 10_10_1) AppleWebKit/600.2.5 (KHTML, like Gecko) Version/8.0.2 Safari/600.2.5 (Amazonbot/0.1; +https://developer.amazon.com/support/amazonbot)"
52.70.240.171 - - [08/Nov/2023:05:14:45 +0100] "GET /flossy-candy-cloud-keychain-p-46660.html HTTP/1.0" 200 79665 "-" "Mozilla/5.0 (Macintosh; Intel Mac OS X 10_10_1) AppleWebKit/600.2.5 (KHTML, like Gecko) Version/8.0.2 Safari/600.2.5 (Amazonbot/0.1; +https://developer.amazon.com/support/amazonbot)"
3.224.220.101 - - [08/Nov/2023:05:14:47 +0100] "GET /bubbles-candy-cloud-keychain-p-49754.html HTTP/1.0" 200 79670 "-" "Mozilla/5.0 (Macintosh; Intel Mac OS X 10_10_1) AppleWebKit/600.2.5 (KHTML, like Gecko) Version/8.0.2 Safari/600.2.5 (Amazonbot/0.1; +https://developer.amazon.com/support/amazonbot)"
3.224.220.101 - - [08/Nov/2023:05:14:51 +0100] "GET /cabin-londoner-metal-keyring-p-18870.html HTTP/1.0" 200 79670 "-" "Mozilla/5.0 (Macintosh; Intel Mac OS X 10_10_1) AppleWebKit/600.2.5 (KHTML, like Gecko) Version/8.0.2 Safari/600.2.5 (Amazonbot/0.1; +https://developer.amazon.com/support/amazonbot)"
46.4.108.51 - - [08/Nov/2023:05:14:53 +0100] "GET /minnie-mouse-large-metal-p-26704.html HTTP/1.0" 200 79779 "-" "Mozilla/5.0 (compatible; AwarioBot/1.0; +https://awario.com/bots.html)"
23.22.35.162 - - [08/Nov/2023:05:14:53 +0100] "GET /jamaica-peace-guitar-keyring-p-14624.html HTTP/1.0" 200 79989 "-" "Mozilla/5.0 (Macintosh; Intel Mac OS X 10_10_1) AppleWebKit/600.2.5 (KHTML, like Gecko) Version/8.0.2 Safari/600.2.5 (Amazonbot/0.1; +https://developer.amazon.com/support/amazonbot)"
100.21.24.205 - - [08/Nov/2023:05:14:54 +0100] "GET /gund-plush-p-44581.html HTTP/1.0" 200 79663 "-" "thesis-research-bot"
3.224.220.101 - - [08/Nov/2023:05:14:55 +0100] "GET /scooter-pink-girly-keyring-p-28749.html HTTP/1.0" 200 79673 "-" "Mozilla/5.0 (Macintosh; Intel Mac OS X 10_10_1) AppleWebKit/600.2.5 (KHTML, like Gecko) Version/8.0.2 Safari/600.2.5 (Amazonbot/0.1; +https://developer.amazon.com/support/amazonbot)"
52.25.208.208 - - [08/Nov/2023:05:14:55 +0100] "GET /gund-first-soft-puppy-rattle-plush-p-34389.html HTTP/1.0" 200 80081 "-" "thesis-research-bot"
100.21.24.205 - - [08/Nov/2023:05:14:56 +0100] "GET /studio-pets-plush-p-54203.html HTTP/1.0" 200 80476 "-" "thesis-research-bot"
3.224.220.101 - - [08/Nov/2023:05:14:56 +0100] "GET /weapon-mtal-keyring-five-seven-p-31989.html HTTP/1.0" 200 79741 "-" "Mozilla/5.0 (Macintosh; Intel Mac OS X 10_10_1) AppleWebKit/600.2.5 (KHTML, like Gecko) Version/8.0.2 Safari/600.2.5 (Amazonbot/0.1; +https://developer.amazon.com/support/amazonbot)"
52.25.208.208 - - [08/Nov/2023:05:14:57 +0100] "GET /small-soft-toys-christmas-balls-owls-p-56333.html HTTP/1.0" 200 80716 "-" "thesis-research-bot"
44.230.252.91 - - [08/Nov/2023:05:14:58 +0100] "GET /gund-elephant-plush-p-16345.html HTTP/1.0" 200 84197 "-" "thesis-research-bot"
3.224.220.101 - - [08/Nov/2023:05:14:58 +0100] "GET /scooter-black-girly-keyring-p-28751.html HTTP/1.0" 200 79658 "-" "Mozilla/5.0 (Macintosh; Intel Mac OS X 10_10_1) AppleWebKit/600.2.5 (KHTML, like Gecko) Version/8.0.2 Safari/600.2.5 (Amazonbot/0.1; +https://developer.amazon.com/support/amazonbot)"
100.21.24.205 - - [08/Nov/2023:05:14:59 +0100] "GET /plush-keeleco-friendly-emperor-penguin-p-51852.html HTTP/1.0" 200 80953 "-" "thesis-research-bot"
44.230.252.91 - - [08/Nov/2023:05:15:00 +0100] "GET /elephant-small-plush-p-25887.html HTTP/1.0" 200 79755 "-" "thesis-research-bot"
100.21.24.205 - - [08/Nov/2023:05:15:01 +0100] "GET /riverdale-bear-brown-p-31711.html HTTP/1.0" 200 79819 "-" "thesis-research-bot"
52.70.240.171 - - [08/Nov/2023:05:15:02 +0100] "GET /scooter-green-girly-keyring-p-28752.html HTTP/1.0" 200 79659 "-" "Mozilla/5.0 (Macintosh; Intel Mac OS X 10_10_1) AppleWebKit/600.2.5 (KHTML, like Gecko) Version/8.0.2 Safari/600.2.5 (Amazonbot/0.1; +https://developer.amazon.com/support/amazonbot)"
46.4.108.51 - - [08/Nov/2023:05:15:02 +0100] "GET /minnie-mouse-metal-p-26703.html HTTP/1.0" 200 79724 "-" "Mozilla/5.0 (compatible; AwarioBot/1.0; +https://awario.com/bots.html)"
52.25.208.208 - - [08/Nov/2023:05:15:02 +0100] "GET /gund-plush-itty-bitty-rain-boots-harness-p-32802.html HTTP/1.0" 200 84469 "-" "thesis-research-bot"
44.230.252.91 - - [08/Nov/2023:05:15:03 +0100] "GET /pugsley-keel-toys-plush-unicorn-light-pink-p-46897.html HTTP/1.0" 200 79935 "-" "thesis-research-bot"
100.21.24.205 - - [08/Nov/2023:05:15:04 +0100] "GET /gund-plush-love-patch-p-24294.html HTTP/1.0" 200 84471 "-" "thesis-research-bot"
52.25.208.208 - - [08/Nov/2023:05:15:05 +0100] "GET /riverdale-bunny-brown-p-31716.html HTTP/1.0" 200 79827 "-" "thesis-research-bot"
3.224.220.101 - - [08/Nov/2023:05:15:05 +0100] "GET /life-dream-keyring-cbkreation-p-43223.html HTTP/1.0" 200 79781 "-" "Mozilla/5.0 (Macintosh; Intel Mac OS X 10_10_1) AppleWebKit/600.2.5 (KHTML, like Gecko) Version/8.0.2 Safari/600.2.5 (Amazonbot/0.1; +https://developer.amazon.com/support/amazonbot)"
34.209.105.222 - - [08/Nov/2023:05:15:08 +0100] "GET /images/mini_prod/5051265800183.jpg HTTP/1.0" 200 269 "-" "Mozilla/5.0 (X11; Ubuntu; Linux x86_64; rv:72.0) Gecko/20100101 Firefox/72.0"
44.230.252.91 - - [08/Nov/2023:05:15:06 +0100] "GET /gund-daisy-small-plush-p-33956.html HTTP/1.0" 200 79762 "-" "thesis-research-bot"
3.224.220.101 - - [08/Nov/2023:05:15:07 +0100] "GET /corsica-keyring-cbkreation-p-43221.html HTTP/1.0" 200 79732 "-" "Mozilla/5.0 (Macintosh; Intel Mac OS X 10_10_1) AppleWebKit/600.2.5 (KHTML, like Gecko) Version/8.0.2 Safari/600.2.5 (Amazonbot/0.1; +https://developer.amazon.com/support/amazonbot)"
40.77.167.24 - - [08/Nov/2023:05:15:08 +0100] "GET /accessories-mobiles-c-3_17.html?page=4 HTTP/1.0" 200 101407 "-" "Mozilla/5.0 AppleWebKit/537.36 (KHTML, like Gecko; compatible; bingbot/2.0; +http://www.bing.com/bingbot.htm) Chrome/103.0.5060.134 Safari/537.36"
52.70.240.171 - - [08/Nov/2023:05:15:09 +0100] "GET /lion-clasic-keyring-cbkreation-p-43250.html HTTP/1.0" 200 79765 "-" "Mozilla/5.0 (Macintosh; Intel Mac OS X 10_10_1) AppleWebKit/600.2.5 (KHTML, like Gecko) Version/8.0.2 Safari/600.2.5 (Amazonbot/0.1; +https://developer.amazon.com/support/amazonbot)"
185.191.171.6 - - [08/Nov/2023:05:15:13 +0100] "GET /cbkreation-p-36573.html HTTP/1.0" 200 79606 "-" "Mozilla/5.0 (compatible; SemrushBot/7~bl; +http://www.semrush.com/bot.html)"
128.42.29.48 - - [08/Nov/2023:05:15:19 +0100] "GET /images/mini_prod/8422019609043B.jpg HTTP/1.0" 200 270 "-" "Mozilla/5.0 (X11; Ubuntu; Linux x86_64; rv:72.0) Gecko/20100101 Firefox/72.0"
85.208.96.210 - - [08/Nov/2023:05:15:17 +0100] "GET /wooden-hanging-tree-decoration-p-58762.html HTTP/1.0" 200 80389 "-" "Mozilla/5.0 (compatible; SemrushBot/7~bl; +http://www.semrush.com/bot.html)"
46.4.108.51 - - [08/Nov/2023:05:15:18 +0100] "GET /minnie-mouse-sports-bottle-p-25064.html HTTP/1.0" 200 80484 "-" "Mozilla/5.0 (compatible; AwarioBot/1.0; +https://awario.com/bots.html)"
3.224.220.101 - - [08/Nov/2023:05:15:17 +0100] "GET /mustache-keyring-cbkreation-p-43222.html HTTP/1.0" 200 79741 "-" "Mozilla/5.0 (Macintosh; Intel Mac OS X 10_10_1) AppleWebKit/600.2.5 (KHTML, like Gecko) Version/8.0.2 Safari/600.2.5 (Amazonbot/0.1; +https://developer.amazon.com/support/amazonbot)"
3.224.220.101 - - [08/Nov/2023:05:15:19 +0100] "GET /jamaica-keyring-cbkreation-p-43229.html HTTP/1.0" 200 79733 "-" "Mozilla/5.0 (Macintosh; Intel Mac OS X 10_10_1) AppleWebKit/600.2.5 (KHTML, like Gecko) Version/8.0.2 Safari/600.2.5 (Amazonbot/0.1; +https://developer.amazon.com/support/amazonbot)"
3.224.220.101 - - [08/Nov/2023:05:15:20 +0100] "GET /green-japan-keyring-cbkreation-p-43243.html HTTP/1.0" 200 79765 "-" "Mozilla/5.0 (Macintosh; Intel Mac OS X 10_10_1) AppleWebKit/600.2.5 (KHTML, like Gecko) Version/8.0.2 Safari/600.2.5 (Amazonbot/0.1; +https://developer.amazon.com/support/amazonbot)"
85.208.96.197 - - [08/Nov/2023:05:15:21 +0100] "GET /-p-35378.html HTTP/1.0" 200 77271 "-" "Mozilla/5.0 (compatible; SemrushBot/7~bl; +http://www.semrush.com/bot.html)"
3.224.220.101 - - [08/Nov/2023:05:15:22 +0100] "GET /bella-candy-cloud-keychain-p-49757.html HTTP/1.0" 200 79657 "-" "Mozilla/5.0 (Macintosh; Intel Mac OS X 10_10_1) AppleWebKit/600.2.5 (KHTML, like Gecko) Version/8.0.2 Safari/600.2.5 (Amazonbot/0.1; +https://developer.amazon.com/support/amazonbot)"
85.208.96.212 - - [08/Nov/2023:05:15:25 +0100] "GET /black-japanese-enameled-cast-iron-teapot-liters-p-57679.html HTTP/1.0" 200 80835 "-" "Mozilla/5.0 (compatible; SemrushBot/7~bl; +http://www.semrush.com/bot.html)"
23.22.35.162 - - [08/Nov/2023:05:15:26 +0100] "GET /candy-candy-cloud-keychain-p-49761.html HTTP/1.0" 200 79657 "-" "Mozilla/5.0 (Macintosh; Intel Mac OS X 10_10_1) AppleWebKit/600.2.5 (KHTML, like Gecko) Version/8.0.2 Safari/600.2.5 (Amazonbot/0.1; +https://developer.amazon.com/support/amazonbot)"
46.4.108.51 - - [08/Nov/2023:05:15:26 +0100] "GET /minnie-umbrella-p-6094.html HTTP/1.0" 200 79763 "-" "Mozilla/5.0 (compatible; AwarioBot/1.0; +https://awario.com/bots.html)"
3.224.220.101 - - [08/Nov/2023:05:15:28 +0100] "GET /jazzy-candy-cloud-keychain-p-49760.html HTTP/1.0" 200 79657 "-" "Mozilla/5.0 (Macintosh; Intel Mac OS X 10_10_1) AppleWebKit/600.2.5 (KHTML, like Gecko) Version/8.0.2 Safari/600.2.5 (Amazonbot/0.1; +https://developer.amazon.com/support/amazonbot)"
85.208.96.194 - - [08/Nov/2023:05:15:29 +0100] "GET /green-wood-p-55747.html HTTP/1.0" 200 77317 "-" "Mozilla/5.0 (compatible; SemrushBot/7~bl; +http://www.semrush.com/bot.html)"
85.208.96.210 - - [08/Nov/2023:05:15:33 +0100] "GET /household-linen-c-11.html?page=28 HTTP/1.0" 200 99932 "-" "Mozilla/5.0 (compatible; SemrushBot/7~bl; +http://www.semrush.com/bot.html)"
100.21.24.205 - - [08/Nov/2023:05:15:34 +0100] "GET /gund-plush-p-22167.html HTTP/1.0" 200 84159 "-" "thesis-research-bot"
52.25.208.208 - - [08/Nov/2023:05:15:35 +0100] "GET /mini-plush-keeleco-friendly-koala-p-60141.html HTTP/1.0" 200 81264 "-" "thesis-research-bot"
100.21.24.205 - - [08/Nov/2023:05:15:36 +0100] "GET /mini-plush-keeleco-friendly-panda-p-60143.html HTTP/1.0" 200 81264 "-" "thesis-research-bot"
100.21.24.205 - - [08/Nov/2023:05:15:37 +0100] "GET /mini-plush-keeleco-friendly-sloth-p-60140.html HTTP/1.0" 200 81264 "-" "thesis-research-bot"
185.191.171.16 - - [08/Nov/2023:05:15:38 +0100] "GET /star-hanging-tree-decoration-p-56571.html HTTP/1.0" 200 80379 "-" "Mozilla/5.0 (compatible; SemrushBot/7~bl; +http://www.semrush.com/bot.html)"
52.25.208.208 - - [08/Nov/2023:05:15:38 +0100] "GET /mini-plush-keeleco-friendly-tiger-p-60133.html HTTP/1.0" 200 81264 "-" "thesis-research-bot"
52.25.208.208 - - [08/Nov/2023:05:15:41 +0100] "GET /mini-plush-keeleco-friendly-elephant-p-60142.html HTTP/1.0" 200 81291 "-" "thesis-research-bot"
46.4.108.51 - - [08/Nov/2023:05:15:43 +0100] "GET /robots.txt HTTP/1.0" 200 245 "-" "Mozilla/5.0 (compatible; AwarioBot/1.0; +https://awario.com/bots.html)"
100.21.24.205 - - [08/Nov/2023:05:15:41 +0100] "GET /mini-plush-keeleco-friendly-giraffe-p-60139.html HTTP/1.0" 200 81282 "-" "thesis-research-bot"
3.224.220.101 - - [08/Nov/2023:05:15:41 +0100] "GET /bubbles-candy-cloud-keychain-p-49763.html HTTP/1.0" 200 79667 "-" "Mozilla/5.0 (Macintosh; Intel Mac OS X 10_10_1) AppleWebKit/600.2.5 (KHTML, like Gecko) Version/8.0.2 Safari/600.2.5 (Amazonbot/0.1; +https://developer.amazon.com/support/amazonbot)"
44.230.252.91 - - [08/Nov/2023:05:15:42 +0100] "GET /mini-plush-keeleco-friendly-leopard-p-60134.html HTTP/1.0" 200 81282 "-" "thesis-research-bot"
46.4.108.51 - - [08/Nov/2023:05:15:43 +0100] "GET /mint-diabolo-kitchen-towel-p-44420.html HTTP/1.0" 200 79666 "-" "Mozilla/5.0 (compatible; AwarioBot/1.0; +https://awario.com/bots.html)"
44.230.252.91 - - [08/Nov/2023:05:15:43 +0100] "GET /mini-plush-keeleco-friendly-penguin-p-60144.html HTTP/1.0" 200 81282 "-" "thesis-research-bot"
52.70.240.171 - - [08/Nov/2023:05:15:44 +0100] "GET /daisy-candy-cloud-keychain-p-49762.html HTTP/1.0" 200 79657 "-" "Mozilla/5.0 (Macintosh; Intel Mac OS X 10_10_1) AppleWebKit/600.2.5 (KHTML, like Gecko) Version/8.0.2 Safari/600.2.5 (Amazonbot/0.1; +https://developer.amazon.com/support/amazonbot)"
52.25.208.208 - - [08/Nov/2023:05:15:44 +0100] "GET /mini-plush-keeleco-friendly-orangutan-p-60135.html HTTP/1.0" 200 81300 "-" "thesis-research-bot"
23.22.35.162 - - [08/Nov/2023:05:15:45 +0100] "GET /yellow-keychain-little-prince-p-47477.html HTTP/1.0" 200 79751 "-" "Mozilla/5.0 (Macintosh; Intel Mac OS X 10_10_1) AppleWebKit/600.2.5 (KHTML, like Gecko) Version/8.0.2 Safari/600.2.5 (Amazonbot/0.1; +https://developer.amazon.com/support/amazonbot)"
100.21.24.205 - - [08/Nov/2023:05:15:45 +0100] "GET /mini-plush-keeleco-friendly-snow-leopard-p-60138.html HTTP/1.0" 200 81327 "-" "thesis-research-bot"
44.230.252.91 - - [08/Nov/2023:05:15:46 +0100] "GET /mini-plush-keeleco-friendly-monkey-p-60136.html HTTP/1.0" 200 81273 "-" "thesis-research-bot"
52.25.208.208 - - [08/Nov/2023:05:15:46 +0100] "GET /mini-plush-keeleco-friendly-lion-p-60137.html HTTP/1.0" 200 81255 "-" "thesis-research-bot"
52.25.208.208 - - [08/Nov/2023:05:15:48 +0100] "GET /small-plush-ball-tree-decoration-p-56328.html HTTP/1.0" 200 80724 "-" "thesis-research-bot"
52.70.240.171 - - [08/Nov/2023:05:15:48 +0100] "GET /dasha-candy-cloud-keychain-p-49759.html HTTP/1.0" 200 79657 "-" "Mozilla/5.0 (Macintosh; Intel Mac OS X 10_10_1) AppleWebKit/600.2.5 (KHTML, like Gecko) Version/8.0.2 Safari/600.2.5 (Amazonbot/0.1; +https://developer.amazon.com/support/amazonbot)"
52.25.208.208 - - [08/Nov/2023:05:15:48 +0100] "GET /plush-keeleco-friendly-elephant-p-60127.html HTTP/1.0" 200 80945 "-" "thesis-research-bot"
100.21.24.205 - - [08/Nov/2023:05:15:49 +0100] "GET /plush-keeleco-friendly-p-61149.html HTTP/1.0" 200 80856 "-" "thesis-research-bot"
100.21.24.205 - - [08/Nov/2023:05:15:50 +0100] "GET /plush-keeleco-friendly-p-61150.html HTTP/1.0" 200 80856 "-" "thesis-research-bot"
173.252.83.15 - - [08/Nov/2023:05:15:53 +0100] "GET /images/mini_prod/3014627880225.jpg HTTP/1.0" 200 269 "-" "facebookexternalhit/1.1 (+http://www.facebook.com/externalhit_uatext.php)"
46.4.108.51 - - [08/Nov/2023:05:15:52 +0100] "GET /minute-cooking-hourglass-black-sand-p-53719.html HTTP/1.0" 200 80487 "-" "Mozilla/5.0 (compatible; AwarioBot/1.0; +https://awario.com/bots.html)"
23.22.35.162 - - [08/Nov/2023:05:15:56 +0100] "GET /beyond-charms-keychain-zebra-p-51836.html HTTP/1.0" 200 80892 "-" "Mozilla/5.0 (Macintosh; Intel Mac OS X 10_10_1) AppleWebKit/600.2.5 (KHTML, like Gecko) Version/8.0.2 Safari/600.2.5 (Amazonbot/0.1; +https://developer.amazon.com/support/amazonbot)"
52.70.240.171 - - [08/Nov/2023:05:15:57 +0100] "GET /beyond-charms-keychain-raccoon-p-51829.html HTTP/1.0" 200 80906 "-" "Mozilla/5.0 (Macintosh; Intel Mac OS X 10_10_1) AppleWebKit/600.2.5 (KHTML, like Gecko) Version/8.0.2 Safari/600.2.5 (Amazonbot/0.1; +https://developer.amazon.com/support/amazonbot)"
173.252.83.1 - - [08/Nov/2023:05:16:01 +0100] "GET /images/mini_prod/3438100346686.jpg HTTP/1.0" 200 269 "-" "facebookexternalhit/1.1 (+http://www.facebook.com/externalhit_uatext.php)"
85.208.96.211 - - [08/Nov/2023:05:16:03 +0100] "GET /-p-36755.html HTTP/1.0" 200 77271 "-" "Mozilla/5.0 (compatible; SemrushBot/7~bl; +http://www.semrush.com/bot.html)"
46.4.108.51 - - [08/Nov/2023:05:16:11 +0100] "GET /minute-cooking-hourglass-black-sand-p-59747.html HTTP/1.0" 200 80720 "-" "Mozilla/5.0 (compatible; AwarioBot/1.0; +https://awario.com/bots.html)"
52.70.240.171 - - [08/Nov/2023:05:16:17 +0100] "GET /vintage-soccer-ball-keyring-p-29899.html HTTP/1.0" 200 79696 "-" "Mozilla/5.0 (Macintosh; Intel Mac OS X 10_10_1) AppleWebKit/600.2.5 (KHTML, like Gecko) Version/8.0.2 Safari/600.2.5 (Amazonbot/0.1; +https://developer.amazon.com/support/amazonbot)"
46.4.108.51 - - [08/Nov/2023:05:16:17 +0100] "GET /minute-cooking-hourglass-white-sand-p-53720.html HTTP/1.0" 200 80487 "-" "Mozilla/5.0 (compatible; AwarioBot/1.0; +https://awario.com/bots.html)"
3.224.220.101 - - [08/Nov/2023:05:16:17 +0100] "GET /scooter-pink-girly-heyring-p-24913.html HTTP/1.0" 200 79691 "-" "Mozilla/5.0 (Macintosh; Intel Mac OS X 10_10_1) AppleWebKit/600.2.5 (KHTML, like Gecko) Version/8.0.2 Safari/600.2.5 (Amazonbot/0.1; +https://developer.amazon.com/support/amazonbot)"
52.70.240.171 - - [08/Nov/2023:05:16:20 +0100] "GET /loola-ylvi-minimoomis-keyring-p-33978.html HTTP/1.0" 200 79749 "-" "Mozilla/5.0 (Macintosh; Intel Mac OS X 10_10_1) AppleWebKit/600.2.5 (KHTML, like Gecko) Version/8.0.2 Safari/600.2.5 (Amazonbot/0.1; +https://developer.amazon.com/support/amazonbot)"
85.208.96.196 - - [08/Nov/2023:05:16:27 +0100] "GET /mani-lucky-keychain-p-49905.html HTTP/1.0" 200 77353 "-" "Mozilla/5.0 (compatible; SemrushBot/7~bl; +http://www.semrush.com/bot.html)"
46.4.108.51 - - [08/Nov/2023:05:16:27 +0100] "GET /minute-cooking-hourglass-white-sand-p-59746.html HTTP/1.0" 200 80491 "-" "Mozilla/5.0 (compatible; AwarioBot/1.0; +https://awario.com/bots.html)"
52.70.240.171 - - [08/Nov/2023:05:16:30 +0100] "GET /verity-rose-metal-keyrings-p-29178.html HTTP/1.0" 200 80340 "-" "Mozilla/5.0 (Macintosh; Intel Mac OS X 10_10_1) AppleWebKit/600.2.5 (KHTML, like Gecko) Version/8.0.2 Safari/600.2.5 (Amazonbot/0.1; +https://developer.amazon.com/support/amazonbot)"
3.224.220.101 - - [08/Nov/2023:05:16:32 +0100] "GET /olympique-marseille-keyring-p-40811.html HTTP/1.0" 200 79701 "-" "Mozilla/5.0 (Macintosh; Intel Mac OS X 10_10_1) AppleWebKit/600.2.5 (KHTML, like Gecko) Version/8.0.2 Safari/600.2.5 (Amazonbot/0.1; +https://developer.amazon.com/support/amazonbot)"
173.252.83.12 - - [08/Nov/2023:05:16:34 +0100] "GET /images/mini_prod/9316188070638.jpg HTTP/1.0" 200 269 "-" "facebookexternalhit/1.1 (+http://www.facebook.com/externalhit_uatext.php)"
3.224.220.101 - - [08/Nov/2023:05:16:33 +0100] "GET /verity-rose-metal-keyrings-p-29181.html HTTP/1.0" 200 80340 "-" "Mozilla/5.0 (Macintosh; Intel Mac OS X 10_10_1) AppleWebKit/600.2.5 (KHTML, like Gecko) Version/8.0.2 Safari/600.2.5 (Amazonbot/0.1; +https://developer.amazon.com/support/amazonbot)"
46.4.108.51 - - [08/Nov/2023:05:16:36 +0100] "GET /minute-kitchen-timer-beige-sand-p-59442.html HTTP/1.0" 200 80472 "-" "Mozilla/5.0 (compatible; AwarioBot/1.0; +https://awario.com/bots.html)"
52.70.240.171 - - [08/Nov/2023:05:16:47 +0100] "GET /beyond-charms-keychain-leopard-p-51832.html HTTP/1.0" 200 80906 "-" "Mozilla/5.0 (Macintosh; Intel Mac OS X 10_10_1) AppleWebKit/600.2.5 (KHTML, like Gecko) Version/8.0.2 Safari/600.2.5 (Amazonbot/0.1; +https://developer.amazon.com/support/amazonbot)"
85.208.96.193 - - [08/Nov/2023:05:16:48 +0100] "GET /real-madrid-trolley-p-52059.html HTTP/1.0" 200 77343 "-" "Mozilla/5.0 (compatible; SemrushBot/7~bl; +http://www.semrush.com/bot.html)"
173.252.83.118 - - [08/Nov/2023:05:16:58 +0100] "GET /images/mini_prod/3520071693804.jpg HTTP/1.0" 200 269 "-" "facebookexternalhit/1.1 (+http://www.facebook.com/externalhit_uatext.php)"
46.4.108.51 - - [08/Nov/2023:05:16:57 +0100] "GET /minute-kitchen-timer-blue-sand-p-59440.html HTTP/1.0" 200 80551 "-" "Mozilla/5.0 (compatible; AwarioBot/1.0; +https://awario.com/bots.html)"
185.191.171.9 - - [08/Nov/2023:05:17:00 +0100] "GET /little-buddha-retractable-ballpoint-dark-blue-p-43064.html HTTP/1.0" 200 77429 "-" "Mozilla/5.0 (compatible; SemrushBot/7~bl; +http://www.semrush.com/bot.html)"
40.77.167.26 - - [08/Nov/2023:05:17:10 +0100] "GET /images/mini_prod/3609810091481.jpg HTTP/1.0" 200 269 "-" "Mozilla/5.0 AppleWebKit/537.36 (KHTML, like Gecko; compatible; bingbot/2.0; +http://www.bing.com/bingbot.htm) Chrome/103.0.5060.134 Safari/537.36"
46.4.108.51 - - [08/Nov/2023:05:17:10 +0100] "GET /minute-kitchen-timer-pink-sand-p-59441.html HTTP/1.0" 200 80551 "-" "Mozilla/5.0 (compatible; AwarioBot/1.0; +https://awario.com/bots.html)"
185.191.171.10 - - [08/Nov/2023:05:17:11 +0100] "GET /decoration-world-p-59126.html HTTP/1.0" 200 80252 "-" "Mozilla/5.0 (compatible; SemrushBot/7~bl; +http://www.semrush.com/bot.html)"
185.191.171.11 - - [08/Nov/2023:05:17:14 +0100] "GET /northern-lights-projector-night-light-bear-floe-p-56595.html HTTP/1.0" 200 80650 "-" "Mozilla/5.0 (compatible; SemrushBot/7~bl; +http://www.semrush.com/bot.html)"
46.4.108.51 - - [08/Nov/2023:05:17:19 +0100] "GET /minute-kitchen-timer-purple-sand-p-59443.html HTTP/1.0" 200 80396 "-" "Mozilla/5.0 (compatible; AwarioBot/1.0; +https://awario.com/bots.html)"
185.191.171.11 - - [08/Nov/2023:05:17:23 +0100] "GET /dameron-miniature-character-p-32466.html HTTP/1.0" 200 79877 "-" "Mozilla/5.0 (compatible; SemrushBot/7~bl; +http://www.semrush.com/bot.html)"
202.239.5.146 - - [08/Nov/2023:05:17:24 +0100] "GET /dishes-dishes-c-12_251.html HTTP/1.0" 200 96347 "-" "Mozilla/5.0 (compatible; Y!J-WSC/1.0; +https://yahoo.jp/3BSZgF)"
185.191.171.6 - - [08/Nov/2023:05:17:26 +0100] "GET /frida-khalo-rectangular-presentation-dish-model-p-49529.html HTTP/1.0" 200 77453 "-" "Mozilla/5.0 (compatible; SemrushBot/7~bl; +http://www.semrush.com/bot.html)"
202.239.5.28 - - [08/Nov/2023:05:17:27 +0100] "GET /js/jquery.min.js HTTP/1.0" 404 1308 "http://www.wonder-geek.com/dishes-dishes-c-12_251.html" "Mozilla/5.0 (Windows NT 10.0; Win64; x64) AppleWebKit/537.36 (KHTML, like Gecko; compatible; Y!J-WSC/1.0; +https://yahoo.jp/3BSZgF) Chrome/116.0.0.0 Safari/537.36"
3.224.220.101 - - [08/Nov/2023:05:17:27 +0100] "GET /verity-rose-metal-keyrings-p-29180.html HTTP/1.0" 200 80340 "-" "Mozilla/5.0 (Macintosh; Intel Mac OS X 10_10_1) AppleWebKit/600.2.5 (KHTML, like Gecko) Version/8.0.2 Safari/600.2.5 (Amazonbot/0.1; +https://developer.amazon.com/support/amazonbot)"
46.4.108.51 - - [08/Nov/2023:05:17:31 +0100] "GET /mirabelle-calendar-year-2016-p-31180.html HTTP/1.0" 200 79855 "-" "Mozilla/5.0 (compatible; AwarioBot/1.0; +https://awario.com/bots.html)"
3.224.220.101 - - [08/Nov/2023:05:17:33 +0100] "GET /verity-rose-metal-keyrings-p-29182.html HTTP/1.0" 200 80340 "-" "Mozilla/5.0 (Macintosh; Intel Mac OS X 10_10_1) AppleWebKit/600.2.5 (KHTML, like Gecko) Version/8.0.2 Safari/600.2.5 (Amazonbot/0.1; +https://developer.amazon.com/support/amazonbot)"
3.224.220.101 - - [08/Nov/2023:05:17:35 +0100] "GET /verity-rose-metal-keyrings-p-29179.html HTTP/1.0" 200 80340 "-" "Mozilla/5.0 (Macintosh; Intel Mac OS X 10_10_1) AppleWebKit/600.2.5 (KHTML, like Gecko) Version/8.0.2 Safari/600.2.5 (Amazonbot/0.1; +https://developer.amazon.com/support/amazonbot)"
173.252.83.2 - - [08/Nov/2023:05:17:37 +0100] "GET /images/mini_prod/B4891320386679B.jpg HTTP/1.0" 200 271 "-" "facebookexternalhit/1.1 (+http://www.facebook.com/externalhit_uatext.php)"
52.70.240.171 - - [08/Nov/2023:05:17:37 +0100] "GET /verity-rose-metal-keyrings-p-29177.html HTTP/1.0" 200 80340 "-" "Mozilla/5.0 (Macintosh; Intel Mac OS X 10_10_1) AppleWebKit/600.2.5 (KHTML, like Gecko) Version/8.0.2 Safari/600.2.5 (Amazonbot/0.1; +https://developer.amazon.com/support/amazonbot)"
185.191.171.8 - - [08/Nov/2023:05:17:38 +0100] "GET /bamboo-fiber-plant-cover-p-58929.html HTTP/1.0" 200 80424 "-" "Mozilla/5.0 (compatible; SemrushBot/7~bl; +http://www.semrush.com/bot.html)"
23.22.35.162 - - [08/Nov/2023:05:17:39 +0100] "GET /beyond-charms-keychain-llama-p-51833.html HTTP/1.0" 200 80892 "-" "Mozilla/5.0 (Macintosh; Intel Mac OS X 10_10_1) AppleWebKit/600.2.5 (KHTML, like Gecko) Version/8.0.2 Safari/600.2.5 (Amazonbot/0.1; +https://developer.amazon.com/support/amazonbot)"
23.22.35.162 - - [08/Nov/2023:05:17:40 +0100] "GET /nici-porcupine-plush-keyring-p-35203.html HTTP/1.0" 200 79682 "-" "Mozilla/5.0 (Macintosh; Intel Mac OS X 10_10_1) AppleWebKit/600.2.5 (KHTML, like Gecko) Version/8.0.2 Safari/600.2.5 (Amazonbot/0.1; +https://developer.amazon.com/support/amazonbot)"
185.191.171.18 - - [08/Nov/2023:05:17:41 +0100] "GET /-p-17393.html HTTP/1.0" 200 77271 "-" "Mozilla/5.0 (compatible; SemrushBot/7~bl; +http://www.semrush.com/bot.html)"
3.224.220.101 - - [08/Nov/2023:05:17:42 +0100] "GET /beyond-charms-keychain-panda-p-51838.html HTTP/1.0" 200 80892 "-" "Mozilla/5.0 (Macintosh; Intel Mac OS X 10_10_1) AppleWebKit/600.2.5 (KHTML, like Gecko) Version/8.0.2 Safari/600.2.5 (Amazonbot/0.1; +https://developer.amazon.com/support/amazonbot)"
173.252.83.12 - - [08/Nov/2023:05:17:45 +0100] "GET /images/mini_prod/8422016598616.jpg HTTP/1.0" 200 269 "-" "facebookexternalhit/1.1 (+http://www.facebook.com/externalhit_uatext.php)"
3.224.220.101 - - [08/Nov/2023:05:17:44 +0100] "GET /long-sleeves-shirts-c-1_21.html HTTP/1.0" 200 84718 "-" "Mozilla/5.0 (Macintosh; Intel Mac OS X 10_10_1) AppleWebKit/600.2.5 (KHTML, like Gecko) Version/8.0.2 Safari/600.2.5 (Amazonbot/0.1; +https://developer.amazon.com/support/amazonbot)"
3.224.220.101 - - [08/Nov/2023:05:17:48 +0100] "GET /keyrings-c-31_52.html?page=9 HTTP/1.0" 200 101228 "-" "Mozilla/5.0 (Macintosh; Intel Mac OS X 10_10_1) AppleWebKit/600.2.5 (KHTML, like Gecko) Version/8.0.2 Safari/600.2.5 (Amazonbot/0.1; +https://developer.amazon.com/support/amazonbot)"
185.191.171.14 - - [08/Nov/2023:05:17:53 +0100] "GET /sexy-girl-large-cabas-p-39722.html HTTP/1.0" 200 77345 "-" "Mozilla/5.0 (compatible; SemrushBot/7~bl; +http://www.semrush.com/bot.html)"
46.4.108.51 - - [08/Nov/2023:05:17:56 +0100] "GET /robots.txt HTTP/1.0" 200 245 "-" "Mozilla/5.0 (compatible; AwarioBot/1.0; +https://awario.com/bots.html)"
46.4.108.51 - - [08/Nov/2023:05:17:56 +0100] "GET /mirabelle-calendar-year-2016-p-31182.html HTTP/1.0" 200 79853 "-" "Mozilla/5.0 (compatible; AwarioBot/1.0; +https://awario.com/bots.html)"
173.252.83.7 - - [08/Nov/2023:05:18:09 +0100] "GET /images/big_prod/3560600314114.jpg HTTP/1.0" 200 268 "-" "facebookexternalhit/1.1 (+http://www.facebook.com/externalhit_uatext.php)"
3.224.220.101 - - [08/Nov/2023:05:18:11 +0100] "GET /hats-caps-c-1_44.html?page=2 HTTP/1.0" 200 88880 "-" "Mozilla/5.0 (Macintosh; Intel Mac OS X 10_10_1) AppleWebKit/600.2.5 (KHTML, like Gecko) Version/8.0.2 Safari/600.2.5 (Amazonbot/0.1; +https://developer.amazon.com/support/amazonbot)"
17.241.219.163 - - [08/Nov/2023:05:18:11 +0100] "GET /shopping-cats-dubout-family-p-45524.html HTTP/1.0" 301 77338 "-" "Mozilla/5.0 (Macintosh; Intel Mac OS X 10_15_5) AppleWebKit/605.1.15 (KHTML, like Gecko) Version/13.1.1 Safari/605.1.15 (Applebot/0.1; +http://www.apple.com/go/applebot)"
17.241.219.163 - - [08/Nov/2023:05:18:13 +0100] "GET /-p-45524.html HTTP/1.0" 200 77271 "-" "Mozilla/5.0 (Macintosh; Intel Mac OS X 10_15_5) AppleWebKit/605.1.15 (KHTML, like Gecko) Version/13.1.1 Safari/605.1.15 (Applebot/0.1; +http://www.apple.com/go/applebot)"
52.70.240.171 - - [08/Nov/2023:05:18:12 +0100] "GET /coasters-c-12_157.html?page=10 HTTP/1.0" 200 95768 "-" "Mozilla/5.0 (Macintosh; Intel Mac OS X 10_10_1) AppleWebKit/600.2.5 (KHTML, like Gecko) Version/8.0.2 Safari/600.2.5 (Amazonbot/0.1; +https://developer.amazon.com/support/amazonbot)"
46.4.108.51 - - [08/Nov/2023:05:18:22 +0100] "GET /mirabelle-calendar-year-2017-p-36747.html HTTP/1.0" 200 79853 "-" "Mozilla/5.0 (compatible; AwarioBot/1.0; +https://awario.com/bots.html)"
52.70.240.171 - - [08/Nov/2023:05:18:24 +0100] "GET /-c-95_300.html HTTP/1.0" 200 76139 "-" "Mozilla/5.0 (Macintosh; Intel Mac OS X 10_10_1) AppleWebKit/600.2.5 (KHTML, like Gecko) Version/8.0.2 Safari/600.2.5 (Amazonbot/0.1; +https://developer.amazon.com/support/amazonbot)"
185.191.171.12 - - [08/Nov/2023:05:18:27 +0100] "GET /christmas-fragrance-diffuser-made-provence-p-57054.html HTTP/1.0" 200 81079 "-" "Mozilla/5.0 (compatible; SemrushBot/7~bl; +http://www.semrush.com/bot.html)"
46.4.108.51 - - [08/Nov/2023:05:18:33 +0100] "GET /mirabelle-calendar-year-2017-p-36748.html HTTP/1.0" 200 79859 "-" "Mozilla/5.0 (compatible; AwarioBot/1.0; +https://awario.com/bots.html)"
52.70.240.171 - - [08/Nov/2023:05:18:35 +0100] "GET /-c-95_358.html HTTP/1.0" 200 76139 "-" "Mozilla/5.0 (Macintosh; Intel Mac OS X 10_10_1) AppleWebKit/600.2.5 (KHTML, like Gecko) Version/8.0.2 Safari/600.2.5 (Amazonbot/0.1; +https://developer.amazon.com/support/amazonbot)"
