40.77.167.19 - - [08/Nov/2023:04:00:05 +0100] "GET /yellow-monster-piggy-bank-spring-p-61028.html HTTP/1.0" 200 80421 "-" "Mozilla/5.0 AppleWebKit/537.36 (KHTML, like Gecko; compatible; bingbot/2.0; +http://www.bing.com/bingbot.htm) Chrome/103.0.5060.134 Safari/537.36"
44.230.252.91 - - [08/Nov/2023:04:00:06 +0100] "GET /polar-blanket-p-58800.html HTTP/1.0" 200 80256 "-" "thesis-research-bot"
46.4.108.51 - - [08/Nov/2023:04:00:07 +0100] "GET /lotus-candleholder-chakra-indigo-goldlining-p-35519.html HTTP/1.0" 200 81245 "-" "Mozilla/5.0 (compatible; AwarioBot/1.0; +https://awario.com/bots.html)"
52.25.208.208 - - [08/Nov/2023:04:00:03 +0100] "GET /polar-blanket-p-56973.html HTTP/1.0" 200 80288 "-" "thesis-research-bot"
52.25.208.208 - - [08/Nov/2023:04:00:08 +0100] "GET /polar-blanket-grey-p-46348.html HTTP/1.0" 200 80502 "-" "thesis-research-bot"
85.208.96.211 - - [08/Nov/2023:04:00:06 +0100] "GET /marley-mirror-p-7142.html HTTP/1.0" 200 79520 "-" "Mozilla/5.0 (compatible; SemrushBot/7~bl; +http://www.semrush.com/bot.html)"
44.230.252.91 - - [08/Nov/2023:04:00:09 +0100] "GET /pets-polar-blanket-p-8422.html HTTP/1.0" 200 79785 "-" "thesis-research-bot"
52.25.208.208 - - [08/Nov/2023:04:00:10 +0100] "GET /freegun-polar-plaid-p-29089.html HTTP/1.0" 200 79765 "-" "thesis-research-bot"
44.230.252.91 - - [08/Nov/2023:04:00:12 +0100] "GET /plaid-sofa-throw-portofino-with-fringes-p-47922.html HTTP/1.0" 200 80542 "-" "thesis-research-bot"
52.25.208.208 - - [08/Nov/2023:04:00:11 +0100] "GET /water-outdoor-games-c-4_143.html HTTP/1.0" 200 98722 "-" "thesis-research-bot"
44.230.252.91 - - [08/Nov/2023:04:00:14 +0100] "GET /stone-carnelian-grams-p-46572.html HTTP/1.0" 200 81122 "-" "thesis-research-bot"
44.230.252.91 - - [08/Nov/2023:04:00:13 +0100] "GET /small-appliances-hifi-c-13_88.html HTTP/1.0" 200 90028 "-" "thesis-research-bot"
44.230.252.91 - - [08/Nov/2023:04:00:15 +0100] "GET /stone-carnelian-grams-p-46573.html HTTP/1.0" 200 81136 "-" "thesis-research-bot"
44.230.252.91 - - [08/Nov/2023:04:00:16 +0100] "GET /stone-septarian-grams-p-46596.html HTTP/1.0" 200 80957 "-" "thesis-research-bot"
44.230.252.91 - - [08/Nov/2023:04:00:17 +0100] "GET /stone-septarian-grams-p-46597.html HTTP/1.0" 200 80957 "-" "thesis-research-bot"
52.25.208.208 - - [08/Nov/2023:04:00:18 +0100] "GET /stone-septarian-grams-p-46598.html HTTP/1.0" 200 80957 "-" "thesis-research-bot"
52.25.208.208 - - [08/Nov/2023:04:00:20 +0100] "GET /kimmi-junior-polar-plaid-p-13087.html HTTP/1.0" 200 79796 "-" "thesis-research-bot"
52.25.208.208 - - [08/Nov/2023:04:00:19 +0100] "GET /decoration-thermometers-c-13_145.html HTTP/1.0" 200 97384 "-" "thesis-research-bot"
52.25.208.208 - - [08/Nov/2023:04:00:21 +0100] "GET /very-soft-hooded-blanket-p-59628.html HTTP/1.0" 200 81056 "-" "thesis-research-bot"
46.4.108.51 - - [08/Nov/2023:04:00:23 +0100] "GET /robots.txt HTTP/1.0" 200 245 "-" "Mozilla/5.0 (compatible; AwarioBot/1.0; +https://awario.com/bots.html)"
44.230.252.91 - - [08/Nov/2023:04:00:22 +0100] "GET /very-soft-hooded-blanket-p-59630.html HTTP/1.0" 200 81056 "-" "thesis-research-bot"
44.230.252.91 - - [08/Nov/2023:04:00:23 +0100] "GET /stone-green-opal-grams-p-46618.html HTTP/1.0" 200 80790 "-" "thesis-research-bot"
46.4.108.51 - - [08/Nov/2023:04:00:23 +0100] "GET /lotus-candleholder-chakra-orange-silverlining-p-35529.html HTTP/1.0" 200 81266 "-" "Mozilla/5.0 (compatible; AwarioBot/1.0; +https://awario.com/bots.html)"
52.25.208.208 - - [08/Nov/2023:04:00:24 +0100] "GET /stone-green-opal-grams-p-46620.html HTTP/1.0" 200 80790 "-" "thesis-research-bot"
185.191.171.17 - - [08/Nov/2023:04:00:25 +0100] "GET /washed-dyed-cotton-tablecloth-p-55041.html HTTP/1.0" 200 80708 "-" "Mozilla/5.0 (compatible; SemrushBot/7~bl; +http://www.semrush.com/bot.html)"
52.25.208.208 - - [08/Nov/2023:04:00:25 +0100] "GET /stone-green-opal-grams-p-46621.html HTTP/1.0" 200 80790 "-" "thesis-research-bot"
52.25.208.208 - - [08/Nov/2023:04:00:26 +0100] "GET /stones-rock-crystal-grams-p-46606.html HTTP/1.0" 200 81026 "-" "thesis-research-bot"
44.230.252.91 - - [08/Nov/2023:04:00:27 +0100] "GET /stones-rock-crystal-grams-p-46607.html HTTP/1.0" 200 81027 "-" "thesis-research-bot"
44.230.252.91 - - [08/Nov/2023:04:00:28 +0100] "GET /superman-polar-blanket-p-31998.html HTTP/1.0" 200 79821 "-" "thesis-research-bot"
44.230.252.91 - - [08/Nov/2023:04:00:29 +0100] "GET /trays-medium-size-c-12_159_265.html HTTP/1.0" 200 97755 "-" "thesis-research-bot"
3.224.220.101 - - [08/Nov/2023:04:00:31 +0100] "GET /dinosaur-nightlight-green-p-55363.html HTTP/1.0" 200 80932 "-" "Mozilla/5.0 (Macintosh; Intel Mac OS X 10_10_1) AppleWebKit/600.2.5 (KHTML, like Gecko) Version/8.0.2 Safari/600.2.5 (Amazonbot/0.1; +https://developer.amazon.com/support/amazonbot)"
3.224.220.101 - - [08/Nov/2023:04:00:32 +0100] "GET /flowers-doormat-p-58307.html HTTP/1.0" 200 80334 "-" "Mozilla/5.0 (Macintosh; Intel Mac OS X 10_10_1) AppleWebKit/600.2.5 (KHTML, like Gecko) Version/8.0.2 Safari/600.2.5 (Amazonbot/0.1; +https://developer.amazon.com/support/amazonbot)"
3.224.220.101 - - [08/Nov/2023:04:00:34 +0100] "GET /half-moon-doormat-p-56276.html HTTP/1.0" 200 80548 "-" "Mozilla/5.0 (Macintosh; Intel Mac OS X 10_10_1) AppleWebKit/600.2.5 (KHTML, like Gecko) Version/8.0.2 Safari/600.2.5 (Amazonbot/0.1; +https://developer.amazon.com/support/amazonbot)"
52.70.240.171 - - [08/Nov/2023:04:00:37 +0100] "GET /natural-seagrass-carpet-p-59140.html HTTP/1.0" 200 80679 "-" "Mozilla/5.0 (Macintosh; Intel Mac OS X 10_10_1) AppleWebKit/600.2.5 (KHTML, like Gecko) Version/8.0.2 Safari/600.2.5 (Amazonbot/0.1; +https://developer.amazon.com/support/amazonbot)"
46.4.108.51 - - [08/Nov/2023:04:00:38 +0100] "GET /lotus-candleholder-chakra-silverlining-p-38922.html HTTP/1.0" 200 81228 "-" "Mozilla/5.0 (compatible; AwarioBot/1.0; +https://awario.com/bots.html)"
44.230.252.91 - - [08/Nov/2023:04:00:38 +0100] "GET /-c-95_307.html HTTP/1.0" 200 76139 "-" "thesis-research-bot"
3.224.220.101 - - [08/Nov/2023:04:00:39 +0100] "GET /natural-seagrass-carpet-p-59141.html HTTP/1.0" 200 80680 "-" "Mozilla/5.0 (Macintosh; Intel Mac OS X 10_10_1) AppleWebKit/600.2.5 (KHTML, like Gecko) Version/8.0.2 Safari/600.2.5 (Amazonbot/0.1; +https://developer.amazon.com/support/amazonbot)"
100.21.24.205 - - [08/Nov/2023:04:00:39 +0100] "GET /bowls-c-12_60.html HTTP/1.0" 200 98076 "-" "thesis-research-bot"
44.230.252.91 - - [08/Nov/2023:04:00:40 +0100] "GET /towels-c-11_177.html HTTP/1.0" 200 97987 "-" "thesis-research-bot"
52.25.208.208 - - [08/Nov/2023:04:00:41 +0100] "GET /kids-school-c-31_80.html HTTP/1.0" 200 92236 "-" "thesis-research-bot"
100.21.24.205 - - [08/Nov/2023:04:00:42 +0100] "GET /with-infuser-c-12_221.html HTTP/1.0" 200 98320 "-" "thesis-research-bot"
100.21.24.205 - - [08/Nov/2023:04:00:43 +0100] "GET /suitcaselittle-suitcase-trolley-c-31_79.html HTTP/1.0" 200 82962 "-" "thesis-research-bot"
52.70.240.171 - - [08/Nov/2023:04:00:51 +0100] "GET /welcome-doormat-p-56268.html HTTP/1.0" 200 80524 "-" "Mozilla/5.0 (Macintosh; Intel Mac OS X 10_10_1) AppleWebKit/600.2.5 (KHTML, like Gecko) Version/8.0.2 Safari/600.2.5 (Amazonbot/0.1; +https://developer.amazon.com/support/amazonbot)"
85.208.96.209 - - [08/Nov/2023:04:00:52 +0100] "GET /little-buddha-resin-money-blue-p-56378.html HTTP/1.0" 200 77379 "-" "Mozilla/5.0 (compatible; SemrushBot/7~bl; +http://www.semrush.com/bot.html)"
52.25.208.208 - - [08/Nov/2023:04:00:53 +0100] "GET /potholder-glove-p-54121.html HTTP/1.0" 200 79643 "-" "thesis-research-bot"
52.70.240.171 - - [08/Nov/2023:04:00:53 +0100] "GET /welcome-doormat-p-58306.html HTTP/1.0" 200 80333 "-" "Mozilla/5.0 (Macintosh; Intel Mac OS X 10_10_1) AppleWebKit/600.2.5 (KHTML, like Gecko) Version/8.0.2 Safari/600.2.5 (Amazonbot/0.1; +https://developer.amazon.com/support/amazonbot)"
52.25.208.208 - - [08/Nov/2023:04:00:54 +0100] "GET /potholder-glove-p-54123.html HTTP/1.0" 200 79643 "-" "thesis-research-bot"
52.25.208.208 - - [08/Nov/2023:04:00:55 +0100] "GET /moai-statue-p-54268.html HTTP/1.0" 200 80257 "-" "thesis-research-bot"
128.42.28.84 - - [08/Nov/2023:04:00:58 +0100] "GET /images/mini_prod/8422019609043B.jpg HTTP/1.0" 200 270 "-" "Mozilla/5.0 (X11; Ubuntu; Linux x86_64; rv:72.0) Gecko/20100101 Firefox/72.0"
52.25.208.208 - - [08/Nov/2023:04:00:56 +0100] "GET /potholder-glove-p-54124.html HTTP/1.0" 200 79643 "-" "thesis-research-bot"
44.230.252.91 - - [08/Nov/2023:04:00:57 +0100] "GET /potholder-glove-p-54126.html HTTP/1.0" 200 79643 "-" "thesis-research-bot"
44.230.252.91 - - [08/Nov/2023:04:00:58 +0100] "GET /potholder-glove-p-54130.html HTTP/1.0" 200 79643 "-" "thesis-research-bot"
100.21.24.205 - - [08/Nov/2023:04:00:59 +0100] "GET /potholder-glove-p-54131.html HTTP/1.0" 200 79643 "-" "thesis-research-bot"
52.25.208.208 - - [08/Nov/2023:04:01:00 +0100] "GET /potholder-glove-p-54132.html HTTP/1.0" 200 79643 "-" "thesis-research-bot"
52.25.208.208 - - [08/Nov/2023:04:01:01 +0100] "GET /harold-oven-mitt-p-43817.html HTTP/1.0" 200 79584 "-" "thesis-research-bot"
44.230.252.91 - - [08/Nov/2023:04:01:02 +0100] "GET /camargue-potholder-p-43820.html HTTP/1.0" 200 79652 "-" "thesis-research-bot"
46.4.108.51 - - [08/Nov/2023:04:01:03 +0100] "GET /lotus-candleholder-chakra-yellow-goldlining-p-35527.html HTTP/1.0" 200 81244 "-" "Mozilla/5.0 (compatible; AwarioBot/1.0; +https://awario.com/bots.html)"
44.230.252.91 - - [08/Nov/2023:04:01:03 +0100] "GET /provence-potholder-p-51446.html HTTP/1.0" 200 79657 "-" "thesis-research-bot"
52.70.240.171 - - [08/Nov/2023:04:01:03 +0100] "GET /round-doormat-diameter-p-53933.html HTTP/1.0" 200 80496 "-" "Mozilla/5.0 (Macintosh; Intel Mac OS X 10_10_1) AppleWebKit/600.2.5 (KHTML, like Gecko) Version/8.0.2 Safari/600.2.5 (Amazonbot/0.1; +https://developer.amazon.com/support/amazonbot)"
100.21.24.205 - - [08/Nov/2023:04:01:04 +0100] "GET /santa-claus-solar-powered-dancing-p-33073.html HTTP/1.0" 200 80049 "-" "thesis-research-bot"
185.191.171.3 - - [08/Nov/2023:04:01:05 +0100] "GET /devil-white-woman-shirt-p-30744.html HTTP/1.0" 200 77389 "-" "Mozilla/5.0 (compatible; SemrushBot/7~bl; +http://www.semrush.com/bot.html)"
44.230.252.91 - - [08/Nov/2023:04:01:05 +0100] "GET /kitchen-potholder-barbecue-plancha-p-61254.html HTTP/1.0" 200 80567 "-" "thesis-research-bot"
3.224.220.101 - - [08/Nov/2023:04:01:05 +0100] "GET /rubber-look-metal-doormat-p-58308.html HTTP/1.0" 200 80523 "-" "Mozilla/5.0 (Macintosh; Intel Mac OS X 10_10_1) AppleWebKit/600.2.5 (KHTML, like Gecko) Version/8.0.2 Safari/600.2.5 (Amazonbot/0.1; +https://developer.amazon.com/support/amazonbot)"
100.21.24.205 - - [08/Nov/2023:04:01:06 +0100] "GET /chactus-potholder-p-54729.html HTTP/1.0" 200 79618 "-" "thesis-research-bot"
23.22.35.162 - - [08/Nov/2023:04:01:06 +0100] "GET /doormat-love-cats-p-52765.html HTTP/1.0" 200 80702 "-" "Mozilla/5.0 (Macintosh; Intel Mac OS X 10_10_1) AppleWebKit/600.2.5 (KHTML, like Gecko) Version/8.0.2 Safari/600.2.5 (Amazonbot/0.1; +https://developer.amazon.com/support/amazonbot)"
52.25.208.208 - - [08/Nov/2023:04:01:07 +0100] "GET /springy-potholder-p-54731.html HTTP/1.0" 200 79618 "-" "thesis-research-bot"
52.70.240.171 - - [08/Nov/2023:04:01:07 +0100] "GET /bienvenue-coconut-fibers-doormat-p-58058.html HTTP/1.0" 200 80629 "-" "Mozilla/5.0 (Macintosh; Intel Mac OS X 10_10_1) AppleWebKit/600.2.5 (KHTML, like Gecko) Version/8.0.2 Safari/600.2.5 (Amazonbot/0.1; +https://developer.amazon.com/support/amazonbot)"
52.25.208.208 - - [08/Nov/2023:04:01:08 +0100] "GET /gaston-potholder-camargua-collection-p-54748.html HTTP/1.0" 200 79761 "-" "thesis-research-bot"
52.25.208.208 - - [08/Nov/2023:04:01:09 +0100] "GET /resin-statue-little-monk-pink-dress-p-51509.html HTTP/1.0" 200 79884 "-" "thesis-research-bot"
52.25.208.208 - - [08/Nov/2023:04:01:10 +0100] "GET /decorative-statuette-p-54215.html HTTP/1.0" 200 79747 "-" "thesis-research-bot"
100.21.24.205 - - [08/Nov/2023:04:01:11 +0100] "GET /decorative-word-wood-p-60411.html HTTP/1.0" 200 80460 "-" "thesis-research-bot"
173.252.83.7 - - [08/Nov/2023:04:01:13 +0100] "GET /luggages-schoolbags-leather-shop/images/mini_prod/3438100347713.jpg HTTP/1.0" 404 1308 "-" "facebookexternalhit/1.1 (+http://www.facebook.com/externalhit_uatext.php)"
100.21.24.205 - - [08/Nov/2023:04:01:12 +0100] "GET /guardian-angel-prayer-candle-novena-p-58237.html HTTP/1.0" 200 80637 "-" "thesis-research-bot"
52.25.208.208 - - [08/Nov/2023:04:01:13 +0100] "GET /candle-virgin-child-p-48670.html HTTP/1.0" 200 79835 "-" "thesis-research-bot"
52.25.208.208 - - [08/Nov/2023:04:01:14 +0100] "GET /candle-virgin-child-p-48671.html HTTP/1.0" 200 79835 "-" "thesis-research-bot"
52.25.208.208 - - [08/Nov/2023:04:01:15 +0100] "GET /miraculous-virgin-prayer-candle-novena-p-58243.html HTTP/1.0" 200 80652 "-" "thesis-research-bot"
23.22.35.162 - - [08/Nov/2023:04:01:15 +0100] "GET /welcome-doormat-p-56265.html HTTP/1.0" 200 80525 "-" "Mozilla/5.0 (Macintosh; Intel Mac OS X 10_10_1) AppleWebKit/600.2.5 (KHTML, like Gecko) Version/8.0.2 Safari/600.2.5 (Amazonbot/0.1; +https://developer.amazon.com/support/amazonbot)"
52.25.208.208 - - [08/Nov/2023:04:01:16 +0100] "GET /decorative-word-wood-p-60413.html HTTP/1.0" 200 80478 "-" "thesis-research-bot"
44.230.252.91 - - [08/Nov/2023:04:01:17 +0100] "GET /lucky-solar-figurine-p-59447.html HTTP/1.0" 200 80611 "-" "thesis-research-bot"
52.25.208.208 - - [08/Nov/2023:04:01:18 +0100] "GET /statue-p-41894.html HTTP/1.0" 200 79690 "-" "thesis-research-bot"
52.70.240.171 - - [08/Nov/2023:04:01:18 +0100] "GET /carpet-jute-cotton-p-56666.html HTTP/1.0" 200 80824 "-" "Mozilla/5.0 (Macintosh; Intel Mac OS X 10_10_1) AppleWebKit/600.2.5 (KHTML, like Gecko) Version/8.0.2 Safari/600.2.5 (Amazonbot/0.1; +https://developer.amazon.com/support/amazonbot)"
46.4.108.51 - - [08/Nov/2023:04:01:19 +0100] "GET /lotus-candleholder-pink-silverlining-p-47017.html HTTP/1.0" 200 81157 "-" "Mozilla/5.0 (compatible; AwarioBot/1.0; +https://awario.com/bots.html)"
100.21.24.205 - - [08/Nov/2023:04:01:19 +0100] "GET /elephant-statuette-p-59226.html HTTP/1.0" 200 80534 "-" "thesis-research-bot"
44.230.252.91 - - [08/Nov/2023:04:01:20 +0100] "GET /figurine-snail-cement-aged-effect-p-45677.html HTTP/1.0" 200 79834 "-" "thesis-research-bot"
44.230.252.91 - - [08/Nov/2023:04:01:21 +0100] "GET /white-black-silver-ceramic-statue-p-60335.html HTTP/1.0" 200 80683 "-" "thesis-research-bot"
3.224.220.101 - - [08/Nov/2023:04:01:21 +0100] "GET /natural-floor-carpet-p-52150.html HTTP/1.0" 200 80665 "-" "Mozilla/5.0 (Macintosh; Intel Mac OS X 10_10_1) AppleWebKit/600.2.5 (KHTML, like Gecko) Version/8.0.2 Safari/600.2.5 (Amazonbot/0.1; +https://developer.amazon.com/support/amazonbot)"
85.208.96.209 - - [08/Nov/2023:04:01:22 +0100] "GET /cats-isothermic-stainless-steel-bottle-allen-p-51919.html HTTP/1.0" 200 80496 "-" "Mozilla/5.0 (compatible; SemrushBot/7~bl; +http://www.semrush.com/bot.html)"
44.230.252.91 - - [08/Nov/2023:04:01:22 +0100] "GET /white-multicolored-ceramic-statue-p-60331.html HTTP/1.0" 200 80683 "-" "thesis-research-bot"
44.230.252.91 - - [08/Nov/2023:04:01:23 +0100] "GET /monkey-gold-resin-p-56366.html HTTP/1.0" 200 80308 "-" "thesis-research-bot"
44.230.252.91 - - [08/Nov/2023:04:01:24 +0100] "GET /ethnic-leopard-decorative-statuette-p-55277.html HTTP/1.0" 200 79951 "-" "thesis-research-bot"
23.22.35.162 - - [08/Nov/2023:04:01:24 +0100] "GET /carpet-jute-mandala-p-57565.html HTTP/1.0" 200 81134 "-" "Mozilla/5.0 (Macintosh; Intel Mac OS X 10_10_1) AppleWebKit/600.2.5 (KHTML, like Gecko) Version/8.0.2 Safari/600.2.5 (Amazonbot/0.1; +https://developer.amazon.com/support/amazonbot)"
100.21.24.205 - - [08/Nov/2023:04:01:25 +0100] "GET /decorative-dolomite-p-56071.html HTTP/1.0" 200 79742 "-" "thesis-research-bot"
44.230.252.91 - - [08/Nov/2023:04:01:26 +0100] "GET /lucky-solar-figurine-p-59448.html HTTP/1.0" 200 80414 "-" "thesis-research-bot"
44.230.252.91 - - [08/Nov/2023:04:01:27 +0100] "GET /novena-candle-father-p-59390.html HTTP/1.0" 200 80553 "-" "thesis-research-bot"
46.4.108.51 - - [08/Nov/2023:04:01:28 +0100] "GET /lotus-petal-atmospheric-light-pink-gold-trim-p-53735.html HTTP/1.0" 200 81220 "-" "Mozilla/5.0 (compatible; AwarioBot/1.0; +https://awario.com/bots.html)"
173.252.83.8 - - [08/Nov/2023:04:01:29 +0100] "GET /images/mini_prod/3661611509503.jpg HTTP/1.0" 200 269 "-" "facebookexternalhit/1.1 (+http://www.facebook.com/externalhit_uatext.php)"
52.25.208.208 - - [08/Nov/2023:04:01:28 +0100] "GET /flocked-black-resin-figurine-hear-nothing-p-59609.html HTTP/1.0" 200 80837 "-" "thesis-research-bot"
44.230.252.91 - - [08/Nov/2023:04:01:29 +0100] "GET /flocked-black-resin-figurine-sees-nothing-p-59605.html HTTP/1.0" 200 80837 "-" "thesis-research-bot"
3.224.220.101 - - [08/Nov/2023:04:01:29 +0100] "GET /carpet-jute-cotton-p-58107.html HTTP/1.0" 200 80830 "-" "Mozilla/5.0 (Macintosh; Intel Mac OS X 10_10_1) AppleWebKit/600.2.5 (KHTML, like Gecko) Version/8.0.2 Safari/600.2.5 (Amazonbot/0.1; +https://developer.amazon.com/support/amazonbot)"
52.25.208.208 - - [08/Nov/2023:04:01:30 +0100] "GET /holy-spirit-prayer-candle-novena-p-58235.html HTTP/1.0" 200 81244 "-" "thesis-research-bot"
52.25.208.208 - - [08/Nov/2023:04:01:31 +0100] "GET /family-protection-novena-candle-p-59392.html HTTP/1.0" 200 80587 "-" "thesis-research-bot"
44.230.252.91 - - [08/Nov/2023:04:01:32 +0100] "GET /novena-candle-archangel-gabriel-p-59395.html HTTP/1.0" 200 80596 "-" "thesis-research-bot"
52.25.208.208 - - [08/Nov/2023:04:01:33 +0100] "GET /novena-candle-lady-good-counsel-p-59310.html HTTP/1.0" 200 80615 "-" "thesis-research-bot"
44.230.252.91 - - [08/Nov/2023:04:01:34 +0100] "GET /novena-candle-lady-good-success-p-59351.html HTTP/1.0" 200 80617 "-" "thesis-research-bot"
52.25.208.208 - - [08/Nov/2023:04:01:35 +0100] "GET /novena-candle-mary-unties-knots-p-59350.html HTTP/1.0" 200 80619 "-" "thesis-research-bot"
44.230.252.91 - - [08/Nov/2023:04:01:36 +0100] "GET /novena-candle-protection-health-p-59393.html HTTP/1.0" 200 80608 "-" "thesis-research-bot"
46.4.108.51 - - [08/Nov/2023:04:01:37 +0100] "GET /lotus-petal-atmospheric-light-smoked-beige-gold-trim-p-53737.html HTTP/1.0" 200 80643 "-" "Mozilla/5.0 (compatible; AwarioBot/1.0; +https://awario.com/bots.html)"
52.25.208.208 - - [08/Nov/2023:04:01:37 +0100] "GET /novena-candle-virgin-with-child-p-59344.html HTTP/1.0" 200 80611 "-" "thesis-research-bot"
23.22.35.162 - - [08/Nov/2023:04:01:37 +0100] "GET /mandala-blue-carpet-p-56387.html HTTP/1.0" 200 80582 "-" "Mozilla/5.0 (Macintosh; Intel Mac OS X 10_10_1) AppleWebKit/600.2.5 (KHTML, like Gecko) Version/8.0.2 Safari/600.2.5 (Amazonbot/0.1; +https://developer.amazon.com/support/amazonbot)"
100.21.24.205 - - [08/Nov/2023:04:01:38 +0100] "GET /solar-powered-sunflower-dancing-p-33552.html HTTP/1.0" 200 80026 "-" "thesis-research-bot"
52.25.208.208 - - [08/Nov/2023:04:01:39 +0100] "GET /white-black-gold-ceramic-statue-p-60332.html HTTP/1.0" 200 80695 "-" "thesis-research-bot"
44.230.252.91 - - [08/Nov/2023:04:01:40 +0100] "GET /golden-lucky-maneki-neko-p-34876.html HTTP/1.0" 200 79872 "-" "thesis-research-bot"
52.25.208.208 - - [08/Nov/2023:04:01:41 +0100] "GET /novena-candle-lady-grace-p-59366.html HTTP/1.0" 200 80580 "-" "thesis-research-bot"
44.230.252.91 - - [08/Nov/2023:04:01:42 +0100] "GET /novena-candle-saint-joan-p-59313.html HTTP/1.0" 200 80573 "-" "thesis-research-bot"
100.21.24.205 - - [08/Nov/2023:04:01:43 +0100] "GET /diffuser-perfume-essential-oils-c-231_162.html HTTP/1.0" 200 97536 "-" "thesis-research-bot"
52.25.208.208 - - [08/Nov/2023:04:01:44 +0100] "GET /caps-scarfs-adults-c-53_138.html HTTP/1.0" 200 91067 "-" "thesis-research-bot"
100.21.24.205 - - [08/Nov/2023:04:01:45 +0100] "GET /resin-elephant-statuette-p-60102.html HTTP/1.0" 200 79797 "-" "thesis-research-bot"
44.230.252.91 - - [08/Nov/2023:04:01:46 +0100] "GET /russian-doll-blue-figure-p-27616.html HTTP/1.0" 200 79775 "-" "thesis-research-bot"
46.4.108.51 - - [08/Nov/2023:04:01:46 +0100] "GET /lotus-petal-atmospheric-pink-light-green-gold-trim-p-53736.html HTTP/1.0" 200 80627 "-" "Mozilla/5.0 (compatible; AwarioBot/1.0; +https://awario.com/bots.html)"
52.25.208.208 - - [08/Nov/2023:04:01:47 +0100] "GET /russian-doll-pink-figure-p-27614.html HTTP/1.0" 200 79776 "-" "thesis-research-bot"
185.191.171.9 - - [08/Nov/2023:04:01:47 +0100] "GET /frames-flags-decorative-paintings-c-13_148.html?page=30 HTTP/1.0" 200 95650 "-" "Mozilla/5.0 (compatible; SemrushBot/7~bl; +http://www.semrush.com/bot.html)"
44.230.252.91 - - [08/Nov/2023:04:01:48 +0100] "GET /decorative-white-squirrel-p-47109.html HTTP/1.0" 200 79795 "-" "thesis-research-bot"
52.25.208.208 - - [08/Nov/2023:04:01:49 +0100] "GET /decorative-word-wood-apro-p-60410.html HTTP/1.0" 200 80493 "-" "thesis-research-bot"
52.25.208.208 - - [08/Nov/2023:04:01:50 +0100] "GET /novena-candle-holy-family-p-59343.html HTTP/1.0" 200 80556 "-" "thesis-research-bot"
44.230.252.91 - - [08/Nov/2023:04:01:51 +0100] "GET /novena-candle-nativity-p-59342.html HTTP/1.0" 200 80551 "-" "thesis-research-bot"
173.252.83.1 - - [08/Nov/2023:04:01:53 +0100] "GET /images/mini_prod/3014627949892.jpg HTTP/1.0" 404 1308 "-" "facebookexternalhit/1.1 (+http://www.facebook.com/externalhit_uatext.php)"
44.230.252.91 - - [08/Nov/2023:04:01:52 +0100] "GET /russian-doll-green-figure-p-27615.html HTTP/1.0" 200 79784 "-" "thesis-research-bot"
52.25.208.208 - - [08/Nov/2023:04:01:53 +0100] "GET /decorative-fruit-figurine-cherry-glossy-white-p-52716.html HTTP/1.0" 200 80003 "-" "thesis-research-bot"
46.4.108.51 - - [08/Nov/2023:04:01:54 +0100] "GET /louis-philippe-pink-liberty-cushion-p-16233.html HTTP/1.0" 200 80668 "-" "Mozilla/5.0 (compatible; AwarioBot/1.0; +https://awario.com/bots.html)"
100.21.24.205 - - [08/Nov/2023:04:01:54 +0100] "GET /decorative-fruit-figurine-cherry-matte-white-p-52715.html HTTP/1.0" 200 79988 "-" "thesis-research-bot"
52.25.208.208 - - [08/Nov/2023:04:01:55 +0100] "GET /city-with-infuser-model-p-54154.html HTTP/1.0" 200 79705 "-" "thesis-research-bot"
23.22.35.162 - - [08/Nov/2023:04:01:56 +0100] "GET /woven-natural-black-palm-leaves-p-59142.html HTTP/1.0" 200 81123 "-" "Mozilla/5.0 (Macintosh; Intel Mac OS X 10_10_1) AppleWebKit/600.2.5 (KHTML, like Gecko) Version/8.0.2 Safari/600.2.5 (Amazonbot/0.1; +https://developer.amazon.com/support/amazonbot)"
52.25.208.208 - - [08/Nov/2023:04:01:56 +0100] "GET /-c-95_313.html HTTP/1.0" 200 76139 "-" "thesis-research-bot"
44.230.252.91 - - [08/Nov/2023:04:01:57 +0100] "GET /bulbs-c-86_287.html HTTP/1.0" 200 83351 "-" "thesis-research-bot"
52.70.240.171 - - [08/Nov/2023:04:01:58 +0100] "GET /natural-floor-carpet-p-52151.html HTTP/1.0" 200 80667 "-" "Mozilla/5.0 (Macintosh; Intel Mac OS X 10_10_1) AppleWebKit/600.2.5 (KHTML, like Gecko) Version/8.0.2 Safari/600.2.5 (Amazonbot/0.1; +https://developer.amazon.com/support/amazonbot)"
173.252.83.8 - - [08/Nov/2023:04:02:00 +0100] "GET /images/mini_prod/3014627831555.jpg HTTP/1.0" 200 269 "-" "facebookexternalhit/1.1 (+http://www.facebook.com/externalhit_uatext.php)"
44.230.252.91 - - [08/Nov/2023:04:01:58 +0100] "GET /kids-school-c-31_80.html HTTP/1.0" 200 92236 "-" "thesis-research-bot"
44.230.252.91 - - [08/Nov/2023:04:01:59 +0100] "GET /poncho-towels-bathrobes-c-11_72.html HTTP/1.0" 200 86698 "-" "thesis-research-bot"
44.230.252.91 - - [08/Nov/2023:04:02:00 +0100] "GET /calendar-yoga-2019-p-45282.html HTTP/1.0" 200 80585 "-" "thesis-research-bot"
52.25.208.208 - - [08/Nov/2023:04:02:01 +0100] "GET /gorjuss-gift-2020-family-calendar-p-49480.html HTTP/1.0" 200 81412 "-" "thesis-research-bot"
52.25.208.208 - - [08/Nov/2023:04:02:02 +0100] "GET /gorjuss-daily-planner-rainbow-heaven-p-49478.html HTTP/1.0" 200 81645 "-" "thesis-research-bot"
44.230.252.91 - - [08/Nov/2023:04:02:03 +0100] "GET /olympique-marseille-homework-notebooks-p-60550.html HTTP/1.0" 200 79965 "-" "thesis-research-bot"
3.224.220.101 - - [08/Nov/2023:04:02:03 +0100] "GET /bohemian-ethnic-carpet-p-50880.html HTTP/1.0" 200 80725 "-" "Mozilla/5.0 (Macintosh; Intel Mac OS X 10_10_1) AppleWebKit/600.2.5 (KHTML, like Gecko) Version/8.0.2 Safari/600.2.5 (Amazonbot/0.1; +https://developer.amazon.com/support/amazonbot)"
44.230.252.91 - - [08/Nov/2023:04:02:04 +0100] "GET /paris-saint-germain-homework-notebooks-p-60549.html HTTP/1.0" 200 79947 "-" "thesis-research-bot"
52.25.208.208 - - [08/Nov/2023:04:02:05 +0100] "GET /finding-dory-homework-notebooks-p-40846.html HTTP/1.0" 200 80015 "-" "thesis-research-bot"
52.70.240.171 - - [08/Nov/2023:04:02:05 +0100] "GET /natural-floor-carpet-p-53236.html HTTP/1.0" 200 80884 "-" "Mozilla/5.0 (Macintosh; Intel Mac OS X 10_10_1) AppleWebKit/600.2.5 (KHTML, like Gecko) Version/8.0.2 Safari/600.2.5 (Amazonbot/0.1; +https://developer.amazon.com/support/amazonbot)"
52.25.208.208 - - [08/Nov/2023:04:02:06 +0100] "GET /monaco-homework-notebooks-p-36936.html HTTP/1.0" 200 79860 "-" "thesis-research-bot"
44.230.252.91 - - [08/Nov/2023:04:02:07 +0100] "GET /nici-love-cats-notebook-p-12299.html HTTP/1.0" 200 79728 "-" "thesis-research-bot"
185.191.171.3 - - [08/Nov/2023:04:02:07 +0100] "GET /cushion-p-49535.html HTTP/1.0" 200 77335 "-" "Mozilla/5.0 (compatible; SemrushBot/7~bl; +http://www.semrush.com/bot.html)"
3.224.220.101 - - [08/Nov/2023:04:02:08 +0100] "GET /stranger-things-door-p-59439.html HTTP/1.0" 200 80981 "-" "Mozilla/5.0 (Macintosh; Intel Mac OS X 10_10_1) AppleWebKit/600.2.5 (KHTML, like Gecko) Version/8.0.2 Safari/600.2.5 (Amazonbot/0.1; +https://developer.amazon.com/support/amazonbot)"
100.21.24.205 - - [08/Nov/2023:04:02:08 +0100] "GET /tisanire-cement-tiles-gray-p-55750.html HTTP/1.0" 200 79669 "-" "thesis-research-bot"
54.36.148.23 - - [08/Nov/2023:04:02:06 +0100] "GET /photo-frames-memo-clips-c-13_132.html HTTP/1.0" 200 97516 "-" "Mozilla/5.0 (compatible; AhrefsBot/7.0; +http://ahrefs.com/robot/)"
3.224.220.101 - - [08/Nov/2023:04:02:09 +0100] "GET /round-doormat-diameter-p-59924.html HTTP/1.0" 200 80496 "-" "Mozilla/5.0 (Macintosh; Intel Mac OS X 10_10_1) AppleWebKit/600.2.5 (KHTML, like Gecko) Version/8.0.2 Safari/600.2.5 (Amazonbot/0.1; +https://developer.amazon.com/support/amazonbot)"
54.36.148.237 - - [08/Nov/2023:04:02:12 +0100] "GET /images/mini_prod/4012390307573.gif HTTP/1.0" 200 268 "-" "Mozilla/5.0 (compatible; AhrefsBot/7.0; +http://ahrefs.com/robot/)"
54.36.148.97 - - [08/Nov/2023:04:02:12 +0100] "GET /images/mini_prod/3609810020597.jpg HTTP/1.0" 200 269 "-" "Mozilla/5.0 (compatible; AhrefsBot/7.0; +http://ahrefs.com/robot/)"
54.36.149.24 - - [08/Nov/2023:04:02:12 +0100] "GET /images/mini_prod/1399984234730.jpg HTTP/1.0" 200 269 "-" "Mozilla/5.0 (compatible; AhrefsBot/7.0; +http://ahrefs.com/robot/)"
52.25.208.208 - - [08/Nov/2023:04:02:10 +0100] "GET /frida-with-infuser-pink-blue-p-52862.html HTTP/1.0" 200 79708 "-" "thesis-research-bot"
54.36.149.11 - - [08/Nov/2023:04:02:12 +0100] "GET /images/mini_prod/3660173166988.jpg HTTP/1.0" 200 269 "-" "Mozilla/5.0 (compatible; AhrefsBot/7.0; +http://ahrefs.com/robot/)"
54.36.148.177 - - [08/Nov/2023:04:02:12 +0100] "GET /images/mini_prod/4029811326181.jpg HTTP/1.0" 200 269 "-" "Mozilla/5.0 (compatible; AhrefsBot/7.0; +http://ahrefs.com/robot/)"
54.36.148.44 - - [08/Nov/2023:04:02:12 +0100] "GET /images/mini_prod/3520071634098.jpg HTTP/1.0" 200 269 "-" "Mozilla/5.0 (compatible; AhrefsBot/7.0; +http://ahrefs.com/robot/)"
54.36.148.206 - - [08/Nov/2023:04:02:12 +0100] "GET /images/mini_prod/8717318115488.jpg HTTP/1.0" 200 269 "-" "Mozilla/5.0 (compatible; AhrefsBot/7.0; +http://ahrefs.com/robot/)"
100.21.24.205 - - [08/Nov/2023:04:02:09 +0100] "GET /collectible-disney-figures-c-292_290.html HTTP/1.0" 200 101346 "-" "thesis-research-bot"
54.36.148.51 - - [08/Nov/2023:04:02:12 +0100] "GET /images/mini_prod/3453131143172.jpg HTTP/1.0" 200 269 "-" "Mozilla/5.0 (compatible; AhrefsBot/7.0; +http://ahrefs.com/robot/)"
54.36.148.160 - - [08/Nov/2023:04:02:12 +0100] "GET /images/mini_prod/8717202557936.jpg HTTP/1.0" 200 269 "-" "Mozilla/5.0 (compatible; AhrefsBot/7.0; +http://ahrefs.com/robot/)"
54.36.148.174 - - [08/Nov/2023:04:02:12 +0100] "GET /images/mini_prod/3438100288184.gif HTTP/1.0" 200 268 "-" "Mozilla/5.0 (compatible; AhrefsBot/7.0; +http://ahrefs.com/robot/)"
54.36.149.7 - - [08/Nov/2023:04:02:12 +0100] "GET /images/mini_prod/TROME3249.gif HTTP/1.0" 200 264 "-" "Mozilla/5.0 (compatible; AhrefsBot/7.0; +http://ahrefs.com/robot/)"
54.36.148.132 - - [08/Nov/2023:04:02:12 +0100] "GET /images/mini_prod/4025055910704.jpg HTTP/1.0" 200 269 "-" "Mozilla/5.0 (compatible; AhrefsBot/7.0; +http://ahrefs.com/robot/)"
54.36.149.61 - - [08/Nov/2023:04:02:12 +0100] "GET /images/mini_prod/4029811312436.jpg HTTP/1.0" 200 269 "-" "Mozilla/5.0 (compatible; AhrefsBot/7.0; +http://ahrefs.com/robot/)"
46.4.108.51 - - [08/Nov/2023:04:02:11 +0100] "GET /louis-philippe-wallpaper-cushion-p-16234.html HTTP/1.0" 200 80660 "-" "Mozilla/5.0 (compatible; AwarioBot/1.0; +https://awario.com/bots.html)"
54.36.149.69 - - [08/Nov/2023:04:02:12 +0100] "GET /images/mini_prod/3700281666991.jpg HTTP/1.0" 200 269 "-" "Mozilla/5.0 (compatible; AhrefsBot/7.0; +http://ahrefs.com/robot/)"
54.36.149.57 - - [08/Nov/2023:04:02:13 +0100] "GET /images/mini_prod/1399984256077.jpg HTTP/1.0" 200 269 "-" "Mozilla/5.0 (compatible; AhrefsBot/7.0; +http://ahrefs.com/robot/)"
54.36.148.61 - - [08/Nov/2023:04:02:13 +0100] "GET /images/mini_prod/1399984256060.jpg HTTP/1.0" 200 269 "-" "Mozilla/5.0 (compatible; AhrefsBot/7.0; +http://ahrefs.com/robot/)"
54.36.148.100 - - [08/Nov/2023:04:02:13 +0100] "GET /images/mini_prod/8717202557882a.jpg HTTP/1.0" 200 270 "-" "Mozilla/5.0 (compatible; AhrefsBot/7.0; +http://ahrefs.com/robot/)"
54.36.149.32 - - [08/Nov/2023:04:02:13 +0100] "GET /images/mini_prod/4012390362756.jpg HTTP/1.0" 200 269 "-" "Mozilla/5.0 (compatible; AhrefsBot/7.0; +http://ahrefs.com/robot/)"
44.230.252.91 - - [08/Nov/2023:04:02:11 +0100] "GET /frida-with-pink-blue-infuser-p-52860.html HTTP/1.0" 200 79708 "-" "thesis-research-bot"
54.36.148.161 - - [08/Nov/2023:04:02:13 +0100] "GET /images/mini_prod/N1399984256046N.jpg HTTP/1.0" 200 271 "-" "Mozilla/5.0 (compatible; AhrefsBot/7.0; +http://ahrefs.com/robot/)"
185.191.171.3 - - [08/Nov/2023:04:02:11 +0100] "GET /decorative-globe-patinated-engraved-metal-p-51091.html HTTP/1.0" 200 80814 "-" "Mozilla/5.0 (compatible; SemrushBot/7~bl; +http://www.semrush.com/bot.html)"
100.21.24.205 - - [08/Nov/2023:04:02:12 +0100] "GET /glass-with-porcelain-infuser-p-41870.html HTTP/1.0" 200 79710 "-" "thesis-research-bot"
44.230.252.91 - - [08/Nov/2023:04:02:13 +0100] "GET /aprons-c-11_74.html?page=2 HTTP/1.0" 200 98598 "-" "thesis-research-bot"
185.191.171.7 - - [08/Nov/2023:04:02:14 +0100] "GET /-p-49231.html HTTP/1.0" 200 77271 "-" "Mozilla/5.0 (compatible; SemrushBot/7~bl; +http://www.semrush.com/bot.html)"
44.230.252.91 - - [08/Nov/2023:04:02:14 +0100] "GET /aprons-c-11_74.html?page=3 HTTP/1.0" 200 98450 "-" "thesis-research-bot"
44.230.252.91 - - [08/Nov/2023:04:02:15 +0100] "GET /aprons-c-11_74.html?page=4 HTTP/1.0" 200 98521 "-" "thesis-research-bot"
44.230.252.91 - - [08/Nov/2023:04:02:16 +0100] "GET /aprons-c-11_74.html?page=5 HTTP/1.0" 200 98880 "-" "thesis-research-bot"
44.230.252.91 - - [08/Nov/2023:04:02:17 +0100] "GET /aprons-c-11_74.html?page=6 HTTP/1.0" 200 96387 "-" "thesis-research-bot"
44.230.252.91 - - [08/Nov/2023:04:02:18 +0100] "GET /barbazoo-birth-barbabib-p-16321.html HTTP/1.0" 200 79857 "-" "thesis-research-bot"
46.4.108.51 - - [08/Nov/2023:04:02:19 +0100] "GET /love-calligraphy-compact-mirror-p-26197.html HTTP/1.0" 200 79836 "-" "Mozilla/5.0 (compatible; AwarioBot/1.0; +https://awario.com/bots.html)"
52.25.208.208 - - [08/Nov/2023:04:02:19 +0100] "GET /blue-adult-cotton-apron-p-44330.html HTTP/1.0" 200 79598 "-" "thesis-research-bot"
100.21.24.205 - - [08/Nov/2023:04:02:20 +0100] "GET /grey-adult-cotton-apron-p-59463.html HTTP/1.0" 200 80213 "-" "thesis-research-bot"
52.70.240.171 - - [08/Nov/2023:04:02:21 +0100] "GET /round-doormat-flower-life-diameter-p-52118.html HTTP/1.0" 200 80656 "-" "Mozilla/5.0 (Macintosh; Intel Mac OS X 10_10_1) AppleWebKit/600.2.5 (KHTML, like Gecko) Version/8.0.2 Safari/600.2.5 (Amazonbot/0.1; +https://developer.amazon.com/support/amazonbot)"
100.21.24.205 - - [08/Nov/2023:04:02:21 +0100] "GET /glass-with-porcelain-infuser-p-41871.html HTTP/1.0" 200 79710 "-" "thesis-research-bot"
52.70.240.171 - - [08/Nov/2023:04:02:22 +0100] "GET /jakarta-light-blue-carpet-p-48422.html HTTP/1.0" 200 80961 "-" "Mozilla/5.0 (Macintosh; Intel Mac OS X 10_10_1) AppleWebKit/600.2.5 (KHTML, like Gecko) Version/8.0.2 Safari/600.2.5 (Amazonbot/0.1; +https://developer.amazon.com/support/amazonbot)"
100.21.24.205 - - [08/Nov/2023:04:02:22 +0100] "GET /with-infuser-c-12_221.html?page=2 HTTP/1.0" 200 98658 "-" "thesis-research-bot"
100.21.24.205 - - [08/Nov/2023:04:02:23 +0100] "GET /with-infuser-c-12_221.html?page=3 HTTP/1.0" 200 99199 "-" "thesis-research-bot"
40.77.167.50 - - [08/Nov/2023:04:02:22 +0100] "GET /index.php HTTP/1.0" 200 158912 "-" "Mozilla/5.0 AppleWebKit/537.36 (KHTML, like Gecko; compatible; bingbot/2.0; +http://www.bing.com/bingbot.htm) Chrome/103.0.5060.134 Safari/537.36"
52.25.208.208 - - [08/Nov/2023:04:02:24 +0100] "GET /with-infuser-c-12_221.html?page=4 HTTP/1.0" 200 98806 "-" "thesis-research-bot"
44.230.252.91 - - [08/Nov/2023:04:02:25 +0100] "GET /with-infuser-c-12_221.html?page=5 HTTP/1.0" 200 98660 "-" "thesis-research-bot"
23.22.35.162 - - [08/Nov/2023:04:02:26 +0100] "GET /jakarta-yellow-carpet-p-48421.html HTTP/1.0" 200 80901 "-" "Mozilla/5.0 (Macintosh; Intel Mac OS X 10_10_1) AppleWebKit/600.2.5 (KHTML, like Gecko) Version/8.0.2 Safari/600.2.5 (Amazonbot/0.1; +https://developer.amazon.com/support/amazonbot)"
52.25.208.208 - - [08/Nov/2023:04:02:26 +0100] "GET /with-infuser-c-12_221.html?page=6 HTTP/1.0" 200 99378 "-" "thesis-research-bot"
52.25.208.208 - - [08/Nov/2023:04:02:27 +0100] "GET /with-infuser-c-12_221.html?page=7 HTTP/1.0" 200 92572 "-" "thesis-research-bot"
23.22.35.162 - - [08/Nov/2023:04:02:28 +0100] "GET /benito-cotton-jute-p-59919.html HTTP/1.0" 200 80713 "-" "Mozilla/5.0 (Macintosh; Intel Mac OS X 10_10_1) AppleWebKit/600.2.5 (KHTML, like Gecko) Version/8.0.2 Safari/600.2.5 (Amazonbot/0.1; +https://developer.amazon.com/support/amazonbot)"
185.191.171.10 - - [08/Nov/2023:04:02:30 +0100] "GET /best-wine-metal-tray-p-45781.html HTTP/1.0" 200 79802 "-" "Mozilla/5.0 (compatible; SemrushBot/7~bl; +http://www.semrush.com/bot.html)"
52.70.240.171 - - [08/Nov/2023:04:02:30 +0100] "GET /jakarta-dark-blue-carpet-p-48423.html HTTP/1.0" 200 80946 "-" "Mozilla/5.0 (Macintosh; Intel Mac OS X 10_10_1) AppleWebKit/600.2.5 (KHTML, like Gecko) Version/8.0.2 Safari/600.2.5 (Amazonbot/0.1; +https://developer.amazon.com/support/amazonbot)"
23.22.35.162 - - [08/Nov/2023:04:02:32 +0100] "GET /ethnic-carpet-p-56014.html HTTP/1.0" 200 80679 "-" "Mozilla/5.0 (Macintosh; Intel Mac OS X 10_10_1) AppleWebKit/600.2.5 (KHTML, like Gecko) Version/8.0.2 Safari/600.2.5 (Amazonbot/0.1; +https://developer.amazon.com/support/amazonbot)"
46.4.108.51 - - [08/Nov/2023:04:02:44 +0100] "GET /robots.txt HTTP/1.0" 200 245 "-" "Mozilla/5.0 (compatible; AwarioBot/1.0; +https://awario.com/bots.html)"
173.252.83.14 - - [08/Nov/2023:04:02:44 +0100] "GET /images/big_prod_1/b3014627935734.jpg HTTP/1.0" 200 271 "-" "facebookexternalhit/1.1 (+http://www.facebook.com/externalhit_uatext.php)"
46.4.108.51 - - [08/Nov/2023:04:02:44 +0100] "GET /love-kids-school-p-44923.html HTTP/1.0" 200 79849 "-" "Mozilla/5.0 (compatible; AwarioBot/1.0; +https://awario.com/bots.html)"
100.21.24.205 - - [08/Nov/2023:04:02:45 +0100] "GET /challenger-attack-products-p-29390.html HTTP/1.0" 200 79927 "-" "thesis-research-bot"
52.25.208.208 - - [08/Nov/2023:04:02:46 +0100] "GET /star-wars-vehicle-miniature-with-miniature-character-p-33427.html HTTP/1.0" 200 80068 "-" "thesis-research-bot"
100.21.24.205 - - [08/Nov/2023:04:02:47 +0100] "GET /dameron-miniature-character-p-32466.html HTTP/1.0" 200 79877 "-" "thesis-research-bot"
3.224.220.101 - - [08/Nov/2023:04:02:52 +0100] "GET /carpet-jute-cotton-p-57563.html HTTP/1.0" 200 81045 "-" "Mozilla/5.0 (Macintosh; Intel Mac OS X 10_10_1) AppleWebKit/600.2.5 (KHTML, like Gecko) Version/8.0.2 Safari/600.2.5 (Amazonbot/0.1; +https://developer.amazon.com/support/amazonbot)"
46.4.108.51 - - [08/Nov/2023:04:02:57 +0100] "GET /love-london-rectangular-mirror-p-29008.html HTTP/1.0" 200 79670 "-" "Mozilla/5.0 (compatible; AwarioBot/1.0; +https://awario.com/bots.html)"
23.22.35.162 - - [08/Nov/2023:04:03:00 +0100] "GET /carpet-jute-cotton-p-57562.html HTTP/1.0" 200 80823 "-" "Mozilla/5.0 (Macintosh; Intel Mac OS X 10_10_1) AppleWebKit/600.2.5 (KHTML, like Gecko) Version/8.0.2 Safari/600.2.5 (Amazonbot/0.1; +https://developer.amazon.com/support/amazonbot)"
52.70.240.171 - - [08/Nov/2023:04:03:03 +0100] "GET /carpet-mandala-grey-blue-p-44901.html HTTP/1.0" 200 80832 "-" "Mozilla/5.0 (Macintosh; Intel Mac OS X 10_10_1) AppleWebKit/600.2.5 (KHTML, like Gecko) Version/8.0.2 Safari/600.2.5 (Amazonbot/0.1; +https://developer.amazon.com/support/amazonbot)"
185.191.171.11 - - [08/Nov/2023:04:03:04 +0100] "GET /duvet-cover-cotton-percale-threads-p-52208.html HTTP/1.0" 200 79928 "-" "Mozilla/5.0 (compatible; SemrushBot/7~bl; +http://www.semrush.com/bot.html)"
52.70.240.171 - - [08/Nov/2023:04:03:06 +0100] "GET /carpet-jute-mandala-p-57564.html HTTP/1.0" 200 80890 "-" "Mozilla/5.0 (Macintosh; Intel Mac OS X 10_10_1) AppleWebKit/600.2.5 (KHTML, like Gecko) Version/8.0.2 Safari/600.2.5 (Amazonbot/0.1; +https://developer.amazon.com/support/amazonbot)"
3.224.220.101 - - [08/Nov/2023:04:03:10 +0100] "GET /round-jute-carpet-p-56664.html HTTP/1.0" 200 80805 "-" "Mozilla/5.0 (Macintosh; Intel Mac OS X 10_10_1) AppleWebKit/600.2.5 (KHTML, like Gecko) Version/8.0.2 Safari/600.2.5 (Amazonbot/0.1; +https://developer.amazon.com/support/amazonbot)"
85.208.96.211 - - [08/Nov/2023:04:03:17 +0100] "GET /-p-23414.html HTTP/1.0" 200 77271 "-" "Mozilla/5.0 (compatible; SemrushBot/7~bl; +http://www.semrush.com/bot.html)"
185.191.171.13 - - [08/Nov/2023:04:03:21 +0100] "GET /gund-plush-chocolate-rabbit-wispers-p-21364.html HTTP/1.0" 200 77413 "-" "Mozilla/5.0 (compatible; SemrushBot/7~bl; +http://www.semrush.com/bot.html)"
46.4.108.51 - - [08/Nov/2023:04:03:26 +0100] "GET /love-paris-little-tray-p-39731.html HTTP/1.0" 200 79770 "-" "Mozilla/5.0 (compatible; AwarioBot/1.0; +https://awario.com/bots.html)"
85.208.96.212 - - [08/Nov/2023:04:03:32 +0100] "GET /-p-27685.html HTTP/1.0" 200 77271 "-" "Mozilla/5.0 (compatible; SemrushBot/7~bl; +http://www.semrush.com/bot.html)"
185.191.171.16 - - [08/Nov/2023:04:03:35 +0100] "GET /small-shopping-birds-ohara-koson-p-60652.html?action=add_product HTTP/1.0" 302 476 "-" "Mozilla/5.0 (compatible; SemrushBot/7~bl; +http://www.semrush.com/bot.html)"
46.4.108.51 - - [08/Nov/2023:04:03:39 +0100] "GET /love-peace-black-shirt-p-30149.html HTTP/1.0" 200 80846 "-" "Mozilla/5.0 (compatible; AwarioBot/1.0; +https://awario.com/bots.html)"
185.191.171.16 - - [08/Nov/2023:04:03:39 +0100] "GET /white-decorative-statue-p-31563.html HTTP/1.0" 200 79786 "-" "Mozilla/5.0 (compatible; SemrushBot/7~bl; +http://www.semrush.com/bot.html)"
168.138.105.69 - - [08/Nov/2023:04:03:45 +0100] "GET /images/mini_prod/5051265800404.jpg HTTP/1.0" 200 269 "-" "Mozilla/5.0 (X11; Ubuntu; Linux x86_64; rv:72.0) Gecko/20100101 Firefox/72.0"
52.70.240.171 - - [08/Nov/2023:04:03:47 +0100] "GET /round-jute-carpet-p-56665.html HTTP/1.0" 200 80602 "-" "Mozilla/5.0 (Macintosh; Intel Mac OS X 10_10_1) AppleWebKit/600.2.5 (KHTML, like Gecko) Version/8.0.2 Safari/600.2.5 (Amazonbot/0.1; +https://developer.amazon.com/support/amazonbot)"
23.22.35.162 - - [08/Nov/2023:04:03:48 +0100] "GET /carpet-mandala-natural-p-44902.html HTTP/1.0" 200 80810 "-" "Mozilla/5.0 (Macintosh; Intel Mac OS X 10_10_1) AppleWebKit/600.2.5 (KHTML, like Gecko) Version/8.0.2 Safari/600.2.5 (Amazonbot/0.1; +https://developer.amazon.com/support/amazonbot)"
46.4.108.51 - - [08/Nov/2023:04:03:52 +0100] "GET /love-peace-grey-shirt-p-30147.html HTTP/1.0" 200 81106 "-" "Mozilla/5.0 (compatible; AwarioBot/1.0; +https://awario.com/bots.html)"
85.208.96.202 - - [08/Nov/2023:04:04:02 +0100] "GET /skull-moneybox-p-37730.html HTTP/1.0" 200 79572 "-" "Mozilla/5.0 (compatible; SemrushBot/7~bl; +http://www.semrush.com/bot.html)"
52.70.240.171 - - [08/Nov/2023:04:04:10 +0100] "GET /ethnic-rectangular-carpet-p-56667.html HTTP/1.0" 200 80934 "-" "Mozilla/5.0 (Macintosh; Intel Mac OS X 10_10_1) AppleWebKit/600.2.5 (KHTML, like Gecko) Version/8.0.2 Safari/600.2.5 (Amazonbot/0.1; +https://developer.amazon.com/support/amazonbot)"
185.191.171.9 - - [08/Nov/2023:04:04:11 +0100] "GET /dishes-c-13_12.html?page=42 HTTP/1.0" 200 99215 "-" "Mozilla/5.0 (compatible; SemrushBot/7~bl; +http://www.semrush.com/bot.html)"
173.252.83.1 - - [08/Nov/2023:04:04:15 +0100] "GET /images/big_prod/8445146042293.jpg HTTP/1.0" 200 268 "-" "facebookexternalhit/1.1 (+http://www.facebook.com/externalhit_uatext.php)"
85.208.96.209 - - [08/Nov/2023:04:04:15 +0100] "GET /-p-43010.html HTTP/1.0" 200 77271 "-" "Mozilla/5.0 (compatible; SemrushBot/7~bl; +http://www.semrush.com/bot.html)"
216.244.66.242 - - [08/Nov/2023:04:04:22 +0100] "GET /images/big_prod/8422020065869B.jpg HTTP/1.0" 200 269 "-" "Mozilla/5.0 (compatible; DotBot/1.2; +https://opensiteexplorer.org/dotbot; help@moz.com)"
100.21.24.205 - - [08/Nov/2023:04:04:21 +0100] "GET /gund-rainbow-plush-p-44579.html HTTP/1.0" 200 79727 "-" "thesis-research-bot"
23.22.35.162 - - [08/Nov/2023:04:04:21 +0100] "GET /carpet-imitation-cowhide-p-48438.html HTTP/1.0" 200 81072 "-" "Mozilla/5.0 (Macintosh; Intel Mac OS X 10_10_1) AppleWebKit/600.2.5 (KHTML, like Gecko) Version/8.0.2 Safari/600.2.5 (Amazonbot/0.1; +https://developer.amazon.com/support/amazonbot)"
52.25.208.208 - - [08/Nov/2023:04:04:23 +0100] "GET /super-pusheenicorn-p-44589.html HTTP/1.0" 200 79979 "-" "thesis-research-bot"
44.230.252.91 - - [08/Nov/2023:04:04:22 +0100] "GET /gund-unicorn-plush-p-44580.html HTTP/1.0" 200 79727 "-" "thesis-research-bot"
46.4.108.51 - - [08/Nov/2023:04:04:23 +0100] "GET /love-peace-pink-portfolio-p-8763.html HTTP/1.0" 200 79922 "-" "Mozilla/5.0 (compatible; AwarioBot/1.0; +https://awario.com/bots.html)"
52.70.240.171 - - [08/Nov/2023:04:04:23 +0100] "GET /bohemian-ethnic-carpet-p-50875.html HTTP/1.0" 200 80724 "-" "Mozilla/5.0 (Macintosh; Intel Mac OS X 10_10_1) AppleWebKit/600.2.5 (KHTML, like Gecko) Version/8.0.2 Safari/600.2.5 (Amazonbot/0.1; +https://developer.amazon.com/support/amazonbot)"
100.21.24.205 - - [08/Nov/2023:04:04:25 +0100] "GET /gund-thomas-macdonald-bear-plush-p-24300.html HTTP/1.0" 200 85055 "-" "thesis-research-bot"
100.21.24.205 - - [08/Nov/2023:04:04:24 +0100] "GET /gund-exercise-plush-p-44578.html HTTP/1.0" 200 84250 "-" "thesis-research-bot"
85.208.96.203 - - [08/Nov/2023:04:04:26 +0100] "GET /chest-world-p-49064.html HTTP/1.0" 200 77325 "-" "Mozilla/5.0 (compatible; SemrushBot/7~bl; +http://www.semrush.com/bot.html)"
44.230.252.91 - - [08/Nov/2023:04:04:26 +0100] "GET /trudi-elephant-paul-soft-p-16214.html HTTP/1.0" 200 79788 "-" "thesis-research-bot"
23.22.35.162 - - [08/Nov/2023:04:04:25 +0100] "GET /blue-ginkgo-tray-p-56803.html HTTP/1.0" 200 79669 "-" "Mozilla/5.0 (Macintosh; Intel Mac OS X 10_10_1) AppleWebKit/600.2.5 (KHTML, like Gecko) Version/8.0.2 Safari/600.2.5 (Amazonbot/0.1; +https://developer.amazon.com/support/amazonbot)"
216.244.66.242 - - [08/Nov/2023:04:04:35 +0100] "GET /images/big_prod/8422048800503b.jpg HTTP/1.0" 200 269 "-" "Mozilla/5.0 (compatible; DotBot/1.2; +https://opensiteexplorer.org/dotbot; help@moz.com)"
46.4.108.51 - - [08/Nov/2023:04:04:45 +0100] "GET /robots.txt HTTP/1.0" 200 245 "-" "Mozilla/5.0 (compatible; AwarioBot/1.0; +https://awario.com/bots.html)"
46.4.108.51 - - [08/Nov/2023:04:04:45 +0100] "GET /love-peace-pink-shirt-p-30150.html HTTP/1.0" 200 81104 "-" "Mozilla/5.0 (compatible; AwarioBot/1.0; +https://awario.com/bots.html)"
52.70.240.171 - - [08/Nov/2023:04:04:49 +0100] "GET /mini-melamine-tray-p-55845.html HTTP/1.0" 200 80287 "-" "Mozilla/5.0 (Macintosh; Intel Mac OS X 10_10_1) AppleWebKit/600.2.5 (KHTML, like Gecko) Version/8.0.2 Safari/600.2.5 (Amazonbot/0.1; +https://developer.amazon.com/support/amazonbot)"
46.4.108.51 - - [08/Nov/2023:04:04:56 +0100] "GET /love-peace-purple-shirt-p-30152.html HTTP/1.0" 200 81400 "-" "Mozilla/5.0 (compatible; AwarioBot/1.0; +https://awario.com/bots.html)"
52.70.240.171 - - [08/Nov/2023:04:05:03 +0100] "GET /klimt-little-tray-p-51679.html HTTP/1.0" 200 79658 "-" "Mozilla/5.0 (Macintosh; Intel Mac OS X 10_10_1) AppleWebKit/600.2.5 (KHTML, like Gecko) Version/8.0.2 Safari/600.2.5 (Amazonbot/0.1; +https://developer.amazon.com/support/amazonbot)"
185.191.171.19 - - [08/Nov/2023:04:05:04 +0100] "GET /lola-shower-towel-white-p-41784.html HTTP/1.0" 200 80550 "-" "Mozilla/5.0 (compatible; SemrushBot/7~bl; +http://www.semrush.com/bot.html)"
3.224.220.101 - - [08/Nov/2023:04:05:05 +0100] "GET /mini-rectangular-cats-butterflies-tray-p-60851.html HTTP/1.0" 200 80503 "-" "Mozilla/5.0 (Macintosh; Intel Mac OS X 10_10_1) AppleWebKit/600.2.5 (KHTML, like Gecko) Version/8.0.2 Safari/600.2.5 (Amazonbot/0.1; +https://developer.amazon.com/support/amazonbot)"
52.70.240.171 - - [08/Nov/2023:04:05:06 +0100] "GET /mini-melamine-tray-p-60019.html HTTP/1.0" 200 80287 "-" "Mozilla/5.0 (Macintosh; Intel Mac OS X 10_10_1) AppleWebKit/600.2.5 (KHTML, like Gecko) Version/8.0.2 Safari/600.2.5 (Amazonbot/0.1; +https://developer.amazon.com/support/amazonbot)"
85.208.96.210 - - [08/Nov/2023:04:05:08 +0100] "GET /incense-sticks-burner-storage-ganesh-p-53400.html HTTP/1.0" 200 80090 "-" "Mozilla/5.0 (compatible; SemrushBot/7~bl; +http://www.semrush.com/bot.html)"
46.4.108.51 - - [08/Nov/2023:04:05:12 +0100] "GET /love-personalized-p-17672.html HTTP/1.0" 200 80093 "-" "Mozilla/5.0 (compatible; AwarioBot/1.0; +https://awario.com/bots.html)"
23.22.35.162 - - [08/Nov/2023:04:05:19 +0100] "GET /mandala-wooden-tray-p-52248.html HTTP/1.0" 200 79747 "-" "Mozilla/5.0 (Macintosh; Intel Mac OS X 10_10_1) AppleWebKit/600.2.5 (KHTML, like Gecko) Version/8.0.2 Safari/600.2.5 (Amazonbot/0.1; +https://developer.amazon.com/support/amazonbot)"
100.21.24.205 - - [08/Nov/2023:04:05:27 +0100] "GET /domo-frankunstein-shirt-p-29504.html HTTP/1.0" 200 81073 "-" "thesis-research-bot"
44.230.252.91 - - [08/Nov/2023:04:05:28 +0100] "GET /love-peace-purple-shirt-p-30152.html HTTP/1.0" 200 81400 "-" "thesis-research-bot"
44.230.252.91 - - [08/Nov/2023:04:05:29 +0100] "GET /mickael-want-back-shirt-p-29537.html HTTP/1.0" 200 81120 "-" "thesis-research-bot"
44.230.252.91 - - [08/Nov/2023:04:05:30 +0100] "GET /london-union-jack-black-shirt-p-30145.html HTTP/1.0" 200 80868 "-" "thesis-research-bot"
100.21.24.205 - - [08/Nov/2023:04:05:31 +0100] "GET /adults-c-53.html?page=2 HTTP/1.0" 200 98866 "-" "thesis-research-bot"
44.230.252.91 - - [08/Nov/2023:04:05:32 +0100] "GET /adults-c-53.html?page=3 HTTP/1.0" 200 98061 "-" "thesis-research-bot"
52.25.208.208 - - [08/Nov/2023:04:05:33 +0100] "GET /adults-c-53.html?page=4 HTTP/1.0" 200 96838 "-" "thesis-research-bot"
52.25.208.208 - - [08/Nov/2023:04:05:34 +0100] "GET /adults-c-53.html?page=5 HTTP/1.0" 200 97148 "-" "thesis-research-bot"
100.21.24.205 - - [08/Nov/2023:04:05:35 +0100] "GET /adults-c-53.html?page=6 HTTP/1.0" 200 95044 "-" "thesis-research-bot"
100.21.24.205 - - [08/Nov/2023:04:05:36 +0100] "GET /gingerbread-little-tray-p-30690.html HTTP/1.0" 200 79709 "-" "thesis-research-bot"
44.230.252.91 - - [08/Nov/2023:04:05:37 +0100] "GET /paris-macarons-little-tray-p-44545.html HTTP/1.0" 200 80421 "-" "thesis-research-bot"
46.4.108.51 - - [08/Nov/2023:04:05:38 +0100] "GET /love-personnalized-black-shell-galaxy-note-p-17687.html HTTP/1.0" 200 80261 "-" "Mozilla/5.0 (compatible; AwarioBot/1.0; +https://awario.com/bots.html)"
52.25.208.208 - - [08/Nov/2023:04:05:38 +0100] "GET /brown-bear-small-melamine-tray-p-45177.html HTTP/1.0" 200 79742 "-" "thesis-research-bot"
44.230.252.91 - - [08/Nov/2023:04:05:39 +0100] "GET /lavender-provence-little-tray-p-39727.html HTTP/1.0" 200 80475 "-" "thesis-research-bot"
100.21.24.205 - - [08/Nov/2023:04:05:40 +0100] "GET /small-trays-c-12_159_261.html?page=2 HTTP/1.0" 200 94711 "-" "thesis-research-bot"
54.36.148.108 - - [08/Nov/2023:04:05:42 +0100] "GET /images/3521320703794.jpg HTTP/1.0" 200 259 "-" "Mozilla/5.0 (compatible; AhrefsBot/7.0; +http://ahrefs.com/robot/)"
23.22.35.162 - - [08/Nov/2023:04:05:46 +0100] "GET /elephant-mini-melamine-tray-kook-kiub-p-55872.html HTTP/1.0" 200 80462 "-" "Mozilla/5.0 (Macintosh; Intel Mac OS X 10_10_1) AppleWebKit/600.2.5 (KHTML, like Gecko) Version/8.0.2 Safari/600.2.5 (Amazonbot/0.1; +https://developer.amazon.com/support/amazonbot)"
168.138.105.69 - - [08/Nov/2023:04:05:51 +0100] "GET /images/mini_prod/3032164107001.jpg HTTP/1.0" 200 269 "-" "Mozilla/5.0 (X11; Ubuntu; Linux x86_64; rv:72.0) Gecko/20100101 Firefox/72.0"
185.191.171.10 - - [08/Nov/2023:04:05:55 +0100] "GET /shopping-klimt-kiss-p-60693.html?action=add_product HTTP/1.0" 302 476 "-" "Mozilla/5.0 (compatible; SemrushBot/7~bl; +http://www.semrush.com/bot.html)"
168.138.105.69 - - [08/Nov/2023:04:05:56 +0100] "GET /images/mini_prod/8424345892595.jpg HTTP/1.0" 404 1308 "-" "Mozilla/5.0 (X11; Ubuntu; Linux x86_64; rv:72.0) Gecko/20100101 Firefox/72.0"
46.4.108.51 - - [08/Nov/2023:04:05:55 +0100] "GET /love-personnalized-black-shell-samsung-p-17689.html HTTP/1.0" 200 80331 "-" "Mozilla/5.0 (compatible; AwarioBot/1.0; +https://awario.com/bots.html)"
52.70.240.171 - - [08/Nov/2023:04:06:00 +0100] "GET /mini-melamine-tray-p-53813.html HTTP/1.0" 200 80287 "-" "Mozilla/5.0 (Macintosh; Intel Mac OS X 10_10_1) AppleWebKit/600.2.5 (KHTML, like Gecko) Version/8.0.2 Safari/600.2.5 (Amazonbot/0.1; +https://developer.amazon.com/support/amazonbot)"
85.208.96.211 - - [08/Nov/2023:04:06:07 +0100] "GET /-p-25565.html HTTP/1.0" 200 77271 "-" "Mozilla/5.0 (compatible; SemrushBot/7~bl; +http://www.semrush.com/bot.html)"
