85.208.96.195 - - [08/Nov/2023:08:12:21 +0100] "GET /cotton-floor-cushion-soledad-p-56800.html HTTP/1.0" 200 77369 "-" "Mozilla/5.0 (compatible; SemrushBot/7~bl; +http://www.semrush.com/bot.html)"
185.191.171.8 - - [08/Nov/2023:08:12:30 +0100] "GET /set-c-2_34.html HTTP/1.0" 200 83591 "-" "Mozilla/5.0 (compatible; SemrushBot/7~bl; +http://www.semrush.com/bot.html)"
85.208.96.202 - - [08/Nov/2023:08:12:35 +0100] "GET /blue-velvet-chandelier-p-59887.html HTTP/1.0" 200 80474 "-" "Mozilla/5.0 (compatible; SemrushBot/7~bl; +http://www.semrush.com/bot.html)"
46.4.108.51 - - [08/Nov/2023:08:12:40 +0100] "GET /robots.txt HTTP/1.0" 200 245 "-" "Mozilla/5.0 (compatible; AwarioBot/1.0; +https://awario.com/bots.html)"
46.4.108.51 - - [08/Nov/2023:08:12:40 +0100] "GET /scented-candles-novenas-c-231_227.html?page=11 HTTP/1.0" 200 101071 "-" "Mozilla/5.0 (compatible; AwarioBot/1.0; +https://awario.com/bots.html)"
3.224.220.101 - - [08/Nov/2023:08:12:48 +0100] "GET /relief-hanging-plate-pinard-sauciflard-p-57477.html HTTP/1.0" 200 80531 "-" "Mozilla/5.0 (Macintosh; Intel Mac OS X 10_10_1) AppleWebKit/600.2.5 (KHTML, like Gecko) Version/8.0.2 Safari/600.2.5 (Amazonbot/0.1; +https://developer.amazon.com/support/amazonbot)"
46.4.108.51 - - [08/Nov/2023:08:12:48 +0100] "GET /scented-candles-novenas-c-231_227.html?page=2 HTTP/1.0" 200 99232 "-" "Mozilla/5.0 (compatible; AwarioBot/1.0; +https://awario.com/bots.html)"
3.224.220.101 - - [08/Nov/2023:08:12:50 +0100] "GET /products_new.php HTTP/1.0" 200 100989 "-" "Mozilla/5.0 (Macintosh; Intel Mac OS X 10_10_1) AppleWebKit/600.2.5 (KHTML, like Gecko) Version/8.0.2 Safari/600.2.5 (Amazonbot/0.1; +https://developer.amazon.com/support/amazonbot)"
173.252.83.120 - - [08/Nov/2023:08:12:53 +0100] "GET /images/mini_prod/5027148062320.jpg HTTP/1.0" 200 269 "-" "facebookexternalhit/1.1 (+http://www.facebook.com/externalhit_uatext.php)"
185.191.171.2 - - [08/Nov/2023:08:12:55 +0100] "GET /fine-porcelain-lavender-sprigs-p-61081.html HTTP/1.0" 200 80432 "-" "Mozilla/5.0 (compatible; SemrushBot/7~bl; +http://www.semrush.com/bot.html)"
3.224.220.101 - - [08/Nov/2023:08:12:56 +0100] "GET /pencil-case-c-31_75.html HTTP/1.0" 200 100902 "-" "Mozilla/5.0 (Macintosh; Intel Mac OS X 10_10_1) AppleWebKit/600.2.5 (KHTML, like Gecko) Version/8.0.2 Safari/600.2.5 (Amazonbot/0.1; +https://developer.amazon.com/support/amazonbot)"
52.70.240.171 - - [08/Nov/2023:08:12:57 +0100] "GET /corsica-metal-plate-deco-p-54611.html HTTP/1.0" 200 79635 "-" "Mozilla/5.0 (Macintosh; Intel Mac OS X 10_10_1) AppleWebKit/600.2.5 (KHTML, like Gecko) Version/8.0.2 Safari/600.2.5 (Amazonbot/0.1; +https://developer.amazon.com/support/amazonbot)"
85.208.96.211 - - [08/Nov/2023:08:12:58 +0100] "GET /bamboo-fiber-plant-cover-p-54405.html HTTP/1.0" 200 77357 "-" "Mozilla/5.0 (compatible; SemrushBot/7~bl; +http://www.semrush.com/bot.html)"
3.224.220.101 - - [08/Nov/2023:08:13:05 +0100] "GET /attention-chat-garde-metal-plate-deco-p-55691.html HTTP/1.0" 200 80318 "-" "Mozilla/5.0 (Macintosh; Intel Mac OS X 10_10_1) AppleWebKit/600.2.5 (KHTML, like Gecko) Version/8.0.2 Safari/600.2.5 (Amazonbot/0.1; +https://developer.amazon.com/support/amazonbot)"
46.4.108.51 - - [08/Nov/2023:08:13:05 +0100] "GET /scented-candles-novenas-c-231_227.html?page=3 HTTP/1.0" 200 100104 "-" "Mozilla/5.0 (compatible; AwarioBot/1.0; +https://awario.com/bots.html)"
23.22.35.162 - - [08/Nov/2023:08:13:08 +0100] "GET /coca-cola-metal-plate-p-27973.html HTTP/1.0" 200 79658 "-" "Mozilla/5.0 (Macintosh; Intel Mac OS X 10_10_1) AppleWebKit/600.2.5 (KHTML, like Gecko) Version/8.0.2 Safari/600.2.5 (Amazonbot/0.1; +https://developer.amazon.com/support/amazonbot)"
3.224.220.101 - - [08/Nov/2023:08:13:09 +0100] "GET /relief-hanging-plate-gras-p-57731.html HTTP/1.0" 200 80523 "-" "Mozilla/5.0 (Macintosh; Intel Mac OS X 10_10_1) AppleWebKit/600.2.5 (KHTML, like Gecko) Version/8.0.2 Safari/600.2.5 (Amazonbot/0.1; +https://developer.amazon.com/support/amazonbot)"
52.70.240.171 - - [08/Nov/2023:08:13:11 +0100] "GET /attention-chien-mauvais-poil-metal-plate-deco-p-55692.html HTTP/1.0" 200 80379 "-" "Mozilla/5.0 (Macintosh; Intel Mac OS X 10_10_1) AppleWebKit/600.2.5 (KHTML, like Gecko) Version/8.0.2 Safari/600.2.5 (Amazonbot/0.1; +https://developer.amazon.com/support/amazonbot)"
23.22.35.162 - - [08/Nov/2023:08:13:13 +0100] "GET /embossed-hanging-plate-jamais-trop-pour-apro-p-60429.html HTTP/1.0" 200 80549 "-" "Mozilla/5.0 (Macintosh; Intel Mac OS X 10_10_1) AppleWebKit/600.2.5 (KHTML, like Gecko) Version/8.0.2 Safari/600.2.5 (Amazonbot/0.1; +https://developer.amazon.com/support/amazonbot)"
52.70.240.171 - - [08/Nov/2023:08:13:14 +0100] "GET /monster-money-p-61029.html HTTP/1.0" 200 80335 "-" "Mozilla/5.0 (Macintosh; Intel Mac OS X 10_10_1) AppleWebKit/600.2.5 (KHTML, like Gecko) Version/8.0.2 Safari/600.2.5 (Amazonbot/0.1; +https://developer.amazon.com/support/amazonbot)"
3.224.220.101 - - [08/Nov/2023:08:13:16 +0100] "GET /monster-money-p-61032.html HTTP/1.0" 200 80335 "-" "Mozilla/5.0 (Macintosh; Intel Mac OS X 10_10_1) AppleWebKit/600.2.5 (KHTML, like Gecko) Version/8.0.2 Safari/600.2.5 (Amazonbot/0.1; +https://developer.amazon.com/support/amazonbot)"
23.22.35.162 - - [08/Nov/2023:08:13:17 +0100] "GET /money-cbkreation-p-23999.html HTTP/1.0" 200 79655 "-" "Mozilla/5.0 (Macintosh; Intel Mac OS X 10_10_1) AppleWebKit/600.2.5 (KHTML, like Gecko) Version/8.0.2 Safari/600.2.5 (Amazonbot/0.1; +https://developer.amazon.com/support/amazonbot)"
46.4.108.51 - - [08/Nov/2023:08:13:18 +0100] "GET /scented-candles-novenas-c-231_227.html?page=4 HTTP/1.0" 200 100723 "-" "Mozilla/5.0 (compatible; AwarioBot/1.0; +https://awario.com/bots.html)"
23.22.35.162 - - [08/Nov/2023:08:13:19 +0100] "GET /monster-money-p-61030.html HTTP/1.0" 200 80335 "-" "Mozilla/5.0 (Macintosh; Intel Mac OS X 10_10_1) AppleWebKit/600.2.5 (KHTML, like Gecko) Version/8.0.2 Safari/600.2.5 (Amazonbot/0.1; +https://developer.amazon.com/support/amazonbot)"
185.191.171.6 - - [08/Nov/2023:08:13:20 +0100] "GET /star-wars-darth-vader-stickers-p-15394.html HTTP/1.0" 200 77381 "-" "Mozilla/5.0 (compatible; SemrushBot/7~bl; +http://www.semrush.com/bot.html)"
85.208.96.200 - - [08/Nov/2023:08:13:23 +0100] "GET /artisan-plaster-thermometer-handcrafted-p-58005.html HTTP/1.0" 200 80714 "-" "Mozilla/5.0 (compatible; SemrushBot/7~bl; +http://www.semrush.com/bot.html)"
23.22.35.162 - - [08/Nov/2023:08:13:24 +0100] "GET /monster-money-p-61031.html HTTP/1.0" 200 80335 "-" "Mozilla/5.0 (Macintosh; Intel Mac OS X 10_10_1) AppleWebKit/600.2.5 (KHTML, like Gecko) Version/8.0.2 Safari/600.2.5 (Amazonbot/0.1; +https://developer.amazon.com/support/amazonbot)"
54.36.148.55 - - [08/Nov/2023:08:13:25 +0100] "GET /storage-cups-c-12_159_264.html HTTP/1.0" 200 97461 "-" "Mozilla/5.0 (compatible; AhrefsBot/7.0; +http://ahrefs.com/robot/)"
52.70.240.171 - - [08/Nov/2023:08:13:27 +0100] "GET /money-cbkreation-p-24133.html HTTP/1.0" 200 79652 "-" "Mozilla/5.0 (Macintosh; Intel Mac OS X 10_10_1) AppleWebKit/600.2.5 (KHTML, like Gecko) Version/8.0.2 Safari/600.2.5 (Amazonbot/0.1; +https://developer.amazon.com/support/amazonbot)"
46.4.108.51 - - [08/Nov/2023:08:13:27 +0100] "GET /scented-candles-novenas-c-231_227.html?page=5 HTTP/1.0" 200 100251 "-" "Mozilla/5.0 (compatible; AwarioBot/1.0; +https://awario.com/bots.html)"
3.224.220.101 - - [08/Nov/2023:08:13:32 +0100] "GET /mustache-money-cbkreation-p-16695.html HTTP/1.0" 200 79809 "-" "Mozilla/5.0 (Macintosh; Intel Mac OS X 10_10_1) AppleWebKit/600.2.5 (KHTML, like Gecko) Version/8.0.2 Safari/600.2.5 (Amazonbot/0.1; +https://developer.amazon.com/support/amazonbot)"
46.4.108.51 - - [08/Nov/2023:08:13:32 +0100] "GET /scented-candles-novenas-c-231_227.html?page=6 HTTP/1.0" 200 99941 "-" "Mozilla/5.0 (compatible; AwarioBot/1.0; +https://awario.com/bots.html)"
52.70.240.171 - - [08/Nov/2023:08:13:37 +0100] "GET /money-unicorn-p-56375.html HTTP/1.0" 200 80263 "-" "Mozilla/5.0 (Macintosh; Intel Mac OS X 10_10_1) AppleWebKit/600.2.5 (KHTML, like Gecko) Version/8.0.2 Safari/600.2.5 (Amazonbot/0.1; +https://developer.amazon.com/support/amazonbot)"
168.138.105.69 - - [08/Nov/2023:08:13:39 +0100] "GET /images/mini_prod/1300000021562.jpg HTTP/1.0" 200 269 "-" "Mozilla/5.0 (X11; Ubuntu; Linux x86_64; rv:72.0) Gecko/20100101 Firefox/72.0"
23.22.35.162 - - [08/Nov/2023:08:13:41 +0100] "GET /yellow-monster-piggy-bank-spring-p-61028.html HTTP/1.0" 200 80421 "-" "Mozilla/5.0 (Macintosh; Intel Mac OS X 10_10_1) AppleWebKit/600.2.5 (KHTML, like Gecko) Version/8.0.2 Safari/600.2.5 (Amazonbot/0.1; +https://developer.amazon.com/support/amazonbot)"
185.191.171.6 - - [08/Nov/2023:08:13:41 +0100] "GET /bamboo-fiber-plant-cover-p-54351.html HTTP/1.0" 200 77357 "-" "Mozilla/5.0 (compatible; SemrushBot/7~bl; +http://www.semrush.com/bot.html)"
46.4.108.51 - - [08/Nov/2023:08:13:42 +0100] "GET /scented-candles-novenas-c-231_227.html?page=7 HTTP/1.0" 200 99910 "-" "Mozilla/5.0 (compatible; AwarioBot/1.0; +https://awario.com/bots.html)"
3.224.220.101 - - [08/Nov/2023:08:13:44 +0100] "GET /starry-russian-doll-money-cbkreation-p-18469.html HTTP/1.0" 200 79760 "-" "Mozilla/5.0 (Macintosh; Intel Mac OS X 10_10_1) AppleWebKit/600.2.5 (KHTML, like Gecko) Version/8.0.2 Safari/600.2.5 (Amazonbot/0.1; +https://developer.amazon.com/support/amazonbot)"
54.36.149.31 - - [08/Nov/2023:08:13:46 +0100] "GET /images/mini_prod/3453131129664.jpg HTTP/1.0" 200 269 "-" "Mozilla/5.0 (compatible; AhrefsBot/7.0; +http://ahrefs.com/robot/)"
54.36.148.80 - - [08/Nov/2023:08:13:46 +0100] "GET /images/mini_prod/1961330000001.jpg HTTP/1.0" 200 269 "-" "Mozilla/5.0 (compatible; AhrefsBot/7.0; +http://ahrefs.com/robot/)"
54.36.148.242 - - [08/Nov/2023:08:13:46 +0100] "GET /images/mini_prod/8424001935666.jpg HTTP/1.0" 200 269 "-" "Mozilla/5.0 (compatible; AhrefsBot/7.0; +http://ahrefs.com/robot/)"
54.36.148.5 - - [08/Nov/2023:08:13:47 +0100] "GET /images/mini_prod/3453131155441.jpg HTTP/1.0" 200 269 "-" "Mozilla/5.0 (compatible; AhrefsBot/7.0; +http://ahrefs.com/robot/)"
54.36.149.103 - - [08/Nov/2023:08:13:47 +0100] "GET /images/mini_prod/8424001785209.jpg HTTP/1.0" 200 269 "-" "Mozilla/5.0 (compatible; AhrefsBot/7.0; +http://ahrefs.com/robot/)"
54.36.148.82 - - [08/Nov/2023:08:13:47 +0100] "GET /images/mini_prod/8719497615469.jpg HTTP/1.0" 200 269 "-" "Mozilla/5.0 (compatible; AhrefsBot/7.0; +http://ahrefs.com/robot/)"
54.36.148.168 - - [08/Nov/2023:08:13:47 +0100] "GET /images/mini_prod/3453131129657.jpg HTTP/1.0" 200 269 "-" "Mozilla/5.0 (compatible; AhrefsBot/7.0; +http://ahrefs.com/robot/)"
54.36.149.91 - - [08/Nov/2023:08:13:48 +0100] "GET /images/mini_prod/8433933227305.jpg HTTP/1.0" 200 269 "-" "Mozilla/5.0 (compatible; AhrefsBot/7.0; +http://ahrefs.com/robot/)"
46.4.108.51 - - [08/Nov/2023:08:13:46 +0100] "GET /scented-candles-novenas-c-231_227.html?page=8 HTTP/1.0" 200 99960 "-" "Mozilla/5.0 (compatible; AwarioBot/1.0; +https://awario.com/bots.html)"
54.36.148.45 - - [08/Nov/2023:08:13:48 +0100] "GET /images/mini_prod/8424001622061.jpg HTTP/1.0" 200 269 "-" "Mozilla/5.0 (compatible; AhrefsBot/7.0; +http://ahrefs.com/robot/)"
54.36.149.38 - - [08/Nov/2023:08:13:49 +0100] "GET /images/mini_prod/3453131145978.jpg HTTP/1.0" 200 269 "-" "Mozilla/5.0 (compatible; AhrefsBot/7.0; +http://ahrefs.com/robot/)"
54.36.148.216 - - [08/Nov/2023:08:13:49 +0100] "GET /images/mini_prod/3453131149815.jpg HTTP/1.0" 200 269 "-" "Mozilla/5.0 (compatible; AhrefsBot/7.0; +http://ahrefs.com/robot/)"
52.70.240.171 - - [08/Nov/2023:08:13:48 +0100] "GET /purple-monster-piggy-bank-spring-p-28124.html HTTP/1.0" 200 80421 "-" "Mozilla/5.0 (Macintosh; Intel Mac OS X 10_10_1) AppleWebKit/600.2.5 (KHTML, like Gecko) Version/8.0.2 Safari/600.2.5 (Amazonbot/0.1; +https://developer.amazon.com/support/amazonbot)"
54.36.148.162 - - [08/Nov/2023:08:13:49 +0100] "GET /images/mini_prod/3453131129589.jpg HTTP/1.0" 200 269 "-" "Mozilla/5.0 (compatible; AhrefsBot/7.0; +http://ahrefs.com/robot/)"
54.36.149.88 - - [08/Nov/2023:08:13:50 +0100] "GET /images/mini_prod/8424001421770.jpg HTTP/1.0" 200 269 "-" "Mozilla/5.0 (compatible; AhrefsBot/7.0; +http://ahrefs.com/robot/)"
54.36.148.133 - - [08/Nov/2023:08:13:50 +0100] "GET /images/mini_prod/8433933192832.jpg HTTP/1.0" 200 269 "-" "Mozilla/5.0 (compatible; AhrefsBot/7.0; +http://ahrefs.com/robot/)"
54.36.148.40 - - [08/Nov/2023:08:13:51 +0100] "GET /images/mini_prod/8424346048717.jpg HTTP/1.0" 200 269 "-" "Mozilla/5.0 (compatible; AhrefsBot/7.0; +http://ahrefs.com/robot/)"
54.36.148.155 - - [08/Nov/2023:08:13:51 +0100] "GET /images/mini_prod/3453131129671.jpg HTTP/1.0" 200 269 "-" "Mozilla/5.0 (compatible; AhrefsBot/7.0; +http://ahrefs.com/robot/)"
3.224.220.101 - - [08/Nov/2023:08:13:50 +0100] "GET /yuan-money-cbkreation-p-24145.html HTTP/1.0" 200 79667 "-" "Mozilla/5.0 (Macintosh; Intel Mac OS X 10_10_1) AppleWebKit/600.2.5 (KHTML, like Gecko) Version/8.0.2 Safari/600.2.5 (Amazonbot/0.1; +https://developer.amazon.com/support/amazonbot)"
54.36.149.14 - - [08/Nov/2023:08:13:51 +0100] "GET /images/mini_prod/1962360000009.jpg HTTP/1.0" 200 269 "-" "Mozilla/5.0 (compatible; AhrefsBot/7.0; +http://ahrefs.com/robot/)"
54.36.149.22 - - [08/Nov/2023:08:13:52 +0100] "GET /images/mini_prod/3453131114080.jpg HTTP/1.0" 200 269 "-" "Mozilla/5.0 (compatible; AhrefsBot/7.0; +http://ahrefs.com/robot/)"
47.128.36.52 - - [08/Nov/2023:08:13:52 +0100] "GET /scented-candles-c-231_227_353.html?page=7 HTTP/1.0" 200 101585 "-" "Mozilla/5.0 (compatible; Bytespider; spider-feedback@bytedance.com) AppleWebKit/537.36 (KHTML, like Gecko) Chrome/70.0.0.0 Safari/537.36"
47.128.36.52 - - [08/Nov/2023:08:13:54 +0100] "GET /swfobject.js HTTP/1.0" 404 1308 "http://www.wonder-geek.com/scented-candles-c-231_227_353.html?page=7" "Mozilla/5.0 (compatible; Bytespider; spider-feedback@bytedance.com) AppleWebKit/537.36 (KHTML, like Gecko) Chrome/70.0.0.0 Safari/537.36"
47.128.36.52 - - [08/Nov/2023:08:13:54 +0100] "GET /js/jquery.js HTTP/1.0" 200 252 "http://www.wonder-geek.com/scented-candles-c-231_227_353.html?page=7" "Mozilla/5.0 (compatible; Bytespider; spider-feedback@bytedance.com) AppleWebKit/537.36 (KHTML, like Gecko) Chrome/70.0.0.0 Safari/537.36"
47.128.36.52 - - [08/Nov/2023:08:13:55 +0100] "GET /js/jquery.jqzoom.js HTTP/1.0" 200 259 "http://www.wonder-geek.com/scented-candles-c-231_227_353.html?page=7" "Mozilla/5.0 (compatible; Bytespider; spider-feedback@bytedance.com) AppleWebKit/537.36 (KHTML, like Gecko) Chrome/70.0.0.0 Safari/537.36"
46.4.108.51 - - [08/Nov/2023:08:13:55 +0100] "GET /scented-candles-novenas-c-231_227.html?page=9 HTTP/1.0" 200 100474 "-" "Mozilla/5.0 (compatible; AwarioBot/1.0; +https://awario.com/bots.html)"
85.208.96.201 - - [08/Nov/2023:08:13:55 +0100] "GET /perfumes-interior-c-231_234.html?page=3 HTTP/1.0" 200 99737 "-" "Mozilla/5.0 (compatible; SemrushBot/7~bl; +http://www.semrush.com/bot.html)"
52.70.240.171 - - [08/Nov/2023:08:13:56 +0100] "GET /game-over-moneybox-p-60958.html HTTP/1.0" 200 80386 "-" "Mozilla/5.0 (Macintosh; Intel Mac OS X 10_10_1) AppleWebKit/600.2.5 (KHTML, like Gecko) Version/8.0.2 Safari/600.2.5 (Amazonbot/0.1; +https://developer.amazon.com/support/amazonbot)"
47.128.36.52 - - [08/Nov/2023:08:13:58 +0100] "GET /swfobject.js HTTP/1.0" 404 1308 "http://www.wonder-geek.com/scented-candles-c-231_227_353.html?page=7" "Mozilla/5.0 (compatible; Bytespider; spider-feedback@bytedance.com) AppleWebKit/537.36 (KHTML, like Gecko) Chrome/70.0.0.0 Safari/537.36"
185.191.171.12 - - [08/Nov/2023:08:13:58 +0100] "GET /tour-selenite-p-44269.html HTTP/1.0" 200 77331 "-" "Mozilla/5.0 (compatible; SemrushBot/7~bl; +http://www.semrush.com/bot.html)"
47.128.36.52 - - [08/Nov/2023:08:14:01 +0100] "GET /js/jquery.min.js HTTP/1.0" 404 1308 "http://www.wonder-geek.com/scented-candles-c-231_227_353.html?page=7" "Mozilla/5.0 (compatible; Bytespider; spider-feedback@bytedance.com) AppleWebKit/537.36 (KHTML, like Gecko) Chrome/70.0.0.0 Safari/537.36"
47.128.36.52 - - [08/Nov/2023:08:14:02 +0100] "GET /highslide/graphics/outlines/drop-shadow.png HTTP/1.0" 200 277 "http://www.wonder-geek.com/scented-candles-c-231_227_353.html?page=7" "Mozilla/5.0 (compatible; Bytespider; spider-feedback@bytedance.com) AppleWebKit/537.36 (KHTML, like Gecko) Chrome/70.0.0.0 Safari/537.36"
47.128.36.52 - - [08/Nov/2023:08:14:02 +0100] "GET /highslide/graphics/zoomout.cur HTTP/1.0" 200 614 "http://www.wonder-geek.com/scented-candles-c-231_227_353.html?page=7" "Mozilla/5.0 (compatible; Bytespider; spider-feedback@bytedance.com) AppleWebKit/537.36 (KHTML, like Gecko) Chrome/70.0.0.0 Safari/537.36"
46.4.108.51 - - [08/Nov/2023:08:14:01 +0100] "GET /scents-provence-teapot-p-52686.html HTTP/1.0" 200 79637 "-" "Mozilla/5.0 (compatible; AwarioBot/1.0; +https://awario.com/bots.html)"
46.4.108.51 - - [08/Nov/2023:08:14:06 +0100] "GET /school-gorjuss-sugar-spice-agenda-year-2017-2018-p-39785.html HTTP/1.0" 200 80129 "-" "Mozilla/5.0 (compatible; AwarioBot/1.0; +https://awario.com/bots.html)"
3.224.220.101 - - [08/Nov/2023:08:14:06 +0100] "GET /game-over-moneybox-p-60959.html HTTP/1.0" 200 80205 "-" "Mozilla/5.0 (Macintosh; Intel Mac OS X 10_10_1) AppleWebKit/600.2.5 (KHTML, like Gecko) Version/8.0.2 Safari/600.2.5 (Amazonbot/0.1; +https://developer.amazon.com/support/amazonbot)"
3.224.220.101 - - [08/Nov/2023:08:14:08 +0100] "GET /pesos-money-cbkreation-p-24144.html HTTP/1.0" 200 79673 "-" "Mozilla/5.0 (Macintosh; Intel Mac OS X 10_10_1) AppleWebKit/600.2.5 (KHTML, like Gecko) Version/8.0.2 Safari/600.2.5 (Amazonbot/0.1; +https://developer.amazon.com/support/amazonbot)"
52.70.240.171 - - [08/Nov/2023:08:14:09 +0100] "GET /portugal-money-cbkreation-p-24148.html HTTP/1.0" 200 79694 "-" "Mozilla/5.0 (Macintosh; Intel Mac OS X 10_10_1) AppleWebKit/600.2.5 (KHTML, like Gecko) Version/8.0.2 Safari/600.2.5 (Amazonbot/0.1; +https://developer.amazon.com/support/amazonbot)"
34.23.197.99 - - [08/Nov/2023:08:14:15 +0100] "GET /cellar-slicer-sausage-c-12_252.html HTTP/1.0" 200 85483 "-" "ZoominfoBot (zoominfobot at zoominfo dot com)"
46.4.108.51 - - [08/Nov/2023:08:14:15 +0100] "GET /scooby-p-27884.html HTTP/1.0" 200 79759 "-" "Mozilla/5.0 (compatible; AwarioBot/1.0; +https://awario.com/bots.html)"
3.224.220.101 - - [08/Nov/2023:08:14:17 +0100] "GET /paris-money-cbkreation-p-17249.html HTTP/1.0" 200 79758 "-" "Mozilla/5.0 (Macintosh; Intel Mac OS X 10_10_1) AppleWebKit/600.2.5 (KHTML, like Gecko) Version/8.0.2 Safari/600.2.5 (Amazonbot/0.1; +https://developer.amazon.com/support/amazonbot)"
40.77.167.28 - - [08/Nov/2023:08:14:19 +0100] "GET /small-cups-board-christmas-p-57090.html HTTP/1.0" 200 79841 "-" "Mozilla/5.0 AppleWebKit/537.36 (KHTML, like Gecko; compatible; bingbot/2.0; +http://www.bing.com/bingbot.htm) Chrome/103.0.5060.134 Safari/537.36"
3.224.220.101 - - [08/Nov/2023:08:14:19 +0100] "GET /small-geisha-compartmentalized-metal-p-51732.html HTTP/1.0" 200 80872 "-" "Mozilla/5.0 (Macintosh; Intel Mac OS X 10_10_1) AppleWebKit/600.2.5 (KHTML, like Gecko) Version/8.0.2 Safari/600.2.5 (Amazonbot/0.1; +https://developer.amazon.com/support/amazonbot)"
51.68.224.127 - - [08/Nov/2023:08:14:24 +0100] "GET /adminweb/export_orders_xml.php?token=256de2z6edz6ed2z6DFSFsed2zed6zeDSFDSGdzedezfzf&maxorders=10&orderstart=1&status=14&start_date=2018-10-01 HTTP/1.0" 200 285 "-" "GesCom CharlotteBoutik Serveur"
23.22.35.162 - - [08/Nov/2023:08:14:23 +0100] "GET /mandalas-compartmentalized-wooden-p-60518.html HTTP/1.0" 200 80705 "-" "Mozilla/5.0 (Macintosh; Intel Mac OS X 10_10_1) AppleWebKit/600.2.5 (KHTML, like Gecko) Version/8.0.2 Safari/600.2.5 (Amazonbot/0.1; +https://developer.amazon.com/support/amazonbot)"
51.68.224.127 - - [08/Nov/2023:08:14:24 +0100] "GET /adminweb/export_orders_xml.php?token=256de2z6edz6ed2z6DFSFsed2zed6zeDSFDSGdzedezfzf&maxorders=10&orderstart=1&status=6&start_date=2018-10-01 HTTP/1.0" 200 33939 "-" "GesCom CharlotteBoutik Serveur"
173.252.83.7 - - [08/Nov/2023:08:14:26 +0100] "GET /images/big_prod/3700884910446.jpg HTTP/1.0" 200 268 "-" "facebookexternalhit/1.1 (+http://www.facebook.com/externalhit_uatext.php)"
3.224.220.101 - - [08/Nov/2023:08:14:31 +0100] "GET /coca-cola-coffee-p-23346.html HTTP/1.0" 200 79734 "-" "Mozilla/5.0 (Macintosh; Intel Mac OS X 10_10_1) AppleWebKit/600.2.5 (KHTML, like Gecko) Version/8.0.2 Safari/600.2.5 (Amazonbot/0.1; +https://developer.amazon.com/support/amazonbot)"
46.4.108.51 - - [08/Nov/2023:08:14:31 +0100] "GET /scratch-france-wall-decoration-paper-p-56711.html HTTP/1.0" 200 80509 "-" "Mozilla/5.0 (compatible; AwarioBot/1.0; +https://awario.com/bots.html)"
3.224.220.101 - - [08/Nov/2023:08:14:32 +0100] "GET /africa-metal-capacity-p-55186.html HTTP/1.0" 200 80563 "-" "Mozilla/5.0 (Macintosh; Intel Mac OS X 10_10_1) AppleWebKit/600.2.5 (KHTML, like Gecko) Version/8.0.2 Safari/600.2.5 (Amazonbot/0.1; +https://developer.amazon.com/support/amazonbot)"
185.191.171.14 - - [08/Nov/2023:08:14:32 +0100] "GET /collectible-figurines-decorative-c-13_135.html?page=82 HTTP/1.0" 200 95202 "-" "Mozilla/5.0 (compatible; SemrushBot/7~bl; +http://www.semrush.com/bot.html)"
52.70.240.171 - - [08/Nov/2023:08:14:34 +0100] "GET /fireflower-metal-capacity-p-52991.html HTTP/1.0" 200 80588 "-" "Mozilla/5.0 (Macintosh; Intel Mac OS X 10_10_1) AppleWebKit/600.2.5 (KHTML, like Gecko) Version/8.0.2 Safari/600.2.5 (Amazonbot/0.1; +https://developer.amazon.com/support/amazonbot)"
52.70.240.171 - - [08/Nov/2023:08:14:36 +0100] "GET /fireflower-metal-capacity-p-52993.html HTTP/1.0" 200 80588 "-" "Mozilla/5.0 (Macintosh; Intel Mac OS X 10_10_1) AppleWebKit/600.2.5 (KHTML, like Gecko) Version/8.0.2 Safari/600.2.5 (Amazonbot/0.1; +https://developer.amazon.com/support/amazonbot)"
46.4.108.51 - - [08/Nov/2023:08:14:36 +0100] "GET /seagrass-basket-black-natural-p-58114.html HTTP/1.0" 200 80361 "-" "Mozilla/5.0 (compatible; AwarioBot/1.0; +https://awario.com/bots.html)"
23.22.35.162 - - [08/Nov/2023:08:14:37 +0100] "GET /savannah-metal-capacity-p-55187.html HTTP/1.0" 200 80570 "-" "Mozilla/5.0 (Macintosh; Intel Mac OS X 10_10_1) AppleWebKit/600.2.5 (KHTML, like Gecko) Version/8.0.2 Safari/600.2.5 (Amazonbot/0.1; +https://developer.amazon.com/support/amazonbot)"
85.208.96.211 - - [08/Nov/2023:08:14:37 +0100] "GET /mystic-skull-moneybox-p-52302.html HTTP/1.0" 200 79613 "-" "Mozilla/5.0 (compatible; SemrushBot/7~bl; +http://www.semrush.com/bot.html)"
52.70.240.171 - - [08/Nov/2023:08:14:39 +0100] "GET /collection-plate-metal-vespa-gran-sport-p-16825.html HTTP/1.0" 200 79912 "-" "Mozilla/5.0 (Macintosh; Intel Mac OS X 10_10_1) AppleWebKit/600.2.5 (KHTML, like Gecko) Version/8.0.2 Safari/600.2.5 (Amazonbot/0.1; +https://developer.amazon.com/support/amazonbot)"
85.208.96.198 - - [08/Nov/2023:08:14:41 +0100] "GET /-p-18458.html HTTP/1.0" 200 77271 "-" "Mozilla/5.0 (compatible; SemrushBot/7~bl; +http://www.semrush.com/bot.html)"
23.22.35.162 - - [08/Nov/2023:08:14:41 +0100] "GET /jamais-trop-tard-pour-rien-faire-metal-plate-deco-p-45081.html HTTP/1.0" 200 80465 "-" "Mozilla/5.0 (Macintosh; Intel Mac OS X 10_10_1) AppleWebKit/600.2.5 (KHTML, like Gecko) Version/8.0.2 Safari/600.2.5 (Amazonbot/0.1; +https://developer.amazon.com/support/amazonbot)"
46.4.108.51 - - [08/Nov/2023:08:14:43 +0100] "GET /robots.txt HTTP/1.0" 200 245 "-" "Mozilla/5.0 (compatible; AwarioBot/1.0; +https://awario.com/bots.html)"
46.4.108.51 - - [08/Nov/2023:08:14:43 +0100] "GET /seagrass-basket-black-natural-p-58115.html HTTP/1.0" 200 80361 "-" "Mozilla/5.0 (compatible; AwarioBot/1.0; +https://awario.com/bots.html)"
52.70.240.171 - - [08/Nov/2023:08:14:43 +0100] "GET /austin-mini-metal-plate-p-33711.html HTTP/1.0" 200 79695 "-" "Mozilla/5.0 (Macintosh; Intel Mac OS X 10_10_1) AppleWebKit/600.2.5 (KHTML, like Gecko) Version/8.0.2 Safari/600.2.5 (Amazonbot/0.1; +https://developer.amazon.com/support/amazonbot)"
3.224.220.101 - - [08/Nov/2023:08:14:47 +0100] "GET /austin-mini-parking-only-metal-plate-p-33712.html HTTP/1.0" 200 79799 "-" "Mozilla/5.0 (Macintosh; Intel Mac OS X 10_10_1) AppleWebKit/600.2.5 (KHTML, like Gecko) Version/8.0.2 Safari/600.2.5 (Amazonbot/0.1; +https://developer.amazon.com/support/amazonbot)"
52.70.240.171 - - [08/Nov/2023:08:14:50 +0100] "GET /good-year-metal-plate-p-45955.html HTTP/1.0" 200 79643 "-" "Mozilla/5.0 (Macintosh; Intel Mac OS X 10_10_1) AppleWebKit/600.2.5 (KHTML, like Gecko) Version/8.0.2 Safari/600.2.5 (Amazonbot/0.1; +https://developer.amazon.com/support/amazonbot)"
52.70.240.171 - - [08/Nov/2023:08:14:52 +0100] "GET /route-metal-plate-p-37155.html HTTP/1.0" 200 79671 "-" "Mozilla/5.0 (Macintosh; Intel Mac OS X 10_10_1) AppleWebKit/600.2.5 (KHTML, like Gecko) Version/8.0.2 Safari/600.2.5 (Amazonbot/0.1; +https://developer.amazon.com/support/amazonbot)"
3.224.220.101 - - [08/Nov/2023:08:14:56 +0100] "GET /austin-mini-british-beat-metal-plate-p-37149.html HTTP/1.0" 200 79823 "-" "Mozilla/5.0 (Macintosh; Intel Mac OS X 10_10_1) AppleWebKit/600.2.5 (KHTML, like Gecko) Version/8.0.2 Safari/600.2.5 (Amazonbot/0.1; +https://developer.amazon.com/support/amazonbot)"
52.70.240.171 - - [08/Nov/2023:08:14:58 +0100] "GET /harley-davidson-genuine-metal-plate-p-12544.html HTTP/1.0" 200 79773 "-" "Mozilla/5.0 (Macintosh; Intel Mac OS X 10_10_1) AppleWebKit/600.2.5 (KHTML, like Gecko) Version/8.0.2 Safari/600.2.5 (Amazonbot/0.1; +https://developer.amazon.com/support/amazonbot)"
3.224.220.101 - - [08/Nov/2023:08:15:00 +0100] "GET /route-metal-plate-p-29719.html HTTP/1.0" 200 79653 "-" "Mozilla/5.0 (Macintosh; Intel Mac OS X 10_10_1) AppleWebKit/600.2.5 (KHTML, like Gecko) Version/8.0.2 Safari/600.2.5 (Amazonbot/0.1; +https://developer.amazon.com/support/amazonbot)"
46.4.108.51 - - [08/Nov/2023:08:15:00 +0100] "GET /seagrass-napkin-rings-p-60085.html HTTP/1.0" 200 79686 "-" "Mozilla/5.0 (compatible; AwarioBot/1.0; +https://awario.com/bots.html)"
185.191.171.16 - - [08/Nov/2023:08:15:03 +0100] "GET /barcelona-organiser-file-p-52041.html HTTP/1.0" 200 79690 "-" "Mozilla/5.0 (compatible; SemrushBot/7~bl; +http://www.semrush.com/bot.html)"
52.70.240.171 - - [08/Nov/2023:08:15:04 +0100] "GET /indian-roadking-collection-metal-plate-deco-p-37166.html HTTP/1.0" 200 79861 "-" "Mozilla/5.0 (Macintosh; Intel Mac OS X 10_10_1) AppleWebKit/600.2.5 (KHTML, like Gecko) Version/8.0.2 Safari/600.2.5 (Amazonbot/0.1; +https://developer.amazon.com/support/amazonbot)"
46.4.108.51 - - [08/Nov/2023:08:15:05 +0100] "GET /seagrass-napkin-rings-p-60086.html HTTP/1.0" 200 80299 "-" "Mozilla/5.0 (compatible; AwarioBot/1.0; +https://awario.com/bots.html)"
46.4.108.51 - - [08/Nov/2023:08:15:10 +0100] "GET /seahorse-wall-decoration-p-59502.html HTTP/1.0" 200 80317 "-" "Mozilla/5.0 (compatible; AwarioBot/1.0; +https://awario.com/bots.html)"
46.4.108.51 - - [08/Nov/2023:08:15:19 +0100] "GET /serve-coffee-cutting-board-p-40647.html HTTP/1.0" 200 79738 "-" "Mozilla/5.0 (compatible; AwarioBot/1.0; +https://awario.com/bots.html)"
3.224.220.101 - - [08/Nov/2023:08:15:25 +0100] "GET /collection-plate-metal-vespa-best-p-35030.html HTTP/1.0" 200 80191 "-" "Mozilla/5.0 (Macintosh; Intel Mac OS X 10_10_1) AppleWebKit/600.2.5 (KHTML, like Gecko) Version/8.0.2 Safari/600.2.5 (Amazonbot/0.1; +https://developer.amazon.com/support/amazonbot)"
23.22.35.162 - - [08/Nov/2023:08:15:27 +0100] "GET /collection-plate-metal-vespa-vespa-p-35031.html HTTP/1.0" 200 80257 "-" "Mozilla/5.0 (Macintosh; Intel Mac OS X 10_10_1) AppleWebKit/600.2.5 (KHTML, like Gecko) Version/8.0.2 Safari/600.2.5 (Amazonbot/0.1; +https://developer.amazon.com/support/amazonbot)"
46.4.108.51 - - [08/Nov/2023:08:15:27 +0100] "GET /seven-dwarfs-hair-clips-p-19417.html HTTP/1.0" 200 82554 "-" "Mozilla/5.0 (compatible; AwarioBot/1.0; +https://awario.com/bots.html)"
46.4.108.51 - - [08/Nov/2023:08:15:31 +0100] "GET /shadoks-pencil-case-p-19626.html HTTP/1.0" 200 79765 "-" "Mozilla/5.0 (compatible; AwarioBot/1.0; +https://awario.com/bots.html)"
185.191.171.18 - - [08/Nov/2023:08:15:34 +0100] "GET /vive-paris-spiral-notebook-p-20221.html HTTP/1.0" 200 80332 "-" "Mozilla/5.0 (compatible; SemrushBot/7~bl; +http://www.semrush.com/bot.html)"
3.224.220.101 - - [08/Nov/2023:08:15:35 +0100] "GET /crane-blue-beige-p-57173.html HTTP/1.0" 200 80504 "-" "Mozilla/5.0 (Macintosh; Intel Mac OS X 10_10_1) AppleWebKit/600.2.5 (KHTML, like Gecko) Version/8.0.2 Safari/600.2.5 (Amazonbot/0.1; +https://developer.amazon.com/support/amazonbot)"
3.224.220.101 - - [08/Nov/2023:08:15:39 +0100] "GET /crane-blue-brown-p-57174.html HTTP/1.0" 200 80504 "-" "Mozilla/5.0 (Macintosh; Intel Mac OS X 10_10_1) AppleWebKit/600.2.5 (KHTML, like Gecko) Version/8.0.2 Safari/600.2.5 (Amazonbot/0.1; +https://developer.amazon.com/support/amazonbot)"
46.4.108.51 - - [08/Nov/2023:08:15:40 +0100] "GET /sheep-cushion-cover-p-59580.html HTTP/1.0" 200 80812 "-" "Mozilla/5.0 (compatible; AwarioBot/1.0; +https://awario.com/bots.html)"
23.22.35.162 - - [08/Nov/2023:08:15:44 +0100] "GET /black-white-waves-p-50770.html HTTP/1.0" 200 80733 "-" "Mozilla/5.0 (Macintosh; Intel Mac OS X 10_10_1) AppleWebKit/600.2.5 (KHTML, like Gecko) Version/8.0.2 Safari/600.2.5 (Amazonbot/0.1; +https://developer.amazon.com/support/amazonbot)"
3.224.220.101 - - [08/Nov/2023:08:15:47 +0100] "GET /holder-coffee-capsules-p-52714.html HTTP/1.0" 200 79790 "-" "Mozilla/5.0 (Macintosh; Intel Mac OS X 10_10_1) AppleWebKit/600.2.5 (KHTML, like Gecko) Version/8.0.2 Safari/600.2.5 (Amazonbot/0.1; +https://developer.amazon.com/support/amazonbot)"
52.70.240.171 - - [08/Nov/2023:08:15:51 +0100] "GET /aprons-c-11_74.html HTTP/1.0" 200 98215 "-" "Mozilla/5.0 (Macintosh; Intel Mac OS X 10_10_1) AppleWebKit/600.2.5 (KHTML, like Gecko) Version/8.0.2 Safari/600.2.5 (Amazonbot/0.1; +https://developer.amazon.com/support/amazonbot)"
185.191.171.13 - - [08/Nov/2023:08:15:52 +0100] "GET /jane-crowther-squirrel-saucer-p-57971.html HTTP/1.0" 200 80439 "-" "Mozilla/5.0 (compatible; SemrushBot/7~bl; +http://www.semrush.com/bot.html)"
52.70.240.171 - - [08/Nov/2023:08:15:53 +0100] "GET /sugar-c-13_150_152.html HTTP/1.0" 200 87580 "-" "Mozilla/5.0 (Macintosh; Intel Mac OS X 10_10_1) AppleWebKit/600.2.5 (KHTML, like Gecko) Version/8.0.2 Safari/600.2.5 (Amazonbot/0.1; +https://developer.amazon.com/support/amazonbot)"
3.224.220.101 - - [08/Nov/2023:08:15:55 +0100] "GET /mercedes-benz-metal-caddy-p-55661.html HTTP/1.0" 200 80440 "-" "Mozilla/5.0 (Macintosh; Intel Mac OS X 10_10_1) AppleWebKit/600.2.5 (KHTML, like Gecko) Version/8.0.2 Safari/600.2.5 (Amazonbot/0.1; +https://developer.amazon.com/support/amazonbot)"
52.70.240.171 - - [08/Nov/2023:08:15:54 +0100] "GET /small-komorebi-capacity-p-58340.html HTTP/1.0" 200 80559 "-" "Mozilla/5.0 (Macintosh; Intel Mac OS X 10_10_1) AppleWebKit/600.2.5 (KHTML, like Gecko) Version/8.0.2 Safari/600.2.5 (Amazonbot/0.1; +https://developer.amazon.com/support/amazonbot)"
46.4.108.51 - - [08/Nov/2023:08:15:57 +0100] "GET /sheep-polar-blanket-p-61049.html HTTP/1.0" 200 80513 "-" "Mozilla/5.0 (compatible; AwarioBot/1.0; +https://awario.com/bots.html)"
52.70.240.171 - - [08/Nov/2023:08:15:59 +0100] "GET /indian-metal-plate-p-47171.html HTTP/1.0" 200 79640 "-" "Mozilla/5.0 (Macintosh; Intel Mac OS X 10_10_1) AppleWebKit/600.2.5 (KHTML, like Gecko) Version/8.0.2 Safari/600.2.5 (Amazonbot/0.1; +https://developer.amazon.com/support/amazonbot)"
46.4.108.51 - - [08/Nov/2023:08:16:01 +0100] "GET /shirts-sweatshirts-c-53_54.html?page=2 HTTP/1.0" 200 98047 "-" "Mozilla/5.0 (compatible; AwarioBot/1.0; +https://awario.com/bots.html)"
46.4.108.51 - - [08/Nov/2023:08:16:06 +0100] "GET /shirts-sweatshirts-c-53_54.html?page=3 HTTP/1.0" 200 89468 "-" "Mozilla/5.0 (compatible; AwarioBot/1.0; +https://awario.com/bots.html)"
23.22.35.162 - - [08/Nov/2023:08:16:13 +0100] "GET /trucks-chevrolet-metal-plate-deco-p-44855.html HTTP/1.0" 200 79860 "-" "Mozilla/5.0 (Macintosh; Intel Mac OS X 10_10_1) AppleWebKit/600.2.5 (KHTML, like Gecko) Version/8.0.2 Safari/600.2.5 (Amazonbot/0.1; +https://developer.amazon.com/support/amazonbot)"
46.4.108.51 - - [08/Nov/2023:08:16:13 +0100] "GET /shirts-sweatshirts-women-c-53_55.html?page=2 HTTP/1.0" 200 97787 "-" "Mozilla/5.0 (compatible; AwarioBot/1.0; +https://awario.com/bots.html)"
52.70.240.171 - - [08/Nov/2023:08:16:16 +0100] "GET /indian-motorcycle-metal-plate-deco-p-47181.html HTTP/1.0" 200 79817 "-" "Mozilla/5.0 (Macintosh; Intel Mac OS X 10_10_1) AppleWebKit/600.2.5 (KHTML, like Gecko) Version/8.0.2 Safari/600.2.5 (Amazonbot/0.1; +https://developer.amazon.com/support/amazonbot)"
185.191.171.2 - - [08/Nov/2023:08:16:16 +0100] "GET /decorative-brass-alidade-p-41505.html HTTP/1.0" 200 77369 "-" "Mozilla/5.0 (compatible; SemrushBot/7~bl; +http://www.semrush.com/bot.html)"
85.208.96.204 - - [08/Nov/2023:08:16:19 +0100] "GET /scented-candle-made-france-saffron-flower-p-57040.html HTTP/1.0" 200 81274 "-" "Mozilla/5.0 (compatible; SemrushBot/7~bl; +http://www.semrush.com/bot.html)"
46.4.108.51 - - [08/Nov/2023:08:16:21 +0100] "GET /shirts-sweatshirts-women-c-53_55.html?page=3 HTTP/1.0" 200 95291 "-" "Mozilla/5.0 (compatible; AwarioBot/1.0; +https://awario.com/bots.html)"
54.36.148.34 - - [08/Nov/2023:08:16:23 +0100] "GET /glitter-ball-magie-p-61091.html HTTP/1.0" 200 80302 "-" "Mozilla/5.0 (compatible; AhrefsBot/7.0; +http://ahrefs.com/robot/)"
46.4.108.51 - - [08/Nov/2023:08:16:29 +0100] "GET /shooter-mona-lisa-p-38614.html HTTP/1.0" 200 79586 "-" "Mozilla/5.0 (compatible; AwarioBot/1.0; +https://awario.com/bots.html)"
3.224.220.101 - - [08/Nov/2023:08:16:33 +0100] "GET /corse-metal-plate-p-47177.html HTTP/1.0" 200 79652 "-" "Mozilla/5.0 (Macintosh; Intel Mac OS X 10_10_1) AppleWebKit/600.2.5 (KHTML, like Gecko) Version/8.0.2 Safari/600.2.5 (Amazonbot/0.1; +https://developer.amazon.com/support/amazonbot)"
3.224.220.101 - - [08/Nov/2023:08:16:34 +0100] "GET /ford-shelby-gt500-metal-plate-deco-p-47178.html HTTP/1.0" 200 79817 "-" "Mozilla/5.0 (Macintosh; Intel Mac OS X 10_10_1) AppleWebKit/600.2.5 (KHTML, like Gecko) Version/8.0.2 Safari/600.2.5 (Amazonbot/0.1; +https://developer.amazon.com/support/amazonbot)"
46.4.108.51 - - [08/Nov/2023:08:16:34 +0100] "GET /shop-c-155.html?page=2 HTTP/1.0" 200 85594 "-" "Mozilla/5.0 (compatible; AwarioBot/1.0; +https://awario.com/bots.html)"
185.191.171.16 - - [08/Nov/2023:08:16:35 +0100] "GET /-p-51972.html HTTP/1.0" 200 77271 "-" "Mozilla/5.0 (compatible; SemrushBot/7~bl; +http://www.semrush.com/bot.html)"
40.77.167.132 - - [08/Nov/2023:08:16:38 +0100] "GET /corail-round-tray-mango-wood-p-58550.html HTTP/1.0" 200 77379 "-" "Mozilla/5.0 AppleWebKit/537.36 (KHTML, like Gecko; compatible; bingbot/2.0; +http://www.bing.com/bingbot.htm) Chrome/103.0.5060.134 Safari/537.36"
23.22.35.162 - - [08/Nov/2023:08:16:43 +0100] "GET /indian-motorcycle-metal-plate-deco-p-50978.html HTTP/1.0" 200 79817 "-" "Mozilla/5.0 (Macintosh; Intel Mac OS X 10_10_1) AppleWebKit/600.2.5 (KHTML, like Gecko) Version/8.0.2 Safari/600.2.5 (Amazonbot/0.1; +https://developer.amazon.com/support/amazonbot)"
3.224.220.101 - - [08/Nov/2023:08:16:45 +0100] "GET /corvette-stingray-metal-plate-deco-p-43609.html HTTP/1.0" 200 79763 "-" "Mozilla/5.0 (Macintosh; Intel Mac OS X 10_10_1) AppleWebKit/600.2.5 (KHTML, like Gecko) Version/8.0.2 Safari/600.2.5 (Amazonbot/0.1; +https://developer.amazon.com/support/amazonbot)"
23.22.35.162 - - [08/Nov/2023:08:16:47 +0100] "GET /fire-departement-metal-plate-deco-p-45220.html HTTP/1.0" 200 79792 "-" "Mozilla/5.0 (Macintosh; Intel Mac OS X 10_10_1) AppleWebKit/600.2.5 (KHTML, like Gecko) Version/8.0.2 Safari/600.2.5 (Amazonbot/0.1; +https://developer.amazon.com/support/amazonbot)"
46.4.108.51 - - [08/Nov/2023:08:16:56 +0100] "GET /robots.txt HTTP/1.0" 200 245 "-" "Mozilla/5.0 (compatible; AwarioBot/1.0; +https://awario.com/bots.html)"
23.22.35.162 - - [08/Nov/2023:08:16:55 +0100] "GET /ford-service-since-1903-metal-plate-deco-p-44854.html HTTP/1.0" 200 79921 "-" "Mozilla/5.0 (Macintosh; Intel Mac OS X 10_10_1) AppleWebKit/600.2.5 (KHTML, like Gecko) Version/8.0.2 Safari/600.2.5 (Amazonbot/0.1; +https://developer.amazon.com/support/amazonbot)"
185.191.171.10 - - [08/Nov/2023:08:16:55 +0100] "GET /keyrings-c-31_52.html?page=14 HTTP/1.0" 200 93130 "-" "Mozilla/5.0 (compatible; SemrushBot/7~bl; +http://www.semrush.com/bot.html)"
46.4.108.51 - - [08/Nov/2023:08:16:56 +0100] "GET /shopping-cats-dubout-dodo-p-44030.html HTTP/1.0" 200 80594 "-" "Mozilla/5.0 (compatible; AwarioBot/1.0; +https://awario.com/bots.html)"
52.70.240.171 - - [08/Nov/2023:08:16:56 +0100] "GET /avignon-large-metal-plate-p-44864.html HTTP/1.0" 200 79731 "-" "Mozilla/5.0 (Macintosh; Intel Mac OS X 10_10_1) AppleWebKit/600.2.5 (KHTML, like Gecko) Version/8.0.2 Safari/600.2.5 (Amazonbot/0.1; +https://developer.amazon.com/support/amazonbot)"
3.224.220.101 - - [08/Nov/2023:08:17:00 +0100] "GET /ford-motors-since-1903-metal-plate-deco-p-44853.html HTTP/1.0" 200 79912 "-" "Mozilla/5.0 (Macintosh; Intel Mac OS X 10_10_1) AppleWebKit/600.2.5 (KHTML, like Gecko) Version/8.0.2 Safari/600.2.5 (Amazonbot/0.1; +https://developer.amazon.com/support/amazonbot)"
52.70.240.171 - - [08/Nov/2023:08:17:02 +0100] "GET /buick-service-metal-plate-p-47170.html HTTP/1.0" 200 79696 "-" "Mozilla/5.0 (Macintosh; Intel Mac OS X 10_10_1) AppleWebKit/600.2.5 (KHTML, like Gecko) Version/8.0.2 Safari/600.2.5 (Amazonbot/0.1; +https://developer.amazon.com/support/amazonbot)"
52.70.240.171 - - [08/Nov/2023:08:17:03 +0100] "GET /banania-herv-morvan-large-metal-plate-p-35258.html HTTP/1.0" 200 79874 "-" "Mozilla/5.0 (Macintosh; Intel Mac OS X 10_10_1) AppleWebKit/600.2.5 (KHTML, like Gecko) Version/8.0.2 Safari/600.2.5 (Amazonbot/0.1; +https://developer.amazon.com/support/amazonbot)"
85.208.96.195 - - [08/Nov/2023:08:17:05 +0100] "GET /table-lamp-metal-gold-color-p-57002.html HTTP/1.0" 200 80612 "-" "Mozilla/5.0 (compatible; SemrushBot/7~bl; +http://www.semrush.com/bot.html)"
52.70.240.171 - - [08/Nov/2023:08:17:05 +0100] "GET /tread-metal-plate-deco-p-41077.html HTTP/1.0" 200 79748 "-" "Mozilla/5.0 (Macintosh; Intel Mac OS X 10_10_1) AppleWebKit/600.2.5 (KHTML, like Gecko) Version/8.0.2 Safari/600.2.5 (Amazonbot/0.1; +https://developer.amazon.com/support/amazonbot)"
52.70.240.171 - - [08/Nov/2023:08:17:07 +0100] "GET /unexpected-ford-mustang-metal-plate-deco-p-47180.html HTTP/1.0" 200 79949 "-" "Mozilla/5.0 (Macintosh; Intel Mac OS X 10_10_1) AppleWebKit/600.2.5 (KHTML, like Gecko) Version/8.0.2 Safari/600.2.5 (Amazonbot/0.1; +https://developer.amazon.com/support/amazonbot)"
23.22.35.162 - - [08/Nov/2023:08:17:08 +0100] "GET /citroen-large-metal-plate-p-15172.html HTTP/1.0" 200 79604 "-" "Mozilla/5.0 (Macintosh; Intel Mac OS X 10_10_1) AppleWebKit/600.2.5 (KHTML, like Gecko) Version/8.0.2 Safari/600.2.5 (Amazonbot/0.1; +https://developer.amazon.com/support/amazonbot)"
85.208.96.210 - - [08/Nov/2023:08:17:08 +0100] "GET /large-metal-plate-johnny-hallyday-collector-p-52960.html HTTP/1.0" 200 79860 "-" "Mozilla/5.0 (compatible; SemrushBot/7~bl; +http://www.semrush.com/bot.html)"
46.4.108.51 - - [08/Nov/2023:08:17:09 +0100] "GET /shopping-cats-dubout-p-53970.html HTTP/1.0" 200 79867 "-" "Mozilla/5.0 (compatible; AwarioBot/1.0; +https://awario.com/bots.html)"
3.224.220.101 - - [08/Nov/2023:08:17:10 +0100] "GET /banania-large-metal-plate-p-35257.html HTTP/1.0" 200 79731 "-" "Mozilla/5.0 (Macintosh; Intel Mac OS X 10_10_1) AppleWebKit/600.2.5 (KHTML, like Gecko) Version/8.0.2 Safari/600.2.5 (Amazonbot/0.1; +https://developer.amazon.com/support/amazonbot)"
23.22.35.162 - - [08/Nov/2023:08:17:13 +0100] "GET /norton-motorcycle-metal-plate-deco-p-41072.html HTTP/1.0" 200 79795 "-" "Mozilla/5.0 (Macintosh; Intel Mac OS X 10_10_1) AppleWebKit/600.2.5 (KHTML, like Gecko) Version/8.0.2 Safari/600.2.5 (Amazonbot/0.1; +https://developer.amazon.com/support/amazonbot)"
3.224.220.101 - - [08/Nov/2023:08:17:15 +0100] "GET /mobilgas-metal-plate-deco-p-41070.html HTTP/1.0" 200 79722 "-" "Mozilla/5.0 (Macintosh; Intel Mac OS X 10_10_1) AppleWebKit/600.2.5 (KHTML, like Gecko) Version/8.0.2 Safari/600.2.5 (Amazonbot/0.1; +https://developer.amazon.com/support/amazonbot)"
85.208.96.193 - - [08/Nov/2023:08:17:16 +0100] "GET /blue-dolomite-lamp-p-55138.html HTTP/1.0" 200 77345 "-" "Mozilla/5.0 (compatible; SemrushBot/7~bl; +http://www.semrush.com/bot.html)"
52.70.240.171 - - [08/Nov/2023:08:17:17 +0100] "GET /metal-wall-capsule-p-58635.html HTTP/1.0" 200 80226 "-" "Mozilla/5.0 (Macintosh; Intel Mac OS X 10_10_1) AppleWebKit/600.2.5 (KHTML, like Gecko) Version/8.0.2 Safari/600.2.5 (Amazonbot/0.1; +https://developer.amazon.com/support/amazonbot)"
202.239.5.105 - - [08/Nov/2023:08:17:26 +0100] "GET /ceramic-with-pattern-p-61269.html HTTP/1.0" 200 78879 "-" "Mozilla/5.0 (compatible; Y!J-WSC/1.0; +https://yahoo.jp/3BSZgF)"
185.191.171.19 - - [08/Nov/2023:08:17:28 +0100] "GET /retro-deco-thermometer-p-40264.html HTTP/1.0" 200 77357 "-" "Mozilla/5.0 (compatible; SemrushBot/7~bl; +http://www.semrush.com/bot.html)"
3.224.220.101 - - [08/Nov/2023:08:17:31 +0100] "GET /colt-metal-plate-deco-p-47182.html HTTP/1.0" 200 79713 "-" "Mozilla/5.0 (Macintosh; Intel Mac OS X 10_10_1) AppleWebKit/600.2.5 (KHTML, like Gecko) Version/8.0.2 Safari/600.2.5 (Amazonbot/0.1; +https://developer.amazon.com/support/amazonbot)"
46.4.108.51 - - [08/Nov/2023:08:17:32 +0100] "GET /shopping-cats-dubout-p-59921.html HTTP/1.0" 200 80751 "-" "Mozilla/5.0 (compatible; AwarioBot/1.0; +https://awario.com/bots.html)"
52.70.240.171 - - [08/Nov/2023:08:17:39 +0100] "GET /indian-motorcycle-metal-plate-deco-p-41068.html HTTP/1.0" 200 79817 "-" "Mozilla/5.0 (Macintosh; Intel Mac OS X 10_10_1) AppleWebKit/600.2.5 (KHTML, like Gecko) Version/8.0.2 Safari/600.2.5 (Amazonbot/0.1; +https://developer.amazon.com/support/amazonbot)"
85.208.96.195 - - [08/Nov/2023:08:17:41 +0100] "GET /cats-dubout-sugar-p-28594.html HTTP/1.0" 200 77343 "-" "Mozilla/5.0 (compatible; SemrushBot/7~bl; +http://www.semrush.com/bot.html)"
52.70.240.171 - - [08/Nov/2023:08:17:41 +0100] "GET /metallic-decorative-plate-p-58680.html HTTP/1.0" 200 79686 "-" "Mozilla/5.0 (Macintosh; Intel Mac OS X 10_10_1) AppleWebKit/600.2.5 (KHTML, like Gecko) Version/8.0.2 Safari/600.2.5 (Amazonbot/0.1; +https://developer.amazon.com/support/amazonbot)"
23.22.35.162 - - [08/Nov/2023:08:17:44 +0100] "GET /metallic-decorative-plate-meilleur-p-58150.html HTTP/1.0" 200 80438 "-" "Mozilla/5.0 (Macintosh; Intel Mac OS X 10_10_1) AppleWebKit/600.2.5 (KHTML, like Gecko) Version/8.0.2 Safari/600.2.5 (Amazonbot/0.1; +https://developer.amazon.com/support/amazonbot)"
173.252.83.11 - - [08/Nov/2023:08:17:47 +0100] "GET /images/mini_prod/3612874126303.jpg HTTP/1.0" 200 269 "-" "facebookexternalhit/1.1 (+http://www.facebook.com/externalhit_uatext.php)"
128.42.28.84 - - [08/Nov/2023:08:17:48 +0100] "GET /images/mini_prod/4025055184372.jpg HTTP/1.0" 200 269 "-" "Mozilla/5.0 (X11; Ubuntu; Linux x86_64; rv:72.0) Gecko/20100101 Firefox/72.0"
3.224.220.101 - - [08/Nov/2023:08:17:51 +0100] "GET /mustang-metal-plate-deco-p-42349.html HTTP/1.0" 200 79745 "-" "Mozilla/5.0 (Macintosh; Intel Mac OS X 10_10_1) AppleWebKit/600.2.5 (KHTML, like Gecko) Version/8.0.2 Safari/600.2.5 (Amazonbot/0.1; +https://developer.amazon.com/support/amazonbot)"
46.4.108.51 - - [08/Nov/2023:08:17:52 +0100] "GET /shopping-cats-dubout-p-60651.html HTTP/1.0" 200 80453 "-" "Mozilla/5.0 (compatible; AwarioBot/1.0; +https://awario.com/bots.html)"
23.22.35.162 - - [08/Nov/2023:08:18:02 +0100] "GET /metal-wall-capsule-p-56438.html HTTP/1.0" 200 80421 "-" "Mozilla/5.0 (Macintosh; Intel Mac OS X 10_10_1) AppleWebKit/600.2.5 (KHTML, like Gecko) Version/8.0.2 Safari/600.2.5 (Amazonbot/0.1; +https://developer.amazon.com/support/amazonbot)"
185.191.171.13 - - [08/Nov/2023:08:18:04 +0100] "GET /decorative-cotton-hearts-hang-pauline-p-56794.html HTTP/1.0" 200 80878 "-" "Mozilla/5.0 (compatible; SemrushBot/7~bl; +http://www.semrush.com/bot.html)"
23.22.35.162 - - [08/Nov/2023:08:18:05 +0100] "GET /-c-95_309.html HTTP/1.0" 200 76139 "-" "Mozilla/5.0 (Macintosh; Intel Mac OS X 10_10_1) AppleWebKit/600.2.5 (KHTML, like Gecko) Version/8.0.2 Safari/600.2.5 (Amazonbot/0.1; +https://developer.amazon.com/support/amazonbot)"
3.224.220.101 - - [08/Nov/2023:08:18:11 +0100] "GET /flasks-c-12_245.html HTTP/1.0" 200 90801 "-" "Mozilla/5.0 (Macintosh; Intel Mac OS X 10_10_1) AppleWebKit/600.2.5 (KHTML, like Gecko) Version/8.0.2 Safari/600.2.5 (Amazonbot/0.1; +https://developer.amazon.com/support/amazonbot)"
46.4.108.51 - - [08/Nov/2023:08:18:14 +0100] "GET /shopping-gogh-iris-p-53536.html HTTP/1.0" 200 80472 "-" "Mozilla/5.0 (compatible; AwarioBot/1.0; +https://awario.com/bots.html)"
114.119.134.10 - - [08/Nov/2023:08:18:13 +0100] "GET /collectible-figurines-decorative-c-292_135.html?page=12 HTTP/1.0" 200 101584 "http://www.wonder-geek.com/collectible-figurines-and-decorative-c-13_135.html?page=20" "Mozilla/5.0 (Linux; Android 7.0;) AppleWebKit/537.36 (KHTML, like Gecko) Mobile Safari/537.36 (compatible; PetalBot;+https://webmaster.petalsearch.com/site/petalbot)"
3.224.220.101 - - [08/Nov/2023:08:18:14 +0100] "GET /musical-c-13_150_149.html HTTP/1.0" 200 98216 "-" "Mozilla/5.0 (Macintosh; Intel Mac OS X 10_10_1) AppleWebKit/600.2.5 (KHTML, like Gecko) Version/8.0.2 Safari/600.2.5 (Amazonbot/0.1; +https://developer.amazon.com/support/amazonbot)"
185.191.171.8 - - [08/Nov/2023:08:18:15 +0100] "GET /-p-44870.html HTTP/1.0" 200 77271 "-" "Mozilla/5.0 (compatible; SemrushBot/7~bl; +http://www.semrush.com/bot.html)"
52.70.240.171 - - [08/Nov/2023:08:18:16 +0100] "GET /texaco-metal-plate-deco-p-41066.html HTTP/1.0" 200 79729 "-" "Mozilla/5.0 (Macintosh; Intel Mac OS X 10_10_1) AppleWebKit/600.2.5 (KHTML, like Gecko) Version/8.0.2 Safari/600.2.5 (Amazonbot/0.1; +https://developer.amazon.com/support/amazonbot)"
52.70.240.171 - - [08/Nov/2023:08:18:18 +0100] "GET /mustang-metal-plate-deco-p-42363.html HTTP/1.0" 200 79713 "-" "Mozilla/5.0 (Macintosh; Intel Mac OS X 10_10_1) AppleWebKit/600.2.5 (KHTML, like Gecko) Version/8.0.2 Safari/600.2.5 (Amazonbot/0.1; +https://developer.amazon.com/support/amazonbot)"
3.224.220.101 - - [08/Nov/2023:08:18:22 +0100] "GET /metallic-decorative-plate-p-58149.html HTTP/1.0" 200 80291 "-" "Mozilla/5.0 (Macintosh; Intel Mac OS X 10_10_1) AppleWebKit/600.2.5 (KHTML, like Gecko) Version/8.0.2 Safari/600.2.5 (Amazonbot/0.1; +https://developer.amazon.com/support/amazonbot)"
23.22.35.162 - - [08/Nov/2023:08:18:24 +0100] "GET /indian-motorcycle-metal-plate-deco-p-42343.html HTTP/1.0" 200 79867 "-" "Mozilla/5.0 (Macintosh; Intel Mac OS X 10_10_1) AppleWebKit/600.2.5 (KHTML, like Gecko) Version/8.0.2 Safari/600.2.5 (Amazonbot/0.1; +https://developer.amazon.com/support/amazonbot)"
46.4.108.51 - - [08/Nov/2023:08:18:29 +0100] "GET /shopping-kandinsky-p-53535.html HTTP/1.0" 200 80424 "-" "Mozilla/5.0 (compatible; AwarioBot/1.0; +https://awario.com/bots.html)"
40.77.167.24 - - [08/Nov/2023:08:18:30 +0100] "GET /sponge-melamine-bowl-p-17120.html HTTP/1.0" 200 79727 "-" "Mozilla/5.0 AppleWebKit/537.36 (KHTML, like Gecko; compatible; bingbot/2.0; +http://www.bing.com/bingbot.htm) Chrome/103.0.5060.134 Safari/537.36"
185.191.171.3 - - [08/Nov/2023:08:18:32 +0100] "GET /corsica-wall-decoration-p-48235.html HTTP/1.0" 200 77353 "-" "Mozilla/5.0 (compatible; SemrushBot/7~bl; +http://www.semrush.com/bot.html)"
17.241.227.171 - - [08/Nov/2023:08:18:35 +0100] "GET /images/big_prod_1/3442440276817.jpg HTTP/1.0" 200 270 "-" "Mozilla/5.0 (Macintosh; Intel Mac OS X 10_15_5) AppleWebKit/605.1.15 (KHTML, like Gecko) Version/13.1.1 Safari/605.1.15 (Applebot/0.1; +http://www.apple.com/go/applebot)"
52.70.240.171 - - [08/Nov/2023:08:18:35 +0100] "GET /cherry-blossoms-p-39294.html HTTP/1.0" 200 79778 "-" "Mozilla/5.0 (Macintosh; Intel Mac OS X 10_10_1) AppleWebKit/600.2.5 (KHTML, like Gecko) Version/8.0.2 Safari/600.2.5 (Amazonbot/0.1; +https://developer.amazon.com/support/amazonbot)"
23.22.35.162 - - [08/Nov/2023:08:18:37 +0100] "GET /-c-95_304.html HTTP/1.0" 200 76139 "-" "Mozilla/5.0 (Macintosh; Intel Mac OS X 10_10_1) AppleWebKit/600.2.5 (KHTML, like Gecko) Version/8.0.2 Safari/600.2.5 (Amazonbot/0.1; +https://developer.amazon.com/support/amazonbot)"
46.4.108.51 - - [08/Nov/2023:08:18:40 +0100] "GET /shower-curtain-blue-bubbles-p-59790.html HTTP/1.0" 200 80510 "-" "Mozilla/5.0 (compatible; AwarioBot/1.0; +https://awario.com/bots.html)"
85.208.96.208 - - [08/Nov/2023:08:18:42 +0100] "GET /star-wars-kylo-large-backpack-p-35539.html HTTP/1.0" 200 77385 "-" "Mozilla/5.0 (compatible; SemrushBot/7~bl; +http://www.semrush.com/bot.html)"
85.208.96.204 - - [08/Nov/2023:08:18:49 +0100] "GET /mani-lucky-gold-keychain-p-39929.html HTTP/1.0" 200 77406 "-" "Mozilla/5.0 (compatible; SemrushBot/7~bl; +http://www.semrush.com/bot.html)"
46.4.108.51 - - [08/Nov/2023:08:18:49 +0100] "GET /shower-curtain-c-11_168.html?page=2 HTTP/1.0" 200 88317 "-" "Mozilla/5.0 (compatible; AwarioBot/1.0; +https://awario.com/bots.html)"
3.224.220.101 - - [08/Nov/2023:08:19:04 +0100] "GET /socks-c-1_141.html HTTP/1.0" 200 84635 "-" "Mozilla/5.0 (Macintosh; Intel Mac OS X 10_10_1) AppleWebKit/600.2.5 (KHTML, like Gecko) Version/8.0.2 Safari/600.2.5 (Amazonbot/0.1; +https://developer.amazon.com/support/amazonbot)"
46.4.108.51 - - [08/Nov/2023:08:19:18 +0100] "GET /robots.txt HTTP/1.0" 200 245 "-" "Mozilla/5.0 (compatible; AwarioBot/1.0; +https://awario.com/bots.html)"
3.224.220.101 - - [08/Nov/2023:08:19:17 +0100] "GET /-c-95_309.html HTTP/1.0" 200 76139 "-" "Mozilla/5.0 (Macintosh; Intel Mac OS X 10_10_1) AppleWebKit/600.2.5 (KHTML, like Gecko) Version/8.0.2 Safari/600.2.5 (Amazonbot/0.1; +https://developer.amazon.com/support/amazonbot)"
46.4.108.51 - - [08/Nov/2023:08:19:18 +0100] "GET /shower-curtain-cactus-p-59788.html HTTP/1.0" 200 80465 "-" "Mozilla/5.0 (compatible; AwarioBot/1.0; +https://awario.com/bots.html)"
40.77.167.16 - - [08/Nov/2023:08:19:18 +0100] "GET /bowls-c-12_60.html?page=4 HTTP/1.0" 200 98358 "-" "Mozilla/5.0 AppleWebKit/537.36 (KHTML, like Gecko; compatible; bingbot/2.0; +http://www.bing.com/bingbot.htm) Chrome/103.0.5060.134 Safari/537.36"
