44.230.252.91 - - [08/Nov/2023:04:13:32 +0100] "GET /window-sticker-flower-life-p-60803.html HTTP/1.0" 200 80289 "-" "thesis-research-bot"
52.25.208.208 - - [08/Nov/2023:04:13:33 +0100] "GET /pusheen-sticker-sheet-pastel-p-42603.html HTTP/1.0" 200 79920 "-" "thesis-research-bot"
3.224.220.101 - - [08/Nov/2023:04:13:44 +0100] "GET /mini-metal-tray-paris-p-41052.html HTTP/1.0" 200 79720 "-" "Mozilla/5.0 (Macintosh; Intel Mac OS X 10_10_1) AppleWebKit/600.2.5 (KHTML, like Gecko) Version/8.0.2 Safari/600.2.5 (Amazonbot/0.1; +https://developer.amazon.com/support/amazonbot)"
46.4.108.51 - - [08/Nov/2023:04:13:45 +0100] "GET /luminous-frame-with-color-variations-dragonfly-p-39477.html HTTP/1.0" 200 80502 "-" "Mozilla/5.0 (compatible; AwarioBot/1.0; +https://awario.com/bots.html)"
100.21.24.205 - - [08/Nov/2023:04:13:45 +0100] "GET /eggcups-made-germany-tassen-p-43319.html HTTP/1.0" 200 79791 "-" "thesis-research-bot"
44.230.252.91 - - [08/Nov/2023:04:13:46 +0100] "GET /franklin-green-swimsuit-p-30241.html HTTP/1.0" 200 81337 "-" "thesis-research-bot"
52.25.208.208 - - [08/Nov/2023:04:13:47 +0100] "GET /littlest-petshop-tights-p-31089.html HTTP/1.0" 200 81047 "-" "thesis-research-bot"
44.230.252.91 - - [08/Nov/2023:04:13:48 +0100] "GET /eggcups-made-germany-tassen-p-43320.html HTTP/1.0" 200 80637 "-" "thesis-research-bot"
100.21.24.205 - - [08/Nov/2023:04:13:49 +0100] "GET /collectible-disney-figures-c-292_290.html HTTP/1.0" 200 101346 "-" "thesis-research-bot"
85.208.96.212 - - [08/Nov/2023:04:13:51 +0100] "GET /fuel-pump-clock-p-55135.html HTTP/1.0" 200 77321 "-" "Mozilla/5.0 (compatible; SemrushBot/7~bl; +http://www.semrush.com/bot.html)"
52.25.208.208 - - [08/Nov/2023:04:13:50 +0100] "GET /calendar-workbook-organizer-c-129_189.html HTTP/1.0" 200 95457 "-" "thesis-research-bot"
100.21.24.205 - - [08/Nov/2023:04:13:51 +0100] "GET /girls-c-1.html?page=2 HTTP/1.0" 200 99466 "-" "thesis-research-bot"
52.25.208.208 - - [08/Nov/2023:04:13:52 +0100] "GET /retro-style-sugar-saveurs-traditions-franaises-p-55519.html HTTP/1.0" 200 80590 "-" "thesis-research-bot"
100.21.24.205 - - [08/Nov/2023:04:13:53 +0100] "GET /retro-coffee-matte-black-metal-p-37704.html HTTP/1.0" 200 79834 "-" "thesis-research-bot"
100.21.24.205 - - [08/Nov/2023:04:13:54 +0100] "GET /provence-soap-marseille-soap-p-39423.html HTTP/1.0" 200 80007 "-" "thesis-research-bot"
44.230.252.91 - - [08/Nov/2023:04:13:55 +0100] "GET /provence-soap-marseille-soap-p-39424.html HTTP/1.0" 200 80007 "-" "thesis-research-bot"
100.21.24.205 - - [08/Nov/2023:04:13:56 +0100] "GET /retro-sugar-matte-black-metal-p-37706.html HTTP/1.0" 200 79816 "-" "thesis-research-bot"
100.21.24.205 - - [08/Nov/2023:04:13:57 +0100] "GET /small-baby-teeth-pink-unicorn-p-51937.html HTTP/1.0" 200 80483 "-" "thesis-research-bot"
44.230.252.91 - - [08/Nov/2023:04:13:58 +0100] "GET /girls-c-1.html?page=3 HTTP/1.0" 200 99434 "-" "thesis-research-bot"
100.21.24.205 - - [08/Nov/2023:04:13:59 +0100] "GET /girls-c-1.html?page=4 HTTP/1.0" 200 98649 "-" "thesis-research-bot"
52.70.240.171 - - [08/Nov/2023:04:14:00 +0100] "GET /policeman-tropez-mini-metal-tray-p-45222.html HTTP/1.0" 200 79824 "-" "Mozilla/5.0 (Macintosh; Intel Mac OS X 10_10_1) AppleWebKit/600.2.5 (KHTML, like Gecko) Version/8.0.2 Safari/600.2.5 (Amazonbot/0.1; +https://developer.amazon.com/support/amazonbot)"
52.25.208.208 - - [08/Nov/2023:04:14:00 +0100] "GET /girls-c-1.html?page=5 HTTP/1.0" 200 89228 "-" "thesis-research-bot"
44.230.252.91 - - [08/Nov/2023:04:14:01 +0100] "GET /boxes-storage-c-13_150.html?page=10 HTTP/1.0" 200 101138 "-" "thesis-research-bot"
52.25.208.208 - - [08/Nov/2023:04:14:02 +0100] "GET /boxes-storage-c-13_150.html?page=11 HTTP/1.0" 200 99463 "-" "thesis-research-bot"
23.22.35.162 - - [08/Nov/2023:04:14:03 +0100] "GET /retro-metal-tray-p-48101.html HTTP/1.0" 200 79711 "-" "Mozilla/5.0 (Macintosh; Intel Mac OS X 10_10_1) AppleWebKit/600.2.5 (KHTML, like Gecko) Version/8.0.2 Safari/600.2.5 (Amazonbot/0.1; +https://developer.amazon.com/support/amazonbot)"
44.230.252.91 - - [08/Nov/2023:04:14:03 +0100] "GET /boxes-storage-c-13_150.html?page=2 HTTP/1.0" 200 100621 "-" "thesis-research-bot"
52.70.240.171 - - [08/Nov/2023:04:14:04 +0100] "GET /paris-little-tray-p-49207.html HTTP/1.0" 200 79664 "-" "Mozilla/5.0 (Macintosh; Intel Mac OS X 10_10_1) AppleWebKit/600.2.5 (KHTML, like Gecko) Version/8.0.2 Safari/600.2.5 (Amazonbot/0.1; +https://developer.amazon.com/support/amazonbot)"
44.230.252.91 - - [08/Nov/2023:04:14:04 +0100] "GET /boxes-storage-c-13_150.html?page=3 HTTP/1.0" 200 100866 "-" "thesis-research-bot"
100.21.24.205 - - [08/Nov/2023:04:14:05 +0100] "GET /boxes-storage-c-13_150.html?page=4 HTTP/1.0" 200 101420 "-" "thesis-research-bot"
100.21.24.205 - - [08/Nov/2023:04:14:06 +0100] "GET /boxes-storage-c-13_150.html?page=5 HTTP/1.0" 200 100397 "-" "thesis-research-bot"
185.191.171.11 - - [08/Nov/2023:04:14:07 +0100] "GET /rugs-c-11_269.html?page=11 HTTP/1.0" 200 87139 "-" "Mozilla/5.0 (compatible; SemrushBot/7~bl; +http://www.semrush.com/bot.html)"
44.230.252.91 - - [08/Nov/2023:04:14:07 +0100] "GET /boxes-storage-c-13_150.html?page=6 HTTP/1.0" 200 100673 "-" "thesis-research-bot"
46.4.108.51 - - [08/Nov/2023:04:14:08 +0100] "GET /luna-bath-towel-p-40757.html HTTP/1.0" 200 79607 "-" "Mozilla/5.0 (compatible; AwarioBot/1.0; +https://awario.com/bots.html)"
44.230.252.91 - - [08/Nov/2023:04:14:08 +0100] "GET /boxes-storage-c-13_150.html?page=7 HTTP/1.0" 200 101041 "-" "thesis-research-bot"
100.21.24.205 - - [08/Nov/2023:04:14:09 +0100] "GET /boxes-storage-c-13_150.html?page=8 HTTP/1.0" 200 100323 "-" "thesis-research-bot"
52.25.208.208 - - [08/Nov/2023:04:14:10 +0100] "GET /boxes-storage-c-13_150.html?page=9 HTTP/1.0" 200 100690 "-" "thesis-research-bot"
85.208.96.210 - - [08/Nov/2023:04:14:14 +0100] "GET /incense-satya-patchouli-grams-about-sticks-p-54147.html HTTP/1.0" 200 80207 "-" "Mozilla/5.0 (compatible; SemrushBot/7~bl; +http://www.semrush.com/bot.html)"
52.25.208.208 - - [08/Nov/2023:04:14:20 +0100] "GET /beatles-cover-smartphone-p-8883.html HTTP/1.0" 200 79903 "-" "thesis-research-bot"
100.21.24.205 - - [08/Nov/2023:04:14:21 +0100] "GET /beatles-cover-smartphone-p-8884.html HTTP/1.0" 200 80523 "-" "thesis-research-bot"
44.230.252.91 - - [08/Nov/2023:04:14:22 +0100] "GET /line-phone-cover-iphone-p-14763.html HTTP/1.0" 200 80454 "-" "thesis-research-bot"
85.208.96.198 - - [08/Nov/2023:04:14:23 +0100] "GET /-p-46781.html HTTP/1.0" 200 77271 "-" "Mozilla/5.0 (compatible; SemrushBot/7~bl; +http://www.semrush.com/bot.html)"
52.25.208.208 - - [08/Nov/2023:04:14:23 +0100] "GET /york-taxi-folding-table-p-44434.html HTTP/1.0" 200 79641 "-" "thesis-research-bot"
100.21.24.205 - - [08/Nov/2023:04:14:24 +0100] "GET /glass-side-table-tree-life-p-58379.html HTTP/1.0" 200 80290 "-" "thesis-research-bot"
52.25.208.208 - - [08/Nov/2023:04:14:25 +0100] "GET /glass-side-table-trees-life-p-58380.html HTTP/1.0" 200 80300 "-" "thesis-research-bot"
44.230.252.91 - - [08/Nov/2023:04:14:26 +0100] "GET /betty-boop-stars-mobile-sock-p-18335.html HTTP/1.0" 200 79814 "-" "thesis-research-bot"
100.21.24.205 - - [08/Nov/2023:04:14:27 +0100] "GET /harley-davidson-2004-electa-glide-pickup-ford-super-duty-p-30396.html HTTP/1.0" 200 80131 "-" "thesis-research-bot"
23.22.35.162 - - [08/Nov/2023:04:14:28 +0100] "GET /mini-metal-tray-chat-noir-p-41051.html HTTP/1.0" 200 79770 "-" "Mozilla/5.0 (Macintosh; Intel Mac OS X 10_10_1) AppleWebKit/600.2.5 (KHTML, like Gecko) Version/8.0.2 Safari/600.2.5 (Amazonbot/0.1; +https://developer.amazon.com/support/amazonbot)"
52.25.208.208 - - [08/Nov/2023:04:14:28 +0100] "GET /accessories-mobiles-c-3_17.html?page=2 HTTP/1.0" 200 101788 "-" "thesis-research-bot"
185.191.171.2 - - [08/Nov/2023:04:14:29 +0100] "GET /mini-dlices-sugar-bowl-p-25772.html HTTP/1.0" 200 79644 "-" "Mozilla/5.0 (compatible; SemrushBot/7~bl; +http://www.semrush.com/bot.html)"
44.230.252.91 - - [08/Nov/2023:04:14:29 +0100] "GET /accessories-mobiles-c-3_17.html?page=3 HTTP/1.0" 200 101347 "-" "thesis-research-bot"
100.21.24.205 - - [08/Nov/2023:04:14:30 +0100] "GET /accessories-mobiles-c-3_17.html?page=4 HTTP/1.0" 200 101407 "-" "thesis-research-bot"
46.4.108.51 - - [08/Nov/2023:04:14:31 +0100] "GET /lunaria-green-cotton-table-runner-p-59821.html HTTP/1.0" 200 80671 "-" "Mozilla/5.0 (compatible; AwarioBot/1.0; +https://awario.com/bots.html)"
52.25.208.208 - - [08/Nov/2023:04:14:31 +0100] "GET /accessories-mobiles-c-3_17.html?page=5 HTTP/1.0" 200 99681 "-" "thesis-research-bot"
46.4.108.51 - - [08/Nov/2023:04:14:40 +0100] "GET /lyon-cookware-cbkreation-p-31271.html HTTP/1.0" 200 79669 "-" "Mozilla/5.0 (compatible; AwarioBot/1.0; +https://awario.com/bots.html)"
44.230.252.91 - - [08/Nov/2023:04:14:40 +0100] "GET /linen-c-11_68.html?page=2 HTTP/1.0" 200 97886 "-" "thesis-research-bot"
52.25.208.208 - - [08/Nov/2023:04:14:41 +0100] "GET /allen-designs-flowerpot-p-58673.html HTTP/1.0" 200 80364 "-" "thesis-research-bot"
44.230.252.91 - - [08/Nov/2023:04:14:42 +0100] "GET /green-ceramic-flowerpot-p-60741.html HTTP/1.0" 200 80302 "-" "thesis-research-bot"
100.21.24.205 - - [08/Nov/2023:04:14:43 +0100] "GET /african-woman-bust-planter-p-59477.html HTTP/1.0" 200 80711 "-" "thesis-research-bot"
44.230.252.91 - - [08/Nov/2023:04:14:44 +0100] "GET /vanua-cotton-baskets-planters-p-57437.html HTTP/1.0" 200 81523 "-" "thesis-research-bot"
52.25.208.208 - - [08/Nov/2023:04:14:45 +0100] "GET /vanua-cotton-baskets-planters-p-57828.html HTTP/1.0" 200 81516 "-" "thesis-research-bot"
52.25.208.208 - - [08/Nov/2023:04:14:46 +0100] "GET /vanua-cotton-baskets-planters-p-58797.html HTTP/1.0" 200 81292 "-" "thesis-research-bot"
44.230.252.91 - - [08/Nov/2023:04:14:47 +0100] "GET /linen-c-11_68.html?page=3 HTTP/1.0" 200 98127 "-" "thesis-research-bot"
46.4.108.51 - - [08/Nov/2023:04:14:48 +0100] "GET /macaron-alarm-clock-cbkreation-p-25005.html HTTP/1.0" 200 79752 "-" "Mozilla/5.0 (compatible; AwarioBot/1.0; +https://awario.com/bots.html)"
44.230.252.91 - - [08/Nov/2023:04:14:48 +0100] "GET /linen-c-11_68.html?page=4 HTTP/1.0" 200 97936 "-" "thesis-research-bot"
52.25.208.208 - - [08/Nov/2023:04:14:49 +0100] "GET /linen-c-11_68.html?page=5 HTTP/1.0" 200 86399 "-" "thesis-research-bot"
52.70.240.171 - - [08/Nov/2023:04:14:50 +0100] "GET /little-prince-exupery-little-tray-p-44550.html HTTP/1.0" 200 79810 "-" "Mozilla/5.0 (Macintosh; Intel Mac OS X 10_10_1) AppleWebKit/600.2.5 (KHTML, like Gecko) Version/8.0.2 Safari/600.2.5 (Amazonbot/0.1; +https://developer.amazon.com/support/amazonbot)"
85.208.96.199 - - [08/Nov/2023:04:14:52 +0100] "GET /scented-candles-novenas-c-231_227.html?page=10 HTTP/1.0" 200 100482 "-" "Mozilla/5.0 (compatible; SemrushBot/7~bl; +http://www.semrush.com/bot.html)"
44.230.252.91 - - [08/Nov/2023:04:14:52 +0100] "GET /jeans-jack-wallet-purse-p-41312.html HTTP/1.0" 200 80466 "-" "thesis-research-bot"
44.230.252.91 - - [08/Nov/2023:04:14:53 +0100] "GET /nici-jolly-gustuv-wallet-p-9245.html HTTP/1.0" 200 79936 "-" "thesis-research-bot"
44.230.252.91 - - [08/Nov/2023:04:14:54 +0100] "GET /nici-snow-rabbit-wallet-p-33670.html HTTP/1.0" 200 79774 "-" "thesis-research-bot"
46.4.108.51 - - [08/Nov/2023:04:14:55 +0100] "GET /magician-tweety-mirror-p-17421.html HTTP/1.0" 200 79553 "-" "Mozilla/5.0 (compatible; AwarioBot/1.0; +https://awario.com/bots.html)"
85.208.96.203 - - [08/Nov/2023:04:14:55 +0100] "GET /macaron-alarm-clock-cbkreation-p-25005.html HTTP/1.0" 200 79752 "-" "Mozilla/5.0 (compatible; SemrushBot/7~bl; +http://www.semrush.com/bot.html)"
100.21.24.205 - - [08/Nov/2023:04:14:55 +0100] "GET /beatles-retro-multifunction-p-8085.html HTTP/1.0" 200 79924 "-" "thesis-research-bot"
100.21.24.205 - - [08/Nov/2023:04:14:56 +0100] "GET /purse-leather-purse-navy-anchor-graypurse-leather-wallet-p-47353.html HTTP/1.0" 200 80833 "-" "thesis-research-bot"
44.230.252.91 - - [08/Nov/2023:04:14:57 +0100] "GET /lois-jean-manufacturer-wallet-p-38161.html HTTP/1.0" 200 80445 "-" "thesis-research-bot"
52.70.240.171 - - [08/Nov/2023:04:14:57 +0100] "GET /retro-metal-tray-p-48100.html HTTP/1.0" 200 79711 "-" "Mozilla/5.0 (Macintosh; Intel Mac OS X 10_10_1) AppleWebKit/600.2.5 (KHTML, like Gecko) Version/8.0.2 Safari/600.2.5 (Amazonbot/0.1; +https://developer.amazon.com/support/amazonbot)"
168.138.105.69 - - [08/Nov/2023:04:15:00 +0100] "GET /images/mini_prod/3503420132834.jpg HTTP/1.0" 200 269 "-" "Mozilla/5.0 (X11; Ubuntu; Linux x86_64; rv:72.0) Gecko/20100101 Firefox/72.0"
44.230.252.91 - - [08/Nov/2023:04:14:58 +0100] "GET /wallet-c-31_237.html?page=2 HTTP/1.0" 200 94898 "-" "thesis-research-bot"
44.230.252.91 - - [08/Nov/2023:04:15:10 +0100] "GET /salad-servers-coconut-wood-p-59595.html HTTP/1.0" 200 80741 "-" "thesis-research-bot"
44.230.252.91 - - [08/Nov/2023:04:15:11 +0100] "GET /winx-club-toddler-flatware-p-17136.html HTTP/1.0" 200 81552 "-" "thesis-research-bot"
46.4.108.51 - - [08/Nov/2023:04:15:12 +0100] "GET /magnet-bires-p-56560.html HTTP/1.0" 200 80222 "-" "Mozilla/5.0 (compatible; AwarioBot/1.0; +https://awario.com/bots.html)"
44.230.252.91 - - [08/Nov/2023:04:15:12 +0100] "GET /fiat-multifunction-knife-torch-p-23061.html HTTP/1.0" 200 79920 "-" "thesis-research-bot"
52.25.208.208 - - [08/Nov/2023:04:15:13 +0100] "GET /luggages-schoolbags-leather-shop-c-31.html HTTP/1.0" 200 99311 "-" "thesis-research-bot"
85.208.96.202 - - [08/Nov/2023:04:15:19 +0100] "GET /statue-decorating-catistic-stretching-p-37144.html HTTP/1.0" 200 77417 "-" "Mozilla/5.0 (compatible; SemrushBot/7~bl; +http://www.semrush.com/bot.html)"
46.4.108.51 - - [08/Nov/2023:04:15:20 +0100] "GET /magnet-citron-p-40116.html HTTP/1.0" 200 79643 "-" "Mozilla/5.0 (compatible; AwarioBot/1.0; +https://awario.com/bots.html)"
52.25.208.208 - - [08/Nov/2023:04:15:20 +0100] "GET /accessories-c-3.html?page=10 HTTP/1.0" 200 99313 "-" "thesis-research-bot"
44.230.252.91 - - [08/Nov/2023:04:15:21 +0100] "GET /accessories-c-3.html?page=11 HTTP/1.0" 200 100472 "-" "thesis-research-bot"
185.191.171.17 - - [08/Nov/2023:04:15:22 +0100] "GET /harry-potter-figurine-weasley-p-49389.html HTTP/1.0" 200 80530 "-" "Mozilla/5.0 (compatible; SemrushBot/7~bl; +http://www.semrush.com/bot.html)"
100.21.24.205 - - [08/Nov/2023:04:15:22 +0100] "GET /accessories-c-3.html?page=2 HTTP/1.0" 200 100214 "-" "thesis-research-bot"
52.25.208.208 - - [08/Nov/2023:04:15:23 +0100] "GET /accessories-c-3.html?page=3 HTTP/1.0" 200 99998 "-" "thesis-research-bot"
52.25.208.208 - - [08/Nov/2023:04:15:24 +0100] "GET /accessories-c-3.html?page=4 HTTP/1.0" 200 99125 "-" "thesis-research-bot"
100.21.24.205 - - [08/Nov/2023:04:15:25 +0100] "GET /accessories-c-3.html?page=5 HTTP/1.0" 200 99872 "-" "thesis-research-bot"
44.230.252.91 - - [08/Nov/2023:04:15:26 +0100] "GET /accessories-c-3.html?page=6 HTTP/1.0" 200 98581 "-" "thesis-research-bot"
161.168.138.211 - - [08/Nov/2023:04:15:30 +0100] "GET /images/mini_prod/3560600256971.jpg HTTP/1.0" 200 269 "-" "Mozilla/5.0 (X11; Ubuntu; Linux x86_64; rv:72.0) Gecko/20100101 Firefox/72.0"
185.191.171.4 - - [08/Nov/2023:04:15:27 +0100] "GET /household-linen-c-11.html?page=78 HTTP/1.0" 200 88377 "-" "Mozilla/5.0 (compatible; SemrushBot/7~bl; +http://www.semrush.com/bot.html)"
100.21.24.205 - - [08/Nov/2023:04:15:27 +0100] "GET /accessories-c-3.html?page=7 HTTP/1.0" 200 99736 "-" "thesis-research-bot"
52.25.208.208 - - [08/Nov/2023:04:15:28 +0100] "GET /accessories-c-3.html?page=8 HTTP/1.0" 200 99798 "-" "thesis-research-bot"
100.21.24.205 - - [08/Nov/2023:04:15:29 +0100] "GET /accessories-c-3.html?page=9 HTTP/1.0" 200 99639 "-" "thesis-research-bot"
52.25.208.208 - - [08/Nov/2023:04:15:30 +0100] "GET /doormats-entrance-carpets-c-11_269_266.html HTTP/1.0" 200 97997 "-" "thesis-research-bot"
44.230.252.91 - - [08/Nov/2023:04:15:31 +0100] "GET /dubout-cats-large-round-flat-p-40060.html HTTP/1.0" 200 79660 "-" "thesis-research-bot"
52.25.208.208 - - [08/Nov/2023:04:15:32 +0100] "GET /glasses-drinking-c-12_62.html?page=2 HTTP/1.0" 200 97987 "-" "thesis-research-bot"
100.21.24.205 - - [08/Nov/2023:04:15:33 +0100] "GET /glasses-drinking-c-12_62.html?page=3 HTTP/1.0" 200 98030 "-" "thesis-research-bot"
44.230.252.91 - - [08/Nov/2023:04:15:34 +0100] "GET /resin-buddha-candle-holder-p-50121.html HTTP/1.0" 200 80500 "-" "thesis-research-bot"
44.230.252.91 - - [08/Nov/2023:04:15:35 +0100] "GET /glass-votive-holder-heart-home-metallic-yellow-p-39905.html HTTP/1.0" 200 80870 "-" "thesis-research-bot"
173.252.83.13 - - [08/Nov/2023:04:15:38 +0100] "GET /images/big_prod_2/8424346356645C.jpg HTTP/1.0" 200 271 "-" "facebookexternalhit/1.1 (+http://www.facebook.com/externalhit_uatext.php)"
100.21.24.205 - - [08/Nov/2023:04:15:36 +0100] "GET /lotus-petal-atmospheric-light-smoked-beige-gold-trim-p-53737.html HTTP/1.0" 200 80643 "-" "thesis-research-bot"
44.230.252.91 - - [08/Nov/2023:04:15:37 +0100] "GET /assorted-napkins-linen-ecru-p-58175.html HTTP/1.0" 200 80686 "-" "thesis-research-bot"
173.252.83.117 - - [08/Nov/2023:04:15:41 +0100] "GET /accessories/images/mini_prod/8427787037005.jpg HTTP/1.0" 404 1308 "-" "facebookexternalhit/1.1 (+http://www.facebook.com/externalhit_uatext.php)"
44.230.252.91 - - [08/Nov/2023:04:15:38 +0100] "GET /water-bottles-sport-bottles-c-12_161.html HTTP/1.0" 200 100724 "-" "thesis-research-bot"
54.36.148.64 - - [08/Nov/2023:04:15:39 +0100] "GET /-c-95_346.html HTTP/1.0" 200 76139 "-" "Mozilla/5.0 (compatible; AhrefsBot/7.0; +http://ahrefs.com/robot/)"
100.21.24.205 - - [08/Nov/2023:04:15:39 +0100] "GET /glasses-drinking-c-12_62.html?page=4 HTTP/1.0" 200 96320 "-" "thesis-research-bot"
100.21.24.205 - - [08/Nov/2023:04:15:40 +0100] "GET /tealight-holders-candle-holders-c-231_230.html?page=2 HTTP/1.0" 200 99684 "-" "thesis-research-bot"
44.230.252.91 - - [08/Nov/2023:04:15:41 +0100] "GET /tealight-holders-candle-holders-c-231_230.html?page=3 HTTP/1.0" 200 98955 "-" "thesis-research-bot"
100.21.24.205 - - [08/Nov/2023:04:15:42 +0100] "GET /tealight-holders-candle-holders-c-231_230.html?page=4 HTTP/1.0" 200 98793 "-" "thesis-research-bot"
52.25.208.208 - - [08/Nov/2023:04:15:43 +0100] "GET /tealight-holders-candle-holders-c-231_230.html?page=5 HTTP/1.0" 200 88875 "-" "thesis-research-bot"
44.230.252.91 - - [08/Nov/2023:04:15:46 +0100] "GET /disney-princess-white-swimsuit-p-30311.html HTTP/1.0" 200 80815 "-" "thesis-research-bot"
100.21.24.205 - - [08/Nov/2023:04:15:47 +0100] "GET /disney-princess-white-swimsuit-p-30312.html HTTP/1.0" 200 80849 "-" "thesis-research-bot"
100.21.24.205 - - [08/Nov/2023:04:15:48 +0100] "GET /littlest-petshop-pink-swimsuit-p-30317.html HTTP/1.0" 200 81092 "-" "thesis-research-bot"
52.25.208.208 - - [08/Nov/2023:04:15:49 +0100] "GET /winnie-pooh-yellow-swimsuit-p-30253.html HTTP/1.0" 200 81129 "-" "thesis-research-bot"
46.4.108.51 - - [08/Nov/2023:04:15:52 +0100] "GET /robots.txt HTTP/1.0" 200 245 "-" "Mozilla/5.0 (compatible; AwarioBot/1.0; +https://awario.com/bots.html)"
52.25.208.208 - - [08/Nov/2023:04:15:50 +0100] "GET /jeux-vido-ruin-black-shirt-p-30072.html HTTP/1.0" 200 80984 "-" "thesis-research-bot"
52.25.208.208 - - [08/Nov/2023:04:15:51 +0100] "GET /disney-princess-blue-swimsuit-p-30309.html HTTP/1.0" 200 81395 "-" "thesis-research-bot"
46.4.108.51 - - [08/Nov/2023:04:15:52 +0100] "GET /magnet-citron-p-40120.html HTTP/1.0" 200 79643 "-" "Mozilla/5.0 (compatible; AwarioBot/1.0; +https://awario.com/bots.html)"
52.25.208.208 - - [08/Nov/2023:04:15:52 +0100] "GET /princess-disney-pink-swimsuit-p-30310.html HTTP/1.0" 200 81114 "-" "thesis-research-bot"
44.230.252.91 - - [08/Nov/2023:04:15:53 +0100] "GET /strawberry-shortcake-swimsuit-p-30289.html HTTP/1.0" 200 80805 "-" "thesis-research-bot"
52.25.208.208 - - [08/Nov/2023:04:15:54 +0100] "GET /brasil-mouse-cbkreation-p-25986.html HTTP/1.0" 200 79640 "-" "thesis-research-bot"
23.22.35.162 - - [08/Nov/2023:04:15:54 +0100] "GET /-c-95_336.html HTTP/1.0" 200 76139 "-" "Mozilla/5.0 (Macintosh; Intel Mac OS X 10_10_1) AppleWebKit/600.2.5 (KHTML, like Gecko) Version/8.0.2 Safari/600.2.5 (Amazonbot/0.1; +https://developer.amazon.com/support/amazonbot)"
23.22.35.162 - - [08/Nov/2023:04:15:55 +0100] "GET /-c-95_329.html HTTP/1.0" 200 76139 "-" "Mozilla/5.0 (Macintosh; Intel Mac OS X 10_10_1) AppleWebKit/600.2.5 (KHTML, like Gecko) Version/8.0.2 Safari/600.2.5 (Amazonbot/0.1; +https://developer.amazon.com/support/amazonbot)"
44.230.252.91 - - [08/Nov/2023:04:15:55 +0100] "GET /street-fighter-mousepad-p-16003.html HTTP/1.0" 200 79773 "-" "thesis-research-bot"
85.208.96.200 - - [08/Nov/2023:04:15:56 +0100] "GET /hanging-board-buddha-quote-mind-everything-p-49495.html HTTP/1.0" 200 79901 "-" "Mozilla/5.0 (compatible; SemrushBot/7~bl; +http://www.semrush.com/bot.html)"
44.230.252.91 - - [08/Nov/2023:04:15:56 +0100] "GET /hello-kitty-rainwear-years-p-58363.html HTTP/1.0" 200 79661 "-" "thesis-research-bot"
3.224.220.101 - - [08/Nov/2023:04:15:56 +0100] "GET /mini-metal-tray-renault-gordini-p-35256.html HTTP/1.0" 200 79812 "-" "Mozilla/5.0 (Macintosh; Intel Mac OS X 10_10_1) AppleWebKit/600.2.5 (KHTML, like Gecko) Version/8.0.2 Safari/600.2.5 (Amazonbot/0.1; +https://developer.amazon.com/support/amazonbot)"
44.230.252.91 - - [08/Nov/2023:04:15:57 +0100] "GET /littlest-petshop-padded-jacket-p-31266.html HTTP/1.0" 200 80961 "-" "thesis-research-bot"
52.70.240.171 - - [08/Nov/2023:04:15:57 +0100] "GET /tropez-mini-metal-tray-p-52477.html HTTP/1.0" 200 79730 "-" "Mozilla/5.0 (Macintosh; Intel Mac OS X 10_10_1) AppleWebKit/600.2.5 (KHTML, like Gecko) Version/8.0.2 Safari/600.2.5 (Amazonbot/0.1; +https://developer.amazon.com/support/amazonbot)"
44.230.252.91 - - [08/Nov/2023:04:15:58 +0100] "GET /disney-princess-aurora-jacket-p-31248.html HTTP/1.0" 200 81008 "-" "thesis-research-bot"
52.25.208.208 - - [08/Nov/2023:04:15:59 +0100] "GET /strawberry-shortcake-raincoat-p-31187.html HTTP/1.0" 200 80918 "-" "thesis-research-bot"
23.22.35.162 - - [08/Nov/2023:04:15:59 +0100] "GET /monaco-mini-metal-tray-p-52478.html HTTP/1.0" 200 79712 "-" "Mozilla/5.0 (Macintosh; Intel Mac OS X 10_10_1) AppleWebKit/600.2.5 (KHTML, like Gecko) Version/8.0.2 Safari/600.2.5 (Amazonbot/0.1; +https://developer.amazon.com/support/amazonbot)"
100.21.24.205 - - [08/Nov/2023:04:16:00 +0100] "GET /swimsuit-c-1_18.html?page=2 HTTP/1.0" 200 84878 "-" "thesis-research-bot"
100.21.24.205 - - [08/Nov/2023:04:16:01 +0100] "GET /mouse-c-129_85.html?page=2 HTTP/1.0" 200 98413 "-" "thesis-research-bot"
52.25.208.208 - - [08/Nov/2023:04:16:02 +0100] "GET /mouse-c-129_85.html?page=3 HTTP/1.0" 200 98405 "-" "thesis-research-bot"
100.21.24.205 - - [08/Nov/2023:04:16:03 +0100] "GET /mouse-c-129_85.html?page=4 HTTP/1.0" 200 98193 "-" "thesis-research-bot"
185.125.56.223 - - [08/Nov/2023:04:16:06 +0100] "GET /wp-commentin.php HTTP/1.0" 301 543 "-" "Mozilla/5.0 (iPhone; CPU iPhone OS 13_3_1 like Mac OS X) AppleWebKit/605.1.15 (KHTML, like Gecko) Version/13.0.5 Mobile/15E148 Safari/604.1"
185.125.56.223 - - [08/Nov/2023:04:16:06 +0100] "GET /wp-cc.php HTTP/1.0" 301 529 "-" "Mozilla/5.0 (iPhone; CPU iPhone OS 14_7_1 like Mac OS X) AppleWebKit/605.1.15 (KHTML, like Gecko) Version/14.1.2 Mobile/15E148 Safari/604.1"
52.25.208.208 - - [08/Nov/2023:04:16:04 +0100] "GET /picerie-traditionnelle-bread-p-57199.html HTTP/1.0" 200 80694 "-" "thesis-research-bot"
185.125.56.223 - - [08/Nov/2023:04:16:07 +0100] "GET /wp-cc.php HTTP/1.0" 404 1308 "-" "Mozilla/5.0 (iPhone; CPU iPhone OS 14_7_1 like Mac OS X) AppleWebKit/605.1.15 (KHTML, like Gecko) Version/14.1.2 Mobile/15E148 Safari/604.1"
185.125.56.223 - - [08/Nov/2023:04:16:07 +0100] "GET /wp-commentin.php HTTP/1.0" 404 1308 "-" "Mozilla/5.0 (iPhone; CPU iPhone OS 13_3_1 like Mac OS X) AppleWebKit/605.1.15 (KHTML, like Gecko) Version/13.0.5 Mobile/15E148 Safari/604.1"
44.230.252.91 - - [08/Nov/2023:04:16:05 +0100] "GET /mouse-c-129_85.html?page=5 HTTP/1.0" 200 89934 "-" "thesis-research-bot"
52.25.208.208 - - [08/Nov/2023:04:16:06 +0100] "GET /shirts-sweatshirts-women-c-53_55.html?page=2 HTTP/1.0" 200 97787 "-" "thesis-research-bot"
44.230.252.91 - - [08/Nov/2023:04:16:07 +0100] "GET /shirts-sweatshirts-women-c-53_55.html?page=3 HTTP/1.0" 200 95291 "-" "thesis-research-bot"
46.4.108.51 - - [08/Nov/2023:04:16:17 +0100] "GET /magnet-citron-p-40121.html HTTP/1.0" 200 79643 "-" "Mozilla/5.0 (compatible; AwarioBot/1.0; +https://awario.com/bots.html)"
85.208.96.208 - - [08/Nov/2023:04:16:20 +0100] "GET /funky-dolls-round-p-18851.html HTTP/1.0" 200 77337 "-" "Mozilla/5.0 (compatible; SemrushBot/7~bl; +http://www.semrush.com/bot.html)"
85.208.96.210 - - [08/Nov/2023:04:16:24 +0100] "GET /christmas-carousel-large-p-61132.html HTTP/1.0" 200 80796 "-" "Mozilla/5.0 (compatible; SemrushBot/7~bl; +http://www.semrush.com/bot.html)"
3.224.220.101 - - [08/Nov/2023:04:16:25 +0100] "GET /rosie-white-mini-rectangular-tray-p-54915.html HTTP/1.0" 200 80397 "-" "Mozilla/5.0 (Macintosh; Intel Mac OS X 10_10_1) AppleWebKit/600.2.5 (KHTML, like Gecko) Version/8.0.2 Safari/600.2.5 (Amazonbot/0.1; +https://developer.amazon.com/support/amazonbot)"
52.70.240.171 - - [08/Nov/2023:04:16:27 +0100] "GET /rosie-white-mini-rectangular-tray-p-59297.html HTTP/1.0" 200 80395 "-" "Mozilla/5.0 (Macintosh; Intel Mac OS X 10_10_1) AppleWebKit/600.2.5 (KHTML, like Gecko) Version/8.0.2 Safari/600.2.5 (Amazonbot/0.1; +https://developer.amazon.com/support/amazonbot)"
100.21.24.205 - - [08/Nov/2023:04:16:28 +0100] "GET /retro-matte-black-metal-p-37705.html HTTP/1.0" 200 79802 "-" "thesis-research-bot"
185.191.171.7 - - [08/Nov/2023:04:16:29 +0100] "GET /snow-white-apple-scene-masterpiece-figurine-disney-tradition-p-59433.html HTTP/1.0" 200 81882 "-" "Mozilla/5.0 (compatible; SemrushBot/7~bl; +http://www.semrush.com/bot.html)"
52.25.208.208 - - [08/Nov/2023:04:16:29 +0100] "GET /retro-style-coffee-saveurs-traditions-franaises-p-55522.html HTTP/1.0" 200 80782 "-" "thesis-research-bot"
44.230.252.91 - - [08/Nov/2023:04:16:30 +0100] "GET /coffee-c-13_150_153.html?page=2 HTTP/1.0" 200 98027 "-" "thesis-research-bot"
44.230.252.91 - - [08/Nov/2023:04:16:31 +0100] "GET /spiderman-blue-swimsuit-p-30823.html HTTP/1.0" 200 80817 "-" "thesis-research-bot"
44.230.252.91 - - [08/Nov/2023:04:16:32 +0100] "GET /coffee-c-13_150_153.html?page=3 HTTP/1.0" 200 97633 "-" "thesis-research-bot"
100.21.24.205 - - [08/Nov/2023:04:16:33 +0100] "GET /coffee-c-13_150_153.html?page=4 HTTP/1.0" 200 93820 "-" "thesis-research-bot"
52.25.208.208 - - [08/Nov/2023:04:16:34 +0100] "GET /kitchen-towel-holder-hooks-p-47373.html HTTP/1.0" 200 80262 "-" "thesis-research-bot"
44.230.252.91 - - [08/Nov/2023:04:16:35 +0100] "GET /kitchen-towel-holder-hooks-p-47374.html HTTP/1.0" 200 80262 "-" "thesis-research-bot"
52.25.208.208 - - [08/Nov/2023:04:16:36 +0100] "GET /kitchen-towel-holder-hooks-p-47375.html HTTP/1.0" 200 80262 "-" "thesis-research-bot"
52.25.208.208 - - [08/Nov/2023:04:16:37 +0100] "GET /kitchen-towel-holder-hooks-p-47376.html HTTP/1.0" 200 80262 "-" "thesis-research-bot"
46.4.108.51 - - [08/Nov/2023:04:16:37 +0100] "GET /magnet-copine-trop-gniale-p-57081.html HTTP/1.0" 200 80290 "-" "Mozilla/5.0 (compatible; AwarioBot/1.0; +https://awario.com/bots.html)"
44.230.252.91 - - [08/Nov/2023:04:16:38 +0100] "GET /kitchen-towel-holder-hooks-p-52709.html HTTP/1.0" 200 80276 "-" "thesis-research-bot"
44.230.252.91 - - [08/Nov/2023:04:16:39 +0100] "GET /coat-rack-hook-floor-cast-iron-p-47448.html HTTP/1.0" 200 79753 "-" "thesis-research-bot"
100.21.24.205 - - [08/Nov/2023:04:16:40 +0100] "GET /small-wooden-towel-holder-hang-p-51019.html HTTP/1.0" 200 79757 "-" "thesis-research-bot"
100.21.24.205 - - [08/Nov/2023:04:16:41 +0100] "GET /small-wooden-towel-holder-hang-p-51020.html HTTP/1.0" 200 79757 "-" "thesis-research-bot"
44.230.252.91 - - [08/Nov/2023:04:16:42 +0100] "GET /small-wooden-towel-holder-hang-p-51022.html HTTP/1.0" 200 79757 "-" "thesis-research-bot"
44.230.252.91 - - [08/Nov/2023:04:16:43 +0100] "GET /bagshandbags-shoulder-bags-c-31_81.html HTTP/1.0" 200 102027 "-" "thesis-research-bot"
85.208.96.195 - - [08/Nov/2023:04:16:44 +0100] "GET /keel-toys-plush-pipp-panda-p-51009.html HTTP/1.0" 200 77389 "-" "Mozilla/5.0 (compatible; SemrushBot/7~bl; +http://www.semrush.com/bot.html)"
44.230.252.91 - - [08/Nov/2023:04:16:44 +0100] "GET /small-wooden-towel-holder-hang-p-51023.html HTTP/1.0" 200 79757 "-" "thesis-research-bot"
100.21.24.205 - - [08/Nov/2023:04:16:45 +0100] "GET /best-summer-mono-wooden-hook-p-37236.html HTTP/1.0" 200 79781 "-" "thesis-research-bot"
46.4.108.51 - - [08/Nov/2023:04:16:46 +0100] "GET /magnet-decoration-p-47526.html HTTP/1.0" 200 79637 "-" "Mozilla/5.0 (compatible; AwarioBot/1.0; +https://awario.com/bots.html)"
44.230.252.91 - - [08/Nov/2023:04:16:46 +0100] "GET /small-indoor-buddha-fountain-p-41300.html HTTP/1.0" 200 79857 "-" "thesis-research-bot"
52.25.208.208 - - [08/Nov/2023:04:16:47 +0100] "GET /buddhist-monk-indoor-fountain-p-56025.html HTTP/1.0" 200 79951 "-" "thesis-research-bot"
3.224.220.101 - - [08/Nov/2023:04:16:48 +0100] "GET /happy-mini-melamine-tray-p-45143.html HTTP/1.0" 200 79736 "-" "Mozilla/5.0 (Macintosh; Intel Mac OS X 10_10_1) AppleWebKit/600.2.5 (KHTML, like Gecko) Version/8.0.2 Safari/600.2.5 (Amazonbot/0.1; +https://developer.amazon.com/support/amazonbot)"
100.21.24.205 - - [08/Nov/2023:04:16:48 +0100] "GET /luggages-schoolbags-leather-shop-c-31.html HTTP/1.0" 200 99311 "-" "thesis-research-bot"
100.21.24.205 - - [08/Nov/2023:04:16:50 +0100] "GET /coat-hook-c-13_198.html?page=2 HTTP/1.0" 200 96000 "-" "thesis-research-bot"
44.230.252.91 - - [08/Nov/2023:04:16:51 +0100] "GET /kitchen-gloves-potholders-c-11_178.html HTTP/1.0" 200 97581 "-" "thesis-research-bot"
44.230.252.91 - - [08/Nov/2023:04:16:52 +0100] "GET /incense-satya-champa-jasmine-grams-about-sticks-p-44396.html HTTP/1.0" 200 80271 "-" "thesis-research-bot"
52.25.208.208 - - [08/Nov/2023:04:16:53 +0100] "GET /ceramic-lamp-light-grey-p-60824.html HTTP/1.0" 200 80587 "-" "thesis-research-bot"
3.224.220.101 - - [08/Nov/2023:04:16:53 +0100] "GET /chic-small-melamine-tray-p-45171.html HTTP/1.0" 200 79711 "-" "Mozilla/5.0 (Macintosh; Intel Mac OS X 10_10_1) AppleWebKit/600.2.5 (KHTML, like Gecko) Version/8.0.2 Safari/600.2.5 (Amazonbot/0.1; +https://developer.amazon.com/support/amazonbot)"
23.22.35.162 - - [08/Nov/2023:04:16:54 +0100] "GET /sparrows-blossom-mini-rectangular-tray-p-54910.html HTTP/1.0" 200 79807 "-" "Mozilla/5.0 (Macintosh; Intel Mac OS X 10_10_1) AppleWebKit/600.2.5 (KHTML, like Gecko) Version/8.0.2 Safari/600.2.5 (Amazonbot/0.1; +https://developer.amazon.com/support/amazonbot)"
100.21.24.205 - - [08/Nov/2023:04:16:54 +0100] "GET /adaptable-decorative-caps-c-12_249.html HTTP/1.0" 200 85878 "-" "thesis-research-bot"
100.21.24.205 - - [08/Nov/2023:04:16:55 +0100] "GET /incense-spiritual-guide-contains-incense-sticks-p-57226.html HTTP/1.0" 200 80699 "-" "thesis-research-bot"
23.22.35.162 - - [08/Nov/2023:04:16:55 +0100] "GET /heart-mini-melamine-tray-p-37951.html HTTP/1.0" 200 79759 "-" "Mozilla/5.0 (Macintosh; Intel Mac OS X 10_10_1) AppleWebKit/600.2.5 (KHTML, like Gecko) Version/8.0.2 Safari/600.2.5 (Amazonbot/0.1; +https://developer.amazon.com/support/amazonbot)"
44.230.252.91 - - [08/Nov/2023:04:16:56 +0100] "GET /incense-satya-champa-white-sage15-grams-about-sticks-p-48491.html HTTP/1.0" 200 80293 "-" "thesis-research-bot"
3.224.220.101 - - [08/Nov/2023:04:16:56 +0100] "GET /small-melamine-tray-p-45156.html HTTP/1.0" 200 79695 "-" "Mozilla/5.0 (Macintosh; Intel Mac OS X 10_10_1) AppleWebKit/600.2.5 (KHTML, like Gecko) Version/8.0.2 Safari/600.2.5 (Amazonbot/0.1; +https://developer.amazon.com/support/amazonbot)"
44.230.252.91 - - [08/Nov/2023:04:16:57 +0100] "GET /transportable-black-table-lamp-p-56448.html HTTP/1.0" 200 80449 "-" "thesis-research-bot"
52.25.208.208 - - [08/Nov/2023:04:16:58 +0100] "GET /strawberry-shortcake-tights-p-50919.html HTTP/1.0" 200 79653 "-" "thesis-research-bot"
23.22.35.162 - - [08/Nov/2023:04:16:58 +0100] "GET /beach-cabin-mini-rectangular-tray-p-54911.html HTTP/1.0" 200 79772 "-" "Mozilla/5.0 (Macintosh; Intel Mac OS X 10_10_1) AppleWebKit/600.2.5 (KHTML, like Gecko) Version/8.0.2 Safari/600.2.5 (Amazonbot/0.1; +https://developer.amazon.com/support/amazonbot)"
44.230.252.91 - - [08/Nov/2023:04:16:59 +0100] "GET /europe-england-travel-adapter-p-58669.html HTTP/1.0" 200 80725 "-" "thesis-research-bot"
52.25.208.208 - - [08/Nov/2023:04:17:00 +0100] "GET /cushion-cover-flamingos-p-55153.html HTTP/1.0" 200 80539 "-" "thesis-research-bot"
3.224.220.101 - - [08/Nov/2023:04:17:00 +0100] "GET /rebel-small-melamine-tray-p-45172.html HTTP/1.0" 200 79719 "-" "Mozilla/5.0 (Macintosh; Intel Mac OS X 10_10_1) AppleWebKit/600.2.5 (KHTML, like Gecko) Version/8.0.2 Safari/600.2.5 (Amazonbot/0.1; +https://developer.amazon.com/support/amazonbot)"
23.22.35.162 - - [08/Nov/2023:04:17:01 +0100] "GET /pink-flamingos-small-melamine-tray-p-45167.html HTTP/1.0" 200 79778 "-" "Mozilla/5.0 (Macintosh; Intel Mac OS X 10_10_1) AppleWebKit/600.2.5 (KHTML, like Gecko) Version/8.0.2 Safari/600.2.5 (Amazonbot/0.1; +https://developer.amazon.com/support/amazonbot)"
44.230.252.91 - - [08/Nov/2023:04:17:01 +0100] "GET /cushion-cover-cement-tiles-p-49958.html HTTP/1.0" 200 80574 "-" "thesis-research-bot"
100.21.24.205 - - [08/Nov/2023:04:17:02 +0100] "GET /cushion-cover-cement-tiles-p-56313.html HTTP/1.0" 200 80561 "-" "thesis-research-bot"
44.230.252.91 - - [08/Nov/2023:04:17:03 +0100] "GET /cushion-cover-cement-tiles-p-56314.html HTTP/1.0" 200 80560 "-" "thesis-research-bot"
44.230.252.91 - - [08/Nov/2023:04:17:04 +0100] "GET /cushion-cover-cement-tiles-p-56315.html HTTP/1.0" 200 80571 "-" "thesis-research-bot"
100.21.24.205 - - [08/Nov/2023:04:17:05 +0100] "GET /quartz-globe-diameter-base-p-50601.html HTTP/1.0" 200 80413 "-" "thesis-research-bot"
168.138.105.69 - - [08/Nov/2023:04:17:08 +0100] "GET /images/mini_prod/3503420075858.jpg HTTP/1.0" 200 269 "-" "Mozilla/5.0 (X11; Ubuntu; Linux x86_64; rv:72.0) Gecko/20100101 Firefox/72.0"
52.25.208.208 - - [08/Nov/2023:04:17:06 +0100] "GET /kimmidoll-love-bonbon-earrings-p-21704.html HTTP/1.0" 200 79690 "-" "thesis-research-bot"
46.4.108.51 - - [08/Nov/2023:04:17:06 +0100] "GET /magnet-maman-fminin-p-57085.html HTTP/1.0" 200 80236 "-" "Mozilla/5.0 (compatible; AwarioBot/1.0; +https://awario.com/bots.html)"
17.241.227.148 - - [08/Nov/2023:04:17:09 +0100] "GET /images/big_prod/1384010207413.jpg HTTP/1.0" 200 268 "-" "Mozilla/5.0 (Macintosh; Intel Mac OS X 10_15_5) AppleWebKit/605.1.15 (KHTML, like Gecko) Version/13.1.1 Safari/605.1.15 (Applebot/0.1; +http://www.apple.com/go/applebot)"
52.25.208.208 - - [08/Nov/2023:04:17:07 +0100] "GET /silver-amethyst-brass-earrings-p-44818.html HTTP/1.0" 200 79722 "-" "thesis-research-bot"
44.230.252.91 - - [08/Nov/2023:04:17:08 +0100] "GET /silver-amethyst-brass-earrings-p-44961.html HTTP/1.0" 200 79757 "-" "thesis-research-bot"
100.21.24.205 - - [08/Nov/2023:04:17:09 +0100] "GET /black-grey-globe-decoration-p-59338.html HTTP/1.0" 200 79749 "-" "thesis-research-bot"
85.208.96.208 - - [08/Nov/2023:04:17:09 +0100] "GET /home-decoration-c-13.html?page=204 HTTP/1.0" 200 91192 "-" "Mozilla/5.0 (compatible; SemrushBot/7~bl; +http://www.semrush.com/bot.html)"
44.230.252.91 - - [08/Nov/2023:04:17:10 +0100] "GET /black-grey-globe-decoration-p-59425.html HTTP/1.0" 200 80346 "-" "thesis-research-bot"
52.25.208.208 - - [08/Nov/2023:04:17:11 +0100] "GET /table-bell-besoin-calin-p-58022.html HTTP/1.0" 200 80257 "-" "thesis-research-bot"
100.21.24.205 - - [08/Nov/2023:04:17:12 +0100] "GET /dolphin-hand-bell-golden-brass-p-57548.html HTTP/1.0" 200 80323 "-" "thesis-research-bot"
44.230.252.91 - - [08/Nov/2023:04:17:13 +0100] "GET /flower-life-earrings-silver-p-44403.html HTTP/1.0" 200 80298 "-" "thesis-research-bot"
52.25.208.208 - - [08/Nov/2023:04:17:14 +0100] "GET /gold-cream-globe-decoration-p-58713.html HTTP/1.0" 200 80753 "-" "thesis-research-bot"
185.191.171.13 - - [08/Nov/2023:04:17:15 +0100] "GET /clock-cbkreation-p-24710.html HTTP/1.0" 200 79730 "-" "Mozilla/5.0 (compatible; SemrushBot/7~bl; +http://www.semrush.com/bot.html)"
52.25.208.208 - - [08/Nov/2023:04:17:15 +0100] "GET /gold-cream-globe-decoration-p-60514.html HTTP/1.0" 200 80366 "-" "thesis-research-bot"
44.230.252.91 - - [08/Nov/2023:04:17:16 +0100] "GET /table-bell-pour-bire-sonnez-p-58130.html HTTP/1.0" 200 80248 "-" "thesis-research-bot"
44.230.252.91 - - [08/Nov/2023:04:17:17 +0100] "GET /bell-golden-brass-wood-table-p-51224.html HTTP/1.0" 200 79767 "-" "thesis-research-bot"
46.4.108.51 - - [08/Nov/2023:04:17:17 +0100] "GET /magnet-maman-parfaite-p-57086.html HTTP/1.0" 200 80241 "-" "Mozilla/5.0 (compatible; AwarioBot/1.0; +https://awario.com/bots.html)"
44.230.252.91 - - [08/Nov/2023:04:17:18 +0100] "GET /bell-golden-brass-wood-table-p-52805.html HTTP/1.0" 200 79743 "-" "thesis-research-bot"
44.230.252.91 - - [08/Nov/2023:04:17:19 +0100] "GET /cats-dubout-metal-plate-p-30397.html HTTP/1.0" 200 79727 "-" "thesis-research-bot"
85.208.96.199 - - [08/Nov/2023:04:17:20 +0100] "GET /protective-fleece-pillow-cover-p-51610.html HTTP/1.0" 200 77403 "-" "Mozilla/5.0 (compatible; SemrushBot/7~bl; +http://www.semrush.com/bot.html)"
100.21.24.205 - - [08/Nov/2023:04:17:20 +0100] "GET /tour-france-metal-plate-p-51220.html HTTP/1.0" 200 79650 "-" "thesis-research-bot"
100.21.24.205 - - [08/Nov/2023:04:17:21 +0100] "GET /embossed-toilet-door-plate-p-57206.html HTTP/1.0" 200 80250 "-" "thesis-research-bot"
44.230.252.91 - - [08/Nov/2023:04:17:22 +0100] "GET /embossed-door-plate-bedroom-p-57207.html HTTP/1.0" 200 80297 "-" "thesis-research-bot"
100.21.24.205 - - [08/Nov/2023:04:17:23 +0100] "GET /embossed-kitchen-door-plate-p-57208.html HTTP/1.0" 200 80259 "-" "thesis-research-bot"
202.239.5.142 - - [08/Nov/2023:04:17:23 +0100] "GET /coat-hook-c-13_198.html HTTP/1.0" 200 96852 "-" "Mozilla/5.0 (compatible; Y!J-WSC/1.0; +https://yahoo.jp/3BSZgF)"
100.21.24.205 - - [08/Nov/2023:04:17:24 +0100] "GET /black-silver-globe-decoration-p-51573.html HTTP/1.0" 200 79762 "-" "thesis-research-bot"
52.25.208.208 - - [08/Nov/2023:04:17:26 +0100] "GET /handy-manny-disney-table-lamp-p-24750.html HTTP/1.0" 200 79915 "-" "thesis-research-bot"
202.239.5.0 - - [08/Nov/2023:04:17:27 +0100] "GET /swfobject.js HTTP/1.0" 404 1308 "http://www.wonder-geek.com/coat-hook-c-13_198.html" "Mozilla/5.0 (Windows NT 10.0; Win64; x64) AppleWebKit/537.36 (KHTML, like Gecko; compatible; Y!J-WSC/1.0; +https://yahoo.jp/3BSZgF) Chrome/116.0.0.0 Safari/537.36"
52.25.208.208 - - [08/Nov/2023:04:17:26 +0100] "GET /bolster-case-green-blue-p-43618.html HTTP/1.0" 200 79868 "-" "thesis-research-bot"
100.21.24.205 - - [08/Nov/2023:04:17:27 +0100] "GET /bolster-case-light-grey-p-35967.html HTTP/1.0" 200 79902 "-" "thesis-research-bot"
100.21.24.205 - - [08/Nov/2023:04:17:28 +0100] "GET /labrador-puppies-bedside-lamp-p-26616.html HTTP/1.0" 200 79747 "-" "thesis-research-bot"
40.77.167.235 - - [08/Nov/2023:04:17:28 +0100] "GET /bob-marley-m-166.html HTTP/1.0" 200 91268 "-" "Mozilla/5.0 AppleWebKit/537.36 (KHTML, like Gecko; compatible; bingbot/2.0; +http://www.bing.com/bingbot.htm) Chrome/103.0.5060.134 Safari/537.36"
52.25.208.208 - - [08/Nov/2023:04:17:29 +0100] "GET /white-black-terrestrial-globe-p-60871.html HTTP/1.0" 200 80422 "-" "thesis-research-bot"
52.25.208.208 - - [08/Nov/2023:04:17:30 +0100] "GET /white-sage-california-incense-p-48492.html HTTP/1.0" 200 79701 "-" "thesis-research-bot"
46.4.108.51 - - [08/Nov/2023:04:17:31 +0100] "GET /magnet-maman-super-maman-p-57083.html HTTP/1.0" 200 80323 "-" "Mozilla/5.0 (compatible; AwarioBot/1.0; +https://awario.com/bots.html)"
52.25.208.208 - - [08/Nov/2023:04:17:31 +0100] "GET /incense-c-231_226.html?page=2 HTTP/1.0" 200 99250 "-" "thesis-research-bot"
52.25.208.208 - - [08/Nov/2023:04:17:32 +0100] "GET /incense-c-231_226.html?page=3 HTTP/1.0" 200 98492 "-" "thesis-research-bot"
100.21.24.205 - - [08/Nov/2023:04:17:33 +0100] "GET /caff-retro-deco-thermometer-p-27632.html HTTP/1.0" 200 79740 "-" "thesis-research-bot"
100.21.24.205 - - [08/Nov/2023:04:17:34 +0100] "GET /galileo-thermometer-indoors-p-50115.html HTTP/1.0" 200 80456 "-" "thesis-research-bot"
44.230.252.91 - - [08/Nov/2023:04:17:35 +0100] "GET /incense-c-231_226.html?page=4 HTTP/1.0" 200 98947 "-" "thesis-research-bot"
46.4.108.51 - - [08/Nov/2023:04:17:36 +0100] "GET /magnet-meilleure-maman-toute-terre-p-57084.html HTTP/1.0" 200 80404 "-" "Mozilla/5.0 (compatible; AwarioBot/1.0; +https://awario.com/bots.html)"
44.230.252.91 - - [08/Nov/2023:04:17:36 +0100] "GET /incense-c-231_226.html?page=5 HTTP/1.0" 200 98457 "-" "thesis-research-bot"
44.230.252.91 - - [08/Nov/2023:04:17:37 +0100] "GET /incense-c-231_226.html?page=6 HTTP/1.0" 200 99278 "-" "thesis-research-bot"
44.230.252.91 - - [08/Nov/2023:04:17:38 +0100] "GET /roses-josephine-bread-basket-p-59812.html HTTP/1.0" 200 80393 "-" "thesis-research-bot"
100.21.24.205 - - [08/Nov/2023:04:17:39 +0100] "GET /incense-c-231_226.html?page=7 HTTP/1.0" 200 85566 "-" "thesis-research-bot"
100.21.24.205 - - [08/Nov/2023:04:17:40 +0100] "GET /placemats-c-12_156.html?page=10 HTTP/1.0" 200 100150 "-" "thesis-research-bot"
44.230.252.91 - - [08/Nov/2023:04:17:41 +0100] "GET /placemats-c-12_156.html?page=11 HTTP/1.0" 200 98062 "-" "thesis-research-bot"
44.230.252.91 - - [08/Nov/2023:04:17:42 +0100] "GET /mtal-signs-c-13_130.html?page=10 HTTP/1.0" 200 101017 "-" "thesis-research-bot"
52.25.208.208 - - [08/Nov/2023:04:17:43 +0100] "GET /mtal-signs-c-13_130.html?page=11 HTTP/1.0" 200 99496 "-" "thesis-research-bot"
100.21.24.205 - - [08/Nov/2023:04:17:44 +0100] "GET /placemats-c-12_156.html?page=2 HTTP/1.0" 200 99910 "-" "thesis-research-bot"
52.25.208.208 - - [08/Nov/2023:04:17:45 +0100] "GET /placemats-c-12_156.html?page=3 HTTP/1.0" 200 100388 "-" "thesis-research-bot"
185.191.171.3 - - [08/Nov/2023:04:17:46 +0100] "GET /bowl-with-white-patterns-porcelain-p-56185.html HTTP/1.0" 200 79730 "-" "Mozilla/5.0 (compatible; SemrushBot/7~bl; +http://www.semrush.com/bot.html)"
100.21.24.205 - - [08/Nov/2023:04:17:46 +0100] "GET /placemats-c-12_156.html?page=4 HTTP/1.0" 200 101067 "-" "thesis-research-bot"
100.21.24.205 - - [08/Nov/2023:04:17:47 +0100] "GET /spiderman-melamine-bowl-p-17119.html HTTP/1.0" 200 80345 "-" "thesis-research-bot"
52.25.208.208 - - [08/Nov/2023:04:17:48 +0100] "GET /brave-merida-melamine-bowl-p-17122.html HTTP/1.0" 200 80376 "-" "thesis-research-bot"
100.21.24.205 - - [08/Nov/2023:04:17:49 +0100] "GET /manta-white-porcelain-bowl-p-56499.html HTTP/1.0" 200 79637 "-" "thesis-research-bot"
100.21.24.205 - - [08/Nov/2023:04:17:50 +0100] "GET /bowl-white-ceramic-feathers-p-45765.html HTTP/1.0" 200 79634 "-" "thesis-research-bot"
100.21.24.205 - - [08/Nov/2023:04:17:51 +0100] "GET /small-ceramic-starfish-bowl-p-54823.html HTTP/1.0" 200 79654 "-" "thesis-research-bot"
52.25.208.208 - - [08/Nov/2023:04:17:52 +0100] "GET /arizona-white-porcelain-bowl-p-56507.html HTTP/1.0" 200 79674 "-" "thesis-research-bot"
52.25.208.208 - - [08/Nov/2023:04:17:53 +0100] "GET /bowls-c-12_60.html?page=2 HTTP/1.0" 200 98066 "-" "thesis-research-bot"
52.25.208.208 - - [08/Nov/2023:04:17:54 +0100] "GET /bowls-c-12_60.html?page=3 HTTP/1.0" 200 98503 "-" "thesis-research-bot"
44.230.252.91 - - [08/Nov/2023:04:17:56 +0100] "GET /bowls-c-12_60.html?page=5 HTTP/1.0" 200 98876 "-" "thesis-research-bot"
44.230.252.91 - - [08/Nov/2023:04:17:57 +0100] "GET /bowls-c-12_60.html?page=6 HTTP/1.0" 200 99936 "-" "thesis-research-bot"
185.191.171.8 - - [08/Nov/2023:04:17:58 +0100] "GET /duvet-cover-cotton-percale-threads-p-61219.html HTTP/1.0" 200 79928 "-" "Mozilla/5.0 (compatible; SemrushBot/7~bl; +http://www.semrush.com/bot.html)"
44.230.252.91 - - [08/Nov/2023:04:17:58 +0100] "GET /bowls-c-12_60.html?page=7 HTTP/1.0" 200 95539 "-" "thesis-research-bot"
168.138.105.69 - - [08/Nov/2023:04:18:01 +0100] "GET /images/mini_prod/4036113101170.jpg HTTP/1.0" 200 269 "-" "Mozilla/5.0 (X11; Ubuntu; Linux x86_64; rv:72.0) Gecko/20100101 Firefox/72.0"
44.230.252.91 - - [08/Nov/2023:04:17:59 +0100] "GET /placemats-c-12_156.html?page=5 HTTP/1.0" 200 100138 "-" "thesis-research-bot"
95.108.213.215 - - [08/Nov/2023:04:18:02 +0100] "GET /robots.txt HTTP/1.0" 200 245 "-" "Mozilla/5.0 (compatible; YandexBot/3.0; +http://yandex.com/bots)"
44.230.252.91 - - [08/Nov/2023:04:18:00 +0100] "GET /placemats-c-12_156.html?page=6 HTTP/1.0" 200 100579 "-" "thesis-research-bot"
46.4.108.51 - - [08/Nov/2023:04:18:03 +0100] "GET /robots.txt HTTP/1.0" 200 245 "-" "Mozilla/5.0 (compatible; AwarioBot/1.0; +https://awario.com/bots.html)"
44.230.252.91 - - [08/Nov/2023:04:18:01 +0100] "GET /placemats-c-12_156.html?page=7 HTTP/1.0" 200 100780 "-" "thesis-research-bot"
95.108.213.220 - - [08/Nov/2023:04:18:02 +0100] "GET /golden-retriever-pencil-case-p-40828.html HTTP/1.0" 200 79711 "-" "Mozilla/5.0 (compatible; YandexBot/3.0; +http://yandex.com/bots)"
100.21.24.205 - - [08/Nov/2023:04:18:02 +0100] "GET /placemats-c-12_156.html?page=8 HTTP/1.0" 200 100314 "-" "thesis-research-bot"
46.4.108.51 - - [08/Nov/2023:04:18:03 +0100] "GET /magnet-papa-super-papa-p-57080.html HTTP/1.0" 200 80311 "-" "Mozilla/5.0 (compatible; AwarioBot/1.0; +https://awario.com/bots.html)"
44.230.252.91 - - [08/Nov/2023:04:18:03 +0100] "GET /bowls-c-12_60.html?page=4 HTTP/1.0" 200 98358 "-" "thesis-research-bot"
52.25.208.208 - - [08/Nov/2023:04:18:03 +0100] "GET /placemats-c-12_156.html?page=9 HTTP/1.0" 200 100788 "-" "thesis-research-bot"
52.25.208.208 - - [08/Nov/2023:04:18:04 +0100] "GET /mickey-club-house-umbrella-p-20499.html HTTP/1.0" 200 79883 "-" "thesis-research-bot"
100.21.24.205 - - [08/Nov/2023:04:18:05 +0100] "GET /mickey-club-house-umbrella-p-20500.html HTTP/1.0" 200 79870 "-" "thesis-research-bot"
44.230.252.91 - - [08/Nov/2023:04:18:06 +0100] "GET /gorse-umbrella-flower-fairies-p-41705.html HTTP/1.0" 200 81523 "-" "thesis-research-bot"
44.230.252.91 - - [08/Nov/2023:04:18:07 +0100] "GET /cotton-mattress-anti-dust-mite-p-48991.html HTTP/1.0" 200 79854 "-" "thesis-research-bot"
44.230.252.91 - - [08/Nov/2023:04:18:08 +0100] "GET /softy-cotton-fleece-mattress-p-54411.html HTTP/1.0" 200 79874 "-" "thesis-research-bot"
44.230.252.91 - - [08/Nov/2023:04:18:09 +0100] "GET /softy-cotton-fleece-mattress-p-56954.html HTTP/1.0" 200 79874 "-" "thesis-research-bot"
44.230.252.91 - - [08/Nov/2023:04:18:10 +0100] "GET /softy-cotton-fleece-mattress-p-56955.html HTTP/1.0" 200 79874 "-" "thesis-research-bot"
100.21.24.205 - - [08/Nov/2023:04:18:11 +0100] "GET /table-lamps-c-86_286.html?page=10 HTTP/1.0" 200 99911 "-" "thesis-research-bot"
100.21.24.205 - - [08/Nov/2023:04:18:12 +0100] "GET /table-lamps-c-86_286.html?page=11 HTTP/1.0" 200 98526 "-" "thesis-research-bot"
46.4.108.51 - - [08/Nov/2023:04:18:14 +0100] "GET /magnet-pour-meilleur-papi-monde-p-56566.html HTTP/1.0" 200 80356 "-" "Mozilla/5.0 (compatible; AwarioBot/1.0; +https://awario.com/bots.html)"
44.230.252.91 - - [08/Nov/2023:04:18:13 +0100] "GET /rugs-c-11_269.html?page=2 HTTP/1.0" 200 99003 "-" "thesis-research-bot"
100.21.24.205 - - [08/Nov/2023:04:18:14 +0100] "GET /rugs-c-11_269.html?page=3 HTTP/1.0" 200 97545 "-" "thesis-research-bot"
52.25.208.208 - - [08/Nov/2023:04:18:15 +0100] "GET /rugs-c-11_269.html?page=4 HTTP/1.0" 200 97883 "-" "thesis-research-bot"
100.21.24.205 - - [08/Nov/2023:04:18:16 +0100] "GET /rugs-c-11_269.html?page=5 HTTP/1.0" 200 97916 "-" "thesis-research-bot"
52.70.240.171 - - [08/Nov/2023:04:18:17 +0100] "GET /roommates-mini-rectangular-tray-p-54907.html HTTP/1.0" 200 79772 "-" "Mozilla/5.0 (Macintosh; Intel Mac OS X 10_10_1) AppleWebKit/600.2.5 (KHTML, like Gecko) Version/8.0.2 Safari/600.2.5 (Amazonbot/0.1; +https://developer.amazon.com/support/amazonbot)"
44.230.252.91 - - [08/Nov/2023:04:18:17 +0100] "GET /rugs-c-11_269.html?page=6 HTTP/1.0" 200 98085 "-" "thesis-research-bot"
44.230.252.91 - - [08/Nov/2023:04:18:18 +0100] "GET /rugs-c-11_269.html?page=7 HTTP/1.0" 200 97980 "-" "thesis-research-bot"
52.70.240.171 - - [08/Nov/2023:04:18:19 +0100] "GET /cats-mini-melamine-tray-p-45138.html HTTP/1.0" 200 79727 "-" "Mozilla/5.0 (Macintosh; Intel Mac OS X 10_10_1) AppleWebKit/600.2.5 (KHTML, like Gecko) Version/8.0.2 Safari/600.2.5 (Amazonbot/0.1; +https://developer.amazon.com/support/amazonbot)"
100.21.24.205 - - [08/Nov/2023:04:18:19 +0100] "GET /rugs-c-11_269.html?page=8 HTTP/1.0" 200 97794 "-" "thesis-research-bot"
52.25.208.208 - - [08/Nov/2023:04:18:20 +0100] "GET /rugs-c-11_269.html?page=9 HTTP/1.0" 200 87138 "-" "thesis-research-bot"
44.230.252.91 - - [08/Nov/2023:04:18:21 +0100] "GET /ceramic-vase-klimt-kiss-p-53523.html HTTP/1.0" 200 80655 "-" "thesis-research-bot"
3.224.220.101 - - [08/Nov/2023:04:18:21 +0100] "GET /little-prince-exupery-little-tray-p-55864.html HTTP/1.0" 200 80009 "-" "Mozilla/5.0 (Macintosh; Intel Mac OS X 10_10_1) AppleWebKit/600.2.5 (KHTML, like Gecko) Version/8.0.2 Safari/600.2.5 (Amazonbot/0.1; +https://developer.amazon.com/support/amazonbot)"
52.25.208.208 - - [08/Nov/2023:04:18:22 +0100] "GET /cats-dubout-vase-gros-dodo-p-33750.html HTTP/1.0" 200 80693 "-" "thesis-research-bot"
100.21.24.205 - - [08/Nov/2023:04:18:23 +0100] "GET /dancing-music-peter-rabbit-p-56590.html HTTP/1.0" 200 80786 "-" "thesis-research-bot"
52.70.240.171 - - [08/Nov/2023:04:18:23 +0100] "GET /little-prince-exupery-little-tray-p-55863.html HTTP/1.0" 200 80677 "-" "Mozilla/5.0 (Macintosh; Intel Mac OS X 10_10_1) AppleWebKit/600.2.5 (KHTML, like Gecko) Version/8.0.2 Safari/600.2.5 (Amazonbot/0.1; +https://developer.amazon.com/support/amazonbot)"
52.25.208.208 - - [08/Nov/2023:04:18:24 +0100] "GET /hello-kitty-hair-ornements-p-13570.html HTTP/1.0" 200 79767 "-" "thesis-research-bot"
44.230.252.91 - - [08/Nov/2023:04:18:25 +0100] "GET /napkin-holder-branch-black-p-57990.html HTTP/1.0" 200 80307 "-" "thesis-research-bot"
52.25.208.208 - - [08/Nov/2023:04:18:26 +0100] "GET /napkin-holder-branch-cream-p-58519.html HTTP/1.0" 200 80300 "-" "thesis-research-bot"
52.25.208.208 - - [08/Nov/2023:04:18:27 +0100] "GET /winnie-pooh-hair-ornements-p-13565.html HTTP/1.0" 200 79783 "-" "thesis-research-bot"
