3.224.220.101 - - [08/Nov/2023:04:33:33 +0100] "GET /london-vintage-clock-p-26170.html HTTP/1.0" 200 79767 "-" "Mozilla/5.0 (Macintosh; Intel Mac OS X 10_10_1) AppleWebKit/600.2.5 (KHTML, like Gecko) Version/8.0.2 Safari/600.2.5 (Amazonbot/0.1; +https://developer.amazon.com/support/amazonbot)"
210.21.229.138 - - [08/Nov/2023:04:33:37 +0100] "GET /images/mini_prod/8433933220627.jpg HTTP/1.0" 200 269 "-" "Mozilla/5.0 (X11; Ubuntu; Linux x86_64; rv:72.0) Gecko/20100101 Firefox/72.0"
23.22.35.162 - - [08/Nov/2023:04:33:37 +0100] "GET /union-jack-flag-italian-vintage-clock-p-33378.html HTTP/1.0" 200 79837 "-" "Mozilla/5.0 (Macintosh; Intel Mac OS X 10_10_1) AppleWebKit/600.2.5 (KHTML, like Gecko) Version/8.0.2 Safari/600.2.5 (Amazonbot/0.1; +https://developer.amazon.com/support/amazonbot)"
46.4.108.51 - - [08/Nov/2023:04:33:37 +0100] "GET /marley-computer-model-p-24150.html HTTP/1.0" 200 79919 "-" "Mozilla/5.0 (compatible; AwarioBot/1.0; +https://awario.com/bots.html)"
52.25.208.208 - - [08/Nov/2023:04:33:40 +0100] "GET /-c-95_298.html HTTP/1.0" 200 85921 "-" "thesis-research-bot"
3.224.220.101 - - [08/Nov/2023:04:33:41 +0100] "GET /gare-wood-large-clock-p-38436.html HTTP/1.0" 200 79711 "-" "Mozilla/5.0 (Macintosh; Intel Mac OS X 10_10_1) AppleWebKit/600.2.5 (KHTML, like Gecko) Version/8.0.2 Safari/600.2.5 (Amazonbot/0.1; +https://developer.amazon.com/support/amazonbot)"
100.21.24.205 - - [08/Nov/2023:04:33:41 +0100] "GET /-c-95_323.html HTTP/1.0" 200 76139 "-" "thesis-research-bot"
23.22.35.162 - - [08/Nov/2023:04:33:42 +0100] "GET /clock-indian-spirit-free-spirit-p-42951.html HTTP/1.0" 200 80402 "-" "Mozilla/5.0 (Macintosh; Intel Mac OS X 10_10_1) AppleWebKit/600.2.5 (KHTML, like Gecko) Version/8.0.2 Safari/600.2.5 (Amazonbot/0.1; +https://developer.amazon.com/support/amazonbot)"
44.230.252.91 - - [08/Nov/2023:04:33:42 +0100] "GET /-c-95_324.html HTTP/1.0" 200 76139 "-" "thesis-research-bot"
100.21.24.205 - - [08/Nov/2023:04:33:43 +0100] "GET /-c-95_347.html HTTP/1.0" 200 76139 "-" "thesis-research-bot"
52.70.240.171 - - [08/Nov/2023:04:33:43 +0100] "GET /rectangular-clock-indian-spirit-p-42949.html HTTP/1.0" 200 80396 "-" "Mozilla/5.0 (Macintosh; Intel Mac OS X 10_10_1) AppleWebKit/600.2.5 (KHTML, like Gecko) Version/8.0.2 Safari/600.2.5 (Amazonbot/0.1; +https://developer.amazon.com/support/amazonbot)"
52.25.208.208 - - [08/Nov/2023:04:33:44 +0100] "GET /tray-p-57345.html HTTP/1.0" 200 79597 "-" "thesis-research-bot"
44.230.252.91 - - [08/Nov/2023:04:33:45 +0100] "GET /artisanal-p-60307.html HTTP/1.0" 200 80401 "-" "thesis-research-bot"
3.224.220.101 - - [08/Nov/2023:04:33:45 +0100] "GET /zodiacal-clock-cbkreation-p-28581.html HTTP/1.0" 200 79635 "-" "Mozilla/5.0 (Macintosh; Intel Mac OS X 10_10_1) AppleWebKit/600.2.5 (KHTML, like Gecko) Version/8.0.2 Safari/600.2.5 (Amazonbot/0.1; +https://developer.amazon.com/support/amazonbot)"
44.230.252.91 - - [08/Nov/2023:04:33:46 +0100] "GET /artisanal-p-60308.html HTTP/1.0" 200 80401 "-" "thesis-research-bot"
44.230.252.91 - - [08/Nov/2023:04:33:47 +0100] "GET /fish-wooden-p-35652.html HTTP/1.0" 200 80335 "-" "thesis-research-bot"
46.4.108.51 - - [08/Nov/2023:04:33:48 +0100] "GET /marley-green-alarm-clock-p-14115.html HTTP/1.0" 200 80325 "-" "Mozilla/5.0 (compatible; AwarioBot/1.0; +https://awario.com/bots.html)"
52.25.208.208 - - [08/Nov/2023:04:33:48 +0100] "GET /small-carved-p-41662.html HTTP/1.0" 200 81014 "-" "thesis-research-bot"
3.224.220.101 - - [08/Nov/2023:04:33:48 +0100] "GET /rectangular-clock-indian-spirit-p-42947.html HTTP/1.0" 200 79769 "-" "Mozilla/5.0 (Macintosh; Intel Mac OS X 10_10_1) AppleWebKit/600.2.5 (KHTML, like Gecko) Version/8.0.2 Safari/600.2.5 (Amazonbot/0.1; +https://developer.amazon.com/support/amazonbot)"
52.25.208.208 - - [08/Nov/2023:04:33:49 +0100] "GET /blue-artisanal-p-60309.html HTTP/1.0" 200 80419 "-" "thesis-research-bot"
100.21.24.205 - - [08/Nov/2023:04:33:50 +0100] "GET /love-safe-book-p-60962.html HTTP/1.0" 200 80870 "-" "thesis-research-bot"
3.224.220.101 - - [08/Nov/2023:04:33:51 +0100] "GET /plaster-clock-handmade-provence-p-58043.html HTTP/1.0" 200 80625 "-" "Mozilla/5.0 (Macintosh; Intel Mac OS X 10_10_1) AppleWebKit/600.2.5 (KHTML, like Gecko) Version/8.0.2 Safari/600.2.5 (Amazonbot/0.1; +https://developer.amazon.com/support/amazonbot)"
44.230.252.91 - - [08/Nov/2023:04:33:51 +0100] "GET /love-safe-book-p-60963.html HTTP/1.0" 200 81064 "-" "thesis-research-bot"
52.167.144.205 - - [08/Nov/2023:04:33:53 +0100] "GET /decorations-and-furnishings/mouse-pad/dragon-ball-muten-roshi-mouse-pad-p-18076.html HTTP/1.0" 301 679 "-" "Mozilla/5.0 AppleWebKit/537.36 (KHTML, like Gecko; compatible; bingbot/2.0; +http://www.bing.com/bingbot.htm) Chrome/103.0.5060.134 Safari/537.36"
100.21.24.205 - - [08/Nov/2023:04:33:52 +0100] "GET /world-safe-book-p-59936.html HTTP/1.0" 200 81077 "-" "thesis-research-bot"
44.230.252.91 - - [08/Nov/2023:04:33:53 +0100] "GET /blue-ginkgo-tray-p-56803.html HTTP/1.0" 200 79669 "-" "thesis-research-bot"
44.230.252.91 - - [08/Nov/2023:04:33:54 +0100] "GET /family-safe-book-p-59932.html HTTP/1.0" 200 80959 "-" "thesis-research-bot"
100.21.24.205 - - [08/Nov/2023:04:33:55 +0100] "GET /family-safe-book-p-59934.html HTTP/1.0" 200 80958 "-" "thesis-research-bot"
173.252.83.111 - - [08/Nov/2023:04:33:58 +0100] "GET /images/mini_prod/3453131131452.jpg HTTP/1.0" 200 269 "-" "facebookexternalhit/1.1 (+http://www.facebook.com/externalhit_uatext.php)"
44.230.252.91 - - [08/Nov/2023:04:33:56 +0100] "GET /tarot-lotus-wood-p-55098.html HTTP/1.0" 200 81036 "-" "thesis-research-bot"
100.21.24.205 - - [08/Nov/2023:04:33:57 +0100] "GET /wooden-deco-tray-p-47309.html HTTP/1.0" 200 80536 "-" "thesis-research-bot"
52.70.240.171 - - [08/Nov/2023:04:33:57 +0100] "GET /union-jack-flag-clock-p-33377.html HTTP/1.0" 200 79683 "-" "Mozilla/5.0 (Macintosh; Intel Mac OS X 10_10_1) AppleWebKit/600.2.5 (KHTML, like Gecko) Version/8.0.2 Safari/600.2.5 (Amazonbot/0.1; +https://developer.amazon.com/support/amazonbot)"
100.21.24.205 - - [08/Nov/2023:04:33:58 +0100] "GET /wooden-deco-tray-p-47311.html HTTP/1.0" 200 80536 "-" "thesis-research-bot"
100.21.24.205 - - [08/Nov/2023:04:33:59 +0100] "GET /wooden-deco-tray-p-47313.html HTTP/1.0" 200 80536 "-" "thesis-research-bot"
3.224.220.101 - - [08/Nov/2023:04:33:59 +0100] "GET /horse-club-nici-clock-p-14906.html HTTP/1.0" 200 79599 "-" "Mozilla/5.0 (Macintosh; Intel Mac OS X 10_10_1) AppleWebKit/600.2.5 (KHTML, like Gecko) Version/8.0.2 Safari/600.2.5 (Amazonbot/0.1; +https://developer.amazon.com/support/amazonbot)"
52.25.208.208 - - [08/Nov/2023:04:34:00 +0100] "GET /snack-cooler-c-31_235.html HTTP/1.0" 200 97696 "-" "thesis-research-bot"
100.21.24.205 - - [08/Nov/2023:04:34:01 +0100] "GET /tarot-copper-color-p-55341.html HTTP/1.0" 200 80550 "-" "thesis-research-bot"
52.70.240.171 - - [08/Nov/2023:04:34:01 +0100] "GET /paris-glass-wall-clock-p-10446.html HTTP/1.0" 200 80248 "-" "Mozilla/5.0 (Macintosh; Intel Mac OS X 10_10_1) AppleWebKit/600.2.5 (KHTML, like Gecko) Version/8.0.2 Safari/600.2.5 (Amazonbot/0.1; +https://developer.amazon.com/support/amazonbot)"
44.230.252.91 - - [08/Nov/2023:04:34:02 +0100] "GET /bamboo-retro-tray-allergique-matin-p-51686.html HTTP/1.0" 200 79766 "-" "thesis-research-bot"
85.208.96.199 - - [08/Nov/2023:04:34:03 +0100] "GET /cats-shower-curtain-p-55300.html HTTP/1.0" 200 77363 "-" "Mozilla/5.0 (compatible; SemrushBot/7~bl; +http://www.semrush.com/bot.html)"
46.4.108.51 - - [08/Nov/2023:04:34:03 +0100] "GET /marley-green-alarm-clock-p-14117.html HTTP/1.0" 200 80308 "-" "Mozilla/5.0 (compatible; AwarioBot/1.0; +https://awario.com/bots.html)"
100.21.24.205 - - [08/Nov/2023:04:34:03 +0100] "GET /bamboo-retro-tray-p-51684.html HTTP/1.0" 200 79666 "-" "thesis-research-bot"
44.230.252.91 - - [08/Nov/2023:04:34:04 +0100] "GET /klimt-little-tray-p-51679.html HTTP/1.0" 200 79658 "-" "thesis-research-bot"
100.21.24.205 - - [08/Nov/2023:04:34:05 +0100] "GET /tarot-flower-life-p-58366.html HTTP/1.0" 200 80690 "-" "thesis-research-bot"
100.21.24.205 - - [08/Nov/2023:04:34:06 +0100] "GET /tarot-ganesh-wood-p-55099.html HTTP/1.0" 200 80481 "-" "thesis-research-bot"
52.25.208.208 - - [08/Nov/2023:04:34:07 +0100] "GET /love-york-safe-book-p-60961.html HTTP/1.0" 200 81227 "-" "thesis-research-bot"
44.230.252.91 - - [08/Nov/2023:04:34:08 +0100] "GET /mandala-wooden-tray-p-52248.html HTTP/1.0" 200 79747 "-" "thesis-research-bot"
52.25.208.208 - - [08/Nov/2023:04:34:09 +0100] "GET /wooden-with-chiseled-brass-decoration-p-55078.html HTTP/1.0" 200 80752 "-" "thesis-research-bot"
46.4.108.51 - - [08/Nov/2023:04:34:09 +0100] "GET /marley-mirror-p-7142.html HTTP/1.0" 200 79520 "-" "Mozilla/5.0 (compatible; AwarioBot/1.0; +https://awario.com/bots.html)"
52.25.208.208 - - [08/Nov/2023:04:34:10 +0100] "GET /decorative-mango-wood-with-sand-drawing-p-60630.html HTTP/1.0" 200 80809 "-" "thesis-research-bot"
52.25.208.208 - - [08/Nov/2023:04:34:11 +0100] "GET /love-paris-safe-book-p-60960.html HTTP/1.0" 200 80977 "-" "thesis-research-bot"
100.21.24.205 - - [08/Nov/2023:04:34:12 +0100] "GET /tree-life-round-wood-p-57889.html HTTP/1.0" 200 80734 "-" "thesis-research-bot"
100.21.24.205 - - [08/Nov/2023:04:34:13 +0100] "GET /decorative-candles-c-231_227_352.html HTTP/1.0" 200 97530 "-" "thesis-research-bot"
54.36.148.221 - - [08/Nov/2023:04:34:13 +0100] "GET /clocks-c-13_67.html HTTP/1.0" 200 99353 "-" "Mozilla/5.0 (compatible; AhrefsBot/7.0; +http://ahrefs.com/robot/)"
100.21.24.205 - - [08/Nov/2023:04:34:14 +0100] "GET /beach-cabin-tray-melamine-p-54920.html HTTP/1.0" 200 79798 "-" "thesis-research-bot"
52.25.208.208 - - [08/Nov/2023:04:34:16 +0100] "GET /tarot-lotus-copper-colour-p-43196.html HTTP/1.0" 200 80611 "-" "thesis-research-bot"
46.4.108.51 - - [08/Nov/2023:04:34:16 +0100] "GET /marley-pencil-p-5062.html HTTP/1.0" 200 79575 "-" "Mozilla/5.0 (compatible; AwarioBot/1.0; +https://awario.com/bots.html)"
44.230.252.91 - - [08/Nov/2023:04:34:16 +0100] "GET /small-retro-paris-tray-p-17061.html HTTP/1.0" 200 79856 "-" "thesis-research-bot"
54.36.148.10 - - [08/Nov/2023:04:34:19 +0100] "GET /images/mini_prod/1399984254189.jpg HTTP/1.0" 200 269 "-" "Mozilla/5.0 (compatible; AhrefsBot/7.0; +http://ahrefs.com/robot/)"
54.36.148.248 - - [08/Nov/2023:04:34:19 +0100] "GET /images/mini_prod/5415203902399.jpg HTTP/1.0" 200 269 "-" "Mozilla/5.0 (compatible; AhrefsBot/7.0; +http://ahrefs.com/robot/)"
54.36.148.177 - - [08/Nov/2023:04:34:19 +0100] "GET /images/mini_prod/1399984263266.jpg HTTP/1.0" 200 269 "-" "Mozilla/5.0 (compatible; AhrefsBot/7.0; +http://ahrefs.com/robot/)"
54.36.149.87 - - [08/Nov/2023:04:34:19 +0100] "GET /images/mini_prod/B1399984254189B.jpg HTTP/1.0" 200 271 "-" "Mozilla/5.0 (compatible; AhrefsBot/7.0; +http://ahrefs.com/robot/)"
54.36.148.195 - - [08/Nov/2023:04:34:19 +0100] "GET /images/mini_prod/3700281652666.jpg HTTP/1.0" 200 269 "-" "Mozilla/5.0 (compatible; AhrefsBot/7.0; +http://ahrefs.com/robot/)"
54.36.149.104 - - [08/Nov/2023:04:34:19 +0100] "GET /images/mini_prod/8480811508001.jpg HTTP/1.0" 200 269 "-" "Mozilla/5.0 (compatible; AhrefsBot/7.0; +http://ahrefs.com/robot/)"
54.36.148.201 - - [08/Nov/2023:04:34:19 +0100] "GET /images/mini_prod/8499132033246.jpg HTTP/1.0" 200 269 "-" "Mozilla/5.0 (compatible; AhrefsBot/7.0; +http://ahrefs.com/robot/)"
54.36.148.234 - - [08/Nov/2023:04:34:19 +0100] "GET /images/mini_prod/8433933278192.jpg HTTP/1.0" 200 269 "-" "Mozilla/5.0 (compatible; AhrefsBot/7.0; +http://ahrefs.com/robot/)"
54.36.148.86 - - [08/Nov/2023:04:34:19 +0100] "GET /images/mini_prod/1384000001625.jpg HTTP/1.0" 200 269 "-" "Mozilla/5.0 (compatible; AhrefsBot/7.0; +http://ahrefs.com/robot/)"
54.36.148.200 - - [08/Nov/2023:04:34:21 +0100] "GET /images/mini_prod/8433933161821.jpg HTTP/1.0" 200 269 "-" "Mozilla/5.0 (compatible; AhrefsBot/7.0; +http://ahrefs.com/robot/)"
54.36.148.93 - - [08/Nov/2023:04:34:21 +0100] "GET /images/mini_prod/8433933161883.jpg HTTP/1.0" 200 269 "-" "Mozilla/5.0 (compatible; AhrefsBot/7.0; +http://ahrefs.com/robot/)"
54.36.148.1 - - [08/Nov/2023:04:34:21 +0100] "GET /images/mini_prod/8433933278185.jpg HTTP/1.0" 200 269 "-" "Mozilla/5.0 (compatible; AhrefsBot/7.0; +http://ahrefs.com/robot/)"
54.36.148.243 - - [08/Nov/2023:04:34:21 +0100] "GET /images/mini_prod/3845653503013.jpg HTTP/1.0" 200 269 "-" "Mozilla/5.0 (compatible; AhrefsBot/7.0; +http://ahrefs.com/robot/)"
54.36.148.76 - - [08/Nov/2023:04:34:21 +0100] "GET /images/mini_prod/3438100284476.jpg HTTP/1.0" 200 269 "-" "Mozilla/5.0 (compatible; AhrefsBot/7.0; +http://ahrefs.com/robot/)"
54.36.148.50 - - [08/Nov/2023:04:34:21 +0100] "GET /images/mini_prod/1384000001052B.jpg HTTP/1.0" 200 270 "-" "Mozilla/5.0 (compatible; AhrefsBot/7.0; +http://ahrefs.com/robot/)"
54.36.148.125 - - [08/Nov/2023:04:34:22 +0100] "GET /images/mini_prod/1300000022446NN.jpg HTTP/1.0" 200 271 "-" "Mozilla/5.0 (compatible; AhrefsBot/7.0; +http://ahrefs.com/robot/)"
54.36.149.57 - - [08/Nov/2023:04:34:22 +0100] "GET /images/mini_prod/8433933161807.jpg HTTP/1.0" 200 269 "-" "Mozilla/5.0 (compatible; AhrefsBot/7.0; +http://ahrefs.com/robot/)"
54.36.148.92 - - [08/Nov/2023:04:34:22 +0100] "GET /images/mini_prod/1399984263273.jpg HTTP/1.0" 200 269 "-" "Mozilla/5.0 (compatible; AhrefsBot/7.0; +http://ahrefs.com/robot/)"
54.36.148.14 - - [08/Nov/2023:04:34:22 +0100] "GET /images/mini_prod/8499132033253.jpg HTTP/1.0" 200 269 "-" "Mozilla/5.0 (compatible; AhrefsBot/7.0; +http://ahrefs.com/robot/)"
46.4.108.51 - - [08/Nov/2023:04:34:24 +0100] "GET /marley-pencil-p-5064.html HTTP/1.0" 200 79680 "-" "Mozilla/5.0 (compatible; AwarioBot/1.0; +https://awario.com/bots.html)"
23.22.35.162 - - [08/Nov/2023:04:34:24 +0100] "GET /industrial-retro-clock-aged-metal-p-45092.html HTTP/1.0" 200 80813 "-" "Mozilla/5.0 (Macintosh; Intel Mac OS X 10_10_1) AppleWebKit/600.2.5 (KHTML, like Gecko) Version/8.0.2 Safari/600.2.5 (Amazonbot/0.1; +https://developer.amazon.com/support/amazonbot)"
3.224.220.101 - - [08/Nov/2023:04:34:25 +0100] "GET /allen-toucan-clock-p-60698.html HTTP/1.0" 200 80422 "-" "Mozilla/5.0 (Macintosh; Intel Mac OS X 10_10_1) AppleWebKit/600.2.5 (KHTML, like Gecko) Version/8.0.2 Safari/600.2.5 (Amazonbot/0.1; +https://developer.amazon.com/support/amazonbot)"
185.191.171.5 - - [08/Nov/2023:04:34:26 +0100] "GET /-p-45250.html HTTP/1.0" 200 77271 "-" "Mozilla/5.0 (compatible; SemrushBot/7~bl; +http://www.semrush.com/bot.html)"
173.252.83.5 - - [08/Nov/2023:04:34:29 +0100] "GET /images/big_prod_1/8424346227204B.jpg HTTP/1.0" 200 271 "-" "facebookexternalhit/1.1 (+http://www.facebook.com/externalhit_uatext.php)"
3.224.220.101 - - [08/Nov/2023:04:34:28 +0100] "GET /camera-metal-clock-p-56606.html HTTP/1.0" 200 80739 "-" "Mozilla/5.0 (Macintosh; Intel Mac OS X 10_10_1) AppleWebKit/600.2.5 (KHTML, like Gecko) Version/8.0.2 Safari/600.2.5 (Amazonbot/0.1; +https://developer.amazon.com/support/amazonbot)"
52.70.240.171 - - [08/Nov/2023:04:34:29 +0100] "GET /large-hanging-clock-retro-metal-wood-p-51997.html HTTP/1.0" 200 79948 "-" "Mozilla/5.0 (Macintosh; Intel Mac OS X 10_10_1) AppleWebKit/600.2.5 (KHTML, like Gecko) Version/8.0.2 Safari/600.2.5 (Amazonbot/0.1; +https://developer.amazon.com/support/amazonbot)"
100.21.24.205 - - [08/Nov/2023:04:34:30 +0100] "GET /allen-tote-p-47660.html HTTP/1.0" 200 80255 "-" "thesis-research-bot"
52.70.240.171 - - [08/Nov/2023:04:34:30 +0100] "GET /turbine-metal-clock-p-46356.html HTTP/1.0" 200 80293 "-" "Mozilla/5.0 (Macintosh; Intel Mac OS X 10_10_1) AppleWebKit/600.2.5 (KHTML, like Gecko) Version/8.0.2 Safari/600.2.5 (Amazonbot/0.1; +https://developer.amazon.com/support/amazonbot)"
52.25.208.208 - - [08/Nov/2023:04:34:31 +0100] "GET /allen-tote-p-47661.html HTTP/1.0" 200 80255 "-" "thesis-research-bot"
52.70.240.171 - - [08/Nov/2023:04:34:32 +0100] "GET /allen-panda-clock-p-60700.html HTTP/1.0" 200 80305 "-" "Mozilla/5.0 (Macintosh; Intel Mac OS X 10_10_1) AppleWebKit/600.2.5 (KHTML, like Gecko) Version/8.0.2 Safari/600.2.5 (Amazonbot/0.1; +https://developer.amazon.com/support/amazonbot)"
100.21.24.205 - - [08/Nov/2023:04:34:32 +0100] "GET /klimt-tote-p-51201.html HTTP/1.0" 200 79610 "-" "thesis-research-bot"
44.230.252.91 - - [08/Nov/2023:04:34:33 +0100] "GET /happy-reporter-p-21802.html HTTP/1.0" 200 79976 "-" "thesis-research-bot"
52.25.208.208 - - [08/Nov/2023:04:34:34 +0100] "GET /crasy-allen-tote-p-53173.html HTTP/1.0" 200 79683 "-" "thesis-research-bot"
44.230.252.91 - - [08/Nov/2023:04:34:35 +0100] "GET /crasy-allen-tote-p-53174.html HTTP/1.0" 200 79683 "-" "thesis-research-bot"
3.224.220.101 - - [08/Nov/2023:04:34:35 +0100] "GET /neon-guitar-clock-p-26606.html HTTP/1.0" 200 80302 "-" "Mozilla/5.0 (Macintosh; Intel Mac OS X 10_10_1) AppleWebKit/600.2.5 (KHTML, like Gecko) Version/8.0.2 Safari/600.2.5 (Amazonbot/0.1; +https://developer.amazon.com/support/amazonbot)"
44.230.252.91 - - [08/Nov/2023:04:34:36 +0100] "GET /despicable-satchel-p-30361.html HTTP/1.0" 200 79899 "-" "thesis-research-bot"
52.25.208.208 - - [08/Nov/2023:04:34:37 +0100] "GET /figc-blue-shopping-p-26006.html HTTP/1.0" 200 79867 "-" "thesis-research-bot"
44.230.252.91 - - [08/Nov/2023:04:34:38 +0100] "GET /french-riviera-black-cotton-shopping-p-38653.html HTTP/1.0" 200 79985 "-" "thesis-research-bot"
100.21.24.205 - - [08/Nov/2023:04:34:39 +0100] "GET /figc-beige-shopping-p-48843.html HTTP/1.0" 200 79870 "-" "thesis-research-bot"
46.4.108.51 - - [08/Nov/2023:04:34:40 +0100] "GET /marley-pencil-p-5065.html HTTP/1.0" 200 79581 "-" "Mozilla/5.0 (compatible; AwarioBot/1.0; +https://awario.com/bots.html)"
52.25.208.208 - - [08/Nov/2023:04:34:40 +0100] "GET /foldable-klimt-kiss-p-54987.html HTTP/1.0" 200 79903 "-" "thesis-research-bot"
23.22.35.162 - - [08/Nov/2023:04:34:40 +0100] "GET /blossoms-watering-pendulum-clock-p-52389.html HTTP/1.0" 200 80490 "-" "Mozilla/5.0 (Macintosh; Intel Mac OS X 10_10_1) AppleWebKit/600.2.5 (KHTML, like Gecko) Version/8.0.2 Safari/600.2.5 (Amazonbot/0.1; +https://developer.amazon.com/support/amazonbot)"
100.21.24.205 - - [08/Nov/2023:04:34:41 +0100] "GET /shopping-klimt-kiss-p-60693.html HTTP/1.0" 200 80366 "-" "thesis-research-bot"
85.208.96.193 - - [08/Nov/2023:04:34:42 +0100] "GET /decoration-african-water-carrier-p-52877.html HTTP/1.0" 200 77397 "-" "Mozilla/5.0 (compatible; SemrushBot/7~bl; +http://www.semrush.com/bot.html)"
44.230.252.91 - - [08/Nov/2023:04:34:42 +0100] "GET /nippon-doll-shoulder-p-27007.html HTTP/1.0" 200 80023 "-" "thesis-research-bot"
100.21.24.205 - - [08/Nov/2023:04:34:43 +0100] "GET /nippon-doll-shoulder-p-27008.html HTTP/1.0" 200 80023 "-" "thesis-research-bot"
44.230.252.91 - - [08/Nov/2023:04:34:44 +0100] "GET /nippon-doll-shoulder-p-27009.html HTTP/1.0" 200 80023 "-" "thesis-research-bot"
85.208.96.212 - - [08/Nov/2023:04:34:45 +0100] "GET /insulated-bottle-planet-p-58202.html HTTP/1.0" 200 80563 "-" "Mozilla/5.0 (compatible; SemrushBot/7~bl; +http://www.semrush.com/bot.html)"
44.230.252.91 - - [08/Nov/2023:04:34:45 +0100] "GET /dubout-cats-tote-papillon-p-47163.html HTTP/1.0" 200 79747 "-" "thesis-research-bot"
3.224.220.101 - - [08/Nov/2023:04:34:50 +0100] "GET /islande-clock-cbkreation-p-36923.html HTTP/1.0" 200 79652 "-" "Mozilla/5.0 (Macintosh; Intel Mac OS X 10_10_1) AppleWebKit/600.2.5 (KHTML, like Gecko) Version/8.0.2 Safari/600.2.5 (Amazonbot/0.1; +https://developer.amazon.com/support/amazonbot)"
46.4.108.51 - - [08/Nov/2023:04:34:55 +0100] "GET /robots.txt HTTP/1.0" 200 245 "-" "Mozilla/5.0 (compatible; AwarioBot/1.0; +https://awario.com/bots.html)"
46.4.108.51 - - [08/Nov/2023:04:34:55 +0100] "GET /marley-yellow-alarm-clock-p-14119.html HTTP/1.0" 200 79719 "-" "Mozilla/5.0 (compatible; AwarioBot/1.0; +https://awario.com/bots.html)"
52.70.240.171 - - [08/Nov/2023:04:34:58 +0100] "GET /grenade-clock-cbkreation-p-36919.html HTTP/1.0" 200 79652 "-" "Mozilla/5.0 (Macintosh; Intel Mac OS X 10_10_1) AppleWebKit/600.2.5 (KHTML, like Gecko) Version/8.0.2 Safari/600.2.5 (Amazonbot/0.1; +https://developer.amazon.com/support/amazonbot)"
85.208.96.193 - - [08/Nov/2023:04:35:00 +0100] "GET /smith-wesson-metal-plate-deco-p-41076.html HTTP/1.0" 200 79782 "-" "Mozilla/5.0 (compatible; SemrushBot/7~bl; +http://www.semrush.com/bot.html)"
23.22.35.162 - - [08/Nov/2023:04:35:00 +0100] "GET /croatie-clock-cbkreation-p-36914.html HTTP/1.0" 200 79651 "-" "Mozilla/5.0 (Macintosh; Intel Mac OS X 10_10_1) AppleWebKit/600.2.5 (KHTML, like Gecko) Version/8.0.2 Safari/600.2.5 (Amazonbot/0.1; +https://developer.amazon.com/support/amazonbot)"
3.224.220.101 - - [08/Nov/2023:04:35:05 +0100] "GET /cuba-clock-cbkreation-p-36681.html HTTP/1.0" 200 79640 "-" "Mozilla/5.0 (Macintosh; Intel Mac OS X 10_10_1) AppleWebKit/600.2.5 (KHTML, like Gecko) Version/8.0.2 Safari/600.2.5 (Amazonbot/0.1; +https://developer.amazon.com/support/amazonbot)"
85.208.96.207 - - [08/Nov/2023:04:35:06 +0100] "GET /london-shoulder-p-10997.html HTTP/1.0" 200 77335 "-" "Mozilla/5.0 (compatible; SemrushBot/7~bl; +http://www.semrush.com/bot.html)"
46.4.108.51 - - [08/Nov/2023:04:35:07 +0100] "GET /marley-young-mirror-p-19673.html HTTP/1.0" 200 79553 "-" "Mozilla/5.0 (compatible; AwarioBot/1.0; +https://awario.com/bots.html)"
23.22.35.162 - - [08/Nov/2023:04:35:07 +0100] "GET /irlande-clock-cbkreation-p-36922.html HTTP/1.0" 200 79651 "-" "Mozilla/5.0 (Macintosh; Intel Mac OS X 10_10_1) AppleWebKit/600.2.5 (KHTML, like Gecko) Version/8.0.2 Safari/600.2.5 (Amazonbot/0.1; +https://developer.amazon.com/support/amazonbot)"
85.208.96.198 - - [08/Nov/2023:04:35:15 +0100] "GET /small-white-money-p-54798.html HTTP/1.0" 200 77345 "-" "Mozilla/5.0 (compatible; SemrushBot/7~bl; +http://www.semrush.com/bot.html)"
46.4.108.51 - - [08/Nov/2023:04:35:20 +0100] "GET /marley-zippo-lighter-p-29779.html HTTP/1.0" 200 80086 "-" "Mozilla/5.0 (compatible; AwarioBot/1.0; +https://awario.com/bots.html)"
23.22.35.162 - - [08/Nov/2023:04:35:25 +0100] "GET /italian-clock-cbkreation-p-28477.html HTTP/1.0" 200 79620 "-" "Mozilla/5.0 (Macintosh; Intel Mac OS X 10_10_1) AppleWebKit/600.2.5 (KHTML, like Gecko) Version/8.0.2 Safari/600.2.5 (Amazonbot/0.1; +https://developer.amazon.com/support/amazonbot)"
46.4.108.51 - - [08/Nov/2023:04:35:27 +0100] "GET /marmot-dish-cake-p-45125.html HTTP/1.0" 200 79577 "-" "Mozilla/5.0 (compatible; AwarioBot/1.0; +https://awario.com/bots.html)"
52.70.240.171 - - [08/Nov/2023:04:35:29 +0100] "GET /equateur-clock-cbkreation-p-36915.html HTTP/1.0" 200 79659 "-" "Mozilla/5.0 (Macintosh; Intel Mac OS X 10_10_1) AppleWebKit/600.2.5 (KHTML, like Gecko) Version/8.0.2 Safari/600.2.5 (Amazonbot/0.1; +https://developer.amazon.com/support/amazonbot)"
40.77.167.52 - - [08/Nov/2023:04:35:30 +0100] "GET /indoor-fountains-c-13_272.html HTTP/1.0" 200 87623 "-" "Mozilla/5.0 AppleWebKit/537.36 (KHTML, like Gecko; compatible; bingbot/2.0; +http://www.bing.com/bingbot.htm) Chrome/103.0.5060.134 Safari/537.36"
23.22.35.162 - - [08/Nov/2023:04:35:32 +0100] "GET /mexique-clock-cbkreation-p-28476.html HTTP/1.0" 200 79621 "-" "Mozilla/5.0 (Macintosh; Intel Mac OS X 10_10_1) AppleWebKit/600.2.5 (KHTML, like Gecko) Version/8.0.2 Safari/600.2.5 (Amazonbot/0.1; +https://developer.amazon.com/support/amazonbot)"
23.22.35.162 - - [08/Nov/2023:04:35:33 +0100] "GET /chili-clock-cbkreation-p-36834.html HTTP/1.0" 200 79637 "-" "Mozilla/5.0 (Macintosh; Intel Mac OS X 10_10_1) AppleWebKit/600.2.5 (KHTML, like Gecko) Version/8.0.2 Safari/600.2.5 (Amazonbot/0.1; +https://developer.amazon.com/support/amazonbot)"
23.22.35.162 - - [08/Nov/2023:04:35:35 +0100] "GET /colombie-clock-cbkreation-p-36916.html HTTP/1.0" 200 79658 "-" "Mozilla/5.0 (Macintosh; Intel Mac OS X 10_10_1) AppleWebKit/600.2.5 (KHTML, like Gecko) Version/8.0.2 Safari/600.2.5 (Amazonbot/0.1; +https://developer.amazon.com/support/amazonbot)"
52.70.240.171 - - [08/Nov/2023:04:35:37 +0100] "GET /liban-clock-cbkreation-p-36924.html HTTP/1.0" 200 79637 "-" "Mozilla/5.0 (Macintosh; Intel Mac OS X 10_10_1) AppleWebKit/600.2.5 (KHTML, like Gecko) Version/8.0.2 Safari/600.2.5 (Amazonbot/0.1; +https://developer.amazon.com/support/amazonbot)"
52.70.240.171 - - [08/Nov/2023:04:35:36 +0100] "GET /finlande-clock-cbkreation-p-36918.html HTTP/1.0" 200 79659 "-" "Mozilla/5.0 (Macintosh; Intel Mac OS X 10_10_1) AppleWebKit/600.2.5 (KHTML, like Gecko) Version/8.0.2 Safari/600.2.5 (Amazonbot/0.1; +https://developer.amazon.com/support/amazonbot)"
23.22.35.162 - - [08/Nov/2023:04:35:45 +0100] "GET /grece-clock-cbkreation-p-36917.html HTTP/1.0" 200 79638 "-" "Mozilla/5.0 (Macintosh; Intel Mac OS X 10_10_1) AppleWebKit/600.2.5 (KHTML, like Gecko) Version/8.0.2 Safari/600.2.5 (Amazonbot/0.1; +https://developer.amazon.com/support/amazonbot)"
46.4.108.51 - - [08/Nov/2023:04:35:46 +0100] "GET /marseillaise-expressions-white-women-shirt-p-35575.html HTTP/1.0" 200 81713 "-" "Mozilla/5.0 (compatible; AwarioBot/1.0; +https://awario.com/bots.html)"
85.208.96.209 - - [08/Nov/2023:04:35:46 +0100] "GET /stitch-mini-figurine-p-56808.html HTTP/1.0" 200 80653 "-" "Mozilla/5.0 (compatible; SemrushBot/7~bl; +http://www.semrush.com/bot.html)"
23.22.35.162 - - [08/Nov/2023:04:35:48 +0100] "GET /india-clock-cbkreation-p-36921.html HTTP/1.0" 200 79637 "-" "Mozilla/5.0 (Macintosh; Intel Mac OS X 10_10_1) AppleWebKit/600.2.5 (KHTML, like Gecko) Version/8.0.2 Safari/600.2.5 (Amazonbot/0.1; +https://developer.amazon.com/support/amazonbot)"
85.208.96.209 - - [08/Nov/2023:04:35:50 +0100] "GET /windchime-wood-five-chimes-p-43514.html HTTP/1.0" 200 77365 "-" "Mozilla/5.0 (compatible; SemrushBot/7~bl; +http://www.semrush.com/bot.html)"
85.208.96.194 - - [08/Nov/2023:04:35:53 +0100] "GET /-p-41395.html HTTP/1.0" 200 77271 "-" "Mozilla/5.0 (compatible; SemrushBot/7~bl; +http://www.semrush.com/bot.html)"
46.4.108.51 - - [08/Nov/2023:04:35:57 +0100] "GET /marseillaises-expressions-white-women-shirt-p-35574.html HTTP/1.0" 200 81721 "-" "Mozilla/5.0 (compatible; AwarioBot/1.0; +https://awario.com/bots.html)"
3.224.220.101 - - [08/Nov/2023:04:36:07 +0100] "GET /paris-clock-cbkreation-p-28474.html HTTP/1.0" 200 79605 "-" "Mozilla/5.0 (Macintosh; Intel Mac OS X 10_10_1) AppleWebKit/600.2.5 (KHTML, like Gecko) Version/8.0.2 Safari/600.2.5 (Amazonbot/0.1; +https://developer.amazon.com/support/amazonbot)"
52.70.240.171 - - [08/Nov/2023:04:36:09 +0100] "GET /norway-clock-cbkreation-p-36929.html HTTP/1.0" 200 79645 "-" "Mozilla/5.0 (Macintosh; Intel Mac OS X 10_10_1) AppleWebKit/600.2.5 (KHTML, like Gecko) Version/8.0.2 Safari/600.2.5 (Amazonbot/0.1; +https://developer.amazon.com/support/amazonbot)"
3.224.220.101 - - [08/Nov/2023:04:36:17 +0100] "GET /bart-simpson-clock-p-12854.html HTTP/1.0" 200 79593 "-" "Mozilla/5.0 (Macintosh; Intel Mac OS X 10_10_1) AppleWebKit/600.2.5 (KHTML, like Gecko) Version/8.0.2 Safari/600.2.5 (Amazonbot/0.1; +https://developer.amazon.com/support/amazonbot)"
185.191.171.9 - - [08/Nov/2023:04:36:28 +0100] "GET /figurine-modigliani-caryatide-p-50988.html HTTP/1.0" 200 80717 "-" "Mozilla/5.0 (compatible; SemrushBot/7~bl; +http://www.semrush.com/bot.html)"
46.4.108.51 - - [08/Nov/2023:04:36:28 +0100] "GET /marseille-cookware-cbkreation-p-31258.html HTTP/1.0" 200 79709 "-" "Mozilla/5.0 (compatible; AwarioBot/1.0; +https://awario.com/bots.html)"
185.191.171.19 - - [08/Nov/2023:04:36:31 +0100] "GET /-p-50768.html HTTP/1.0" 200 77271 "-" "Mozilla/5.0 (compatible; SemrushBot/7~bl; +http://www.semrush.com/bot.html)"
85.208.96.202 - - [08/Nov/2023:04:36:34 +0100] "GET /feng-shui-flower-life-decoration-p-41663.html HTTP/1.0" 200 80775 "-" "Mozilla/5.0 (compatible; SemrushBot/7~bl; +http://www.semrush.com/bot.html)"
46.4.108.51 - - [08/Nov/2023:04:36:38 +0100] "GET /marseille-mobile-sock-p-14944.html HTTP/1.0" 200 79762 "-" "Mozilla/5.0 (compatible; AwarioBot/1.0; +https://awario.com/bots.html)"
52.70.240.171 - - [08/Nov/2023:04:36:40 +0100] "GET /marseille-clock-p-47712.html HTTP/1.0" 200 79584 "-" "Mozilla/5.0 (Macintosh; Intel Mac OS X 10_10_1) AppleWebKit/600.2.5 (KHTML, like Gecko) Version/8.0.2 Safari/600.2.5 (Amazonbot/0.1; +https://developer.amazon.com/support/amazonbot)"
46.4.108.51 - - [08/Nov/2023:04:36:45 +0100] "GET /marseille-money-p-42894.html HTTP/1.0" 200 79605 "-" "Mozilla/5.0 (compatible; AwarioBot/1.0; +https://awario.com/bots.html)"
44.230.252.91 - - [08/Nov/2023:04:36:47 +0100] "GET /kitchen-potholder-chickens-p-61248.html HTTP/1.0" 200 80470 "-" "thesis-research-bot"
85.208.96.199 - - [08/Nov/2023:04:36:49 +0100] "GET /-p-48889.html HTTP/1.0" 200 77271 "-" "Mozilla/5.0 (compatible; SemrushBot/7~bl; +http://www.semrush.com/bot.html)"
46.4.108.51 - - [08/Nov/2023:04:36:54 +0100] "GET /marseille-p-14931.html HTTP/1.0" 200 80370 "-" "Mozilla/5.0 (compatible; AwarioBot/1.0; +https://awario.com/bots.html)"
185.191.171.5 - - [08/Nov/2023:04:37:06 +0100] "GET /camaro-metal-plate-deco-p-43608.html HTTP/1.0" 200 77401 "-" "Mozilla/5.0 (compatible; SemrushBot/7~bl; +http://www.semrush.com/bot.html)"
46.4.108.51 - - [08/Nov/2023:04:37:10 +0100] "GET /robots.txt HTTP/1.0" 200 245 "-" "Mozilla/5.0 (compatible; AwarioBot/1.0; +https://awario.com/bots.html)"
46.4.108.51 - - [08/Nov/2023:04:37:10 +0100] "GET /marseille-pill-p-52008.html HTTP/1.0" 200 80313 "-" "Mozilla/5.0 (compatible; AwarioBot/1.0; +https://awario.com/bots.html)"
85.208.96.200 - - [08/Nov/2023:04:37:12 +0100] "GET /-p-42783.html HTTP/1.0" 200 77271 "-" "Mozilla/5.0 (compatible; SemrushBot/7~bl; +http://www.semrush.com/bot.html)"
182.22.30.30 - - [08/Nov/2023:04:37:24 +0100] "GET /trivet-boards-c-12_158.html HTTP/1.0" 200 101061 "-" "Mozilla/5.0 (compatible; Y!J-WSC/1.0; +https://yahoo.jp/3BSZgF)"
46.4.108.51 - - [08/Nov/2023:04:37:26 +0100] "GET /marseille-saltshaker-pepper-p-22215.html HTTP/1.0" 200 80546 "-" "Mozilla/5.0 (compatible; AwarioBot/1.0; +https://awario.com/bots.html)"
85.208.96.193 - - [08/Nov/2023:04:37:28 +0100] "GET /simpsons-p-27551.html HTTP/1.0" 200 79599 "-" "Mozilla/5.0 (compatible; SemrushBot/7~bl; +http://www.semrush.com/bot.html)"
46.4.108.51 - - [08/Nov/2023:04:37:31 +0100] "GET /marseille-saltshaker-pepper-p-61036.html HTTP/1.0" 200 80546 "-" "Mozilla/5.0 (compatible; AwarioBot/1.0; +https://awario.com/bots.html)"
3.224.220.101 - - [08/Nov/2023:04:37:34 +0100] "GET /rtro-wood-clock-p-48203.html HTTP/1.0" 200 79658 "-" "Mozilla/5.0 (Macintosh; Intel Mac OS X 10_10_1) AppleWebKit/600.2.5 (KHTML, like Gecko) Version/8.0.2 Safari/600.2.5 (Amazonbot/0.1; +https://developer.amazon.com/support/amazonbot)"
52.25.208.208 - - [08/Nov/2023:04:37:37 +0100] "GET /calimero-mousepad-p-31836.html HTTP/1.0" 200 79578 "-" "thesis-research-bot"
44.230.252.91 - - [08/Nov/2023:04:37:38 +0100] "GET /mousepad-cbkreation-p-43429.html HTTP/1.0" 200 79638 "-" "thesis-research-bot"
44.230.252.91 - - [08/Nov/2023:04:37:39 +0100] "GET /lion-mousepad-cbkreation-p-43304.html HTTP/1.0" 200 79678 "-" "thesis-research-bot"
52.70.240.171 - - [08/Nov/2023:04:37:38 +0100] "GET /retro-kitchen-clock-gray-p-55764.html HTTP/1.0" 200 80309 "-" "Mozilla/5.0 (Macintosh; Intel Mac OS X 10_10_1) AppleWebKit/600.2.5 (KHTML, like Gecko) Version/8.0.2 Safari/600.2.5 (Amazonbot/0.1; +https://developer.amazon.com/support/amazonbot)"
52.25.208.208 - - [08/Nov/2023:04:37:40 +0100] "GET /aries-mousepad-cbkreation-p-43298.html HTTP/1.0" 200 79686 "-" "thesis-research-bot"
52.25.208.208 - - [08/Nov/2023:04:37:41 +0100] "GET /japan-mouse-cbkreation-p-28460.html HTTP/1.0" 200 79645 "-" "thesis-research-bot"
23.22.35.162 - - [08/Nov/2023:04:37:41 +0100] "GET /tweety-magnetic-clock-p-17277.html HTTP/1.0" 200 80320 "-" "Mozilla/5.0 (Macintosh; Intel Mac OS X 10_10_1) AppleWebKit/600.2.5 (KHTML, like Gecko) Version/8.0.2 Safari/600.2.5 (Amazonbot/0.1; +https://developer.amazon.com/support/amazonbot)"
52.25.208.208 - - [08/Nov/2023:04:37:42 +0100] "GET /parot-mousepad-cbkreation-p-43358.html HTTP/1.0" 200 79692 "-" "thesis-research-bot"
46.4.108.51 - - [08/Nov/2023:04:37:45 +0100] "GET /marseille-soap-soap-dish-p-34848.html HTTP/1.0" 200 79667 "-" "Mozilla/5.0 (compatible; AwarioBot/1.0; +https://awario.com/bots.html)"
52.70.240.171 - - [08/Nov/2023:04:37:46 +0100] "GET /horses-glass-clock-p-34010.html HTTP/1.0" 200 79636 "-" "Mozilla/5.0 (Macintosh; Intel Mac OS X 10_10_1) AppleWebKit/600.2.5 (KHTML, like Gecko) Version/8.0.2 Safari/600.2.5 (Amazonbot/0.1; +https://developer.amazon.com/support/amazonbot)"
23.22.35.162 - - [08/Nov/2023:04:37:49 +0100] "GET /scandinavian-wooden-clock-p-58820.html HTTP/1.0" 200 80297 "-" "Mozilla/5.0 (Macintosh; Intel Mac OS X 10_10_1) AppleWebKit/600.2.5 (KHTML, like Gecko) Version/8.0.2 Safari/600.2.5 (Amazonbot/0.1; +https://developer.amazon.com/support/amazonbot)"
46.4.108.51 - - [08/Nov/2023:04:37:51 +0100] "GET /marseille-soap-soap-p-40114.html HTTP/1.0" 200 79935 "-" "Mozilla/5.0 (compatible; AwarioBot/1.0; +https://awario.com/bots.html)"
3.224.220.101 - - [08/Nov/2023:04:37:52 +0100] "GET /retro-kitchen-clock-pastel-yellow-p-55762.html HTTP/1.0" 200 80399 "-" "Mozilla/5.0 (Macintosh; Intel Mac OS X 10_10_1) AppleWebKit/600.2.5 (KHTML, like Gecko) Version/8.0.2 Safari/600.2.5 (Amazonbot/0.1; +https://developer.amazon.com/support/amazonbot)"
168.138.105.69 - - [08/Nov/2023:04:38:07 +0100] "GET /images/mini_prod/5414629126754.jpg HTTP/1.0" 200 269 "-" "Mozilla/5.0 (X11; Ubuntu; Linux x86_64; rv:72.0) Gecko/20100101 Firefox/72.0"
85.208.96.194 - - [08/Nov/2023:04:38:16 +0100] "GET /golden-brass-round-ashtray-with-mosaic-p-49197.html HTTP/1.0" 200 77413 "-" "Mozilla/5.0 (compatible; SemrushBot/7~bl; +http://www.semrush.com/bot.html)"
46.4.108.51 - - [08/Nov/2023:04:38:16 +0100] "GET /marseille-soap-soap-p-40115.html HTTP/1.0" 200 79935 "-" "Mozilla/5.0 (compatible; AwarioBot/1.0; +https://awario.com/bots.html)"
100.21.24.205 - - [08/Nov/2023:04:38:21 +0100] "GET /beige-cement-cover-p-60724.html HTTP/1.0" 200 80232 "-" "thesis-research-bot"
185.191.171.19 - - [08/Nov/2023:04:38:22 +0100] "GET /moai-statue-p-54266.html HTTP/1.0" 200 80259 "-" "Mozilla/5.0 (compatible; SemrushBot/7~bl; +http://www.semrush.com/bot.html)"
44.230.252.91 - - [08/Nov/2023:04:38:22 +0100] "GET /mushroom-sprinkler-p-58567.html HTTP/1.0" 200 80218 "-" "thesis-research-bot"
44.230.252.91 - - [08/Nov/2023:04:38:23 +0100] "GET /white-cement-cover-p-60726.html HTTP/1.0" 200 80231 "-" "thesis-research-bot"
44.230.252.91 - - [08/Nov/2023:04:38:24 +0100] "GET /znia-ceramic-flowerpot-yellow-ocher-p-60828.html HTTP/1.0" 200 80433 "-" "thesis-research-bot"
44.230.252.91 - - [08/Nov/2023:04:38:25 +0100] "GET /white-ceramic-cover-p-58072.html HTTP/1.0" 200 80258 "-" "thesis-research-bot"
52.25.208.208 - - [08/Nov/2023:04:38:26 +0100] "GET /copper-ceramic-cover-p-58064.html HTTP/1.0" 200 80364 "-" "thesis-research-bot"
52.25.208.208 - - [08/Nov/2023:04:38:27 +0100] "GET /gray-ceramic-flower-cover-ryokan-p-57214.html HTTP/1.0" 200 79770 "-" "thesis-research-bot"
100.21.24.205 - - [08/Nov/2023:04:38:28 +0100] "GET /bamboo-fiber-plant-cover-p-54407.html HTTP/1.0" 200 80301 "-" "thesis-research-bot"
46.4.108.51 - - [08/Nov/2023:04:38:29 +0100] "GET /marseille-stainless-steel-bottle-opener-p-60650.html HTTP/1.0" 200 79765 "-" "Mozilla/5.0 (compatible; AwarioBot/1.0; +https://awario.com/bots.html)"
100.21.24.205 - - [08/Nov/2023:04:38:29 +0100] "GET /bamboo-fiber-plant-cover-p-58255.html HTTP/1.0" 200 80298 "-" "thesis-research-bot"
100.21.24.205 - - [08/Nov/2023:04:38:30 +0100] "GET /bamboo-fiber-plant-cover-p-58256.html HTTP/1.0" 200 80298 "-" "thesis-research-bot"
100.21.24.205 - - [08/Nov/2023:04:38:31 +0100] "GET /bamboo-fiber-plant-cover-p-58257.html HTTP/1.0" 200 80298 "-" "thesis-research-bot"
3.224.220.101 - - [08/Nov/2023:04:38:31 +0100] "GET /johnny-hallyday-clock-p-11918.html HTTP/1.0" 200 80231 "-" "Mozilla/5.0 (Macintosh; Intel Mac OS X 10_10_1) AppleWebKit/600.2.5 (KHTML, like Gecko) Version/8.0.2 Safari/600.2.5 (Amazonbot/0.1; +https://developer.amazon.com/support/amazonbot)"
100.21.24.205 - - [08/Nov/2023:04:38:32 +0100] "GET /bamboo-fiber-plant-cover-p-58258.html HTTP/1.0" 200 80298 "-" "thesis-research-bot"
85.208.96.210 - - [08/Nov/2023:04:38:33 +0100] "GET /wooden-range-bottle-style-p-40213.html HTTP/1.0" 200 79744 "-" "Mozilla/5.0 (compatible; SemrushBot/7~bl; +http://www.semrush.com/bot.html)"
52.25.208.208 - - [08/Nov/2023:04:38:33 +0100] "GET /bamboo-fiber-plant-cover-p-58260.html HTTP/1.0" 200 80298 "-" "thesis-research-bot"
100.21.24.205 - - [08/Nov/2023:04:38:34 +0100] "GET /black-gold-ciment-flower-p-60825.html HTTP/1.0" 200 80438 "-" "thesis-research-bot"
52.25.208.208 - - [08/Nov/2023:04:38:35 +0100] "GET /white-gold-ciment-flower-p-58068.html HTTP/1.0" 200 80440 "-" "thesis-research-bot"
52.25.208.208 - - [08/Nov/2023:04:38:36 +0100] "GET /cement-planter-rings-pink-p-60729.html HTTP/1.0" 200 80376 "-" "thesis-research-bot"
173.252.83.118 - - [08/Nov/2023:04:38:45 +0100] "GET /images/mini_prod/1384010192405.jpg HTTP/1.0" 200 269 "-" "facebookexternalhit/1.1 (+http://www.facebook.com/externalhit_uatext.php)"
46.4.108.51 - - [08/Nov/2023:04:38:43 +0100] "GET /marseille-toothpick-display-p-58265.html HTTP/1.0" 200 79678 "-" "Mozilla/5.0 (compatible; AwarioBot/1.0; +https://awario.com/bots.html)"
173.252.83.7 - - [08/Nov/2023:04:38:51 +0100] "GET /images/mini_prod/1384010203453.jpg HTTP/1.0" 200 269 "-" "facebookexternalhit/1.1 (+http://www.facebook.com/externalhit_uatext.php)"
185.191.171.15 - - [08/Nov/2023:04:38:51 +0100] "GET /tour-france-metal-tray-p-51677.html HTTP/1.0" 200 79791 "-" "Mozilla/5.0 (compatible; SemrushBot/7~bl; +http://www.semrush.com/bot.html)"
185.191.171.8 - - [08/Nov/2023:04:38:58 +0100] "GET /small-japanese-burgundy-enameled-cast-iron-teapot-liter-p-57695.html HTTP/1.0" 200 80756 "-" "Mozilla/5.0 (compatible; SemrushBot/7~bl; +http://www.semrush.com/bot.html)"
185.191.171.9 - - [08/Nov/2023:04:39:01 +0100] "GET /beige-lampshade-p-58229.html HTTP/1.0" 200 77321 "-" "Mozilla/5.0 (compatible; SemrushBot/7~bl; +http://www.semrush.com/bot.html)"
46.4.108.51 - - [08/Nov/2023:04:39:03 +0100] "GET /marshmallow-chain-pendant-p-49971.html HTTP/1.0" 200 79880 "-" "Mozilla/5.0 (compatible; AwarioBot/1.0; +https://awario.com/bots.html)"
114.119.138.48 - - [08/Nov/2023:04:39:05 +0100] "GET /fashioned-ceramic-espresso-green-p-41672.html HTTP/1.0" 200 79750 "http://www.wonder-geek.com/mugs-mazagrans-c-12_57.html?page=1" "Mozilla/5.0 (Linux; Android 7.0;) AppleWebKit/537.36 (KHTML, like Gecko) Mobile Safari/537.36 (compatible; PetalBot;+https://webmaster.petalsearch.com/site/petalbot)"
185.191.171.6 - - [08/Nov/2023:04:39:04 +0100] "GET /perfumes-interior-c-231_234.html?page=2 HTTP/1.0" 200 99428 "-" "Mozilla/5.0 (compatible; SemrushBot/7~bl; +http://www.semrush.com/bot.html)"
173.252.83.12 - - [08/Nov/2023:04:39:07 +0100] "GET /images/mini_prod/3574643585547.jpg HTTP/1.0" 200 269 "-" "facebookexternalhit/1.1 (+http://www.facebook.com/externalhit_uatext.php)"
47.128.35.211 - - [08/Nov/2023:04:39:07 +0100] "GET /swfobject.js HTTP/1.0" 404 1308 "http://www.wonder-geek.com/keyrings-c-3_52.html?page=7" "Mozilla/5.0 (compatible; Bytespider; spider-feedback@bytedance.com) AppleWebKit/537.36 (KHTML, like Gecko) Chrome/70.0.0.0 Safari/537.36"
47.128.35.211 - - [08/Nov/2023:04:39:05 +0100] "GET /keyrings-c-3_52.html?page=7 HTTP/1.0" 200 101164 "-" "Mozilla/5.0 (compatible; Bytespider; spider-feedback@bytedance.com) AppleWebKit/537.36 (KHTML, like Gecko) Chrome/70.0.0.0 Safari/537.36"
52.70.240.171 - - [08/Nov/2023:04:39:07 +0100] "GET /orangutan-glass-clock-p-28111.html HTTP/1.0" 200 79630 "-" "Mozilla/5.0 (Macintosh; Intel Mac OS X 10_10_1) AppleWebKit/600.2.5 (KHTML, like Gecko) Version/8.0.2 Safari/600.2.5 (Amazonbot/0.1; +https://developer.amazon.com/support/amazonbot)"
3.224.220.101 - - [08/Nov/2023:04:39:09 +0100] "GET /tablier-maman-parfaite-adult-apron-p-55443.html HTTP/1.0" 200 80433 "-" "Mozilla/5.0 (Macintosh; Intel Mac OS X 10_10_1) AppleWebKit/600.2.5 (KHTML, like Gecko) Version/8.0.2 Safari/600.2.5 (Amazonbot/0.1; +https://developer.amazon.com/support/amazonbot)"
46.4.108.51 - - [08/Nov/2023:04:39:12 +0100] "GET /robots.txt HTTP/1.0" 200 245 "-" "Mozilla/5.0 (compatible; AwarioBot/1.0; +https://awario.com/bots.html)"
46.4.108.51 - - [08/Nov/2023:04:39:12 +0100] "GET /masha-bear-magnetic-board-p-32474.html HTTP/1.0" 200 79869 "-" "Mozilla/5.0 (compatible; AwarioBot/1.0; +https://awario.com/bots.html)"
47.128.35.211 - - [08/Nov/2023:04:39:17 +0100] "GET /js/jquery.min.js HTTP/1.0" 404 1308 "http://www.wonder-geek.com/keyrings-c-3_52.html?page=7" "Mozilla/5.0 (compatible; Bytespider; spider-feedback@bytedance.com) AppleWebKit/537.36 (KHTML, like Gecko) Chrome/70.0.0.0 Safari/537.36"
47.128.35.211 - - [08/Nov/2023:04:39:17 +0100] "GET /highslide/graphics/outlines/drop-shadow.png HTTP/1.0" 200 277 "http://www.wonder-geek.com/keyrings-c-3_52.html?page=7" "Mozilla/5.0 (compatible; Bytespider; spider-feedback@bytedance.com) AppleWebKit/537.36 (KHTML, like Gecko) Chrome/70.0.0.0 Safari/537.36"
47.128.35.211 - - [08/Nov/2023:04:39:17 +0100] "GET /highslide/graphics/zoomout.cur HTTP/1.0" 200 614 "http://www.wonder-geek.com/keyrings-c-3_52.html?page=7" "Mozilla/5.0 (compatible; Bytespider; spider-feedback@bytedance.com) AppleWebKit/537.36 (KHTML, like Gecko) Chrome/70.0.0.0 Safari/537.36"
46.4.108.51 - - [08/Nov/2023:04:39:24 +0100] "GET /maurice-bookend-black-resin-p-59177.html HTTP/1.0" 200 80598 "-" "Mozilla/5.0 (compatible; AwarioBot/1.0; +https://awario.com/bots.html)"
3.224.220.101 - - [08/Nov/2023:04:39:25 +0100] "GET /apro-adult-apron-p-58746.html HTTP/1.0" 200 80149 "-" "Mozilla/5.0 (Macintosh; Intel Mac OS X 10_10_1) AppleWebKit/600.2.5 (KHTML, like Gecko) Version/8.0.2 Safari/600.2.5 (Amazonbot/0.1; +https://developer.amazon.com/support/amazonbot)"
168.138.105.69 - - [08/Nov/2023:04:39:27 +0100] "GET /images/mini_prod/8718375751336.jpg HTTP/1.0" 200 269 "-" "Mozilla/5.0 (X11; Ubuntu; Linux x86_64; rv:72.0) Gecko/20100101 Firefox/72.0"
185.191.171.5 - - [08/Nov/2023:04:39:27 +0100] "GET /little-buddha-collection-statuette-yellow-p-46065.html HTTP/1.0" 200 77411 "-" "Mozilla/5.0 (compatible; SemrushBot/7~bl; +http://www.semrush.com/bot.html)"
46.4.108.51 - - [08/Nov/2023:04:39:28 +0100] "GET /maurice-bookend-white-resin-p-59176.html HTTP/1.0" 200 80371 "-" "Mozilla/5.0 (compatible; AwarioBot/1.0; +https://awario.com/bots.html)"
47.128.47.151 - - [08/Nov/2023:04:39:33 +0100] "GET /sweaters-sweatshirts-vests-c-1_23.html HTTP/1.0" 200 88898 "-" "Mozilla/5.0 (compatible; Bytespider; spider-feedback@bytedance.com) AppleWebKit/537.36 (KHTML, like Gecko) Chrome/70.0.0.0 Safari/537.36"
47.128.47.151 - - [08/Nov/2023:04:39:35 +0100] "GET /swfobject.js HTTP/1.0" 404 1308 "http://www.wonder-geek.com/sweaters-sweatshirts-vests-c-1_23.html" "Mozilla/5.0 (compatible; Bytespider; spider-feedback@bytedance.com) AppleWebKit/537.36 (KHTML, like Gecko) Chrome/70.0.0.0 Safari/537.36"
47.128.47.151 - - [08/Nov/2023:04:39:35 +0100] "GET /js/jquery.min.js HTTP/1.0" 404 1308 "http://www.wonder-geek.com/sweaters-sweatshirts-vests-c-1_23.html" "Mozilla/5.0 (compatible; Bytespider; spider-feedback@bytedance.com) AppleWebKit/537.36 (KHTML, like Gecko) Chrome/70.0.0.0 Safari/537.36"
185.191.171.12 - - [08/Nov/2023:04:39:34 +0100] "GET /cotton-floor-cushion-monica-p-57742.html HTTP/1.0" 200 77385 "-" "Mozilla/5.0 (compatible; SemrushBot/7~bl; +http://www.semrush.com/bot.html)"
47.128.47.151 - - [08/Nov/2023:04:39:35 +0100] "GET /highslide/graphics/outlines/drop-shadow.png HTTP/1.0" 200 277 "http://www.wonder-geek.com/sweaters-sweatshirts-vests-c-1_23.html" "Mozilla/5.0 (compatible; Bytespider; spider-feedback@bytedance.com) AppleWebKit/537.36 (KHTML, like Gecko) Chrome/70.0.0.0 Safari/537.36"
47.128.47.151 - - [08/Nov/2023:04:39:35 +0100] "GET /highslide/graphics/zoomout.cur HTTP/1.0" 200 614 "http://www.wonder-geek.com/sweaters-sweatshirts-vests-c-1_23.html" "Mozilla/5.0 (compatible; Bytespider; spider-feedback@bytedance.com) AppleWebKit/537.36 (KHTML, like Gecko) Chrome/70.0.0.0 Safari/537.36"
85.208.96.210 - - [08/Nov/2023:04:39:39 +0100] "GET /elephant-toilet-brush-p-44791.html HTTP/1.0" 200 77371 "-" "Mozilla/5.0 (compatible; SemrushBot/7~bl; +http://www.semrush.com/bot.html)"
23.22.35.162 - - [08/Nov/2023:04:39:41 +0100] "GET /bloom-allen-desings-adult-apron-p-54534.html HTTP/1.0" 200 80301 "-" "Mozilla/5.0 (Macintosh; Intel Mac OS X 10_10_1) AppleWebKit/600.2.5 (KHTML, like Gecko) Version/8.0.2 Safari/600.2.5 (Amazonbot/0.1; +https://developer.amazon.com/support/amazonbot)"
85.208.96.202 - - [08/Nov/2023:04:39:42 +0100] "GET /salamander-wall-decoration-p-59233.html HTTP/1.0" 200 77377 "-" "Mozilla/5.0 (compatible; SemrushBot/7~bl; +http://www.semrush.com/bot.html)"
185.191.171.8 - - [08/Nov/2023:04:39:45 +0100] "GET /bodega-placemat-p-39557.html HTTP/1.0" 200 79790 "-" "Mozilla/5.0 (compatible; SemrushBot/7~bl; +http://www.semrush.com/bot.html)"
52.70.240.171 - - [08/Nov/2023:04:39:45 +0100] "GET /allen-adult-apron-p-39737.html HTTP/1.0" 200 80234 "-" "Mozilla/5.0 (Macintosh; Intel Mac OS X 10_10_1) AppleWebKit/600.2.5 (KHTML, like Gecko) Version/8.0.2 Safari/600.2.5 (Amazonbot/0.1; +https://developer.amazon.com/support/amazonbot)"
23.22.35.162 - - [08/Nov/2023:04:39:46 +0100] "GET /cotton-apron-owlet-allen-designs-p-56807.html HTTP/1.0" 200 80451 "-" "Mozilla/5.0 (Macintosh; Intel Mac OS X 10_10_1) AppleWebKit/600.2.5 (KHTML, like Gecko) Version/8.0.2 Safari/600.2.5 (Amazonbot/0.1; +https://developer.amazon.com/support/amazonbot)"
23.22.35.162 - - [08/Nov/2023:04:39:47 +0100] "GET /marseille-adult-apron-p-58745.html HTTP/1.0" 200 80179 "-" "Mozilla/5.0 (Macintosh; Intel Mac OS X 10_10_1) AppleWebKit/600.2.5 (KHTML, like Gecko) Version/8.0.2 Safari/600.2.5 (Amazonbot/0.1; +https://developer.amazon.com/support/amazonbot)"
52.167.144.228 - - [08/Nov/2023:04:39:47 +0100] "GET /accessories-c-3.html HTTP/1.0" 200 100022 "-" "Mozilla/5.0 AppleWebKit/537.36 (KHTML, like Gecko; compatible; bingbot/2.0; +http://www.bing.com/bingbot.htm) Chrome/103.0.5060.134 Safari/537.36"
46.4.108.51 - - [08/Nov/2023:04:39:49 +0100] "GET /maxi-marbles-cheetah-p-27837.html HTTP/1.0" 200 79772 "-" "Mozilla/5.0 (compatible; AwarioBot/1.0; +https://awario.com/bots.html)"
3.224.220.101 - - [08/Nov/2023:04:39:49 +0100] "GET /make-planet-green-again-adult-apron-p-55852.html HTTP/1.0" 200 80384 "-" "Mozilla/5.0 (Macintosh; Intel Mac OS X 10_10_1) AppleWebKit/600.2.5 (KHTML, like Gecko) Version/8.0.2 Safari/600.2.5 (Amazonbot/0.1; +https://developer.amazon.com/support/amazonbot)"
185.191.171.14 - - [08/Nov/2023:04:39:51 +0100] "GET /welcome-decorative-surfboard-p-46247.html HTTP/1.0" 200 77373 "-" "Mozilla/5.0 (compatible; SemrushBot/7~bl; +http://www.semrush.com/bot.html)"
3.224.220.101 - - [08/Nov/2023:04:39:52 +0100] "GET /hritage-authentique-cotton-adult-apron-p-45254.html HTTP/1.0" 200 79676 "-" "Mozilla/5.0 (Macintosh; Intel Mac OS X 10_10_1) AppleWebKit/600.2.5 (KHTML, like Gecko) Version/8.0.2 Safari/600.2.5 (Amazonbot/0.1; +https://developer.amazon.com/support/amazonbot)"
46.4.108.51 - - [08/Nov/2023:04:39:55 +0100] "GET /maya-bees-suitcase-lunch-p-14417.html HTTP/1.0" 200 79993 "-" "Mozilla/5.0 (compatible; AwarioBot/1.0; +https://awario.com/bots.html)"
47.128.17.240 - - [08/Nov/2023:04:40:01 +0100] "GET /stool-and-bar-table-c-13_212.html HTTP/1.0" 301 85712 "-" "Mozilla/5.0 (compatible; Bytespider; spider-feedback@bytedance.com) AppleWebKit/537.36 (KHTML, like Gecko) Chrome/70.0.0.0 Safari/537.36"
47.128.17.240 - - [08/Nov/2023:04:40:03 +0100] "GET /stool-table-c-212.html HTTP/1.0" 301 85589 "-" "Mozilla/5.0 (compatible; Bytespider; spider-feedback@bytedance.com) AppleWebKit/537.36 (KHTML, like Gecko) Chrome/70.0.0.0 Safari/537.36"
54.236.1.13 - - [08/Nov/2023:04:40:04 +0100] "GET /owl-by-michelle-allen-cutting-board-p-27728.html HTTP/1.0" 301 79780 "-" "Mozilla/5.0 (compatible; Pinterestbot/1.0; +http://www.pinterest.com/bot.html)"
47.128.17.240 - - [08/Nov/2023:04:40:05 +0100] "GET /stool-table-c-13_212.html HTTP/1.0" 200 85636 "-" "Mozilla/5.0 (compatible; Bytespider; spider-feedback@bytedance.com) AppleWebKit/537.36 (KHTML, like Gecko) Chrome/70.0.0.0 Safari/537.36"
23.22.35.162 - - [08/Nov/2023:04:40:05 +0100] "GET /paris-place-amoureux-adult-apron-p-58790.html HTTP/1.0" 200 80276 "-" "Mozilla/5.0 (Macintosh; Intel Mac OS X 10_10_1) AppleWebKit/600.2.5 (KHTML, like Gecko) Version/8.0.2 Safari/600.2.5 (Amazonbot/0.1; +https://developer.amazon.com/support/amazonbot)"
47.128.17.240 - - [08/Nov/2023:04:40:07 +0100] "GET /swfobject.js HTTP/1.0" 404 1308 "http://www.wonder-geek.com/stool-table-c-13_212.html" "Mozilla/5.0 (compatible; Bytespider; spider-feedback@bytedance.com) AppleWebKit/537.36 (KHTML, like Gecko) Chrome/70.0.0.0 Safari/537.36"
54.236.1.13 - - [08/Nov/2023:04:40:06 +0100] "GET /michelle-allen-cutting-board-p-27728.html HTTP/1.0" 200 79685 "-" "Mozilla/5.0 (compatible; Pinterestbot/1.0; +http://www.pinterest.com/bot.html)"
3.224.220.101 - - [08/Nov/2023:04:40:06 +0100] "GET /gourmandise-commence-adult-apron-p-55964.html HTTP/1.0" 200 80362 "-" "Mozilla/5.0 (Macintosh; Intel Mac OS X 10_10_1) AppleWebKit/600.2.5 (KHTML, like Gecko) Version/8.0.2 Safari/600.2.5 (Amazonbot/0.1; +https://developer.amazon.com/support/amazonbot)"
52.70.240.171 - - [08/Nov/2023:04:40:08 +0100] "GET /temps-cotton-adult-apron-p-45253.html HTTP/1.0" 200 79633 "-" "Mozilla/5.0 (Macintosh; Intel Mac OS X 10_10_1) AppleWebKit/600.2.5 (KHTML, like Gecko) Version/8.0.2 Safari/600.2.5 (Amazonbot/0.1; +https://developer.amazon.com/support/amazonbot)"
47.128.17.240 - - [08/Nov/2023:04:40:11 +0100] "GET /js/jquery.min.js HTTP/1.0" 404 1308 "http://www.wonder-geek.com/stool-table-c-13_212.html" "Mozilla/5.0 (compatible; Bytespider; spider-feedback@bytedance.com) AppleWebKit/537.36 (KHTML, like Gecko) Chrome/70.0.0.0 Safari/537.36"
47.128.17.240 - - [08/Nov/2023:04:40:12 +0100] "GET /highslide/graphics/zoomout.cur HTTP/1.0" 200 614 "http://www.wonder-geek.com/stool-table-c-13_212.html" "Mozilla/5.0 (compatible; Bytespider; spider-feedback@bytedance.com) AppleWebKit/537.36 (KHTML, like Gecko) Chrome/70.0.0.0 Safari/537.36"
