46.4.108.51 - - [08/Nov/2023:07:49:01 +0100] "GET /resin-photo-frame-little-prince-p-47068.html HTTP/1.0" 200 79788 "-" "Mozilla/5.0 (compatible; AwarioBot/1.0; +https://awario.com/bots.html)"
185.191.171.12 - - [08/Nov/2023:07:49:09 +0100] "GET /-p-27477.html HTTP/1.0" 200 77271 "-" "Mozilla/5.0 (compatible; SemrushBot/7~bl; +http://www.semrush.com/bot.html)"
46.4.108.51 - - [08/Nov/2023:07:49:08 +0100] "GET /resin-statue-little-monk-pink-dress-p-51509.html HTTP/1.0" 200 79884 "-" "Mozilla/5.0 (compatible; AwarioBot/1.0; +https://awario.com/bots.html)"
185.191.171.18 - - [08/Nov/2023:07:49:12 +0100] "GET /-p-27014.html HTTP/1.0" 200 77271 "-" "Mozilla/5.0 (compatible; SemrushBot/7~bl; +http://www.semrush.com/bot.html)"
185.191.171.11 - - [08/Nov/2023:07:49:15 +0100] "GET /little-marcel-pencil-p-41743.html HTTP/1.0" 200 77349 "-" "Mozilla/5.0 (compatible; SemrushBot/7~bl; +http://www.semrush.com/bot.html)"
3.224.220.101 - - [08/Nov/2023:07:49:19 +0100] "GET /glass-ashtray-p-55682.html HTTP/1.0" 200 80231 "-" "Mozilla/5.0 (Macintosh; Intel Mac OS X 10_10_1) AppleWebKit/600.2.5 (KHTML, like Gecko) Version/8.0.2 Safari/600.2.5 (Amazonbot/0.1; +https://developer.amazon.com/support/amazonbot)"
52.70.240.171 - - [08/Nov/2023:07:49:21 +0100] "GET /moroccan-ashtray-p-52723.html HTTP/1.0" 200 80144 "-" "Mozilla/5.0 (Macintosh; Intel Mac OS X 10_10_1) AppleWebKit/600.2.5 (KHTML, like Gecko) Version/8.0.2 Safari/600.2.5 (Amazonbot/0.1; +https://developer.amazon.com/support/amazonbot)"
23.22.35.162 - - [08/Nov/2023:07:49:22 +0100] "GET /betty-boop-ashtray-p-28833.html HTTP/1.0" 200 80178 "-" "Mozilla/5.0 (Macintosh; Intel Mac OS X 10_10_1) AppleWebKit/600.2.5 (KHTML, like Gecko) Version/8.0.2 Safari/600.2.5 (Amazonbot/0.1; +https://developer.amazon.com/support/amazonbot)"
46.4.108.51 - - [08/Nov/2023:07:49:22 +0100] "GET /retro-beach-surf-p-40336.html HTTP/1.0" 200 80269 "-" "Mozilla/5.0 (compatible; AwarioBot/1.0; +https://awario.com/bots.html)"
3.224.220.101 - - [08/Nov/2023:07:49:26 +0100] "GET /metal-push-ashtray-p-53572.html HTTP/1.0" 200 80159 "-" "Mozilla/5.0 (Macintosh; Intel Mac OS X 10_10_1) AppleWebKit/600.2.5 (KHTML, like Gecko) Version/8.0.2 Safari/600.2.5 (Amazonbot/0.1; +https://developer.amazon.com/support/amazonbot)"
3.224.220.101 - - [08/Nov/2023:07:49:28 +0100] "GET /betty-boop-ashtray-p-15468.html HTTP/1.0" 200 80165 "-" "Mozilla/5.0 (Macintosh; Intel Mac OS X 10_10_1) AppleWebKit/600.2.5 (KHTML, like Gecko) Version/8.0.2 Safari/600.2.5 (Amazonbot/0.1; +https://developer.amazon.com/support/amazonbot)"
46.4.108.51 - - [08/Nov/2023:07:49:30 +0100] "GET /robots.txt HTTP/1.0" 200 245 "-" "Mozilla/5.0 (compatible; AwarioBot/1.0; +https://awario.com/bots.html)"
85.208.96.212 - - [08/Nov/2023:07:49:30 +0100] "GET /tree-decoration-gingerbread-p-58865.html HTTP/1.0" 200 80542 "-" "Mozilla/5.0 (compatible; SemrushBot/7~bl; +http://www.semrush.com/bot.html)"
52.70.240.171 - - [08/Nov/2023:07:49:30 +0100] "GET /eiffel-tower-paris-glass-ashtray-p-48206.html HTTP/1.0" 200 81476 "-" "Mozilla/5.0 (Macintosh; Intel Mac OS X 10_10_1) AppleWebKit/600.2.5 (KHTML, like Gecko) Version/8.0.2 Safari/600.2.5 (Amazonbot/0.1; +https://developer.amazon.com/support/amazonbot)"
46.4.108.51 - - [08/Nov/2023:07:49:30 +0100] "GET /retro-blue-eyeglass-case-p-30017.html HTTP/1.0" 200 79721 "-" "Mozilla/5.0 (compatible; AwarioBot/1.0; +https://awario.com/bots.html)"
3.224.220.101 - - [08/Nov/2023:07:49:34 +0100] "GET /metal-push-ashtray-p-53574.html HTTP/1.0" 200 80344 "-" "Mozilla/5.0 (Macintosh; Intel Mac OS X 10_10_1) AppleWebKit/600.2.5 (KHTML, like Gecko) Version/8.0.2 Safari/600.2.5 (Amazonbot/0.1; +https://developer.amazon.com/support/amazonbot)"
23.22.35.162 - - [08/Nov/2023:07:49:38 +0100] "GET /metal-push-ashtray-ceramic-tiles-p-59943.html HTTP/1.0" 200 80291 "-" "Mozilla/5.0 (Macintosh; Intel Mac OS X 10_10_1) AppleWebKit/600.2.5 (KHTML, like Gecko) Version/8.0.2 Safari/600.2.5 (Amazonbot/0.1; +https://developer.amazon.com/support/amazonbot)"
46.4.108.51 - - [08/Nov/2023:07:49:41 +0100] "GET /retro-ceramic-salt-p-59750.html HTTP/1.0" 200 80404 "-" "Mozilla/5.0 (compatible; AwarioBot/1.0; +https://awario.com/bots.html)"
85.208.96.203 - - [08/Nov/2023:07:49:41 +0100] "GET /white-buddha-statue-polyresin-p-50715.html HTTP/1.0" 200 77389 "-" "Mozilla/5.0 (compatible; SemrushBot/7~bl; +http://www.semrush.com/bot.html)"
52.70.240.171 - - [08/Nov/2023:07:49:42 +0100] "GET /resin-skull-ashtray-p-30011.html HTTP/1.0" 200 80170 "-" "Mozilla/5.0 (Macintosh; Intel Mac OS X 10_10_1) AppleWebKit/600.2.5 (KHTML, like Gecko) Version/8.0.2 Safari/600.2.5 (Amazonbot/0.1; +https://developer.amazon.com/support/amazonbot)"
23.22.35.162 - - [08/Nov/2023:07:49:44 +0100] "GET /resin-skull-ashtray-p-52999.html HTTP/1.0" 200 79588 "-" "Mozilla/5.0 (Macintosh; Intel Mac OS X 10_10_1) AppleWebKit/600.2.5 (KHTML, like Gecko) Version/8.0.2 Safari/600.2.5 (Amazonbot/0.1; +https://developer.amazon.com/support/amazonbot)"
185.191.171.12 - - [08/Nov/2023:07:49:44 +0100] "GET /christmas-ball-joyeux-p-61093.html HTTP/1.0" 200 80501 "-" "Mozilla/5.0 (compatible; SemrushBot/7~bl; +http://www.semrush.com/bot.html)"
46.4.108.51 - - [08/Nov/2023:07:49:45 +0100] "GET /retro-coffee-ceramic-cups-p-55440.html HTTP/1.0" 200 80447 "-" "Mozilla/5.0 (compatible; AwarioBot/1.0; +https://awario.com/bots.html)"
23.22.35.162 - - [08/Nov/2023:07:49:45 +0100] "GET /metal-push-ashtray-ceramic-tiles-p-59941.html HTTP/1.0" 200 80291 "-" "Mozilla/5.0 (Macintosh; Intel Mac OS X 10_10_1) AppleWebKit/600.2.5 (KHTML, like Gecko) Version/8.0.2 Safari/600.2.5 (Amazonbot/0.1; +https://developer.amazon.com/support/amazonbot)"
3.224.220.101 - - [08/Nov/2023:07:49:46 +0100] "GET /metal-push-ashtray-ceramic-tiles-p-59942.html HTTP/1.0" 200 80291 "-" "Mozilla/5.0 (Macintosh; Intel Mac OS X 10_10_1) AppleWebKit/600.2.5 (KHTML, like Gecko) Version/8.0.2 Safari/600.2.5 (Amazonbot/0.1; +https://developer.amazon.com/support/amazonbot)"
52.70.240.171 - - [08/Nov/2023:07:49:49 +0100] "GET /resin-skull-ashtray-p-52996.html HTTP/1.0" 200 79588 "-" "Mozilla/5.0 (Macintosh; Intel Mac OS X 10_10_1) AppleWebKit/600.2.5 (KHTML, like Gecko) Version/8.0.2 Safari/600.2.5 (Amazonbot/0.1; +https://developer.amazon.com/support/amazonbot)"
85.208.96.193 - - [08/Nov/2023:07:49:50 +0100] "GET /decorative-boomerang-taurus-p-46245.html HTTP/1.0" 200 77369 "-" "Mozilla/5.0 (compatible; SemrushBot/7~bl; +http://www.semrush.com/bot.html)"
3.224.220.101 - - [08/Nov/2023:07:49:50 +0100] "GET /metal-push-ashtray-p-53573.html HTTP/1.0" 200 80159 "-" "Mozilla/5.0 (Macintosh; Intel Mac OS X 10_10_1) AppleWebKit/600.2.5 (KHTML, like Gecko) Version/8.0.2 Safari/600.2.5 (Amazonbot/0.1; +https://developer.amazon.com/support/amazonbot)"
52.70.240.171 - - [08/Nov/2023:07:49:52 +0100] "GET /glass-ashtray-betty-boop-p-15463.html HTTP/1.0" 200 80301 "-" "Mozilla/5.0 (Macintosh; Intel Mac OS X 10_10_1) AppleWebKit/600.2.5 (KHTML, like Gecko) Version/8.0.2 Safari/600.2.5 (Amazonbot/0.1; +https://developer.amazon.com/support/amazonbot)"
23.22.35.162 - - [08/Nov/2023:07:49:53 +0100] "GET /fdration-franaise-football-backpack-p-57810.html HTTP/1.0" 200 80802 "-" "Mozilla/5.0 (Macintosh; Intel Mac OS X 10_10_1) AppleWebKit/600.2.5 (KHTML, like Gecko) Version/8.0.2 Safari/600.2.5 (Amazonbot/0.1; +https://developer.amazon.com/support/amazonbot)"
185.191.171.12 - - [08/Nov/2023:07:49:53 +0100] "GET /small-ceramic-ashtray-gourmet-bistro-p-50647.html HTTP/1.0" 200 79757 "-" "Mozilla/5.0 (compatible; SemrushBot/7~bl; +http://www.semrush.com/bot.html)"
23.22.35.162 - - [08/Nov/2023:07:49:54 +0100] "GET /small-gorjuss-bubble-fairy-backpack-p-53966.html HTTP/1.0" 200 80662 "-" "Mozilla/5.0 (Macintosh; Intel Mac OS X 10_10_1) AppleWebKit/600.2.5 (KHTML, like Gecko) Version/8.0.2 Safari/600.2.5 (Amazonbot/0.1; +https://developer.amazon.com/support/amazonbot)"
3.224.220.101 - - [08/Nov/2023:07:49:57 +0100] "GET /liter-waterproof-backpack-yellow-p-58223.html HTTP/1.0" 200 80914 "-" "Mozilla/5.0 (Macintosh; Intel Mac OS X 10_10_1) AppleWebKit/600.2.5 (KHTML, like Gecko) Version/8.0.2 Safari/600.2.5 (Amazonbot/0.1; +https://developer.amazon.com/support/amazonbot)"
3.224.220.101 - - [08/Nov/2023:07:49:58 +0100] "GET /pokemon-pikachu-school-p-60196.html HTTP/1.0" 200 80378 "-" "Mozilla/5.0 (Macintosh; Intel Mac OS X 10_10_1) AppleWebKit/600.2.5 (KHTML, like Gecko) Version/8.0.2 Safari/600.2.5 (Amazonbot/0.1; +https://developer.amazon.com/support/amazonbot)"
85.208.96.204 - - [08/Nov/2023:07:49:59 +0100] "GET /retro-wooden-motorcycle-frame-hard-game-p-46417.html HTTP/1.0" 200 77423 "-" "Mozilla/5.0 (compatible; SemrushBot/7~bl; +http://www.semrush.com/bot.html)"
23.22.35.162 - - [08/Nov/2023:07:50:02 +0100] "GET /liter-waterproof-backpack-khaki-p-58221.html HTTP/1.0" 200 80905 "-" "Mozilla/5.0 (Macintosh; Intel Mac OS X 10_10_1) AppleWebKit/600.2.5 (KHTML, like Gecko) Version/8.0.2 Safari/600.2.5 (Amazonbot/0.1; +https://developer.amazon.com/support/amazonbot)"
46.4.108.51 - - [08/Nov/2023:07:50:03 +0100] "GET /retro-coffee-matte-black-metal-p-37704.html HTTP/1.0" 200 79834 "-" "Mozilla/5.0 (compatible; AwarioBot/1.0; +https://awario.com/bots.html)"
3.224.220.101 - - [08/Nov/2023:07:50:04 +0100] "GET /pokemon-pikachu-school-p-55756.html HTTP/1.0" 200 80377 "-" "Mozilla/5.0 (Macintosh; Intel Mac OS X 10_10_1) AppleWebKit/600.2.5 (KHTML, like Gecko) Version/8.0.2 Safari/600.2.5 (Amazonbot/0.1; +https://developer.amazon.com/support/amazonbot)"
52.70.240.171 - - [08/Nov/2023:07:50:05 +0100] "GET /moroccan-ceramic-ashtray-p-59531.html HTTP/1.0" 200 80250 "-" "Mozilla/5.0 (Macintosh; Intel Mac OS X 10_10_1) AppleWebKit/600.2.5 (KHTML, like Gecko) Version/8.0.2 Safari/600.2.5 (Amazonbot/0.1; +https://developer.amazon.com/support/amazonbot)"
3.224.220.101 - - [08/Nov/2023:07:50:07 +0100] "GET /moroccan-ceramic-ashtray-p-59532.html HTTP/1.0" 200 80250 "-" "Mozilla/5.0 (Macintosh; Intel Mac OS X 10_10_1) AppleWebKit/600.2.5 (KHTML, like Gecko) Version/8.0.2 Safari/600.2.5 (Amazonbot/0.1; +https://developer.amazon.com/support/amazonbot)"
23.22.35.162 - - [08/Nov/2023:07:50:08 +0100] "GET /moroccan-ceramic-ashtray-p-59533.html HTTP/1.0" 200 80250 "-" "Mozilla/5.0 (Macintosh; Intel Mac OS X 10_10_1) AppleWebKit/600.2.5 (KHTML, like Gecko) Version/8.0.2 Safari/600.2.5 (Amazonbot/0.1; +https://developer.amazon.com/support/amazonbot)"
52.70.240.171 - - [08/Nov/2023:07:50:10 +0100] "GET /moroccan-ceramic-ashtray-p-59534.html HTTP/1.0" 200 80250 "-" "Mozilla/5.0 (Macintosh; Intel Mac OS X 10_10_1) AppleWebKit/600.2.5 (KHTML, like Gecko) Version/8.0.2 Safari/600.2.5 (Amazonbot/0.1; +https://developer.amazon.com/support/amazonbot)"
46.4.108.51 - - [08/Nov/2023:07:50:11 +0100] "GET /retro-garage-p-35734.html HTTP/1.0" 200 79629 "-" "Mozilla/5.0 (compatible; AwarioBot/1.0; +https://awario.com/bots.html)"
23.22.35.162 - - [08/Nov/2023:07:50:11 +0100] "GET /barcelona-backpack-p-52184.html HTTP/1.0" 200 80362 "-" "Mozilla/5.0 (Macintosh; Intel Mac OS X 10_10_1) AppleWebKit/600.2.5 (KHTML, like Gecko) Version/8.0.2 Safari/600.2.5 (Amazonbot/0.1; +https://developer.amazon.com/support/amazonbot)"
128.42.28.84 - - [08/Nov/2023:07:50:15 +0100] "GET /images/mini_prod/3494150095066.jpg HTTP/1.0" 200 269 "-" "Mozilla/5.0 (X11; Ubuntu; Linux x86_64; rv:72.0) Gecko/20100101 Firefox/72.0"
54.36.149.101 - - [08/Nov/2023:07:50:15 +0100] "GET /artisan-plaster-thermometer-handcrafted-p-58003.html HTTP/1.0" 200 80714 "-" "Mozilla/5.0 (compatible; AhrefsBot/7.0; +http://ahrefs.com/robot/)"
54.36.148.9 - - [08/Nov/2023:07:50:22 +0100] "GET /images/big_prod_1/8422059532141B.jpg HTTP/1.0" 200 271 "-" "Mozilla/5.0 (compatible; AhrefsBot/7.0; +http://ahrefs.com/robot/)"
54.36.148.103 - - [08/Nov/2023:07:50:25 +0100] "GET /images/big_prod/8422059532141.jpg HTTP/1.0" 200 268 "-" "Mozilla/5.0 (compatible; AhrefsBot/7.0; +http://ahrefs.com/robot/)"
23.22.35.162 - - [08/Nov/2023:07:50:32 +0100] "GET /ballerina-backpack-p-59826.html HTTP/1.0" 200 80478 "-" "Mozilla/5.0 (Macintosh; Intel Mac OS X 10_10_1) AppleWebKit/600.2.5 (KHTML, like Gecko) Version/8.0.2 Safari/600.2.5 (Amazonbot/0.1; +https://developer.amazon.com/support/amazonbot)"
52.70.240.171 - - [08/Nov/2023:07:50:35 +0100] "GET /shoulder-matching-pencil-case-france-p-60762.html HTTP/1.0" 200 80631 "-" "Mozilla/5.0 (Macintosh; Intel Mac OS X 10_10_1) AppleWebKit/600.2.5 (KHTML, like Gecko) Version/8.0.2 Safari/600.2.5 (Amazonbot/0.1; +https://developer.amazon.com/support/amazonbot)"
85.208.96.208 - - [08/Nov/2023:07:50:38 +0100] "GET /fdration-franaise-football-backpack-p-57810.html HTTP/1.0" 200 80802 "-" "Mozilla/5.0 (compatible; SemrushBot/7~bl; +http://www.semrush.com/bot.html)"
46.4.108.51 - - [08/Nov/2023:07:50:39 +0100] "GET /retro-glass-housewife-life-small-model-p-41247.html HTTP/1.0" 200 79822 "-" "Mozilla/5.0 (compatible; AwarioBot/1.0; +https://awario.com/bots.html)"
185.191.171.9 - - [08/Nov/2023:07:50:42 +0100] "GET /boxes-storage-c-13_150.html?page=24 HTTP/1.0" 200 94624 "-" "Mozilla/5.0 (compatible; SemrushBot/7~bl; +http://www.semrush.com/bot.html)"
52.70.240.171 - - [08/Nov/2023:07:50:49 +0100] "GET /shoulder-matching-pencil-case-italia-p-60763.html HTTP/1.0" 200 80631 "-" "Mozilla/5.0 (Macintosh; Intel Mac OS X 10_10_1) AppleWebKit/600.2.5 (KHTML, like Gecko) Version/8.0.2 Safari/600.2.5 (Amazonbot/0.1; +https://developer.amazon.com/support/amazonbot)"
3.224.220.101 - - [08/Nov/2023:07:50:50 +0100] "GET /shoulder-matching-pencil-case-portugal-p-60765.html HTTP/1.0" 200 80651 "-" "Mozilla/5.0 (Macintosh; Intel Mac OS X 10_10_1) AppleWebKit/600.2.5 (KHTML, like Gecko) Version/8.0.2 Safari/600.2.5 (Amazonbot/0.1; +https://developer.amazon.com/support/amazonbot)"
52.70.240.171 - - [08/Nov/2023:07:50:53 +0100] "GET /starter-backpack-44cm-p-59827.html HTTP/1.0" 200 80496 "-" "Mozilla/5.0 (Macintosh; Intel Mac OS X 10_10_1) AppleWebKit/600.2.5 (KHTML, like Gecko) Version/8.0.2 Safari/600.2.5 (Amazonbot/0.1; +https://developer.amazon.com/support/amazonbot)"
3.224.220.101 - - [08/Nov/2023:07:50:52 +0100] "GET /small-backpack-ladybug-p-52207.html HTTP/1.0" 200 79808 "-" "Mozilla/5.0 (Macintosh; Intel Mac OS X 10_10_1) AppleWebKit/600.2.5 (KHTML, like Gecko) Version/8.0.2 Safari/600.2.5 (Amazonbot/0.1; +https://developer.amazon.com/support/amazonbot)"
52.70.240.171 - - [08/Nov/2023:07:50:55 +0100] "GET /favourite-friends-puppy-kids-school-backpack-p-41086.html HTTP/1.0" 200 79929 "-" "Mozilla/5.0 (Macintosh; Intel Mac OS X 10_10_1) AppleWebKit/600.2.5 (KHTML, like Gecko) Version/8.0.2 Safari/600.2.5 (Amazonbot/0.1; +https://developer.amazon.com/support/amazonbot)"
3.224.220.101 - - [08/Nov/2023:07:50:54 +0100] "GET /shoulder-matching-pencil-case-belgique-p-60764.html HTTP/1.0" 200 80651 "-" "Mozilla/5.0 (Macintosh; Intel Mac OS X 10_10_1) AppleWebKit/600.2.5 (KHTML, like Gecko) Version/8.0.2 Safari/600.2.5 (Amazonbot/0.1; +https://developer.amazon.com/support/amazonbot)"
3.224.220.101 - - [08/Nov/2023:07:50:57 +0100] "GET /favourite-friends-puppy-kids-school-backpack-p-49050.html HTTP/1.0" 200 80581 "-" "Mozilla/5.0 (Macintosh; Intel Mac OS X 10_10_1) AppleWebKit/600.2.5 (KHTML, like Gecko) Version/8.0.2 Safari/600.2.5 (Amazonbot/0.1; +https://developer.amazon.com/support/amazonbot)"
46.4.108.51 - - [08/Nov/2023:07:50:56 +0100] "GET /retro-industriel-chandelier-p-37256.html HTTP/1.0" 200 79744 "-" "Mozilla/5.0 (compatible; AwarioBot/1.0; +https://awario.com/bots.html)"
23.22.35.162 - - [08/Nov/2023:07:50:58 +0100] "GET /bracelet-aquamarine-p-48651.html HTTP/1.0" 200 80587 "-" "Mozilla/5.0 (Macintosh; Intel Mac OS X 10_10_1) AppleWebKit/600.2.5 (KHTML, like Gecko) Version/8.0.2 Safari/600.2.5 (Amazonbot/0.1; +https://developer.amazon.com/support/amazonbot)"
3.224.220.101 - - [08/Nov/2023:07:51:00 +0100] "GET /bracelet-amethyst-palo-santo-elastic-p-54110.html HTTP/1.0" 200 81119 "-" "Mozilla/5.0 (Macintosh; Intel Mac OS X 10_10_1) AppleWebKit/600.2.5 (KHTML, like Gecko) Version/8.0.2 Safari/600.2.5 (Amazonbot/0.1; +https://developer.amazon.com/support/amazonbot)"
52.70.240.171 - - [08/Nov/2023:07:51:02 +0100] "GET /bracelet-chakra-with-flower-life-elastic-p-48667.html HTTP/1.0" 200 79916 "-" "Mozilla/5.0 (Macintosh; Intel Mac OS X 10_10_1) AppleWebKit/600.2.5 (KHTML, like Gecko) Version/8.0.2 Safari/600.2.5 (Amazonbot/0.1; +https://developer.amazon.com/support/amazonbot)"
46.4.108.51 - - [08/Nov/2023:07:51:09 +0100] "GET /retro-industriel-chandelier-silver-color-p-42335.html HTTP/1.0" 200 79892 "-" "Mozilla/5.0 (compatible; AwarioBot/1.0; +https://awario.com/bots.html)"
52.70.240.171 - - [08/Nov/2023:07:51:11 +0100] "GET /bracelet-rock-crystal-palo-santo-elastic-p-54227.html HTTP/1.0" 200 80989 "-" "Mozilla/5.0 (Macintosh; Intel Mac OS X 10_10_1) AppleWebKit/600.2.5 (KHTML, like Gecko) Version/8.0.2 Safari/600.2.5 (Amazonbot/0.1; +https://developer.amazon.com/support/amazonbot)"
46.4.108.51 - - [08/Nov/2023:07:51:22 +0100] "GET /retro-matte-black-metal-p-37705.html HTTP/1.0" 200 79802 "-" "Mozilla/5.0 (compatible; AwarioBot/1.0; +https://awario.com/bots.html)"
52.70.240.171 - - [08/Nov/2023:07:51:29 +0100] "GET /bracelet-amethyst-facet-p-48649.html HTTP/1.0" 200 79984 "-" "Mozilla/5.0 (Macintosh; Intel Mac OS X 10_10_1) AppleWebKit/600.2.5 (KHTML, like Gecko) Version/8.0.2 Safari/600.2.5 (Amazonbot/0.1; +https://developer.amazon.com/support/amazonbot)"
23.22.35.162 - - [08/Nov/2023:07:51:32 +0100] "GET /elastic-bracelet-fluorite-p-48647.html HTTP/1.0" 200 79936 "-" "Mozilla/5.0 (Macintosh; Intel Mac OS X 10_10_1) AppleWebKit/600.2.5 (KHTML, like Gecko) Version/8.0.2 Safari/600.2.5 (Amazonbot/0.1; +https://developer.amazon.com/support/amazonbot)"
52.70.240.171 - - [08/Nov/2023:07:51:35 +0100] "GET /gorjuss-sparkle-bloom-rucksack-love-grows-p-52376.html HTTP/1.0" 200 80888 "-" "Mozilla/5.0 (Macintosh; Intel Mac OS X 10_10_1) AppleWebKit/600.2.5 (KHTML, like Gecko) Version/8.0.2 Safari/600.2.5 (Amazonbot/0.1; +https://developer.amazon.com/support/amazonbot)"
52.70.240.171 - - [08/Nov/2023:07:51:37 +0100] "GET /caramel-shoulder-silver-pink-glitter-p-55625.html HTTP/1.0" 200 80733 "-" "Mozilla/5.0 (Macintosh; Intel Mac OS X 10_10_1) AppleWebKit/600.2.5 (KHTML, like Gecko) Version/8.0.2 Safari/600.2.5 (Amazonbot/0.1; +https://developer.amazon.com/support/amazonbot)"
46.4.108.51 - - [08/Nov/2023:07:51:39 +0100] "GET /robots.txt HTTP/1.0" 200 245 "-" "Mozilla/5.0 (compatible; AwarioBot/1.0; +https://awario.com/bots.html)"
111.225.148.194 - - [08/Nov/2023:07:51:39 +0100] "GET /scented-candles-c-231_227_353.html?page=5 HTTP/1.0" 200 101167 "-" "Mozilla/5.0 (Linux; Android 5.0) AppleWebKit/537.36 (KHTML, like Gecko) Mobile Safari/537.36 (compatible; Bytespider; https://zhanzhang.toutiao.com/)"
111.225.148.208 - - [08/Nov/2023:07:51:41 +0100] "GET /swfobject.js HTTP/1.0" 404 1308 "http://www.wonder-geek.com/scented-candles-c-231_227_353.html?page=5" "Mozilla/5.0 (Linux; Android 5.0) AppleWebKit/537.36 (KHTML, like Gecko) Mobile Safari/537.36 (compatible; Bytespider; https://zhanzhang.toutiao.com/)"
46.4.108.51 - - [08/Nov/2023:07:51:39 +0100] "GET /retro-pink-eyeglass-case-p-30013.html HTTP/1.0" 200 79696 "-" "Mozilla/5.0 (compatible; AwarioBot/1.0; +https://awario.com/bots.html)"
52.70.240.171 - - [08/Nov/2023:07:51:44 +0100] "GET /caramel-shoulder-wolf-p-55628.html HTTP/1.0" 200 81046 "-" "Mozilla/5.0 (Macintosh; Intel Mac OS X 10_10_1) AppleWebKit/600.2.5 (KHTML, like Gecko) Version/8.0.2 Safari/600.2.5 (Amazonbot/0.1; +https://developer.amazon.com/support/amazonbot)"
3.224.220.101 - - [08/Nov/2023:07:51:45 +0100] "GET /marvel-avengers-backpack-p-36231.html HTTP/1.0" 200 79821 "-" "Mozilla/5.0 (Macintosh; Intel Mac OS X 10_10_1) AppleWebKit/600.2.5 (KHTML, like Gecko) Version/8.0.2 Safari/600.2.5 (Amazonbot/0.1; +https://developer.amazon.com/support/amazonbot)"
23.22.35.162 - - [08/Nov/2023:07:51:46 +0100] "GET /caramel-shoulder-ruby-butterfly-p-55627.html HTTP/1.0" 200 80884 "-" "Mozilla/5.0 (Macintosh; Intel Mac OS X 10_10_1) AppleWebKit/600.2.5 (KHTML, like Gecko) Version/8.0.2 Safari/600.2.5 (Amazonbot/0.1; +https://developer.amazon.com/support/amazonbot)"
111.225.148.208 - - [08/Nov/2023:07:51:49 +0100] "GET /js/jquery.min.js HTTP/1.0" 404 1308 "http://www.wonder-geek.com/scented-candles-c-231_227_353.html?page=5" "Mozilla/5.0 (Linux; Android 5.0) AppleWebKit/537.36 (KHTML, like Gecko) Mobile Safari/537.36 (compatible; Bytespider; https://zhanzhang.toutiao.com/)"
111.225.148.198 - - [08/Nov/2023:07:51:49 +0100] "GET /highslide/graphics/zoomout.cur HTTP/1.0" 200 614 "http://www.wonder-geek.com/scented-candles-c-231_227_353.html?page=5" "Mozilla/5.0 (Linux; Android 5.0) AppleWebKit/537.36 (KHTML, like Gecko) Mobile Safari/537.36 (compatible; Bytespider; https://zhanzhang.toutiao.com/)"
173.252.83.14 - - [08/Nov/2023:07:51:53 +0100] "GET /images/mini_prod/1328399219599.jpg HTTP/1.0" 200 269 "-" "facebookexternalhit/1.1 (+http://www.facebook.com/externalhit_uatext.php)"
3.224.220.101 - - [08/Nov/2023:07:51:52 +0100] "GET /caramel-shoulder-rose-libellule-p-55626.html HTTP/1.0" 200 80888 "-" "Mozilla/5.0 (Macintosh; Intel Mac OS X 10_10_1) AppleWebKit/600.2.5 (KHTML, like Gecko) Version/8.0.2 Safari/600.2.5 (Amazonbot/0.1; +https://developer.amazon.com/support/amazonbot)"
46.4.108.51 - - [08/Nov/2023:07:52:02 +0100] "GET /retro-pink-eyeglass-case-p-30019.html HTTP/1.0" 200 79721 "-" "Mozilla/5.0 (compatible; AwarioBot/1.0; +https://awario.com/bots.html)"
85.208.96.207 - - [08/Nov/2023:07:52:05 +0100] "GET /figurines-statuettes-statues-decoration-collection-c-292.html?page=42 HTTP/1.0" 200 100509 "-" "Mozilla/5.0 (compatible; SemrushBot/7~bl; +http://www.semrush.com/bot.html)"
52.70.240.171 - - [08/Nov/2023:07:52:06 +0100] "GET /sugar-c-13_150_152.html HTTP/1.0" 200 87580 "-" "Mozilla/5.0 (Macintosh; Intel Mac OS X 10_10_1) AppleWebKit/600.2.5 (KHTML, like Gecko) Version/8.0.2 Safari/600.2.5 (Amazonbot/0.1; +https://developer.amazon.com/support/amazonbot)"
23.22.35.162 - - [08/Nov/2023:07:52:13 +0100] "GET /gorjuss-sparkle-bloom-rucksack-cherry-blossom-p-52375.html HTTP/1.0" 200 80882 "-" "Mozilla/5.0 (Macintosh; Intel Mac OS X 10_10_1) AppleWebKit/600.2.5 (KHTML, like Gecko) Version/8.0.2 Safari/600.2.5 (Amazonbot/0.1; +https://developer.amazon.com/support/amazonbot)"
52.70.240.171 - - [08/Nov/2023:07:52:14 +0100] "GET /gorjuss-fiesta-triple-pocket-rucksack-dreamer-p-47758.html HTTP/1.0" 200 79993 "-" "Mozilla/5.0 (Macintosh; Intel Mac OS X 10_10_1) AppleWebKit/600.2.5 (KHTML, like Gecko) Version/8.0.2 Safari/600.2.5 (Amazonbot/0.1; +https://developer.amazon.com/support/amazonbot)"
85.208.96.206 - - [08/Nov/2023:07:52:16 +0100] "GET /tout-travail-mrite-bire-coasters-p-53170.html HTTP/1.0" 200 79742 "-" "Mozilla/5.0 (compatible; SemrushBot/7~bl; +http://www.semrush.com/bot.html)"
3.224.220.101 - - [08/Nov/2023:07:52:16 +0100] "GET /cats-dubout-placemat-p-40082.html HTTP/1.0" 200 79665 "-" "Mozilla/5.0 (Macintosh; Intel Mac OS X 10_10_1) AppleWebKit/600.2.5 (KHTML, like Gecko) Version/8.0.2 Safari/600.2.5 (Amazonbot/0.1; +https://developer.amazon.com/support/amazonbot)"
46.4.108.51 - - [08/Nov/2023:07:52:18 +0100] "GET /retro-pink-eyeglass-case-p-30022.html HTTP/1.0" 200 79696 "-" "Mozilla/5.0 (compatible; AwarioBot/1.0; +https://awario.com/bots.html)"
85.208.96.207 - - [08/Nov/2023:07:52:20 +0100] "GET /arty-eyes-isothermic-stainless-steel-bottle-p-57590.html HTTP/1.0" 200 80464 "-" "Mozilla/5.0 (compatible; SemrushBot/7~bl; +http://www.semrush.com/bot.html)"
52.70.240.171 - - [08/Nov/2023:07:52:22 +0100] "GET /-c-95_354.html HTTP/1.0" 200 76139 "-" "Mozilla/5.0 (Macintosh; Intel Mac OS X 10_10_1) AppleWebKit/600.2.5 (KHTML, like Gecko) Version/8.0.2 Safari/600.2.5 (Amazonbot/0.1; +https://developer.amazon.com/support/amazonbot)"
85.208.96.199 - - [08/Nov/2023:07:52:36 +0100] "GET /magnets-paris-p-48344.html HTTP/1.0" 200 77329 "-" "Mozilla/5.0 (compatible; SemrushBot/7~bl; +http://www.semrush.com/bot.html)"
46.4.108.51 - - [08/Nov/2023:07:52:38 +0100] "GET /retro-rugby-ball-toiletry-p-59132.html HTTP/1.0" 200 80943 "-" "Mozilla/5.0 (compatible; AwarioBot/1.0; +https://awario.com/bots.html)"
85.208.96.204 - - [08/Nov/2023:07:52:39 +0100] "GET /games-toys-c-4.html?page=22 HTTP/1.0" 200 95785 "-" "Mozilla/5.0 (compatible; SemrushBot/7~bl; +http://www.semrush.com/bot.html)"
85.208.96.205 - - [08/Nov/2023:07:52:42 +0100] "GET /ceramic-incense-burner-p-58422.html HTTP/1.0" 200 80389 "-" "Mozilla/5.0 (compatible; SemrushBot/7~bl; +http://www.semrush.com/bot.html)"
46.4.108.51 - - [08/Nov/2023:07:52:44 +0100] "GET /retro-sign-p-42689.html HTTP/1.0" 200 79753 "-" "Mozilla/5.0 (compatible; AwarioBot/1.0; +https://awario.com/bots.html)"
3.224.220.101 - - [08/Nov/2023:07:53:01 +0100] "GET /cats-dubout-placemat-p-40081.html HTTP/1.0" 200 79665 "-" "Mozilla/5.0 (Macintosh; Intel Mac OS X 10_10_1) AppleWebKit/600.2.5 (KHTML, like Gecko) Version/8.0.2 Safari/600.2.5 (Amazonbot/0.1; +https://developer.amazon.com/support/amazonbot)"
46.4.108.51 - - [08/Nov/2023:07:53:02 +0100] "GET /retro-soccer-ball-vanity-case-p-59131.html HTTP/1.0" 200 80943 "-" "Mozilla/5.0 (compatible; AwarioBot/1.0; +https://awario.com/bots.html)"
46.4.108.51 - - [08/Nov/2023:07:53:07 +0100] "GET /retro-style-bread-p-42581.html HTTP/1.0" 200 80342 "-" "Mozilla/5.0 (compatible; AwarioBot/1.0; +https://awario.com/bots.html)"
85.208.96.207 - - [08/Nov/2023:07:53:08 +0100] "GET /little-toiletry-p-43393.html HTTP/1.0" 200 77329 "-" "Mozilla/5.0 (compatible; SemrushBot/7~bl; +http://www.semrush.com/bot.html)"
185.191.171.17 - - [08/Nov/2023:07:53:12 +0100] "GET /small-heart-home-candle-snow-angel-p-57122.html HTTP/1.0" 200 81090 "-" "Mozilla/5.0 (compatible; SemrushBot/7~bl; +http://www.semrush.com/bot.html)"
46.4.108.51 - - [08/Nov/2023:07:53:13 +0100] "GET /retro-style-bread-saveurs-traditions-franaises-p-55517.html HTTP/1.0" 200 80666 "-" "Mozilla/5.0 (compatible; AwarioBot/1.0; +https://awario.com/bots.html)"
185.191.171.11 - - [08/Nov/2023:07:53:16 +0100] "GET /-p-30086.html HTTP/1.0" 200 77271 "-" "Mozilla/5.0 (compatible; SemrushBot/7~bl; +http://www.semrush.com/bot.html)"
185.191.171.17 - - [08/Nov/2023:07:53:19 +0100] "GET /home-decoration-c-13.html?page=69 HTTP/1.0" 200 99720 "-" "Mozilla/5.0 (compatible; SemrushBot/7~bl; +http://www.semrush.com/bot.html)"
173.252.83.12 - - [08/Nov/2023:07:53:25 +0100] "GET /images/big_prod/1384000001694.jpg HTTP/1.0" 200 268 "-" "facebookexternalhit/1.1 (+http://www.facebook.com/externalhit_uatext.php)"
173.252.83.117 - - [08/Nov/2023:07:53:27 +0100] "GET /images/mini_prod/4036113461267.jpg HTTP/1.0" 404 1308 "-" "facebookexternalhit/1.1 (+http://www.facebook.com/externalhit_uatext.php)"
46.4.108.51 - - [08/Nov/2023:07:53:26 +0100] "GET /retro-style-chocolate-picerie-traditionnelle-p-57135.html HTTP/1.0" 200 80680 "-" "Mozilla/5.0 (compatible; AwarioBot/1.0; +https://awario.com/bots.html)"
85.208.96.210 - - [08/Nov/2023:07:53:30 +0100] "GET /fine-porcelain-saucer-p-57261.html HTTP/1.0" 200 79792 "-" "Mozilla/5.0 (compatible; SemrushBot/7~bl; +http://www.semrush.com/bot.html)"
23.22.35.162 - - [08/Nov/2023:07:53:30 +0100] "GET /boys-c-2.html HTTP/1.0" 200 97709 "-" "Mozilla/5.0 (Macintosh; Intel Mac OS X 10_10_1) AppleWebKit/600.2.5 (KHTML, like Gecko) Version/8.0.2 Safari/600.2.5 (Amazonbot/0.1; +https://developer.amazon.com/support/amazonbot)"
52.70.240.171 - - [08/Nov/2023:07:53:31 +0100] "GET /-c-95_339.html HTTP/1.0" 200 76139 "-" "Mozilla/5.0 (Macintosh; Intel Mac OS X 10_10_1) AppleWebKit/600.2.5 (KHTML, like Gecko) Version/8.0.2 Safari/600.2.5 (Amazonbot/0.1; +https://developer.amazon.com/support/amazonbot)"
3.224.220.101 - - [08/Nov/2023:07:53:32 +0100] "GET /napkins-c-11_285.html HTTP/1.0" 200 88327 "-" "Mozilla/5.0 (Macintosh; Intel Mac OS X 10_10_1) AppleWebKit/600.2.5 (KHTML, like Gecko) Version/8.0.2 Safari/600.2.5 (Amazonbot/0.1; +https://developer.amazon.com/support/amazonbot)"
23.22.35.162 - - [08/Nov/2023:07:53:33 +0100] "GET /coffee-c-13_150_153.html HTTP/1.0" 200 97310 "-" "Mozilla/5.0 (Macintosh; Intel Mac OS X 10_10_1) AppleWebKit/600.2.5 (KHTML, like Gecko) Version/8.0.2 Safari/600.2.5 (Amazonbot/0.1; +https://developer.amazon.com/support/amazonbot)"
23.22.35.162 - - [08/Nov/2023:07:53:35 +0100] "GET /boys-c-2.html HTTP/1.0" 200 97709 "-" "Mozilla/5.0 (Macintosh; Intel Mac OS X 10_10_1) AppleWebKit/600.2.5 (KHTML, like Gecko) Version/8.0.2 Safari/600.2.5 (Amazonbot/0.1; +https://developer.amazon.com/support/amazonbot)"
46.4.108.51 - - [08/Nov/2023:07:53:37 +0100] "GET /retro-style-chocolate-saveurs-traditions-franaises-p-55520.html HTTP/1.0" 200 80764 "-" "Mozilla/5.0 (compatible; AwarioBot/1.0; +https://awario.com/bots.html)"
85.208.96.210 - - [08/Nov/2023:07:53:37 +0100] "GET /parrot-figurine-flocked-resin-p-54029.html HTTP/1.0" 200 77383 "-" "Mozilla/5.0 (compatible; SemrushBot/7~bl; +http://www.semrush.com/bot.html)"
54.36.148.218 - - [08/Nov/2023:07:53:39 +0100] "GET /holders-c-13_150_201.html?page=2 HTTP/1.0" 200 92810 "-" "Mozilla/5.0 (compatible; AhrefsBot/7.0; +http://ahrefs.com/robot/)"
54.36.148.251 - - [08/Nov/2023:07:53:44 +0100] "GET /images/mini_prod/8433933261156.jpg HTTP/1.0" 200 269 "-" "Mozilla/5.0 (compatible; AhrefsBot/7.0; +http://ahrefs.com/robot/)"
54.36.149.1 - - [08/Nov/2023:07:53:44 +0100] "GET /images/mini_prod/3609810062092.jpg HTTP/1.0" 200 269 "-" "Mozilla/5.0 (compatible; AhrefsBot/7.0; +http://ahrefs.com/robot/)"
54.36.148.5 - - [08/Nov/2023:07:53:44 +0100] "GET /images/mini_prod/8433933238448.jpg HTTP/1.0" 200 269 "-" "Mozilla/5.0 (compatible; AhrefsBot/7.0; +http://ahrefs.com/robot/)"
54.36.148.245 - - [08/Nov/2023:07:53:44 +0100] "GET /images/mini_prod/3609810062085a.jpg HTTP/1.0" 200 270 "-" "Mozilla/5.0 (compatible; AhrefsBot/7.0; +http://ahrefs.com/robot/)"
54.36.148.170 - - [08/Nov/2023:07:53:45 +0100] "GET /images/mini_prod/4029811406647.jpg HTTP/1.0" 200 269 "-" "Mozilla/5.0 (compatible; AhrefsBot/7.0; +http://ahrefs.com/robot/)"
54.36.148.50 - - [08/Nov/2023:07:53:45 +0100] "GET /images/mini_prod/4029811442270.jpg HTTP/1.0" 200 269 "-" "Mozilla/5.0 (compatible; AhrefsBot/7.0; +http://ahrefs.com/robot/)"
54.36.148.239 - - [08/Nov/2023:07:53:45 +0100] "GET /images/mini_prod/8424346543519.jpg HTTP/1.0" 200 269 "-" "Mozilla/5.0 (compatible; AhrefsBot/7.0; +http://ahrefs.com/robot/)"
54.36.149.72 - - [08/Nov/2023:07:53:45 +0100] "GET /images/mini_prod/4029811448883.jpg HTTP/1.0" 200 269 "-" "Mozilla/5.0 (compatible; AhrefsBot/7.0; +http://ahrefs.com/robot/)"
54.36.148.188 - - [08/Nov/2023:07:53:45 +0100] "GET /images/mini_prod/4029811436910.jpg HTTP/1.0" 200 269 "-" "Mozilla/5.0 (compatible; AhrefsBot/7.0; +http://ahrefs.com/robot/)"
54.36.149.35 - - [08/Nov/2023:07:53:46 +0100] "GET /images/mini_prod/8445148047319.jpg HTTP/1.0" 200 269 "-" "Mozilla/5.0 (compatible; AhrefsBot/7.0; +http://ahrefs.com/robot/)"
54.36.149.37 - - [08/Nov/2023:07:53:46 +0100] "GET /images/mini_prod/3609810062078.jpg HTTP/1.0" 200 269 "-" "Mozilla/5.0 (compatible; AhrefsBot/7.0; +http://ahrefs.com/robot/)"
54.36.148.13 - - [08/Nov/2023:07:53:46 +0100] "GET /images/mini_prod/8433933192931.jpg HTTP/1.0" 200 269 "-" "Mozilla/5.0 (compatible; AhrefsBot/7.0; +http://ahrefs.com/robot/)"
54.36.148.156 - - [08/Nov/2023:07:53:46 +0100] "GET /images/mini_prod/8433933269084A.jpg HTTP/1.0" 200 270 "-" "Mozilla/5.0 (compatible; AhrefsBot/7.0; +http://ahrefs.com/robot/)"
54.36.148.219 - - [08/Nov/2023:07:53:47 +0100] "GET /images/mini_prod/4029811409358.jpg HTTP/1.0" 200 269 "-" "Mozilla/5.0 (compatible; AhrefsBot/7.0; +http://ahrefs.com/robot/)"
54.36.148.40 - - [08/Nov/2023:07:53:47 +0100] "GET /images/mini_prod/8433933205600.jpg HTTP/1.0" 200 269 "-" "Mozilla/5.0 (compatible; AhrefsBot/7.0; +http://ahrefs.com/robot/)"
185.191.171.12 - - [08/Nov/2023:07:53:47 +0100] "GET /provence-bath-soap-dish-p-44567.html HTTP/1.0" 200 79643 "-" "Mozilla/5.0 (compatible; SemrushBot/7~bl; +http://www.semrush.com/bot.html)"
185.191.171.16 - - [08/Nov/2023:07:53:50 +0100] "GET /greenhouse-book-hands-cast-iron-p-48954.html HTTP/1.0" 200 77391 "-" "Mozilla/5.0 (compatible; SemrushBot/7~bl; +http://www.semrush.com/bot.html)"
46.4.108.51 - - [08/Nov/2023:07:53:53 +0100] "GET /robots.txt HTTP/1.0" 200 245 "-" "Mozilla/5.0 (compatible; AwarioBot/1.0; +https://awario.com/bots.html)"
46.4.108.51 - - [08/Nov/2023:07:53:53 +0100] "GET /retro-style-coffee-picerie-traditionnelle-p-57201.html HTTP/1.0" 200 80698 "-" "Mozilla/5.0 (compatible; AwarioBot/1.0; +https://awario.com/bots.html)"
85.208.96.203 - - [08/Nov/2023:07:53:54 +0100] "GET /lighting-c-86.html?page=16 HTTP/1.0" 200 99431 "-" "Mozilla/5.0 (compatible; SemrushBot/7~bl; +http://www.semrush.com/bot.html)"
85.208.96.197 - - [08/Nov/2023:07:53:57 +0100] "GET /happy-hair-tidy-p-19449.html HTTP/1.0" 200 79883 "-" "Mozilla/5.0 (compatible; SemrushBot/7~bl; +http://www.semrush.com/bot.html)"
85.208.96.202 - - [08/Nov/2023:07:54:00 +0100] "GET /-p-19649.html HTTP/1.0" 200 77271 "-" "Mozilla/5.0 (compatible; SemrushBot/7~bl; +http://www.semrush.com/bot.html)"
46.4.108.51 - - [08/Nov/2023:07:54:01 +0100] "GET /retro-style-coffee-saveurs-traditions-franaises-p-55522.html HTTP/1.0" 200 80782 "-" "Mozilla/5.0 (compatible; AwarioBot/1.0; +https://awario.com/bots.html)"
52.70.240.171 - - [08/Nov/2023:07:54:03 +0100] "GET /-c-95_305.html HTTP/1.0" 200 76139 "-" "Mozilla/5.0 (Macintosh; Intel Mac OS X 10_10_1) AppleWebKit/600.2.5 (KHTML, like Gecko) Version/8.0.2 Safari/600.2.5 (Amazonbot/0.1; +https://developer.amazon.com/support/amazonbot)"
52.70.240.171 - - [08/Nov/2023:07:54:04 +0100] "GET /-c-95_344.html HTTP/1.0" 200 76139 "-" "Mozilla/5.0 (Macintosh; Intel Mac OS X 10_10_1) AppleWebKit/600.2.5 (KHTML, like Gecko) Version/8.0.2 Safari/600.2.5 (Amazonbot/0.1; +https://developer.amazon.com/support/amazonbot)"
3.224.220.101 - - [08/Nov/2023:07:54:05 +0100] "GET /desk-blotter-c-129_190.html HTTP/1.0" 200 76348 "-" "Mozilla/5.0 (Macintosh; Intel Mac OS X 10_10_1) AppleWebKit/600.2.5 (KHTML, like Gecko) Version/8.0.2 Safari/600.2.5 (Amazonbot/0.1; +https://developer.amazon.com/support/amazonbot)"
3.224.220.101 - - [08/Nov/2023:07:54:08 +0100] "GET /household-linen-c-11.html HTTP/1.0" 200 99099 "-" "Mozilla/5.0 (Macintosh; Intel Mac OS X 10_10_1) AppleWebKit/600.2.5 (KHTML, like Gecko) Version/8.0.2 Safari/600.2.5 (Amazonbot/0.1; +https://developer.amazon.com/support/amazonbot)"
3.224.220.101 - - [08/Nov/2023:07:54:09 +0100] "GET /cats-dubout-placemat-p-32426.html HTTP/1.0" 200 79665 "-" "Mozilla/5.0 (Macintosh; Intel Mac OS X 10_10_1) AppleWebKit/600.2.5 (KHTML, like Gecko) Version/8.0.2 Safari/600.2.5 (Amazonbot/0.1; +https://developer.amazon.com/support/amazonbot)"
23.22.35.162 - - [08/Nov/2023:07:54:12 +0100] "GET /corsica-placemat-p-47174.html HTTP/1.0" 200 79633 "-" "Mozilla/5.0 (Macintosh; Intel Mac OS X 10_10_1) AppleWebKit/600.2.5 (KHTML, like Gecko) Version/8.0.2 Safari/600.2.5 (Amazonbot/0.1; +https://developer.amazon.com/support/amazonbot)"
52.70.240.171 - - [08/Nov/2023:07:54:13 +0100] "GET /cats-dubout-placemat-p-47080.html HTTP/1.0" 200 79665 "-" "Mozilla/5.0 (Macintosh; Intel Mac OS X 10_10_1) AppleWebKit/600.2.5 (KHTML, like Gecko) Version/8.0.2 Safari/600.2.5 (Amazonbot/0.1; +https://developer.amazon.com/support/amazonbot)"
23.22.35.162 - - [08/Nov/2023:07:54:15 +0100] "GET /cats-dubout-placemat-p-47079.html HTTP/1.0" 200 79665 "-" "Mozilla/5.0 (Macintosh; Intel Mac OS X 10_10_1) AppleWebKit/600.2.5 (KHTML, like Gecko) Version/8.0.2 Safari/600.2.5 (Amazonbot/0.1; +https://developer.amazon.com/support/amazonbot)"
52.70.240.171 - - [08/Nov/2023:07:54:20 +0100] "GET /corsica-tour-placemat-p-49722.html HTTP/1.0" 200 79799 "-" "Mozilla/5.0 (Macintosh; Intel Mac OS X 10_10_1) AppleWebKit/600.2.5 (KHTML, like Gecko) Version/8.0.2 Safari/600.2.5 (Amazonbot/0.1; +https://developer.amazon.com/support/amazonbot)"
3.224.220.101 - - [08/Nov/2023:07:54:22 +0100] "GET /pastis-olive-placemat-p-49718.html HTTP/1.0" 200 79642 "-" "Mozilla/5.0 (Macintosh; Intel Mac OS X 10_10_1) AppleWebKit/600.2.5 (KHTML, like Gecko) Version/8.0.2 Safari/600.2.5 (Amazonbot/0.1; +https://developer.amazon.com/support/amazonbot)"
52.70.240.171 - - [08/Nov/2023:07:54:23 +0100] "GET /cats-dubout-placemat-p-47078.html HTTP/1.0" 200 79665 "-" "Mozilla/5.0 (Macintosh; Intel Mac OS X 10_10_1) AppleWebKit/600.2.5 (KHTML, like Gecko) Version/8.0.2 Safari/600.2.5 (Amazonbot/0.1; +https://developer.amazon.com/support/amazonbot)"
23.22.35.162 - - [08/Nov/2023:07:54:25 +0100] "GET /cats-dubout-placemat-p-47082.html HTTP/1.0" 200 79665 "-" "Mozilla/5.0 (Macintosh; Intel Mac OS X 10_10_1) AppleWebKit/600.2.5 (KHTML, like Gecko) Version/8.0.2 Safari/600.2.5 (Amazonbot/0.1; +https://developer.amazon.com/support/amazonbot)"
46.4.108.51 - - [08/Nov/2023:07:54:26 +0100] "GET /retro-style-cookies-saveurs-traditions-franaises-p-57868.html HTTP/1.0" 200 80744 "-" "Mozilla/5.0 (compatible; AwarioBot/1.0; +https://awario.com/bots.html)"
23.22.35.162 - - [08/Nov/2023:07:54:28 +0100] "GET /cats-dubout-placemat-p-47081.html HTTP/1.0" 200 79665 "-" "Mozilla/5.0 (Macintosh; Intel Mac OS X 10_10_1) AppleWebKit/600.2.5 (KHTML, like Gecko) Version/8.0.2 Safari/600.2.5 (Amazonbot/0.1; +https://developer.amazon.com/support/amazonbot)"
23.22.35.162 - - [08/Nov/2023:07:54:29 +0100] "GET /cats-dubout-placemat-p-47083.html HTTP/1.0" 200 79665 "-" "Mozilla/5.0 (Macintosh; Intel Mac OS X 10_10_1) AppleWebKit/600.2.5 (KHTML, like Gecko) Version/8.0.2 Safari/600.2.5 (Amazonbot/0.1; +https://developer.amazon.com/support/amazonbot)"
3.224.220.101 - - [08/Nov/2023:07:54:30 +0100] "GET /round-beige-black-woven-bamboo-leaf-placemat-p-56540.html HTTP/1.0" 200 80497 "-" "Mozilla/5.0 (Macintosh; Intel Mac OS X 10_10_1) AppleWebKit/600.2.5 (KHTML, like Gecko) Version/8.0.2 Safari/600.2.5 (Amazonbot/0.1; +https://developer.amazon.com/support/amazonbot)"
23.22.35.162 - - [08/Nov/2023:07:54:31 +0100] "GET /corsica-calanche-piana-placemat-p-49720.html HTTP/1.0" 200 79772 "-" "Mozilla/5.0 (Macintosh; Intel Mac OS X 10_10_1) AppleWebKit/600.2.5 (KHTML, like Gecko) Version/8.0.2 Safari/600.2.5 (Amazonbot/0.1; +https://developer.amazon.com/support/amazonbot)"
3.224.220.101 - - [08/Nov/2023:07:54:34 +0100] "GET /confiture-picon-placemat-p-49719.html HTTP/1.0" 200 79666 "-" "Mozilla/5.0 (Macintosh; Intel Mac OS X 10_10_1) AppleWebKit/600.2.5 (KHTML, like Gecko) Version/8.0.2 Safari/600.2.5 (Amazonbot/0.1; +https://developer.amazon.com/support/amazonbot)"
52.70.240.171 - - [08/Nov/2023:07:54:36 +0100] "GET /round-beige-black-woven-bamboo-leaf-placemat-p-56541.html HTTP/1.0" 200 80498 "-" "Mozilla/5.0 (Macintosh; Intel Mac OS X 10_10_1) AppleWebKit/600.2.5 (KHTML, like Gecko) Version/8.0.2 Safari/600.2.5 (Amazonbot/0.1; +https://developer.amazon.com/support/amazonbot)"
46.4.108.51 - - [08/Nov/2023:07:54:36 +0100] "GET /retro-style-picerie-traditionnelle-p-57200.html HTTP/1.0" 200 80670 "-" "Mozilla/5.0 (compatible; AwarioBot/1.0; +https://awario.com/bots.html)"
23.22.35.162 - - [08/Nov/2023:07:54:38 +0100] "GET /waterproof-backpack-liters-pink-p-58218.html HTTP/1.0" 200 80636 "-" "Mozilla/5.0 (Macintosh; Intel Mac OS X 10_10_1) AppleWebKit/600.2.5 (KHTML, like Gecko) Version/8.0.2 Safari/600.2.5 (Amazonbot/0.1; +https://developer.amazon.com/support/amazonbot)"
52.70.240.171 - - [08/Nov/2023:07:54:40 +0100] "GET /backpack-angeles-lakers-p-55757.html HTTP/1.0" 200 80834 "-" "Mozilla/5.0 (Macintosh; Intel Mac OS X 10_10_1) AppleWebKit/600.2.5 (KHTML, like Gecko) Version/8.0.2 Safari/600.2.5 (Amazonbot/0.1; +https://developer.amazon.com/support/amazonbot)"
23.22.35.162 - - [08/Nov/2023:07:54:43 +0100] "GET /waterproof-backpack-liters-khaki-p-58217.html HTTP/1.0" 200 80866 "-" "Mozilla/5.0 (Macintosh; Intel Mac OS X 10_10_1) AppleWebKit/600.2.5 (KHTML, like Gecko) Version/8.0.2 Safari/600.2.5 (Amazonbot/0.1; +https://developer.amazon.com/support/amazonbot)"
3.224.220.101 - - [08/Nov/2023:07:54:44 +0100] "GET /gorjuss-sparkle-bloom-rucksack-catch-falling-star-p-52374.html HTTP/1.0" 200 80997 "-" "Mozilla/5.0 (Macintosh; Intel Mac OS X 10_10_1) AppleWebKit/600.2.5 (KHTML, like Gecko) Version/8.0.2 Safari/600.2.5 (Amazonbot/0.1; +https://developer.amazon.com/support/amazonbot)"
23.22.35.162 - - [08/Nov/2023:07:54:45 +0100] "GET /pokemon-pikachu-backpack-p-60197.html HTTP/1.0" 200 80512 "-" "Mozilla/5.0 (Macintosh; Intel Mac OS X 10_10_1) AppleWebKit/600.2.5 (KHTML, like Gecko) Version/8.0.2 Safari/600.2.5 (Amazonbot/0.1; +https://developer.amazon.com/support/amazonbot)"
168.138.105.69 - - [08/Nov/2023:07:54:46 +0100] "GET /images/mini_prod/1384010206805.jpg HTTP/1.0" 200 269 "-" "Mozilla/5.0 (X11; Ubuntu; Linux x86_64; rv:72.0) Gecko/20100101 Firefox/72.0"
3.224.220.101 - - [08/Nov/2023:07:54:46 +0100] "GET /olympique-marseille-large-backpack-p-19700.html HTTP/1.0" 200 79865 "-" "Mozilla/5.0 (Macintosh; Intel Mac OS X 10_10_1) AppleWebKit/600.2.5 (KHTML, like Gecko) Version/8.0.2 Safari/600.2.5 (Amazonbot/0.1; +https://developer.amazon.com/support/amazonbot)"
23.22.35.162 - - [08/Nov/2023:07:54:47 +0100] "GET /waterproof-backpack-liters-pink-p-58219.html HTTP/1.0" 200 80636 "-" "Mozilla/5.0 (Macintosh; Intel Mac OS X 10_10_1) AppleWebKit/600.2.5 (KHTML, like Gecko) Version/8.0.2 Safari/600.2.5 (Amazonbot/0.1; +https://developer.amazon.com/support/amazonbot)"
3.224.220.101 - - [08/Nov/2023:07:54:48 +0100] "GET /yuna-kimmidoll-swarovski-chain-bracelet-with-charm-p-15884.html HTTP/1.0" 200 80080 "-" "Mozilla/5.0 (Macintosh; Intel Mac OS X 10_10_1) AppleWebKit/600.2.5 (KHTML, like Gecko) Version/8.0.2 Safari/600.2.5 (Amazonbot/0.1; +https://developer.amazon.com/support/amazonbot)"
23.22.35.162 - - [08/Nov/2023:07:54:49 +0100] "GET /bracelet-moonstone-p-48653.html HTTP/1.0" 200 80914 "-" "Mozilla/5.0 (Macintosh; Intel Mac OS X 10_10_1) AppleWebKit/600.2.5 (KHTML, like Gecko) Version/8.0.2 Safari/600.2.5 (Amazonbot/0.1; +https://developer.amazon.com/support/amazonbot)"
46.4.108.51 - - [08/Nov/2023:07:54:48 +0100] "GET /retro-style-saveurs-traditions-franaises-p-55521.html HTTP/1.0" 200 80754 "-" "Mozilla/5.0 (compatible; AwarioBot/1.0; +https://awario.com/bots.html)"
114.119.149.203 - - [08/Nov/2023:07:54:51 +0100] "GET /%20images/big_prod/8996969696908.jpg HTTP/1.0" 404 1308 "http://www.wonder-geek.com/body-stimulating-massage-p-43197.html" "Mozilla/5.0 (Linux; Android 7.0;) AppleWebKit/537.36 (KHTML, like Gecko) Mobile Safari/537.36 (compatible; PetalBot;+https://webmaster.petalsearch.com/site/petalbot)"
23.22.35.162 - - [08/Nov/2023:07:54:58 +0100] "GET /zippo-bracelet-black-leather-stainless-steel-p-49082.html HTTP/1.0" 200 80812 "-" "Mozilla/5.0 (Macintosh; Intel Mac OS X 10_10_1) AppleWebKit/600.2.5 (KHTML, like Gecko) Version/8.0.2 Safari/600.2.5 (Amazonbot/0.1; +https://developer.amazon.com/support/amazonbot)"
52.70.240.171 - - [08/Nov/2023:07:54:59 +0100] "GET /hello-kitty-bracelet-silver-plated-brass-p-11507.html HTTP/1.0" 200 79761 "-" "Mozilla/5.0 (Macintosh; Intel Mac OS X 10_10_1) AppleWebKit/600.2.5 (KHTML, like Gecko) Version/8.0.2 Safari/600.2.5 (Amazonbot/0.1; +https://developer.amazon.com/support/amazonbot)"
3.224.220.101 - - [08/Nov/2023:07:55:02 +0100] "GET /bracelet-flower-life-silver-colour-p-48665.html HTTP/1.0" 200 79817 "-" "Mozilla/5.0 (Macintosh; Intel Mac OS X 10_10_1) AppleWebKit/600.2.5 (KHTML, like Gecko) Version/8.0.2 Safari/600.2.5 (Amazonbot/0.1; +https://developer.amazon.com/support/amazonbot)"
23.22.35.162 - - [08/Nov/2023:07:55:04 +0100] "GET /kimmidoll-honoka-bangle-p-15852.html HTTP/1.0" 200 80661 "-" "Mozilla/5.0 (Macintosh; Intel Mac OS X 10_10_1) AppleWebKit/600.2.5 (KHTML, like Gecko) Version/8.0.2 Safari/600.2.5 (Amazonbot/0.1; +https://developer.amazon.com/support/amazonbot)"
3.224.220.101 - - [08/Nov/2023:07:55:05 +0100] "GET /bracelet-shungite-p-48656.html HTTP/1.0" 200 80494 "-" "Mozilla/5.0 (Macintosh; Intel Mac OS X 10_10_1) AppleWebKit/600.2.5 (KHTML, like Gecko) Version/8.0.2 Safari/600.2.5 (Amazonbot/0.1; +https://developer.amazon.com/support/amazonbot)"
52.70.240.171 - - [08/Nov/2023:07:55:07 +0100] "GET /zippo-torque-bracelet-twisted-stainless-steel-p-49084.html HTTP/1.0" 200 80697 "-" "Mozilla/5.0 (Macintosh; Intel Mac OS X 10_10_1) AppleWebKit/600.2.5 (KHTML, like Gecko) Version/8.0.2 Safari/600.2.5 (Amazonbot/0.1; +https://developer.amazon.com/support/amazonbot)"
46.4.108.51 - - [08/Nov/2023:07:55:07 +0100] "GET /retro-style-sugar-picerie-traditionnelle-p-57198.html HTTP/1.0" 200 80612 "-" "Mozilla/5.0 (compatible; AwarioBot/1.0; +https://awario.com/bots.html)"
66.249.66.206 - - [08/Nov/2023:07:55:13 +0100] "GET /lentil-case-p-47533.html HTTP/1.0" 200 77305 "-" "Mozilla/5.0 (Linux; Android 6.0.1; Nexus 5X Build/MMB29P) AppleWebKit/537.36 (KHTML, like Gecko) Chrome/119.0.6045.105 Mobile Safari/537.36 (compatible; Googlebot/2.1; +http://www.google.com/bot.html)"
173.252.83.3 - - [08/Nov/2023:07:55:16 +0100] "GET /images/mini_prod/8433933457269.jpg HTTP/1.0" 200 269 "-" "facebookexternalhit/1.1 (+http://www.facebook.com/externalhit_uatext.php)"
66.249.66.207 - - [08/Nov/2023:07:55:15 +0100] "GET /beyblade-mattress-swimming-pool-p-14358.html HTTP/1.0" 200 80087 "-" "Mozilla/5.0 (Linux; Android 6.0.1; Nexus 5X Build/MMB29P) AppleWebKit/537.36 (KHTML, like Gecko) Chrome/119.0.6045.105 Mobile Safari/537.36 (compatible; Googlebot/2.1; +http://www.google.com/bot.html)"
46.4.108.51 - - [08/Nov/2023:07:55:15 +0100] "GET /retro-style-sugar-saveurs-traditions-franaises-p-55519.html HTTP/1.0" 200 80590 "-" "Mozilla/5.0 (compatible; AwarioBot/1.0; +https://awario.com/bots.html)"
52.70.240.171 - - [08/Nov/2023:07:55:28 +0100] "GET /kimmidoll-nobuko-bangle-p-15854.html HTTP/1.0" 200 80661 "-" "Mozilla/5.0 (Macintosh; Intel Mac OS X 10_10_1) AppleWebKit/600.2.5 (KHTML, like Gecko) Version/8.0.2 Safari/600.2.5 (Amazonbot/0.1; +https://developer.amazon.com/support/amazonbot)"
46.4.108.51 - - [08/Nov/2023:07:55:30 +0100] "GET /retro-sugar-matte-black-metal-p-37706.html HTTP/1.0" 200 79816 "-" "Mozilla/5.0 (compatible; AwarioBot/1.0; +https://awario.com/bots.html)"
46.4.108.51 - - [08/Nov/2023:07:55:35 +0100] "GET /retro-wooden-motorcycle-frame-hang-latter-dude-p-46393.html HTTP/1.0" 200 79941 "-" "Mozilla/5.0 (compatible; AwarioBot/1.0; +https://awario.com/bots.html)"
23.22.35.162 - - [08/Nov/2023:07:55:38 +0100] "GET /collection-large-metal-plate-deco-p-34131.html HTTP/1.0" 200 80355 "-" "Mozilla/5.0 (Macintosh; Intel Mac OS X 10_10_1) AppleWebKit/600.2.5 (KHTML, like Gecko) Version/8.0.2 Safari/600.2.5 (Amazonbot/0.1; +https://developer.amazon.com/support/amazonbot)"
168.138.105.69 - - [08/Nov/2023:07:55:39 +0100] "GET /images/mini_prod/8422002209410.jpg HTTP/1.0" 200 269 "-" "Mozilla/5.0 (X11; Ubuntu; Linux x86_64; rv:72.0) Gecko/20100101 Firefox/72.0"
46.4.108.51 - - [08/Nov/2023:07:55:44 +0100] "GET /retro-wooden-photo-frame-p-42194.html HTTP/1.0" 200 79819 "-" "Mozilla/5.0 (compatible; AwarioBot/1.0; +https://awario.com/bots.html)"
34.23.197.99 - - [08/Nov/2023:07:55:44 +0100] "GET /barbecue-aperitif-c-12_254.html HTTP/1.0" 200 96599 "-" "ZoominfoBot (zoominfobot at zoominfo dot com)"
52.70.240.171 - - [08/Nov/2023:07:55:47 +0100] "GET /renault-gordini-large-metal-plate-deco-p-34127.html HTTP/1.0" 200 79749 "-" "Mozilla/5.0 (Macintosh; Intel Mac OS X 10_10_1) AppleWebKit/600.2.5 (KHTML, like Gecko) Version/8.0.2 Safari/600.2.5 (Amazonbot/0.1; +https://developer.amazon.com/support/amazonbot)"
52.70.240.171 - - [08/Nov/2023:07:55:48 +0100] "GET /harley-davidson-large-metal-plate-p-40293.html HTTP/1.0" 200 79755 "-" "Mozilla/5.0 (Macintosh; Intel Mac OS X 10_10_1) AppleWebKit/600.2.5 (KHTML, like Gecko) Version/8.0.2 Safari/600.2.5 (Amazonbot/0.1; +https://developer.amazon.com/support/amazonbot)"
46.4.108.51 - - [08/Nov/2023:07:55:50 +0100] "GET /reversible-bedding-p-61198.html HTTP/1.0" 200 81038 "-" "Mozilla/5.0 (compatible; AwarioBot/1.0; +https://awario.com/bots.html)"
46.4.108.51 - - [08/Nov/2023:07:55:54 +0100] "GET /robots.txt HTTP/1.0" 200 245 "-" "Mozilla/5.0 (compatible; AwarioBot/1.0; +https://awario.com/bots.html)"
46.4.108.51 - - [08/Nov/2023:07:55:54 +0100] "GET /revolvers-saltshaker-pepper-p-37737.html HTTP/1.0" 200 79706 "-" "Mozilla/5.0 (compatible; AwarioBot/1.0; +https://awario.com/bots.html)"
46.4.108.51 - - [08/Nov/2023:07:56:05 +0100] "GET /rhinoceros-color-variation-night-light-p-59658.html HTTP/1.0" 200 81502 "-" "Mozilla/5.0 (compatible; AwarioBot/1.0; +https://awario.com/bots.html)"
23.22.35.162 - - [08/Nov/2023:07:56:06 +0100] "GET /volkswagen-large-metal-plate-deco-p-40295.html HTTP/1.0" 200 79715 "-" "Mozilla/5.0 (Macintosh; Intel Mac OS X 10_10_1) AppleWebKit/600.2.5 (KHTML, like Gecko) Version/8.0.2 Safari/600.2.5 (Amazonbot/0.1; +https://developer.amazon.com/support/amazonbot)"
52.70.240.171 - - [08/Nov/2023:07:56:10 +0100] "GET /indian-motor-large-metal-plate-deco-p-27970.html HTTP/1.0" 200 79724 "-" "Mozilla/5.0 (Macintosh; Intel Mac OS X 10_10_1) AppleWebKit/600.2.5 (KHTML, like Gecko) Version/8.0.2 Safari/600.2.5 (Amazonbot/0.1; +https://developer.amazon.com/support/amazonbot)"
34.23.197.99 - - [08/Nov/2023:07:56:13 +0100] "GET /flatwares-c-12_63.html HTTP/1.0" 200 92221 "-" "ZoominfoBot (zoominfobot at zoominfo dot com)"
85.208.96.210 - - [08/Nov/2023:07:56:15 +0100] "GET /incense-lphant-rose-sandalwood-p-40372.html HTTP/1.0" 200 77409 "-" "Mozilla/5.0 (compatible; SemrushBot/7~bl; +http://www.semrush.com/bot.html)"
46.4.108.51 - - [08/Nov/2023:07:56:17 +0100] "GET /rhinoceros-money-bank-p-33801.html HTTP/1.0" 200 79634 "-" "Mozilla/5.0 (compatible; AwarioBot/1.0; +https://awario.com/bots.html)"
46.4.108.51 - - [08/Nov/2023:07:56:22 +0100] "GET /rhinoceros-utensil-cbkreation-p-33799.html HTTP/1.0" 200 79710 "-" "Mozilla/5.0 (compatible; AwarioBot/1.0; +https://awario.com/bots.html)"
185.191.171.6 - - [08/Nov/2023:07:56:21 +0100] "GET /dishes-c-12.html?page=153 HTTP/1.0" 200 97658 "-" "Mozilla/5.0 (compatible; SemrushBot/7~bl; +http://www.semrush.com/bot.html)"
