52.25.208.208 - - [08/Nov/2023:06:06:44 +0100] "GET /quibe-black-handbag-made-france-p-58117.html HTTP/1.0" 200 81014 "-" "thesis-research-bot"
44.230.252.91 - - [08/Nov/2023:06:06:44 +0100] "GET /isothermic-stainless-steel-bottle-maman-plus-douce-p-54709.html HTTP/1.0" 200 79843 "-" "thesis-research-bot"
100.21.24.205 - - [08/Nov/2023:06:06:44 +0100] "GET /little-prince-made-france-p-52352.html HTTP/1.0" 200 80982 "-" "thesis-research-bot"
46.4.108.51 - - [08/Nov/2023:06:06:53 +0100] "GET /novena-candle-lady-good-counsel-p-59310.html HTTP/1.0" 200 80615 "-" "Mozilla/5.0 (compatible; AwarioBot/1.0; +https://awario.com/bots.html)"
87.250.224.18 - - [08/Nov/2023:06:06:58 +0100] "GET /-p-24429.html HTTP/1.0" 200 77271 "-" "Mozilla/5.0 (compatible; YandexBot/3.0; +http://yandex.com/bots)"
46.4.108.51 - - [08/Nov/2023:06:07:05 +0100] "GET /novena-candle-lady-good-success-p-59351.html HTTP/1.0" 200 80617 "-" "Mozilla/5.0 (compatible; AwarioBot/1.0; +https://awario.com/bots.html)"
85.208.96.198 - - [08/Nov/2023:06:07:06 +0100] "GET /-p-57247.html HTTP/1.0" 200 77271 "-" "Mozilla/5.0 (compatible; SemrushBot/7~bl; +http://www.semrush.com/bot.html)"
110.249.201.155 - - [08/Nov/2023:06:07:13 +0100] "GET /swfobject.js HTTP/1.0" 404 1308 "http://www.wonder-geek.com/collectible-figurines-decorative-c-292_135.html?page=9" "Mozilla/5.0 (Linux; Android 5.0) AppleWebKit/537.36 (KHTML, like Gecko) Mobile Safari/537.36 (compatible; Bytespider; https://zhanzhang.toutiao.com/)"
110.249.201.155 - - [08/Nov/2023:06:07:11 +0100] "GET /collectible-figurines-decorative-c-292_135.html?page=9 HTTP/1.0" 200 101965 "-" "Mozilla/5.0 (Linux; Android 5.0) AppleWebKit/537.36 (KHTML, like Gecko) Mobile Safari/537.36 (compatible; Bytespider; https://zhanzhang.toutiao.com/)"
110.249.201.155 - - [08/Nov/2023:06:07:14 +0100] "GET /js/jquery.min.js HTTP/1.0" 404 1308 "http://www.wonder-geek.com/collectible-figurines-decorative-c-292_135.html?page=9" "Mozilla/5.0 (Linux; Android 5.0) AppleWebKit/537.36 (KHTML, like Gecko) Mobile Safari/537.36 (compatible; Bytespider; https://zhanzhang.toutiao.com/)"
110.249.201.159 - - [08/Nov/2023:06:07:15 +0100] "GET /highslide/graphics/zoomout.cur HTTP/1.0" 200 614 "http://www.wonder-geek.com/collectible-figurines-decorative-c-292_135.html?page=9" "Mozilla/5.0 (Linux; Android 5.0) AppleWebKit/537.36 (KHTML, like Gecko) Mobile Safari/537.36 (compatible; Bytespider; https://zhanzhang.toutiao.com/)"
40.77.167.19 - - [08/Nov/2023:06:07:18 +0100] "GET /-p-55267.html HTTP/1.0" 200 77271 "-" "Mozilla/5.0 AppleWebKit/537.36 (KHTML, like Gecko; compatible; bingbot/2.0; +http://www.bing.com/bingbot.htm) Chrome/103.0.5060.134 Safari/537.36"
3.224.220.101 - - [08/Nov/2023:06:07:21 +0100] "GET /plush-panda-glitter-motsu-keel-toys-p-54191.html HTTP/1.0" 200 79916 "-" "Mozilla/5.0 (Macintosh; Intel Mac OS X 10_10_1) AppleWebKit/600.2.5 (KHTML, like Gecko) Version/8.0.2 Safari/600.2.5 (Amazonbot/0.1; +https://developer.amazon.com/support/amazonbot)"
52.70.240.171 - - [08/Nov/2023:06:07:23 +0100] "GET /plush-elephant-glitter-motsu-keel-toys-p-54190.html HTTP/1.0" 200 79940 "-" "Mozilla/5.0 (Macintosh; Intel Mac OS X 10_10_1) AppleWebKit/600.2.5 (KHTML, like Gecko) Version/8.0.2 Safari/600.2.5 (Amazonbot/0.1; +https://developer.amazon.com/support/amazonbot)"
52.70.240.171 - - [08/Nov/2023:06:07:24 +0100] "GET /plush-panda-glitter-motsu-keel-toys-p-54173.html HTTP/1.0" 200 79937 "-" "Mozilla/5.0 (Macintosh; Intel Mac OS X 10_10_1) AppleWebKit/600.2.5 (KHTML, like Gecko) Version/8.0.2 Safari/600.2.5 (Amazonbot/0.1; +https://developer.amazon.com/support/amazonbot)"
85.208.96.209 - - [08/Nov/2023:06:07:24 +0100] "GET /-p-27972.html HTTP/1.0" 200 77271 "-" "Mozilla/5.0 (compatible; SemrushBot/7~bl; +http://www.semrush.com/bot.html)"
52.70.240.171 - - [08/Nov/2023:06:07:26 +0100] "GET /plush-bunny-glitter-motsu-keel-toys-p-54174.html HTTP/1.0" 200 79916 "-" "Mozilla/5.0 (Macintosh; Intel Mac OS X 10_10_1) AppleWebKit/600.2.5 (KHTML, like Gecko) Version/8.0.2 Safari/600.2.5 (Amazonbot/0.1; +https://developer.amazon.com/support/amazonbot)"
3.224.220.101 - - [08/Nov/2023:06:07:27 +0100] "GET /masha-bear-doll-sled-p-36999.html HTTP/1.0" 200 80355 "-" "Mozilla/5.0 (Macintosh; Intel Mac OS X 10_10_1) AppleWebKit/600.2.5 (KHTML, like Gecko) Version/8.0.2 Safari/600.2.5 (Amazonbot/0.1; +https://developer.amazon.com/support/amazonbot)"
85.208.96.212 - - [08/Nov/2023:06:07:27 +0100] "GET /manoir-bedclothes-p-57077.html HTTP/1.0" 200 77355 "-" "Mozilla/5.0 (compatible; SemrushBot/7~bl; +http://www.semrush.com/bot.html)"
23.22.35.162 - - [08/Nov/2023:06:07:28 +0100] "GET /plush-unicorn-glitter-motsu-keel-toys-p-54172.html HTTP/1.0" 200 79881 "-" "Mozilla/5.0 (Macintosh; Intel Mac OS X 10_10_1) AppleWebKit/600.2.5 (KHTML, like Gecko) Version/8.0.2 Safari/600.2.5 (Amazonbot/0.1; +https://developer.amazon.com/support/amazonbot)"
46.4.108.51 - - [08/Nov/2023:06:07:31 +0100] "GET /robots.txt HTTP/1.0" 200 245 "-" "Mozilla/5.0 (compatible; AwarioBot/1.0; +https://awario.com/bots.html)"
3.224.220.101 - - [08/Nov/2023:06:07:30 +0100] "GET /soft-rattle-gund-beige-p-21368.html HTTP/1.0" 200 79869 "-" "Mozilla/5.0 (Macintosh; Intel Mac OS X 10_10_1) AppleWebKit/600.2.5 (KHTML, like Gecko) Version/8.0.2 Safari/600.2.5 (Amazonbot/0.1; +https://developer.amazon.com/support/amazonbot)"
85.208.96.206 - - [08/Nov/2023:06:07:30 +0100] "GET /-p-40581.html HTTP/1.0" 200 77271 "-" "Mozilla/5.0 (compatible; SemrushBot/7~bl; +http://www.semrush.com/bot.html)"
52.70.240.171 - - [08/Nov/2023:06:07:31 +0100] "GET /small-soft-toys-christmas-balls-p-56332.html HTTP/1.0" 200 80967 "-" "Mozilla/5.0 (Macintosh; Intel Mac OS X 10_10_1) AppleWebKit/600.2.5 (KHTML, like Gecko) Version/8.0.2 Safari/600.2.5 (Amazonbot/0.1; +https://developer.amazon.com/support/amazonbot)"
46.4.108.51 - - [08/Nov/2023:06:07:31 +0100] "GET /novena-candle-lady-grace-p-59366.html HTTP/1.0" 200 80580 "-" "Mozilla/5.0 (compatible; AwarioBot/1.0; +https://awario.com/bots.html)"
23.22.35.162 - - [08/Nov/2023:06:07:32 +0100] "GET /pepe-jeans-leather-wallet-brown-p-41310.html HTTP/1.0" 200 80422 "-" "Mozilla/5.0 (Macintosh; Intel Mac OS X 10_10_1) AppleWebKit/600.2.5 (KHTML, like Gecko) Version/8.0.2 Safari/600.2.5 (Amazonbot/0.1; +https://developer.amazon.com/support/amazonbot)"
52.70.240.171 - - [08/Nov/2023:06:07:33 +0100] "GET /lois-motorcycling-wallet-p-38160.html HTTP/1.0" 200 80592 "-" "Mozilla/5.0 (Macintosh; Intel Mac OS X 10_10_1) AppleWebKit/600.2.5 (KHTML, like Gecko) Version/8.0.2 Safari/600.2.5 (Amazonbot/0.1; +https://developer.amazon.com/support/amazonbot)"
52.70.240.171 - - [08/Nov/2023:06:07:34 +0100] "GET /mocha-brown-zippo-wallet-with-stitching-p-49090.html HTTP/1.0" 200 80913 "-" "Mozilla/5.0 (Macintosh; Intel Mac OS X 10_10_1) AppleWebKit/600.2.5 (KHTML, like Gecko) Version/8.0.2 Safari/600.2.5 (Amazonbot/0.1; +https://developer.amazon.com/support/amazonbot)"
85.208.96.198 - - [08/Nov/2023:06:07:34 +0100] "GET /mirabelle-calendar-year-2016-p-31182.html HTTP/1.0" 200 79853 "-" "Mozilla/5.0 (compatible; SemrushBot/7~bl; +http://www.semrush.com/bot.html)"
3.224.220.101 - - [08/Nov/2023:06:07:35 +0100] "GET /lois-black-leather-wallet-p-36016.html HTTP/1.0" 200 79768 "-" "Mozilla/5.0 (Macintosh; Intel Mac OS X 10_10_1) AppleWebKit/600.2.5 (KHTML, like Gecko) Version/8.0.2 Safari/600.2.5 (Amazonbot/0.1; +https://developer.amazon.com/support/amazonbot)"
3.224.220.101 - - [08/Nov/2023:06:07:36 +0100] "GET /lois-black-leather-wallet-p-38159.html HTTP/1.0" 200 80568 "-" "Mozilla/5.0 (Macintosh; Intel Mac OS X 10_10_1) AppleWebKit/600.2.5 (KHTML, like Gecko) Version/8.0.2 Safari/600.2.5 (Amazonbot/0.1; +https://developer.amazon.com/support/amazonbot)"
3.224.220.101 - - [08/Nov/2023:06:07:37 +0100] "GET /pepe-jeans-leather-wallet-p-36007.html HTTP/1.0" 200 80768 "-" "Mozilla/5.0 (Macintosh; Intel Mac OS X 10_10_1) AppleWebKit/600.2.5 (KHTML, like Gecko) Version/8.0.2 Safari/600.2.5 (Amazonbot/0.1; +https://developer.amazon.com/support/amazonbot)"
173.252.83.117 - - [08/Nov/2023:06:07:38 +0100] "GET /images/big_prod_3/8712159183689b.jpg HTTP/1.0" 200 271 "-" "facebookexternalhit/1.1 (+http://www.facebook.com/externalhit_uatext.php)"
173.252.83.4 - - [08/Nov/2023:06:07:42 +0100] "GET /images/mini_prod/3612875124247.jpg HTTP/1.0" 200 269 "-" "facebookexternalhit/1.1 (+http://www.facebook.com/externalhit_uatext.php)"
46.4.108.51 - - [08/Nov/2023:06:07:41 +0100] "GET /novena-candle-mary-unties-knots-p-59350.html HTTP/1.0" 200 80619 "-" "Mozilla/5.0 (compatible; AwarioBot/1.0; +https://awario.com/bots.html)"
3.224.220.101 - - [08/Nov/2023:06:07:47 +0100] "GET /lois-jean-wallet-women-p-41315.html HTTP/1.0" 200 80622 "-" "Mozilla/5.0 (Macintosh; Intel Mac OS X 10_10_1) AppleWebKit/600.2.5 (KHTML, like Gecko) Version/8.0.2 Safari/600.2.5 (Amazonbot/0.1; +https://developer.amazon.com/support/amazonbot)"
23.22.35.162 - - [08/Nov/2023:06:07:49 +0100] "GET /lois-black-leather-wallet-p-36014.html HTTP/1.0" 200 79766 "-" "Mozilla/5.0 (Macintosh; Intel Mac OS X 10_10_1) AppleWebKit/600.2.5 (KHTML, like Gecko) Version/8.0.2 Safari/600.2.5 (Amazonbot/0.1; +https://developer.amazon.com/support/amazonbot)"
52.70.240.171 - - [08/Nov/2023:06:07:51 +0100] "GET /lois-black-leather-wallet-p-36017.html HTTP/1.0" 200 79785 "-" "Mozilla/5.0 (Macintosh; Intel Mac OS X 10_10_1) AppleWebKit/600.2.5 (KHTML, like Gecko) Version/8.0.2 Safari/600.2.5 (Amazonbot/0.1; +https://developer.amazon.com/support/amazonbot)"
46.4.108.51 - - [08/Nov/2023:06:07:53 +0100] "GET /novena-candle-merciful-christ-p-59312.html HTTP/1.0" 200 80586 "-" "Mozilla/5.0 (compatible; AwarioBot/1.0; +https://awario.com/bots.html)"
185.191.171.17 - - [08/Nov/2023:06:07:55 +0100] "GET /green-earthenware-lamp-p-55611.html HTTP/1.0" 200 77365 "-" "Mozilla/5.0 (compatible; SemrushBot/7~bl; +http://www.semrush.com/bot.html)"
44.230.252.91 - - [08/Nov/2023:06:07:55 +0100] "GET /bucket-with-shovel-p-48471.html HTTP/1.0" 200 80410 "-" "thesis-research-bot"
52.25.208.208 - - [08/Nov/2023:06:07:56 +0100] "GET /bottle-captain-captain-table-decoration-p-45750.html HTTP/1.0" 200 79900 "-" "thesis-research-bot"
100.21.24.205 - - [08/Nov/2023:06:07:57 +0100] "GET /support-metal-bottle-long-live-newlyweds-p-45838.html HTTP/1.0" 200 79880 "-" "thesis-research-bot"
100.21.24.205 - - [08/Nov/2023:06:07:58 +0100] "GET /london-notebook-p-18866.html HTTP/1.0" 200 82501 "-" "thesis-research-bot"
100.21.24.205 - - [08/Nov/2023:06:07:59 +0100] "GET /beatles-notebook-p-10273.html HTTP/1.0" 200 79749 "-" "thesis-research-bot"
52.25.208.208 - - [08/Nov/2023:06:08:00 +0100] "GET /retro-notepad-p-33093.html HTTP/1.0" 200 79626 "-" "thesis-research-bot"
52.25.208.208 - - [08/Nov/2023:06:08:02 +0100] "GET /recipe-booklet-petits-plats-maman-p-60425.html HTTP/1.0" 200 80505 "-" "thesis-research-bot"
44.230.252.91 - - [08/Nov/2023:06:08:02 +0100] "GET /mickey-romero-britto-small-notebook-p-27938.html HTTP/1.0" 200 79771 "-" "thesis-research-bot"
173.252.83.119 - - [08/Nov/2023:06:08:04 +0100] "GET /images/big_prod_2/4250255840623b.jpg HTTP/1.0" 200 271 "-" "facebookexternalhit/1.1 (+http://www.facebook.com/externalhit_uatext.php)"
44.230.252.91 - - [08/Nov/2023:06:08:03 +0100] "GET /minnie-romero-britto-small-notebook-p-13020.html HTTP/1.0" 200 80643 "-" "thesis-research-bot"
100.21.24.205 - - [08/Nov/2023:06:08:04 +0100] "GET /klimt-kiss-notebook-p-54007.html HTTP/1.0" 200 79679 "-" "thesis-research-bot"
52.25.208.208 - - [08/Nov/2023:06:08:05 +0100] "GET /peace-love-romero-britto-small-notebook-p-32419.html HTTP/1.0" 200 79843 "-" "thesis-research-bot"
100.21.24.205 - - [08/Nov/2023:06:08:06 +0100] "GET /barcelona-sport-p-36261.html HTTP/1.0" 200 79835 "-" "thesis-research-bot"
3.224.220.101 - - [08/Nov/2023:06:08:07 +0100] "GET /-c-95_354.html HTTP/1.0" 200 76139 "-" "Mozilla/5.0 (Macintosh; Intel Mac OS X 10_10_1) AppleWebKit/600.2.5 (KHTML, like Gecko) Version/8.0.2 Safari/600.2.5 (Amazonbot/0.1; +https://developer.amazon.com/support/amazonbot)"
52.25.208.208 - - [08/Nov/2023:06:08:07 +0100] "GET /large-white-blue-alice-wonderland-p-56300.html HTTP/1.0" 200 80576 "-" "thesis-research-bot"
52.25.208.208 - - [08/Nov/2023:06:08:08 +0100] "GET /quibe-black-crossbody-made-france-p-52705.html HTTP/1.0" 200 80856 "-" "thesis-research-bot"
23.22.35.162 - - [08/Nov/2023:06:08:09 +0100] "GET /peugeot-magnet-p-15273.html HTTP/1.0" 200 79589 "-" "Mozilla/5.0 (Macintosh; Intel Mac OS X 10_10_1) AppleWebKit/600.2.5 (KHTML, like Gecko) Version/8.0.2 Safari/600.2.5 (Amazonbot/0.1; +https://developer.amazon.com/support/amazonbot)"
100.21.24.205 - - [08/Nov/2023:06:08:09 +0100] "GET /cardmaking-c-129_128.html HTTP/1.0" 200 98412 "-" "thesis-research-bot"
23.22.35.162 - - [08/Nov/2023:06:08:10 +0100] "GET /hairbrushes-c-3_203.html HTTP/1.0" 200 92188 "-" "Mozilla/5.0 (Macintosh; Intel Mac OS X 10_10_1) AppleWebKit/600.2.5 (KHTML, like Gecko) Version/8.0.2 Safari/600.2.5 (Amazonbot/0.1; +https://developer.amazon.com/support/amazonbot)"
52.25.208.208 - - [08/Nov/2023:06:08:10 +0100] "GET /esotericism-lithotherapy-c-174.html HTTP/1.0" 200 96877 "-" "thesis-research-bot"
52.70.240.171 - - [08/Nov/2023:06:08:11 +0100] "GET /musical-c-13_150_149.html HTTP/1.0" 200 98216 "-" "Mozilla/5.0 (Macintosh; Intel Mac OS X 10_10_1) AppleWebKit/600.2.5 (KHTML, like Gecko) Version/8.0.2 Safari/600.2.5 (Amazonbot/0.1; +https://developer.amazon.com/support/amazonbot)"
52.25.208.208 - - [08/Nov/2023:06:08:11 +0100] "GET /fragrance-case-cabinet-diffuser-c-231_228.html HTTP/1.0" 200 91516 "-" "thesis-research-bot"
100.21.24.205 - - [08/Nov/2023:06:08:12 +0100] "GET /girls-c-1.html HTTP/1.0" 200 98500 "-" "thesis-research-bot"
52.25.208.208 - - [08/Nov/2023:06:08:13 +0100] "GET /keyrings-c-31_52.html HTTP/1.0" 200 100779 "-" "thesis-research-bot"
52.25.208.208 - - [08/Nov/2023:06:08:15 +0100] "GET /mattress-cover-c-11_197.html HTTP/1.0" 200 83581 "-" "thesis-research-bot"
100.21.24.205 - - [08/Nov/2023:06:08:15 +0100] "GET /swimwear-c-2_35.html HTTP/1.0" 200 96886 "-" "thesis-research-bot"
52.25.208.208 - - [08/Nov/2023:06:08:16 +0100] "GET /york-yankees-retro-black-shoulder-p-22238.html HTTP/1.0" 200 80027 "-" "thesis-research-bot"
52.25.208.208 - - [08/Nov/2023:06:08:17 +0100] "GET /tour-france-sport-p-50848.html HTTP/1.0" 200 81033 "-" "thesis-research-bot"
44.230.252.91 - - [08/Nov/2023:06:08:18 +0100] "GET /gogh-terrasse-soir-city-made-france-p-47425.html HTTP/1.0" 200 80116 "-" "thesis-research-bot"
100.21.24.205 - - [08/Nov/2023:06:08:19 +0100] "GET /london-love-notebook-p-18865.html HTTP/1.0" 200 82542 "-" "thesis-research-bot"
44.230.252.91 - - [08/Nov/2023:06:08:20 +0100] "GET /limited-edition-gorjuss-shoulder-ladybird-p-35140.html HTTP/1.0" 200 81308 "-" "thesis-research-bot"
100.21.24.205 - - [08/Nov/2023:06:08:21 +0100] "GET /disney-snow-white-notepad-britto-p-28486.html HTTP/1.0" 200 79719 "-" "thesis-research-bot"
52.25.208.208 - - [08/Nov/2023:06:08:22 +0100] "GET /gorjuss-chronicles-clutch-hatter-p-46967.html HTTP/1.0" 200 81850 "-" "thesis-research-bot"
185.191.171.10 - - [08/Nov/2023:06:08:23 +0100] "GET /plush-britto-p-24361.html HTTP/1.0" 200 77343 "-" "Mozilla/5.0 (compatible; SemrushBot/7~bl; +http://www.semrush.com/bot.html)"
52.25.208.208 - - [08/Nov/2023:06:08:23 +0100] "GET /tinkerbell-notepad-romero-britto-p-14643.html HTTP/1.0" 200 80060 "-" "thesis-research-bot"
52.25.208.208 - - [08/Nov/2023:06:08:24 +0100] "GET /firefighter-metal-bottle-holder-p-56374.html HTTP/1.0" 200 80391 "-" "thesis-research-bot"
203.185.130.166 - - [08/Nov/2023:06:08:26 +0100] "GET /images/mini_prod/8436048153217.jpg HTTP/1.0" 200 269 "-" "Mozilla/5.0 (X11; Ubuntu; Linux x86_64; rv:72.0) Gecko/20100101 Firefox/72.0"
52.25.208.208 - - [08/Nov/2023:06:08:25 +0100] "GET /metal-bottle-holder-santa-claus-p-53249.html HTTP/1.0" 200 79775 "-" "thesis-research-bot"
52.25.208.208 - - [08/Nov/2023:06:08:26 +0100] "GET /support-metal-bottle-lighthouse-p-47719.html HTTP/1.0" 200 80398 "-" "thesis-research-bot"
100.21.24.205 - - [08/Nov/2023:06:08:28 +0100] "GET /klimt-tree-life-notebook-p-54008.html HTTP/1.0" 200 79713 "-" "thesis-research-bot"
52.25.208.208 - - [08/Nov/2023:06:08:28 +0100] "GET /york-yankees-post-office-p-19811.html HTTP/1.0" 200 80474 "-" "thesis-research-bot"
52.25.208.208 - - [08/Nov/2023:06:08:29 +0100] "GET /jasmin-croisette-notebook-p-34953.html HTTP/1.0" 200 79779 "-" "thesis-research-bot"
100.21.24.205 - - [08/Nov/2023:06:08:30 +0100] "GET /little-prince-notebook-p-51221.html HTTP/1.0" 200 79691 "-" "thesis-research-bot"
44.230.252.91 - - [08/Nov/2023:06:08:31 +0100] "GET /pepe-jeans-gray-traveling-p-35988.html HTTP/1.0" 200 79973 "-" "thesis-research-bot"
100.21.24.205 - - [08/Nov/2023:06:08:32 +0100] "GET /pepe-jeans-gray-traveling-p-41321.html HTTP/1.0" 200 79973 "-" "thesis-research-bot"
52.25.208.208 - - [08/Nov/2023:06:08:33 +0100] "GET /smiley-purple-notebook-p-16395.html HTTP/1.0" 200 79673 "-" "thesis-research-bot"
100.21.24.205 - - [08/Nov/2023:06:08:35 +0100] "GET /unholy-messenger-backpack-p-45785.html HTTP/1.0" 200 81278 "-" "thesis-research-bot"
3.224.220.101 - - [08/Nov/2023:06:08:35 +0100] "GET /-c-95_328.html HTTP/1.0" 200 76139 "-" "Mozilla/5.0 (Macintosh; Intel Mac OS X 10_10_1) AppleWebKit/600.2.5 (KHTML, like Gecko) Version/8.0.2 Safari/600.2.5 (Amazonbot/0.1; +https://developer.amazon.com/support/amazonbot)"
100.21.24.205 - - [08/Nov/2023:06:08:35 +0100] "GET /women-brown-lois-shoulder-p-41328.html HTTP/1.0" 200 80130 "-" "thesis-research-bot"
52.25.208.208 - - [08/Nov/2023:06:08:36 +0100] "GET /wooden-range-bottle-with-bottle-opener-style-p-40214.html HTTP/1.0" 200 79894 "-" "thesis-research-bot"
52.70.240.171 - - [08/Nov/2023:06:08:37 +0100] "GET /-c-95_339.html HTTP/1.0" 200 76139 "-" "Mozilla/5.0 (Macintosh; Intel Mac OS X 10_10_1) AppleWebKit/600.2.5 (KHTML, like Gecko) Version/8.0.2 Safari/600.2.5 (Amazonbot/0.1; +https://developer.amazon.com/support/amazonbot)"
52.25.208.208 - - [08/Nov/2023:06:08:42 +0100] "GET /-c-95.html HTTP/1.0" 200 85336 "-" "thesis-research-bot"
46.4.108.51 - - [08/Nov/2023:06:08:42 +0100] "GET /novena-candle-nativity-p-59342.html HTTP/1.0" 200 80551 "-" "Mozilla/5.0 (compatible; AwarioBot/1.0; +https://awario.com/bots.html)"
44.230.252.91 - - [08/Nov/2023:06:08:42 +0100] "GET /-c-95_297.html HTTP/1.0" 200 76139 "-" "thesis-research-bot"
52.25.208.208 - - [08/Nov/2023:06:08:43 +0100] "GET /-c-95_311.html HTTP/1.0" 200 76139 "-" "thesis-research-bot"
44.230.252.91 - - [08/Nov/2023:06:08:45 +0100] "GET /checkout_shipping.php HTTP/1.0" 302 468 "-" "thesis-research-bot"
44.230.252.91 - - [08/Nov/2023:06:08:44 +0100] "GET /set-c-2_34.html HTTP/1.0" 200 83591 "-" "thesis-research-bot"
52.25.208.208 - - [08/Nov/2023:06:08:46 +0100] "GET /ashtrays-c-13_240.html HTTP/1.0" 200 97177 "-" "thesis-research-bot"
100.21.24.205 - - [08/Nov/2023:06:08:47 +0100] "GET /mini-trays-c-12_159_260.html HTTP/1.0" 200 100219 "-" "thesis-research-bot"
44.230.252.91 - - [08/Nov/2023:06:08:48 +0100] "GET /fairy-lights-c-86_279.html HTTP/1.0" 200 93035 "-" "thesis-research-bot"
52.25.208.208 - - [08/Nov/2023:06:08:49 +0100] "GET /infuser-rest-c-12_247.html HTTP/1.0" 200 96842 "-" "thesis-research-bot"
100.21.24.205 - - [08/Nov/2023:06:08:50 +0100] "GET /indoor-fountains-c-13_272.html HTTP/1.0" 200 87623 "-" "thesis-research-bot"
44.230.252.91 - - [08/Nov/2023:06:08:52 +0100] "GET /bedding-protection-c-11_192.html HTTP/1.0" 200 97308 "-" "thesis-research-bot"
44.230.252.91 - - [08/Nov/2023:06:08:52 +0100] "GET /bathroom-accessories-c-13_172.html HTTP/1.0" 200 96825 "-" "thesis-research-bot"
100.21.24.205 - - [08/Nov/2023:06:08:53 +0100] "GET /small-boxes-pill-c-13_150_154.html HTTP/1.0" 200 93636 "-" "thesis-research-bot"
52.25.208.208 - - [08/Nov/2023:06:08:54 +0100] "GET /difference-accessoriess-c-12_59.html HTTP/1.0" 200 95943 "-" "thesis-research-bot"
44.230.252.91 - - [08/Nov/2023:06:08:55 +0100] "GET /jewelry-boxes-holders-c-13_150_131.html HTTP/1.0" 200 94213 "-" "thesis-research-bot"
3.224.220.101 - - [08/Nov/2023:06:08:58 +0100] "GET /-c-95_304.html HTTP/1.0" 200 76139 "-" "Mozilla/5.0 (Macintosh; Intel Mac OS X 10_10_1) AppleWebKit/600.2.5 (KHTML, like Gecko) Version/8.0.2 Safari/600.2.5 (Amazonbot/0.1; +https://developer.amazon.com/support/amazonbot)"
3.224.220.101 - - [08/Nov/2023:06:08:59 +0100] "GET /set-c-2_34.html HTTP/1.0" 200 83591 "-" "Mozilla/5.0 (Macintosh; Intel Mac OS X 10_10_1) AppleWebKit/600.2.5 (KHTML, like Gecko) Version/8.0.2 Safari/600.2.5 (Amazonbot/0.1; +https://developer.amazon.com/support/amazonbot)"
185.191.171.18 - - [08/Nov/2023:06:08:59 +0100] "GET /shiny-skull-moneybox-p-45237.html HTTP/1.0" 200 79722 "-" "Mozilla/5.0 (compatible; SemrushBot/7~bl; +http://www.semrush.com/bot.html)"
3.224.220.101 - - [08/Nov/2023:06:09:00 +0100] "GET /swimwear-c-2_35.html HTTP/1.0" 200 96886 "-" "Mozilla/5.0 (Macintosh; Intel Mac OS X 10_10_1) AppleWebKit/600.2.5 (KHTML, like Gecko) Version/8.0.2 Safari/600.2.5 (Amazonbot/0.1; +https://developer.amazon.com/support/amazonbot)"
100.21.24.205 - - [08/Nov/2023:06:09:01 +0100] "GET /mini-trays-c-12_159_260.html HTTP/1.0" 200 100219 "-" "thesis-research-bot"
100.21.24.205 - - [08/Nov/2023:06:09:03 +0100] "GET /fairy-lights-c-86_279.html HTTP/1.0" 200 93035 "-" "thesis-research-bot"
52.25.208.208 - - [08/Nov/2023:06:09:03 +0100] "GET /girls-c-1.html HTTP/1.0" 200 98500 "-" "thesis-research-bot"
52.25.208.208 - - [08/Nov/2023:06:09:04 +0100] "GET /indoor-fountains-c-13_272.html HTTP/1.0" 200 87623 "-" "thesis-research-bot"
52.25.208.208 - - [08/Nov/2023:06:09:05 +0100] "GET /bathroom-accessories-c-13_172.html HTTP/1.0" 200 96825 "-" "thesis-research-bot"
44.230.252.91 - - [08/Nov/2023:06:09:06 +0100] "GET /small-boxes-pill-c-13_150_154.html HTTP/1.0" 200 93636 "-" "thesis-research-bot"
100.21.24.205 - - [08/Nov/2023:06:09:08 +0100] "GET /creative-hobbies-coloring-c-129_30.html HTTP/1.0" 200 97495 "-" "thesis-research-bot"
44.230.252.91 - - [08/Nov/2023:06:09:09 +0100] "GET /jute-p-56513.html HTTP/1.0" 200 80494 "-" "thesis-research-bot"
52.25.208.208 - - [08/Nov/2023:06:09:10 +0100] "GET /jute-p-56515.html HTTP/1.0" 200 80494 "-" "thesis-research-bot"
185.191.171.19 - - [08/Nov/2023:06:09:11 +0100] "GET /renault-large-metal-plate-deco-p-26445.html HTTP/1.0" 200 77385 "-" "Mozilla/5.0 (compatible; SemrushBot/7~bl; +http://www.semrush.com/bot.html)"
52.25.208.208 - - [08/Nov/2023:06:09:11 +0100] "GET /jute-p-56519.html HTTP/1.0" 200 80483 "-" "thesis-research-bot"
52.25.208.208 - - [08/Nov/2023:06:09:12 +0100] "GET /jute-p-58720.html HTTP/1.0" 200 80494 "-" "thesis-research-bot"
52.25.208.208 - - [08/Nov/2023:06:09:13 +0100] "GET /carpet-p-56010.html HTTP/1.0" 200 80865 "-" "thesis-research-bot"
44.230.252.91 - - [08/Nov/2023:06:09:14 +0100] "GET /carpet-p-56388.html HTTP/1.0" 200 80555 "-" "thesis-research-bot"
100.21.24.205 - - [08/Nov/2023:06:09:15 +0100] "GET /round-carpet-p-48048.html HTTP/1.0" 200 80492 "-" "thesis-research-bot"
173.252.83.10 - - [08/Nov/2023:06:09:18 +0100] "GET /images/mini_prod/3014627558100.jpg HTTP/1.0" 404 1308 "-" "facebookexternalhit/1.1 (+http://www.facebook.com/externalhit_uatext.php)"
46.4.108.51 - - [08/Nov/2023:06:09:16 +0100] "GET /novena-candle-protection-health-p-59393.html HTTP/1.0" 200 80608 "-" "Mozilla/5.0 (compatible; AwarioBot/1.0; +https://awario.com/bots.html)"
52.25.208.208 - - [08/Nov/2023:06:09:16 +0100] "GET /ethnic-carpet-p-56014.html HTTP/1.0" 200 80679 "-" "thesis-research-bot"
44.230.252.91 - - [08/Nov/2023:06:09:17 +0100] "GET /carpet-jute-cotton-p-56666.html HTTP/1.0" 200 80824 "-" "thesis-research-bot"
44.230.252.91 - - [08/Nov/2023:06:09:18 +0100] "GET /carpet-jute-cotton-p-57562.html HTTP/1.0" 200 80823 "-" "thesis-research-bot"
52.25.208.208 - - [08/Nov/2023:06:09:20 +0100] "GET /carpet-jute-cotton-p-57563.html HTTP/1.0" 200 81045 "-" "thesis-research-bot"
44.230.252.91 - - [08/Nov/2023:06:09:20 +0100] "GET /carpet-jute-cotton-p-58107.html HTTP/1.0" 200 80830 "-" "thesis-research-bot"
85.208.96.200 - - [08/Nov/2023:06:09:21 +0100] "GET /-p-30925.html HTTP/1.0" 200 77271 "-" "Mozilla/5.0 (compatible; SemrushBot/7~bl; +http://www.semrush.com/bot.html)"
52.70.240.171 - - [08/Nov/2023:06:09:21 +0100] "GET /-c-95_340.html HTTP/1.0" 200 76139 "-" "Mozilla/5.0 (Macintosh; Intel Mac OS X 10_10_1) AppleWebKit/600.2.5 (KHTML, like Gecko) Version/8.0.2 Safari/600.2.5 (Amazonbot/0.1; +https://developer.amazon.com/support/amazonbot)"
52.25.208.208 - - [08/Nov/2023:06:09:22 +0100] "GET /round-jute-carpet-p-56665.html HTTP/1.0" 200 80602 "-" "thesis-research-bot"
100.21.24.205 - - [08/Nov/2023:06:09:23 +0100] "GET /caps-scarfs-adults-c-53_138.html HTTP/1.0" 200 91067 "-" "thesis-research-bot"
23.22.35.162 - - [08/Nov/2023:06:09:23 +0100] "GET /bowls-c-12_60.html HTTP/1.0" 200 98076 "-" "Mozilla/5.0 (Macintosh; Intel Mac OS X 10_10_1) AppleWebKit/600.2.5 (KHTML, like Gecko) Version/8.0.2 Safari/600.2.5 (Amazonbot/0.1; +https://developer.amazon.com/support/amazonbot)"
100.21.24.205 - - [08/Nov/2023:06:09:23 +0100] "GET /carpet-jute-mandala-p-57564.html HTTP/1.0" 200 80890 "-" "thesis-research-bot"
52.25.208.208 - - [08/Nov/2023:06:09:24 +0100] "GET /carpet-jute-mandala-p-57565.html HTTP/1.0" 200 81134 "-" "thesis-research-bot"
100.21.24.205 - - [08/Nov/2023:06:09:26 +0100] "GET /natural-floor-carpet-p-52150.html HTTP/1.0" 200 80665 "-" "thesis-research-bot"
52.25.208.208 - - [08/Nov/2023:06:09:26 +0100] "GET /natural-floor-carpet-p-52151.html HTTP/1.0" 200 80667 "-" "thesis-research-bot"
100.21.24.205 - - [08/Nov/2023:06:09:27 +0100] "GET /natural-floor-carpet-p-53236.html HTTP/1.0" 200 80884 "-" "thesis-research-bot"
46.4.108.51 - - [08/Nov/2023:06:09:28 +0100] "GET /novena-candle-saint-joan-p-59313.html HTTP/1.0" 200 80573 "-" "Mozilla/5.0 (compatible; AwarioBot/1.0; +https://awario.com/bots.html)"
44.230.252.91 - - [08/Nov/2023:06:09:28 +0100] "GET /scented-candles-c-231_227_353.html HTTP/1.0" 200 99647 "-" "thesis-research-bot"
185.191.171.15 - - [08/Nov/2023:06:09:29 +0100] "GET /polar-blanket-beige-p-57507.html HTTP/1.0" 200 80316 "-" "Mozilla/5.0 (compatible; SemrushBot/7~bl; +http://www.semrush.com/bot.html)"
44.230.252.91 - - [08/Nov/2023:06:09:29 +0100] "GET /carpet-imitation-cowhide-p-48438.html HTTP/1.0" 200 81072 "-" "thesis-research-bot"
52.25.208.208 - - [08/Nov/2023:06:09:30 +0100] "GET /bohemian-ethnic-carpet-p-50880.html HTTP/1.0" 200 80725 "-" "thesis-research-bot"
23.22.35.162 - - [08/Nov/2023:06:09:36 +0100] "GET /mirror-c-13_133.html HTTP/1.0" 200 97195 "-" "Mozilla/5.0 (Macintosh; Intel Mac OS X 10_10_1) AppleWebKit/600.2.5 (KHTML, like Gecko) Version/8.0.2 Safari/600.2.5 (Amazonbot/0.1; +https://developer.amazon.com/support/amazonbot)"
52.70.240.171 - - [08/Nov/2023:06:09:37 +0100] "GET /pencil-c-129_183.html HTTP/1.0" 200 97288 "-" "Mozilla/5.0 (Macintosh; Intel Mac OS X 10_10_1) AppleWebKit/600.2.5 (KHTML, like Gecko) Version/8.0.2 Safari/600.2.5 (Amazonbot/0.1; +https://developer.amazon.com/support/amazonbot)"
3.224.220.101 - - [08/Nov/2023:06:09:38 +0100] "GET /tights-c-1_48.html HTTP/1.0" 200 86215 "-" "Mozilla/5.0 (Macintosh; Intel Mac OS X 10_10_1) AppleWebKit/600.2.5 (KHTML, like Gecko) Version/8.0.2 Safari/600.2.5 (Amazonbot/0.1; +https://developer.amazon.com/support/amazonbot)"
85.208.96.211 - - [08/Nov/2023:06:09:40 +0100] "GET /coconut-fibers-doormat-cats-p-52120.html HTTP/1.0" 200 77389 "-" "Mozilla/5.0 (compatible; SemrushBot/7~bl; +http://www.semrush.com/bot.html)"
185.191.171.6 - - [08/Nov/2023:06:09:44 +0100] "GET /animals-alarm-clock-cbkreation-p-43810.html HTTP/1.0" 200 79782 "-" "Mozilla/5.0 (compatible; SemrushBot/7~bl; +http://www.semrush.com/bot.html)"
23.22.35.162 - - [08/Nov/2023:06:09:45 +0100] "GET /towels-c-11_177.html HTTP/1.0" 200 97987 "-" "Mozilla/5.0 (Macintosh; Intel Mac OS X 10_10_1) AppleWebKit/600.2.5 (KHTML, like Gecko) Version/8.0.2 Safari/600.2.5 (Amazonbot/0.1; +https://developer.amazon.com/support/amazonbot)"
185.191.171.13 - - [08/Nov/2023:06:09:54 +0100] "GET /angel-aventurin-p-47021.html HTTP/1.0" 200 79829 "-" "Mozilla/5.0 (compatible; SemrushBot/7~bl; +http://www.semrush.com/bot.html)"
46.4.108.51 - - [08/Nov/2023:06:10:03 +0100] "GET /robots.txt HTTP/1.0" 200 245 "-" "Mozilla/5.0 (compatible; AwarioBot/1.0; +https://awario.com/bots.html)"
23.22.35.162 - - [08/Nov/2023:06:10:02 +0100] "GET /round-magnet-p-56229.html HTTP/1.0" 200 80226 "-" "Mozilla/5.0 (Macintosh; Intel Mac OS X 10_10_1) AppleWebKit/600.2.5 (KHTML, like Gecko) Version/8.0.2 Safari/600.2.5 (Amazonbot/0.1; +https://developer.amazon.com/support/amazonbot)"
85.208.96.202 - - [08/Nov/2023:06:10:02 +0100] "GET /furniture-knob-sold-individually-p-55702.html HTTP/1.0" 200 80615 "-" "Mozilla/5.0 (compatible; SemrushBot/7~bl; +http://www.semrush.com/bot.html)"
46.4.108.51 - - [08/Nov/2023:06:10:03 +0100] "GET /novena-candle-virgin-with-child-p-59344.html HTTP/1.0" 200 80611 "-" "Mozilla/5.0 (compatible; AwarioBot/1.0; +https://awario.com/bots.html)"
3.224.220.101 - - [08/Nov/2023:06:10:04 +0100] "GET /musical-c-13_150_149.html HTTP/1.0" 200 98216 "-" "Mozilla/5.0 (Macintosh; Intel Mac OS X 10_10_1) AppleWebKit/600.2.5 (KHTML, like Gecko) Version/8.0.2 Safari/600.2.5 (Amazonbot/0.1; +https://developer.amazon.com/support/amazonbot)"
52.70.240.171 - - [08/Nov/2023:06:10:06 +0100] "GET /holders-c-13_150_201.html HTTP/1.0" 200 92799 "-" "Mozilla/5.0 (Macintosh; Intel Mac OS X 10_10_1) AppleWebKit/600.2.5 (KHTML, like Gecko) Version/8.0.2 Safari/600.2.5 (Amazonbot/0.1; +https://developer.amazon.com/support/amazonbot)"
52.70.240.171 - - [08/Nov/2023:06:10:07 +0100] "GET /socks-c-1_141.html HTTP/1.0" 200 84635 "-" "Mozilla/5.0 (Macintosh; Intel Mac OS X 10_10_1) AppleWebKit/600.2.5 (KHTML, like Gecko) Version/8.0.2 Safari/600.2.5 (Amazonbot/0.1; +https://developer.amazon.com/support/amazonbot)"
52.70.240.171 - - [08/Nov/2023:06:10:10 +0100] "GET /plates-cups-c-12_58.html HTTP/1.0" 200 85219 "-" "Mozilla/5.0 (Macintosh; Intel Mac OS X 10_10_1) AppleWebKit/600.2.5 (KHTML, like Gecko) Version/8.0.2 Safari/600.2.5 (Amazonbot/0.1; +https://developer.amazon.com/support/amazonbot)"
52.70.240.171 - - [08/Nov/2023:06:10:11 +0100] "GET /lois-brown-leather-wallet-p-36015.html HTTP/1.0" 200 79769 "-" "Mozilla/5.0 (Macintosh; Intel Mac OS X 10_10_1) AppleWebKit/600.2.5 (KHTML, like Gecko) Version/8.0.2 Safari/600.2.5 (Amazonbot/0.1; +https://developer.amazon.com/support/amazonbot)"
3.224.220.101 - - [08/Nov/2023:06:10:12 +0100] "GET /lois-black-leather-wallet-p-36012.html HTTP/1.0" 200 80370 "-" "Mozilla/5.0 (Macintosh; Intel Mac OS X 10_10_1) AppleWebKit/600.2.5 (KHTML, like Gecko) Version/8.0.2 Safari/600.2.5 (Amazonbot/0.1; +https://developer.amazon.com/support/amazonbot)"
52.70.240.171 - - [08/Nov/2023:06:10:14 +0100] "GET /portfolio-pepe-jeans-pina-p-38139.html HTTP/1.0" 200 80653 "-" "Mozilla/5.0 (Macintosh; Intel Mac OS X 10_10_1) AppleWebKit/600.2.5 (KHTML, like Gecko) Version/8.0.2 Safari/600.2.5 (Amazonbot/0.1; +https://developer.amazon.com/support/amazonbot)"
23.22.35.162 - - [08/Nov/2023:06:10:15 +0100] "GET /lois-black-leather-wallet-p-38158.html HTTP/1.0" 200 80566 "-" "Mozilla/5.0 (Macintosh; Intel Mac OS X 10_10_1) AppleWebKit/600.2.5 (KHTML, like Gecko) Version/8.0.2 Safari/600.2.5 (Amazonbot/0.1; +https://developer.amazon.com/support/amazonbot)"
52.70.240.171 - - [08/Nov/2023:06:10:16 +0100] "GET /chocolate-brown-zippo-wallet-with-stitching-p-49093.html HTTP/1.0" 200 80969 "-" "Mozilla/5.0 (Macintosh; Intel Mac OS X 10_10_1) AppleWebKit/600.2.5 (KHTML, like Gecko) Version/8.0.2 Safari/600.2.5 (Amazonbot/0.1; +https://developer.amazon.com/support/amazonbot)"
23.22.35.162 - - [08/Nov/2023:06:10:17 +0100] "GET /cotton-kitchen-towel-apro-recrute-p-56177.html HTTP/1.0" 200 79724 "-" "Mozilla/5.0 (Macintosh; Intel Mac OS X 10_10_1) AppleWebKit/600.2.5 (KHTML, like Gecko) Version/8.0.2 Safari/600.2.5 (Amazonbot/0.1; +https://developer.amazon.com/support/amazonbot)"
52.70.240.171 - - [08/Nov/2023:06:10:18 +0100] "GET /cotton-kitchen-towel-recette-bonheur-p-56284.html HTTP/1.0" 200 79752 "-" "Mozilla/5.0 (Macintosh; Intel Mac OS X 10_10_1) AppleWebKit/600.2.5 (KHTML, like Gecko) Version/8.0.2 Safari/600.2.5 (Amazonbot/0.1; +https://developer.amazon.com/support/amazonbot)"
128.42.28.84 - - [08/Nov/2023:06:10:20 +0100] "GET /images/mini_prod/3453131130417.jpg HTTP/1.0" 200 269 "-" "Mozilla/5.0 (X11; Ubuntu; Linux x86_64; rv:72.0) Gecko/20100101 Firefox/72.0"
52.70.240.171 - - [08/Nov/2023:06:10:20 +0100] "GET /cotton-kitchen-towel-chef-barbecue-p-55955.html HTTP/1.0" 200 79722 "-" "Mozilla/5.0 (Macintosh; Intel Mac OS X 10_10_1) AppleWebKit/600.2.5 (KHTML, like Gecko) Version/8.0.2 Safari/600.2.5 (Amazonbot/0.1; +https://developer.amazon.com/support/amazonbot)"
85.208.96.200 - - [08/Nov/2023:06:10:22 +0100] "GET /-p-17405.html HTTP/1.0" 200 77271 "-" "Mozilla/5.0 (compatible; SemrushBot/7~bl; +http://www.semrush.com/bot.html)"
23.22.35.162 - - [08/Nov/2023:06:10:22 +0100] "GET /cotton-kitchen-towel-dans-cette-maison-p-56172.html HTTP/1.0" 200 79735 "-" "Mozilla/5.0 (Macintosh; Intel Mac OS X 10_10_1) AppleWebKit/600.2.5 (KHTML, like Gecko) Version/8.0.2 Safari/600.2.5 (Amazonbot/0.1; +https://developer.amazon.com/support/amazonbot)"
23.22.35.162 - - [08/Nov/2023:06:10:23 +0100] "GET /kitchen-towel-patisserie-collection-p-54752.html HTTP/1.0" 200 79693 "-" "Mozilla/5.0 (Macintosh; Intel Mac OS X 10_10_1) AppleWebKit/600.2.5 (KHTML, like Gecko) Version/8.0.2 Safari/600.2.5 (Amazonbot/0.1; +https://developer.amazon.com/support/amazonbot)"
23.22.35.162 - - [08/Nov/2023:06:10:25 +0100] "GET /cotton-kitchen-towel-recette-amiti-p-55960.html HTTP/1.0" 200 79762 "-" "Mozilla/5.0 (Macintosh; Intel Mac OS X 10_10_1) AppleWebKit/600.2.5 (KHTML, like Gecko) Version/8.0.2 Safari/600.2.5 (Amazonbot/0.1; +https://developer.amazon.com/support/amazonbot)"
46.4.108.51 - - [08/Nov/2023:06:10:25 +0100] "GET /novena-religious-candles-c-231_227_351.html?page=2 HTTP/1.0" 200 98004 "-" "Mozilla/5.0 (compatible; AwarioBot/1.0; +https://awario.com/bots.html)"
100.21.24.205 - - [08/Nov/2023:06:10:28 +0100] "GET /resin-stone-boxes-storage-c-13_150_84.html HTTP/1.0" 200 89752 "-" "thesis-research-bot"
52.70.240.171 - - [08/Nov/2023:06:10:31 +0100] "GET /catkitchen-towels-p-43902.html HTTP/1.0" 200 79617 "-" "Mozilla/5.0 (Macintosh; Intel Mac OS X 10_10_1) AppleWebKit/600.2.5 (KHTML, like Gecko) Version/8.0.2 Safari/600.2.5 (Amazonbot/0.1; +https://developer.amazon.com/support/amazonbot)"
100.21.24.205 - - [08/Nov/2023:06:10:31 +0100] "GET /cats-oven-glove-p-61257.html HTTP/1.0" 200 78885 "-" "thesis-research-bot"
52.70.240.171 - - [08/Nov/2023:06:10:32 +0100] "GET /cotton-kitchen-towel-gourmandise-commence-p-55958.html HTTP/1.0" 200 79782 "-" "Mozilla/5.0 (Macintosh; Intel Mac OS X 10_10_1) AppleWebKit/600.2.5 (KHTML, like Gecko) Version/8.0.2 Safari/600.2.5 (Amazonbot/0.1; +https://developer.amazon.com/support/amazonbot)"
23.22.35.162 - - [08/Nov/2023:06:10:33 +0100] "GET /gaston-kitchen-towel-p-52683.html HTTP/1.0" 200 79644 "-" "Mozilla/5.0 (Macintosh; Intel Mac OS X 10_10_1) AppleWebKit/600.2.5 (KHTML, like Gecko) Version/8.0.2 Safari/600.2.5 (Amazonbot/0.1; +https://developer.amazon.com/support/amazonbot)"
185.191.171.11 - - [08/Nov/2023:06:10:32 +0100] "GET /luggages-schoolbags-leather-shop-c-31.html?page=2 HTTP/1.0" 200 99893 "-" "Mozilla/5.0 (compatible; SemrushBot/7~bl; +http://www.semrush.com/bot.html)"
52.25.208.208 - - [08/Nov/2023:06:10:33 +0100] "GET /potholder-glove-p-51739.html HTTP/1.0" 200 79710 "-" "thesis-research-bot"
52.25.208.208 - - [08/Nov/2023:06:10:33 +0100] "GET /potholder-glove-p-51738.html HTTP/1.0" 200 79644 "-" "thesis-research-bot"
3.224.220.101 - - [08/Nov/2023:06:10:34 +0100] "GET /cotton-kitchen-towel-jamais-tord-p-56174.html HTTP/1.0" 200 79693 "-" "Mozilla/5.0 (Macintosh; Intel Mac OS X 10_10_1) AppleWebKit/600.2.5 (KHTML, like Gecko) Version/8.0.2 Safari/600.2.5 (Amazonbot/0.1; +https://developer.amazon.com/support/amazonbot)"
100.21.24.205 - - [08/Nov/2023:06:10:34 +0100] "GET /potholder-autumn-p-59799.html HTTP/1.0" 200 80263 "-" "thesis-research-bot"
52.25.208.208 - - [08/Nov/2023:06:10:35 +0100] "GET /chicken-oven-glove-p-61256.html HTTP/1.0" 200 78903 "-" "thesis-research-bot"
3.224.220.101 - - [08/Nov/2023:06:10:36 +0100] "GET /arabica-kitchen-towel-p-52684.html HTTP/1.0" 200 79651 "-" "Mozilla/5.0 (Macintosh; Intel Mac OS X 10_10_1) AppleWebKit/600.2.5 (KHTML, like Gecko) Version/8.0.2 Safari/600.2.5 (Amazonbot/0.1; +https://developer.amazon.com/support/amazonbot)"
52.25.208.208 - - [08/Nov/2023:06:10:36 +0100] "GET /provence-oven-mitt-p-51444.html HTTP/1.0" 200 79644 "-" "thesis-research-bot"
46.4.108.51 - - [08/Nov/2023:06:10:36 +0100] "GET /novena-religious-candles-c-231_227_351.html?page=3 HTTP/1.0" 200 97972 "-" "Mozilla/5.0 (compatible; AwarioBot/1.0; +https://awario.com/bots.html)"
100.21.24.205 - - [08/Nov/2023:06:10:37 +0100] "GET /large-glass-p-61144.html HTTP/1.0" 200 80382 "-" "thesis-research-bot"
44.230.252.91 - - [08/Nov/2023:06:10:38 +0100] "GET /bees-harebells-coaster-alex-clark-p-61237.html HTTP/1.0" 200 79736 "-" "thesis-research-bot"
52.25.208.208 - - [08/Nov/2023:06:10:39 +0100] "GET /yuco-quilted-glove-potholder-jade-p-48215.html HTTP/1.0" 200 80772 "-" "thesis-research-bot"
73.194.128.17 - - [08/Nov/2023:06:10:41 +0100] "GET /images/mini_prod/3560600315746.jpg HTTP/1.0" 200 269 "-" "Mozilla/5.0 (X11; Ubuntu; Linux x86_64; rv:72.0) Gecko/20100101 Firefox/72.0"
100.21.24.205 - - [08/Nov/2023:06:10:41 +0100] "GET /prickly-hedgehog-coaster-alex-clark-p-61239.html HTTP/1.0" 200 79746 "-" "thesis-research-bot"
44.230.252.91 - - [08/Nov/2023:06:10:41 +0100] "GET /quadruplets-cats-coaster-alex-clark-p-61235.html HTTP/1.0" 200 79728 "-" "thesis-research-bot"
173.252.83.11 - - [08/Nov/2023:06:10:44 +0100] "GET /images/big_prod_1/1328399270439B.jpg HTTP/1.0" 200 271 "-" "facebookexternalhit/1.1 (+http://www.facebook.com/externalhit_uatext.php)"
100.21.24.205 - - [08/Nov/2023:06:10:42 +0100] "GET /bumblebees-thistles-kitchen-potholder-p-60913.html HTTP/1.0" 200 80594 "-" "thesis-research-bot"
52.25.208.208 - - [08/Nov/2023:06:10:43 +0100] "GET /ceramic-with-pattern-p-61267.html HTTP/1.0" 200 78877 "-" "thesis-research-bot"
100.21.24.205 - - [08/Nov/2023:06:10:44 +0100] "GET /ceramic-with-pattern-p-61268.html HTTP/1.0" 200 78879 "-" "thesis-research-bot"
52.25.208.208 - - [08/Nov/2023:06:10:46 +0100] "GET /ceramic-with-pattern-p-61269.html HTTP/1.0" 200 78879 "-" "thesis-research-bot"
100.21.24.205 - - [08/Nov/2023:06:10:47 +0100] "GET /ceramic-with-pattern-p-61270.html HTTP/1.0" 200 78879 "-" "thesis-research-bot"
52.25.208.208 - - [08/Nov/2023:06:10:47 +0100] "GET /jellyfish-oven-glove-p-61258.html HTTP/1.0" 200 80248 "-" "thesis-research-bot"
173.252.83.2 - - [08/Nov/2023:06:10:50 +0100] "GET /images/mini_prod/3776076281717.jpg HTTP/1.0" 200 269 "-" "facebookexternalhit/1.1 (+http://www.facebook.com/externalhit_uatext.php)"
100.21.24.205 - - [08/Nov/2023:06:10:50 +0100] "GET /stone-potholder-glove-p-40206.html HTTP/1.0" 200 79746 "-" "thesis-research-bot"
52.25.208.208 - - [08/Nov/2023:06:10:50 +0100] "GET /lavender-bees-coaster-alex-clark-p-61236.html HTTP/1.0" 200 79704 "-" "thesis-research-bot"
44.230.252.91 - - [08/Nov/2023:06:10:51 +0100] "GET /felix-coaster-alex-clark-p-61232.html HTTP/1.0" 200 79664 "-" "thesis-research-bot"
52.70.240.171 - - [08/Nov/2023:06:10:52 +0100] "GET /boxer-keychain-p-26272.html HTTP/1.0" 200 79623 "-" "Mozilla/5.0 (Macintosh; Intel Mac OS X 10_10_1) AppleWebKit/600.2.5 (KHTML, like Gecko) Version/8.0.2 Safari/600.2.5 (Amazonbot/0.1; +https://developer.amazon.com/support/amazonbot)"
100.21.24.205 - - [08/Nov/2023:06:10:52 +0100] "GET /potholder-skating-dwarfs-p-58538.html HTTP/1.0" 200 80343 "-" "thesis-research-bot"
44.230.252.91 - - [08/Nov/2023:06:10:54 +0100] "GET /christmas-ball-famille-p-61094.html HTTP/1.0" 200 80543 "-" "thesis-research-bot"
100.21.24.205 - - [08/Nov/2023:06:10:55 +0100] "GET /large-blue-glass-345ml-p-61142.html HTTP/1.0" 200 80446 "-" "thesis-research-bot"
44.230.252.91 - - [08/Nov/2023:06:10:56 +0100] "GET /christmas-ball-joyeux-p-61093.html HTTP/1.0" 200 80501 "-" "thesis-research-bot"
46.4.108.51 - - [08/Nov/2023:06:10:56 +0100] "GET /novena-religious-candles-c-231_227_351.html?page=4 HTTP/1.0" 200 85284 "-" "Mozilla/5.0 (compatible; AwarioBot/1.0; +https://awario.com/bots.html)"
100.21.24.205 - - [08/Nov/2023:06:10:56 +0100] "GET /large-pink-glass-345ml-p-61143.html HTTP/1.0" 200 80446 "-" "thesis-research-bot"
44.230.252.91 - - [08/Nov/2023:06:10:56 +0100] "GET /anne-kitchen-potholder-p-60914.html HTTP/1.0" 200 80412 "-" "thesis-research-bot"
100.21.24.205 - - [08/Nov/2023:06:10:57 +0100] "GET /potholder-lavender-shades-p-58535.html HTTP/1.0" 200 80353 "-" "thesis-research-bot"
52.25.208.208 - - [08/Nov/2023:06:10:58 +0100] "GET /boxes-storage-ceramics-c-13_150_219.html HTTP/1.0" 200 76586 "-" "thesis-research-bot"
44.230.252.91 - - [08/Nov/2023:06:10:59 +0100] "GET /meditation-yoga-cushions-c-11_71_317.html HTTP/1.0" 200 95036 "-" "thesis-research-bot"
46.4.108.51 - - [08/Nov/2023:06:11:10 +0100] "GET /nutcracker-double-wall-p-61055.html HTTP/1.0" 200 80350 "-" "Mozilla/5.0 (compatible; AwarioBot/1.0; +https://awario.com/bots.html)"
3.224.220.101 - - [08/Nov/2023:06:11:17 +0100] "GET /london-keyring-p-22601.html HTTP/1.0" 200 79559 "-" "Mozilla/5.0 (Macintosh; Intel Mac OS X 10_10_1) AppleWebKit/600.2.5 (KHTML, like Gecko) Version/8.0.2 Safari/600.2.5 (Amazonbot/0.1; +https://developer.amazon.com/support/amazonbot)"
23.22.35.162 - - [08/Nov/2023:06:11:18 +0100] "GET /wood-keychains-p-26076.html HTTP/1.0" 200 79586 "-" "Mozilla/5.0 (Macintosh; Intel Mac OS X 10_10_1) AppleWebKit/600.2.5 (KHTML, like Gecko) Version/8.0.2 Safari/600.2.5 (Amazonbot/0.1; +https://developer.amazon.com/support/amazonbot)"
85.208.96.194 - - [08/Nov/2023:06:11:26 +0100] "GET /wooden-cabinet-hand-fatma-p-50142.html HTTP/1.0" 200 77375 "-" "Mozilla/5.0 (compatible; SemrushBot/7~bl; +http://www.semrush.com/bot.html)"
185.191.171.8 - - [08/Nov/2023:06:11:29 +0100] "GET /-p-18803.html HTTP/1.0" 200 77271 "-" "Mozilla/5.0 (compatible; SemrushBot/7~bl; +http://www.semrush.com/bot.html)"
185.191.171.15 - - [08/Nov/2023:06:11:32 +0100] "GET /-p-57808.html?action=add_product HTTP/1.0" 302 476 "-" "Mozilla/5.0 (compatible; SemrushBot/7~bl; +http://www.semrush.com/bot.html)"
85.208.96.210 - - [08/Nov/2023:06:11:34 +0100] "GET /-p-14997.html HTTP/1.0" 200 77271 "-" "Mozilla/5.0 (compatible; SemrushBot/7~bl; +http://www.semrush.com/bot.html)"
23.22.35.162 - - [08/Nov/2023:06:11:37 +0100] "GET /wood-keychains-p-36955.html HTTP/1.0" 200 79605 "-" "Mozilla/5.0 (Macintosh; Intel Mac OS X 10_10_1) AppleWebKit/600.2.5 (KHTML, like Gecko) Version/8.0.2 Safari/600.2.5 (Amazonbot/0.1; +https://developer.amazon.com/support/amazonbot)"
3.224.220.101 - - [08/Nov/2023:06:11:38 +0100] "GET /pink-keychains-p-32586.html HTTP/1.0" 200 79621 "-" "Mozilla/5.0 (Macintosh; Intel Mac OS X 10_10_1) AppleWebKit/600.2.5 (KHTML, like Gecko) Version/8.0.2 Safari/600.2.5 (Amazonbot/0.1; +https://developer.amazon.com/support/amazonbot)"
46.4.108.51 - - [08/Nov/2023:06:11:39 +0100] "GET /ocean-musical-jewelry-p-57011.html HTTP/1.0" 200 80655 "-" "Mozilla/5.0 (compatible; AwarioBot/1.0; +https://awario.com/bots.html)"
52.70.240.171 - - [08/Nov/2023:06:11:40 +0100] "GET /blue-keychains-p-32587.html HTTP/1.0" 200 79621 "-" "Mozilla/5.0 (Macintosh; Intel Mac OS X 10_10_1) AppleWebKit/600.2.5 (KHTML, like Gecko) Version/8.0.2 Safari/600.2.5 (Amazonbot/0.1; +https://developer.amazon.com/support/amazonbot)"
23.22.35.162 - - [08/Nov/2023:06:11:43 +0100] "GET /grey-keychains-p-32588.html HTTP/1.0" 200 79620 "-" "Mozilla/5.0 (Macintosh; Intel Mac OS X 10_10_1) AppleWebKit/600.2.5 (KHTML, like Gecko) Version/8.0.2 Safari/600.2.5 (Amazonbot/0.1; +https://developer.amazon.com/support/amazonbot)"
52.70.240.171 - - [08/Nov/2023:06:11:44 +0100] "GET /provence-kitchen-towels-p-44528.html HTTP/1.0" 200 79662 "-" "Mozilla/5.0 (Macintosh; Intel Mac OS X 10_10_1) AppleWebKit/600.2.5 (KHTML, like Gecko) Version/8.0.2 Safari/600.2.5 (Amazonbot/0.1; +https://developer.amazon.com/support/amazonbot)"
3.224.220.101 - - [08/Nov/2023:06:11:45 +0100] "GET /cotton-kitchen-towel-suis-vieux-p-55957.html HTTP/1.0" 200 79746 "-" "Mozilla/5.0 (Macintosh; Intel Mac OS X 10_10_1) AppleWebKit/600.2.5 (KHTML, like Gecko) Version/8.0.2 Safari/600.2.5 (Amazonbot/0.1; +https://developer.amazon.com/support/amazonbot)"
23.22.35.162 - - [08/Nov/2023:06:11:46 +0100] "GET /lady-cover-p-24674.html HTTP/1.0" 200 79661 "-" "Mozilla/5.0 (Macintosh; Intel Mac OS X 10_10_1) AppleWebKit/600.2.5 (KHTML, like Gecko) Version/8.0.2 Safari/600.2.5 (Amazonbot/0.1; +https://developer.amazon.com/support/amazonbot)"
52.70.240.171 - - [08/Nov/2023:06:11:48 +0100] "GET /ball-keyring-p-56637.html HTTP/1.0" 200 80365 "-" "Mozilla/5.0 (Macintosh; Intel Mac OS X 10_10_1) AppleWebKit/600.2.5 (KHTML, like Gecko) Version/8.0.2 Safari/600.2.5 (Amazonbot/0.1; +https://developer.amazon.com/support/amazonbot)"
85.208.96.199 - - [08/Nov/2023:06:11:48 +0100] "GET /minnie-mouse-figure-collection-romro-britto-p-20773.html HTTP/1.0" 200 81421 "-" "Mozilla/5.0 (compatible; SemrushBot/7~bl; +http://www.semrush.com/bot.html)"
46.4.108.51 - - [08/Nov/2023:06:11:48 +0100] "GET /ocher-ceramic-vase-p-60738.html HTTP/1.0" 200 80419 "-" "Mozilla/5.0 (compatible; AwarioBot/1.0; +https://awario.com/bots.html)"
85.208.96.207 - - [08/Nov/2023:06:11:51 +0100] "GET /white-gold-ciment-flower-p-58067.html HTTP/1.0" 200 80525 "-" "Mozilla/5.0 (compatible; SemrushBot/7~bl; +http://www.semrush.com/bot.html)"
46.4.108.51 - - [08/Nov/2023:06:11:59 +0100] "GET /oliver-ceramic-solitary-teapot-p-57264.html HTTP/1.0" 200 79672 "-" "Mozilla/5.0 (compatible; AwarioBot/1.0; +https://awario.com/bots.html)"
46.4.108.51 - - [08/Nov/2023:06:12:12 +0100] "GET /robots.txt HTTP/1.0" 200 245 "-" "Mozilla/5.0 (compatible; AwarioBot/1.0; +https://awario.com/bots.html)"
46.4.108.51 - - [08/Nov/2023:06:12:12 +0100] "GET /olivier-soap-soap-p-40112.html HTTP/1.0" 200 79944 "-" "Mozilla/5.0 (compatible; AwarioBot/1.0; +https://awario.com/bots.html)"
23.22.35.162 - - [08/Nov/2023:06:12:14 +0100] "GET /roma-pencil-p-49256.html HTTP/1.0" 200 79611 "-" "Mozilla/5.0 (Macintosh; Intel Mac OS X 10_10_1) AppleWebKit/600.2.5 (KHTML, like Gecko) Version/8.0.2 Safari/600.2.5 (Amazonbot/0.1; +https://developer.amazon.com/support/amazonbot)"
40.77.167.19 - - [08/Nov/2023:06:12:21 +0100] "GET /alarms-clocks-c-13_65.html HTTP/1.0" 200 97658 "-" "Mozilla/5.0 AppleWebKit/537.36 (KHTML, like Gecko; compatible; bingbot/2.0; +http://www.bing.com/bingbot.htm) Chrome/103.0.5060.134 Safari/537.36"
23.22.35.162 - - [08/Nov/2023:06:12:24 +0100] "GET /cake-molds-cube-molds-c-12_246.html HTTP/1.0" 200 92814 "-" "Mozilla/5.0 (Macintosh; Intel Mac OS X 10_10_1) AppleWebKit/600.2.5 (KHTML, like Gecko) Version/8.0.2 Safari/600.2.5 (Amazonbot/0.1; +https://developer.amazon.com/support/amazonbot)"
52.70.240.171 - - [08/Nov/2023:06:12:26 +0100] "GET /large-maxi-trays-c-12_159_262.html HTTP/1.0" 200 96636 "-" "Mozilla/5.0 (Macintosh; Intel Mac OS X 10_10_1) AppleWebKit/600.2.5 (KHTML, like Gecko) Version/8.0.2 Safari/600.2.5 (Amazonbot/0.1; +https://developer.amazon.com/support/amazonbot)"
3.224.220.101 - - [08/Nov/2023:06:12:27 +0100] "GET /boxes-textile-storage-c-13_150_215.html HTTP/1.0" 200 84328 "-" "Mozilla/5.0 (Macintosh; Intel Mac OS X 10_10_1) AppleWebKit/600.2.5 (KHTML, like Gecko) Version/8.0.2 Safari/600.2.5 (Amazonbot/0.1; +https://developer.amazon.com/support/amazonbot)"
173.252.83.11 - - [08/Nov/2023:06:12:34 +0100] "GET /images/big_prod_1/8433933189634B.jpg HTTP/1.0" 200 271 "-" "facebookexternalhit/1.1 (+http://www.facebook.com/externalhit_uatext.php)"
46.4.108.51 - - [08/Nov/2023:06:12:34 +0100] "GET /olla-ppin-terracotta-light-green-finish-p-61226.html HTTP/1.0" 200 81124 "-" "Mozilla/5.0 (compatible; AwarioBot/1.0; +https://awario.com/bots.html)"
3.224.220.101 - - [08/Nov/2023:06:12:44 +0100] "GET /iron-keyring-p-32338.html HTTP/1.0" 200 79591 "-" "Mozilla/5.0 (Macintosh; Intel Mac OS X 10_10_1) AppleWebKit/600.2.5 (KHTML, like Gecko) Version/8.0.2 Safari/600.2.5 (Amazonbot/0.1; +https://developer.amazon.com/support/amazonbot)"
52.25.208.208 - - [08/Nov/2023:06:12:46 +0100] "GET /vintage-notebook-with-leather-cover-p-60879.html HTTP/1.0" 200 79867 "-" "thesis-research-bot"
52.25.208.208 - - [08/Nov/2023:06:12:46 +0100] "GET /vintage-notebook-with-leather-cover-p-60880.html HTTP/1.0" 200 79867 "-" "thesis-research-bot"
52.25.208.208 - - [08/Nov/2023:06:12:47 +0100] "GET /vintage-book-with-leather-cover-tree-life-p-60878.html HTTP/1.0" 200 79912 "-" "thesis-research-bot"
185.191.171.17 - - [08/Nov/2023:06:12:48 +0100] "GET /protective-bamboo-pillow-cover-p-43574.html HTTP/1.0" 200 79821 "-" "Mozilla/5.0 (compatible; SemrushBot/7~bl; +http://www.semrush.com/bot.html)"
52.25.208.208 - - [08/Nov/2023:06:12:48 +0100] "GET /vintage-book-with-leather-cover-p-60877.html HTTP/1.0" 200 79847 "-" "thesis-research-bot"
100.21.24.205 - - [08/Nov/2023:06:12:49 +0100] "GET /vintage-tree-life-notebook-with-leather-cover-p-60875.html HTTP/1.0" 200 79965 "-" "thesis-research-bot"
85.208.96.206 - - [08/Nov/2023:06:12:54 +0100] "GET /winnie-pooh-mini-silicone-p-17924.html HTTP/1.0" 200 79776 "-" "Mozilla/5.0 (compatible; SemrushBot/7~bl; +http://www.semrush.com/bot.html)"
46.4.108.51 - - [08/Nov/2023:06:12:57 +0100] "GET /olympique-marseille-homework-notebooks-p-60550.html HTTP/1.0" 200 79965 "-" "Mozilla/5.0 (compatible; AwarioBot/1.0; +https://awario.com/bots.html)"
73.194.128.17 - - [08/Nov/2023:06:13:03 +0100] "GET /images/mini_prod/5018997622094.jpg HTTP/1.0" 200 269 "-" "Mozilla/5.0 (X11; Ubuntu; Linux x86_64; rv:72.0) Gecko/20100101 Firefox/72.0"
