3.224.220.101 - - [08/Nov/2023:05:03:07 +0100] "GET /soft-toys-security-blanket-c-4_46.html HTTP/1.0" 200 98491 "-" "Mozilla/5.0 (Macintosh; Intel Mac OS X 10_10_1) AppleWebKit/600.2.5 (KHTML, like Gecko) Version/8.0.2 Safari/600.2.5 (Amazonbot/0.1; +https://developer.amazon.com/support/amazonbot)"
23.22.35.162 - - [08/Nov/2023:05:03:00 +0100] "GET /with-infuser-c-12_221.html HTTP/1.0" 200 98320 "-" "Mozilla/5.0 (Macintosh; Intel Mac OS X 10_10_1) AppleWebKit/600.2.5 (KHTML, like Gecko) Version/8.0.2 Safari/600.2.5 (Amazonbot/0.1; +https://developer.amazon.com/support/amazonbot)"
52.167.144.205 - - [08/Nov/2023:05:02:59 +0100] "GET /musical-c-13_150_149.html HTTP/1.0" 200 98216 "-" "Mozilla/5.0 AppleWebKit/537.36 (KHTML, like Gecko; compatible; bingbot/2.0; +http://www.bing.com/bingbot.htm) Chrome/103.0.5060.134 Safari/537.36"
185.191.171.4 - - [08/Nov/2023:05:03:20 +0100] "GET /heart-home-candle-hours-snow-angel-p-57123.html HTTP/1.0" 200 77423 "-" "Mozilla/5.0 (compatible; SemrushBot/7~bl; +http://www.semrush.com/bot.html)"
52.70.240.171 - - [08/Nov/2023:05:03:05 +0100] "GET /toothbox-c-13_150_170.html HTTP/1.0" 500 66457 "-" "Mozilla/5.0 (Macintosh; Intel Mac OS X 10_10_1) AppleWebKit/600.2.5 (KHTML, like Gecko) Version/8.0.2 Safari/600.2.5 (Amazonbot/0.1; +https://developer.amazon.com/support/amazonbot)"
46.4.108.51 - - [08/Nov/2023:05:03:24 +0100] "GET /mickael-white-shirt-p-30159.html HTTP/1.0" 200 81047 "-" "Mozilla/5.0 (compatible; AwarioBot/1.0; +https://awario.com/bots.html)"
52.70.240.171 - - [08/Nov/2023:05:03:17 +0100] "GET /poncho-towels-bathrobes-c-11_72.html HTTP/1.0" 200 86698 "-" "Mozilla/5.0 (Macintosh; Intel Mac OS X 10_10_1) AppleWebKit/600.2.5 (KHTML, like Gecko) Version/8.0.2 Safari/600.2.5 (Amazonbot/0.1; +https://developer.amazon.com/support/amazonbot)"
23.22.35.162 - - [08/Nov/2023:05:03:09 +0100] "GET /frames-flags-decorative-paintings-c-13_148.html HTTP/1.0" 500 67461 "-" "Mozilla/5.0 (Macintosh; Intel Mac OS X 10_10_1) AppleWebKit/600.2.5 (KHTML, like Gecko) Version/8.0.2 Safari/600.2.5 (Amazonbot/0.1; +https://developer.amazon.com/support/amazonbot)"
23.22.35.162 - - [08/Nov/2023:05:03:13 +0100] "GET /salt-pepper-shaker-sets-c-12_160.html HTTP/1.0" 200 97200 "-" "Mozilla/5.0 (Macintosh; Intel Mac OS X 10_10_1) AppleWebKit/600.2.5 (KHTML, like Gecko) Version/8.0.2 Safari/600.2.5 (Amazonbot/0.1; +https://developer.amazon.com/support/amazonbot)"
23.22.35.162 - - [08/Nov/2023:05:03:20 +0100] "GET /accessories-c-3.html?page=2 HTTP/1.0" 200 100214 "-" "Mozilla/5.0 (Macintosh; Intel Mac OS X 10_10_1) AppleWebKit/600.2.5 (KHTML, like Gecko) Version/8.0.2 Safari/600.2.5 (Amazonbot/0.1; +https://developer.amazon.com/support/amazonbot)"
44.230.252.91 - - [08/Nov/2023:05:03:30 +0100] "GET /incense-satya-traditional-ayurveda-grams-about-sticks-p-53777.html HTTP/1.0" 200 81657 "-" "thesis-research-bot"
52.70.240.171 - - [08/Nov/2023:05:03:16 +0100] "GET /storage-cups-c-12_159_264.html HTTP/1.0" 200 97461 "-" "Mozilla/5.0 (Macintosh; Intel Mac OS X 10_10_1) AppleWebKit/600.2.5 (KHTML, like Gecko) Version/8.0.2 Safari/600.2.5 (Amazonbot/0.1; +https://developer.amazon.com/support/amazonbot)"
52.70.240.171 - - [08/Nov/2023:05:03:22 +0100] "GET /accessories-c-3.html?page=10 HTTP/1.0" 200 99313 "-" "Mozilla/5.0 (Macintosh; Intel Mac OS X 10_10_1) AppleWebKit/600.2.5 (KHTML, like Gecko) Version/8.0.2 Safari/600.2.5 (Amazonbot/0.1; +https://developer.amazon.com/support/amazonbot)"
185.191.171.7 - - [08/Nov/2023:05:03:34 +0100] "GET /california-custom-glass-clock-p-55076.html HTTP/1.0" 200 79816 "-" "Mozilla/5.0 (compatible; SemrushBot/7~bl; +http://www.semrush.com/bot.html)"
52.70.240.171 - - [08/Nov/2023:05:03:25 +0100] "GET /accessories-c-3.html?page=11 HTTP/1.0" 200 100472 "-" "Mozilla/5.0 (Macintosh; Intel Mac OS X 10_10_1) AppleWebKit/600.2.5 (KHTML, like Gecko) Version/8.0.2 Safari/600.2.5 (Amazonbot/0.1; +https://developer.amazon.com/support/amazonbot)"
46.4.108.51 - - [08/Nov/2023:05:03:38 +0100] "GET /mickey-club-house-rainwear-years-p-44013.html HTTP/1.0" 200 79662 "-" "Mozilla/5.0 (compatible; AwarioBot/1.0; +https://awario.com/bots.html)"
185.191.171.12 - - [08/Nov/2023:05:03:39 +0100] "GET /superman-batman-training-bottle-p-35778.html HTTP/1.0" 200 77429 "-" "Mozilla/5.0 (compatible; SemrushBot/7~bl; +http://www.semrush.com/bot.html)"
23.22.35.162 - - [08/Nov/2023:05:03:30 +0100] "GET /accessories-c-3.html?page=3 HTTP/1.0" 200 99998 "-" "Mozilla/5.0 (Macintosh; Intel Mac OS X 10_10_1) AppleWebKit/600.2.5 (KHTML, like Gecko) Version/8.0.2 Safari/600.2.5 (Amazonbot/0.1; +https://developer.amazon.com/support/amazonbot)"
23.22.35.162 - - [08/Nov/2023:05:03:31 +0100] "GET /accessories-c-3.html?page=7 HTTP/1.0" 200 99736 "-" "Mozilla/5.0 (Macintosh; Intel Mac OS X 10_10_1) AppleWebKit/600.2.5 (KHTML, like Gecko) Version/8.0.2 Safari/600.2.5 (Amazonbot/0.1; +https://developer.amazon.com/support/amazonbot)"
44.230.252.91 - - [08/Nov/2023:05:03:41 +0100] "GET /cushion-p-31866.html HTTP/1.0" 200 79706 "-" "thesis-research-bot"
52.25.208.208 - - [08/Nov/2023:05:03:31 +0100] "GET /household-linen-c-11.html?page=1 HTTP/1.0" 200 99110 "-" "thesis-research-bot"
52.25.208.208 - - [08/Nov/2023:05:03:46 +0100] "GET /rock-cushion-p-22993.html HTTP/1.0" 200 79730 "-" "thesis-research-bot"
52.25.208.208 - - [08/Nov/2023:05:03:50 +0100] "GET /panda-cushion-p-28911.html HTTP/1.0" 200 79730 "-" "thesis-research-bot"
44.230.252.91 - - [08/Nov/2023:05:03:44 +0100] "GET /stickers-c-129_50.html HTTP/1.0" 200 90444 "-" "thesis-research-bot"
44.230.252.91 - - [08/Nov/2023:05:03:51 +0100] "GET /paris-cushion-p-38514.html HTTP/1.0" 200 79732 "-" "thesis-research-bot"
100.21.24.205 - - [08/Nov/2023:05:03:42 +0100] "GET /swimsuit-c-1_18.html HTTP/1.0" 200 98952 "-" "thesis-research-bot"
100.21.24.205 - - [08/Nov/2023:05:03:43 +0100] "GET /swimsuit-c-1_18.html HTTP/1.0" 200 98952 "-" "thesis-research-bot"
44.230.252.91 - - [08/Nov/2023:05:03:54 +0100] "GET /cushion-little-prince-beige-blue-p-59050.html HTTP/1.0" 200 80670 "-" "thesis-research-bot"
44.230.252.91 - - [08/Nov/2023:05:03:55 +0100] "GET /cushion-little-prince-beige-blue-p-59051.html HTTP/1.0" 200 80670 "-" "thesis-research-bot"
46.4.108.51 - - [08/Nov/2023:05:03:55 +0100] "GET /mickey-club-house-umbrella-p-20499.html HTTP/1.0" 200 79883 "-" "Mozilla/5.0 (compatible; AwarioBot/1.0; +https://awario.com/bots.html)"
100.21.24.205 - - [08/Nov/2023:05:03:49 +0100] "GET /night-lights-c-86_278.html HTTP/1.0" 200 97911 "-" "thesis-research-bot"
100.21.24.205 - - [08/Nov/2023:05:03:56 +0100] "GET /illuminated-decorations-c-86_282.html HTTP/1.0" 200 88815 "-" "thesis-research-bot"
100.21.24.205 - - [08/Nov/2023:05:03:53 +0100] "GET /cushion-headboard-c-11_71_173.html HTTP/1.0" 200 82971 "-" "thesis-research-bot"
100.21.24.205 - - [08/Nov/2023:05:03:52 +0100] "GET /outdoor-rugs-c-11_269_320.html HTTP/1.0" 200 87738 "-" "thesis-research-bot"
52.70.240.171 - - [08/Nov/2023:05:04:03 +0100] "GET /bracelet-tourmaline-quartz-p-48655.html HTTP/1.0" 200 80000 "-" "Mozilla/5.0 (Macintosh; Intel Mac OS X 10_10_1) AppleWebKit/600.2.5 (KHTML, like Gecko) Version/8.0.2 Safari/600.2.5 (Amazonbot/0.1; +https://developer.amazon.com/support/amazonbot)"
100.21.24.205 - - [08/Nov/2023:05:03:48 +0100] "GET /fitted-sheet-c-11_193.html HTTP/1.0" 200 97012 "-" "thesis-research-bot"
3.224.220.101 - - [08/Nov/2023:05:03:54 +0100] "GET /accessories-c-3.html?page=8 HTTP/1.0" 200 99798 "-" "Mozilla/5.0 (Macintosh; Intel Mac OS X 10_10_1) AppleWebKit/600.2.5 (KHTML, like Gecko) Version/8.0.2 Safari/600.2.5 (Amazonbot/0.1; +https://developer.amazon.com/support/amazonbot)"
100.21.24.205 - - [08/Nov/2023:05:03:45 +0100] "GET /musical-c-13_150_149.html HTTP/1.0" 500 66798 "-" "thesis-research-bot"
52.70.240.171 - - [08/Nov/2023:05:03:55 +0100] "GET /accessories-c-3.html?page=5 HTTP/1.0" 200 99872 "-" "Mozilla/5.0 (Macintosh; Intel Mac OS X 10_10_1) AppleWebKit/600.2.5 (KHTML, like Gecko) Version/8.0.2 Safari/600.2.5 (Amazonbot/0.1; +https://developer.amazon.com/support/amazonbot)"
44.230.252.91 - - [08/Nov/2023:05:03:47 +0100] "GET /vase-soliflore-c-13_232.html HTTP/1.0" 500 66377 "-" "thesis-research-bot"
173.252.83.6 - - [08/Nov/2023:05:04:11 +0100] "GET /images/mini_prod/1345544869676.jpg HTTP/1.0" 404 1308 "-" "facebookexternalhit/1.1 (+http://www.facebook.com/externalhit_uatext.php)"
100.21.24.205 - - [08/Nov/2023:05:04:04 +0100] "GET /cushion-headboard-c-11_71_173.html HTTP/1.0" 200 82971 "-" "thesis-research-bot"
100.21.24.205 - - [08/Nov/2023:05:03:55 +0100] "GET /musical-c-13_150_149.html HTTP/1.0" 500 66798 "-" "thesis-research-bot"
3.224.220.101 - - [08/Nov/2023:05:04:12 +0100] "GET /swimsuit-c-1_18.html?page=2 HTTP/1.0" 200 84878 "-" "Mozilla/5.0 (Macintosh; Intel Mac OS X 10_10_1) AppleWebKit/600.2.5 (KHTML, like Gecko) Version/8.0.2 Safari/600.2.5 (Amazonbot/0.1; +https://developer.amazon.com/support/amazonbot)"
44.230.252.91 - - [08/Nov/2023:05:03:57 +0100] "GET /vase-soliflore-c-13_232.html HTTP/1.0" 500 66377 "-" "thesis-research-bot"
46.4.108.51 - - [08/Nov/2023:05:04:17 +0100] "GET /mickey-club-house-umbrella-p-20500.html HTTP/1.0" 200 79870 "-" "Mozilla/5.0 (compatible; AwarioBot/1.0; +https://awario.com/bots.html)"
52.70.240.171 - - [08/Nov/2023:05:04:09 +0100] "GET /accessories-c-3.html?page=6 HTTP/1.0" 200 98581 "-" "Mozilla/5.0 (Macintosh; Intel Mac OS X 10_10_1) AppleWebKit/600.2.5 (KHTML, like Gecko) Version/8.0.2 Safari/600.2.5 (Amazonbot/0.1; +https://developer.amazon.com/support/amazonbot)"
52.70.240.171 - - [08/Nov/2023:05:04:10 +0100] "GET /accessories-c-3.html?page=9 HTTP/1.0" 200 99639 "-" "Mozilla/5.0 (Macintosh; Intel Mac OS X 10_10_1) AppleWebKit/600.2.5 (KHTML, like Gecko) Version/8.0.2 Safari/600.2.5 (Amazonbot/0.1; +https://developer.amazon.com/support/amazonbot)"
46.4.108.51 - - [08/Nov/2023:05:04:27 +0100] "GET /mickey-minnie-collection-romano-britto-p-20751.html HTTP/1.0" 200 82052 "-" "Mozilla/5.0 (compatible; AwarioBot/1.0; +https://awario.com/bots.html)"
3.224.220.101 - - [08/Nov/2023:05:04:15 +0100] "GET /tea-pot-c-12_175.html?page=2 HTTP/1.0" 200 99241 "-" "Mozilla/5.0 (Macintosh; Intel Mac OS X 10_10_1) AppleWebKit/600.2.5 (KHTML, like Gecko) Version/8.0.2 Safari/600.2.5 (Amazonbot/0.1; +https://developer.amazon.com/support/amazonbot)"
3.224.220.101 - - [08/Nov/2023:05:04:20 +0100] "GET /tea-pot-c-12_175.html?page=7 HTTP/1.0" 200 91163 "-" "Mozilla/5.0 (Macintosh; Intel Mac OS X 10_10_1) AppleWebKit/600.2.5 (KHTML, like Gecko) Version/8.0.2 Safari/600.2.5 (Amazonbot/0.1; +https://developer.amazon.com/support/amazonbot)"
3.224.220.101 - - [08/Nov/2023:05:04:16 +0100] "GET /tea-pot-c-12_175.html?page=5 HTTP/1.0" 200 99458 "-" "Mozilla/5.0 (Macintosh; Intel Mac OS X 10_10_1) AppleWebKit/600.2.5 (KHTML, like Gecko) Version/8.0.2 Safari/600.2.5 (Amazonbot/0.1; +https://developer.amazon.com/support/amazonbot)"
23.22.35.162 - - [08/Nov/2023:05:04:18 +0100] "GET /tea-pot-c-12_175.html?page=4 HTTP/1.0" 200 99521 "-" "Mozilla/5.0 (Macintosh; Intel Mac OS X 10_10_1) AppleWebKit/600.2.5 (KHTML, like Gecko) Version/8.0.2 Safari/600.2.5 (Amazonbot/0.1; +https://developer.amazon.com/support/amazonbot)"
52.70.240.171 - - [08/Nov/2023:05:04:20 +0100] "GET /tea-pot-c-12_175.html?page=3 HTTP/1.0" 200 99517 "-" "Mozilla/5.0 (Macintosh; Intel Mac OS X 10_10_1) AppleWebKit/600.2.5 (KHTML, like Gecko) Version/8.0.2 Safari/600.2.5 (Amazonbot/0.1; +https://developer.amazon.com/support/amazonbot)"
46.4.108.51 - - [08/Nov/2023:05:04:38 +0100] "GET /mickey-mouse-blue-swimsuit-p-30484.html HTTP/1.0" 200 80832 "-" "Mozilla/5.0 (compatible; AwarioBot/1.0; +https://awario.com/bots.html)"
185.191.171.16 - - [08/Nov/2023:05:04:40 +0100] "GET /copains-abord-placemat-p-40663.html HTTP/1.0" 200 77361 "-" "Mozilla/5.0 (compatible; SemrushBot/7~bl; +http://www.semrush.com/bot.html)"
52.70.240.171 - - [08/Nov/2023:05:04:24 +0100] "GET /tea-pot-c-12_175.html?page=6 HTTP/1.0" 200 99387 "-" "Mozilla/5.0 (Macintosh; Intel Mac OS X 10_10_1) AppleWebKit/600.2.5 (KHTML, like Gecko) Version/8.0.2 Safari/600.2.5 (Amazonbot/0.1; +https://developer.amazon.com/support/amazonbot)"
52.70.240.171 - - [08/Nov/2023:05:04:42 +0100] "GET /black-brown-leather-bracelet-p-38487.html HTTP/1.0" 200 80356 "-" "Mozilla/5.0 (Macintosh; Intel Mac OS X 10_10_1) AppleWebKit/600.2.5 (KHTML, like Gecko) Version/8.0.2 Safari/600.2.5 (Amazonbot/0.1; +https://developer.amazon.com/support/amazonbot)"
100.21.24.205 - - [08/Nov/2023:05:04:53 +0100] "GET /bike-paris-mini-rectangular-tray-p-54918.html HTTP/1.0" 200 79780 "-" "thesis-research-bot"
85.208.96.208 - - [08/Nov/2023:05:04:55 +0100] "GET /jasmin-jasmine-p-39824.html HTTP/1.0" 200 77333 "-" "Mozilla/5.0 (compatible; SemrushBot/7~bl; +http://www.semrush.com/bot.html)"
52.25.208.208 - - [08/Nov/2023:05:04:54 +0100] "GET /blue-ginkgo-mini-tray-p-56802.html HTTP/1.0" 200 79695 "-" "thesis-research-bot"
52.25.208.208 - - [08/Nov/2023:05:04:55 +0100] "GET /cats-mini-melamine-tray-p-45138.html HTTP/1.0" 200 79727 "-" "thesis-research-bot"
44.230.252.91 - - [08/Nov/2023:05:04:56 +0100] "GET /chic-small-melamine-tray-p-45171.html HTTP/1.0" 200 79711 "-" "thesis-research-bot"
46.4.108.51 - - [08/Nov/2023:05:05:00 +0100] "GET /robots.txt HTTP/1.0" 200 245 "-" "Mozilla/5.0 (compatible; AwarioBot/1.0; +https://awario.com/bots.html)"
52.25.208.208 - - [08/Nov/2023:05:04:57 +0100] "GET /classic-horse-mini-rectangular-tray-p-54912.html HTTP/1.0" 200 79786 "-" "thesis-research-bot"
100.21.24.205 - - [08/Nov/2023:05:04:58 +0100] "GET /happy-mini-melamine-tray-p-45143.html HTTP/1.0" 200 79736 "-" "thesis-research-bot"
52.25.208.208 - - [08/Nov/2023:05:04:59 +0100] "GET /heart-mini-melamine-tray-p-37951.html HTTP/1.0" 200 79759 "-" "thesis-research-bot"
46.4.108.51 - - [08/Nov/2023:05:05:00 +0100] "GET /mickey-mouse-green-swimsuit-p-30577.html HTTP/1.0" 200 80804 "-" "Mozilla/5.0 (compatible; AwarioBot/1.0; +https://awario.com/bots.html)"
100.21.24.205 - - [08/Nov/2023:05:05:00 +0100] "GET /pink-flamingos-small-melamine-tray-p-45167.html HTTP/1.0" 200 79778 "-" "thesis-research-bot"
85.208.96.205 - - [08/Nov/2023:05:05:01 +0100] "GET /bird-glass-trivet-p-41602.html HTTP/1.0" 200 79558 "-" "Mozilla/5.0 (compatible; SemrushBot/7~bl; +http://www.semrush.com/bot.html)"
100.21.24.205 - - [08/Nov/2023:05:05:01 +0100] "GET /rebel-small-melamine-tray-p-45172.html HTTP/1.0" 200 79719 "-" "thesis-research-bot"
44.230.252.91 - - [08/Nov/2023:05:05:02 +0100] "GET /roommates-mini-rectangular-tray-p-54907.html HTTP/1.0" 200 79772 "-" "thesis-research-bot"
52.25.208.208 - - [08/Nov/2023:05:05:03 +0100] "GET /rosie-white-mini-rectangular-tray-p-54915.html HTTP/1.0" 200 80397 "-" "thesis-research-bot"
100.21.24.205 - - [08/Nov/2023:05:05:04 +0100] "GET /rosie-white-mini-rectangular-tray-p-59297.html HTTP/1.0" 200 80395 "-" "thesis-research-bot"
185.191.171.8 - - [08/Nov/2023:05:05:06 +0100] "GET /-p-25129.html HTTP/1.0" 200 77271 "-" "Mozilla/5.0 (compatible; SemrushBot/7~bl; +http://www.semrush.com/bot.html)"
44.230.252.91 - - [08/Nov/2023:05:05:05 +0100] "GET /small-melamine-tray-p-45156.html HTTP/1.0" 200 79695 "-" "thesis-research-bot"
100.21.24.205 - - [08/Nov/2023:05:05:06 +0100] "GET /sparrows-blossom-mini-rectangular-tray-p-54910.html HTTP/1.0" 200 79807 "-" "thesis-research-bot"
46.4.108.51 - - [08/Nov/2023:05:05:20 +0100] "GET /mickey-mouse-large-expandable-backpack-p-19679.html HTTP/1.0" 200 80253 "-" "Mozilla/5.0 (compatible; AwarioBot/1.0; +https://awario.com/bots.html)"
46.4.108.51 - - [08/Nov/2023:05:05:31 +0100] "GET /mickey-mouse-sports-bottle-p-25061.html HTTP/1.0" 200 80484 "-" "Mozilla/5.0 (compatible; AwarioBot/1.0; +https://awario.com/bots.html)"
85.208.96.212 - - [08/Nov/2023:05:05:33 +0100] "GET /nici-sweet-hearts-pink-turtle-plush-p-35180.html HTTP/1.0" 200 77413 "-" "Mozilla/5.0 (compatible; SemrushBot/7~bl; +http://www.semrush.com/bot.html)"
173.252.83.5 - - [08/Nov/2023:05:05:40 +0100] "GET /images/mini_prod/8422001898844.jpg HTTP/1.0" 200 269 "-" "facebookexternalhit/1.1 (+http://www.facebook.com/externalhit_uatext.php)"
185.191.171.2 - - [08/Nov/2023:05:05:40 +0100] "GET /small-pandas-bookends-p-48274.html HTTP/1.0" 200 77367 "-" "Mozilla/5.0 (compatible; SemrushBot/7~bl; +http://www.semrush.com/bot.html)"
185.191.171.19 - - [08/Nov/2023:05:05:47 +0100] "GET /retro-surf-metal-plate-deco-p-46420.html HTTP/1.0" 200 77430 "-" "Mozilla/5.0 (compatible; SemrushBot/7~bl; +http://www.semrush.com/bot.html)"
23.22.35.162 - - [08/Nov/2023:05:05:48 +0100] "GET /skull-grey-leather-bracelet-p-38477.html HTTP/1.0" 200 79645 "-" "Mozilla/5.0 (Macintosh; Intel Mac OS X 10_10_1) AppleWebKit/600.2.5 (KHTML, like Gecko) Version/8.0.2 Safari/600.2.5 (Amazonbot/0.1; +https://developer.amazon.com/support/amazonbot)"
52.25.208.208 - - [08/Nov/2023:05:05:39 +0100] "GET /perfumes-interior-c-231_234.html HTTP/1.0" 200 98878 "-" "thesis-research-bot"
52.70.240.171 - - [08/Nov/2023:05:05:49 +0100] "GET /black-brown-leather-bracelet-p-38486.html HTTP/1.0" 200 79649 "-" "Mozilla/5.0 (Macintosh; Intel Mac OS X 10_10_1) AppleWebKit/600.2.5 (KHTML, like Gecko) Version/8.0.2 Safari/600.2.5 (Amazonbot/0.1; +https://developer.amazon.com/support/amazonbot)"
46.4.108.51 - - [08/Nov/2023:05:05:49 +0100] "GET /mickey-mouse-swimsuit-p-30575.html HTTP/1.0" 200 80787 "-" "Mozilla/5.0 (compatible; AwarioBot/1.0; +https://awario.com/bots.html)"
23.22.35.162 - - [08/Nov/2023:05:05:50 +0100] "GET /skull-black-leather-bracelet-p-38474.html HTTP/1.0" 200 79682 "-" "Mozilla/5.0 (Macintosh; Intel Mac OS X 10_10_1) AppleWebKit/600.2.5 (KHTML, like Gecko) Version/8.0.2 Safari/600.2.5 (Amazonbot/0.1; +https://developer.amazon.com/support/amazonbot)"
23.22.35.162 - - [08/Nov/2023:05:05:51 +0100] "GET /skull-brown-leather-bracelet-p-38475.html HTTP/1.0" 200 79649 "-" "Mozilla/5.0 (Macintosh; Intel Mac OS X 10_10_1) AppleWebKit/600.2.5 (KHTML, like Gecko) Version/8.0.2 Safari/600.2.5 (Amazonbot/0.1; +https://developer.amazon.com/support/amazonbot)"
23.22.35.162 - - [08/Nov/2023:05:05:53 +0100] "GET /black-japanese-enameled-cast-iron-teapot-liters-p-57679.html HTTP/1.0" 200 80835 "-" "Mozilla/5.0 (Macintosh; Intel Mac OS X 10_10_1) AppleWebKit/600.2.5 (KHTML, like Gecko) Version/8.0.2 Safari/600.2.5 (Amazonbot/0.1; +https://developer.amazon.com/support/amazonbot)"
23.22.35.162 - - [08/Nov/2023:05:05:54 +0100] "GET /japanese-style-tetsubin-cast-iron-liter-teapot-p-53561.html HTTP/1.0" 200 81512 "-" "Mozilla/5.0 (Macintosh; Intel Mac OS X 10_10_1) AppleWebKit/600.2.5 (KHTML, like Gecko) Version/8.0.2 Safari/600.2.5 (Amazonbot/0.1; +https://developer.amazon.com/support/amazonbot)"
3.224.220.101 - - [08/Nov/2023:05:05:55 +0100] "GET /tetsubin-teapot-japanese-liter-p-56037.html HTTP/1.0" 200 80007 "-" "Mozilla/5.0 (Macintosh; Intel Mac OS X 10_10_1) AppleWebKit/600.2.5 (KHTML, like Gecko) Version/8.0.2 Safari/600.2.5 (Amazonbot/0.1; +https://developer.amazon.com/support/amazonbot)"
52.25.208.208 - - [08/Nov/2023:05:05:40 +0100] "GET /water-bottles-heaters-c-13_288.html HTTP/1.0" 500 66435 "-" "thesis-research-bot"
46.4.108.51 - - [08/Nov/2023:05:06:07 +0100] "GET /mickey-mouse-swimsuit-p-30668.html HTTP/1.0" 200 81078 "-" "Mozilla/5.0 (compatible; AwarioBot/1.0; +https://awario.com/bots.html)"
52.25.208.208 - - [08/Nov/2023:05:05:50 +0100] "GET /water-bottles-heaters-c-13_288.html HTTP/1.0" 500 66435 "-" "thesis-research-bot"
100.21.24.205 - - [08/Nov/2023:05:06:10 +0100] "GET /pontifical-frankincense-vanilla-aromatika-incense-sticks-p-59270.html HTTP/1.0" 200 80622 "-" "thesis-research-bot"
100.21.24.205 - - [08/Nov/2023:05:06:11 +0100] "GET /rita-aromatika-incense-sticks-p-44350.html HTTP/1.0" 200 80362 "-" "thesis-research-bot"
44.230.252.91 - - [08/Nov/2023:05:06:12 +0100] "GET /rose-aromatika-incense-sticks-p-59285.html HTTP/1.0" 200 80336 "-" "thesis-research-bot"
173.252.83.119 - - [08/Nov/2023:05:06:17 +0100] "GET /images/mini_prod/3281640395382.jpg HTTP/1.0" 200 269 "-" "facebookexternalhit/1.1 (+http://www.facebook.com/externalhit_uatext.php)"
100.21.24.205 - - [08/Nov/2023:05:06:15 +0100] "GET /gorjuss-sparkle-bloom-pencil-case-cherry-blossom-p-52365.html HTTP/1.0" 200 80746 "-" "thesis-research-bot"
52.25.208.208 - - [08/Nov/2023:05:06:16 +0100] "GET /gorjuss-sparkle-bloom-pencil-case-catch-falling-star-p-52366.html HTTP/1.0" 200 80802 "-" "thesis-research-bot"
100.21.24.205 - - [08/Nov/2023:05:06:17 +0100] "GET /kimmi-junior-round-pencil-case-p-19909.html HTTP/1.0" 200 81820 "-" "thesis-research-bot"
44.230.252.91 - - [08/Nov/2023:05:06:18 +0100] "GET /mickey-mouse-round-pencil-case-p-13349.html HTTP/1.0" 200 79808 "-" "thesis-research-bot"
46.4.108.51 - - [08/Nov/2023:05:06:19 +0100] "GET /mickey-mouse-with-flowers-mini-figurine-p-57156.html HTTP/1.0" 200 81021 "-" "Mozilla/5.0 (compatible; AwarioBot/1.0; +https://awario.com/bots.html)"
52.25.208.208 - - [08/Nov/2023:05:06:19 +0100] "GET /paul-frank-round-pencil-case-p-20066.html HTTP/1.0" 200 80332 "-" "thesis-research-bot"
44.230.252.91 - - [08/Nov/2023:05:06:20 +0100] "GET /mister-pink-round-pencil-case-p-20517.html HTTP/1.0" 200 80344 "-" "thesis-research-bot"
52.25.208.208 - - [08/Nov/2023:05:06:09 +0100] "GET /cardboard-boxes-storage-c-13_150_216.html HTTP/1.0" 500 66563 "-" "thesis-research-bot"
3.224.220.101 - - [08/Nov/2023:05:06:26 +0100] "GET /japanese-style-tetsubin-cast-iron-liter-teapot-p-53562.html HTTP/1.0" 200 81494 "-" "Mozilla/5.0 (Macintosh; Intel Mac OS X 10_10_1) AppleWebKit/600.2.5 (KHTML, like Gecko) Version/8.0.2 Safari/600.2.5 (Amazonbot/0.1; +https://developer.amazon.com/support/amazonbot)"
52.25.208.208 - - [08/Nov/2023:05:06:20 +0100] "GET /cardboard-boxes-storage-c-13_150_216.html HTTP/1.0" 500 66563 "-" "thesis-research-bot"
3.224.220.101 - - [08/Nov/2023:05:06:31 +0100] "GET /gorse-flower-fairies-teapot-p-40074.html HTTP/1.0" 200 81331 "-" "Mozilla/5.0 (Macintosh; Intel Mac OS X 10_10_1) AppleWebKit/600.2.5 (KHTML, like Gecko) Version/8.0.2 Safari/600.2.5 (Amazonbot/0.1; +https://developer.amazon.com/support/amazonbot)"
46.4.108.51 - - [08/Nov/2023:05:06:32 +0100] "GET /mickey-small-flexible-molds-blue-model-p-28214.html HTTP/1.0" 200 80395 "-" "Mozilla/5.0 (compatible; AwarioBot/1.0; +https://awario.com/bots.html)"
44.230.252.91 - - [08/Nov/2023:05:06:32 +0100] "GET /vivement-dimanche-pencil-case-p-20206.html HTTP/1.0" 200 79673 "-" "thesis-research-bot"
185.191.171.15 - - [08/Nov/2023:05:06:34 +0100] "GET /-p-17729.html HTTP/1.0" 200 77271 "-" "Mozilla/5.0 (compatible; SemrushBot/7~bl; +http://www.semrush.com/bot.html)"
52.25.208.208 - - [08/Nov/2023:05:06:23 +0100] "GET /pencil-case-c-31_75.html?page=1 HTTP/1.0" 200 100913 "-" "thesis-research-bot"
128.42.28.84 - - [08/Nov/2023:05:06:41 +0100] "GET /images/mini_prod/1399984241882.jpg HTTP/1.0" 200 269 "-" "Mozilla/5.0 (X11; Ubuntu; Linux x86_64; rv:72.0) Gecko/20100101 Firefox/72.0"
85.208.96.197 - - [08/Nov/2023:05:06:41 +0100] "GET /cotton-floor-cushion-white-p-45278.html HTTP/1.0" 200 77385 "-" "Mozilla/5.0 (compatible; SemrushBot/7~bl; +http://www.semrush.com/bot.html)"
52.70.240.171 - - [08/Nov/2023:05:06:44 +0100] "GET /tetsubin-teapot-japanese-liter-p-54079.html HTTP/1.0" 200 80591 "-" "Mozilla/5.0 (Macintosh; Intel Mac OS X 10_10_1) AppleWebKit/600.2.5 (KHTML, like Gecko) Version/8.0.2 Safari/600.2.5 (Amazonbot/0.1; +https://developer.amazon.com/support/amazonbot)"
46.4.108.51 - - [08/Nov/2023:05:06:45 +0100] "GET /mickey-small-flexible-molds-model-p-28211.html HTTP/1.0" 200 80375 "-" "Mozilla/5.0 (compatible; AwarioBot/1.0; +https://awario.com/bots.html)"
23.22.35.162 - - [08/Nov/2023:05:06:46 +0100] "GET /japanese-green-enameled-cast-iron-teapot-liter-p-57689.html HTTP/1.0" 200 80744 "-" "Mozilla/5.0 (Macintosh; Intel Mac OS X 10_10_1) AppleWebKit/600.2.5 (KHTML, like Gecko) Version/8.0.2 Safari/600.2.5 (Amazonbot/0.1; +https://developer.amazon.com/support/amazonbot)"
23.22.35.162 - - [08/Nov/2023:05:06:46 +0100] "GET /japanese-style-tetsubin-cast-iron-liter-teapot-p-53560.html HTTP/1.0" 200 82012 "-" "Mozilla/5.0 (Macintosh; Intel Mac OS X 10_10_1) AppleWebKit/600.2.5 (KHTML, like Gecko) Version/8.0.2 Safari/600.2.5 (Amazonbot/0.1; +https://developer.amazon.com/support/amazonbot)"
85.208.96.208 - - [08/Nov/2023:05:06:48 +0100] "GET /door-plate-bathroom-p-47299.html HTTP/1.0" 200 77343 "-" "Mozilla/5.0 (compatible; SemrushBot/7~bl; +http://www.semrush.com/bot.html)"
44.230.252.91 - - [08/Nov/2023:05:06:48 +0100] "GET /confucius-citation-white-shirt-p-34201.html HTTP/1.0" 200 81649 "-" "thesis-research-bot"
46.4.108.51 - - [08/Nov/2023:05:06:52 +0100] "GET /mickey-small-flexible-molds-yellow-model-p-28210.html HTTP/1.0" 200 80397 "-" "Mozilla/5.0 (compatible; AwarioBot/1.0; +https://awario.com/bots.html)"
3.224.220.101 - - [08/Nov/2023:05:06:55 +0100] "GET /small-japanese-bordeaux-teapot-enameled-cast-iron-liter-p-57692.html HTTP/1.0" 200 80849 "-" "Mozilla/5.0 (Macintosh; Intel Mac OS X 10_10_1) AppleWebKit/600.2.5 (KHTML, like Gecko) Version/8.0.2 Safari/600.2.5 (Amazonbot/0.1; +https://developer.amazon.com/support/amazonbot)"
185.191.171.9 - - [08/Nov/2023:05:06:57 +0100] "GET /corsica-post-card-10x15-p-43549.html HTTP/1.0" 200 79597 "-" "Mozilla/5.0 (compatible; SemrushBot/7~bl; +http://www.semrush.com/bot.html)"
3.224.220.101 - - [08/Nov/2023:05:06:57 +0100] "GET /tetsubin-brown-teapot-japanese-p-44511.html HTTP/1.0" 200 79919 "-" "Mozilla/5.0 (Macintosh; Intel Mac OS X 10_10_1) AppleWebKit/600.2.5 (KHTML, like Gecko) Version/8.0.2 Safari/600.2.5 (Amazonbot/0.1; +https://developer.amazon.com/support/amazonbot)"
100.21.24.205 - - [08/Nov/2023:05:06:49 +0100] "GET /shirts-sweatshirts-c-53_54.html?page=1 HTTP/1.0" 200 99339 "-" "thesis-research-bot"
46.4.108.51 - - [08/Nov/2023:05:07:01 +0100] "GET /robots.txt HTTP/1.0" 200 245 "-" "Mozilla/5.0 (compatible; AwarioBot/1.0; +https://awario.com/bots.html)"
3.224.220.101 - - [08/Nov/2023:05:06:59 +0100] "GET /small-japanese-blue-teapot-enameled-cast-iron-liter-p-57693.html HTTP/1.0" 200 80178 "-" "Mozilla/5.0 (Macintosh; Intel Mac OS X 10_10_1) AppleWebKit/600.2.5 (KHTML, like Gecko) Version/8.0.2 Safari/600.2.5 (Amazonbot/0.1; +https://developer.amazon.com/support/amazonbot)"
3.224.220.101 - - [08/Nov/2023:05:07:00 +0100] "GET /japanese-style-tetsubin-cast-iron-liter-teapot-p-55204.html HTTP/1.0" 200 82278 "-" "Mozilla/5.0 (Macintosh; Intel Mac OS X 10_10_1) AppleWebKit/600.2.5 (KHTML, like Gecko) Version/8.0.2 Safari/600.2.5 (Amazonbot/0.1; +https://developer.amazon.com/support/amazonbot)"
46.4.108.51 - - [08/Nov/2023:05:07:01 +0100] "GET /mickey-wastebasket-p-31189.html HTTP/1.0" 200 79728 "-" "Mozilla/5.0 (compatible; AwarioBot/1.0; +https://awario.com/bots.html)"
185.191.171.2 - - [08/Nov/2023:05:07:01 +0100] "GET /heart-home-friendly-stick-diffuser-winter-pine-p-58959.html HTTP/1.0" 200 81260 "-" "Mozilla/5.0 (compatible; SemrushBot/7~bl; +http://www.semrush.com/bot.html)"
52.70.240.171 - - [08/Nov/2023:05:07:02 +0100] "GET /japanese-style-tetsubin-cast-iron-liter-teapot-p-55204.html HTTP/1.0" 200 82278 "-" "Mozilla/5.0 (Macintosh; Intel Mac OS X 10_10_1) AppleWebKit/600.2.5 (KHTML, like Gecko) Version/8.0.2 Safari/600.2.5 (Amazonbot/0.1; +https://developer.amazon.com/support/amazonbot)"
3.224.220.101 - - [08/Nov/2023:05:07:02 +0100] "GET /japanese-hexagon-style-tetsubin-cast-iron-teapot-p-55203.html HTTP/1.0" 200 82216 "-" "Mozilla/5.0 (Macintosh; Intel Mac OS X 10_10_1) AppleWebKit/600.2.5 (KHTML, like Gecko) Version/8.0.2 Safari/600.2.5 (Amazonbot/0.1; +https://developer.amazon.com/support/amazonbot)"
23.22.35.162 - - [08/Nov/2023:05:07:05 +0100] "GET /camlia-teapot-glass-porcelain-p-58456.html HTTP/1.0" 200 80761 "-" "Mozilla/5.0 (Macintosh; Intel Mac OS X 10_10_1) AppleWebKit/600.2.5 (KHTML, like Gecko) Version/8.0.2 Safari/600.2.5 (Amazonbot/0.1; +https://developer.amazon.com/support/amazonbot)"
52.70.240.171 - - [08/Nov/2023:05:07:06 +0100] "GET /gorilla-teapot-paul-cardew-p-35268.html HTTP/1.0" 200 79666 "-" "Mozilla/5.0 (Macintosh; Intel Mac OS X 10_10_1) AppleWebKit/600.2.5 (KHTML, like Gecko) Version/8.0.2 Safari/600.2.5 (Amazonbot/0.1; +https://developer.amazon.com/support/amazonbot)"
46.4.108.51 - - [08/Nov/2023:05:07:09 +0100] "GET /microfiber-bolster-p-35012.html HTTP/1.0" 200 79758 "-" "Mozilla/5.0 (compatible; AwarioBot/1.0; +https://awario.com/bots.html)"
52.70.240.171 - - [08/Nov/2023:05:07:04 +0100] "GET /school-trolley-c-31_169.html HTTP/1.0" 200 87892 "-" "Mozilla/5.0 (Macintosh; Intel Mac OS X 10_10_1) AppleWebKit/600.2.5 (KHTML, like Gecko) Version/8.0.2 Safari/600.2.5 (Amazonbot/0.1; +https://developer.amazon.com/support/amazonbot)"
23.22.35.162 - - [08/Nov/2023:05:07:14 +0100] "GET /owls-teapot-with-metal-infuser-p-42249.html HTTP/1.0" 200 79677 "-" "Mozilla/5.0 (Macintosh; Intel Mac OS X 10_10_1) AppleWebKit/600.2.5 (KHTML, like Gecko) Version/8.0.2 Safari/600.2.5 (Amazonbot/0.1; +https://developer.amazon.com/support/amazonbot)"
85.208.96.200 - - [08/Nov/2023:05:07:15 +0100] "GET /buddha-pink-table-lamp-p-50038.html HTTP/1.0" 200 77369 "-" "Mozilla/5.0 (compatible; SemrushBot/7~bl; +http://www.semrush.com/bot.html)"
23.22.35.162 - - [08/Nov/2023:05:07:15 +0100] "GET /lisa-teapot-glass-porcelain-p-57823.html HTTP/1.0" 200 80963 "-" "Mozilla/5.0 (Macintosh; Intel Mac OS X 10_10_1) AppleWebKit/600.2.5 (KHTML, like Gecko) Version/8.0.2 Safari/600.2.5 (Amazonbot/0.1; +https://developer.amazon.com/support/amazonbot)"
100.21.24.205 - - [08/Nov/2023:05:07:18 +0100] "GET /small-cups-board-christmas-p-57090.html HTTP/1.0" 200 79841 "-" "thesis-research-bot"
185.191.171.12 - - [08/Nov/2023:05:07:19 +0100] "GET /bonza-wall-stickers-p-36140.html HTTP/1.0" 200 79652 "-" "Mozilla/5.0 (compatible; SemrushBot/7~bl; +http://www.semrush.com/bot.html)"
44.230.252.91 - - [08/Nov/2023:05:07:19 +0100] "GET /large-round-pineapple-wooden-bowl-allen-designs-p-60526.html HTTP/1.0" 200 81285 "-" "thesis-research-bot"
52.25.208.208 - - [08/Nov/2023:05:07:20 +0100] "GET /flamingo-decorative-square-wooden-bowl-allen-designs-p-60532.html HTTP/1.0" 200 81445 "-" "thesis-research-bot"
100.21.24.205 - - [08/Nov/2023:05:07:21 +0100] "GET /hand-fatma-exotic-wood-tray-p-53778.html HTTP/1.0" 200 80383 "-" "thesis-research-bot"
52.70.240.171 - - [08/Nov/2023:05:07:21 +0100] "GET /small-japanese-burgundy-enameled-cast-iron-teapot-liter-p-57695.html HTTP/1.0" 200 80756 "-" "Mozilla/5.0 (Macintosh; Intel Mac OS X 10_10_1) AppleWebKit/600.2.5 (KHTML, like Gecko) Version/8.0.2 Safari/600.2.5 (Amazonbot/0.1; +https://developer.amazon.com/support/amazonbot)"
100.21.24.205 - - [08/Nov/2023:05:07:23 +0100] "GET /small-cups-plank-shape-tree-p-57087.html HTTP/1.0" 200 79937 "-" "thesis-research-bot"
46.4.108.51 - - [08/Nov/2023:05:07:23 +0100] "GET /microfibre-base-cover-black-p-47980.html HTTP/1.0" 200 79795 "-" "Mozilla/5.0 (compatible; AwarioBot/1.0; +https://awario.com/bots.html)"
100.21.24.205 - - [08/Nov/2023:05:07:23 +0100] "GET /lighted-essential-diffuser-p-58804.html HTTP/1.0" 200 80687 "-" "thesis-research-bot"
44.230.252.91 - - [08/Nov/2023:05:07:24 +0100] "GET /stella-ultrasonic-diffuser-p-57381.html HTTP/1.0" 200 80813 "-" "thesis-research-bot"
185.191.171.6 - - [08/Nov/2023:05:07:25 +0100] "GET /heart-home-animated-candle-carousel-gift-p-61124.html HTTP/1.0" 200 81507 "-" "Mozilla/5.0 (compatible; SemrushBot/7~bl; +http://www.semrush.com/bot.html)"
52.25.208.208 - - [08/Nov/2023:05:07:25 +0100] "GET /cold-ultrasonic-diffuser-essential-oils-pineapple-shape-p-47514.html HTTP/1.0" 200 81149 "-" "thesis-research-bot"
44.230.252.91 - - [08/Nov/2023:05:07:26 +0100] "GET /ultrasonic-aromatic-diffuser-p-57377.html HTTP/1.0" 200 80895 "-" "thesis-research-bot"
100.21.24.205 - - [08/Nov/2023:05:07:27 +0100] "GET /square-wooden-dish-klimt-kiss-p-60531.html HTTP/1.0" 200 81077 "-" "thesis-research-bot"
46.4.108.51 - - [08/Nov/2023:05:07:33 +0100] "GET /microfibre-base-cover-light-brown-p-47981.html HTTP/1.0" 200 79825 "-" "Mozilla/5.0 (compatible; AwarioBot/1.0; +https://awario.com/bots.html)"
185.191.171.19 - - [08/Nov/2023:05:07:36 +0100] "GET /heart-home-orange-zest-clove-large-bamboo-candle-p-61108.html HTTP/1.0" 200 81081 "-" "Mozilla/5.0 (compatible; SemrushBot/7~bl; +http://www.semrush.com/bot.html)"
173.252.83.120 - - [08/Nov/2023:05:07:47 +0100] "GET /images/big_prod/3609810064201.jpg HTTP/1.0" 200 268 "-" "facebookexternalhit/1.1 (+http://www.facebook.com/externalhit_uatext.php)"
52.25.208.208 - - [08/Nov/2023:05:07:28 +0100] "GET /storage-cups-c-12_159_264.html?page=1 HTTP/1.0" 500 66462 "-" "thesis-research-bot"
85.208.96.197 - - [08/Nov/2023:05:07:46 +0100] "GET /-p-18282.html HTTP/1.0" 200 77271 "-" "Mozilla/5.0 (compatible; SemrushBot/7~bl; +http://www.semrush.com/bot.html)"
46.4.108.51 - - [08/Nov/2023:05:07:50 +0100] "GET /milk-fine-bone-china-p-54933.html HTTP/1.0" 200 79801 "-" "Mozilla/5.0 (compatible; AwarioBot/1.0; +https://awario.com/bots.html)"
52.25.208.208 - - [08/Nov/2023:05:07:38 +0100] "GET /storage-cups-c-12_159_264.html?page=1 HTTP/1.0" 500 66462 "-" "thesis-research-bot"
85.208.96.211 - - [08/Nov/2023:05:07:58 +0100] "GET /little-green-moustache-ring-p-18697.html HTTP/1.0" 200 80117 "-" "Mozilla/5.0 (compatible; SemrushBot/7~bl; +http://www.semrush.com/bot.html)"
46.4.108.51 - - [08/Nov/2023:05:08:09 +0100] "GET /mini-bright-christmas-p-38256.html HTTP/1.0" 200 79700 "-" "Mozilla/5.0 (compatible; AwarioBot/1.0; +https://awario.com/bots.html)"
3.224.220.101 - - [08/Nov/2023:05:08:13 +0100] "GET /small-japanese-petrol-blue-enameled-cast-iron-teapot-liter-p-57694.html HTTP/1.0" 200 80786 "-" "Mozilla/5.0 (Macintosh; Intel Mac OS X 10_10_1) AppleWebKit/600.2.5 (KHTML, like Gecko) Version/8.0.2 Safari/600.2.5 (Amazonbot/0.1; +https://developer.amazon.com/support/amazonbot)"
52.70.240.171 - - [08/Nov/2023:05:08:16 +0100] "GET /long-sleeves-shirts-c-1_21.html HTTP/1.0" 200 84718 "-" "Mozilla/5.0 (Macintosh; Intel Mac OS X 10_10_1) AppleWebKit/600.2.5 (KHTML, like Gecko) Version/8.0.2 Safari/600.2.5 (Amazonbot/0.1; +https://developer.amazon.com/support/amazonbot)"
52.70.240.171 - - [08/Nov/2023:05:08:14 +0100] "GET /long-sleeves-shirts-c-1_21.html HTTP/1.0" 200 84718 "-" "Mozilla/5.0 (Macintosh; Intel Mac OS X 10_10_1) AppleWebKit/600.2.5 (KHTML, like Gecko) Version/8.0.2 Safari/600.2.5 (Amazonbot/0.1; +https://developer.amazon.com/support/amazonbot)"
3.224.220.101 - - [08/Nov/2023:05:08:17 +0100] "GET /bookend-c-13_202.html?page=2 HTTP/1.0" 200 89175 "-" "Mozilla/5.0 (Macintosh; Intel Mac OS X 10_10_1) AppleWebKit/600.2.5 (KHTML, like Gecko) Version/8.0.2 Safari/600.2.5 (Amazonbot/0.1; +https://developer.amazon.com/support/amazonbot)"
46.4.108.51 - - [08/Nov/2023:05:08:18 +0100] "GET /mini-ceramic-butter-sardy-p-56557.html HTTP/1.0" 200 79826 "-" "Mozilla/5.0 (compatible; AwarioBot/1.0; +https://awario.com/bots.html)"
52.70.240.171 - - [08/Nov/2023:05:08:19 +0100] "GET /magnets-c-13_134.html?page=2 HTTP/1.0" 200 98075 "-" "Mozilla/5.0 (Macintosh; Intel Mac OS X 10_10_1) AppleWebKit/600.2.5 (KHTML, like Gecko) Version/8.0.2 Safari/600.2.5 (Amazonbot/0.1; +https://developer.amazon.com/support/amazonbot)"
173.252.83.5 - - [08/Nov/2023:05:08:23 +0100] "GET /images/mini_prod/3442440302905.jpg HTTP/1.0" 200 269 "-" "facebookexternalhit/1.1 (+http://www.facebook.com/externalhit_uatext.php)"
46.4.108.51 - - [08/Nov/2023:05:08:32 +0100] "GET /mini-cooper-union-jack-figurine-p-28504.html HTTP/1.0" 200 83307 "-" "Mozilla/5.0 (compatible; AwarioBot/1.0; +https://awario.com/bots.html)"
46.4.108.51 - - [08/Nov/2023:05:08:39 +0100] "GET /mini-cork-notes-dartboard-target-p-54990.html HTTP/1.0" 200 80327 "-" "Mozilla/5.0 (compatible; AwarioBot/1.0; +https://awario.com/bots.html)"
185.191.171.16 - - [08/Nov/2023:05:08:43 +0100] "GET /rolling-stones-black-zippo-lighter-p-32569.html HTTP/1.0" 200 77397 "-" "Mozilla/5.0 (compatible; SemrushBot/7~bl; +http://www.semrush.com/bot.html)"
46.4.108.51 - - [08/Nov/2023:05:08:50 +0100] "GET /mini-dlices-sugar-bowl-p-25772.html HTTP/1.0" 200 79644 "-" "Mozilla/5.0 (compatible; AwarioBot/1.0; +https://awario.com/bots.html)"
46.4.108.51 - - [08/Nov/2023:05:08:55 +0100] "GET /mini-erasers-random-patterns-p-33549.html HTTP/1.0" 200 79834 "-" "Mozilla/5.0 (compatible; AwarioBot/1.0; +https://awario.com/bots.html)"
185.191.171.14 - - [08/Nov/2023:05:08:56 +0100] "GET /-p-43822.html HTTP/1.0" 200 77271 "-" "Mozilla/5.0 (compatible; SemrushBot/7~bl; +http://www.semrush.com/bot.html)"
3.224.220.101 - - [08/Nov/2023:05:08:57 +0100] "GET /gold-resin-elephant-bookend-p-60667.html HTTP/1.0" 200 80288 "-" "Mozilla/5.0 (Macintosh; Intel Mac OS X 10_10_1) AppleWebKit/600.2.5 (KHTML, like Gecko) Version/8.0.2 Safari/600.2.5 (Amazonbot/0.1; +https://developer.amazon.com/support/amazonbot)"
52.70.240.171 - - [08/Nov/2023:05:08:59 +0100] "GET /brown-resin-elephant-bookend-p-60874.html HTTP/1.0" 200 80491 "-" "Mozilla/5.0 (Macintosh; Intel Mac OS X 10_10_1) AppleWebKit/600.2.5 (KHTML, like Gecko) Version/8.0.2 Safari/600.2.5 (Amazonbot/0.1; +https://developer.amazon.com/support/amazonbot)"
52.70.240.171 - - [08/Nov/2023:05:09:00 +0100] "GET /gold-aluminum-golf-bookend-p-60732.html HTTP/1.0" 200 80476 "-" "Mozilla/5.0 (Macintosh; Intel Mac OS X 10_10_1) AppleWebKit/600.2.5 (KHTML, like Gecko) Version/8.0.2 Safari/600.2.5 (Amazonbot/0.1; +https://developer.amazon.com/support/amazonbot)"
185.191.171.16 - - [08/Nov/2023:05:09:02 +0100] "GET /novena-candle-black-madonna-p-59346.html HTTP/1.0" 200 80588 "-" "Mozilla/5.0 (compatible; SemrushBot/7~bl; +http://www.semrush.com/bot.html)"
52.70.240.171 - - [08/Nov/2023:05:09:03 +0100] "GET /resin-magnet-tour-france-blanc-p-55498.html HTTP/1.0" 200 79783 "-" "Mozilla/5.0 (Macintosh; Intel Mac OS X 10_10_1) AppleWebKit/600.2.5 (KHTML, like Gecko) Version/8.0.2 Safari/600.2.5 (Amazonbot/0.1; +https://developer.amazon.com/support/amazonbot)"
23.22.35.162 - - [08/Nov/2023:05:09:05 +0100] "GET /guevara-mini-magnet-mirror-p-19667.html HTTP/1.0" 200 79734 "-" "Mozilla/5.0 (Macintosh; Intel Mac OS X 10_10_1) AppleWebKit/600.2.5 (KHTML, like Gecko) Version/8.0.2 Safari/600.2.5 (Amazonbot/0.1; +https://developer.amazon.com/support/amazonbot)"
46.4.108.51 - - [08/Nov/2023:05:09:06 +0100] "GET /robots.txt HTTP/1.0" 200 245 "-" "Mozilla/5.0 (compatible; AwarioBot/1.0; +https://awario.com/bots.html)"
173.252.83.15 - - [08/Nov/2023:05:09:07 +0100] "GET /images/mini_prod/1300000021777.jpg HTTP/1.0" 404 1308 "-" "facebookexternalhit/1.1 (+http://www.facebook.com/externalhit_uatext.php)"
3.224.220.101 - - [08/Nov/2023:05:09:07 +0100] "GET /marley-lion-mini-magnet-mirror-p-19669.html HTTP/1.0" 200 79759 "-" "Mozilla/5.0 (Macintosh; Intel Mac OS X 10_10_1) AppleWebKit/600.2.5 (KHTML, like Gecko) Version/8.0.2 Safari/600.2.5 (Amazonbot/0.1; +https://developer.amazon.com/support/amazonbot)"
46.4.108.51 - - [08/Nov/2023:05:09:06 +0100] "GET /mini-glitter-ball-p-33558.html HTTP/1.0" 200 79654 "-" "Mozilla/5.0 (compatible; AwarioBot/1.0; +https://awario.com/bots.html)"
185.191.171.11 - - [08/Nov/2023:05:09:07 +0100] "GET /pink-polyester-round-chair-cushion-p-47033.html HTTP/1.0" 200 80364 "-" "Mozilla/5.0 (compatible; SemrushBot/7~bl; +http://www.semrush.com/bot.html)"
23.22.35.162 - - [08/Nov/2023:05:09:09 +0100] "GET /want-mini-magnet-mirror-p-19664.html HTTP/1.0" 200 79635 "-" "Mozilla/5.0 (Macintosh; Intel Mac OS X 10_10_1) AppleWebKit/600.2.5 (KHTML, like Gecko) Version/8.0.2 Safari/600.2.5 (Amazonbot/0.1; +https://developer.amazon.com/support/amazonbot)"
3.224.220.101 - - [08/Nov/2023:05:09:10 +0100] "GET /magnets-c-13_134.html?page=3 HTTP/1.0" 200 98410 "-" "Mozilla/5.0 (Macintosh; Intel Mac OS X 10_10_1) AppleWebKit/600.2.5 (KHTML, like Gecko) Version/8.0.2 Safari/600.2.5 (Amazonbot/0.1; +https://developer.amazon.com/support/amazonbot)"
52.70.240.171 - - [08/Nov/2023:05:09:13 +0100] "GET /magnets-c-13_134.html?page=4 HTTP/1.0" 200 89921 "-" "Mozilla/5.0 (Macintosh; Intel Mac OS X 10_10_1) AppleWebKit/600.2.5 (KHTML, like Gecko) Version/8.0.2 Safari/600.2.5 (Amazonbot/0.1; +https://developer.amazon.com/support/amazonbot)"
23.22.35.162 - - [08/Nov/2023:05:09:14 +0100] "GET /baskets-c-13_289.html?page=4 HTTP/1.0" 200 88263 "-" "Mozilla/5.0 (Macintosh; Intel Mac OS X 10_10_1) AppleWebKit/600.2.5 (KHTML, like Gecko) Version/8.0.2 Safari/600.2.5 (Amazonbot/0.1; +https://developer.amazon.com/support/amazonbot)"
23.22.35.162 - - [08/Nov/2023:05:09:17 +0100] "GET /baskets-c-13_289.html?page=3 HTTP/1.0" 200 97261 "-" "Mozilla/5.0 (Macintosh; Intel Mac OS X 10_10_1) AppleWebKit/600.2.5 (KHTML, like Gecko) Version/8.0.2 Safari/600.2.5 (Amazonbot/0.1; +https://developer.amazon.com/support/amazonbot)"
46.4.108.51 - - [08/Nov/2023:05:09:19 +0100] "GET /mini-hermetic-camargue-p-54521.html HTTP/1.0" 200 79646 "-" "Mozilla/5.0 (compatible; AwarioBot/1.0; +https://awario.com/bots.html)"
168.138.105.69 - - [08/Nov/2023:05:09:21 +0100] "GET /images/mini_prod/1399984242544.jpg HTTP/1.0" 200 269 "-" "Mozilla/5.0 (X11; Ubuntu; Linux x86_64; rv:72.0) Gecko/20100101 Firefox/72.0"
52.70.240.171 - - [08/Nov/2023:05:09:20 +0100] "GET /baskets-c-13_289.html?page=2 HTTP/1.0" 200 97304 "-" "Mozilla/5.0 (Macintosh; Intel Mac OS X 10_10_1) AppleWebKit/600.2.5 (KHTML, like Gecko) Version/8.0.2 Safari/600.2.5 (Amazonbot/0.1; +https://developer.amazon.com/support/amazonbot)"
100.21.24.205 - - [08/Nov/2023:05:09:21 +0100] "GET /cardboard-boxes-storage-c-13_150_216.html HTTP/1.0" 200 76576 "-" "thesis-research-bot"
23.22.35.162 - - [08/Nov/2023:05:09:22 +0100] "GET /pencil-c-129_183.html?page=2 HTTP/1.0" 200 97191 "-" "Mozilla/5.0 (Macintosh; Intel Mac OS X 10_10_1) AppleWebKit/600.2.5 (KHTML, like Gecko) Version/8.0.2 Safari/600.2.5 (Amazonbot/0.1; +https://developer.amazon.com/support/amazonbot)"
52.70.240.171 - - [08/Nov/2023:05:09:22 +0100] "GET /london-union-jack-metal-magnet-p-10802.html HTTP/1.0" 200 79635 "-" "Mozilla/5.0 (Macintosh; Intel Mac OS X 10_10_1) AppleWebKit/600.2.5 (KHTML, like Gecko) Version/8.0.2 Safari/600.2.5 (Amazonbot/0.1; +https://developer.amazon.com/support/amazonbot)"
46.4.108.51 - - [08/Nov/2023:05:09:24 +0100] "GET /mini-hermetic-fleur-p-54520.html HTTP/1.0" 200 79664 "-" "Mozilla/5.0 (compatible; AwarioBot/1.0; +https://awario.com/bots.html)"
3.224.220.101 - - [08/Nov/2023:05:09:26 +0100] "GET /marilyn-monroe-james-dean-audrey-hepburn-mini-magnets-p-8172.html HTTP/1.0" 200 80032 "-" "Mozilla/5.0 (Macintosh; Intel Mac OS X 10_10_1) AppleWebKit/600.2.5 (KHTML, like Gecko) Version/8.0.2 Safari/600.2.5 (Amazonbot/0.1; +https://developer.amazon.com/support/amazonbot)"
23.22.35.162 - - [08/Nov/2023:05:09:28 +0100] "GET /beatles-vintage-metal-magnet-p-10809.html HTTP/1.0" 200 79637 "-" "Mozilla/5.0 (Macintosh; Intel Mac OS X 10_10_1) AppleWebKit/600.2.5 (KHTML, like Gecko) Version/8.0.2 Safari/600.2.5 (Amazonbot/0.1; +https://developer.amazon.com/support/amazonbot)"
3.224.220.101 - - [08/Nov/2023:05:09:30 +0100] "GET /baskets-reed-fiber-corn-husk-p-59857.html HTTP/1.0" 200 81338 "-" "Mozilla/5.0 (Macintosh; Intel Mac OS X 10_10_1) AppleWebKit/600.2.5 (KHTML, like Gecko) Version/8.0.2 Safari/600.2.5 (Amazonbot/0.1; +https://developer.amazon.com/support/amazonbot)"
185.191.171.3 - - [08/Nov/2023:05:09:31 +0100] "GET /cactus-ethnic-style-burlap-table-p-48437.html HTTP/1.0" 200 80264 "-" "Mozilla/5.0 (compatible; SemrushBot/7~bl; +http://www.semrush.com/bot.html)"
52.70.240.171 - - [08/Nov/2023:05:09:33 +0100] "GET /cozy-corduroy-laundry-basket-p-59627.html HTTP/1.0" 200 80594 "-" "Mozilla/5.0 (Macintosh; Intel Mac OS X 10_10_1) AppleWebKit/600.2.5 (KHTML, like Gecko) Version/8.0.2 Safari/600.2.5 (Amazonbot/0.1; +https://developer.amazon.com/support/amazonbot)"
3.224.220.101 - - [08/Nov/2023:05:09:34 +0100] "GET /cozy-corduroy-laundry-basket-p-59637.html HTTP/1.0" 200 80797 "-" "Mozilla/5.0 (Macintosh; Intel Mac OS X 10_10_1) AppleWebKit/600.2.5 (KHTML, like Gecko) Version/8.0.2 Safari/600.2.5 (Amazonbot/0.1; +https://developer.amazon.com/support/amazonbot)"
46.4.108.51 - - [08/Nov/2023:05:09:36 +0100] "GET /mini-hermetic-sardines-p-54522.html HTTP/1.0" 200 79647 "-" "Mozilla/5.0 (compatible; AwarioBot/1.0; +https://awario.com/bots.html)"
210.21.229.138 - - [08/Nov/2023:05:09:39 +0100] "GET /images/mini_prod/3453131152679.jpg HTTP/1.0" 200 269 "-" "Mozilla/5.0 (X11; Ubuntu; Linux x86_64; rv:72.0) Gecko/20100101 Firefox/72.0"
40.77.167.22 - - [08/Nov/2023:05:09:38 +0100] "GET /accessories-mobiles-c-3_17.html?page=6 HTTP/1.0" 200 99681 "-" "Mozilla/5.0 AppleWebKit/537.36 (KHTML, like Gecko; compatible; bingbot/2.0; +http://www.bing.com/bingbot.htm) Chrome/103.0.5060.134 Safari/537.36"
3.224.220.101 - - [08/Nov/2023:05:09:40 +0100] "GET /adults-c-53.html HTTP/1.0" 200 98615 "-" "Mozilla/5.0 (Macintosh; Intel Mac OS X 10_10_1) AppleWebKit/600.2.5 (KHTML, like Gecko) Version/8.0.2 Safari/600.2.5 (Amazonbot/0.1; +https://developer.amazon.com/support/amazonbot)"
185.191.171.16 - - [08/Nov/2023:05:09:44 +0100] "GET /quote-wall-stickers-p-42959.html HTTP/1.0" 200 80394 "-" "Mozilla/5.0 (compatible; SemrushBot/7~bl; +http://www.semrush.com/bot.html)"
46.4.108.51 - - [08/Nov/2023:05:09:45 +0100] "GET /mini-minnie-mouse-figurine-p-56575.html HTTP/1.0" 200 81003 "-" "Mozilla/5.0 (compatible; AwarioBot/1.0; +https://awario.com/bots.html)"
100.21.24.205 - - [08/Nov/2023:05:09:45 +0100] "GET /cotton-floor-cushion-black-p-48997.html HTTP/1.0" 200 80820 "-" "thesis-research-bot"
100.21.24.205 - - [08/Nov/2023:05:09:46 +0100] "GET /cushion-little-prince-beige-p-59049.html HTTP/1.0" 200 80652 "-" "thesis-research-bot"
100.21.24.205 - - [08/Nov/2023:05:09:47 +0100] "GET /cushions-floor-cushions-cushion-covers-c-11_71.html?page=1 HTTP/1.0" 200 99299 "-" "thesis-research-bot"
23.22.35.162 - - [08/Nov/2023:05:09:50 +0100] "GET /cozy-corduroy-laundry-basket-p-59636.html HTTP/1.0" 200 80592 "-" "Mozilla/5.0 (Macintosh; Intel Mac OS X 10_10_1) AppleWebKit/600.2.5 (KHTML, like Gecko) Version/8.0.2 Safari/600.2.5 (Amazonbot/0.1; +https://developer.amazon.com/support/amazonbot)"
23.22.35.162 - - [08/Nov/2023:05:09:51 +0100] "GET /white-bamboo-storage-boxes-p-60957.html HTTP/1.0" 200 80718 "-" "Mozilla/5.0 (Macintosh; Intel Mac OS X 10_10_1) AppleWebKit/600.2.5 (KHTML, like Gecko) Version/8.0.2 Safari/600.2.5 (Amazonbot/0.1; +https://developer.amazon.com/support/amazonbot)"
52.70.240.171 - - [08/Nov/2023:05:09:53 +0100] "GET /reed-fiber-corn-husk-baskets-p-59856.html HTTP/1.0" 200 81374 "-" "Mozilla/5.0 (Macintosh; Intel Mac OS X 10_10_1) AppleWebKit/600.2.5 (KHTML, like Gecko) Version/8.0.2 Safari/600.2.5 (Amazonbot/0.1; +https://developer.amazon.com/support/amazonbot)"
3.224.220.101 - - [08/Nov/2023:05:09:55 +0100] "GET /union-jack-mini-magnet-mirror-p-19666.html HTTP/1.0" 200 79727 "-" "Mozilla/5.0 (Macintosh; Intel Mac OS X 10_10_1) AppleWebKit/600.2.5 (KHTML, like Gecko) Version/8.0.2 Safari/600.2.5 (Amazonbot/0.1; +https://developer.amazon.com/support/amazonbot)"
46.4.108.51 - - [08/Nov/2023:05:09:57 +0100] "GET /mini-notebook-white-brown-horse-p-26211.html HTTP/1.0" 200 79723 "-" "Mozilla/5.0 (compatible; AwarioBot/1.0; +https://awario.com/bots.html)"
185.191.171.6 - - [08/Nov/2023:05:09:57 +0100] "GET /cotton-kitchen-towel-chef-barbecue-p-55955.html HTTP/1.0" 200 79722 "-" "Mozilla/5.0 (compatible; SemrushBot/7~bl; +http://www.semrush.com/bot.html)"
52.70.240.171 - - [08/Nov/2023:05:09:58 +0100] "GET /hard-night-metal-magnet-p-10812.html HTTP/1.0" 200 79627 "-" "Mozilla/5.0 (Macintosh; Intel Mac OS X 10_10_1) AppleWebKit/600.2.5 (KHTML, like Gecko) Version/8.0.2 Safari/600.2.5 (Amazonbot/0.1; +https://developer.amazon.com/support/amazonbot)"
3.224.220.101 - - [08/Nov/2023:05:09:59 +0100] "GET /rtro-durf-resin-magnets-p-39569.html HTTP/1.0" 200 79664 "-" "Mozilla/5.0 (Macintosh; Intel Mac OS X 10_10_1) AppleWebKit/600.2.5 (KHTML, like Gecko) Version/8.0.2 Safari/600.2.5 (Amazonbot/0.1; +https://developer.amazon.com/support/amazonbot)"
46.4.108.51 - - [08/Nov/2023:05:10:05 +0100] "GET /mini-p-50370.html HTTP/1.0" 200 79608 "-" "Mozilla/5.0 (compatible; AwarioBot/1.0; +https://awario.com/bots.html)"
3.224.220.101 - - [08/Nov/2023:05:10:08 +0100] "GET /long-sleeves-shirts-c-1_21.html HTTP/1.0" 200 84718 "-" "Mozilla/5.0 (Macintosh; Intel Mac OS X 10_10_1) AppleWebKit/600.2.5 (KHTML, like Gecko) Version/8.0.2 Safari/600.2.5 (Amazonbot/0.1; +https://developer.amazon.com/support/amazonbot)"
52.70.240.171 - - [08/Nov/2023:05:10:09 +0100] "GET /christmas-tree-ornament-christmas-balls-c-13_271.html HTTP/1.0" 200 97593 "-" "Mozilla/5.0 (Macintosh; Intel Mac OS X 10_10_1) AppleWebKit/600.2.5 (KHTML, like Gecko) Version/8.0.2 Safari/600.2.5 (Amazonbot/0.1; +https://developer.amazon.com/support/amazonbot)"
23.22.35.162 - - [08/Nov/2023:05:10:11 +0100] "GET /parot-pencil-cbkreation-p-43336.html HTTP/1.0" 200 79674 "-" "Mozilla/5.0 (Macintosh; Intel Mac OS X 10_10_1) AppleWebKit/600.2.5 (KHTML, like Gecko) Version/8.0.2 Safari/600.2.5 (Amazonbot/0.1; +https://developer.amazon.com/support/amazonbot)"
85.208.96.207 - - [08/Nov/2023:05:10:15 +0100] "GET /robots.txt HTTP/1.0" 200 245 "-" "Mozilla/5.0 (compatible; SemrushBot/7~bl; +http://www.semrush.com/bot.html)"
185.191.171.19 - - [08/Nov/2023:05:10:15 +0100] "GET /figurine-scorcerer-mickey-p-53352.html HTTP/1.0" 200 81300 "-" "Mozilla/5.0 (compatible; SemrushBot/7~bl; +http://www.semrush.com/bot.html)"
17.241.75.186 - - [08/Nov/2023:05:10:17 +0100] "GET /images/med_prod/0398976773300d.jpg HTTP/1.0" 200 269 "-" "Mozilla/5.0 (Macintosh; Intel Mac OS X 10_15_5) AppleWebKit/605.1.15 (KHTML, like Gecko) Version/13.1.1 Safari/605.1.15 (Applebot/0.1; +http://www.apple.com/go/applebot)"
46.4.108.51 - - [08/Nov/2023:05:10:24 +0100] "GET /mini-stickers-animals-p-22597.html HTTP/1.0" 200 80260 "-" "Mozilla/5.0 (compatible; AwarioBot/1.0; +https://awario.com/bots.html)"
128.42.29.48 - - [08/Nov/2023:05:10:27 +0100] "GET /images/mini_prod/9316188073875.jpg HTTP/1.0" 200 269 "-" "Mozilla/5.0 (X11; Ubuntu; Linux x86_64; rv:72.0) Gecko/20100101 Firefox/72.0"
