52.70.240.171 - - [08/Nov/2023:06:43:10 +0100] "GET /wicker-basket-p-48602.html HTTP/1.0" 200 79596 "-" "Mozilla/5.0 (Macintosh; Intel Mac OS X 10_10_1) AppleWebKit/600.2.5 (KHTML, like Gecko) Version/8.0.2 Safari/600.2.5 (Amazonbot/0.1; +https://developer.amazon.com/support/amazonbot)"
52.70.240.171 - - [08/Nov/2023:06:43:11 +0100] "GET /guam-cotton-basket-p-57899.html HTTP/1.0" 200 80243 "-" "Mozilla/5.0 (Macintosh; Intel Mac OS X 10_10_1) AppleWebKit/600.2.5 (KHTML, like Gecko) Version/8.0.2 Safari/600.2.5 (Amazonbot/0.1; +https://developer.amazon.com/support/amazonbot)"
23.22.35.162 - - [08/Nov/2023:06:43:12 +0100] "GET /guam-cotton-basket-p-57900.html HTTP/1.0" 200 80245 "-" "Mozilla/5.0 (Macintosh; Intel Mac OS X 10_10_1) AppleWebKit/600.2.5 (KHTML, like Gecko) Version/8.0.2 Safari/600.2.5 (Amazonbot/0.1; +https://developer.amazon.com/support/amazonbot)"
46.4.108.51 - - [08/Nov/2023:06:43:14 +0100] "GET /petit-bonheur-ceramic-with-infuser-p-32210.html HTTP/1.0" 200 79752 "-" "Mozilla/5.0 (compatible; AwarioBot/1.0; +https://awario.com/bots.html)"
23.22.35.162 - - [08/Nov/2023:06:43:19 +0100] "GET /guam-cotton-basket-p-57903.html HTTP/1.0" 200 80243 "-" "Mozilla/5.0 (Macintosh; Intel Mac OS X 10_10_1) AppleWebKit/600.2.5 (KHTML, like Gecko) Version/8.0.2 Safari/600.2.5 (Amazonbot/0.1; +https://developer.amazon.com/support/amazonbot)"
85.208.96.210 - - [08/Nov/2023:06:43:24 +0100] "GET /tree-life-mirror-white-patinated-wood-p-53755.html HTTP/1.0" 200 77421 "-" "Mozilla/5.0 (compatible; SemrushBot/7~bl; +http://www.semrush.com/bot.html)"
46.4.108.51 - - [08/Nov/2023:06:43:32 +0100] "GET /pets-bedclothes-140x200-p-8231.html HTTP/1.0" 200 79892 "-" "Mozilla/5.0 (compatible; AwarioBot/1.0; +https://awario.com/bots.html)"
128.42.28.84 - - [08/Nov/2023:06:43:36 +0100] "GET /images/mini_prod/3760054863347.jpg HTTP/1.0" 200 269 "-" "Mozilla/5.0 (X11; Ubuntu; Linux x86_64; rv:72.0) Gecko/20100101 Firefox/72.0"
173.252.83.14 - - [08/Nov/2023:06:43:37 +0100] "GET /images/big_prod/3560600301619.jpg HTTP/1.0" 200 268 "-" "facebookexternalhit/1.1 (+http://www.facebook.com/externalhit_uatext.php)"
3.224.220.101 - - [08/Nov/2023:06:43:40 +0100] "GET /guam-cotton-basket-p-57905.html HTTP/1.0" 200 80243 "-" "Mozilla/5.0 (Macintosh; Intel Mac OS X 10_10_1) AppleWebKit/600.2.5 (KHTML, like Gecko) Version/8.0.2 Safari/600.2.5 (Amazonbot/0.1; +https://developer.amazon.com/support/amazonbot)"
46.4.108.51 - - [08/Nov/2023:06:43:42 +0100] "GET /pets-polar-blanket-p-8422.html HTTP/1.0" 200 79785 "-" "Mozilla/5.0 (compatible; AwarioBot/1.0; +https://awario.com/bots.html)"
52.70.240.171 - - [08/Nov/2023:06:43:45 +0100] "GET /guam-cotton-basket-p-57901.html HTTP/1.0" 200 80245 "-" "Mozilla/5.0 (Macintosh; Intel Mac OS X 10_10_1) AppleWebKit/600.2.5 (KHTML, like Gecko) Version/8.0.2 Safari/600.2.5 (Amazonbot/0.1; +https://developer.amazon.com/support/amazonbot)"
176.120.186.75 - - [08/Nov/2023:06:43:46 +0100] "GET / HTTP/1.0" 301 511 "-" "Mozilla/5.0 (Windows NT 6.1; Win64; x64) AppleWebKit/537.36 (KHTML, like Gecko) Chrome/80.0.3987.149 Safari/537.36"
3.224.220.101 - - [08/Nov/2023:06:43:47 +0100] "GET /-c-95_354.html HTTP/1.0" 200 76139 "-" "Mozilla/5.0 (Macintosh; Intel Mac OS X 10_10_1) AppleWebKit/600.2.5 (KHTML, like Gecko) Version/8.0.2 Safari/600.2.5 (Amazonbot/0.1; +https://developer.amazon.com/support/amazonbot)"
23.22.35.162 - - [08/Nov/2023:06:43:49 +0100] "GET /braided-polypropylene-decorative-basket-p-58196.html HTTP/1.0" 200 80668 "-" "Mozilla/5.0 (Macintosh; Intel Mac OS X 10_10_1) AppleWebKit/600.2.5 (KHTML, like Gecko) Version/8.0.2 Safari/600.2.5 (Amazonbot/0.1; +https://developer.amazon.com/support/amazonbot)"
176.120.186.75 - - [08/Nov/2023:06:43:47 +0100] "GET / HTTP/1.0" 200 159363 "http://wonder-geek.com/" "Mozilla/5.0 (Windows NT 6.1; Win64; x64) AppleWebKit/537.36 (KHTML, like Gecko) Chrome/80.0.3987.149 Safari/537.36"
23.22.35.162 - - [08/Nov/2023:06:43:50 +0100] "GET /braided-polypropylene-decorative-basket-p-58198.html HTTP/1.0" 200 80668 "-" "Mozilla/5.0 (Macintosh; Intel Mac OS X 10_10_1) AppleWebKit/600.2.5 (KHTML, like Gecko) Version/8.0.2 Safari/600.2.5 (Amazonbot/0.1; +https://developer.amazon.com/support/amazonbot)"
85.208.96.194 - - [08/Nov/2023:06:43:56 +0100] "GET /classic-p-37799.html HTTP/1.0" 200 77342 "-" "Mozilla/5.0 (compatible; SemrushBot/7~bl; +http://www.semrush.com/bot.html)"
46.4.108.51 - - [08/Nov/2023:06:43:58 +0100] "GET /peux-rsister-tout-sauf-tentation-clock-p-41554.html HTTP/1.0" 200 79900 "-" "Mozilla/5.0 (compatible; AwarioBot/1.0; +https://awario.com/bots.html)"
46.4.108.51 - - [08/Nov/2023:06:44:03 +0100] "GET /peux-rsister-tout-sauf-tentation-little-tray-p-42087.html HTTP/1.0" 200 79979 "-" "Mozilla/5.0 (compatible; AwarioBot/1.0; +https://awario.com/bots.html)"
185.191.171.11 - - [08/Nov/2023:06:44:06 +0100] "GET /provence-marseille-soap-dispenser-p-36157.html HTTP/1.0" 200 79750 "-" "Mozilla/5.0 (compatible; SemrushBot/7~bl; +http://www.semrush.com/bot.html)"
52.70.240.171 - - [08/Nov/2023:06:44:10 +0100] "GET /maori-jute-cotton-basket-p-57620.html HTTP/1.0" 200 80489 "-" "Mozilla/5.0 (Macintosh; Intel Mac OS X 10_10_1) AppleWebKit/600.2.5 (KHTML, like Gecko) Version/8.0.2 Safari/600.2.5 (Amazonbot/0.1; +https://developer.amazon.com/support/amazonbot)"
185.191.171.7 - - [08/Nov/2023:06:44:10 +0100] "GET /cooking-recipe-cutting-board-p-44525.html HTTP/1.0" 200 79681 "-" "Mozilla/5.0 (compatible; SemrushBot/7~bl; +http://www.semrush.com/bot.html)"
3.224.220.101 - - [08/Nov/2023:06:44:12 +0100] "GET /maori-jute-cotton-basket-p-57621.html HTTP/1.0" 200 80489 "-" "Mozilla/5.0 (Macintosh; Intel Mac OS X 10_10_1) AppleWebKit/600.2.5 (KHTML, like Gecko) Version/8.0.2 Safari/600.2.5 (Amazonbot/0.1; +https://developer.amazon.com/support/amazonbot)"
46.4.108.51 - - [08/Nov/2023:06:44:12 +0100] "GET /pharaoh-desktop-clock-p-50614.html HTTP/1.0" 200 80553 "-" "Mozilla/5.0 (compatible; AwarioBot/1.0; +https://awario.com/bots.html)"
46.4.108.51 - - [08/Nov/2023:06:44:18 +0100] "GET /phone-cover-iphone-p-20609.html HTTP/1.0" 200 80402 "-" "Mozilla/5.0 (compatible; AwarioBot/1.0; +https://awario.com/bots.html)"
52.70.240.171 - - [08/Nov/2023:06:44:24 +0100] "GET /braided-paper-fiber-baskets-grey-p-58186.html HTTP/1.0" 200 80797 "-" "Mozilla/5.0 (Macintosh; Intel Mac OS X 10_10_1) AppleWebKit/600.2.5 (KHTML, like Gecko) Version/8.0.2 Safari/600.2.5 (Amazonbot/0.1; +https://developer.amazon.com/support/amazonbot)"
52.70.240.171 - - [08/Nov/2023:06:44:25 +0100] "GET /bamboo-laundry-basket-p-48964.html HTTP/1.0" 200 79663 "-" "Mozilla/5.0 (Macintosh; Intel Mac OS X 10_10_1) AppleWebKit/600.2.5 (KHTML, like Gecko) Version/8.0.2 Safari/600.2.5 (Amazonbot/0.1; +https://developer.amazon.com/support/amazonbot)"
23.22.35.162 - - [08/Nov/2023:06:44:26 +0100] "GET /maori-jute-cotton-basket-p-57619.html HTTP/1.0" 200 80489 "-" "Mozilla/5.0 (Macintosh; Intel Mac OS X 10_10_1) AppleWebKit/600.2.5 (KHTML, like Gecko) Version/8.0.2 Safari/600.2.5 (Amazonbot/0.1; +https://developer.amazon.com/support/amazonbot)"
46.4.108.51 - - [08/Nov/2023:06:44:28 +0100] "GET /robots.txt HTTP/1.0" 200 245 "-" "Mozilla/5.0 (compatible; AwarioBot/1.0; +https://awario.com/bots.html)"
46.4.108.51 - - [08/Nov/2023:06:44:28 +0100] "GET /phosphorescent-musical-jewelry-dancer-p-41992.html HTTP/1.0" 200 81014 "-" "Mozilla/5.0 (compatible; AwarioBot/1.0; +https://awario.com/bots.html)"
46.4.108.51 - - [08/Nov/2023:06:44:32 +0100] "GET /photo-frames-memo-clips-c-13_132.html?page=2 HTTP/1.0" 200 88601 "-" "Mozilla/5.0 (compatible; AwarioBot/1.0; +https://awario.com/bots.html)"
185.191.171.6 - - [08/Nov/2023:06:44:35 +0100] "GET /bison-girly-cushion-p-28714.html HTTP/1.0" 200 79774 "-" "Mozilla/5.0 (compatible; SemrushBot/7~bl; +http://www.semrush.com/bot.html)"
47.128.39.180 - - [08/Nov/2023:06:44:37 +0100] "GET /backpacks-c-31_77.html?page=2 HTTP/1.0" 200 99835 "-" "Mozilla/5.0 (compatible; Bytespider; spider-feedback@bytedance.com) AppleWebKit/537.36 (KHTML, like Gecko) Chrome/70.0.0.0 Safari/537.36"
47.128.39.180 - - [08/Nov/2023:06:44:39 +0100] "GET /swfobject.js HTTP/1.0" 404 1308 "http://www.wonder-geek.com/backpacks-c-31_77.html?page=2" "Mozilla/5.0 (compatible; Bytespider; spider-feedback@bytedance.com) AppleWebKit/537.36 (KHTML, like Gecko) Chrome/70.0.0.0 Safari/537.36"
46.4.108.51 - - [08/Nov/2023:06:44:42 +0100] "GET /photo-light-garland-p-60625.html HTTP/1.0" 200 79706 "-" "Mozilla/5.0 (compatible; AwarioBot/1.0; +https://awario.com/bots.html)"
47.128.39.180 - - [08/Nov/2023:06:44:48 +0100] "GET /js/jquery.min.js HTTP/1.0" 404 1308 "http://www.wonder-geek.com/backpacks-c-31_77.html?page=2" "Mozilla/5.0 (compatible; Bytespider; spider-feedback@bytedance.com) AppleWebKit/537.36 (KHTML, like Gecko) Chrome/70.0.0.0 Safari/537.36"
47.128.39.180 - - [08/Nov/2023:06:44:48 +0100] "GET /highslide/graphics/outlines/drop-shadow.png HTTP/1.0" 200 277 "http://www.wonder-geek.com/backpacks-c-31_77.html?page=2" "Mozilla/5.0 (compatible; Bytespider; spider-feedback@bytedance.com) AppleWebKit/537.36 (KHTML, like Gecko) Chrome/70.0.0.0 Safari/537.36"
47.128.39.180 - - [08/Nov/2023:06:44:48 +0100] "GET /highslide/graphics/zoomout.cur HTTP/1.0" 200 614 "http://www.wonder-geek.com/backpacks-c-31_77.html?page=2" "Mozilla/5.0 (compatible; Bytespider; spider-feedback@bytedance.com) AppleWebKit/537.36 (KHTML, like Gecko) Chrome/70.0.0.0 Safari/537.36"
128.42.28.84 - - [08/Nov/2023:06:44:54 +0100] "GET /images/mini_prod/1399984241882.jpg HTTP/1.0" 200 269 "-" "Mozilla/5.0 (X11; Ubuntu; Linux x86_64; rv:72.0) Gecko/20100101 Firefox/72.0"
54.36.149.98 - - [08/Nov/2023:06:44:53 +0100] "GET /tassen-porcelain-grumpy-espresso-p-61284.html HTTP/1.0" 200 80754 "-" "Mozilla/5.0 (compatible; AhrefsBot/7.0; +http://ahrefs.com/robot/)"
54.36.148.147 - - [08/Nov/2023:06:44:57 +0100] "GET /images/big_prod/4250255859946.jpg HTTP/1.0" 200 268 "-" "Mozilla/5.0 (compatible; AhrefsBot/7.0; +http://ahrefs.com/robot/)"
54.36.149.64 - - [08/Nov/2023:06:44:58 +0100] "GET /images/big_prod_2/4250255859946b.jpg HTTP/1.0" 200 271 "-" "Mozilla/5.0 (compatible; AhrefsBot/7.0; +http://ahrefs.com/robot/)"
54.36.148.133 - - [08/Nov/2023:06:44:59 +0100] "GET /images/big_prod_1/4250255859946a.jpg HTTP/1.0" 200 271 "-" "Mozilla/5.0 (compatible; AhrefsBot/7.0; +http://ahrefs.com/robot/)"
185.191.171.11 - - [08/Nov/2023:06:45:02 +0100] "GET /cats-adult-apron-p-41607.html HTTP/1.0" 200 77325 "-" "Mozilla/5.0 (compatible; SemrushBot/7~bl; +http://www.semrush.com/bot.html)"
46.4.108.51 - - [08/Nov/2023:06:45:04 +0100] "GET /picapica-tapas-tablecloth-anti-stain-p-34993.html HTTP/1.0" 200 79809 "-" "Mozilla/5.0 (compatible; AwarioBot/1.0; +https://awario.com/bots.html)"
47.128.46.7 - - [08/Nov/2023:06:45:05 +0100] "GET /keyrings-c-3_52.html?page=5 HTTP/1.0" 200 101105 "-" "Mozilla/5.0 (compatible; Bytespider; spider-feedback@bytedance.com) AppleWebKit/537.36 (KHTML, like Gecko) Chrome/70.0.0.0 Safari/537.36"
47.128.46.7 - - [08/Nov/2023:06:45:08 +0100] "GET /swfobject.js HTTP/1.0" 404 1308 "http://www.wonder-geek.com/keyrings-c-3_52.html?page=5" "Mozilla/5.0 (compatible; Bytespider; spider-feedback@bytedance.com) AppleWebKit/537.36 (KHTML, like Gecko) Chrome/70.0.0.0 Safari/537.36"
85.208.96.209 - - [08/Nov/2023:06:45:07 +0100] "GET /hritage-authentique-cotton-adult-apron-p-45254.html HTTP/1.0" 200 79676 "-" "Mozilla/5.0 (compatible; SemrushBot/7~bl; +http://www.semrush.com/bot.html)"
47.128.46.7 - - [08/Nov/2023:06:45:11 +0100] "GET /js/jquery.min.js HTTP/1.0" 404 1308 "http://www.wonder-geek.com/keyrings-c-3_52.html?page=5" "Mozilla/5.0 (compatible; Bytespider; spider-feedback@bytedance.com) AppleWebKit/537.36 (KHTML, like Gecko) Chrome/70.0.0.0 Safari/537.36"
47.128.46.7 - - [08/Nov/2023:06:45:11 +0100] "GET /highslide/graphics/outlines/drop-shadow.png HTTP/1.0" 200 277 "http://www.wonder-geek.com/keyrings-c-3_52.html?page=5" "Mozilla/5.0 (compatible; Bytespider; spider-feedback@bytedance.com) AppleWebKit/537.36 (KHTML, like Gecko) Chrome/70.0.0.0 Safari/537.36"
47.128.46.7 - - [08/Nov/2023:06:45:11 +0100] "GET /highslide/graphics/zoomout.cur HTTP/1.0" 200 614 "http://www.wonder-geek.com/keyrings-c-3_52.html?page=5" "Mozilla/5.0 (compatible; Bytespider; spider-feedback@bytedance.com) AppleWebKit/537.36 (KHTML, like Gecko) Chrome/70.0.0.0 Safari/537.36"
46.4.108.51 - - [08/Nov/2023:06:45:14 +0100] "GET /picerie-traditionnelle-bread-p-57199.html HTTP/1.0" 200 80694 "-" "Mozilla/5.0 (compatible; AwarioBot/1.0; +https://awario.com/bots.html)"
46.4.108.51 - - [08/Nov/2023:06:45:24 +0100] "GET /pick-venus-firefighter-p-46446.html HTTP/1.0" 200 79965 "-" "Mozilla/5.0 (compatible; AwarioBot/1.0; +https://awario.com/bots.html)"
85.208.96.204 - - [08/Nov/2023:06:45:34 +0100] "GET /street-fighter-poster-p-26023.html HTTP/1.0" 200 77367 "-" "Mozilla/5.0 (compatible; SemrushBot/7~bl; +http://www.semrush.com/bot.html)"
23.22.35.162 - - [08/Nov/2023:06:45:27 +0100] "GET /-c-95_302.html HTTP/1.0" 500 66243 "-" "Mozilla/5.0 (Macintosh; Intel Mac OS X 10_10_1) AppleWebKit/600.2.5 (KHTML, like Gecko) Version/8.0.2 Safari/600.2.5 (Amazonbot/0.1; +https://developer.amazon.com/support/amazonbot)"
52.167.144.192 - - [08/Nov/2023:06:45:42 +0100] "GET /images/mini_prod/8445146109934.jpg HTTP/1.0" 200 269 "-" "Mozilla/5.0 AppleWebKit/537.36 (KHTML, like Gecko; compatible; bingbot/2.0; +http://www.bing.com/bingbot.htm) Chrome/103.0.5060.134 Safari/537.36"
85.208.96.193 - - [08/Nov/2023:06:45:42 +0100] "GET /carlin-cbkreation-p-30073.html HTTP/1.0" 200 79635 "-" "Mozilla/5.0 (compatible; SemrushBot/7~bl; +http://www.semrush.com/bot.html)"
52.167.144.192 - - [08/Nov/2023:06:45:43 +0100] "GET /washed-dyed-cotton-tablecloth-storm-blue-p-61212.html HTTP/1.0" 200 80381 "-" "Mozilla/5.0 AppleWebKit/537.36 (KHTML, like Gecko; compatible; bingbot/2.0; +http://www.bing.com/bingbot.htm) Chrome/103.0.5060.134 Safari/537.36"
23.22.35.162 - - [08/Nov/2023:06:45:29 +0100] "GET /aprons-c-11_74.html HTTP/1.0" 200 98215 "-" "Mozilla/5.0 (Macintosh; Intel Mac OS X 10_10_1) AppleWebKit/600.2.5 (KHTML, like Gecko) Version/8.0.2 Safari/600.2.5 (Amazonbot/0.1; +https://developer.amazon.com/support/amazonbot)"
46.4.108.51 - - [08/Nov/2023:06:45:46 +0100] "GET /piggy-bank-with-small-hammer-vive-maris-p-38529.html HTTP/1.0" 200 80528 "-" "Mozilla/5.0 (compatible; AwarioBot/1.0; +https://awario.com/bots.html)"
185.191.171.11 - - [08/Nov/2023:06:45:53 +0100] "GET /small-candle-after-dark-p-44139.html HTTP/1.0" 200 77395 "-" "Mozilla/5.0 (compatible; SemrushBot/7~bl; +http://www.semrush.com/bot.html)"
23.22.35.162 - - [08/Nov/2023:06:45:48 +0100] "GET /-c-95_329.html HTTP/1.0" 500 66243 "-" "Mozilla/5.0 (Macintosh; Intel Mac OS X 10_10_1) AppleWebKit/600.2.5 (KHTML, like Gecko) Version/8.0.2 Safari/600.2.5 (Amazonbot/0.1; +https://developer.amazon.com/support/amazonbot)"
85.208.96.202 - - [08/Nov/2023:06:45:58 +0100] "GET /aboriginal-figure-statuette-p-52233.html HTTP/1.0" 200 77385 "-" "Mozilla/5.0 (compatible; SemrushBot/7~bl; +http://www.semrush.com/bot.html)"
3.224.220.101 - - [08/Nov/2023:06:45:49 +0100] "GET /sugar-c-13_150_152.html HTTP/1.0" 500 67034 "-" "Mozilla/5.0 (Macintosh; Intel Mac OS X 10_10_1) AppleWebKit/600.2.5 (KHTML, like Gecko) Version/8.0.2 Safari/600.2.5 (Amazonbot/0.1; +https://developer.amazon.com/support/amazonbot)"
85.208.96.195 - - [08/Nov/2023:06:46:01 +0100] "GET /-p-37744.html HTTP/1.0" 200 77271 "-" "Mozilla/5.0 (compatible; SemrushBot/7~bl; +http://www.semrush.com/bot.html)"
23.22.35.162 - - [08/Nov/2023:06:45:50 +0100] "GET /mugs-mazagrans-c-12_57.html HTTP/1.0" 200 101920 "-" "Mozilla/5.0 (Macintosh; Intel Mac OS X 10_10_1) AppleWebKit/600.2.5 (KHTML, like Gecko) Version/8.0.2 Safari/600.2.5 (Amazonbot/0.1; +https://developer.amazon.com/support/amazonbot)"
46.4.108.51 - - [08/Nov/2023:06:46:09 +0100] "GET /pill-chat-piano-p-53835.html HTTP/1.0" 200 79783 "-" "Mozilla/5.0 (compatible; AwarioBot/1.0; +https://awario.com/bots.html)"
85.208.96.208 - - [08/Nov/2023:06:46:11 +0100] "GET /ceramic-metal-lamp-p-52768.html HTTP/1.0" 200 79716 "-" "Mozilla/5.0 (compatible; SemrushBot/7~bl; +http://www.semrush.com/bot.html)"
3.224.220.101 - - [08/Nov/2023:06:46:16 +0100] "GET /bamboo-laundry-basket-p-48966.html HTTP/1.0" 200 79657 "-" "Mozilla/5.0 (Macintosh; Intel Mac OS X 10_10_1) AppleWebKit/600.2.5 (KHTML, like Gecko) Version/8.0.2 Safari/600.2.5 (Amazonbot/0.1; +https://developer.amazon.com/support/amazonbot)"
52.70.240.171 - - [08/Nov/2023:06:46:18 +0100] "GET /braided-paper-fiber-basket-beige-p-58194.html HTTP/1.0" 200 80436 "-" "Mozilla/5.0 (Macintosh; Intel Mac OS X 10_10_1) AppleWebKit/600.2.5 (KHTML, like Gecko) Version/8.0.2 Safari/600.2.5 (Amazonbot/0.1; +https://developer.amazon.com/support/amazonbot)"
173.252.83.2 - - [08/Nov/2023:06:46:23 +0100] "GET /images/mini_prod/139998610619.jpg HTTP/1.0" 200 268 "-" "facebookexternalhit/1.1 (+http://www.facebook.com/externalhit_uatext.php)"
52.70.240.171 - - [08/Nov/2023:06:46:25 +0100] "GET /braided-paper-fiber-baskets-grey-p-57896.html HTTP/1.0" 200 80458 "-" "Mozilla/5.0 (Macintosh; Intel Mac OS X 10_10_1) AppleWebKit/600.2.5 (KHTML, like Gecko) Version/8.0.2 Safari/600.2.5 (Amazonbot/0.1; +https://developer.amazon.com/support/amazonbot)"
46.4.108.51 - - [08/Nov/2023:06:46:36 +0100] "GET /robots.txt HTTP/1.0" 200 245 "-" "Mozilla/5.0 (compatible; AwarioBot/1.0; +https://awario.com/bots.html)"
46.4.108.51 - - [08/Nov/2023:06:46:36 +0100] "GET /pill-klimt-kiss-p-60071.html HTTP/1.0" 200 80582 "-" "Mozilla/5.0 (compatible; AwarioBot/1.0; +https://awario.com/bots.html)"
46.4.108.51 - - [08/Nov/2023:06:46:42 +0100] "GET /pill-lavande-p-51388.html HTTP/1.0" 200 80315 "-" "Mozilla/5.0 (compatible; AwarioBot/1.0; +https://awario.com/bots.html)"
85.208.96.202 - - [08/Nov/2023:06:46:44 +0100] "GET /charline-lampshade-p-51598.html HTTP/1.0" 200 77333 "-" "Mozilla/5.0 (compatible; SemrushBot/7~bl; +http://www.semrush.com/bot.html)"
3.224.220.101 - - [08/Nov/2023:06:46:44 +0100] "GET /decorative-baskets-brown-p-58599.html HTTP/1.0" 200 80944 "-" "Mozilla/5.0 (Macintosh; Intel Mac OS X 10_10_1) AppleWebKit/600.2.5 (KHTML, like Gecko) Version/8.0.2 Safari/600.2.5 (Amazonbot/0.1; +https://developer.amazon.com/support/amazonbot)"
185.191.171.5 - - [08/Nov/2023:06:46:53 +0100] "GET /robots.txt HTTP/1.0" 200 245 "-" "Mozilla/5.0 (compatible; SemrushBot/7~bl; +http://www.semrush.com/bot.html)"
3.224.220.101 - - [08/Nov/2023:06:46:46 +0100] "GET /school-trolley-c-31_169.html HTTP/1.0" 200 87892 "-" "Mozilla/5.0 (Macintosh; Intel Mac OS X 10_10_1) AppleWebKit/600.2.5 (KHTML, like Gecko) Version/8.0.2 Safari/600.2.5 (Amazonbot/0.1; +https://developer.amazon.com/support/amazonbot)"
185.191.171.4 - - [08/Nov/2023:06:46:54 +0100] "GET /small-japanese-black-cast-iron-teapot-liter-p-54896.html HTTP/1.0" 200 77441 "-" "Mozilla/5.0 (compatible; SemrushBot/7~bl; +http://www.semrush.com/bot.html)"
168.138.105.69 - - [08/Nov/2023:06:46:59 +0100] "GET /images/big_prod_2/8435153868368F.jpg HTTP/1.0" 200 271 "-" "Mozilla/5.0 (X11; Ubuntu; Linux x86_64; rv:72.0) Gecko/20100101 Firefox/72.0"
52.70.240.171 - - [08/Nov/2023:06:46:53 +0100] "GET /jewels-beauty-accessories-c-3_29.html HTTP/1.0" 200 88736 "-" "Mozilla/5.0 (Macintosh; Intel Mac OS X 10_10_1) AppleWebKit/600.2.5 (KHTML, like Gecko) Version/8.0.2 Safari/600.2.5 (Amazonbot/0.1; +https://developer.amazon.com/support/amazonbot)"
85.208.96.208 - - [08/Nov/2023:06:46:57 +0100] "GET /isothermic-stainless-steel-bottle-virgo-cbkreation-p-51042.html HTTP/1.0" 200 79897 "-" "Mozilla/5.0 (compatible; SemrushBot/7~bl; +http://www.semrush.com/bot.html)"
3.224.220.101 - - [08/Nov/2023:06:47:01 +0100] "GET /cocker-keychains-p-26290.html HTTP/1.0" 200 79614 "-" "Mozilla/5.0 (Macintosh; Intel Mac OS X 10_10_1) AppleWebKit/600.2.5 (KHTML, like Gecko) Version/8.0.2 Safari/600.2.5 (Amazonbot/0.1; +https://developer.amazon.com/support/amazonbot)"
52.70.240.171 - - [08/Nov/2023:06:46:55 +0100] "GET /incense-holder-incense-burner-c-231_229.html HTTP/1.0" 200 98064 "-" "Mozilla/5.0 (Macintosh; Intel Mac OS X 10_10_1) AppleWebKit/600.2.5 (KHTML, like Gecko) Version/8.0.2 Safari/600.2.5 (Amazonbot/0.1; +https://developer.amazon.com/support/amazonbot)"
3.224.220.101 - - [08/Nov/2023:06:47:04 +0100] "GET /despecable-keyring-p-33103.html HTTP/1.0" 200 80334 "-" "Mozilla/5.0 (Macintosh; Intel Mac OS X 10_10_1) AppleWebKit/600.2.5 (KHTML, like Gecko) Version/8.0.2 Safari/600.2.5 (Amazonbot/0.1; +https://developer.amazon.com/support/amazonbot)"
3.224.220.101 - - [08/Nov/2023:06:46:51 +0100] "GET /infuser-rest-c-12_247.html HTTP/1.0" 200 96842 "-" "Mozilla/5.0 (Macintosh; Intel Mac OS X 10_10_1) AppleWebKit/600.2.5 (KHTML, like Gecko) Version/8.0.2 Safari/600.2.5 (Amazonbot/0.1; +https://developer.amazon.com/support/amazonbot)"
46.4.108.51 - - [08/Nov/2023:06:47:08 +0100] "GET /pill-provence-p-54011.html HTTP/1.0" 200 80319 "-" "Mozilla/5.0 (compatible; AwarioBot/1.0; +https://awario.com/bots.html)"
52.70.240.171 - - [08/Nov/2023:06:47:10 +0100] "GET /despecable-keyring-p-33101.html HTTP/1.0" 200 80334 "-" "Mozilla/5.0 (Macintosh; Intel Mac OS X 10_10_1) AppleWebKit/600.2.5 (KHTML, like Gecko) Version/8.0.2 Safari/600.2.5 (Amazonbot/0.1; +https://developer.amazon.com/support/amazonbot)"
168.138.105.69 - - [08/Nov/2023:06:47:15 +0100] "GET /images/mini_prod/1399984254394.jpg HTTP/1.0" 200 269 "-" "Mozilla/5.0 (X11; Ubuntu; Linux x86_64; rv:72.0) Gecko/20100101 Firefox/72.0"
23.22.35.162 - - [08/Nov/2023:06:46:58 +0100] "GET /wooden-boxes-storage-c-13_150_220.html HTTP/1.0" 500 66545 "-" "Mozilla/5.0 (Macintosh; Intel Mac OS X 10_10_1) AppleWebKit/600.2.5 (KHTML, like Gecko) Version/8.0.2 Safari/600.2.5 (Amazonbot/0.1; +https://developer.amazon.com/support/amazonbot)"
23.22.35.162 - - [08/Nov/2023:06:47:25 +0100] "GET /spiderman-keyring-p-28269.html HTTP/1.0" 200 79549 "-" "Mozilla/5.0 (Macintosh; Intel Mac OS X 10_10_1) AppleWebKit/600.2.5 (KHTML, like Gecko) Version/8.0.2 Safari/600.2.5 (Amazonbot/0.1; +https://developer.amazon.com/support/amazonbot)"
173.252.83.10 - - [08/Nov/2023:06:47:30 +0100] "GET /images/mini_prod/3700230605484.jpg HTTP/1.0" 200 269 "-" "facebookexternalhit/1.1 (+http://www.facebook.com/externalhit_uatext.php)"
23.22.35.162 - - [08/Nov/2023:06:47:28 +0100] "GET /despecable-keyring-p-33100.html HTTP/1.0" 200 80334 "-" "Mozilla/5.0 (Macintosh; Intel Mac OS X 10_10_1) AppleWebKit/600.2.5 (KHTML, like Gecko) Version/8.0.2 Safari/600.2.5 (Amazonbot/0.1; +https://developer.amazon.com/support/amazonbot)"
23.22.35.162 - - [08/Nov/2023:06:47:30 +0100] "GET /carlin-keychains-p-26280.html HTTP/1.0" 200 79726 "-" "Mozilla/5.0 (Macintosh; Intel Mac OS X 10_10_1) AppleWebKit/600.2.5 (KHTML, like Gecko) Version/8.0.2 Safari/600.2.5 (Amazonbot/0.1; +https://developer.amazon.com/support/amazonbot)"
52.70.240.171 - - [08/Nov/2023:06:47:31 +0100] "GET /sharpei-keychains-p-26300.html HTTP/1.0" 200 79636 "-" "Mozilla/5.0 (Macintosh; Intel Mac OS X 10_10_1) AppleWebKit/600.2.5 (KHTML, like Gecko) Version/8.0.2 Safari/600.2.5 (Amazonbot/0.1; +https://developer.amazon.com/support/amazonbot)"
185.191.171.19 - - [08/Nov/2023:06:47:31 +0100] "GET /cuba-decorative-metal-plate-cbkreation-p-52888.html HTTP/1.0" 200 80409 "-" "Mozilla/5.0 (compatible; SemrushBot/7~bl; +http://www.semrush.com/bot.html)"
46.4.108.51 - - [08/Nov/2023:06:47:32 +0100] "GET /pill-provence-p-54012.html HTTP/1.0" 200 80319 "-" "Mozilla/5.0 (compatible; AwarioBot/1.0; +https://awario.com/bots.html)"
52.70.240.171 - - [08/Nov/2023:06:47:33 +0100] "GET /butterfly-keychains-p-26296.html HTTP/1.0" 200 79652 "-" "Mozilla/5.0 (Macintosh; Intel Mac OS X 10_10_1) AppleWebKit/600.2.5 (KHTML, like Gecko) Version/8.0.2 Safari/600.2.5 (Amazonbot/0.1; +https://developer.amazon.com/support/amazonbot)"
3.224.220.101 - - [08/Nov/2023:06:47:34 +0100] "GET /star-wars-keyring-p-28277.html HTTP/1.0" 200 79663 "-" "Mozilla/5.0 (Macintosh; Intel Mac OS X 10_10_1) AppleWebKit/600.2.5 (KHTML, like Gecko) Version/8.0.2 Safari/600.2.5 (Amazonbot/0.1; +https://developer.amazon.com/support/amazonbot)"
185.191.171.3 - - [08/Nov/2023:06:47:39 +0100] "GET /heart-home-large-candle-hours-wool-blanket-p-61118.html HTTP/1.0" 200 81337 "-" "Mozilla/5.0 (compatible; SemrushBot/7~bl; +http://www.semrush.com/bot.html)"
3.224.220.101 - - [08/Nov/2023:06:47:43 +0100] "GET /bernese-mountain-keychain-p-26303.html HTTP/1.0" 200 79887 "-" "Mozilla/5.0 (Macintosh; Intel Mac OS X 10_10_1) AppleWebKit/600.2.5 (KHTML, like Gecko) Version/8.0.2 Safari/600.2.5 (Amazonbot/0.1; +https://developer.amazon.com/support/amazonbot)"
23.22.35.162 - - [08/Nov/2023:06:47:45 +0100] "GET /michelle-allen-keyring-p-36949.html HTTP/1.0" 200 80900 "-" "Mozilla/5.0 (Macintosh; Intel Mac OS X 10_10_1) AppleWebKit/600.2.5 (KHTML, like Gecko) Version/8.0.2 Safari/600.2.5 (Amazonbot/0.1; +https://developer.amazon.com/support/amazonbot)"
46.4.108.51 - - [08/Nov/2023:06:47:48 +0100] "GET /pill-provence-p-54013.html HTTP/1.0" 200 80319 "-" "Mozilla/5.0 (compatible; AwarioBot/1.0; +https://awario.com/bots.html)"
46.4.108.51 - - [08/Nov/2023:06:47:57 +0100] "GET /pillow-case-black-p-34836.html HTTP/1.0" 200 80464 "-" "Mozilla/5.0 (compatible; AwarioBot/1.0; +https://awario.com/bots.html)"
85.208.96.195 - - [08/Nov/2023:06:47:57 +0100] "GET /paris-clock-cbkreation-p-28474.html HTTP/1.0" 200 79605 "-" "Mozilla/5.0 (compatible; SemrushBot/7~bl; +http://www.semrush.com/bot.html)"
3.224.220.101 - - [08/Nov/2023:06:48:06 +0100] "GET /bobtail-keychains-p-26289.html HTTP/1.0" 200 79636 "-" "Mozilla/5.0 (Macintosh; Intel Mac OS X 10_10_1) AppleWebKit/600.2.5 (KHTML, like Gecko) Version/8.0.2 Safari/600.2.5 (Amazonbot/0.1; +https://developer.amazon.com/support/amazonbot)"
3.224.220.101 - - [08/Nov/2023:06:48:08 +0100] "GET /ring-aime-maman-p-60432.html HTTP/1.0" 200 80367 "-" "Mozilla/5.0 (Macintosh; Intel Mac OS X 10_10_1) AppleWebKit/600.2.5 (KHTML, like Gecko) Version/8.0.2 Safari/600.2.5 (Amazonbot/0.1; +https://developer.amazon.com/support/amazonbot)"
3.224.220.101 - - [08/Nov/2023:06:48:13 +0100] "GET /aries-clasic-keyring-cbkreation-p-43245.html HTTP/1.0" 200 79773 "-" "Mozilla/5.0 (Macintosh; Intel Mac OS X 10_10_1) AppleWebKit/600.2.5 (KHTML, like Gecko) Version/8.0.2 Safari/600.2.5 (Amazonbot/0.1; +https://developer.amazon.com/support/amazonbot)"
23.22.35.162 - - [08/Nov/2023:06:48:14 +0100] "GET /libra-clasic-keyring-cbkreation-p-43244.html HTTP/1.0" 200 79773 "-" "Mozilla/5.0 (Macintosh; Intel Mac OS X 10_10_1) AppleWebKit/600.2.5 (KHTML, like Gecko) Version/8.0.2 Safari/600.2.5 (Amazonbot/0.1; +https://developer.amazon.com/support/amazonbot)"
23.22.35.162 - - [08/Nov/2023:06:48:16 +0100] "GET /megve-rochebrune-ring-p-50006.html HTTP/1.0" 200 79699 "-" "Mozilla/5.0 (Macintosh; Intel Mac OS X 10_10_1) AppleWebKit/600.2.5 (KHTML, like Gecko) Version/8.0.2 Safari/600.2.5 (Amazonbot/0.1; +https://developer.amazon.com/support/amazonbot)"
46.4.108.51 - - [08/Nov/2023:06:48:17 +0100] "GET /pillow-case-blue-jean-p-36885.html HTTP/1.0" 200 80502 "-" "Mozilla/5.0 (compatible; AwarioBot/1.0; +https://awario.com/bots.html)"
85.208.96.204 - - [08/Nov/2023:06:48:21 +0100] "GET /blue-p-44954.html HTTP/1.0" 200 79567 "-" "Mozilla/5.0 (compatible; SemrushBot/7~bl; +http://www.semrush.com/bot.html)"
3.224.220.101 - - [08/Nov/2023:06:48:21 +0100] "GET /capricorn-clasic-keyring-cbkreation-p-43248.html HTTP/1.0" 200 79805 "-" "Mozilla/5.0 (Macintosh; Intel Mac OS X 10_10_1) AppleWebKit/600.2.5 (KHTML, like Gecko) Version/8.0.2 Safari/600.2.5 (Amazonbot/0.1; +https://developer.amazon.com/support/amazonbot)"
52.70.240.171 - - [08/Nov/2023:06:48:22 +0100] "GET /brianonnais-ring-p-50007.html HTTP/1.0" 200 79665 "-" "Mozilla/5.0 (Macintosh; Intel Mac OS X 10_10_1) AppleWebKit/600.2.5 (KHTML, like Gecko) Version/8.0.2 Safari/600.2.5 (Amazonbot/0.1; +https://developer.amazon.com/support/amazonbot)"
23.22.35.162 - - [08/Nov/2023:06:48:24 +0100] "GET /gemini-clasic-keyring-cbkreation-p-43249.html HTTP/1.0" 200 79781 "-" "Mozilla/5.0 (Macintosh; Intel Mac OS X 10_10_1) AppleWebKit/600.2.5 (KHTML, like Gecko) Version/8.0.2 Safari/600.2.5 (Amazonbot/0.1; +https://developer.amazon.com/support/amazonbot)"
3.224.220.101 - - [08/Nov/2023:06:48:26 +0100] "GET /japan-keyring-cbkreation-p-43241.html HTTP/1.0" 200 79717 "-" "Mozilla/5.0 (Macintosh; Intel Mac OS X 10_10_1) AppleWebKit/600.2.5 (KHTML, like Gecko) Version/8.0.2 Safari/600.2.5 (Amazonbot/0.1; +https://developer.amazon.com/support/amazonbot)"
46.4.108.51 - - [08/Nov/2023:06:48:27 +0100] "GET /pillow-case-color-p-39685.html HTTP/1.0" 200 80493 "-" "Mozilla/5.0 (compatible; AwarioBot/1.0; +https://awario.com/bots.html)"
85.208.96.197 - - [08/Nov/2023:06:48:30 +0100] "GET /vintage-grey-metal-clock-p-42196.html HTTP/1.0" 200 77369 "-" "Mozilla/5.0 (compatible; SemrushBot/7~bl; +http://www.semrush.com/bot.html)"
23.22.35.162 - - [08/Nov/2023:06:48:30 +0100] "GET /cancer-clasic-keyring-cbkreation-p-43246.html HTTP/1.0" 200 79781 "-" "Mozilla/5.0 (Macintosh; Intel Mac OS X 10_10_1) AppleWebKit/600.2.5 (KHTML, like Gecko) Version/8.0.2 Safari/600.2.5 (Amazonbot/0.1; +https://developer.amazon.com/support/amazonbot)"
3.224.220.101 - - [08/Nov/2023:06:48:31 +0100] "GET /cancer-clasic-keyring-cbkreation-p-57318.html HTTP/1.0" 200 79781 "-" "Mozilla/5.0 (Macintosh; Intel Mac OS X 10_10_1) AppleWebKit/600.2.5 (KHTML, like Gecko) Version/8.0.2 Safari/600.2.5 (Amazonbot/0.1; +https://developer.amazon.com/support/amazonbot)"
23.22.35.162 - - [08/Nov/2023:06:48:32 +0100] "GET /cake-keyring-cbkreation-p-43226.html HTTP/1.0" 200 79733 "-" "Mozilla/5.0 (Macintosh; Intel Mac OS X 10_10_1) AppleWebKit/600.2.5 (KHTML, like Gecko) Version/8.0.2 Safari/600.2.5 (Amazonbot/0.1; +https://developer.amazon.com/support/amazonbot)"
85.208.96.195 - - [08/Nov/2023:06:48:34 +0100] "GET /freshener-heart-home-sweet-p-40565.html HTTP/1.0" 200 80274 "-" "Mozilla/5.0 (compatible; SemrushBot/7~bl; +http://www.semrush.com/bot.html)"
185.191.171.13 - - [08/Nov/2023:06:48:39 +0100] "GET /-p-46985.html HTTP/1.0" 200 77271 "-" "Mozilla/5.0 (compatible; SemrushBot/7~bl; +http://www.semrush.com/bot.html)"
46.4.108.51 - - [08/Nov/2023:06:48:44 +0100] "GET /robots.txt HTTP/1.0" 200 245 "-" "Mozilla/5.0 (compatible; AwarioBot/1.0; +https://awario.com/bots.html)"
185.191.171.12 - - [08/Nov/2023:06:48:44 +0100] "GET /dora-explorer-placemat-p-17171.html HTTP/1.0" 200 79756 "-" "Mozilla/5.0 (compatible; SemrushBot/7~bl; +http://www.semrush.com/bot.html)"
46.4.108.51 - - [08/Nov/2023:06:48:44 +0100] "GET /pillow-case-dark-grey-p-41417.html HTTP/1.0" 200 79866 "-" "Mozilla/5.0 (compatible; AwarioBot/1.0; +https://awario.com/bots.html)"
23.22.35.162 - - [08/Nov/2023:06:48:46 +0100] "GET /canada-keyring-cbkreation-p-43230.html HTTP/1.0" 200 79725 "-" "Mozilla/5.0 (Macintosh; Intel Mac OS X 10_10_1) AppleWebKit/600.2.5 (KHTML, like Gecko) Version/8.0.2 Safari/600.2.5 (Amazonbot/0.1; +https://developer.amazon.com/support/amazonbot)"
3.224.220.101 - - [08/Nov/2023:06:48:48 +0100] "GET /cuba-keyring-cbkreation-p-43236.html HTTP/1.0" 200 79710 "-" "Mozilla/5.0 (Macintosh; Intel Mac OS X 10_10_1) AppleWebKit/600.2.5 (KHTML, like Gecko) Version/8.0.2 Safari/600.2.5 (Amazonbot/0.1; +https://developer.amazon.com/support/amazonbot)"
3.224.220.101 - - [08/Nov/2023:06:48:49 +0100] "GET /buddha-keyring-cbkreation-p-43227.html HTTP/1.0" 200 79725 "-" "Mozilla/5.0 (Macintosh; Intel Mac OS X 10_10_1) AppleWebKit/600.2.5 (KHTML, like Gecko) Version/8.0.2 Safari/600.2.5 (Amazonbot/0.1; +https://developer.amazon.com/support/amazonbot)"
23.22.35.162 - - [08/Nov/2023:06:48:52 +0100] "GET /long-sleeves-shirts-c-1_21.html HTTP/1.0" 200 84718 "-" "Mozilla/5.0 (Macintosh; Intel Mac OS X 10_10_1) AppleWebKit/600.2.5 (KHTML, like Gecko) Version/8.0.2 Safari/600.2.5 (Amazonbot/0.1; +https://developer.amazon.com/support/amazonbot)"
3.224.220.101 - - [08/Nov/2023:06:48:53 +0100] "GET /keyring-cbkreation-p-43231.html HTTP/1.0" 200 79693 "-" "Mozilla/5.0 (Macintosh; Intel Mac OS X 10_10_1) AppleWebKit/600.2.5 (KHTML, like Gecko) Version/8.0.2 Safari/600.2.5 (Amazonbot/0.1; +https://developer.amazon.com/support/amazonbot)"
23.22.35.162 - - [08/Nov/2023:06:48:55 +0100] "GET /scorpio-clasic-keyring-cbkreation-p-43253.html HTTP/1.0" 200 79789 "-" "Mozilla/5.0 (Macintosh; Intel Mac OS X 10_10_1) AppleWebKit/600.2.5 (KHTML, like Gecko) Version/8.0.2 Safari/600.2.5 (Amazonbot/0.1; +https://developer.amazon.com/support/amazonbot)"
23.22.35.162 - - [08/Nov/2023:06:48:57 +0100] "GET /statue-liberty-keyring-cbkreation-p-43232.html HTTP/1.0" 200 79807 "-" "Mozilla/5.0 (Macintosh; Intel Mac OS X 10_10_1) AppleWebKit/600.2.5 (KHTML, like Gecko) Version/8.0.2 Safari/600.2.5 (Amazonbot/0.1; +https://developer.amazon.com/support/amazonbot)"
52.70.240.171 - - [08/Nov/2023:06:48:58 +0100] "GET /keyring-cbkreation-p-43225.html HTTP/1.0" 200 79693 "-" "Mozilla/5.0 (Macintosh; Intel Mac OS X 10_10_1) AppleWebKit/600.2.5 (KHTML, like Gecko) Version/8.0.2 Safari/600.2.5 (Amazonbot/0.1; +https://developer.amazon.com/support/amazonbot)"
185.191.171.2 - - [08/Nov/2023:06:48:58 +0100] "GET /tout-travail-mrite-bire-adult-apron-p-53177.html HTTP/1.0" 200 80289 "-" "Mozilla/5.0 (compatible; SemrushBot/7~bl; +http://www.semrush.com/bot.html)"
3.224.220.101 - - [08/Nov/2023:06:49:00 +0100] "GET /sagittarus-clasic-keyring-cbkreation-p-43252.html HTTP/1.0" 200 79813 "-" "Mozilla/5.0 (Macintosh; Intel Mac OS X 10_10_1) AppleWebKit/600.2.5 (KHTML, like Gecko) Version/8.0.2 Safari/600.2.5 (Amazonbot/0.1; +https://developer.amazon.com/support/amazonbot)"
168.138.105.69 - - [08/Nov/2023:06:49:04 +0100] "GET /images/mini_prod/8003990623497.jpg HTTP/1.0" 200 269 "-" "Mozilla/5.0 (X11; Ubuntu; Linux x86_64; rv:72.0) Gecko/20100101 Firefox/72.0"
40.77.167.21 - - [08/Nov/2023:06:49:04 +0100] "GET /images/8435306224607.jpg HTTP/1.0" 200 259 "-" "Mozilla/5.0 AppleWebKit/537.36 (KHTML, like Gecko; compatible; bingbot/2.0; +http://www.bing.com/bingbot.htm) Chrome/103.0.5060.134 Safari/537.36"
52.70.240.171 - - [08/Nov/2023:06:49:02 +0100] "GET /keyring-cbkreation-p-43234.html HTTP/1.0" 200 79687 "-" "Mozilla/5.0 (Macintosh; Intel Mac OS X 10_10_1) AppleWebKit/600.2.5 (KHTML, like Gecko) Version/8.0.2 Safari/600.2.5 (Amazonbot/0.1; +https://developer.amazon.com/support/amazonbot)"
23.22.35.162 - - [08/Nov/2023:06:49:03 +0100] "GET /taurus-clasic-keyring-cbkreation-p-43254.html HTTP/1.0" 200 79781 "-" "Mozilla/5.0 (Macintosh; Intel Mac OS X 10_10_1) AppleWebKit/600.2.5 (KHTML, like Gecko) Version/8.0.2 Safari/600.2.5 (Amazonbot/0.1; +https://developer.amazon.com/support/amazonbot)"
23.22.35.162 - - [08/Nov/2023:06:49:05 +0100] "GET /geisha-metal-keychain-cbkreation-p-23494.html HTTP/1.0" 200 81224 "-" "Mozilla/5.0 (Macintosh; Intel Mac OS X 10_10_1) AppleWebKit/600.2.5 (KHTML, like Gecko) Version/8.0.2 Safari/600.2.5 (Amazonbot/0.1; +https://developer.amazon.com/support/amazonbot)"
23.22.35.162 - - [08/Nov/2023:06:49:06 +0100] "GET /quebec-keyring-cbkreation-p-43235.html HTTP/1.0" 200 79725 "-" "Mozilla/5.0 (Macintosh; Intel Mac OS X 10_10_1) AppleWebKit/600.2.5 (KHTML, like Gecko) Version/8.0.2 Safari/600.2.5 (Amazonbot/0.1; +https://developer.amazon.com/support/amazonbot)"
46.4.108.51 - - [08/Nov/2023:06:49:06 +0100] "GET /pillow-case-green-blue-p-43619.html HTTP/1.0" 200 80473 "-" "Mozilla/5.0 (compatible; AwarioBot/1.0; +https://awario.com/bots.html)"
23.22.35.162 - - [08/Nov/2023:06:49:08 +0100] "GET /brown-russian-doll-metal-keychain-cbkreation-p-23492.html HTTP/1.0" 200 81326 "-" "Mozilla/5.0 (Macintosh; Intel Mac OS X 10_10_1) AppleWebKit/600.2.5 (KHTML, like Gecko) Version/8.0.2 Safari/600.2.5 (Amazonbot/0.1; +https://developer.amazon.com/support/amazonbot)"
3.224.220.101 - - [08/Nov/2023:06:49:10 +0100] "GET /pisces-clasic-keyring-cbkreation-p-43251.html HTTP/1.0" 200 79781 "-" "Mozilla/5.0 (Macintosh; Intel Mac OS X 10_10_1) AppleWebKit/600.2.5 (KHTML, like Gecko) Version/8.0.2 Safari/600.2.5 (Amazonbot/0.1; +https://developer.amazon.com/support/amazonbot)"
3.224.220.101 - - [08/Nov/2023:06:49:13 +0100] "GET /virgo-clasic-keyring-cbkreation-p-43257.html HTTP/1.0" 200 79773 "-" "Mozilla/5.0 (Macintosh; Intel Mac OS X 10_10_1) AppleWebKit/600.2.5 (KHTML, like Gecko) Version/8.0.2 Safari/600.2.5 (Amazonbot/0.1; +https://developer.amazon.com/support/amazonbot)"
23.22.35.162 - - [08/Nov/2023:06:49:15 +0100] "GET /brasilian-metal-keychain-cbkreation-p-23497.html HTTP/1.0" 200 81262 "-" "Mozilla/5.0 (Macintosh; Intel Mac OS X 10_10_1) AppleWebKit/600.2.5 (KHTML, like Gecko) Version/8.0.2 Safari/600.2.5 (Amazonbot/0.1; +https://developer.amazon.com/support/amazonbot)"
46.4.108.51 - - [08/Nov/2023:06:49:19 +0100] "GET /pillow-case-grey-color-p-39688.html HTTP/1.0" 200 79888 "-" "Mozilla/5.0 (compatible; AwarioBot/1.0; +https://awario.com/bots.html)"
216.244.66.242 - - [08/Nov/2023:06:49:23 +0100] "GET /robots.txt HTTP/1.0" 200 245 "-" "Mozilla/5.0 (compatible; DotBot/1.2; +https://opensiteexplorer.org/dotbot; help@moz.com)"
185.191.171.11 - - [08/Nov/2023:06:49:27 +0100] "GET /scent-heart-home-citrus-basil-p-50202.html HTTP/1.0" 200 77367 "-" "Mozilla/5.0 (compatible; SemrushBot/7~bl; +http://www.semrush.com/bot.html)"
54.36.148.55 - - [08/Nov/2023:06:49:25 +0100] "GET /-c-97_196.html HTTP/1.0" 200 87111 "-" "Mozilla/5.0 (compatible; AhrefsBot/7.0; +http://ahrefs.com/robot/)"
54.36.148.91 - - [08/Nov/2023:06:49:32 +0100] "GET /images/mini_prod/34205.jpg HTTP/1.0" 200 261 "-" "Mozilla/5.0 (compatible; AhrefsBot/7.0; +http://ahrefs.com/robot/)"
52.70.240.171 - - [08/Nov/2023:06:49:30 +0100] "GET /geisha-metal-keychain-cbkreation-p-23495.html HTTP/1.0" 200 81224 "-" "Mozilla/5.0 (Macintosh; Intel Mac OS X 10_10_1) AppleWebKit/600.2.5 (KHTML, like Gecko) Version/8.0.2 Safari/600.2.5 (Amazonbot/0.1; +https://developer.amazon.com/support/amazonbot)"
46.4.108.51 - - [08/Nov/2023:06:49:31 +0100] "GET /pillow-case-grey-p-34834.html HTTP/1.0" 200 79840 "-" "Mozilla/5.0 (compatible; AwarioBot/1.0; +https://awario.com/bots.html)"
52.70.240.171 - - [08/Nov/2023:06:49:32 +0100] "GET /black-russian-doll-metal-keychain-cbkreation-p-23491.html HTTP/1.0" 200 81326 "-" "Mozilla/5.0 (Macintosh; Intel Mac OS X 10_10_1) AppleWebKit/600.2.5 (KHTML, like Gecko) Version/8.0.2 Safari/600.2.5 (Amazonbot/0.1; +https://developer.amazon.com/support/amazonbot)"
168.138.105.69 - - [08/Nov/2023:06:49:39 +0100] "GET /images/mini_prod/3700407620333.jpg HTTP/1.0" 200 269 "-" "Mozilla/5.0 (X11; Ubuntu; Linux x86_64; rv:72.0) Gecko/20100101 Firefox/72.0"
52.70.240.171 - - [08/Nov/2023:06:49:37 +0100] "GET /provence-enamelled-ring-p-43605.html HTTP/1.0" 200 79685 "-" "Mozilla/5.0 (Macintosh; Intel Mac OS X 10_10_1) AppleWebKit/600.2.5 (KHTML, like Gecko) Version/8.0.2 Safari/600.2.5 (Amazonbot/0.1; +https://developer.amazon.com/support/amazonbot)"
3.224.220.101 - - [08/Nov/2023:06:49:42 +0100] "GET /jasmin-keychains-p-32016.html HTTP/1.0" 200 79811 "-" "Mozilla/5.0 (Macintosh; Intel Mac OS X 10_10_1) AppleWebKit/600.2.5 (KHTML, like Gecko) Version/8.0.2 Safari/600.2.5 (Amazonbot/0.1; +https://developer.amazon.com/support/amazonbot)"
3.224.220.101 - - [08/Nov/2023:06:49:43 +0100] "GET /jasmin-keychains-p-32019.html HTTP/1.0" 200 79811 "-" "Mozilla/5.0 (Macintosh; Intel Mac OS X 10_10_1) AppleWebKit/600.2.5 (KHTML, like Gecko) Version/8.0.2 Safari/600.2.5 (Amazonbot/0.1; +https://developer.amazon.com/support/amazonbot)"
23.22.35.162 - - [08/Nov/2023:06:49:44 +0100] "GET /beyond-charms-keychain-p-51840.html HTTP/1.0" 200 80870 "-" "Mozilla/5.0 (Macintosh; Intel Mac OS X 10_10_1) AppleWebKit/600.2.5 (KHTML, like Gecko) Version/8.0.2 Safari/600.2.5 (Amazonbot/0.1; +https://developer.amazon.com/support/amazonbot)"
3.224.220.101 - - [08/Nov/2023:06:49:45 +0100] "GET /beyond-charms-keychain-elephant-p-51831.html HTTP/1.0" 200 80913 "-" "Mozilla/5.0 (Macintosh; Intel Mac OS X 10_10_1) AppleWebKit/600.2.5 (KHTML, like Gecko) Version/8.0.2 Safari/600.2.5 (Amazonbot/0.1; +https://developer.amazon.com/support/amazonbot)"
46.4.108.51 - - [08/Nov/2023:06:49:47 +0100] "GET /pillow-case-mustard-yellow-p-51990.html HTTP/1.0" 200 80551 "-" "Mozilla/5.0 (compatible; AwarioBot/1.0; +https://awario.com/bots.html)"
23.22.35.162 - - [08/Nov/2023:06:49:47 +0100] "GET /nici-bubble-penguin-keyring-plush-p-35198.html HTTP/1.0" 200 79720 "-" "Mozilla/5.0 (Macintosh; Intel Mac OS X 10_10_1) AppleWebKit/600.2.5 (KHTML, like Gecko) Version/8.0.2 Safari/600.2.5 (Amazonbot/0.1; +https://developer.amazon.com/support/amazonbot)"
23.22.35.162 - - [08/Nov/2023:06:49:48 +0100] "GET /kimmidoll-love-elle-keychain-deco-plate-p-17975.html HTTP/1.0" 200 80185 "-" "Mozilla/5.0 (Macintosh; Intel Mac OS X 10_10_1) AppleWebKit/600.2.5 (KHTML, like Gecko) Version/8.0.2 Safari/600.2.5 (Amazonbot/0.1; +https://developer.amazon.com/support/amazonbot)"
23.22.35.162 - - [08/Nov/2023:06:49:49 +0100] "GET /jasmin-keychains-p-32018.html HTTP/1.0" 200 79811 "-" "Mozilla/5.0 (Macintosh; Intel Mac OS X 10_10_1) AppleWebKit/600.2.5 (KHTML, like Gecko) Version/8.0.2 Safari/600.2.5 (Amazonbot/0.1; +https://developer.amazon.com/support/amazonbot)"
173.252.83.7 - - [08/Nov/2023:06:49:53 +0100] "GET /images/mini_prod/3014627927852.jpg HTTP/1.0" 200 269 "-" "facebookexternalhit/1.1 (+http://www.facebook.com/externalhit_uatext.php)"
52.70.240.171 - - [08/Nov/2023:06:49:51 +0100] "GET /long-sleeves-shirts-c-1_21.html HTTP/1.0" 200 84718 "-" "Mozilla/5.0 (Macintosh; Intel Mac OS X 10_10_1) AppleWebKit/600.2.5 (KHTML, like Gecko) Version/8.0.2 Safari/600.2.5 (Amazonbot/0.1; +https://developer.amazon.com/support/amazonbot)"
3.224.220.101 - - [08/Nov/2023:06:49:54 +0100] "GET /quebec-pencil-p-29729.html HTTP/1.0" 200 79609 "-" "Mozilla/5.0 (Macintosh; Intel Mac OS X 10_10_1) AppleWebKit/600.2.5 (KHTML, like Gecko) Version/8.0.2 Safari/600.2.5 (Amazonbot/0.1; +https://developer.amazon.com/support/amazonbot)"
3.224.220.101 - - [08/Nov/2023:06:49:56 +0100] "GET /pencil-cbkreation-p-33816.html HTTP/1.0" 200 79649 "-" "Mozilla/5.0 (Macintosh; Intel Mac OS X 10_10_1) AppleWebKit/600.2.5 (KHTML, like Gecko) Version/8.0.2 Safari/600.2.5 (Amazonbot/0.1; +https://developer.amazon.com/support/amazonbot)"
23.22.35.162 - - [08/Nov/2023:06:49:57 +0100] "GET /holder-recycled-metal-elements-bear-p-42323.html HTTP/1.0" 200 79808 "-" "Mozilla/5.0 (Macintosh; Intel Mac OS X 10_10_1) AppleWebKit/600.2.5 (KHTML, like Gecko) Version/8.0.2 Safari/600.2.5 (Amazonbot/0.1; +https://developer.amazon.com/support/amazonbot)"
3.224.220.101 - - [08/Nov/2023:06:49:58 +0100] "GET /minnie-mouse-pencil-p-22595.html HTTP/1.0" 200 79908 "-" "Mozilla/5.0 (Macintosh; Intel Mac OS X 10_10_1) AppleWebKit/600.2.5 (KHTML, like Gecko) Version/8.0.2 Safari/600.2.5 (Amazonbot/0.1; +https://developer.amazon.com/support/amazonbot)"
185.191.171.16 - - [08/Nov/2023:06:50:00 +0100] "GET /-p-48800.html HTTP/1.0" 200 77271 "-" "Mozilla/5.0 (compatible; SemrushBot/7~bl; +http://www.semrush.com/bot.html)"
46.4.108.51 - - [08/Nov/2023:06:50:03 +0100] "GET /pillow-case-organic-cotton-blue-p-58622.html HTTP/1.0" 200 81039 "-" "Mozilla/5.0 (compatible; AwarioBot/1.0; +https://awario.com/bots.html)"
23.22.35.162 - - [08/Nov/2023:06:50:05 +0100] "GET /ballpoint-easy-writer-p-37500.html HTTP/1.0" 200 79911 "-" "Mozilla/5.0 (Macintosh; Intel Mac OS X 10_10_1) AppleWebKit/600.2.5 (KHTML, like Gecko) Version/8.0.2 Safari/600.2.5 (Amazonbot/0.1; +https://developer.amazon.com/support/amazonbot)"
173.252.83.120 - - [08/Nov/2023:06:50:09 +0100] "GET /images/mini_prod/3700344872178.jpg HTTP/1.0" 200 269 "-" "facebookexternalhit/1.1 (+http://www.facebook.com/externalhit_uatext.php)"
52.70.240.171 - - [08/Nov/2023:06:50:07 +0100] "GET /holder-recycled-metal-elements-cock-p-42325.html HTTP/1.0" 200 79811 "-" "Mozilla/5.0 (Macintosh; Intel Mac OS X 10_10_1) AppleWebKit/600.2.5 (KHTML, like Gecko) Version/8.0.2 Safari/600.2.5 (Amazonbot/0.1; +https://developer.amazon.com/support/amazonbot)"
52.70.240.171 - - [08/Nov/2023:06:50:08 +0100] "GET /holder-recycled-metal-elements-penguin-p-42326.html HTTP/1.0" 200 79831 "-" "Mozilla/5.0 (Macintosh; Intel Mac OS X 10_10_1) AppleWebKit/600.2.5 (KHTML, like Gecko) Version/8.0.2 Safari/600.2.5 (Amazonbot/0.1; +https://developer.amazon.com/support/amazonbot)"
185.191.171.3 - - [08/Nov/2023:06:50:07 +0100] "GET /figurines-statuettes-statues-decoration-collection-c-292.html?page=5 HTTP/1.0" 200 100482 "-" "Mozilla/5.0 (compatible; SemrushBot/7~bl; +http://www.semrush.com/bot.html)"
185.191.171.5 - - [08/Nov/2023:06:50:21 +0100] "GET /figurine-ceramic-parrot-p-42590.html HTTP/1.0" 200 77369 "-" "Mozilla/5.0 (compatible; SemrushBot/7~bl; +http://www.semrush.com/bot.html)"
46.4.108.51 - - [08/Nov/2023:06:50:22 +0100] "GET /pillow-case-organic-cotton-curry-p-58618.html HTTP/1.0" 200 81047 "-" "Mozilla/5.0 (compatible; AwarioBot/1.0; +https://awario.com/bots.html)"
85.208.96.212 - - [08/Nov/2023:06:50:25 +0100] "GET /cooking-recipe-cutting-board-p-43887.html HTTP/1.0" 200 79681 "-" "Mozilla/5.0 (compatible; SemrushBot/7~bl; +http://www.semrush.com/bot.html)"
173.252.83.5 - - [08/Nov/2023:06:50:34 +0100] "GET /images/mini_prod/3700407602490.jpg HTTP/1.0" 200 269 "-" "facebookexternalhit/1.1 (+http://www.facebook.com/externalhit_uatext.php)"
23.22.35.162 - - [08/Nov/2023:06:50:34 +0100] "GET /white-resin-face-holder-p-57572.html HTTP/1.0" 200 80269 "-" "Mozilla/5.0 (Macintosh; Intel Mac OS X 10_10_1) AppleWebKit/600.2.5 (KHTML, like Gecko) Version/8.0.2 Safari/600.2.5 (Amazonbot/0.1; +https://developer.amazon.com/support/amazonbot)"
3.224.220.101 - - [08/Nov/2023:06:50:35 +0100] "GET /virgo-cookware-cbkreation-p-43287.html HTTP/1.0" 200 79729 "-" "Mozilla/5.0 (Macintosh; Intel Mac OS X 10_10_1) AppleWebKit/600.2.5 (KHTML, like Gecko) Version/8.0.2 Safari/600.2.5 (Amazonbot/0.1; +https://developer.amazon.com/support/amazonbot)"
46.4.108.51 - - [08/Nov/2023:06:50:35 +0100] "GET /pillow-case-organic-cotton-eucalyptus-p-58621.html HTTP/1.0" 200 81093 "-" "Mozilla/5.0 (compatible; AwarioBot/1.0; +https://awario.com/bots.html)"
3.224.220.101 - - [08/Nov/2023:06:50:36 +0100] "GET /pencils-carousel-made-wood-metal-p-46383.html HTTP/1.0" 200 80786 "-" "Mozilla/5.0 (Macintosh; Intel Mac OS X 10_10_1) AppleWebKit/600.2.5 (KHTML, like Gecko) Version/8.0.2 Safari/600.2.5 (Amazonbot/0.1; +https://developer.amazon.com/support/amazonbot)"
23.22.35.162 - - [08/Nov/2023:06:50:37 +0100] "GET /carlin-cbkreation-keyring-p-30096.html HTTP/1.0" 200 79723 "-" "Mozilla/5.0 (Macintosh; Intel Mac OS X 10_10_1) AppleWebKit/600.2.5 (KHTML, like Gecko) Version/8.0.2 Safari/600.2.5 (Amazonbot/0.1; +https://developer.amazon.com/support/amazonbot)"
3.224.220.101 - - [08/Nov/2023:06:50:40 +0100] "GET /london-metal-keyring-p-18872.html HTTP/1.0" 200 79636 "-" "Mozilla/5.0 (Macintosh; Intel Mac OS X 10_10_1) AppleWebKit/600.2.5 (KHTML, like Gecko) Version/8.0.2 Safari/600.2.5 (Amazonbot/0.1; +https://developer.amazon.com/support/amazonbot)"
173.252.83.117 - - [08/Nov/2023:06:50:43 +0100] "GET /images/big_prod_1/3665269156546a.jpg HTTP/1.0" 200 271 "-" "facebookexternalhit/1.1 (+http://www.facebook.com/externalhit_uatext.php)"
23.22.35.162 - - [08/Nov/2023:06:50:41 +0100] "GET /playboy-keyring-p-33107.html HTTP/1.0" 200 79646 "-" "Mozilla/5.0 (Macintosh; Intel Mac OS X 10_10_1) AppleWebKit/600.2.5 (KHTML, like Gecko) Version/8.0.2 Safari/600.2.5 (Amazonbot/0.1; +https://developer.amazon.com/support/amazonbot)"
46.4.108.51 - - [08/Nov/2023:06:50:49 +0100] "GET /robots.txt HTTP/1.0" 200 245 "-" "Mozilla/5.0 (compatible; AwarioBot/1.0; +https://awario.com/bots.html)"
3.224.220.101 - - [08/Nov/2023:06:50:48 +0100] "GET /russian-metal-keychain-cbkreation-p-23490.html HTTP/1.0" 200 81232 "-" "Mozilla/5.0 (Macintosh; Intel Mac OS X 10_10_1) AppleWebKit/600.2.5 (KHTML, like Gecko) Version/8.0.2 Safari/600.2.5 (Amazonbot/0.1; +https://developer.amazon.com/support/amazonbot)"
46.4.108.51 - - [08/Nov/2023:06:50:49 +0100] "GET /pillow-case-organic-cotton-grey-p-58616.html HTTP/1.0" 200 80802 "-" "Mozilla/5.0 (compatible; AwarioBot/1.0; +https://awario.com/bots.html)"
3.224.220.101 - - [08/Nov/2023:06:50:51 +0100] "GET /jamaica-guitar-keyring-p-14627.html HTTP/1.0" 200 79941 "-" "Mozilla/5.0 (Macintosh; Intel Mac OS X 10_10_1) AppleWebKit/600.2.5 (KHTML, like Gecko) Version/8.0.2 Safari/600.2.5 (Amazonbot/0.1; +https://developer.amazon.com/support/amazonbot)"
23.22.35.162 - - [08/Nov/2023:06:50:53 +0100] "GET /portugal-metal-keychain-cbkreation-p-23498.html HTTP/1.0" 200 81240 "-" "Mozilla/5.0 (Macintosh; Intel Mac OS X 10_10_1) AppleWebKit/600.2.5 (KHTML, like Gecko) Version/8.0.2 Safari/600.2.5 (Amazonbot/0.1; +https://developer.amazon.com/support/amazonbot)"
52.70.240.171 - - [08/Nov/2023:06:50:55 +0100] "GET /russian-doll-metal-keychain-cbkreation-p-23489.html HTTP/1.0" 200 81277 "-" "Mozilla/5.0 (Macintosh; Intel Mac OS X 10_10_1) AppleWebKit/600.2.5 (KHTML, like Gecko) Version/8.0.2 Safari/600.2.5 (Amazonbot/0.1; +https://developer.amazon.com/support/amazonbot)"
85.208.96.205 - - [08/Nov/2023:06:50:55 +0100] "GET /amys-elephant-p-54773.html HTTP/1.0" 200 80197 "-" "Mozilla/5.0 (compatible; SemrushBot/7~bl; +http://www.semrush.com/bot.html)"
23.22.35.162 - - [08/Nov/2023:06:50:57 +0100] "GET /gorjuss-dreamer-rectangular-keyring-p-25959.html HTTP/1.0" 200 80524 "-" "Mozilla/5.0 (Macintosh; Intel Mac OS X 10_10_1) AppleWebKit/600.2.5 (KHTML, like Gecko) Version/8.0.2 Safari/600.2.5 (Amazonbot/0.1; +https://developer.amazon.com/support/amazonbot)"
23.22.35.162 - - [08/Nov/2023:06:50:59 +0100] "GET /paris-metal-keychain-p-23493.html HTTP/1.0" 200 81161 "-" "Mozilla/5.0 (Macintosh; Intel Mac OS X 10_10_1) AppleWebKit/600.2.5 (KHTML, like Gecko) Version/8.0.2 Safari/600.2.5 (Amazonbot/0.1; +https://developer.amazon.com/support/amazonbot)"
