46.4.108.51 - - [08/Nov/2023:04:06:17 +0100] "GET /love-personnalized-ipad-black-shell-p-17683.html HTTP/1.0" 200 80278 "-" "Mozilla/5.0 (compatible; AwarioBot/1.0; +https://awario.com/bots.html)"
44.230.252.91 - - [08/Nov/2023:04:06:21 +0100] "GET /microfibre-base-cover-black-p-47980.html HTTP/1.0" 200 79795 "-" "thesis-research-bot"
46.4.108.51 - - [08/Nov/2023:04:06:28 +0100] "GET /love-personnalized-ipad-pink-shell-p-17685.html HTTP/1.0" 200 80269 "-" "Mozilla/5.0 (compatible; AwarioBot/1.0; +https://awario.com/bots.html)"
85.208.96.203 - - [08/Nov/2023:04:06:30 +0100] "GET /amys-p-54238.html HTTP/1.0" 200 77317 "-" "Mozilla/5.0 (compatible; SemrushBot/7~bl; +http://www.semrush.com/bot.html)"
185.191.171.10 - - [08/Nov/2023:04:06:33 +0100] "GET /vase-white-gray-p-55105.html HTTP/1.0" 200 77351 "-" "Mozilla/5.0 (compatible; SemrushBot/7~bl; +http://www.semrush.com/bot.html)"
54.36.149.91 - - [08/Nov/2023:04:06:35 +0100] "GET /leaves-cookware-p-51794.html HTTP/1.0" 200 80267 "-" "Mozilla/5.0 (compatible; AhrefsBot/7.0; +http://ahrefs.com/robot/)"
85.208.96.197 - - [08/Nov/2023:04:06:36 +0100] "GET /saint-joseph-prayer-candle-novena-p-44449.html HTTP/1.0" 200 77395 "-" "Mozilla/5.0 (compatible; SemrushBot/7~bl; +http://www.semrush.com/bot.html)"
54.36.148.212 - - [08/Nov/2023:04:06:38 +0100] "GET /images/big_prod/8424346353828.jpg HTTP/1.0" 200 268 "-" "Mozilla/5.0 (compatible; AhrefsBot/7.0; +http://ahrefs.com/robot/)"
3.224.220.101 - - [08/Nov/2023:04:06:41 +0100] "GET /small-bamboo-humming-bird-p-49581.html HTTP/1.0" 200 79719 "-" "Mozilla/5.0 (Macintosh; Intel Mac OS X 10_10_1) AppleWebKit/600.2.5 (KHTML, like Gecko) Version/8.0.2 Safari/600.2.5 (Amazonbot/0.1; +https://developer.amazon.com/support/amazonbot)"
52.70.240.171 - - [08/Nov/2023:04:06:43 +0100] "GET /black-mini-melamine-tray-p-55859.html HTTP/1.0" 200 80345 "-" "Mozilla/5.0 (Macintosh; Intel Mac OS X 10_10_1) AppleWebKit/600.2.5 (KHTML, like Gecko) Version/8.0.2 Safari/600.2.5 (Amazonbot/0.1; +https://developer.amazon.com/support/amazonbot)"
52.25.208.208 - - [08/Nov/2023:04:06:49 +0100] "GET /stitch-waterball-collection-p-53512.html HTTP/1.0" 200 80188 "-" "thesis-research-bot"
44.230.252.91 - - [08/Nov/2023:04:06:50 +0100] "GET /splendid-skaters-victorian-mickey-minnie-mouse-waterbal-p-56581.html HTTP/1.0" 200 81454 "-" "thesis-research-bot"
52.25.208.208 - - [08/Nov/2023:04:06:51 +0100] "GET /glitter-ball-meilleure-maman-p-60424.html HTTP/1.0" 200 80303 "-" "thesis-research-bot"
44.230.252.91 - - [08/Nov/2023:04:06:52 +0100] "GET /snow-glitter-ball-c-13_259.html?page=2 HTTP/1.0" 200 88673 "-" "thesis-research-bot"
173.252.83.14 - - [08/Nov/2023:04:06:56 +0100] "GET /decorations-and-furnishings/images/mini_prod/3661443101814.jpg HTTP/1.0" 404 1308 "-" "facebookexternalhit/1.1 (+http://www.facebook.com/externalhit_uatext.php)"
46.4.108.51 - - [08/Nov/2023:04:06:56 +0100] "GET /robots.txt HTTP/1.0" 200 245 "-" "Mozilla/5.0 (compatible; AwarioBot/1.0; +https://awario.com/bots.html)"
46.4.108.51 - - [08/Nov/2023:04:06:56 +0100] "GET /love-personnalized-ipad-white-shell-p-17684.html HTTP/1.0" 200 80278 "-" "Mozilla/5.0 (compatible; AwarioBot/1.0; +https://awario.com/bots.html)"
185.191.171.7 - - [08/Nov/2023:04:06:56 +0100] "GET /gorjuss-fairy-lights-p-27144.html HTTP/1.0" 200 79838 "-" "Mozilla/5.0 (compatible; SemrushBot/7~bl; +http://www.semrush.com/bot.html)"
3.224.220.101 - - [08/Nov/2023:04:07:02 +0100] "GET /proud-poppy-mini-rectangular-tray-p-58514.html HTTP/1.0" 200 80409 "-" "Mozilla/5.0 (Macintosh; Intel Mac OS X 10_10_1) AppleWebKit/600.2.5 (KHTML, like Gecko) Version/8.0.2 Safari/600.2.5 (Amazonbot/0.1; +https://developer.amazon.com/support/amazonbot)"
52.70.240.171 - - [08/Nov/2023:04:07:07 +0100] "GET /mini-rectangular-tray-romantic-paris-p-60395.html HTTP/1.0" 200 80613 "-" "Mozilla/5.0 (Macintosh; Intel Mac OS X 10_10_1) AppleWebKit/600.2.5 (KHTML, like Gecko) Version/8.0.2 Safari/600.2.5 (Amazonbot/0.1; +https://developer.amazon.com/support/amazonbot)"
23.22.35.162 - - [08/Nov/2023:04:07:09 +0100] "GET /mini-rectangular-tray-painted-bellis-p-60400.html HTTP/1.0" 200 80613 "-" "Mozilla/5.0 (Macintosh; Intel Mac OS X 10_10_1) AppleWebKit/600.2.5 (KHTML, like Gecko) Version/8.0.2 Safari/600.2.5 (Amazonbot/0.1; +https://developer.amazon.com/support/amazonbot)"
185.191.171.12 - - [08/Nov/2023:04:07:12 +0100] "GET /white-patinated-wood-wall-mirror-p-59844.html HTTP/1.0" 200 80847 "-" "Mozilla/5.0 (compatible; SemrushBot/7~bl; +http://www.semrush.com/bot.html)"
3.224.220.101 - - [08/Nov/2023:04:07:12 +0100] "GET /paris-aime-small-tray-p-18985.html HTTP/1.0" 200 79846 "-" "Mozilla/5.0 (Macintosh; Intel Mac OS X 10_10_1) AppleWebKit/600.2.5 (KHTML, like Gecko) Version/8.0.2 Safari/600.2.5 (Amazonbot/0.1; +https://developer.amazon.com/support/amazonbot)"
100.21.24.205 - - [08/Nov/2023:04:07:16 +0100] "GET /meter-outdoor-fairy-lights-p-57989.html HTTP/1.0" 200 81305 "-" "thesis-research-bot"
44.230.252.91 - - [08/Nov/2023:04:07:17 +0100] "GET /incense-stick-holder-lotus-p-52501.html HTTP/1.0" 200 79792 "-" "thesis-research-bot"
44.230.252.91 - - [08/Nov/2023:04:07:18 +0100] "GET /light-garland-collection-canar-p-39464.html HTTP/1.0" 200 80646 "-" "thesis-research-bot"
100.21.24.205 - - [08/Nov/2023:04:07:19 +0100] "GET /light-garland-collection-canar-p-39466.html HTTP/1.0" 200 80646 "-" "thesis-research-bot"
52.25.208.208 - - [08/Nov/2023:04:07:20 +0100] "GET /incense-stick-holder-buddha-p-39334.html HTTP/1.0" 200 79957 "-" "thesis-research-bot"
100.21.24.205 - - [08/Nov/2023:04:07:21 +0100] "GET /incense-stick-holder-buddha-p-59077.html HTTP/1.0" 200 80635 "-" "thesis-research-bot"
52.25.208.208 - - [08/Nov/2023:04:07:22 +0100] "GET /incense-stick-holder-chakra-p-57939.html HTTP/1.0" 200 80640 "-" "thesis-research-bot"
52.25.208.208 - - [08/Nov/2023:04:07:23 +0100] "GET /incense-stick-holder-ganesh-p-35506.html HTTP/1.0" 200 80428 "-" "thesis-research-bot"
52.25.208.208 - - [08/Nov/2023:04:07:24 +0100] "GET /wooden-incense-stick-holder-p-60894.html HTTP/1.0" 200 80461 "-" "thesis-research-bot"
85.208.96.212 - - [08/Nov/2023:04:07:25 +0100] "GET /calorya-gentle-heat-aromatic-diffuser-p-57372.html HTTP/1.0" 200 77409 "-" "Mozilla/5.0 (compatible; SemrushBot/7~bl; +http://www.semrush.com/bot.html)"
100.21.24.205 - - [08/Nov/2023:04:07:25 +0100] "GET /incense-stick-holder-elephant-p-35503.html HTTP/1.0" 200 80659 "-" "thesis-research-bot"
3.224.220.101 - - [08/Nov/2023:04:07:26 +0100] "GET /storing-winter-mini-rectangular-tray-p-58508.html HTTP/1.0" 200 80471 "-" "Mozilla/5.0 (Macintosh; Intel Mac OS X 10_10_1) AppleWebKit/600.2.5 (KHTML, like Gecko) Version/8.0.2 Safari/600.2.5 (Amazonbot/0.1; +https://developer.amazon.com/support/amazonbot)"
100.21.24.205 - - [08/Nov/2023:04:07:26 +0100] "GET /incense-holder-incense-burner-c-231_229.html?page=2 HTTP/1.0" 200 98651 "-" "thesis-research-bot"
52.25.208.208 - - [08/Nov/2023:04:07:27 +0100] "GET /incense-holder-incense-burner-c-231_229.html?page=3 HTTP/1.0" 200 98936 "-" "thesis-research-bot"
52.25.208.208 - - [08/Nov/2023:04:07:28 +0100] "GET /incense-holder-incense-burner-c-231_229.html?page=4 HTTP/1.0" 200 99479 "-" "thesis-research-bot"
44.230.252.91 - - [08/Nov/2023:04:07:29 +0100] "GET /incense-holder-incense-burner-c-231_229.html?page=5 HTTP/1.0" 200 89779 "-" "thesis-research-bot"
23.22.35.162 - - [08/Nov/2023:04:07:30 +0100] "GET /royal-peacock-mini-rectangular-tray-p-58507.html HTTP/1.0" 200 80429 "-" "Mozilla/5.0 (Macintosh; Intel Mac OS X 10_10_1) AppleWebKit/600.2.5 (KHTML, like Gecko) Version/8.0.2 Safari/600.2.5 (Amazonbot/0.1; +https://developer.amazon.com/support/amazonbot)"
3.224.220.101 - - [08/Nov/2023:04:07:33 +0100] "GET /mini-rectangular-tray-tropical-jungle-p-60403.html HTTP/1.0" 200 80622 "-" "Mozilla/5.0 (Macintosh; Intel Mac OS X 10_10_1) AppleWebKit/600.2.5 (KHTML, like Gecko) Version/8.0.2 Safari/600.2.5 (Amazonbot/0.1; +https://developer.amazon.com/support/amazonbot)"
52.25.208.208 - - [08/Nov/2023:04:07:33 +0100] "GET /cups-c-12_248.html HTTP/1.0" 200 92045 "-" "thesis-research-bot"
46.4.108.51 - - [08/Nov/2023:04:07:34 +0100] "GET /love-personnalized-iphone-shell-p-17686.html HTTP/1.0" 200 80282 "-" "Mozilla/5.0 (compatible; AwarioBot/1.0; +https://awario.com/bots.html)"
52.167.144.205 - - [08/Nov/2023:04:07:34 +0100] "GET /mugs-mazagrans-c-12_57.html?page=11 HTTP/1.0" 200 102298 "-" "Mozilla/5.0 AppleWebKit/537.36 (KHTML, like Gecko; compatible; bingbot/2.0; +http://www.bing.com/bingbot.htm) Chrome/103.0.5060.134 Safari/537.36"
44.230.252.91 - - [08/Nov/2023:04:07:34 +0100] "GET /scented-candles-novenas-c-231_227.html HTTP/1.0" 200 99276 "-" "thesis-research-bot"
185.191.171.15 - - [08/Nov/2023:04:07:35 +0100] "GET /gold-toucan-statue-p-59171.html HTTP/1.0" 200 80343 "-" "Mozilla/5.0 (compatible; SemrushBot/7~bl; +http://www.semrush.com/bot.html)"
52.70.240.171 - - [08/Nov/2023:04:07:37 +0100] "GET /mini-rectangular-tray-tulips-bouquet-p-60402.html HTTP/1.0" 200 80613 "-" "Mozilla/5.0 (Macintosh; Intel Mac OS X 10_10_1) AppleWebKit/600.2.5 (KHTML, like Gecko) Version/8.0.2 Safari/600.2.5 (Amazonbot/0.1; +https://developer.amazon.com/support/amazonbot)"
185.191.171.12 - - [08/Nov/2023:04:07:41 +0100] "GET /wooden-bottle-opener-capsule-p-53205.html HTTP/1.0" 200 80385 "-" "Mozilla/5.0 (compatible; SemrushBot/7~bl; +http://www.semrush.com/bot.html)"
52.70.240.171 - - [08/Nov/2023:04:07:44 +0100] "GET /sweet-little-bird-mini-rectangular-tray-p-58506.html HTTP/1.0" 200 80469 "-" "Mozilla/5.0 (Macintosh; Intel Mac OS X 10_10_1) AppleWebKit/600.2.5 (KHTML, like Gecko) Version/8.0.2 Safari/600.2.5 (Amazonbot/0.1; +https://developer.amazon.com/support/amazonbot)"
85.208.96.207 - - [08/Nov/2023:04:07:45 +0100] "GET /moroccan-ashtray-p-56491.html HTTP/1.0" 200 77325 "-" "Mozilla/5.0 (compatible; SemrushBot/7~bl; +http://www.semrush.com/bot.html)"
46.4.108.51 - - [08/Nov/2023:04:07:49 +0100] "GET /love-personnalized-money-boxes-p-17692.html HTTP/1.0" 200 80247 "-" "Mozilla/5.0 (compatible; AwarioBot/1.0; +https://awario.com/bots.html)"
52.25.208.208 - - [08/Nov/2023:04:07:53 +0100] "GET /resin-stone-boxes-storage-c-13_150_84.html HTTP/1.0" 200 89752 "-" "thesis-research-bot"
46.4.108.51 - - [08/Nov/2023:04:08:00 +0100] "GET /love-personnalized-mouse-p-17682.html HTTP/1.0" 200 80165 "-" "Mozilla/5.0 (compatible; AwarioBot/1.0; +https://awario.com/bots.html)"
85.208.96.200 - - [08/Nov/2023:04:08:00 +0100] "GET /kimmidoll-keyring-p-44091.html HTTP/1.0" 200 77329 "-" "Mozilla/5.0 (compatible; SemrushBot/7~bl; +http://www.semrush.com/bot.html)"
52.70.240.171 - - [08/Nov/2023:04:08:02 +0100] "GET /-c-95_297.html HTTP/1.0" 200 76139 "-" "Mozilla/5.0 (Macintosh; Intel Mac OS X 10_10_1) AppleWebKit/600.2.5 (KHTML, like Gecko) Version/8.0.2 Safari/600.2.5 (Amazonbot/0.1; +https://developer.amazon.com/support/amazonbot)"
185.191.171.18 - - [08/Nov/2023:04:08:04 +0100] "GET /adults-c-53.html?page=11 HTTP/1.0" 200 95045 "-" "Mozilla/5.0 (compatible; SemrushBot/7~bl; +http://www.semrush.com/bot.html)"
173.252.83.6 - - [08/Nov/2023:04:08:11 +0100] "GET /images/mini_prod/8421440013221.jpg HTTP/1.0" 200 269 "-" "facebookexternalhit/1.1 (+http://www.facebook.com/externalhit_uatext.php)"
85.208.96.205 - - [08/Nov/2023:04:08:10 +0100] "GET /bolster-case-grey-p-34838.html HTTP/1.0" 200 79853 "-" "Mozilla/5.0 (compatible; SemrushBot/7~bl; +http://www.semrush.com/bot.html)"
52.25.208.208 - - [08/Nov/2023:04:08:14 +0100] "GET /raving-rabbids-lucha-libre-p-18098.html HTTP/1.0" 200 79669 "-" "thesis-research-bot"
52.25.208.208 - - [08/Nov/2023:04:08:15 +0100] "GET /corsica-logo-adult-cbkration-p-36539.html HTTP/1.0" 200 79782 "-" "thesis-research-bot"
52.70.240.171 - - [08/Nov/2023:04:08:15 +0100] "GET /-c-95_304.html HTTP/1.0" 200 76139 "-" "Mozilla/5.0 (Macintosh; Intel Mac OS X 10_10_1) AppleWebKit/600.2.5 (KHTML, like Gecko) Version/8.0.2 Safari/600.2.5 (Amazonbot/0.1; +https://developer.amazon.com/support/amazonbot)"
100.21.24.205 - - [08/Nov/2023:04:08:16 +0100] "GET /paris-embroidered-adult-size-p-38606.html HTTP/1.0" 200 82688 "-" "thesis-research-bot"
51.68.224.127 - - [08/Nov/2023:04:08:19 +0100] "GET /adminweb/export_orders_xml.php?token=256de2z6edz6ed2z6DFSFsed2zed6zeDSFDSGdzedezfzf&maxorders=10&orderstart=1&status=14&start_date=2018-10-01 HTTP/1.0" 200 285 "-" "GesCom CharlotteBoutik Serveur"
51.68.224.127 - - [08/Nov/2023:04:08:19 +0100] "GET /adminweb/export_orders_xml.php?token=256de2z6edz6ed2z6DFSFsed2zed6zeDSFDSGdzedezfzf&maxorders=10&orderstart=1&status=6&start_date=2018-10-01 HTTP/1.0" 200 33939 "-" "GesCom CharlotteBoutik Serveur"
46.4.108.51 - - [08/Nov/2023:04:08:25 +0100] "GET /love-personnalized-small-p-17677.html HTTP/1.0" 200 80166 "-" "Mozilla/5.0 (compatible; AwarioBot/1.0; +https://awario.com/bots.html)"
52.70.240.171 - - [08/Nov/2023:04:08:28 +0100] "GET /mini-rectangular-tray-poppy-meadow-p-60404.html HTTP/1.0" 200 80812 "-" "Mozilla/5.0 (Macintosh; Intel Mac OS X 10_10_1) AppleWebKit/600.2.5 (KHTML, like Gecko) Version/8.0.2 Safari/600.2.5 (Amazonbot/0.1; +https://developer.amazon.com/support/amazonbot)"
85.208.96.197 - - [08/Nov/2023:04:08:39 +0100] "GET /quote-from-freud-wall-sticker-p-39185.html HTTP/1.0" 200 79884 "-" "Mozilla/5.0 (compatible; SemrushBot/7~bl; +http://www.semrush.com/bot.html)"
100.21.24.205 - - [08/Nov/2023:04:08:39 +0100] "GET /kitchen-towel-dark-blue-p-54116.html HTTP/1.0" 200 79658 "-" "thesis-research-bot"
52.25.208.208 - - [08/Nov/2023:04:08:40 +0100] "GET /monster-high-stationery-p-20401.html HTTP/1.0" 200 79893 "-" "thesis-research-bot"
44.230.252.91 - - [08/Nov/2023:04:08:41 +0100] "GET /bookmark-lenticular-horses-p-19159.html HTTP/1.0" 200 79812 "-" "thesis-research-bot"
100.21.24.205 - - [08/Nov/2023:04:08:42 +0100] "GET /bookmark-lenticular-rabbit-p-19155.html HTTP/1.0" 200 79813 "-" "thesis-research-bot"
44.230.252.91 - - [08/Nov/2023:04:08:43 +0100] "GET /mint-diabolo-kitchen-towel-p-44420.html HTTP/1.0" 200 79666 "-" "thesis-research-bot"
100.21.24.205 - - [08/Nov/2023:04:08:44 +0100] "GET /bookmark-lenticular-puppies-p-19161.html HTTP/1.0" 200 79820 "-" "thesis-research-bot"
52.25.208.208 - - [08/Nov/2023:04:08:45 +0100] "GET /bookmark-lenticular-dolphins-p-19160.html HTTP/1.0" 200 79827 "-" "thesis-research-bot"
3.224.220.101 - - [08/Nov/2023:04:08:45 +0100] "GET /-c-95_313.html HTTP/1.0" 200 76139 "-" "Mozilla/5.0 (Macintosh; Intel Mac OS X 10_10_1) AppleWebKit/600.2.5 (KHTML, like Gecko) Version/8.0.2 Safari/600.2.5 (Amazonbot/0.1; +https://developer.amazon.com/support/amazonbot)"
44.230.252.91 - - [08/Nov/2023:04:08:46 +0100] "GET /rigid-gift-with-pretty-satin-p-60945.html HTTP/1.0" 200 80389 "-" "thesis-research-bot"
3.224.220.101 - - [08/Nov/2023:04:08:47 +0100] "GET /-c-95_328.html HTTP/1.0" 200 76139 "-" "Mozilla/5.0 (Macintosh; Intel Mac OS X 10_10_1) AppleWebKit/600.2.5 (KHTML, like Gecko) Version/8.0.2 Safari/600.2.5 (Amazonbot/0.1; +https://developer.amazon.com/support/amazonbot)"
44.230.252.91 - - [08/Nov/2023:04:08:47 +0100] "GET /towels-c-11_177.html?page=2 HTTP/1.0" 200 99213 "-" "thesis-research-bot"
100.21.24.205 - - [08/Nov/2023:04:08:48 +0100] "GET /towels-c-11_177.html?page=3 HTTP/1.0" 200 99417 "-" "thesis-research-bot"
100.21.24.205 - - [08/Nov/2023:04:08:49 +0100] "GET /towels-c-11_177.html?page=4 HTTP/1.0" 200 99452 "-" "thesis-research-bot"
100.21.24.205 - - [08/Nov/2023:04:08:50 +0100] "GET /towels-c-11_177.html?page=5 HTTP/1.0" 200 98885 "-" "thesis-research-bot"
52.25.208.208 - - [08/Nov/2023:04:08:51 +0100] "GET /-c-95_361.html HTTP/1.0" 200 76139 "-" "thesis-research-bot"
52.25.208.208 - - [08/Nov/2023:04:08:52 +0100] "GET /tights-c-1_48.html HTTP/1.0" 200 86215 "-" "thesis-research-bot"
173.252.83.120 - - [08/Nov/2023:04:08:54 +0100] "GET /images/big_prod/3520071778228.jpg HTTP/1.0" 200 268 "-" "facebookexternalhit/1.1 (+http://www.facebook.com/externalhit_uatext.php)"
46.4.108.51 - - [08/Nov/2023:04:08:53 +0100] "GET /love-personnalized-white-shell-galaxy-note-p-17688.html HTTP/1.0" 200 80259 "-" "Mozilla/5.0 (compatible; AwarioBot/1.0; +https://awario.com/bots.html)"
3.224.220.101 - - [08/Nov/2023:04:08:53 +0100] "GET /shop-c-155.html HTTP/1.0" 200 95574 "-" "Mozilla/5.0 (Macintosh; Intel Mac OS X 10_10_1) AppleWebKit/600.2.5 (KHTML, like Gecko) Version/8.0.2 Safari/600.2.5 (Amazonbot/0.1; +https://developer.amazon.com/support/amazonbot)"
44.230.252.91 - - [08/Nov/2023:04:08:53 +0100] "GET /shower-curtain-c-11_168.html HTTP/1.0" 200 96875 "-" "thesis-research-bot"
100.21.24.205 - - [08/Nov/2023:04:08:54 +0100] "GET /dresses-skirts-c-1_19.html HTTP/1.0" 200 86097 "-" "thesis-research-bot"
3.224.220.101 - - [08/Nov/2023:04:08:54 +0100] "GET /summertime-mini-rectangular-tray-p-56860.html HTTP/1.0" 200 79765 "-" "Mozilla/5.0 (Macintosh; Intel Mac OS X 10_10_1) AppleWebKit/600.2.5 (KHTML, like Gecko) Version/8.0.2 Safari/600.2.5 (Amazonbot/0.1; +https://developer.amazon.com/support/amazonbot)"
52.25.208.208 - - [08/Nov/2023:04:08:55 +0100] "GET /novena-religious-candles-c-231_227_351.html HTTP/1.0" 200 97472 "-" "thesis-research-bot"
44.230.252.91 - - [08/Nov/2023:04:08:56 +0100] "GET /towels-c-11_177.html?page=6 HTTP/1.0" 200 94988 "-" "thesis-research-bot"
100.21.24.205 - - [08/Nov/2023:04:08:57 +0100] "GET /stationery-c-129_191.html?page=2 HTTP/1.0" 200 96605 "-" "thesis-research-bot"
52.25.208.208 - - [08/Nov/2023:04:09:00 +0100] "GET /polar-bear-small-round-magnet-p-31912.html HTTP/1.0" 200 79693 "-" "thesis-research-bot"
47.128.46.4 - - [08/Nov/2023:04:09:01 +0100] "GET /accessories-mobiles-c-3_17.html?page=5 HTTP/1.0" 200 99681 "-" "Mozilla/5.0 (compatible; Bytespider; spider-feedback@bytedance.com) AppleWebKit/537.36 (KHTML, like Gecko) Chrome/70.0.0.0 Safari/537.36"
52.25.208.208 - - [08/Nov/2023:04:09:01 +0100] "GET /pink-flamingos-placemat-p-43014.html HTTP/1.0" 200 79608 "-" "thesis-research-bot"
47.128.46.4 - - [08/Nov/2023:04:09:03 +0100] "GET /swfobject.js HTTP/1.0" 404 1308 "http://www.wonder-geek.com/accessories-mobiles-c-3_17.html?page=5" "Mozilla/5.0 (compatible; Bytespider; spider-feedback@bytedance.com) AppleWebKit/537.36 (KHTML, like Gecko) Chrome/70.0.0.0 Safari/537.36"
52.25.208.208 - - [08/Nov/2023:04:09:02 +0100] "GET /pink-flamingos-placemat-p-43015.html HTTP/1.0" 200 79608 "-" "thesis-research-bot"
100.21.24.205 - - [08/Nov/2023:04:09:03 +0100] "GET /placemat-brasserie-familiale-p-53595.html HTTP/1.0" 200 80266 "-" "thesis-research-bot"
46.4.108.51 - - [08/Nov/2023:04:09:05 +0100] "GET /robots.txt HTTP/1.0" 200 245 "-" "Mozilla/5.0 (compatible; AwarioBot/1.0; +https://awario.com/bots.html)"
100.21.24.205 - - [08/Nov/2023:04:09:04 +0100] "GET /dishes-c-12.html?page=2 HTTP/1.0" 200 98435 "-" "thesis-research-bot"
46.4.108.51 - - [08/Nov/2023:04:09:05 +0100] "GET /love-personnalized-white-shell-samsung-p-17691.html HTTP/1.0" 200 80329 "-" "Mozilla/5.0 (compatible; AwarioBot/1.0; +https://awario.com/bots.html)"
47.128.46.4 - - [08/Nov/2023:04:09:07 +0100] "GET /js/jquery.min.js HTTP/1.0" 404 1308 "http://www.wonder-geek.com/accessories-mobiles-c-3_17.html?page=5" "Mozilla/5.0 (compatible; Bytespider; spider-feedback@bytedance.com) AppleWebKit/537.36 (KHTML, like Gecko) Chrome/70.0.0.0 Safari/537.36"
185.191.171.17 - - [08/Nov/2023:04:09:06 +0100] "GET /glass-cutting-board-cbkreation-p-51326.html HTTP/1.0" 200 79703 "-" "Mozilla/5.0 (compatible; SemrushBot/7~bl; +http://www.semrush.com/bot.html)"
100.21.24.205 - - [08/Nov/2023:04:09:05 +0100] "GET /dishes-c-12.html?page=3 HTTP/1.0" 200 97828 "-" "thesis-research-bot"
47.128.46.4 - - [08/Nov/2023:04:09:08 +0100] "GET /highslide/graphics/outlines/drop-shadow.png HTTP/1.0" 200 277 "http://www.wonder-geek.com/accessories-mobiles-c-3_17.html?page=5" "Mozilla/5.0 (compatible; Bytespider; spider-feedback@bytedance.com) AppleWebKit/537.36 (KHTML, like Gecko) Chrome/70.0.0.0 Safari/537.36"
47.128.46.4 - - [08/Nov/2023:04:09:08 +0100] "GET /highslide/graphics/zoomout.cur HTTP/1.0" 200 614 "http://www.wonder-geek.com/accessories-mobiles-c-3_17.html?page=5" "Mozilla/5.0 (compatible; Bytespider; spider-feedback@bytedance.com) AppleWebKit/537.36 (KHTML, like Gecko) Chrome/70.0.0.0 Safari/537.36"
44.230.252.91 - - [08/Nov/2023:04:09:06 +0100] "GET /dishes-c-12.html?page=4 HTTP/1.0" 200 98036 "-" "thesis-research-bot"
100.21.24.205 - - [08/Nov/2023:04:09:08 +0100] "GET /dishes-c-12.html?page=5 HTTP/1.0" 200 98824 "-" "thesis-research-bot"
44.230.252.91 - - [08/Nov/2023:04:09:08 +0100] "GET /dishes-c-12.html?page=6 HTTP/1.0" 200 99178 "-" "thesis-research-bot"
44.230.252.91 - - [08/Nov/2023:04:09:09 +0100] "GET /dishes-c-12.html?page=7 HTTP/1.0" 200 98340 "-" "thesis-research-bot"
44.230.252.91 - - [08/Nov/2023:04:09:10 +0100] "GET /dishes-c-12.html?page=8 HTTP/1.0" 200 98736 "-" "thesis-research-bot"
52.25.208.208 - - [08/Nov/2023:04:09:11 +0100] "GET /dishes-c-12.html?page=9 HTTP/1.0" 200 99053 "-" "thesis-research-bot"
100.21.24.205 - - [08/Nov/2023:04:09:12 +0100] "GET /dishes-c-12.html?page=10 HTTP/1.0" 200 98851 "-" "thesis-research-bot"
44.230.252.91 - - [08/Nov/2023:04:09:13 +0100] "GET /dishes-c-12.html?page=11 HTTP/1.0" 200 99162 "-" "thesis-research-bot"
100.21.24.205 - - [08/Nov/2023:04:09:14 +0100] "GET /magnets-c-13_134.html?page=2 HTTP/1.0" 200 98075 "-" "thesis-research-bot"
44.230.252.91 - - [08/Nov/2023:04:09:15 +0100] "GET /magnets-c-13_134.html?page=3 HTTP/1.0" 200 98410 "-" "thesis-research-bot"
44.230.252.91 - - [08/Nov/2023:04:09:16 +0100] "GET /magnets-c-13_134.html?page=4 HTTP/1.0" 200 89921 "-" "thesis-research-bot"
46.4.108.51 - - [08/Nov/2023:04:09:17 +0100] "GET /love-pucca-mouse-p-2419.html HTTP/1.0" 200 79763 "-" "Mozilla/5.0 (compatible; AwarioBot/1.0; +https://awario.com/bots.html)"
17.241.75.211 - - [08/Nov/2023:04:09:20 +0100] "GET /images/big_prod/1300000024211.jpg HTTP/1.0" 200 268 "-" "Mozilla/5.0 (Macintosh; Intel Mac OS X 10_15_5) AppleWebKit/605.1.15 (KHTML, like Gecko) Version/13.1.1 Safari/605.1.15 (Applebot/0.1; +http://www.apple.com/go/applebot)"
173.252.83.3 - - [08/Nov/2023:04:09:28 +0100] "GET /images/mini_prod/3700653502766.jpg HTTP/1.0" 200 269 "-" "facebookexternalhit/1.1 (+http://www.facebook.com/externalhit_uatext.php)"
85.208.96.212 - - [08/Nov/2023:04:09:33 +0100] "GET /cotton-floor-cushion-bonheur-p-60421.html HTTP/1.0" 200 80848 "-" "Mozilla/5.0 (compatible; SemrushBot/7~bl; +http://www.semrush.com/bot.html)"
40.77.167.19 - - [08/Nov/2023:04:09:39 +0100] "GET /incense-stick-holder-ganesh-p-59675.html HTTP/1.0" 200 80559 "-" "Mozilla/5.0 AppleWebKit/537.36 (KHTML, like Gecko; compatible; bingbot/2.0; +http://www.bing.com/bingbot.htm) Chrome/103.0.5060.134 Safari/537.36"
46.4.108.51 - - [08/Nov/2023:04:09:40 +0100] "GET /lucky-solar-figurine-p-59447.html HTTP/1.0" 200 80611 "-" "Mozilla/5.0 (compatible; AwarioBot/1.0; +https://awario.com/bots.html)"
52.25.208.208 - - [08/Nov/2023:04:09:41 +0100] "GET /adaptable-decorative-caps-c-12_249.html HTTP/1.0" 200 85878 "-" "thesis-research-bot"
44.230.252.91 - - [08/Nov/2023:04:09:42 +0100] "GET /food-storage-pets-beige-p-42184.html HTTP/1.0" 200 79555 "-" "thesis-research-bot"
44.230.252.91 - - [08/Nov/2023:04:09:43 +0100] "GET /shop-c-155.html?page=2 HTTP/1.0" 200 85594 "-" "thesis-research-bot"
40.77.167.52 - - [08/Nov/2023:04:09:44 +0100] "GET /luminous-essential-diffuser-shape-planet-p-60909.html HTTP/1.0" 200 82056 "-" "Mozilla/5.0 AppleWebKit/537.36 (KHTML, like Gecko; compatible; bingbot/2.0; +http://www.bing.com/bingbot.htm) Chrome/103.0.5060.134 Safari/537.36"
46.4.108.51 - - [08/Nov/2023:04:09:47 +0100] "GET /lucky-solar-figurine-p-59448.html HTTP/1.0" 200 80414 "-" "Mozilla/5.0 (compatible; AwarioBot/1.0; +https://awario.com/bots.html)"
52.70.240.171 - - [08/Nov/2023:04:09:47 +0100] "GET /pansy-over-mini-rectangular-tray-p-54914.html HTTP/1.0" 200 80416 "-" "Mozilla/5.0 (Macintosh; Intel Mac OS X 10_10_1) AppleWebKit/600.2.5 (KHTML, like Gecko) Version/8.0.2 Safari/600.2.5 (Amazonbot/0.1; +https://developer.amazon.com/support/amazonbot)"
3.224.220.101 - - [08/Nov/2023:04:09:50 +0100] "GET /sweet-lily-mini-rectangular-tray-p-54916.html HTTP/1.0" 200 79765 "-" "Mozilla/5.0 (Macintosh; Intel Mac OS X 10_10_1) AppleWebKit/600.2.5 (KHTML, like Gecko) Version/8.0.2 Safari/600.2.5 (Amazonbot/0.1; +https://developer.amazon.com/support/amazonbot)"
3.224.220.101 - - [08/Nov/2023:04:09:50 +0100] "GET /mini-rectangular-tray-hush-hush-p-59561.html HTTP/1.0" 200 80363 "-" "Mozilla/5.0 (Macintosh; Intel Mac OS X 10_10_1) AppleWebKit/600.2.5 (KHTML, like Gecko) Version/8.0.2 Safari/600.2.5 (Amazonbot/0.1; +https://developer.amazon.com/support/amazonbot)"
85.208.96.197 - - [08/Nov/2023:04:09:51 +0100] "GET /large-bamboo-vase-resin-p-44984.html HTTP/1.0" 200 77371 "-" "Mozilla/5.0 (compatible; SemrushBot/7~bl; +http://www.semrush.com/bot.html)"
185.191.171.5 - - [08/Nov/2023:04:09:54 +0100] "GET /poseidon-statue-p-46555.html HTTP/1.0" 200 79759 "-" "Mozilla/5.0 (compatible; SemrushBot/7~bl; +http://www.semrush.com/bot.html)"
85.208.96.202 - - [08/Nov/2023:04:09:57 +0100] "GET /metal-cylindrical-p-52612.html HTTP/1.0" 200 77337 "-" "Mozilla/5.0 (compatible; SemrushBot/7~bl; +http://www.semrush.com/bot.html)"
46.4.108.51 - - [08/Nov/2023:04:10:03 +0100] "GET /luggages-schoolbags-leather-shop-c-31.html?page=10 HTTP/1.0" 200 100020 "-" "Mozilla/5.0 (compatible; AwarioBot/1.0; +https://awario.com/bots.html)"
203.241.151.50 - - [08/Nov/2023:04:10:06 +0100] "GET /images/mini_prod/3014627769278.jpg HTTP/1.0" 200 269 "-" "Mozilla/5.0 (X11; Ubuntu; Linux x86_64; rv:72.0) Gecko/20100101 Firefox/72.0"
23.22.35.162 - - [08/Nov/2023:04:10:13 +0100] "GET /mini-rectangular-tray-sunflowers-p-60399.html HTTP/1.0" 200 80577 "-" "Mozilla/5.0 (Macintosh; Intel Mac OS X 10_10_1) AppleWebKit/600.2.5 (KHTML, like Gecko) Version/8.0.2 Safari/600.2.5 (Amazonbot/0.1; +https://developer.amazon.com/support/amazonbot)"
173.252.83.8 - - [08/Nov/2023:04:10:17 +0100] "GET /images/big_prod_2/3660173199337b.jpg HTTP/1.0" 200 271 "-" "facebookexternalhit/1.1 (+http://www.facebook.com/externalhit_uatext.php)"
46.4.108.51 - - [08/Nov/2023:04:10:20 +0100] "GET /luggages-schoolbags-leather-shop-c-31.html?page=11 HTTP/1.0" 200 100169 "-" "Mozilla/5.0 (compatible; AwarioBot/1.0; +https://awario.com/bots.html)"
85.208.96.202 - - [08/Nov/2023:04:10:34 +0100] "GET /cheshire-mini-figurine-p-39113.html HTTP/1.0" 200 80264 "-" "Mozilla/5.0 (compatible; SemrushBot/7~bl; +http://www.semrush.com/bot.html)"
85.208.96.201 - - [08/Nov/2023:04:10:37 +0100] "GET /banania-morvan-white-p-40042.html HTTP/1.0" 200 77355 "-" "Mozilla/5.0 (compatible; SemrushBot/7~bl; +http://www.semrush.com/bot.html)"
46.4.108.51 - - [08/Nov/2023:04:10:40 +0100] "GET /luggages-schoolbags-leather-shop-c-31.html?page=2 HTTP/1.0" 200 99893 "-" "Mozilla/5.0 (compatible; AwarioBot/1.0; +https://awario.com/bots.html)"
85.208.96.198 - - [08/Nov/2023:04:10:43 +0100] "GET /copal-aromatika-incense-sticks-p-58246.html HTTP/1.0" 200 80374 "-" "Mozilla/5.0 (compatible; SemrushBot/7~bl; +http://www.semrush.com/bot.html)"
46.4.108.51 - - [08/Nov/2023:04:10:49 +0100] "GET /luggages-schoolbags-leather-shop-c-31.html?page=3 HTTP/1.0" 200 99041 "-" "Mozilla/5.0 (compatible; AwarioBot/1.0; +https://awario.com/bots.html)"
85.208.96.199 - - [08/Nov/2023:04:10:57 +0100] "GET /-p-15099.html HTTP/1.0" 200 77271 "-" "Mozilla/5.0 (compatible; SemrushBot/7~bl; +http://www.semrush.com/bot.html)"
85.208.96.202 - - [08/Nov/2023:04:11:00 +0100] "GET /cotton-bath-grey-p-45255.html HTTP/1.0" 200 77345 "-" "Mozilla/5.0 (compatible; SemrushBot/7~bl; +http://www.semrush.com/bot.html)"
85.208.96.200 - - [08/Nov/2023:04:11:03 +0100] "GET /glitter-adhesive-roll-silver-p-42997.html HTTP/1.0" 200 80582 "-" "Mozilla/5.0 (compatible; SemrushBot/7~bl; +http://www.semrush.com/bot.html)"
46.4.108.51 - - [08/Nov/2023:04:11:05 +0100] "GET /luggages-schoolbags-leather-shop-c-31.html?page=4 HTTP/1.0" 200 98843 "-" "Mozilla/5.0 (compatible; AwarioBot/1.0; +https://awario.com/bots.html)"
23.22.35.162 - - [08/Nov/2023:04:11:10 +0100] "GET /classic-horse-mini-rectangular-tray-p-54912.html HTTP/1.0" 200 79786 "-" "Mozilla/5.0 (Macintosh; Intel Mac OS X 10_10_1) AppleWebKit/600.2.5 (KHTML, like Gecko) Version/8.0.2 Safari/600.2.5 (Amazonbot/0.1; +https://developer.amazon.com/support/amazonbot)"
52.25.208.208 - - [08/Nov/2023:04:11:12 +0100] "GET /storage-basket-monstera-p-55800.html HTTP/1.0" 200 80348 "-" "thesis-research-bot"
100.21.24.205 - - [08/Nov/2023:04:11:13 +0100] "GET /vanua-cotton-basket-planter-p-58822.html HTTP/1.0" 200 80524 "-" "thesis-research-bot"
44.230.252.91 - - [08/Nov/2023:04:11:14 +0100] "GET /seagrass-basket-black-natural-p-58114.html HTTP/1.0" 200 80361 "-" "thesis-research-bot"
168.138.105.69 - - [08/Nov/2023:04:11:16 +0100] "GET /images/mini_prod/3609810065048.jpg HTTP/1.0" 200 269 "-" "Mozilla/5.0 (X11; Ubuntu; Linux x86_64; rv:72.0) Gecko/20100101 Firefox/72.0"
52.25.208.208 - - [08/Nov/2023:04:11:15 +0100] "GET /seagrass-basket-black-natural-p-58115.html HTTP/1.0" 200 80361 "-" "thesis-research-bot"
46.4.108.51 - - [08/Nov/2023:04:11:18 +0100] "GET /robots.txt HTTP/1.0" 200 245 "-" "Mozilla/5.0 (compatible; AwarioBot/1.0; +https://awario.com/bots.html)"
100.21.24.205 - - [08/Nov/2023:04:11:16 +0100] "GET /baskets-c-13_289.html?page=2 HTTP/1.0" 200 97304 "-" "thesis-research-bot"
60.188.9.22 - - [08/Nov/2023:04:11:17 +0100] "GET /-c-139.html HTTP/1.0" 200 75958 "-" "Mozilla/5.0 (Windows NT 6.1; Win64; x64) AppleWebKit/537.36 (KHTML, like Gecko) Chrome/69.0.3497.81 YisouSpider/5.0 Safari/537.36"
52.25.208.208 - - [08/Nov/2023:04:11:17 +0100] "GET /baskets-c-13_289.html?page=3 HTTP/1.0" 200 97261 "-" "thesis-research-bot"
100.21.24.205 - - [08/Nov/2023:04:11:18 +0100] "GET /baskets-c-13_289.html?page=4 HTTP/1.0" 200 88263 "-" "thesis-research-bot"
124.160.170.181 - - [08/Nov/2023:04:11:20 +0100] "GET /templates/Pixame_v1/stylesheet.css HTTP/1.0" 200 267 "http://www.wonder-geek.com/-c-139.html" "Mozilla/5.0 (Windows NT 6.1; Win64; x64) AppleWebKit/537.36 (KHTML, like Gecko) Chrome/69.0.3497.81 YisouSpider/5.0 Safari/537.36"
46.4.108.51 - - [08/Nov/2023:04:11:18 +0100] "GET /luggages-schoolbags-leather-shop-c-31.html?page=5 HTTP/1.0" 200 99533 "-" "Mozilla/5.0 (compatible; AwarioBot/1.0; +https://awario.com/bots.html)"
52.25.208.208 - - [08/Nov/2023:04:11:21 +0100] "GET /isothermic-stainless-steel-bottle-p-53167.html HTTP/1.0" 200 79743 "-" "thesis-research-bot"
52.25.208.208 - - [08/Nov/2023:04:11:23 +0100] "GET /isothermic-stainless-steel-bottle-p-56548.html HTTP/1.0" 200 80362 "-" "thesis-research-bot"
44.230.252.91 - - [08/Nov/2023:04:11:22 +0100] "GET /isothermic-stainless-steel-bottle-p-53168.html HTTP/1.0" 200 79743 "-" "thesis-research-bot"
44.230.252.91 - - [08/Nov/2023:04:11:24 +0100] "GET /isothermic-stainless-steel-bottle-p-56549.html HTTP/1.0" 200 79743 "-" "thesis-research-bot"
44.230.252.91 - - [08/Nov/2023:04:11:25 +0100] "GET /isothermic-stainless-steel-bottle-p-56551.html HTTP/1.0" 200 80362 "-" "thesis-research-bot"
44.230.252.91 - - [08/Nov/2023:04:11:27 +0100] "GET /aluminum-bottle-journe-printed-france-p-56361.html HTTP/1.0" 200 80546 "-" "thesis-research-bot"
100.21.24.205 - - [08/Nov/2023:04:11:26 +0100] "GET /isothermic-stainless-steel-bottle-p-56552.html HTTP/1.0" 200 80362 "-" "thesis-research-bot"
52.25.208.208 - - [08/Nov/2023:04:11:29 +0100] "GET /plante-isothermic-stainless-steel-bott-p-54050.html HTTP/1.0" 200 80013 "-" "thesis-research-bot"
44.230.252.91 - - [08/Nov/2023:04:11:28 +0100] "GET /gogh-isothermic-stainless-steel-bottle-p-53163.html HTTP/1.0" 200 80464 "-" "thesis-research-bot"
100.21.24.205 - - [08/Nov/2023:04:11:31 +0100] "GET /insulated-bottle-planet-p-58200.html HTTP/1.0" 200 80563 "-" "thesis-research-bot"
54.36.148.109 - - [08/Nov/2023:04:11:30 +0100] "GET /washed-dyed-cotton-tablecloth-khaki-p-61216.html HTTP/1.0" 200 80370 "-" "Mozilla/5.0 (compatible; AhrefsBot/7.0; +http://ahrefs.com/robot/)"
52.25.208.208 - - [08/Nov/2023:04:11:30 +0100] "GET /aluminum-bottle-think-green-printed-france-p-56363.html HTTP/1.0" 200 80549 "-" "thesis-research-bot"
44.230.252.91 - - [08/Nov/2023:04:11:33 +0100] "GET /insulated-bottle-planet-p-58202.html HTTP/1.0" 200 80563 "-" "thesis-research-bot"
100.21.24.205 - - [08/Nov/2023:04:11:32 +0100] "GET /insulated-bottle-planet-p-58201.html HTTP/1.0" 200 80563 "-" "thesis-research-bot"
100.21.24.205 - - [08/Nov/2023:04:11:34 +0100] "GET /insulated-bottle-planet-p-58203.html HTTP/1.0" 200 80563 "-" "thesis-research-bot"
44.230.252.91 - - [08/Nov/2023:04:11:35 +0100] "GET /london-cookware-cbkreation-p-29706.html HTTP/1.0" 200 79683 "-" "thesis-research-bot"
44.230.252.91 - - [08/Nov/2023:04:11:36 +0100] "GET /quebec-cookware-cbkreation-p-29711.html HTTP/1.0" 200 79665 "-" "thesis-research-bot"
52.25.208.208 - - [08/Nov/2023:04:11:37 +0100] "GET /yogi-yogini-yogamat-purple-p-48660.html HTTP/1.0" 200 80270 "-" "thesis-research-bot"
52.25.208.208 - - [08/Nov/2023:04:11:38 +0100] "GET /yogi-yogini-yogamat-purple-p-48661.html HTTP/1.0" 200 80270 "-" "thesis-research-bot"
44.230.252.91 - - [08/Nov/2023:04:11:39 +0100] "GET /yogini-yogini-yoga-jute-violet-p-45292.html HTTP/1.0" 200 81224 "-" "thesis-research-bot"
173.252.83.117 - - [08/Nov/2023:04:11:41 +0100] "GET /images/mini_prod/1384010201909.jpg HTTP/1.0" 404 1308 "-" "facebookexternalhit/1.1 (+http://www.facebook.com/externalhit_uatext.php)"
100.21.24.205 - - [08/Nov/2023:04:11:40 +0100] "GET /geishas-cookware-cbkreation-p-29710.html HTTP/1.0" 200 79674 "-" "thesis-research-bot"
100.21.24.205 - - [08/Nov/2023:04:11:41 +0100] "GET /marseille-cookware-cbkreation-p-31258.html HTTP/1.0" 200 79709 "-" "thesis-research-bot"
44.230.252.91 - - [08/Nov/2023:04:11:42 +0100] "GET /rhinoceros-utensil-cbkreation-p-33799.html HTTP/1.0" 200 79710 "-" "thesis-research-bot"
185.191.171.13 - - [08/Nov/2023:04:11:42 +0100] "GET /with-infuser-bears-p-56497.html HTTP/1.0" 200 80344 "-" "Mozilla/5.0 (compatible; SemrushBot/7~bl; +http://www.semrush.com/bot.html)"
52.25.208.208 - - [08/Nov/2023:04:11:43 +0100] "GET /utensil-cutlery-c-12_244.html?page=2 HTTP/1.0" 200 86235 "-" "thesis-research-bot"
52.70.240.171 - - [08/Nov/2023:04:11:47 +0100] "GET /little-prince-exupery-little-tray-p-44551.html HTTP/1.0" 200 80473 "-" "Mozilla/5.0 (Macintosh; Intel Mac OS X 10_10_1) AppleWebKit/600.2.5 (KHTML, like Gecko) Version/8.0.2 Safari/600.2.5 (Amazonbot/0.1; +https://developer.amazon.com/support/amazonbot)"
173.252.83.1 - - [08/Nov/2023:04:11:50 +0100] "GET /images/big_prod/1399985100805.jpg HTTP/1.0" 200 268 "-" "facebookexternalhit/1.1 (+http://www.facebook.com/externalhit_uatext.php)"
52.25.208.208 - - [08/Nov/2023:04:11:49 +0100] "GET /espresso-cups-marseille-p-51374.html HTTP/1.0" 200 79650 "-" "thesis-research-bot"
3.224.220.101 - - [08/Nov/2023:04:11:49 +0100] "GET /corsica-mini-tray-p-54758.html HTTP/1.0" 200 80252 "-" "Mozilla/5.0 (Macintosh; Intel Mac OS X 10_10_1) AppleWebKit/600.2.5 (KHTML, like Gecko) Version/8.0.2 Safari/600.2.5 (Amazonbot/0.1; +https://developer.amazon.com/support/amazonbot)"
52.25.208.208 - - [08/Nov/2023:04:11:50 +0100] "GET /espresso-jolie-provence-p-48228.html HTTP/1.0" 200 80284 "-" "thesis-research-bot"
44.230.252.91 - - [08/Nov/2023:04:11:51 +0100] "GET /espresso-paris-macaroon-p-44536.html HTTP/1.0" 200 80270 "-" "thesis-research-bot"
46.4.108.51 - - [08/Nov/2023:04:11:51 +0100] "GET /luggages-schoolbags-leather-shop-c-31.html?page=6 HTTP/1.0" 200 99501 "-" "Mozilla/5.0 (compatible; AwarioBot/1.0; +https://awario.com/bots.html)"
52.25.208.208 - - [08/Nov/2023:04:11:52 +0100] "GET /minions-melamine-dinner-p-34022.html HTTP/1.0" 200 79819 "-" "thesis-research-bot"
3.224.220.101 - - [08/Nov/2023:04:11:51 +0100] "GET /little-prince-exupery-little-tray-p-56350.html HTTP/1.0" 200 80471 "-" "Mozilla/5.0 (Macintosh; Intel Mac OS X 10_10_1) AppleWebKit/600.2.5 (KHTML, like Gecko) Version/8.0.2 Safari/600.2.5 (Amazonbot/0.1; +https://developer.amazon.com/support/amazonbot)"
100.21.24.205 - - [08/Nov/2023:04:11:53 +0100] "GET /star-wars-yoda-stackable-lunch-p-34030.html HTTP/1.0" 200 79897 "-" "thesis-research-bot"
52.25.208.208 - - [08/Nov/2023:04:11:54 +0100] "GET /kiub-collection-jewels-cool-p-57955.html HTTP/1.0" 200 80545 "-" "thesis-research-bot"
52.25.208.208 - - [08/Nov/2023:04:11:55 +0100] "GET /espresso-crasy-allen-desings-p-53198.html HTTP/1.0" 200 79753 "-" "thesis-research-bot"
100.21.24.205 - - [08/Nov/2023:04:11:56 +0100] "GET /small-cool-lunch-tour-france-p-51683.html HTTP/1.0" 200 79877 "-" "thesis-research-bot"
52.70.240.171 - - [08/Nov/2023:04:11:56 +0100] "GET /small-rugby-melamine-tray-p-21389.html HTTP/1.0" 200 79851 "-" "Mozilla/5.0 (Macintosh; Intel Mac OS X 10_10_1) AppleWebKit/600.2.5 (KHTML, like Gecko) Version/8.0.2 Safari/600.2.5 (Amazonbot/0.1; +https://developer.amazon.com/support/amazonbot)"
100.21.24.205 - - [08/Nov/2023:04:11:57 +0100] "GET /small-cool-lunch-tour-france-p-54354.html HTTP/1.0" 200 79877 "-" "thesis-research-bot"
44.230.252.91 - - [08/Nov/2023:04:11:58 +0100] "GET /kiub-collection-little-prince-p-56240.html HTTP/1.0" 200 80407 "-" "thesis-research-bot"
3.224.220.101 - - [08/Nov/2023:04:11:58 +0100] "GET /blue-ginkgo-mini-tray-p-56802.html HTTP/1.0" 200 79695 "-" "Mozilla/5.0 (Macintosh; Intel Mac OS X 10_10_1) AppleWebKit/600.2.5 (KHTML, like Gecko) Version/8.0.2 Safari/600.2.5 (Amazonbot/0.1; +https://developer.amazon.com/support/amazonbot)"
52.25.208.208 - - [08/Nov/2023:04:11:59 +0100] "GET /kiub-collection-squirrel-cool-p-59058.html HTTP/1.0" 200 80431 "-" "thesis-research-bot"
52.25.208.208 - - [08/Nov/2023:04:12:01 +0100] "GET /breakfast-c-12_61.html?page=2 HTTP/1.0" 200 98865 "-" "thesis-research-bot"
100.21.24.205 - - [08/Nov/2023:04:12:01 +0100] "GET /breakfast-c-12_61.html?page=3 HTTP/1.0" 200 99208 "-" "thesis-research-bot"
52.167.144.205 - - [08/Nov/2023:04:12:04 +0100] "GET /heart-home-friendly-stick-diffuser-winter-pine-p-61063.html HTTP/1.0" 200 81260 "-" "Mozilla/5.0 AppleWebKit/537.36 (KHTML, like Gecko; compatible; bingbot/2.0; +http://www.bing.com/bingbot.htm) Chrome/103.0.5060.134 Safari/537.36"
100.21.24.205 - - [08/Nov/2023:04:12:02 +0100] "GET /breakfast-c-12_61.html?page=4 HTTP/1.0" 200 99288 "-" "thesis-research-bot"
185.191.171.8 - - [08/Nov/2023:04:12:05 +0100] "GET /dora-explorer-large-sticker-p-27889.html HTTP/1.0" 200 79748 "-" "Mozilla/5.0 (compatible; SemrushBot/7~bl; +http://www.semrush.com/bot.html)"
100.21.24.205 - - [08/Nov/2023:04:12:03 +0100] "GET /breakfast-c-12_61.html?page=5 HTTP/1.0" 200 94069 "-" "thesis-research-bot"
23.22.35.162 - - [08/Nov/2023:04:12:03 +0100] "GET /lampshades-c-86_277.html HTTP/1.0" 200 95003 "-" "Mozilla/5.0 (Macintosh; Intel Mac OS X 10_10_1) AppleWebKit/600.2.5 (KHTML, like Gecko) Version/8.0.2 Safari/600.2.5 (Amazonbot/0.1; +https://developer.amazon.com/support/amazonbot)"
100.21.24.205 - - [08/Nov/2023:04:12:04 +0100] "GET /snack-cooler-c-31_235.html?page=2 HTTP/1.0" 200 91027 "-" "thesis-research-bot"
100.21.24.205 - - [08/Nov/2023:04:12:06 +0100] "GET /doormats-entrance-carpets-c-11_269_266.html HTTP/1.0" 200 97997 "-" "thesis-research-bot"
185.191.171.5 - - [08/Nov/2023:04:12:09 +0100] "GET /marseille-black-money-p-24221.html HTTP/1.0" 200 77353 "-" "Mozilla/5.0 (compatible; SemrushBot/7~bl; +http://www.semrush.com/bot.html)"
185.191.171.18 - - [08/Nov/2023:04:12:11 +0100] "GET /mugs-mazagrans-c-12_57.html?page=34 HTTP/1.0" 200 87725 "-" "Mozilla/5.0 (compatible; SemrushBot/7~bl; +http://www.semrush.com/bot.html)"
203.244.221.1 - - [08/Nov/2023:04:12:13 +0100] "GET /images/mini_prod/8435306215780.jpg HTTP/1.0" 200 269 "-" "Mozilla/5.0 (X11; Ubuntu; Linux x86_64; rv:72.0) Gecko/20100101 Firefox/72.0"
85.208.96.205 - - [08/Nov/2023:04:12:15 +0100] "GET /candy-cloud-bamboo-bella-p-49784.html HTTP/1.0" 200 77345 "-" "Mozilla/5.0 (compatible; SemrushBot/7~bl; +http://www.semrush.com/bot.html)"
44.230.252.91 - - [08/Nov/2023:04:12:15 +0100] "GET /nightlight-shaped-cream-p-44646.html HTTP/1.0" 200 79725 "-" "thesis-research-bot"
100.21.24.205 - - [08/Nov/2023:04:12:16 +0100] "GET /nightlight-shaped-cream-p-44647.html HTTP/1.0" 200 79717 "-" "thesis-research-bot"
44.230.252.91 - - [08/Nov/2023:04:12:17 +0100] "GET /nightlight-shaped-cream-p-44648.html HTTP/1.0" 200 79717 "-" "thesis-research-bot"
85.208.96.194 - - [08/Nov/2023:04:12:17 +0100] "GET /small-bamboo-tray-fish-p-49576.html HTTP/1.0" 200 79706 "-" "Mozilla/5.0 (compatible; SemrushBot/7~bl; +http://www.semrush.com/bot.html)"
100.21.24.205 - - [08/Nov/2023:04:12:18 +0100] "GET /nightlite-minion-despicable-p-34083.html HTTP/1.0" 200 79867 "-" "thesis-research-bot"
128.42.28.84 - - [08/Nov/2023:04:12:20 +0100] "GET /images/mini_prod/MISES-EN-SITUATION-08.jpg HTTP/1.0" 200 277 "-" "Mozilla/5.0 (X11; Ubuntu; Linux x86_64; rv:72.0) Gecko/20100101 Firefox/72.0"
44.230.252.91 - - [08/Nov/2023:04:12:19 +0100] "GET /lighting-c-86.html?page=10 HTTP/1.0" 200 98681 "-" "thesis-research-bot"
100.21.24.205 - - [08/Nov/2023:04:12:20 +0100] "GET /lighting-c-86.html?page=11 HTTP/1.0" 200 98866 "-" "thesis-research-bot"
44.230.252.91 - - [08/Nov/2023:04:12:21 +0100] "GET /lighting-c-86.html?page=2 HTTP/1.0" 200 97931 "-" "thesis-research-bot"
52.25.208.208 - - [08/Nov/2023:04:12:22 +0100] "GET /lighting-c-86.html?page=3 HTTP/1.0" 200 98598 "-" "thesis-research-bot"
52.25.208.208 - - [08/Nov/2023:04:12:23 +0100] "GET /lighting-c-86.html?page=4 HTTP/1.0" 200 98585 "-" "thesis-research-bot"
52.167.144.205 - - [08/Nov/2023:04:12:24 +0100] "GET /-p-13528.html HTTP/1.0" 200 77271 "-" "Mozilla/5.0 AppleWebKit/537.36 (KHTML, like Gecko; compatible; bingbot/2.0; +http://www.bing.com/bingbot.htm) Chrome/103.0.5060.134 Safari/537.36"
44.230.252.91 - - [08/Nov/2023:04:12:24 +0100] "GET /lighting-c-86.html?page=5 HTTP/1.0" 200 98286 "-" "thesis-research-bot"
3.224.220.101 - - [08/Nov/2023:04:12:25 +0100] "GET /pencil-case-c-31_75.html HTTP/1.0" 200 100902 "-" "Mozilla/5.0 (Macintosh; Intel Mac OS X 10_10_1) AppleWebKit/600.2.5 (KHTML, like Gecko) Version/8.0.2 Safari/600.2.5 (Amazonbot/0.1; +https://developer.amazon.com/support/amazonbot)"
52.25.208.208 - - [08/Nov/2023:04:12:25 +0100] "GET /lighting-c-86.html?page=6 HTTP/1.0" 200 98305 "-" "thesis-research-bot"
23.22.35.162 - - [08/Nov/2023:04:12:26 +0100] "GET /bike-paris-mini-rectangular-tray-p-54918.html HTTP/1.0" 200 79780 "-" "Mozilla/5.0 (Macintosh; Intel Mac OS X 10_10_1) AppleWebKit/600.2.5 (KHTML, like Gecko) Version/8.0.2 Safari/600.2.5 (Amazonbot/0.1; +https://developer.amazon.com/support/amazonbot)"
100.21.24.205 - - [08/Nov/2023:04:12:26 +0100] "GET /lighting-c-86.html?page=7 HTTP/1.0" 200 99039 "-" "thesis-research-bot"
52.70.240.171 - - [08/Nov/2023:04:12:27 +0100] "GET /love-corsica-mini-tray-p-54760.html HTTP/1.0" 200 80296 "-" "Mozilla/5.0 (Macintosh; Intel Mac OS X 10_10_1) AppleWebKit/600.2.5 (KHTML, like Gecko) Version/8.0.2 Safari/600.2.5 (Amazonbot/0.1; +https://developer.amazon.com/support/amazonbot)"
100.21.24.205 - - [08/Nov/2023:04:12:27 +0100] "GET /lighting-c-86.html?page=8 HTTP/1.0" 200 98426 "-" "thesis-research-bot"
100.21.24.205 - - [08/Nov/2023:04:12:28 +0100] "GET /bees-flowers-alex-clark-p-61265.html HTTP/1.0" 200 81062 "-" "thesis-research-bot"
100.21.24.205 - - [08/Nov/2023:04:12:29 +0100] "GET /pure-living-ceramic-teapot-p-59929.html HTTP/1.0" 200 80714 "-" "thesis-research-bot"
52.25.208.208 - - [08/Nov/2023:04:12:30 +0100] "GET /small-japanese-enameled-cast-iron-teapot-liter-p-57682.html HTTP/1.0" 200 80022 "-" "thesis-research-bot"
52.25.208.208 - - [08/Nov/2023:04:12:31 +0100] "GET /small-green-japanese-enameled-cast-iron-teapot-liter-p-57681.html HTTP/1.0" 200 80046 "-" "thesis-research-bot"
52.25.208.208 - - [08/Nov/2023:04:12:32 +0100] "GET /christmas-ornaments-bone-china-p-54931.html HTTP/1.0" 200 79928 "-" "thesis-research-bot"
44.230.252.91 - - [08/Nov/2023:04:12:33 +0100] "GET /oliver-ceramic-solitary-teapot-p-57264.html HTTP/1.0" 200 79672 "-" "thesis-research-bot"
173.252.83.8 - - [08/Nov/2023:04:12:36 +0100] "GET /images/mini_prod/8435306252099.jpg HTTP/1.0" 404 1308 "-" "facebookexternalhit/1.1 (+http://www.facebook.com/externalhit_uatext.php)"
52.25.208.208 - - [08/Nov/2023:04:12:34 +0100] "GET /tea-pot-c-12_175.html?page=2 HTTP/1.0" 200 99241 "-" "thesis-research-bot"
100.21.24.205 - - [08/Nov/2023:04:12:35 +0100] "GET /tea-pot-c-12_175.html?page=3 HTTP/1.0" 200 99517 "-" "thesis-research-bot"
100.21.24.205 - - [08/Nov/2023:04:12:36 +0100] "GET /tea-pot-c-12_175.html?page=4 HTTP/1.0" 200 99521 "-" "thesis-research-bot"
44.230.252.91 - - [08/Nov/2023:04:12:37 +0100] "GET /tea-pot-c-12_175.html?page=5 HTTP/1.0" 200 99458 "-" "thesis-research-bot"
52.25.208.208 - - [08/Nov/2023:04:12:38 +0100] "GET /tea-pot-c-12_175.html?page=6 HTTP/1.0" 200 99387 "-" "thesis-research-bot"
52.25.208.208 - - [08/Nov/2023:04:12:39 +0100] "GET /tea-pot-c-12_175.html?page=7 HTTP/1.0" 200 91163 "-" "thesis-research-bot"
44.230.252.91 - - [08/Nov/2023:04:12:40 +0100] "GET /lighting-c-86.html?page=9 HTTP/1.0" 200 98953 "-" "thesis-research-bot"
46.4.108.51 - - [08/Nov/2023:04:12:40 +0100] "GET /luggages-schoolbags-leather-shop-c-31.html?page=7 HTTP/1.0" 200 99340 "-" "Mozilla/5.0 (compatible; AwarioBot/1.0; +https://awario.com/bots.html)"
3.224.220.101 - - [08/Nov/2023:04:12:48 +0100] "GET /bird-mini-melamine-tray-p-55854.html HTTP/1.0" 200 79704 "-" "Mozilla/5.0 (Macintosh; Intel Mac OS X 10_10_1) AppleWebKit/600.2.5 (KHTML, like Gecko) Version/8.0.2 Safari/600.2.5 (Amazonbot/0.1; +https://developer.amazon.com/support/amazonbot)"
46.4.108.51 - - [08/Nov/2023:04:12:49 +0100] "GET /luggages-schoolbags-leather-shop-c-31.html?page=8 HTTP/1.0" 200 100240 "-" "Mozilla/5.0 (compatible; AwarioBot/1.0; +https://awario.com/bots.html)"
85.208.96.197 - - [08/Nov/2023:04:12:54 +0100] "GET /gorjuss-dreamer-maxi-portfolio-p-26466.html HTTP/1.0" 200 77381 "-" "Mozilla/5.0 (compatible; SemrushBot/7~bl; +http://www.semrush.com/bot.html)"
85.208.96.212 - - [08/Nov/2023:04:13:08 +0100] "GET /salt-shaker-dodo-chats-dubout-p-60986.html HTTP/1.0" 200 79736 "-" "Mozilla/5.0 (compatible; SemrushBot/7~bl; +http://www.semrush.com/bot.html)"
3.224.220.101 - - [08/Nov/2023:04:13:10 +0100] "GET /mini-melamine-tray-p-55844.html HTTP/1.0" 200 79688 "-" "Mozilla/5.0 (Macintosh; Intel Mac OS X 10_10_1) AppleWebKit/600.2.5 (KHTML, like Gecko) Version/8.0.2 Safari/600.2.5 (Amazonbot/0.1; +https://developer.amazon.com/support/amazonbot)"
23.22.35.162 - - [08/Nov/2023:04:13:13 +0100] "GET /cats-mini-melamine-tray-p-53812.html HTTP/1.0" 200 79704 "-" "Mozilla/5.0 (Macintosh; Intel Mac OS X 10_10_1) AppleWebKit/600.2.5 (KHTML, like Gecko) Version/8.0.2 Safari/600.2.5 (Amazonbot/0.1; +https://developer.amazon.com/support/amazonbot)"
173.252.83.12 - - [08/Nov/2023:04:13:15 +0100] "GET /images/big_prod_1/8433933293980B.jpg HTTP/1.0" 200 271 "-" "facebookexternalhit/1.1 (+http://www.facebook.com/externalhit_uatext.php)"
3.224.220.101 - - [08/Nov/2023:04:13:14 +0100] "GET /mini-melamine-tray-p-55842.html HTTP/1.0" 200 79688 "-" "Mozilla/5.0 (Macintosh; Intel Mac OS X 10_10_1) AppleWebKit/600.2.5 (KHTML, like Gecko) Version/8.0.2 Safari/600.2.5 (Amazonbot/0.1; +https://developer.amazon.com/support/amazonbot)"
46.4.108.51 - - [08/Nov/2023:04:13:14 +0100] "GET /luggages-schoolbags-leather-shop-c-31.html?page=9 HTTP/1.0" 200 99289 "-" "Mozilla/5.0 (compatible; AwarioBot/1.0; +https://awario.com/bots.html)"
3.224.220.101 - - [08/Nov/2023:04:13:16 +0100] "GET /frog-mini-melamine-tray-kook-kiub-p-55871.html HTTP/1.0" 200 79796 "-" "Mozilla/5.0 (Macintosh; Intel Mac OS X 10_10_1) AppleWebKit/600.2.5 (KHTML, like Gecko) Version/8.0.2 Safari/600.2.5 (Amazonbot/0.1; +https://developer.amazon.com/support/amazonbot)"
52.70.240.171 - - [08/Nov/2023:04:13:17 +0100] "GET /birds-mini-melamine-tray-p-55875.html HTTP/1.0" 200 79709 "-" "Mozilla/5.0 (Macintosh; Intel Mac OS X 10_10_1) AppleWebKit/600.2.5 (KHTML, like Gecko) Version/8.0.2 Safari/600.2.5 (Amazonbot/0.1; +https://developer.amazon.com/support/amazonbot)"
3.224.220.101 - - [08/Nov/2023:04:13:18 +0100] "GET /mini-melamine-tray-p-55847.html HTTP/1.0" 200 79688 "-" "Mozilla/5.0 (Macintosh; Intel Mac OS X 10_10_1) AppleWebKit/600.2.5 (KHTML, like Gecko) Version/8.0.2 Safari/600.2.5 (Amazonbot/0.1; +https://developer.amazon.com/support/amazonbot)"
52.70.240.171 - - [08/Nov/2023:04:13:20 +0100] "GET /humming-bird-mini-melamine-tray-p-55858.html HTTP/1.0" 200 79768 "-" "Mozilla/5.0 (Macintosh; Intel Mac OS X 10_10_1) AppleWebKit/600.2.5 (KHTML, like Gecko) Version/8.0.2 Safari/600.2.5 (Amazonbot/0.1; +https://developer.amazon.com/support/amazonbot)"
23.22.35.162 - - [08/Nov/2023:04:13:22 +0100] "GET /retro-metal-tray-p-40730.html HTTP/1.0" 200 79711 "-" "Mozilla/5.0 (Macintosh; Intel Mac OS X 10_10_1) AppleWebKit/600.2.5 (KHTML, like Gecko) Version/8.0.2 Safari/600.2.5 (Amazonbot/0.1; +https://developer.amazon.com/support/amazonbot)"
23.22.35.162 - - [08/Nov/2023:04:13:24 +0100] "GET /retro-metal-tray-p-48099.html HTTP/1.0" 200 79711 "-" "Mozilla/5.0 (Macintosh; Intel Mac OS X 10_10_1) AppleWebKit/600.2.5 (KHTML, like Gecko) Version/8.0.2 Safari/600.2.5 (Amazonbot/0.1; +https://developer.amazon.com/support/amazonbot)"
46.4.108.51 - - [08/Nov/2023:04:13:26 +0100] "GET /robots.txt HTTP/1.0" 200 245 "-" "Mozilla/5.0 (compatible; AwarioBot/1.0; +https://awario.com/bots.html)"
46.4.108.51 - - [08/Nov/2023:04:13:26 +0100] "GET /lulu-castagnette-white-watch-p-47748.html HTTP/1.0" 200 79763 "-" "Mozilla/5.0 (compatible; AwarioBot/1.0; +https://awario.com/bots.html)"
52.70.240.171 - - [08/Nov/2023:04:13:26 +0100] "GET /mini-metal-tray-marseille-p-40097.html HTTP/1.0" 200 79752 "-" "Mozilla/5.0 (Macintosh; Intel Mac OS X 10_10_1) AppleWebKit/600.2.5 (KHTML, like Gecko) Version/8.0.2 Safari/600.2.5 (Amazonbot/0.1; +https://developer.amazon.com/support/amazonbot)"
85.208.96.197 - - [08/Nov/2023:04:13:30 +0100] "GET /stationery-cardmaking-c-129.html?page=28 HTTP/1.0" 200 99649 "-" "Mozilla/5.0 (compatible; SemrushBot/7~bl; +http://www.semrush.com/bot.html)"
