47.128.31.88 - - [13/Nov/2023:09:51:05 +0100] "GET /highslide/graphics/zoomout.cur HTTP/1.0" 200 614 "http://www.wonder-geek.com/-p-16130.html" "Mozilla/5.0 (Linux; Android 5.0) AppleWebKit/537.36 (KHTML, like Gecko) Mobile Safari/537.36 (compatible; Bytespider; spider-feedback@bytedance.com)"
47.128.31.88 - - [13/Nov/2023:09:51:05 +0100] "GET /highslide/graphics/outlines/drop-shadow.png HTTP/1.0" 200 277 "http://www.wonder-geek.com/-p-16130.html" "Mozilla/5.0 (Linux; Android 5.0) AppleWebKit/537.36 (KHTML, like Gecko) Mobile Safari/537.36 (compatible; Bytespider; spider-feedback@bytedance.com)"
149.202.86.86 - - [13/Nov/2023:09:51:05 +0100] "GET /-p-37328.html HTTP/1.0" 200 77383 "-" "Mozilla/5.0 (compatible; MJ12bot/v1.4.8; http://mj12bot.com/)"
149.202.86.86 - - [13/Nov/2023:09:51:08 +0100] "GET /kimmidoll-kazumi-shopping-bag-p-31943.html HTTP/1.0" 301 77603 "-" "Mozilla/5.0 (compatible; MJ12bot/v1.4.8; http://mj12bot.com/)"
149.202.86.86 - - [13/Nov/2023:09:51:11 +0100] "GET /kimmidoll-kazumi-shopping-p-31943.html HTTP/1.0" 200 77511 "-" "Mozilla/5.0 (compatible; MJ12bot/v1.4.8; http://mj12bot.com/)"
54.36.149.33 - - [13/Nov/2023:09:51:12 +0100] "GET /scented-candle-made-france-musk-p-57033.html HTTP/1.0" 200 81404 "-" "Mozilla/5.0 (compatible; AhrefsBot/7.0; +http://ahrefs.com/robot/)"
149.202.86.86 - - [13/Nov/2023:09:51:14 +0100] "GET /kimmidoll-kazumi-shopping-p-31943.html HTTP/1.0" 200 77511 "-" "Mozilla/5.0 (compatible; MJ12bot/v1.4.8; http://mj12bot.com/)"
149.202.86.86 - - [13/Nov/2023:09:51:17 +0100] "GET /kimmidoll-keyring-p-37410.html HTTP/1.0" 200 77459 "-" "Mozilla/5.0 (compatible; MJ12bot/v1.4.8; http://mj12bot.com/)"
149.202.86.86 - - [13/Nov/2023:09:51:21 +0100] "GET /kimmidoll-keyring-p-37411.html HTTP/1.0" 200 77459 "-" "Mozilla/5.0 (compatible; MJ12bot/v1.4.8; http://mj12bot.com/)"
47.128.31.33 - - [13/Nov/2023:09:51:22 +0100] "GET /accessories/accessories-mobiles/world-flag-cover-for-samsung-p-27027.html HTTP/1.0" 301 77450 "-" "Mozilla/5.0 (Linux; Android 5.0) AppleWebKit/537.36 (KHTML, like Gecko) Mobile Safari/537.36 (compatible; Bytespider; spider-feedback@bytedance.com)"
185.191.171.17 - - [13/Nov/2023:09:51:23 +0100] "GET /charmmy-kitty-swimming-ring-p-5988.html HTTP/1.0" 200 79929 "-" "Mozilla/5.0 (compatible; SemrushBot/7~bl; +http://www.semrush.com/bot.html)"
47.128.31.33 - - [13/Nov/2023:09:51:24 +0100] "GET /-p-27027.html HTTP/1.0" 200 77383 "-" "Mozilla/5.0 (Linux; Android 5.0) AppleWebKit/537.36 (KHTML, like Gecko) Mobile Safari/537.36 (compatible; Bytespider; spider-feedback@bytedance.com)"
47.128.31.33 - - [13/Nov/2023:09:51:25 +0100] "GET /swfobject.js HTTP/1.0" 404 1308 "http://www.wonder-geek.com/-p-27027.html" "Mozilla/5.0 (Linux; Android 5.0) AppleWebKit/537.36 (KHTML, like Gecko) Mobile Safari/537.36 (compatible; Bytespider; spider-feedback@bytedance.com)"
149.202.86.86 - - [13/Nov/2023:09:51:24 +0100] "GET /kimmidoll-keyring-p-37412.html HTTP/1.0" 200 77459 "-" "Mozilla/5.0 (compatible; MJ12bot/v1.4.8; http://mj12bot.com/)"
149.202.86.86 - - [13/Nov/2023:09:51:28 +0100] "GET /kimmidoll-keyring-p-37413.html HTTP/1.0" 200 77459 "-" "Mozilla/5.0 (compatible; MJ12bot/v1.4.8; http://mj12bot.com/)"
47.128.31.33 - - [13/Nov/2023:09:51:30 +0100] "GET /highslide/graphics/outlines/drop-shadow.png HTTP/1.0" 200 277 "http://www.wonder-geek.com/-p-27027.html" "Mozilla/5.0 (Linux; Android 5.0) AppleWebKit/537.36 (KHTML, like Gecko) Mobile Safari/537.36 (compatible; Bytespider; spider-feedback@bytedance.com)"
47.128.31.33 - - [13/Nov/2023:09:51:30 +0100] "GET /highslide/graphics/zoomout.cur HTTP/1.0" 200 614 "http://www.wonder-geek.com/-p-27027.html" "Mozilla/5.0 (Linux; Android 5.0) AppleWebKit/537.36 (KHTML, like Gecko) Mobile Safari/537.36 (compatible; Bytespider; spider-feedback@bytedance.com)"
149.202.86.86 - - [13/Nov/2023:09:51:31 +0100] "GET /kimmidoll-keyring-p-37414.html HTTP/1.0" 200 77459 "-" "Mozilla/5.0 (compatible; MJ12bot/v1.4.8; http://mj12bot.com/)"
149.202.86.86 - - [13/Nov/2023:09:51:35 +0100] "GET /kimmidoll-namika-nail-files-p-31931.html HTTP/1.0" 200 79846 "-" "Mozilla/5.0 (compatible; MJ12bot/v1.4.8; http://mj12bot.com/)"
149.202.86.86 - - [13/Nov/2023:09:51:38 +0100] "GET /kimmidoll-namika-shopping-bag-p-31944.html HTTP/1.0" 301 77603 "-" "Mozilla/5.0 (compatible; MJ12bot/v1.4.8; http://mj12bot.com/)"
149.202.86.86 - - [13/Nov/2023:09:51:42 +0100] "GET /kimmidoll-namika-shopping-p-31944.html HTTP/1.0" 200 77511 "-" "Mozilla/5.0 (compatible; MJ12bot/v1.4.8; http://mj12bot.com/)"
149.202.86.86 - - [13/Nov/2023:09:51:45 +0100] "GET /kimmidoll-namika-shopping-p-31944.html HTTP/1.0" 200 77511 "-" "Mozilla/5.0 (compatible; MJ12bot/v1.4.8; http://mj12bot.com/)"
149.202.86.86 - - [13/Nov/2023:09:51:49 +0100] "GET /kimmidoll-round-metal-storage-box-p-37323.html HTTP/1.0" 301 77450 "-" "Mozilla/5.0 (compatible; MJ12bot/v1.4.8; http://mj12bot.com/)"
85.208.96.208 - - [13/Nov/2023:09:51:49 +0100] "GET /decorative-wooden-plate-wifi-bordeaux-p-47794.html HTTP/1.0" 200 80126 "-" "Mozilla/5.0 (compatible; SemrushBot/7~bl; +http://www.semrush.com/bot.html)"
47.128.31.64 - - [13/Nov/2023:09:51:52 +0100] "GET /singing-bowl-p-36057.html HTTP/1.0" 200 77429 "-" "Mozilla/5.0 (Linux; Android 5.0) AppleWebKit/537.36 (KHTML, like Gecko) Mobile Safari/537.36 (compatible; Bytespider; spider-feedback@bytedance.com)"
149.202.86.86 - - [13/Nov/2023:09:51:52 +0100] "GET /-p-37323.html HTTP/1.0" 200 77383 "-" "Mozilla/5.0 (compatible; MJ12bot/v1.4.8; http://mj12bot.com/)"
47.128.31.64 - - [13/Nov/2023:09:51:54 +0100] "GET /swfobject.js HTTP/1.0" 404 1308 "http://www.wonder-geek.com/singing-bowl-p-36057.html" "Mozilla/5.0 (Linux; Android 5.0) AppleWebKit/537.36 (KHTML, like Gecko) Mobile Safari/537.36 (compatible; Bytespider; spider-feedback@bytedance.com)"
47.128.31.64 - - [13/Nov/2023:09:51:56 +0100] "GET /highslide/graphics/outlines/drop-shadow.png HTTP/1.0" 200 277 "http://www.wonder-geek.com/singing-bowl-p-36057.html" "Mozilla/5.0 (Linux; Android 5.0) AppleWebKit/537.36 (KHTML, like Gecko) Mobile Safari/537.36 (compatible; Bytespider; spider-feedback@bytedance.com)"
47.128.31.64 - - [13/Nov/2023:09:51:56 +0100] "GET /highslide/graphics/zoomout.cur HTTP/1.0" 200 614 "http://www.wonder-geek.com/singing-bowl-p-36057.html" "Mozilla/5.0 (Linux; Android 5.0) AppleWebKit/537.36 (KHTML, like Gecko) Mobile Safari/537.36 (compatible; Bytespider; spider-feedback@bytedance.com)"
149.202.86.86 - - [13/Nov/2023:09:51:56 +0100] "GET /kimmidoll-round-metal-storage-box-p-37324.html HTTP/1.0" 301 77450 "-" "Mozilla/5.0 (compatible; MJ12bot/v1.4.8; http://mj12bot.com/)"
149.202.86.86 - - [13/Nov/2023:09:51:59 +0100] "GET /-p-37324.html HTTP/1.0" 200 77383 "-" "Mozilla/5.0 (compatible; MJ12bot/v1.4.8; http://mj12bot.com/)"
149.202.86.86 - - [13/Nov/2023:09:52:03 +0100] "GET /kimmidoll-round-metal-storage-box-p-37325.html HTTP/1.0" 301 77450 "-" "Mozilla/5.0 (compatible; MJ12bot/v1.4.8; http://mj12bot.com/)"
149.202.86.86 - - [13/Nov/2023:09:52:06 +0100] "GET /-p-37325.html HTTP/1.0" 200 77383 "-" "Mozilla/5.0 (compatible; MJ12bot/v1.4.8; http://mj12bot.com/)"
149.202.86.86 - - [13/Nov/2023:09:52:09 +0100] "GET /kimmidoll-round-metal-storage-p-37323.html HTTP/1.0" 301 77450 "-" "Mozilla/5.0 (compatible; MJ12bot/v1.4.8; http://mj12bot.com/)"
149.202.86.86 - - [13/Nov/2023:09:52:13 +0100] "GET /-p-37323.html HTTP/1.0" 200 77383 "-" "Mozilla/5.0 (compatible; MJ12bot/v1.4.8; http://mj12bot.com/)"
149.202.86.86 - - [13/Nov/2023:09:52:16 +0100] "GET /kimmidoll-round-metal-storage-p-37324.html HTTP/1.0" 301 77450 "-" "Mozilla/5.0 (compatible; MJ12bot/v1.4.8; http://mj12bot.com/)"
149.202.86.86 - - [13/Nov/2023:09:52:20 +0100] "GET /-p-37324.html HTTP/1.0" 200 77383 "-" "Mozilla/5.0 (compatible; MJ12bot/v1.4.8; http://mj12bot.com/)"
149.202.86.86 - - [13/Nov/2023:09:52:23 +0100] "GET /kimmidoll-round-metal-storage-p-37325.html HTTP/1.0" 301 77450 "-" "Mozilla/5.0 (compatible; MJ12bot/v1.4.8; http://mj12bot.com/)"
149.202.86.86 - - [13/Nov/2023:09:52:27 +0100] "GET /-p-37325.html HTTP/1.0" 200 77383 "-" "Mozilla/5.0 (compatible; MJ12bot/v1.4.8; http://mj12bot.com/)"
149.202.86.86 - - [13/Nov/2023:09:52:31 +0100] "GET /kimmidoll-rounded-metal-storage-box-p-33946.html HTTP/1.0" 301 77450 "-" "Mozilla/5.0 (compatible; MJ12bot/v1.4.8; http://mj12bot.com/)"
149.202.86.86 - - [13/Nov/2023:09:52:34 +0100] "GET /-p-33946.html HTTP/1.0" 200 77383 "-" "Mozilla/5.0 (compatible; MJ12bot/v1.4.8; http://mj12bot.com/)"
54.36.149.39 - - [13/Nov/2023:09:52:37 +0100] "GET /cotton-floor-cushion-yellow-p-44044.html HTTP/1.0" 200 80582 "-" "Mozilla/5.0 (compatible; AhrefsBot/7.0; +http://ahrefs.com/robot/)"
149.202.86.86 - - [13/Nov/2023:09:52:38 +0100] "GET /kimmidoll-rounded-metal-storage-box-p-33947.html HTTP/1.0" 301 77450 "-" "Mozilla/5.0 (compatible; MJ12bot/v1.4.8; http://mj12bot.com/)"
85.208.96.202 - - [13/Nov/2023:09:52:40 +0100] "GET /cotton-kitchen-towel-made-france-p-43982.html HTTP/1.0" 200 77582 "-" "Mozilla/5.0 (compatible; SemrushBot/7~bl; +http://www.semrush.com/bot.html)"
149.202.86.86 - - [13/Nov/2023:09:52:41 +0100] "GET /-p-33947.html HTTP/1.0" 200 77383 "-" "Mozilla/5.0 (compatible; MJ12bot/v1.4.8; http://mj12bot.com/)"
149.202.86.86 - - [13/Nov/2023:09:52:45 +0100] "GET /kimmidoll-rounded-metal-storage-p-33946.html HTTP/1.0" 301 77450 "-" "Mozilla/5.0 (compatible; MJ12bot/v1.4.8; http://mj12bot.com/)"
149.202.86.86 - - [13/Nov/2023:09:52:49 +0100] "GET /-p-33946.html HTTP/1.0" 200 77383 "-" "Mozilla/5.0 (compatible; MJ12bot/v1.4.8; http://mj12bot.com/)"
149.202.86.86 - - [13/Nov/2023:09:52:53 +0100] "GET /kimmidoll-rounded-metal-storage-p-33947.html HTTP/1.0" 301 77450 "-" "Mozilla/5.0 (compatible; MJ12bot/v1.4.8; http://mj12bot.com/)"
85.208.96.204 - - [13/Nov/2023:09:52:55 +0100] "GET /think-green-isothermic-stainless-steel-bottle-p-54048.html HTTP/1.0" 200 77553 "-" "Mozilla/5.0 (compatible; SemrushBot/7~bl; +http://www.semrush.com/bot.html)"
149.202.86.86 - - [13/Nov/2023:09:52:56 +0100] "GET /-p-33947.html HTTP/1.0" 200 77383 "-" "Mozilla/5.0 (compatible; MJ12bot/v1.4.8; http://mj12bot.com/)"
149.202.86.86 - - [13/Nov/2023:09:53:00 +0100] "GET /king-chess-piece-silver-p-53096.html HTTP/1.0" 200 77465 "-" "Mozilla/5.0 (compatible; MJ12bot/v1.4.8; http://mj12bot.com/)"
149.202.86.86 - - [13/Nov/2023:09:53:04 +0100] "GET /king-silver-decorative-chess-piece-p-53099.html HTTP/1.0" 200 77509 "-" "Mozilla/5.0 (compatible; MJ12bot/v1.4.8; http://mj12bot.com/)"
149.202.86.86 - - [13/Nov/2023:09:53:07 +0100] "GET /kiss-compact-mirror-p-26195.html HTTP/1.0" 200 77449 "-" "Mozilla/5.0 (compatible; MJ12bot/v1.4.8; http://mj12bot.com/)"
185.191.171.14 - - [13/Nov/2023:09:53:17 +0100] "GET /-p-15678.html HTTP/1.0" 200 77383 "-" "Mozilla/5.0 (compatible; SemrushBot/7~bl; +http://www.semrush.com/bot.html)"
54.36.148.217 - - [13/Nov/2023:09:54:05 +0100] "GET /saint-andrew-prayer-candle-novena-p-59212.html HTTP/1.0" 200 80747 "-" "Mozilla/5.0 (compatible; AhrefsBot/7.0; +http://ahrefs.com/robot/)"
54.36.148.79 - - [13/Nov/2023:09:54:08 +0100] "GET /images/big_prod/8422101017749.jpg HTTP/1.0" 200 268 "-" "Mozilla/5.0 (compatible; AhrefsBot/7.0; +http://ahrefs.com/robot/)"
185.191.171.14 - - [13/Nov/2023:09:54:09 +0100] "GET /rabab-porcelain-bowl-p-47863.html HTTP/1.0" 200 79710 "-" "Mozilla/5.0 (compatible; SemrushBot/7~bl; +http://www.semrush.com/bot.html)"
85.208.96.204 - - [13/Nov/2023:09:54:45 +0100] "GET /disney-princess-jewelry-p-37038.html HTTP/1.0" 200 77473 "-" "Mozilla/5.0 (compatible; SemrushBot/7~bl; +http://www.semrush.com/bot.html)"
222.73.22.8 - - [13/Nov/2023:09:55:11 +0100] "GET /wp-login.php HTTP/1.0" 301 535 "-" "Apache-HttpClient/4.5.2 (Java/1.8.0_351)"
222.73.22.8 - - [13/Nov/2023:09:55:12 +0100] "GET /wp-login.php HTTP/1.0" 404 1308 "-" "Apache-HttpClient/4.5.2 (Java/1.8.0_351)"
54.36.149.51 - - [13/Nov/2023:09:55:40 +0100] "GET /ball-yarn-placemat-kiub-p-60028.html HTTP/1.0" 200 79801 "-" "Mozilla/5.0 (compatible; AhrefsBot/7.0; +http://ahrefs.com/robot/)"
185.191.171.2 - - [13/Nov/2023:09:55:40 +0100] "GET /gray-glass-lamp-p-58730.html HTTP/1.0" 200 80802 "-" "Mozilla/5.0 (compatible; SemrushBot/7~bl; +http://www.semrush.com/bot.html)"
54.36.148.196 - - [13/Nov/2023:09:55:42 +0100] "GET /images/big_prod/3700572785936B.jpg HTTP/1.0" 200 269 "-" "Mozilla/5.0 (compatible; AhrefsBot/7.0; +http://ahrefs.com/robot/)"
149.202.86.86 - - [13/Nov/2023:09:55:52 +0100] "GET /kitchen-scale-sentimental-state-hungry-p-37221.html HTTP/1.0" 200 77570 "-" "Mozilla/5.0 (compatible; MJ12bot/v1.4.8; http://mj12bot.com/)"
149.202.86.86 - - [13/Nov/2023:09:55:56 +0100] "GET /kitchen-support-p-40859.html HTTP/1.0" 200 79947 "-" "Mozilla/5.0 (compatible; MJ12bot/v1.4.8; http://mj12bot.com/)"
149.202.86.86 - - [13/Nov/2023:09:56:00 +0100] "GET /kitchen-towel-p-44414.html HTTP/1.0" 200 79725 "-" "Mozilla/5.0 (compatible; MJ12bot/v1.4.8; http://mj12bot.com/)"
149.202.86.86 - - [13/Nov/2023:09:56:04 +0100] "GET /kitten-bedside-lamp-p-27172.html HTTP/1.0" 200 77449 "-" "Mozilla/5.0 (compatible; MJ12bot/v1.4.8; http://mj12bot.com/)"
149.202.86.86 - - [13/Nov/2023:09:56:08 +0100] "GET /kitten-espresso-set-p-37293.html HTTP/1.0" 301 77450 "-" "Mozilla/5.0 (compatible; MJ12bot/v1.4.8; http://mj12bot.com/)"
149.202.86.86 - - [13/Nov/2023:09:56:11 +0100] "GET /-p-37293.html HTTP/1.0" 200 77383 "-" "Mozilla/5.0 (compatible; MJ12bot/v1.4.8; http://mj12bot.com/)"
185.191.171.3 - - [13/Nov/2023:09:56:37 +0100] "GET /table-bell-table-p-58131.html HTTP/1.0" 200 80268 "-" "Mozilla/5.0 (compatible; SemrushBot/7~bl; +http://www.semrush.com/bot.html)"
85.208.96.210 - - [13/Nov/2023:09:56:41 +0100] "GET /clocks-c-13_67.html?page=9 HTTP/1.0" 200 99669 "-" "Mozilla/5.0 (compatible; SemrushBot/7~bl; +http://www.semrush.com/bot.html)"
54.36.148.203 - - [13/Nov/2023:09:56:46 +0100] "GET /jacquard-anti-stain-tablecloth-charcoal-grey-p-34054.html HTTP/1.0" 200 80019 "-" "Mozilla/5.0 (compatible; AhrefsBot/7.0; +http://ahrefs.com/robot/)"
85.208.96.206 - - [13/Nov/2023:09:58:08 +0100] "GET /african-woman-carrying-water-daughter-decoration-p-52879.html HTTP/1.0" 200 77581 "-" "Mozilla/5.0 (compatible; SemrushBot/7~bl; +http://www.semrush.com/bot.html)"
54.36.148.191 - - [13/Nov/2023:09:58:18 +0100] "GET /kimmi-junior-best-friend-necklaces-p-8755.html HTTP/1.0" 200 79858 "-" "Mozilla/5.0 (compatible; AhrefsBot/7.0; +http://ahrefs.com/robot/)"
54.36.149.48 - - [13/Nov/2023:09:58:22 +0100] "GET /images/9316188027779.jpg HTTP/1.0" 200 259 "-" "Mozilla/5.0 (compatible; AhrefsBot/7.0; +http://ahrefs.com/robot/)"
134.130.37.175 - - [13/Nov/2023:09:59:18 +0100] "GET /images/mini_prod/5203199036064.jpg HTTP/1.0" 200 269 "-" "Mozilla/5.0 (X11; Ubuntu; Linux x86_64; rv:72.0) Gecko/20100101 Firefox/72.0"
51.68.224.127 - - [13/Nov/2023:09:59:29 +0100] "GET /adminweb/export_orders_xml.php?token=256de2z6edz6ed2z6DFSFsed2zed6zeDSFDSGdzedezfzf&maxorders=10&orderstart=1&status=14&start_date=2018-10-01 HTTP/1.0" 200 285 "-" "GesCom CharlotteBoutik Serveur"
51.68.224.127 - - [13/Nov/2023:09:59:29 +0100] "GET /adminweb/export_orders_xml.php?token=256de2z6edz6ed2z6DFSFsed2zed6zeDSFDSGdzedezfzf&maxorders=10&orderstart=1&status=6&start_date=2018-10-01 HTTP/1.0" 200 33939 "-" "GesCom CharlotteBoutik Serveur"
149.202.86.86 - - [13/Nov/2023:09:59:44 +0100] "GET /klimt-baiser-make-pencil-case-made-france-p-47418.html HTTP/1.0" 200 77559 "-" "Mozilla/5.0 (compatible; MJ12bot/v1.4.8; http://mj12bot.com/)"
207.46.13.36 - - [13/Nov/2023:09:59:46 +0100] "GET /decorative-wooden-plate-corse-p-61192.html HTTP/1.0" 200 80678 "-" "Mozilla/5.0 AppleWebKit/537.36 (KHTML, like Gecko; compatible; bingbot/2.0; +http://www.bing.com/bingbot.htm) Chrome/103.0.5060.134 Safari/537.36"
149.202.86.86 - - [13/Nov/2023:09:59:47 +0100] "GET /klimt-baiser-purse-made-france-p-47420.html HTTP/1.0" 200 80616 "-" "Mozilla/5.0 (compatible; MJ12bot/v1.4.8; http://mj12bot.com/)"
149.202.86.86 - - [13/Nov/2023:09:59:52 +0100] "GET /klimt-le-baiser-make-up-pencil-case-made-in-france-p-47418.html HTTP/1.0" 301 77667 "-" "Mozilla/5.0 (compatible; MJ12bot/v1.4.8; http://mj12bot.com/)"
149.202.86.86 - - [13/Nov/2023:09:59:55 +0100] "GET /klimt-baiser-make-pencil-case-made-france-p-47418.html HTTP/1.0" 200 77559 "-" "Mozilla/5.0 (compatible; MJ12bot/v1.4.8; http://mj12bot.com/)"
149.202.86.86 - - [13/Nov/2023:10:00:01 +0100] "GET /klimt-le-baiser-zip-purse-made-in-france-p-47420.html HTTP/1.0" 301 80713 "-" "Mozilla/5.0 (compatible; MJ12bot/v1.4.8; http://mj12bot.com/)"
149.202.86.86 - - [13/Nov/2023:10:00:06 +0100] "GET /klimt-baiser-purse-made-france-p-47420.html HTTP/1.0" 200 80616 "-" "Mozilla/5.0 (compatible; MJ12bot/v1.4.8; http://mj12bot.com/)"
149.202.86.86 - - [13/Nov/2023:10:00:15 +0100] "GET /kothai-guitars-cup-p-16382.html HTTP/1.0" 301 80815 "-" "Mozilla/5.0 (compatible; MJ12bot/v1.4.8; http://mj12bot.com/)"
149.202.86.86 - - [13/Nov/2023:10:00:20 +0100] "GET /kothai-guitars-p-16382.html HTTP/1.0" 200 80734 "-" "Mozilla/5.0 (compatible; MJ12bot/v1.4.8; http://mj12bot.com/)"
149.202.86.86 - - [13/Nov/2023:10:00:24 +0100] "GET /kothai-guitars-p-16382.html HTTP/1.0" 200 80734 "-" "Mozilla/5.0 (compatible; MJ12bot/v1.4.8; http://mj12bot.com/)"
47.128.39.56 - - [13/Nov/2023:10:00:26 +0100] "GET /set-cap-gloves-charmmy-kitty-beige-52-cm-p-22153.html HTTP/1.0" 301 77450 "-" "Mozilla/5.0 (Linux; Android 5.0) AppleWebKit/537.36 (KHTML, like Gecko) Mobile Safari/537.36 (compatible; Bytespider; spider-feedback@bytedance.com)"
54.36.148.236 - - [13/Nov/2023:10:00:26 +0100] "GET /retro-sign-p-42689.html HTTP/1.0" 200 79865 "-" "Mozilla/5.0 (compatible; AhrefsBot/7.0; +http://ahrefs.com/robot/)"
47.128.39.56 - - [13/Nov/2023:10:00:28 +0100] "GET /-p-22153.html HTTP/1.0" 200 77383 "-" "Mozilla/5.0 (Linux; Android 5.0) AppleWebKit/537.36 (KHTML, like Gecko) Mobile Safari/537.36 (compatible; Bytespider; spider-feedback@bytedance.com)"
149.202.86.86 - - [13/Nov/2023:10:00:28 +0100] "GET /kuromi-black-shirt-p-30136.html HTTP/1.0" 301 77450 "-" "Mozilla/5.0 (compatible; MJ12bot/v1.4.8; http://mj12bot.com/)"
47.128.39.56 - - [13/Nov/2023:10:00:30 +0100] "GET /swfobject.js HTTP/1.0" 404 1308 "http://www.wonder-geek.com/-p-22153.html" "Mozilla/5.0 (Linux; Android 5.0) AppleWebKit/537.36 (KHTML, like Gecko) Mobile Safari/537.36 (compatible; Bytespider; spider-feedback@bytedance.com)"
149.202.86.86 - - [13/Nov/2023:10:00:34 +0100] "GET /-p-30136.html HTTP/1.0" 200 77383 "-" "Mozilla/5.0 (compatible; MJ12bot/v1.4.8; http://mj12bot.com/)"
47.128.39.56 - - [13/Nov/2023:10:00:37 +0100] "GET /highslide/graphics/outlines/drop-shadow.png HTTP/1.0" 200 277 "http://www.wonder-geek.com/-p-22153.html" "Mozilla/5.0 (Linux; Android 5.0) AppleWebKit/537.36 (KHTML, like Gecko) Mobile Safari/537.36 (compatible; Bytespider; spider-feedback@bytedance.com)"
47.128.39.56 - - [13/Nov/2023:10:00:37 +0100] "GET /highslide/graphics/zoomout.cur HTTP/1.0" 200 614 "http://www.wonder-geek.com/-p-22153.html" "Mozilla/5.0 (Linux; Android 5.0) AppleWebKit/537.36 (KHTML, like Gecko) Mobile Safari/537.36 (compatible; Bytespider; spider-feedback@bytedance.com)"
149.202.86.86 - - [13/Nov/2023:10:00:38 +0100] "GET /ladybug-moneybox-p-37738.html HTTP/1.0" 200 80289 "-" "Mozilla/5.0 (compatible; MJ12bot/v1.4.8; http://mj12bot.com/)"
149.202.86.86 - - [13/Nov/2023:10:00:41 +0100] "GET /lagoona-blue-figure-p-22568.html HTTP/1.0" 200 79803 "-" "Mozilla/5.0 (compatible; MJ12bot/v1.4.8; http://mj12bot.com/)"
185.191.171.15 - - [13/Nov/2023:10:00:51 +0100] "GET /retro-ceramic-coffee-p-59118.html HTTP/1.0" 200 80781 "-" "Mozilla/5.0 (compatible; SemrushBot/7~bl; +http://www.semrush.com/bot.html)"
47.128.39.91 - - [13/Nov/2023:10:00:55 +0100] "GET /dishes/glasses-and-drinking-cup/spiderman-fruit-juice-glasses-p-2388.html HTTP/1.0" 301 80402 "-" "Mozilla/5.0 (Linux; Android 5.0) AppleWebKit/537.36 (KHTML, like Gecko) Mobile Safari/537.36 (compatible; Bytespider; spider-feedback@bytedance.com)"
47.128.39.91 - - [13/Nov/2023:10:00:57 +0100] "GET /spiderman-glasses-p-2388.html HTTP/1.0" 200 80319 "-" "Mozilla/5.0 (Linux; Android 5.0) AppleWebKit/537.36 (KHTML, like Gecko) Mobile Safari/537.36 (compatible; Bytespider; spider-feedback@bytedance.com)"
185.191.171.5 - - [13/Nov/2023:10:01:04 +0100] "GET /yellow-tropical-flowerpot-p-54304.html HTTP/1.0" 200 80409 "-" "Mozilla/5.0 (compatible; SemrushBot/7~bl; +http://www.semrush.com/bot.html)"
47.128.50.178 - - [13/Nov/2023:10:01:22 +0100] "GET /polyester-round-chair-cushion-p-54640.html HTTP/1.0" 200 77489 "-" "Mozilla/5.0 (Linux; Android 5.0) AppleWebKit/537.36 (KHTML, like Gecko) Mobile Safari/537.36 (compatible; Bytespider; spider-feedback@bytedance.com)"
47.128.50.178 - - [13/Nov/2023:10:01:24 +0100] "GET /swfobject.js HTTP/1.0" 404 1308 "http://www.wonder-geek.com/polyester-round-chair-cushion-p-54640.html" "Mozilla/5.0 (Linux; Android 5.0) AppleWebKit/537.36 (KHTML, like Gecko) Mobile Safari/537.36 (compatible; Bytespider; spider-feedback@bytedance.com)"
66.249.66.207 - - [13/Nov/2023:10:01:25 +0100] "GET /robots.txt HTTP/1.0" 200 245 "-" "Mozilla/5.0 (compatible; Googlebot/2.1; +http://www.google.com/bot.html)"
66.249.66.206 - - [13/Nov/2023:10:01:25 +0100] "GET /incense-positive-vibes-grams-about-sticks-p-45148.html HTTP/1.0" 200 80953 "-" "Mozilla/5.0 (Linux; Android 6.0.1; Nexus 5X Build/MMB29P) AppleWebKit/537.36 (KHTML, like Gecko) Chrome/119.0.6045.123 Mobile Safari/537.36 (compatible; Googlebot/2.1; +http://www.google.com/bot.html)"
66.249.66.205 - - [13/Nov/2023:10:01:28 +0100] "GET /swfobject.js HTTP/1.0" 404 1308 "http://www.wonder-geek.com/incense-positive-vibes-grams-about-sticks-p-45148.html" "Mozilla/5.0 (Linux; Android 6.0.1; Nexus 5X Build/MMB29P) AppleWebKit/537.36 (KHTML, like Gecko) Chrome/119.0.6045.105 Mobile Safari/537.36 (compatible; Googlebot/2.1; +http://www.google.com/bot.html)"
47.128.50.178 - - [13/Nov/2023:10:01:30 +0100] "GET /highslide/graphics/outlines/drop-shadow.png HTTP/1.0" 200 277 "http://www.wonder-geek.com/polyester-round-chair-cushion-p-54640.html" "Mozilla/5.0 (Linux; Android 5.0) AppleWebKit/537.36 (KHTML, like Gecko) Mobile Safari/537.36 (compatible; Bytespider; spider-feedback@bytedance.com)"
47.128.50.178 - - [13/Nov/2023:10:01:30 +0100] "GET /highslide/graphics/zoomout.cur HTTP/1.0" 200 614 "http://www.wonder-geek.com/polyester-round-chair-cushion-p-54640.html" "Mozilla/5.0 (Linux; Android 5.0) AppleWebKit/537.36 (KHTML, like Gecko) Mobile Safari/537.36 (compatible; Bytespider; spider-feedback@bytedance.com)"
47.128.39.99 - - [13/Nov/2023:10:01:52 +0100] "GET /games-and-toys/toys/playmobil-racing-car-p-24435.html HTTP/1.0" 301 77450 "-" "Mozilla/5.0 (Linux; Android 5.0) AppleWebKit/537.36 (KHTML, like Gecko) Mobile Safari/537.36 (compatible; Bytespider; spider-feedback@bytedance.com)"
47.128.39.99 - - [13/Nov/2023:10:01:54 +0100] "GET /-p-24435.html HTTP/1.0" 200 77383 "-" "Mozilla/5.0 (Linux; Android 5.0) AppleWebKit/537.36 (KHTML, like Gecko) Mobile Safari/537.36 (compatible; Bytespider; spider-feedback@bytedance.com)"
47.128.39.99 - - [13/Nov/2023:10:01:57 +0100] "GET /swfobject.js HTTP/1.0" 404 1308 "http://www.wonder-geek.com/-p-24435.html" "Mozilla/5.0 (Linux; Android 5.0) AppleWebKit/537.36 (KHTML, like Gecko) Mobile Safari/537.36 (compatible; Bytespider; spider-feedback@bytedance.com)"
47.128.39.99 - - [13/Nov/2023:10:02:02 +0100] "GET /highslide/graphics/outlines/drop-shadow.png HTTP/1.0" 200 277 "http://www.wonder-geek.com/-p-24435.html" "Mozilla/5.0 (Linux; Android 5.0) AppleWebKit/537.36 (KHTML, like Gecko) Mobile Safari/537.36 (compatible; Bytespider; spider-feedback@bytedance.com)"
47.128.39.99 - - [13/Nov/2023:10:02:02 +0100] "GET /highslide/graphics/zoomout.cur HTTP/1.0" 200 614 "http://www.wonder-geek.com/-p-24435.html" "Mozilla/5.0 (Linux; Android 5.0) AppleWebKit/537.36 (KHTML, like Gecko) Mobile Safari/537.36 (compatible; Bytespider; spider-feedback@bytedance.com)"
85.208.96.212 - - [13/Nov/2023:10:02:08 +0100] "GET /wick-ellipse-candle-heart-home-lemon-bliss-p-59904.html HTTP/1.0" 200 81337 "-" "Mozilla/5.0 (compatible; SemrushBot/7~bl; +http://www.semrush.com/bot.html)"
47.128.39.75 - - [13/Nov/2023:10:02:18 +0100] "GET /socks-c-1_141.html?page=5 HTTP/1.0" 200 84758 "-" "Mozilla/5.0 (Linux; Android 5.0) AppleWebKit/537.36 (KHTML, like Gecko) Mobile Safari/537.36 (compatible; Bytespider; spider-feedback@bytedance.com)"
54.36.148.85 - - [13/Nov/2023:10:02:19 +0100] "GET /gingerbread-little-tray-p-30690.html HTTP/1.0" 200 79821 "-" "Mozilla/5.0 (compatible; AhrefsBot/7.0; +http://ahrefs.com/robot/)"
54.36.148.137 - - [13/Nov/2023:10:02:21 +0100] "GET /images/med_prod/3453131123624.jpg HTTP/1.0" 200 268 "-" "Mozilla/5.0 (compatible; AhrefsBot/7.0; +http://ahrefs.com/robot/)"
47.128.39.75 - - [13/Nov/2023:10:02:29 +0100] "GET /swfobject.js HTTP/1.0" 404 1308 "http://www.wonder-geek.com/socks-c-1_141.html?page=5" "Mozilla/5.0 (Linux; Android 5.0) AppleWebKit/537.36 (KHTML, like Gecko) Mobile Safari/537.36 (compatible; Bytespider; spider-feedback@bytedance.com)"
47.128.39.75 - - [13/Nov/2023:10:02:29 +0100] "GET /js/jquery.min.js HTTP/1.0" 404 1308 "http://www.wonder-geek.com/socks-c-1_141.html?page=5" "Mozilla/5.0 (Linux; Android 5.0) AppleWebKit/537.36 (KHTML, like Gecko) Mobile Safari/537.36 (compatible; Bytespider; spider-feedback@bytedance.com)"
47.128.39.75 - - [13/Nov/2023:10:02:34 +0100] "GET /highslide/graphics/outlines/drop-shadow.png HTTP/1.0" 200 277 "http://www.wonder-geek.com/socks-c-1_141.html?page=5" "Mozilla/5.0 (Linux; Android 5.0) AppleWebKit/537.36 (KHTML, like Gecko) Mobile Safari/537.36 (compatible; Bytespider; spider-feedback@bytedance.com)"
47.128.39.75 - - [13/Nov/2023:10:02:34 +0100] "GET /highslide/graphics/zoomout.cur HTTP/1.0" 200 614 "http://www.wonder-geek.com/socks-c-1_141.html?page=5" "Mozilla/5.0 (Linux; Android 5.0) AppleWebKit/537.36 (KHTML, like Gecko) Mobile Safari/537.36 (compatible; Bytespider; spider-feedback@bytedance.com)"
85.208.96.206 - - [13/Nov/2023:10:02:35 +0100] "GET /insulated-bottle-planet-p-58200.html HTTP/1.0" 200 80675 "-" "Mozilla/5.0 (compatible; SemrushBot/7~bl; +http://www.semrush.com/bot.html)"
47.128.21.23 - - [13/Nov/2023:10:03:07 +0100] "GET /small-box-for-baby-teeth-the-adam-small-mouse-p-47096.html HTTP/1.0" 301 80770 "-" "Mozilla/5.0 (Linux; Android 5.0) AppleWebKit/537.36 (KHTML, like Gecko) Mobile Safari/537.36 (compatible; Bytespider; spider-feedback@bytedance.com)"
47.128.21.23 - - [13/Nov/2023:10:03:09 +0100] "GET /small-baby-teeth-adam-small-mouse-p-47096.html HTTP/1.0" 200 80670 "-" "Mozilla/5.0 (Linux; Android 5.0) AppleWebKit/537.36 (KHTML, like Gecko) Mobile Safari/537.36 (compatible; Bytespider; spider-feedback@bytedance.com)"
66.249.66.207 - - [13/Nov/2023:10:03:11 +0100] "GET /resin-statuette-gymnast-world-p-52840.html HTTP/1.0" 200 77515 "-" "Mozilla/5.0 (Linux; Android 6.0.1; Nexus 5X Build/MMB29P) AppleWebKit/537.36 (KHTML, like Gecko) Chrome/119.0.6045.123 Mobile Safari/537.36 (compatible; Googlebot/2.1; +http://www.google.com/bot.html)"
47.128.35.31 - - [13/Nov/2023:10:03:17 +0100] "GET /beige-lampshade-p-59075.html HTTP/1.0" 200 77445 "-" "Mozilla/5.0 (Linux; Android 5.0) AppleWebKit/537.36 (KHTML, like Gecko) Mobile Safari/537.36 (compatible; Bytespider; spider-feedback@bytedance.com)"
47.128.35.31 - - [13/Nov/2023:10:03:19 +0100] "GET /swfobject.js HTTP/1.0" 404 1308 "http://www.wonder-geek.com/beige-lampshade-p-59075.html" "Mozilla/5.0 (Linux; Android 5.0) AppleWebKit/537.36 (KHTML, like Gecko) Mobile Safari/537.36 (compatible; Bytespider; spider-feedback@bytedance.com)"
47.128.35.31 - - [13/Nov/2023:10:03:25 +0100] "GET /highslide/graphics/zoomout.cur HTTP/1.0" 200 614 "http://www.wonder-geek.com/beige-lampshade-p-59075.html" "Mozilla/5.0 (Linux; Android 5.0) AppleWebKit/537.36 (KHTML, like Gecko) Mobile Safari/537.36 (compatible; Bytespider; spider-feedback@bytedance.com)"
47.128.35.31 - - [13/Nov/2023:10:03:25 +0100] "GET /highslide/graphics/outlines/drop-shadow.png HTTP/1.0" 200 277 "http://www.wonder-geek.com/beige-lampshade-p-59075.html" "Mozilla/5.0 (Linux; Android 5.0) AppleWebKit/537.36 (KHTML, like Gecko) Mobile Safari/537.36 (compatible; Bytespider; spider-feedback@bytedance.com)"
8.218.254.250 - - [13/Nov/2023:10:03:28 +0100] "GET /images/mini_prod/1384010183854.jpg HTTP/1.0" 200 269 "-" "Mozilla/5.0 (X11; Ubuntu; Linux x86_64; rv:72.0) Gecko/20100101 Firefox/72.0"
47.128.21.23 - - [13/Nov/2023:10:03:33 +0100] "GET /small-box-for-baby-teeth-the-adam-small-mouse-p-47096.html HTTP/1.0" 301 80770 "-" "Mozilla/5.0 (Linux; Android 5.0) AppleWebKit/537.36 (KHTML, like Gecko) Mobile Safari/537.36 (compatible; Bytespider; spider-feedback@bytedance.com)"
47.128.21.23 - - [13/Nov/2023:10:03:34 +0100] "GET /small-baby-teeth-adam-small-mouse-p-47096.html HTTP/1.0" 200 80670 "-" "Mozilla/5.0 (Linux; Android 5.0) AppleWebKit/537.36 (KHTML, like Gecko) Mobile Safari/537.36 (compatible; Bytespider; spider-feedback@bytedance.com)"
85.208.96.206 - - [13/Nov/2023:10:03:38 +0100] "GET /rectangular-burlap-placemat-corsica-p-50940.html HTTP/1.0" 200 80427 "-" "Mozilla/5.0 (compatible; SemrushBot/7~bl; +http://www.semrush.com/bot.html)"
47.128.60.206 - - [13/Nov/2023:10:03:44 +0100] "GET /mirror-to-hang-mosaics-elephant-p-46423.html HTTP/1.0" 301 77591 "-" "Mozilla/5.0 (Linux; Android 5.0) AppleWebKit/537.36 (KHTML, like Gecko) Mobile Safari/537.36 (compatible; Bytespider; spider-feedback@bytedance.com)"
47.128.60.206 - - [13/Nov/2023:10:03:46 +0100] "GET /mirror-hang-mosaics-elephant-p-46423.html HTTP/1.0" 200 77496 "-" "Mozilla/5.0 (Linux; Android 5.0) AppleWebKit/537.36 (KHTML, like Gecko) Mobile Safari/537.36 (compatible; Bytespider; spider-feedback@bytedance.com)"
47.128.60.206 - - [13/Nov/2023:10:03:48 +0100] "GET /swfobject.js HTTP/1.0" 404 1308 "http://www.wonder-geek.com/mirror-hang-mosaics-elephant-p-46423.html" "Mozilla/5.0 (Linux; Android 5.0) AppleWebKit/537.36 (KHTML, like Gecko) Mobile Safari/537.36 (compatible; Bytespider; spider-feedback@bytedance.com)"
47.128.60.206 - - [13/Nov/2023:10:03:53 +0100] "GET /highslide/graphics/outlines/drop-shadow.png HTTP/1.0" 200 277 "http://www.wonder-geek.com/mirror-hang-mosaics-elephant-p-46423.html" "Mozilla/5.0 (Linux; Android 5.0) AppleWebKit/537.36 (KHTML, like Gecko) Mobile Safari/537.36 (compatible; Bytespider; spider-feedback@bytedance.com)"
47.128.60.206 - - [13/Nov/2023:10:03:53 +0100] "GET /highslide/graphics/zoomout.cur HTTP/1.0" 200 614 "http://www.wonder-geek.com/mirror-hang-mosaics-elephant-p-46423.html" "Mozilla/5.0 (Linux; Android 5.0) AppleWebKit/537.36 (KHTML, like Gecko) Mobile Safari/537.36 (compatible; Bytespider; spider-feedback@bytedance.com)"
149.202.86.86 - - [13/Nov/2023:10:03:52 +0100] "GET /laissez-lucie-faire-cool-bag-lunch-box-p-34978.html HTTP/1.0" 301 77606 "-" "Mozilla/5.0 (compatible; MJ12bot/v1.4.8; http://mj12bot.com/)"
185.191.171.19 - - [13/Nov/2023:10:03:52 +0100] "GET /salt-pepper-shakers-p-52203.html HTTP/1.0" 200 79773 "-" "Mozilla/5.0 (compatible; SemrushBot/7~bl; +http://www.semrush.com/bot.html)"
54.36.149.93 - - [13/Nov/2023:10:03:55 +0100] "GET /tweety-poster-p-36322.html HTTP/1.0" 200 79685 "-" "Mozilla/5.0 (compatible; AhrefsBot/7.0; +http://ahrefs.com/robot/)"
149.202.86.86 - - [13/Nov/2023:10:03:55 +0100] "GET /laissez-lucie-faire-cool-lunch-p-34978.html HTTP/1.0" 200 77509 "-" "Mozilla/5.0 (compatible; MJ12bot/v1.4.8; http://mj12bot.com/)"
157.55.39.48 - - [13/Nov/2023:10:03:57 +0100] "GET /mugs-mazagrans-c-12_57.html?page=2 HTTP/1.0" 200 101856 "-" "Mozilla/5.0 AppleWebKit/537.36 (KHTML, like Gecko; compatible; bingbot/2.0; +http://www.bing.com/bingbot.htm) Chrome/103.0.5060.134 Safari/537.36"
149.202.86.86 - - [13/Nov/2023:10:03:58 +0100] "GET /laissez-lucie-faire-cool-lunch-p-34978.html HTTP/1.0" 200 77509 "-" "Mozilla/5.0 (compatible; MJ12bot/v1.4.8; http://mj12bot.com/)"
149.202.86.86 - - [13/Nov/2023:10:04:01 +0100] "GET /laissez-lucie-faire-liberty-adult-apron-p-39875.html HTTP/1.0" 200 77529 "-" "Mozilla/5.0 (compatible; MJ12bot/v1.4.8; http://mj12bot.com/)"
149.202.86.86 - - [13/Nov/2023:10:04:04 +0100] "GET /laissez-lucie-faire-onyx-card-holders-p-42660.html HTTP/1.0" 200 77511 "-" "Mozilla/5.0 (compatible; MJ12bot/v1.4.8; http://mj12bot.com/)"
149.202.86.86 - - [13/Nov/2023:10:04:07 +0100] "GET /laissez-lucie-faire-shopping-bag-p-29348.html HTTP/1.0" 301 77450 "-" "Mozilla/5.0 (compatible; MJ12bot/v1.4.8; http://mj12bot.com/)"
47.128.23.206 - - [13/Nov/2023:10:04:09 +0100] "GET /harmony-washed-linen-adult-kitchen-apron-absinthe-p-48145.html HTTP/1.0" 301 77450 "-" "Mozilla/5.0 (Linux; Android 5.0) AppleWebKit/537.36 (KHTML, like Gecko) Mobile Safari/537.36 (compatible; Bytespider; spider-feedback@bytedance.com)"
149.202.86.86 - - [13/Nov/2023:10:04:10 +0100] "GET /-p-29348.html HTTP/1.0" 200 77383 "-" "Mozilla/5.0 (compatible; MJ12bot/v1.4.8; http://mj12bot.com/)"
47.128.23.206 - - [13/Nov/2023:10:04:11 +0100] "GET /-p-48145.html HTTP/1.0" 200 77383 "-" "Mozilla/5.0 (Linux; Android 5.0) AppleWebKit/537.36 (KHTML, like Gecko) Mobile Safari/537.36 (compatible; Bytespider; spider-feedback@bytedance.com)"
47.128.23.206 - - [13/Nov/2023:10:04:13 +0100] "GET /swfobject.js HTTP/1.0" 404 1308 "http://www.wonder-geek.com/-p-48145.html" "Mozilla/5.0 (Linux; Android 5.0) AppleWebKit/537.36 (KHTML, like Gecko) Mobile Safari/537.36 (compatible; Bytespider; spider-feedback@bytedance.com)"
149.202.86.86 - - [13/Nov/2023:10:04:13 +0100] "GET /laissez-lucie-faire-shopping-p-29348.html HTTP/1.0" 301 77450 "-" "Mozilla/5.0 (compatible; MJ12bot/v1.4.8; http://mj12bot.com/)"
47.128.23.206 - - [13/Nov/2023:10:04:15 +0100] "GET /highslide/graphics/zoomout.cur HTTP/1.0" 200 614 "http://www.wonder-geek.com/-p-48145.html" "Mozilla/5.0 (Linux; Android 5.0) AppleWebKit/537.36 (KHTML, like Gecko) Mobile Safari/537.36 (compatible; Bytespider; spider-feedback@bytedance.com)"
47.128.23.206 - - [13/Nov/2023:10:04:15 +0100] "GET /highslide/graphics/outlines/drop-shadow.png HTTP/1.0" 200 277 "http://www.wonder-geek.com/-p-48145.html" "Mozilla/5.0 (Linux; Android 5.0) AppleWebKit/537.36 (KHTML, like Gecko) Mobile Safari/537.36 (compatible; Bytespider; spider-feedback@bytedance.com)"
149.202.86.86 - - [13/Nov/2023:10:04:17 +0100] "GET /-p-29348.html HTTP/1.0" 200 77383 "-" "Mozilla/5.0 (compatible; MJ12bot/v1.4.8; http://mj12bot.com/)"
149.202.86.86 - - [13/Nov/2023:10:04:20 +0100] "GET /laissez-lucie-faire-small-note-book-p-29323.html HTTP/1.0" 200 77549 "-" "Mozilla/5.0 (compatible; MJ12bot/v1.4.8; http://mj12bot.com/)"
149.202.86.86 - - [13/Nov/2023:10:04:23 +0100] "GET /laissez-lucie-faire-toiletry-bag-byako-p-38866.html HTTP/1.0" 301 77606 "-" "Mozilla/5.0 (compatible; MJ12bot/v1.4.8; http://mj12bot.com/)"
149.202.86.86 - - [13/Nov/2023:10:04:26 +0100] "GET /laissez-lucie-faire-toiletry-byako-p-38866.html HTTP/1.0" 200 77505 "-" "Mozilla/5.0 (compatible; MJ12bot/v1.4.8; http://mj12bot.com/)"
149.202.86.86 - - [13/Nov/2023:10:04:29 +0100] "GET /laissez-lucie-faire-toiletry-bag-olga-p-38867.html HTTP/1.0" 301 77636 "-" "Mozilla/5.0 (compatible; MJ12bot/v1.4.8; http://mj12bot.com/)"
149.202.86.86 - - [13/Nov/2023:10:04:32 +0100] "GET /laissez-lucie-faire-toiletry-olga-p-38867.html HTTP/1.0" 200 77536 "-" "Mozilla/5.0 (compatible; MJ12bot/v1.4.8; http://mj12bot.com/)"
85.208.96.199 - - [13/Nov/2023:10:04:33 +0100] "GET /-p-60271.html HTTP/1.0" 200 77383 "-" "Mozilla/5.0 (compatible; SemrushBot/7~bl; +http://www.semrush.com/bot.html)"
149.202.86.86 - - [13/Nov/2023:10:04:35 +0100] "GET /laissez-lucie-faire-toiletry-bag-p-29291.html HTTP/1.0" 301 77621 "-" "Mozilla/5.0 (compatible; MJ12bot/v1.4.8; http://mj12bot.com/)"
149.202.86.86 - - [13/Nov/2023:10:04:38 +0100] "GET /laissez-lucie-faire-toiletry-p-29291.html HTTP/1.0" 200 77526 "-" "Mozilla/5.0 (compatible; MJ12bot/v1.4.8; http://mj12bot.com/)"
149.202.86.86 - - [13/Nov/2023:10:04:41 +0100] "GET /laissez-lucie-faire-toiletry-bag-p-29292.html HTTP/1.0" 301 77621 "-" "Mozilla/5.0 (compatible; MJ12bot/v1.4.8; http://mj12bot.com/)"
149.202.86.86 - - [13/Nov/2023:10:04:44 +0100] "GET /laissez-lucie-faire-toiletry-p-29292.html HTTP/1.0" 200 77526 "-" "Mozilla/5.0 (compatible; MJ12bot/v1.4.8; http://mj12bot.com/)"
85.208.96.211 - - [13/Nov/2023:10:04:45 +0100] "GET /thingy-bedclothes-p-42853.html HTTP/1.0" 200 77453 "-" "Mozilla/5.0 (compatible; SemrushBot/7~bl; +http://www.semrush.com/bot.html)"
149.202.86.86 - - [13/Nov/2023:10:04:47 +0100] "GET /laissez-lucie-faire-toiletry-bag-p-29293.html HTTP/1.0" 301 77621 "-" "Mozilla/5.0 (compatible; MJ12bot/v1.4.8; http://mj12bot.com/)"
149.202.86.86 - - [13/Nov/2023:10:04:50 +0100] "GET /laissez-lucie-faire-toiletry-p-29293.html HTTP/1.0" 200 77526 "-" "Mozilla/5.0 (compatible; MJ12bot/v1.4.8; http://mj12bot.com/)"
149.202.86.86 - - [13/Nov/2023:10:04:54 +0100] "GET /laissez-lucie-faire-toiletry-bag-p-29294.html HTTP/1.0" 301 77621 "-" "Mozilla/5.0 (compatible; MJ12bot/v1.4.8; http://mj12bot.com/)"
149.202.86.86 - - [13/Nov/2023:10:04:57 +0100] "GET /laissez-lucie-faire-toiletry-p-29294.html HTTP/1.0" 200 77526 "-" "Mozilla/5.0 (compatible; MJ12bot/v1.4.8; http://mj12bot.com/)"
47.128.31.253 - - [13/Nov/2023:10:05:01 +0100] "GET /games-and-toys/board-games/babar-puzzles-set-p-6630.html HTTP/1.0" 301 77447 "-" "Mozilla/5.0 (Linux; Android 5.0) AppleWebKit/537.36 (KHTML, like Gecko) Mobile Safari/537.36 (compatible; Bytespider; spider-feedback@bytedance.com)"
149.202.86.86 - - [13/Nov/2023:10:05:01 +0100] "GET /laissez-lucie-faire-toiletry-byako-p-38866.html HTTP/1.0" 200 77505 "-" "Mozilla/5.0 (compatible; MJ12bot/v1.4.8; http://mj12bot.com/)"
47.128.31.253 - - [13/Nov/2023:10:05:02 +0100] "GET /-p-6630.html HTTP/1.0" 200 77381 "-" "Mozilla/5.0 (Linux; Android 5.0) AppleWebKit/537.36 (KHTML, like Gecko) Mobile Safari/537.36 (compatible; Bytespider; spider-feedback@bytedance.com)"
47.128.31.253 - - [13/Nov/2023:10:05:04 +0100] "GET /swfobject.js HTTP/1.0" 404 1308 "http://www.wonder-geek.com/-p-6630.html" "Mozilla/5.0 (Linux; Android 5.0) AppleWebKit/537.36 (KHTML, like Gecko) Mobile Safari/537.36 (compatible; Bytespider; spider-feedback@bytedance.com)"
149.202.86.86 - - [13/Nov/2023:10:05:04 +0100] "GET /laissez-lucie-faire-toiletry-olga-p-38867.html HTTP/1.0" 200 77536 "-" "Mozilla/5.0 (compatible; MJ12bot/v1.4.8; http://mj12bot.com/)"
47.128.57.94 - - [13/Nov/2023:10:05:05 +0100] "GET /mini-piggy-bank-p-38741.html HTTP/1.0" 301 77450 "-" "Mozilla/5.0 (Linux; Android 5.0) AppleWebKit/537.36 (KHTML, like Gecko) Mobile Safari/537.36 (compatible; Bytespider; spider-feedback@bytedance.com)"
47.128.57.94 - - [13/Nov/2023:10:05:07 +0100] "GET /-p-38741.html HTTP/1.0" 200 77383 "-" "Mozilla/5.0 (Linux; Android 5.0) AppleWebKit/537.36 (KHTML, like Gecko) Mobile Safari/537.36 (compatible; Bytespider; spider-feedback@bytedance.com)"
47.128.31.253 - - [13/Nov/2023:10:05:09 +0100] "GET /highslide/graphics/zoomout.cur HTTP/1.0" 200 614 "http://www.wonder-geek.com/-p-6630.html" "Mozilla/5.0 (Linux; Android 5.0) AppleWebKit/537.36 (KHTML, like Gecko) Mobile Safari/537.36 (compatible; Bytespider; spider-feedback@bytedance.com)"
47.128.31.253 - - [13/Nov/2023:10:05:09 +0100] "GET /highslide/graphics/outlines/drop-shadow.png HTTP/1.0" 200 277 "http://www.wonder-geek.com/-p-6630.html" "Mozilla/5.0 (Linux; Android 5.0) AppleWebKit/537.36 (KHTML, like Gecko) Mobile Safari/537.36 (compatible; Bytespider; spider-feedback@bytedance.com)"
47.128.57.94 - - [13/Nov/2023:10:05:09 +0100] "GET /swfobject.js HTTP/1.0" 404 1308 "http://www.wonder-geek.com/-p-38741.html" "Mozilla/5.0 (Linux; Android 5.0) AppleWebKit/537.36 (KHTML, like Gecko) Mobile Safari/537.36 (compatible; Bytespider; spider-feedback@bytedance.com)"
149.202.86.86 - - [13/Nov/2023:10:05:08 +0100] "GET /laissez-lucie-faire-toiletry-p-29291.html HTTP/1.0" 200 77526 "-" "Mozilla/5.0 (compatible; MJ12bot/v1.4.8; http://mj12bot.com/)"
47.128.57.94 - - [13/Nov/2023:10:05:09 +0100] "GET /highslide/graphics/outlines/drop-shadow.png HTTP/1.0" 200 277 "http://www.wonder-geek.com/-p-38741.html" "Mozilla/5.0 (Linux; Android 5.0) AppleWebKit/537.36 (KHTML, like Gecko) Mobile Safari/537.36 (compatible; Bytespider; spider-feedback@bytedance.com)"
47.128.57.94 - - [13/Nov/2023:10:05:09 +0100] "GET /highslide/graphics/zoomout.cur HTTP/1.0" 200 614 "http://www.wonder-geek.com/-p-38741.html" "Mozilla/5.0 (Linux; Android 5.0) AppleWebKit/537.36 (KHTML, like Gecko) Mobile Safari/537.36 (compatible; Bytespider; spider-feedback@bytedance.com)"
47.76.57.30 - - [13/Nov/2023:10:05:10 +0100] "GET /images/mini_prod/3453131143219.jpg HTTP/1.0" 200 269 "-" "Mozilla/5.0 (X11; Ubuntu; Linux x86_64; rv:72.0) Gecko/20100101 Firefox/72.0"
149.202.86.86 - - [13/Nov/2023:10:05:11 +0100] "GET /laissez-lucie-faire-toiletry-p-29292.html HTTP/1.0" 200 77526 "-" "Mozilla/5.0 (compatible; MJ12bot/v1.4.8; http://mj12bot.com/)"
185.191.171.9 - - [13/Nov/2023:10:05:14 +0100] "GET /despicable-puzzle-pieces-p-27684.html HTTP/1.0" 200 77481 "-" "Mozilla/5.0 (compatible; SemrushBot/7~bl; +http://www.semrush.com/bot.html)"
149.202.86.86 - - [13/Nov/2023:10:05:14 +0100] "GET /laissez-lucie-faire-toiletry-p-29293.html HTTP/1.0" 200 77526 "-" "Mozilla/5.0 (compatible; MJ12bot/v1.4.8; http://mj12bot.com/)"
149.202.86.86 - - [13/Nov/2023:10:05:17 +0100] "GET /laissez-lucie-faire-toiletry-p-29294.html HTTP/1.0" 200 77526 "-" "Mozilla/5.0 (compatible; MJ12bot/v1.4.8; http://mj12bot.com/)"
149.202.86.86 - - [13/Nov/2023:10:05:21 +0100] "GET /lamp-spirit-green-p-41938.html HTTP/1.0" 301 77450 "-" "Mozilla/5.0 (compatible; MJ12bot/v1.4.8; http://mj12bot.com/)"
149.202.86.86 - - [13/Nov/2023:10:05:24 +0100] "GET /-p-41938.html HTTP/1.0" 200 77383 "-" "Mozilla/5.0 (compatible; MJ12bot/v1.4.8; http://mj12bot.com/)"
149.202.86.86 - - [13/Nov/2023:10:05:27 +0100] "GET /lamp-spirit-orange-p-41937.html HTTP/1.0" 301 77450 "-" "Mozilla/5.0 (compatible; MJ12bot/v1.4.8; http://mj12bot.com/)"
149.202.86.86 - - [13/Nov/2023:10:05:31 +0100] "GET /-p-41937.html HTTP/1.0" 200 77383 "-" "Mozilla/5.0 (compatible; MJ12bot/v1.4.8; http://mj12bot.com/)"
149.202.86.86 - - [13/Nov/2023:10:05:34 +0100] "GET /large-bamboo-lamp-p-54587.html HTTP/1.0" 301 77450 "-" "Mozilla/5.0 (compatible; MJ12bot/v1.4.8; http://mj12bot.com/)"
47.128.58.250 - - [13/Nov/2023:10:05:35 +0100] "GET /van-gogh-nuit-toilee-adult-apron-p-47665.html HTTP/1.0" 301 80476 "-" "Mozilla/5.0 (Linux; Android 5.0) AppleWebKit/537.36 (KHTML, like Gecko) Mobile Safari/537.36 (compatible; Bytespider; spider-feedback@bytedance.com)"
47.128.58.250 - - [13/Nov/2023:10:05:37 +0100] "GET /gogh-nuit-toile-adult-apron-p-47665.html HTTP/1.0" 200 80382 "-" "Mozilla/5.0 (Linux; Android 5.0) AppleWebKit/537.36 (KHTML, like Gecko) Mobile Safari/537.36 (compatible; Bytespider; spider-feedback@bytedance.com)"
149.202.86.86 - - [13/Nov/2023:10:05:38 +0100] "GET /-p-54587.html HTTP/1.0" 200 77383 "-" "Mozilla/5.0 (compatible; MJ12bot/v1.4.8; http://mj12bot.com/)"
149.202.86.86 - - [13/Nov/2023:10:05:41 +0100] "GET /large-bowl-p-53013.html HTTP/1.0" 200 79605 "-" "Mozilla/5.0 (compatible; MJ12bot/v1.4.8; http://mj12bot.com/)"
149.202.86.86 - - [13/Nov/2023:10:05:45 +0100] "GET /large-bowl-p-53015.html HTTP/1.0" 200 79605 "-" "Mozilla/5.0 (compatible; MJ12bot/v1.4.8; http://mj12bot.com/)"
54.36.148.135 - - [13/Nov/2023:10:05:46 +0100] "GET /dinosaur-light-garland-p-55387.html HTTP/1.0" 200 80725 "-" "Mozilla/5.0 (compatible; AhrefsBot/7.0; +http://ahrefs.com/robot/)"
54.36.148.125 - - [13/Nov/2023:10:05:48 +0100] "GET /images/big_prod_2/5404006041527b.jpg HTTP/1.0" 200 271 "-" "Mozilla/5.0 (compatible; AhrefsBot/7.0; +http://ahrefs.com/robot/)"
47.128.58.250 - - [13/Nov/2023:10:05:46 +0100] "GET /van-gogh-nuit-toilee-adult-apron-p-47665.html HTTP/1.0" 301 80476 "-" "Mozilla/5.0 (Linux; Android 5.0) AppleWebKit/537.36 (KHTML, like Gecko) Mobile Safari/537.36 (compatible; Bytespider; spider-feedback@bytedance.com)"
149.202.86.86 - - [13/Nov/2023:10:05:48 +0100] "GET /large-candle-hours-caramel-cupcake-p-38123.html HTTP/1.0" 200 77571 "-" "Mozilla/5.0 (compatible; MJ12bot/v1.4.8; http://mj12bot.com/)"
47.128.58.250 - - [13/Nov/2023:10:05:49 +0100] "GET /gogh-nuit-toile-adult-apron-p-47665.html HTTP/1.0" 200 80382 "-" "Mozilla/5.0 (Linux; Android 5.0) AppleWebKit/537.36 (KHTML, like Gecko) Mobile Safari/537.36 (compatible; Bytespider; spider-feedback@bytedance.com)"
149.202.86.86 - - [13/Nov/2023:10:05:51 +0100] "GET /large-candle-hours-cinnamon-spice-medium-p-33012.html HTTP/1.0" 200 77601 "-" "Mozilla/5.0 (compatible; MJ12bot/v1.4.8; http://mj12bot.com/)"
149.202.86.86 - - [13/Nov/2023:10:05:55 +0100] "GET /large-candle-hours-coconut-escape-p-39891.html HTTP/1.0" 200 77566 "-" "Mozilla/5.0 (compatible; MJ12bot/v1.4.8; http://mj12bot.com/)"
149.202.86.86 - - [13/Nov/2023:10:05:58 +0100] "GET /large-candle-hours-cotton-soft-p-33006.html HTTP/1.0" 200 77511 "-" "Mozilla/5.0 (compatible; MJ12bot/v1.4.8; http://mj12bot.com/)"
47.128.37.202 - - [13/Nov/2023:10:06:01 +0100] "GET /car-air-freshener-heart-and-home-fresh-linen-p-40611.html HTTP/1.0" 301 77633 "-" "Mozilla/5.0 (Linux; Android 5.0) AppleWebKit/537.36 (KHTML, like Gecko) Mobile Safari/537.36 (compatible; Bytespider; spider-feedback@bytedance.com)"
149.202.86.86 - - [13/Nov/2023:10:06:02 +0100] "GET /large-candle-hours-dawn-mist-p-33005.html HTTP/1.0" 200 81121 "-" "Mozilla/5.0 (compatible; MJ12bot/v1.4.8; http://mj12bot.com/)"
47.128.37.202 - - [13/Nov/2023:10:06:03 +0100] "GET /freshener-heart-home-fresh-linen-p-40611.html HTTP/1.0" 200 77534 "-" "Mozilla/5.0 (Linux; Android 5.0) AppleWebKit/537.36 (KHTML, like Gecko) Mobile Safari/537.36 (compatible; Bytespider; spider-feedback@bytedance.com)"
47.128.37.202 - - [13/Nov/2023:10:06:05 +0100] "GET /swfobject.js HTTP/1.0" 404 1308 "http://www.wonder-geek.com/freshener-heart-home-fresh-linen-p-40611.html" "Mozilla/5.0 (Linux; Android 5.0) AppleWebKit/537.36 (KHTML, like Gecko) Mobile Safari/537.36 (compatible; Bytespider; spider-feedback@bytedance.com)"
149.202.86.86 - - [13/Nov/2023:10:06:06 +0100] "GET /large-candle-hours-freesia-white-jasmine-p-55378.html HTTP/1.0" 200 81138 "-" "Mozilla/5.0 (compatible; MJ12bot/v1.4.8; http://mj12bot.com/)"
149.202.86.86 - - [13/Nov/2023:10:06:09 +0100] "GET /large-candle-hours-french-vanilla-p-33011.html HTTP/1.0" 200 77566 "-" "Mozilla/5.0 (compatible; MJ12bot/v1.4.8; http://mj12bot.com/)"
47.76.57.30 - - [13/Nov/2023:10:06:11 +0100] "GET /images/mini_prod/1186747042905.jpg HTTP/1.0" 200 269 "-" "Mozilla/5.0 (X11; Ubuntu; Linux x86_64; rv:72.0) Gecko/20100101 Firefox/72.0"
47.128.37.202 - - [13/Nov/2023:10:06:11 +0100] "GET /highslide/graphics/zoomout.cur HTTP/1.0" 200 614 "http://www.wonder-geek.com/freshener-heart-home-fresh-linen-p-40611.html" "Mozilla/5.0 (Linux; Android 5.0) AppleWebKit/537.36 (KHTML, like Gecko) Mobile Safari/537.36 (compatible; Bytespider; spider-feedback@bytedance.com)"
47.128.37.202 - - [13/Nov/2023:10:06:11 +0100] "GET /highslide/graphics/outlines/drop-shadow.png HTTP/1.0" 200 277 "http://www.wonder-geek.com/freshener-heart-home-fresh-linen-p-40611.html" "Mozilla/5.0 (Linux; Android 5.0) AppleWebKit/537.36 (KHTML, like Gecko) Mobile Safari/537.36 (compatible; Bytespider; spider-feedback@bytedance.com)"
149.202.86.86 - - [13/Nov/2023:10:06:12 +0100] "GET /large-candle-hours-fresh-linen-p-33018.html HTTP/1.0" 200 77511 "-" "Mozilla/5.0 (compatible; MJ12bot/v1.4.8; http://mj12bot.com/)"
149.202.86.86 - - [13/Nov/2023:10:06:16 +0100] "GET /large-candle-hours-grass-p-33017.html HTTP/1.0" 200 77533 "-" "Mozilla/5.0 (compatible; MJ12bot/v1.4.8; http://mj12bot.com/)"
149.202.86.86 - - [13/Nov/2023:10:06:20 +0100] "GET /large-candle-hours-lime-splash-p-39892.html HTTP/1.0" 200 77551 "-" "Mozilla/5.0 (compatible; MJ12bot/v1.4.8; http://mj12bot.com/)"
149.202.86.86 - - [13/Nov/2023:10:06:24 +0100] "GET /large-candle-hours-paradise-sunset-p-39893.html HTTP/1.0" 200 77571 "-" "Mozilla/5.0 (compatible; MJ12bot/v1.4.8; http://mj12bot.com/)"
47.128.41.118 - - [13/Nov/2023:10:06:29 +0100] "GET /round-carpet-imitation-cowhide-140-140-cm-p-50713.html HTTP/1.0" 301 77616 "-" "Mozilla/5.0 (Linux; Android 5.0) AppleWebKit/537.36 (KHTML, like Gecko) Mobile Safari/537.36 (compatible; Bytespider; spider-feedback@bytedance.com)"
149.202.86.86 - - [13/Nov/2023:10:06:29 +0100] "GET /large-candle-hours-pink-grapefruit-cassis-p-35344.html HTTP/1.0" 200 77563 "-" "Mozilla/5.0 (compatible; MJ12bot/v1.4.8; http://mj12bot.com/)"
47.128.41.118 - - [13/Nov/2023:10:06:31 +0100] "GET /round-carpet-imitation-cowhide-p-50713.html HTTP/1.0" 200 77519 "-" "Mozilla/5.0 (Linux; Android 5.0) AppleWebKit/537.36 (KHTML, like Gecko) Mobile Safari/537.36 (compatible; Bytespider; spider-feedback@bytedance.com)"
47.128.41.118 - - [13/Nov/2023:10:06:33 +0100] "GET /swfobject.js HTTP/1.0" 404 1308 "http://www.wonder-geek.com/round-carpet-imitation-cowhide-p-50713.html" "Mozilla/5.0 (Linux; Android 5.0) AppleWebKit/537.36 (KHTML, like Gecko) Mobile Safari/537.36 (compatible; Bytespider; spider-feedback@bytedance.com)"
47.128.41.118 - - [13/Nov/2023:10:06:37 +0100] "GET /highslide/graphics/zoomout.cur HTTP/1.0" 200 614 "http://www.wonder-geek.com/round-carpet-imitation-cowhide-p-50713.html" "Mozilla/5.0 (Linux; Android 5.0) AppleWebKit/537.36 (KHTML, like Gecko) Mobile Safari/537.36 (compatible; Bytespider; spider-feedback@bytedance.com)"
47.128.41.118 - - [13/Nov/2023:10:06:37 +0100] "GET /highslide/graphics/outlines/drop-shadow.png HTTP/1.0" 200 277 "http://www.wonder-geek.com/round-carpet-imitation-cowhide-p-50713.html" "Mozilla/5.0 (Linux; Android 5.0) AppleWebKit/537.36 (KHTML, like Gecko) Mobile Safari/537.36 (compatible; Bytespider; spider-feedback@bytedance.com)"
101.67.49.21 - - [13/Nov/2023:10:06:53 +0100] "GET /-c-42.html HTTP/1.0" 200 76069 "-" "Mozilla/5.0 (Windows NT 6.1; Win64; x64) AppleWebKit/537.36 (KHTML, like Gecko) Chrome/69.0.3497.81 YisouSpider/5.0 Safari/537.36"
