91.137.17.143 - - [13/Nov/2023:07:23:04 +0100] "GET /fireman-ocean-helicopter-p-32481.html HTTP/1.0" 301 77356 "-" "Mozilla/5.0 (compatible; MJ12bot/v1.4.8; http://mj12bot.com/)"
85.208.96.209 - - [13/Nov/2023:07:23:04 +0100] "GET /-p-47578.html HTTP/1.0" 200 77289 "-" "Mozilla/5.0 (compatible; SemrushBot/7~bl; +http://www.semrush.com/bot.html)"
85.208.96.203 - - [13/Nov/2023:07:23:07 +0100] "GET /free-cold-beer-wall-bottle-opener-p-36858.html HTTP/1.0" 200 79778 "-" "Mozilla/5.0 (compatible; SemrushBot/7~bl; +http://www.semrush.com/bot.html)"
47.128.52.100 - - [13/Nov/2023:07:23:08 +0100] "GET /naruto-cap-glove-set-size-54-cm-p-22960.html HTTP/1.0" 301 77356 "-" "Mozilla/5.0 (Linux; Android 5.0) AppleWebKit/537.36 (KHTML, like Gecko) Mobile Safari/537.36 (compatible; Bytespider; spider-feedback@bytedance.com)"
91.137.17.143 - - [13/Nov/2023:07:23:08 +0100] "GET /-p-32481.html HTTP/1.0" 200 77289 "-" "Mozilla/5.0 (compatible; MJ12bot/v1.4.8; http://mj12bot.com/)"
47.128.52.100 - - [13/Nov/2023:07:23:10 +0100] "GET /-p-22960.html HTTP/1.0" 200 77289 "-" "Mozilla/5.0 (Linux; Android 5.0) AppleWebKit/537.36 (KHTML, like Gecko) Mobile Safari/537.36 (compatible; Bytespider; spider-feedback@bytedance.com)"
47.128.52.100 - - [13/Nov/2023:07:23:12 +0100] "GET /swfobject.js HTTP/1.0" 404 1308 "http://www.wonder-geek.com/-p-22960.html" "Mozilla/5.0 (Linux; Android 5.0) AppleWebKit/537.36 (KHTML, like Gecko) Mobile Safari/537.36 (compatible; Bytespider; spider-feedback@bytedance.com)"
47.128.52.100 - - [13/Nov/2023:07:23:15 +0100] "GET /highslide/graphics/outlines/drop-shadow.png HTTP/1.0" 200 277 "http://www.wonder-geek.com/-p-22960.html" "Mozilla/5.0 (Linux; Android 5.0) AppleWebKit/537.36 (KHTML, like Gecko) Mobile Safari/537.36 (compatible; Bytespider; spider-feedback@bytedance.com)"
47.128.52.100 - - [13/Nov/2023:07:23:15 +0100] "GET /highslide/graphics/zoomout.cur HTTP/1.0" 200 614 "http://www.wonder-geek.com/-p-22960.html" "Mozilla/5.0 (Linux; Android 5.0) AppleWebKit/537.36 (KHTML, like Gecko) Mobile Safari/537.36 (compatible; Bytespider; spider-feedback@bytedance.com)"
91.137.17.143 - - [13/Nov/2023:07:23:14 +0100] "GET /fireman-sam-panoply-p-18561.html HTTP/1.0" 301 77356 "-" "Mozilla/5.0 (compatible; MJ12bot/v1.4.8; http://mj12bot.com/)"
85.208.96.205 - - [13/Nov/2023:07:23:19 +0100] "GET /bike-porcelain-kiub-p-57949.html HTTP/1.0" 200 80388 "-" "Mozilla/5.0 (compatible; SemrushBot/7~bl; +http://www.semrush.com/bot.html)"
91.137.17.143 - - [13/Nov/2023:07:23:20 +0100] "GET /-p-18561.html HTTP/1.0" 200 77289 "-" "Mozilla/5.0 (compatible; MJ12bot/v1.4.8; http://mj12bot.com/)"
91.137.17.143 - - [13/Nov/2023:07:23:25 +0100] "GET /fireman-sam-the-ocean-helicopter-p-32481.html HTTP/1.0" 301 77356 "-" "Mozilla/5.0 (compatible; MJ12bot/v1.4.8; http://mj12bot.com/)"
91.137.17.143 - - [13/Nov/2023:07:23:29 +0100] "GET /-p-32481.html HTTP/1.0" 200 77289 "-" "Mozilla/5.0 (compatible; MJ12bot/v1.4.8; http://mj12bot.com/)"
91.137.17.143 - - [13/Nov/2023:07:23:33 +0100] "GET /fireman-sam-the-ship-titan-rc-116-p-32483.html HTTP/1.0" 301 77356 "-" "Mozilla/5.0 (compatible; MJ12bot/v1.4.8; http://mj12bot.com/)"
47.128.39.207 - - [13/Nov/2023:07:23:36 +0100] "GET /minions-glass-p-34024.html HTTP/1.0" 301 77356 "-" "Mozilla/5.0 (Linux; Android 5.0) AppleWebKit/537.36 (KHTML, like Gecko) Mobile Safari/537.36 (compatible; Bytespider; spider-feedback@bytedance.com)"
185.191.171.19 - - [13/Nov/2023:07:23:37 +0100] "GET /home-decoration-c-13.html?page=92 HTTP/1.0" 200 99654 "-" "Mozilla/5.0 (compatible; SemrushBot/7~bl; +http://www.semrush.com/bot.html)"
47.128.39.207 - - [13/Nov/2023:07:23:38 +0100] "GET /-p-34024.html HTTP/1.0" 200 77289 "-" "Mozilla/5.0 (Linux; Android 5.0) AppleWebKit/537.36 (KHTML, like Gecko) Mobile Safari/537.36 (compatible; Bytespider; spider-feedback@bytedance.com)"
47.128.39.207 - - [13/Nov/2023:07:23:40 +0100] "GET /swfobject.js HTTP/1.0" 404 1308 "http://www.wonder-geek.com/-p-34024.html" "Mozilla/5.0 (Linux; Android 5.0) AppleWebKit/537.36 (KHTML, like Gecko) Mobile Safari/537.36 (compatible; Bytespider; spider-feedback@bytedance.com)"
91.137.17.143 - - [13/Nov/2023:07:23:38 +0100] "GET /-p-32483.html HTTP/1.0" 200 77289 "-" "Mozilla/5.0 (compatible; MJ12bot/v1.4.8; http://mj12bot.com/)"
47.128.39.207 - - [13/Nov/2023:07:23:41 +0100] "GET /swfobject.js HTTP/1.0" 404 1308 "http://www.wonder-geek.com/-p-34024.html" "Mozilla/5.0 (Linux; Android 5.0) AppleWebKit/537.36 (KHTML, like Gecko) Mobile Safari/537.36 (compatible; Bytespider; spider-feedback@bytedance.com)"
47.128.39.207 - - [13/Nov/2023:07:23:44 +0100] "GET /highslide/graphics/zoomout.cur HTTP/1.0" 200 614 "http://www.wonder-geek.com/-p-34024.html" "Mozilla/5.0 (Linux; Android 5.0) AppleWebKit/537.36 (KHTML, like Gecko) Mobile Safari/537.36 (compatible; Bytespider; spider-feedback@bytedance.com)"
91.137.17.143 - - [13/Nov/2023:07:23:45 +0100] "GET /fireman-sam-venus-fire-truck-p-18382.html HTTP/1.0" 301 77356 "-" "Mozilla/5.0 (compatible; MJ12bot/v1.4.8; http://mj12bot.com/)"
91.137.17.143 - - [13/Nov/2023:07:23:49 +0100] "GET /-p-18382.html HTTP/1.0" 200 77289 "-" "Mozilla/5.0 (compatible; MJ12bot/v1.4.8; http://mj12bot.com/)"
91.137.17.143 - - [13/Nov/2023:07:23:54 +0100] "GET /fireman-ship-titan-p-32483.html HTTP/1.0" 301 77356 "-" "Mozilla/5.0 (compatible; MJ12bot/v1.4.8; http://mj12bot.com/)"
91.137.17.143 - - [13/Nov/2023:07:23:58 +0100] "GET /-p-32483.html HTTP/1.0" 200 77289 "-" "Mozilla/5.0 (compatible; MJ12bot/v1.4.8; http://mj12bot.com/)"
91.137.17.143 - - [13/Nov/2023:07:24:02 +0100] "GET /fish-bank-cutting-board-p-39844.html HTTP/1.0" 301 77356 "-" "Mozilla/5.0 (compatible; MJ12bot/v1.4.8; http://mj12bot.com/)"
203.185.130.166 - - [13/Nov/2023:07:24:03 +0100] "GET /images/mini_prod/5018997621745.jpg HTTP/1.0" 404 1308 "-" "Mozilla/5.0 (X11; Ubuntu; Linux x86_64; rv:72.0) Gecko/20100101 Firefox/72.0"
91.137.17.143 - - [13/Nov/2023:07:24:06 +0100] "GET /-p-39844.html HTTP/1.0" 200 77289 "-" "Mozilla/5.0 (compatible; MJ12bot/v1.4.8; http://mj12bot.com/)"
157.55.39.55 - - [13/Nov/2023:07:24:06 +0100] "GET /mugs-mazagrans-c-12_57.html?page=9 HTTP/1.0" 200 102484 "-" "Mozilla/5.0 AppleWebKit/537.36 (KHTML, like Gecko; compatible; bingbot/2.0; +http://www.bing.com/bingbot.htm) Chrome/103.0.5060.134 Safari/537.36"
85.208.96.194 - - [13/Nov/2023:07:24:10 +0100] "GET /mani-lucky-p-47609.html HTTP/1.0" 200 77345 "-" "Mozilla/5.0 (compatible; SemrushBot/7~bl; +http://www.semrush.com/bot.html)"
91.137.17.143 - - [13/Nov/2023:07:24:10 +0100] "GET /fish-bank-potholder-and-glove-set-p-39866.html HTTP/1.0" 301 77356 "-" "Mozilla/5.0 (compatible; MJ12bot/v1.4.8; http://mj12bot.com/)"
91.137.17.143 - - [13/Nov/2023:07:24:15 +0100] "GET /-p-39866.html HTTP/1.0" 200 77289 "-" "Mozilla/5.0 (compatible; MJ12bot/v1.4.8; http://mj12bot.com/)"
47.128.51.87 - - [13/Nov/2023:07:24:17 +0100] "GET /oriental-teapot-liter-p-56409.html HTTP/1.0" 200 77375 "-" "Mozilla/5.0 (Linux; Android 5.0) AppleWebKit/537.36 (KHTML, like Gecko) Mobile Safari/537.36 (compatible; Bytespider; spider-feedback@bytedance.com)"
47.128.51.87 - - [13/Nov/2023:07:24:19 +0100] "GET /swfobject.js HTTP/1.0" 404 1308 "http://www.wonder-geek.com/oriental-teapot-liter-p-56409.html" "Mozilla/5.0 (Linux; Android 5.0) AppleWebKit/537.36 (KHTML, like Gecko) Mobile Safari/537.36 (compatible; Bytespider; spider-feedback@bytedance.com)"
91.137.17.143 - - [13/Nov/2023:07:24:20 +0100] "GET /fish-bank-potholder-glove-p-39866.html HTTP/1.0" 301 77356 "-" "Mozilla/5.0 (compatible; MJ12bot/v1.4.8; http://mj12bot.com/)"
47.128.51.87 - - [13/Nov/2023:07:24:25 +0100] "GET /highslide/graphics/outlines/drop-shadow.png HTTP/1.0" 200 277 "http://www.wonder-geek.com/oriental-teapot-liter-p-56409.html" "Mozilla/5.0 (Linux; Android 5.0) AppleWebKit/537.36 (KHTML, like Gecko) Mobile Safari/537.36 (compatible; Bytespider; spider-feedback@bytedance.com)"
47.128.51.87 - - [13/Nov/2023:07:24:25 +0100] "GET /highslide/graphics/zoomout.cur HTTP/1.0" 200 614 "http://www.wonder-geek.com/oriental-teapot-liter-p-56409.html" "Mozilla/5.0 (Linux; Android 5.0) AppleWebKit/537.36 (KHTML, like Gecko) Mobile Safari/537.36 (compatible; Bytespider; spider-feedback@bytedance.com)"
91.137.17.143 - - [13/Nov/2023:07:24:26 +0100] "GET /-p-39866.html HTTP/1.0" 200 77289 "-" "Mozilla/5.0 (compatible; MJ12bot/v1.4.8; http://mj12bot.com/)"
47.128.52.157 - - [13/Nov/2023:07:24:29 +0100] "GET /hanging-clock-bouddha-p-52334.html HTTP/1.0" 301 77356 "-" "Mozilla/5.0 (Linux; Android 5.0) AppleWebKit/537.36 (KHTML, like Gecko) Mobile Safari/537.36 (compatible; Bytespider; spider-feedback@bytedance.com)"
91.137.17.143 - - [13/Nov/2023:07:24:30 +0100] "GET /fish-figurine-in-resin-p-48841.html HTTP/1.0" 301 77447 "-" "Mozilla/5.0 (compatible; MJ12bot/v1.4.8; http://mj12bot.com/)"
47.128.52.157 - - [13/Nov/2023:07:24:31 +0100] "GET /-p-52334.html HTTP/1.0" 200 77289 "-" "Mozilla/5.0 (Linux; Android 5.0) AppleWebKit/537.36 (KHTML, like Gecko) Mobile Safari/537.36 (compatible; Bytespider; spider-feedback@bytedance.com)"
47.128.52.157 - - [13/Nov/2023:07:24:33 +0100] "GET /swfobject.js HTTP/1.0" 404 1308 "http://www.wonder-geek.com/-p-52334.html" "Mozilla/5.0 (Linux; Android 5.0) AppleWebKit/537.36 (KHTML, like Gecko) Mobile Safari/537.36 (compatible; Bytespider; spider-feedback@bytedance.com)"
91.137.17.143 - - [13/Nov/2023:07:24:34 +0100] "GET /fish-figurine-resin-p-48841.html HTTP/1.0" 200 77361 "-" "Mozilla/5.0 (compatible; MJ12bot/v1.4.8; http://mj12bot.com/)"
54.36.148.226 - - [13/Nov/2023:07:24:35 +0100] "GET /porcelain-bowl-green-p-60982.html HTTP/1.0" 200 80380 "-" "Mozilla/5.0 (compatible; AhrefsBot/7.0; +http://ahrefs.com/robot/)"
47.128.52.157 - - [13/Nov/2023:07:24:37 +0100] "GET /highslide/graphics/zoomout.cur HTTP/1.0" 200 614 "http://www.wonder-geek.com/-p-52334.html" "Mozilla/5.0 (Linux; Android 5.0) AppleWebKit/537.36 (KHTML, like Gecko) Mobile Safari/537.36 (compatible; Bytespider; spider-feedback@bytedance.com)"
47.128.52.157 - - [13/Nov/2023:07:24:37 +0100] "GET /highslide/graphics/outlines/drop-shadow.png HTTP/1.0" 200 277 "http://www.wonder-geek.com/-p-52334.html" "Mozilla/5.0 (Linux; Android 5.0) AppleWebKit/537.36 (KHTML, like Gecko) Mobile Safari/537.36 (compatible; Bytespider; spider-feedback@bytedance.com)"
91.137.17.143 - - [13/Nov/2023:07:24:38 +0100] "GET /fish-figurine-resin-p-48841.html HTTP/1.0" 200 77361 "-" "Mozilla/5.0 (compatible; MJ12bot/v1.4.8; http://mj12bot.com/)"
91.137.17.143 - - [13/Nov/2023:07:24:43 +0100] "GET /fish-set-cup-and-teapot-p-32841.html HTTP/1.0" 301 77356 "-" "Mozilla/5.0 (compatible; MJ12bot/v1.4.8; http://mj12bot.com/)"
47.128.51.89 - - [13/Nov/2023:07:24:44 +0100] "GET /luggages-schoolbags-leather-shop/backpacks/smurf-little-backpack-p-14446.html HTTP/1.0" 301 77356 "-" "Mozilla/5.0 (Linux; Android 5.0) AppleWebKit/537.36 (KHTML, like Gecko) Mobile Safari/537.36 (compatible; Bytespider; spider-feedback@bytedance.com)"
47.128.51.89 - - [13/Nov/2023:07:24:46 +0100] "GET /-p-14446.html HTTP/1.0" 200 77289 "-" "Mozilla/5.0 (Linux; Android 5.0) AppleWebKit/537.36 (KHTML, like Gecko) Mobile Safari/537.36 (compatible; Bytespider; spider-feedback@bytedance.com)"
91.137.17.143 - - [13/Nov/2023:07:24:47 +0100] "GET /-p-32841.html HTTP/1.0" 200 77289 "-" "Mozilla/5.0 (compatible; MJ12bot/v1.4.8; http://mj12bot.com/)"
47.128.51.89 - - [13/Nov/2023:07:24:50 +0100] "GET /swfobject.js HTTP/1.0" 404 1308 "http://www.wonder-geek.com/-p-14446.html" "Mozilla/5.0 (Linux; Android 5.0) AppleWebKit/537.36 (KHTML, like Gecko) Mobile Safari/537.36 (compatible; Bytespider; spider-feedback@bytedance.com)"
91.137.17.143 - - [13/Nov/2023:07:24:52 +0100] "GET /fitness-addict-sports-bag-p-19059.html HTTP/1.0" 301 77356 "-" "Mozilla/5.0 (compatible; MJ12bot/v1.4.8; http://mj12bot.com/)"
47.128.51.89 - - [13/Nov/2023:07:24:55 +0100] "GET /highslide/graphics/outlines/drop-shadow.png HTTP/1.0" 200 277 "http://www.wonder-geek.com/-p-14446.html" "Mozilla/5.0 (Linux; Android 5.0) AppleWebKit/537.36 (KHTML, like Gecko) Mobile Safari/537.36 (compatible; Bytespider; spider-feedback@bytedance.com)"
47.128.51.89 - - [13/Nov/2023:07:24:55 +0100] "GET /highslide/graphics/zoomout.cur HTTP/1.0" 200 614 "http://www.wonder-geek.com/-p-14446.html" "Mozilla/5.0 (Linux; Android 5.0) AppleWebKit/537.36 (KHTML, like Gecko) Mobile Safari/537.36 (compatible; Bytespider; spider-feedback@bytedance.com)"
91.137.17.143 - - [13/Nov/2023:07:24:56 +0100] "GET /-p-19059.html HTTP/1.0" 200 77289 "-" "Mozilla/5.0 (compatible; MJ12bot/v1.4.8; http://mj12bot.com/)"
85.208.96.197 - - [13/Nov/2023:07:24:57 +0100] "GET /funny-pets-kitchen-towel-p-43796.html HTTP/1.0" 200 77375 "-" "Mozilla/5.0 (compatible; SemrushBot/7~bl; +http://www.semrush.com/bot.html)"
91.137.17.143 - - [13/Nov/2023:07:25:00 +0100] "GET /fitted-sheet-cotton-percale-threads-p-43834.html HTTP/1.0" 200 77467 "-" "Mozilla/5.0 (compatible; MJ12bot/v1.4.8; http://mj12bot.com/)"
91.137.17.143 - - [13/Nov/2023:07:25:05 +0100] "GET /fitted-sheet-in-cotton-percale-80-threads-180-200-30-cm-p-43834.html HTTP/1.0" 301 77569 "-" "Mozilla/5.0 (compatible; MJ12bot/v1.4.8; http://mj12bot.com/)"
91.137.17.143 - - [13/Nov/2023:07:25:09 +0100] "GET /fitted-sheet-cotton-percale-threads-p-43834.html HTTP/1.0" 200 77467 "-" "Mozilla/5.0 (compatible; MJ12bot/v1.4.8; http://mj12bot.com/)"
47.128.57.69 - - [13/Nov/2023:07:25:14 +0100] "GET /luggages-schoolbags-leather-shop/bagshandbags-shoulder-bags/betty-boop-gipsy-shoulder-bag-p-13693.html HTTP/1.0" 301 77356 "-" "Mozilla/5.0 (Linux; Android 5.0) AppleWebKit/537.36 (KHTML, like Gecko) Mobile Safari/537.36 (compatible; Bytespider; spider-feedback@bytedance.com)"
91.137.17.143 - - [13/Nov/2023:07:25:14 +0100] "GET /flat-thread-sheet-cotton-57-color-lila-powder-240-300-cm-p-46738.html HTTP/1.0" 301 77356 "-" "Mozilla/5.0 (compatible; MJ12bot/v1.4.8; http://mj12bot.com/)"
47.128.57.69 - - [13/Nov/2023:07:25:16 +0100] "GET /-p-13693.html HTTP/1.0" 200 77289 "-" "Mozilla/5.0 (Linux; Android 5.0) AppleWebKit/537.36 (KHTML, like Gecko) Mobile Safari/537.36 (compatible; Bytespider; spider-feedback@bytedance.com)"
185.191.171.5 - - [13/Nov/2023:07:25:15 +0100] "GET /bedside-lamp-copper-p-52455.html HTTP/1.0" 200 77375 "-" "Mozilla/5.0 (compatible; SemrushBot/7~bl; +http://www.semrush.com/bot.html)"
47.128.57.69 - - [13/Nov/2023:07:25:18 +0100] "GET /swfobject.js HTTP/1.0" 404 1308 "http://www.wonder-geek.com/-p-13693.html" "Mozilla/5.0 (Linux; Android 5.0) AppleWebKit/537.36 (KHTML, like Gecko) Mobile Safari/537.36 (compatible; Bytespider; spider-feedback@bytedance.com)"
91.137.17.143 - - [13/Nov/2023:07:25:19 +0100] "GET /-p-46738.html HTTP/1.0" 200 77289 "-" "Mozilla/5.0 (compatible; MJ12bot/v1.4.8; http://mj12bot.com/)"
47.128.57.69 - - [13/Nov/2023:07:25:21 +0100] "GET /highslide/graphics/outlines/drop-shadow.png HTTP/1.0" 200 277 "http://www.wonder-geek.com/-p-13693.html" "Mozilla/5.0 (Linux; Android 5.0) AppleWebKit/537.36 (KHTML, like Gecko) Mobile Safari/537.36 (compatible; Bytespider; spider-feedback@bytedance.com)"
47.128.57.69 - - [13/Nov/2023:07:25:21 +0100] "GET /highslide/graphics/zoomout.cur HTTP/1.0" 200 614 "http://www.wonder-geek.com/-p-13693.html" "Mozilla/5.0 (Linux; Android 5.0) AppleWebKit/537.36 (KHTML, like Gecko) Mobile Safari/537.36 (compatible; Bytespider; spider-feedback@bytedance.com)"
91.137.17.143 - - [13/Nov/2023:07:25:23 +0100] "GET /flat-thread-sheet-cotton-57-color-purple-240-300-cm-p-46739.html HTTP/1.0" 301 77571 "-" "Mozilla/5.0 (compatible; MJ12bot/v1.4.8; http://mj12bot.com/)"
91.137.17.143 - - [13/Nov/2023:07:25:26 +0100] "GET /flat-thread-sheet-cotton-color-purple-p-46739.html HTTP/1.0" 200 77467 "-" "Mozilla/5.0 (compatible; MJ12bot/v1.4.8; http://mj12bot.com/)"
91.137.17.143 - - [13/Nov/2023:07:25:31 +0100] "GET /flat-thread-sheet-cotton-color-lila-powder-p-46738.html HTTP/1.0" 301 77356 "-" "Mozilla/5.0 (compatible; MJ12bot/v1.4.8; http://mj12bot.com/)"
91.137.17.143 - - [13/Nov/2023:07:25:35 +0100] "GET /-p-46738.html HTTP/1.0" 200 77289 "-" "Mozilla/5.0 (compatible; MJ12bot/v1.4.8; http://mj12bot.com/)"
91.137.17.143 - - [13/Nov/2023:07:25:39 +0100] "GET /flat-thread-sheet-cotton-color-purple-p-46739.html HTTP/1.0" 200 77467 "-" "Mozilla/5.0 (compatible; MJ12bot/v1.4.8; http://mj12bot.com/)"
47.128.42.229 - - [13/Nov/2023:07:25:41 +0100] "GET /101-dalmatians-perdita-figure-p-4699.html HTTP/1.0" 301 77353 "-" "Mozilla/5.0 (Linux; Android 5.0) AppleWebKit/537.36 (KHTML, like Gecko) Mobile Safari/537.36 (compatible; Bytespider; spider-feedback@bytedance.com)"
47.128.42.229 - - [13/Nov/2023:07:25:42 +0100] "GET /-p-4699.html HTTP/1.0" 200 77287 "-" "Mozilla/5.0 (Linux; Android 5.0) AppleWebKit/537.36 (KHTML, like Gecko) Mobile Safari/537.36 (compatible; Bytespider; spider-feedback@bytedance.com)"
47.128.42.229 - - [13/Nov/2023:07:25:45 +0100] "GET /swfobject.js HTTP/1.0" 404 1308 "http://www.wonder-geek.com/-p-4699.html" "Mozilla/5.0 (Linux; Android 5.0) AppleWebKit/537.36 (KHTML, like Gecko) Mobile Safari/537.36 (compatible; Bytespider; spider-feedback@bytedance.com)"
91.137.17.143 - - [13/Nov/2023:07:25:44 +0100] "GET /flatwares-c-13_12_63.html HTTP/1.0" 200 92374 "-" "Mozilla/5.0 (compatible; MJ12bot/v1.4.8; http://mj12bot.com/)"
47.128.42.229 - - [13/Nov/2023:07:25:50 +0100] "GET /highslide/graphics/zoomout.cur HTTP/1.0" 200 614 "http://www.wonder-geek.com/-p-4699.html" "Mozilla/5.0 (Linux; Android 5.0) AppleWebKit/537.36 (KHTML, like Gecko) Mobile Safari/537.36 (compatible; Bytespider; spider-feedback@bytedance.com)"
47.128.42.229 - - [13/Nov/2023:07:25:50 +0100] "GET /highslide/graphics/outlines/drop-shadow.png HTTP/1.0" 200 277 "http://www.wonder-geek.com/-p-4699.html" "Mozilla/5.0 (Linux; Android 5.0) AppleWebKit/537.36 (KHTML, like Gecko) Mobile Safari/537.36 (compatible; Bytespider; spider-feedback@bytedance.com)"
91.137.17.143 - - [13/Nov/2023:07:25:49 +0100] "GET /flatwares-c-13_12_63.html?page=1 HTTP/1.0" 200 92385 "-" "Mozilla/5.0 (compatible; MJ12bot/v1.4.8; http://mj12bot.com/)"
91.137.17.143 - - [13/Nov/2023:07:25:55 +0100] "GET /flatwares-c-13_12_63.html?page=2 HTTP/1.0" 200 92385 "-" "Mozilla/5.0 (compatible; MJ12bot/v1.4.8; http://mj12bot.com/)"
91.137.17.143 - - [13/Nov/2023:07:25:59 +0100] "GET /floor-lamp-black-metal-p-38070.html HTTP/1.0" 301 77356 "-" "Mozilla/5.0 (compatible; MJ12bot/v1.4.8; http://mj12bot.com/)"
91.137.17.143 - - [13/Nov/2023:07:26:03 +0100] "GET /-p-38070.html HTTP/1.0" 200 77289 "-" "Mozilla/5.0 (compatible; MJ12bot/v1.4.8; http://mj12bot.com/)"
91.137.17.143 - - [13/Nov/2023:07:26:07 +0100] "GET /flora-figure-p-15679.html HTTP/1.0" 301 77356 "-" "Mozilla/5.0 (compatible; MJ12bot/v1.4.8; http://mj12bot.com/)"
185.191.171.14 - - [13/Nov/2023:07:26:07 +0100] "GET /copper-ceramic-cover-p-58063.html HTTP/1.0" 200 80373 "-" "Mozilla/5.0 (compatible; SemrushBot/7~bl; +http://www.semrush.com/bot.html)"
47.128.57.48 - - [13/Nov/2023:07:26:08 +0100] "GET /boys/swimwear/spiderman-blue-swimming-trunks-p-13895.html HTTP/1.0" 301 77356 "-" "Mozilla/5.0 (Linux; Android 5.0) AppleWebKit/537.36 (KHTML, like Gecko) Mobile Safari/537.36 (compatible; Bytespider; spider-feedback@bytedance.com)"
47.128.57.48 - - [13/Nov/2023:07:26:11 +0100] "GET /-p-13895.html HTTP/1.0" 200 77289 "-" "Mozilla/5.0 (Linux; Android 5.0) AppleWebKit/537.36 (KHTML, like Gecko) Mobile Safari/537.36 (compatible; Bytespider; spider-feedback@bytedance.com)"
47.128.57.48 - - [13/Nov/2023:07:26:13 +0100] "GET /swfobject.js HTTP/1.0" 404 1308 "http://www.wonder-geek.com/-p-13895.html" "Mozilla/5.0 (Linux; Android 5.0) AppleWebKit/537.36 (KHTML, like Gecko) Mobile Safari/537.36 (compatible; Bytespider; spider-feedback@bytedance.com)"
91.137.17.143 - - [13/Nov/2023:07:26:12 +0100] "GET /-p-15679.html HTTP/1.0" 200 77289 "-" "Mozilla/5.0 (compatible; MJ12bot/v1.4.8; http://mj12bot.com/)"
91.137.17.143 - - [13/Nov/2023:07:26:16 +0100] "GET /flower-bowl-model-p-49588.html HTTP/1.0" 301 77356 "-" "Mozilla/5.0 (compatible; MJ12bot/v1.4.8; http://mj12bot.com/)"
47.128.57.48 - - [13/Nov/2023:07:26:18 +0100] "GET /highslide/graphics/outlines/drop-shadow.png HTTP/1.0" 200 277 "http://www.wonder-geek.com/-p-13895.html" "Mozilla/5.0 (Linux; Android 5.0) AppleWebKit/537.36 (KHTML, like Gecko) Mobile Safari/537.36 (compatible; Bytespider; spider-feedback@bytedance.com)"
47.128.57.48 - - [13/Nov/2023:07:26:18 +0100] "GET /highslide/graphics/zoomout.cur HTTP/1.0" 200 614 "http://www.wonder-geek.com/-p-13895.html" "Mozilla/5.0 (Linux; Android 5.0) AppleWebKit/537.36 (KHTML, like Gecko) Mobile Safari/537.36 (compatible; Bytespider; spider-feedback@bytedance.com)"
54.36.148.83 - - [13/Nov/2023:07:26:17 +0100] "GET /small-baby-teeth-p-60189.html HTTP/1.0" 200 80350 "-" "Mozilla/5.0 (compatible; AhrefsBot/7.0; +http://ahrefs.com/robot/)"
185.191.171.13 - - [13/Nov/2023:07:26:18 +0100] "GET /large-gold-ceramic-vase-p-58390.html HTTP/1.0" 200 77383 "-" "Mozilla/5.0 (compatible; SemrushBot/7~bl; +http://www.semrush.com/bot.html)"
91.137.17.143 - - [13/Nov/2023:07:26:19 +0100] "GET /-p-49588.html HTTP/1.0" 200 77289 "-" "Mozilla/5.0 (compatible; MJ12bot/v1.4.8; http://mj12bot.com/)"
91.137.17.143 - - [13/Nov/2023:07:26:23 +0100] "GET /flower-power-small-cbkreation-p-14915.html HTTP/1.0" 200 80381 "-" "Mozilla/5.0 (compatible; MJ12bot/v1.4.8; http://mj12bot.com/)"
85.208.96.205 - - [13/Nov/2023:07:26:25 +0100] "GET /-p-19457.html HTTP/1.0" 200 77289 "-" "Mozilla/5.0 (compatible; SemrushBot/7~bl; +http://www.semrush.com/bot.html)"
91.137.17.143 - - [13/Nov/2023:07:26:27 +0100] "GET /flower-power-small-mug-by-cbk-p-14915.html HTTP/1.0" 301 80477 "-" "Mozilla/5.0 (compatible; MJ12bot/v1.4.8; http://mj12bot.com/)"
91.137.17.143 - - [13/Nov/2023:07:26:32 +0100] "GET /flower-power-small-cbkreation-p-14915.html HTTP/1.0" 200 80381 "-" "Mozilla/5.0 (compatible; MJ12bot/v1.4.8; http://mj12bot.com/)"
91.137.17.143 - - [13/Nov/2023:07:26:35 +0100] "GET /flower-power-small-mug-by-cbkreation-p-14915.html HTTP/1.0" 301 80477 "-" "Mozilla/5.0 (compatible; MJ12bot/v1.4.8; http://mj12bot.com/)"
47.128.58.100 - - [13/Nov/2023:07:26:36 +0100] "GET /yellow-fox-ceramic-money-box-p-39409.html HTTP/1.0" 301 77356 "-" "Mozilla/5.0 (Linux; Android 5.0) AppleWebKit/537.36 (KHTML, like Gecko) Mobile Safari/537.36 (compatible; Bytespider; spider-feedback@bytedance.com)"
47.128.58.100 - - [13/Nov/2023:07:26:38 +0100] "GET /-p-39409.html HTTP/1.0" 200 77289 "-" "Mozilla/5.0 (Linux; Android 5.0) AppleWebKit/537.36 (KHTML, like Gecko) Mobile Safari/537.36 (compatible; Bytespider; spider-feedback@bytedance.com)"
47.128.58.100 - - [13/Nov/2023:07:26:40 +0100] "GET /swfobject.js HTTP/1.0" 404 1308 "http://www.wonder-geek.com/-p-39409.html" "Mozilla/5.0 (Linux; Android 5.0) AppleWebKit/537.36 (KHTML, like Gecko) Mobile Safari/537.36 (compatible; Bytespider; spider-feedback@bytedance.com)"
91.137.17.143 - - [13/Nov/2023:07:26:39 +0100] "GET /flower-power-small-cbkreation-p-14915.html HTTP/1.0" 200 80381 "-" "Mozilla/5.0 (compatible; MJ12bot/v1.4.8; http://mj12bot.com/)"
91.137.17.143 - - [13/Nov/2023:07:26:43 +0100] "GET /flower-vivienne-collection-gray-fish-p-54495.html HTTP/1.0" 200 77439 "-" "Mozilla/5.0 (compatible; MJ12bot/v1.4.8; http://mj12bot.com/)"
47.128.58.100 - - [13/Nov/2023:07:26:47 +0100] "GET /highslide/graphics/outlines/drop-shadow.png HTTP/1.0" 200 277 "http://www.wonder-geek.com/-p-39409.html" "Mozilla/5.0 (Linux; Android 5.0) AppleWebKit/537.36 (KHTML, like Gecko) Mobile Safari/537.36 (compatible; Bytespider; spider-feedback@bytedance.com)"
47.128.58.100 - - [13/Nov/2023:07:26:47 +0100] "GET /highslide/graphics/zoomout.cur HTTP/1.0" 200 614 "http://www.wonder-geek.com/-p-39409.html" "Mozilla/5.0 (Linux; Android 5.0) AppleWebKit/537.36 (KHTML, like Gecko) Mobile Safari/537.36 (compatible; Bytespider; spider-feedback@bytedance.com)"
91.137.17.143 - - [13/Nov/2023:07:26:48 +0100] "GET /flower-white-table-lamp-p-52974.html HTTP/1.0" 200 77371 "-" "Mozilla/5.0 (compatible; MJ12bot/v1.4.8; http://mj12bot.com/)"
91.137.17.143 - - [13/Nov/2023:07:26:53 +0100] "GET /fluorescent-pens-highlighters-gorjuss-p-26463.html HTTP/1.0" 301 77356 "-" "Mozilla/5.0 (compatible; MJ12bot/v1.4.8; http://mj12bot.com/)"
91.137.17.143 - - [13/Nov/2023:07:26:57 +0100] "GET /-p-26463.html HTTP/1.0" 200 77289 "-" "Mozilla/5.0 (compatible; MJ12bot/v1.4.8; http://mj12bot.com/)"
91.137.17.143 - - [13/Nov/2023:07:27:00 +0100] "GET /foal-canvas-frame-p-31831.html HTTP/1.0" 301 77356 "-" "Mozilla/5.0 (compatible; MJ12bot/v1.4.8; http://mj12bot.com/)"
91.137.17.143 - - [13/Nov/2023:07:27:03 +0100] "GET /-p-31831.html HTTP/1.0" 200 77289 "-" "Mozilla/5.0 (compatible; MJ12bot/v1.4.8; http://mj12bot.com/)"
47.128.57.49 - - [13/Nov/2023:07:27:05 +0100] "GET /large-bamboo-bowl-with-cats-p-49511.html HTTP/1.0" 301 77356 "-" "Mozilla/5.0 (Linux; Android 5.0) AppleWebKit/537.36 (KHTML, like Gecko) Mobile Safari/537.36 (compatible; Bytespider; spider-feedback@bytedance.com)"
47.128.57.49 - - [13/Nov/2023:07:27:07 +0100] "GET /-p-49511.html HTTP/1.0" 200 77289 "-" "Mozilla/5.0 (Linux; Android 5.0) AppleWebKit/537.36 (KHTML, like Gecko) Mobile Safari/537.36 (compatible; Bytespider; spider-feedback@bytedance.com)"
91.137.17.143 - - [13/Nov/2023:07:27:07 +0100] "GET /food-storage-dog-white-22-cm-p-31693.html HTTP/1.0" 301 77356 "-" "Mozilla/5.0 (compatible; MJ12bot/v1.4.8; http://mj12bot.com/)"
47.128.57.49 - - [13/Nov/2023:07:27:10 +0100] "GET /swfobject.js HTTP/1.0" 404 1308 "http://www.wonder-geek.com/-p-49511.html" "Mozilla/5.0 (Linux; Android 5.0) AppleWebKit/537.36 (KHTML, like Gecko) Mobile Safari/537.36 (compatible; Bytespider; spider-feedback@bytedance.com)"
91.137.17.143 - - [13/Nov/2023:07:27:11 +0100] "GET /-p-31693.html HTTP/1.0" 200 77289 "-" "Mozilla/5.0 (compatible; MJ12bot/v1.4.8; http://mj12bot.com/)"
47.128.57.49 - - [13/Nov/2023:07:27:14 +0100] "GET /highslide/graphics/zoomout.cur HTTP/1.0" 200 614 "http://www.wonder-geek.com/-p-49511.html" "Mozilla/5.0 (Linux; Android 5.0) AppleWebKit/537.36 (KHTML, like Gecko) Mobile Safari/537.36 (compatible; Bytespider; spider-feedback@bytedance.com)"
47.128.57.49 - - [13/Nov/2023:07:27:14 +0100] "GET /highslide/graphics/outlines/drop-shadow.png HTTP/1.0" 200 277 "http://www.wonder-geek.com/-p-49511.html" "Mozilla/5.0 (Linux; Android 5.0) AppleWebKit/537.36 (KHTML, like Gecko) Mobile Safari/537.36 (compatible; Bytespider; spider-feedback@bytedance.com)"
91.137.17.143 - - [13/Nov/2023:07:27:16 +0100] "GET /food-storage-white-p-31693.html HTTP/1.0" 301 77356 "-" "Mozilla/5.0 (compatible; MJ12bot/v1.4.8; http://mj12bot.com/)"
91.137.17.143 - - [13/Nov/2023:07:27:19 +0100] "GET /-p-31693.html HTTP/1.0" 200 77289 "-" "Mozilla/5.0 (compatible; MJ12bot/v1.4.8; http://mj12bot.com/)"
52.167.144.205 - - [13/Nov/2023:07:27:20 +0100] "GET /clocks-c-13_67.html?page=9 HTTP/1.0" 200 99575 "-" "Mozilla/5.0 AppleWebKit/537.36 (KHTML, like Gecko; compatible; bingbot/2.0; +http://www.bing.com/bingbot.htm) Chrome/103.0.5060.134 Safari/537.36"
91.137.17.143 - - [13/Nov/2023:07:27:23 +0100] "GET /football-shoe-pencil-case-p-40967.html HTTP/1.0" 200 79695 "-" "Mozilla/5.0 (compatible; MJ12bot/v1.4.8; http://mj12bot.com/)"
91.137.17.143 - - [13/Nov/2023:07:27:26 +0100] "GET /fox-gold-jewelry-stand-and-white-cup-p-48823.html HTTP/1.0" 301 79977 "-" "Mozilla/5.0 (compatible; MJ12bot/v1.4.8; http://mj12bot.com/)"
91.137.17.143 - - [13/Nov/2023:07:27:30 +0100] "GET /gold-jewelry-stand-white-p-48823.html HTTP/1.0" 200 79886 "-" "Mozilla/5.0 (compatible; MJ12bot/v1.4.8; http://mj12bot.com/)"
47.128.38.79 - - [13/Nov/2023:07:27:32 +0100] "GET /stone-green-opal-30-40-grams-p-46622.html HTTP/1.0" 301 77461 "-" "Mozilla/5.0 (Linux; Android 5.0) AppleWebKit/537.36 (KHTML, like Gecko) Mobile Safari/537.36 (compatible; Bytespider; spider-feedback@bytedance.com)"
91.137.17.143 - - [13/Nov/2023:07:27:33 +0100] "GET /french-bulldog-metal-keyring-p-33302.html HTTP/1.0" 301 77356 "-" "Mozilla/5.0 (compatible; MJ12bot/v1.4.8; http://mj12bot.com/)"
47.128.38.79 - - [13/Nov/2023:07:27:34 +0100] "GET /stone-green-opal-grams-p-46622.html HTTP/1.0" 200 77372 "-" "Mozilla/5.0 (Linux; Android 5.0) AppleWebKit/537.36 (KHTML, like Gecko) Mobile Safari/537.36 (compatible; Bytespider; spider-feedback@bytedance.com)"
47.128.38.79 - - [13/Nov/2023:07:27:36 +0100] "GET /swfobject.js HTTP/1.0" 404 1308 "http://www.wonder-geek.com/stone-green-opal-grams-p-46622.html" "Mozilla/5.0 (Linux; Android 5.0) AppleWebKit/537.36 (KHTML, like Gecko) Mobile Safari/537.36 (compatible; Bytespider; spider-feedback@bytedance.com)"
91.137.17.143 - - [13/Nov/2023:07:27:37 +0100] "GET /-p-33302.html HTTP/1.0" 200 77289 "-" "Mozilla/5.0 (compatible; MJ12bot/v1.4.8; http://mj12bot.com/)"
185.191.171.8 - - [13/Nov/2023:07:27:37 +0100] "GET /collectible-figurines-decorative-c-292_135.html?page=17 HTTP/1.0" 200 101593 "-" "Mozilla/5.0 (compatible; SemrushBot/7~bl; +http://www.semrush.com/bot.html)"
47.128.38.79 - - [13/Nov/2023:07:27:40 +0100] "GET /highslide/graphics/outlines/drop-shadow.png HTTP/1.0" 200 277 "http://www.wonder-geek.com/stone-green-opal-grams-p-46622.html" "Mozilla/5.0 (Linux; Android 5.0) AppleWebKit/537.36 (KHTML, like Gecko) Mobile Safari/537.36 (compatible; Bytespider; spider-feedback@bytedance.com)"
47.128.38.79 - - [13/Nov/2023:07:27:40 +0100] "GET /highslide/graphics/zoomout.cur HTTP/1.0" 200 614 "http://www.wonder-geek.com/stone-green-opal-grams-p-46622.html" "Mozilla/5.0 (Linux; Android 5.0) AppleWebKit/537.36 (KHTML, like Gecko) Mobile Safari/537.36 (compatible; Bytespider; spider-feedback@bytedance.com)"
54.36.148.201 - - [13/Nov/2023:07:27:40 +0100] "GET /small-baby-teeth-p-60184.html HTTP/1.0" 200 80350 "-" "Mozilla/5.0 (compatible; AhrefsBot/7.0; +http://ahrefs.com/robot/)"
91.137.17.143 - - [13/Nov/2023:07:27:41 +0100] "GET /french-delicacies-glass-coaster-p-32861.html HTTP/1.0" 200 79679 "-" "Mozilla/5.0 (compatible; MJ12bot/v1.4.8; http://mj12bot.com/)"
85.208.96.196 - - [13/Nov/2023:07:27:41 +0100] "GET /dishes-c-12.html?page=51 HTTP/1.0" 200 98617 "-" "Mozilla/5.0 (compatible; SemrushBot/7~bl; +http://www.semrush.com/bot.html)"
91.137.17.143 - - [13/Nov/2023:07:27:45 +0100] "GET /french-touch-paris-bedclothes-220-240-cm-p-35008.html HTTP/1.0" 301 77356 "-" "Mozilla/5.0 (compatible; MJ12bot/v1.4.8; http://mj12bot.com/)"
85.208.96.195 - - [13/Nov/2023:07:27:46 +0100] "GET /luggages-schoolbags-leather-shop-c-31.html?page=82 HTTP/1.0" 200 92401 "-" "Mozilla/5.0 (compatible; SemrushBot/7~bl; +http://www.semrush.com/bot.html)"
91.137.17.143 - - [13/Nov/2023:07:27:49 +0100] "GET /-p-35008.html HTTP/1.0" 200 77289 "-" "Mozilla/5.0 (compatible; MJ12bot/v1.4.8; http://mj12bot.com/)"
91.137.17.143 - - [13/Nov/2023:07:27:52 +0100] "GET /fresh-brewed-coffee-retro-beige-mug-p-26694.html HTTP/1.0" 301 77356 "-" "Mozilla/5.0 (compatible; MJ12bot/v1.4.8; http://mj12bot.com/)"
91.137.17.143 - - [13/Nov/2023:07:27:55 +0100] "GET /-p-26694.html HTTP/1.0" 200 77289 "-" "Mozilla/5.0 (compatible; MJ12bot/v1.4.8; http://mj12bot.com/)"
91.137.17.143 - - [13/Nov/2023:07:27:59 +0100] "GET /fresh-brewed-coffee-retro-beige-p-26694.html HTTP/1.0" 301 77356 "-" "Mozilla/5.0 (compatible; MJ12bot/v1.4.8; http://mj12bot.com/)"
47.128.61.181 - - [13/Nov/2023:07:28:01 +0100] "GET /my-little-kitchen-saltshaker-and-pepper-pot-p-41632.html HTTP/1.0" 301 79885 "-" "Mozilla/5.0 (Linux; Android 5.0) AppleWebKit/537.36 (KHTML, like Gecko) Mobile Safari/537.36 (compatible; Bytespider; spider-feedback@bytedance.com)"
91.137.17.143 - - [13/Nov/2023:07:28:03 +0100] "GET /-p-26694.html HTTP/1.0" 200 77289 "-" "Mozilla/5.0 (compatible; MJ12bot/v1.4.8; http://mj12bot.com/)"
47.128.61.181 - - [13/Nov/2023:07:28:03 +0100] "GET /little-kitchen-saltshaker-pepper-p-41632.html HTTP/1.0" 200 79786 "-" "Mozilla/5.0 (Linux; Android 5.0) AppleWebKit/537.36 (KHTML, like Gecko) Mobile Safari/537.36 (compatible; Bytespider; spider-feedback@bytedance.com)"
47.128.61.181 - - [13/Nov/2023:07:28:05 +0100] "GET /swfobject.js HTTP/1.0" 404 1308 "http://www.wonder-geek.com/little-kitchen-saltshaker-pepper-p-41632.html" "Mozilla/5.0 (Linux; Android 5.0) AppleWebKit/537.36 (KHTML, like Gecko) Mobile Safari/537.36 (compatible; Bytespider; spider-feedback@bytedance.com)"
91.137.17.143 - - [13/Nov/2023:07:28:07 +0100] "GET /fresh-story-card-p-20035.html HTTP/1.0" 200 79667 "-" "Mozilla/5.0 (compatible; MJ12bot/v1.4.8; http://mj12bot.com/)"
47.128.61.181 - - [13/Nov/2023:07:28:09 +0100] "GET /highslide/graphics/zoomin.cur HTTP/1.0" 200 614 "http://www.wonder-geek.com/templates/Pixame_v1/stylesheet.css" "Mozilla/5.0 (Linux; Android 5.0) AppleWebKit/537.36 (KHTML, like Gecko) Mobile Safari/537.36 (compatible; Bytespider; spider-feedback@bytedance.com)"
47.128.61.181 - - [13/Nov/2023:07:28:09 +0100] "GET /highslide/graphics/zoomout.cur HTTP/1.0" 200 614 "http://www.wonder-geek.com/little-kitchen-saltshaker-pepper-p-41632.html" "Mozilla/5.0 (Linux; Android 5.0) AppleWebKit/537.36 (KHTML, like Gecko) Mobile Safari/537.36 (compatible; Bytespider; spider-feedback@bytedance.com)"
47.128.61.181 - - [13/Nov/2023:07:28:09 +0100] "GET /highslide/graphics/outlines/drop-shadow.png HTTP/1.0" 200 277 "http://www.wonder-geek.com/little-kitchen-saltshaker-pepper-p-41632.html" "Mozilla/5.0 (Linux; Android 5.0) AppleWebKit/537.36 (KHTML, like Gecko) Mobile Safari/537.36 (compatible; Bytespider; spider-feedback@bytedance.com)"
47.128.61.181 - - [13/Nov/2023:07:28:10 +0100] "GET /images/big_prod/3560600293686.jpg HTTP/1.0" 200 268 "http://www.wonder-geek.com/little-kitchen-saltshaker-pepper-p-41632.html" "Mozilla/5.0 (Linux; Android 5.0) AppleWebKit/537.36 (KHTML, like Gecko) Mobile Safari/537.36 (compatible; Bytespider; spider-feedback@bytedance.com)"
91.137.17.143 - - [13/Nov/2023:07:28:11 +0100] "GET /frida-khalo-rectangular-presentation-dish-model-p-49529.html HTTP/1.0" 200 77471 "-" "Mozilla/5.0 (compatible; MJ12bot/v1.4.8; http://mj12bot.com/)"
91.137.17.143 - - [13/Nov/2023:07:28:14 +0100] "GET /frida-khalo-rectangular-presentation-dish-model-p-49534.html HTTP/1.0" 200 77471 "-" "Mozilla/5.0 (compatible; MJ12bot/v1.4.8; http://mj12bot.com/)"
91.137.17.143 - - [13/Nov/2023:07:28:18 +0100] "GET /frida-khalo-rectangular-serving-tray-model-p-49548.html HTTP/1.0" 200 77451 "-" "Mozilla/5.0 (compatible; MJ12bot/v1.4.8; http://mj12bot.com/)"
91.137.17.143 - - [13/Nov/2023:07:28:22 +0100] "GET /frozen-musical-jewelry-box-p-50882.html HTTP/1.0" 301 77472 "-" "Mozilla/5.0 (compatible; MJ12bot/v1.4.8; http://mj12bot.com/)"
91.137.17.143 - - [13/Nov/2023:07:28:25 +0100] "GET /frozen-musical-jewelry-p-50882.html HTTP/1.0" 200 77383 "-" "Mozilla/5.0 (compatible; MJ12bot/v1.4.8; http://mj12bot.com/)"
91.137.17.143 - - [13/Nov/2023:07:28:29 +0100] "GET /frozen-musical-jewelry-p-50882.html HTTP/1.0" 200 77383 "-" "Mozilla/5.0 (compatible; MJ12bot/v1.4.8; http://mj12bot.com/)"
47.76.57.30 - - [13/Nov/2023:07:28:31 +0100] "GET /images/mini_prod/1750048000003.jpg HTTP/1.0" 200 269 "-" "Mozilla/5.0 (X11; Ubuntu; Linux x86_64; rv:72.0) Gecko/20100101 Firefox/72.0"
47.128.61.198 - - [13/Nov/2023:07:28:29 +0100] "GET /figurine-pieta-by-michelangelo-26-cm-p-42065.html HTTP/1.0" 301 79985 "-" "Mozilla/5.0 (Linux; Android 5.0) AppleWebKit/537.36 (KHTML, like Gecko) Mobile Safari/537.36 (compatible; Bytespider; spider-feedback@bytedance.com)"
47.128.61.198 - - [13/Nov/2023:07:28:31 +0100] "GET /figurine-piet-michelangelo-p-42065.html HTTP/1.0" 200 79892 "-" "Mozilla/5.0 (Linux; Android 5.0) AppleWebKit/537.36 (KHTML, like Gecko) Mobile Safari/537.36 (compatible; Bytespider; spider-feedback@bytedance.com)"
47.128.61.198 - - [13/Nov/2023:07:28:33 +0100] "GET /swfobject.js HTTP/1.0" 404 1308 "http://www.wonder-geek.com/figurine-piet-michelangelo-p-42065.html" "Mozilla/5.0 (Linux; Android 5.0) AppleWebKit/537.36 (KHTML, like Gecko) Mobile Safari/537.36 (compatible; Bytespider; spider-feedback@bytedance.com)"
91.137.17.143 - - [13/Nov/2023:07:28:32 +0100] "GET /fuel-pump-clock-p-38093.html HTTP/1.0" 301 77356 "-" "Mozilla/5.0 (compatible; MJ12bot/v1.4.8; http://mj12bot.com/)"
91.137.17.143 - - [13/Nov/2023:07:28:35 +0100] "GET /-p-38093.html HTTP/1.0" 200 77289 "-" "Mozilla/5.0 (compatible; MJ12bot/v1.4.8; http://mj12bot.com/)"
47.128.61.198 - - [13/Nov/2023:07:28:38 +0100] "GET /highslide/graphics/zoomin.cur HTTP/1.0" 200 614 "http://www.wonder-geek.com/templates/Pixame_v1/stylesheet.css" "Mozilla/5.0 (Linux; Android 5.0) AppleWebKit/537.36 (KHTML, like Gecko) Mobile Safari/537.36 (compatible; Bytespider; spider-feedback@bytedance.com)"
47.128.61.198 - - [13/Nov/2023:07:28:39 +0100] "GET /highslide/graphics/outlines/drop-shadow.png HTTP/1.0" 200 277 "http://www.wonder-geek.com/figurine-piet-michelangelo-p-42065.html" "Mozilla/5.0 (Linux; Android 5.0) AppleWebKit/537.36 (KHTML, like Gecko) Mobile Safari/537.36 (compatible; Bytespider; spider-feedback@bytedance.com)"
47.128.61.198 - - [13/Nov/2023:07:28:39 +0100] "GET /highslide/graphics/zoomout.cur HTTP/1.0" 200 614 "http://www.wonder-geek.com/figurine-piet-michelangelo-p-42065.html" "Mozilla/5.0 (Linux; Android 5.0) AppleWebKit/537.36 (KHTML, like Gecko) Mobile Safari/537.36 (compatible; Bytespider; spider-feedback@bytedance.com)"
47.128.61.198 - - [13/Nov/2023:07:28:39 +0100] "GET /images/big_prod/8433933015421.jpg HTTP/1.0" 200 268 "http://www.wonder-geek.com/figurine-piet-michelangelo-p-42065.html" "Mozilla/5.0 (Linux; Android 5.0) AppleWebKit/537.36 (KHTML, like Gecko) Mobile Safari/537.36 (compatible; Bytespider; spider-feedback@bytedance.com)"
66.249.66.207 - - [13/Nov/2023:07:28:39 +0100] "GET /images/mini_prod/3359103067968.jpg HTTP/1.0" 200 269 "-" "Googlebot-Image/1.0"
91.137.17.143 - - [13/Nov/2023:07:28:40 +0100] "GET /fuel-pump-metal-decoration-old-shape-yellow-p-39981.html HTTP/1.0" 301 77356 "-" "Mozilla/5.0 (compatible; MJ12bot/v1.4.8; http://mj12bot.com/)"
66.249.66.205 - - [13/Nov/2023:07:28:40 +0100] "GET /kiss-statue-rodin-p-50989.html HTTP/1.0" 200 80436 "-" "Mozilla/5.0 (compatible; Googlebot/2.1; +http://www.google.com/bot.html)"
91.137.17.143 - - [13/Nov/2023:07:28:43 +0100] "GET /-p-39981.html HTTP/1.0" 200 77289 "-" "Mozilla/5.0 (compatible; MJ12bot/v1.4.8; http://mj12bot.com/)"
4.16.12.45 - - [13/Nov/2023:07:28:44 +0100] "GET /images/mini_prod/3585190668607.jpg HTTP/1.0" 200 269 "-" "Mozilla/5.0 (X11; Ubuntu; Linux x86_64; rv:72.0) Gecko/20100101 Firefox/72.0"
91.137.17.143 - - [13/Nov/2023:07:28:47 +0100] "GET /fuel-pump-metal-decoration-shape-yellow-p-39981.html HTTP/1.0" 301 77356 "-" "Mozilla/5.0 (compatible; MJ12bot/v1.4.8; http://mj12bot.com/)"
91.137.17.143 - - [13/Nov/2023:07:28:50 +0100] "GET /-p-39981.html HTTP/1.0" 200 77289 "-" "Mozilla/5.0 (compatible; MJ12bot/v1.4.8; http://mj12bot.com/)"
91.137.17.143 - - [13/Nov/2023:07:28:53 +0100] "GET /funny-little-bugs-pairs-of-socks-size-15-18-p-25320.html HTTP/1.0" 301 77356 "-" "Mozilla/5.0 (compatible; MJ12bot/v1.4.8; http://mj12bot.com/)"
47.128.37.140 - - [13/Nov/2023:07:28:56 +0100] "GET /girls/pants-capri-pants/winx-club-jeans-p-7213.html HTTP/1.0" 301 77353 "-" "Mozilla/5.0 (Linux; Android 5.0) AppleWebKit/537.36 (KHTML, like Gecko) Mobile Safari/537.36 (compatible; Bytespider; spider-feedback@bytedance.com)"
91.137.17.143 - - [13/Nov/2023:07:28:57 +0100] "GET /-p-25320.html HTTP/1.0" 200 77289 "-" "Mozilla/5.0 (compatible; MJ12bot/v1.4.8; http://mj12bot.com/)"
47.128.37.140 - - [13/Nov/2023:07:28:57 +0100] "GET /-p-7213.html HTTP/1.0" 200 77287 "-" "Mozilla/5.0 (Linux; Android 5.0) AppleWebKit/537.36 (KHTML, like Gecko) Mobile Safari/537.36 (compatible; Bytespider; spider-feedback@bytedance.com)"
47.128.37.140 - - [13/Nov/2023:07:29:00 +0100] "GET /swfobject.js HTTP/1.0" 404 1308 "http://www.wonder-geek.com/-p-7213.html" "Mozilla/5.0 (Linux; Android 5.0) AppleWebKit/537.36 (KHTML, like Gecko) Mobile Safari/537.36 (compatible; Bytespider; spider-feedback@bytedance.com)"
65.154.226.167 - - [13/Nov/2023:07:29:00 +0100] "GET /images/mini%5fprod/3585190668607.jpg HTTP/1.0" 200 269 "-" "Mozilla/5.0 (Windows NT 10.0) AppleWebKit/537.36 (KHTML, like Gecko) Chrome/106.0.0.0 Safari/537.36"
134.130.37.175 - - [13/Nov/2023:07:29:02 +0100] "GET /images/mini_prod/8430957052104.jpg HTTP/1.0" 200 269 "-" "Mozilla/5.0 (X11; Ubuntu; Linux x86_64; rv:72.0) Gecko/20100101 Firefox/72.0"
47.128.37.140 - - [13/Nov/2023:07:29:02 +0100] "GET /highslide/graphics/outlines/drop-shadow.png HTTP/1.0" 200 277 "http://www.wonder-geek.com/-p-7213.html" "Mozilla/5.0 (Linux; Android 5.0) AppleWebKit/537.36 (KHTML, like Gecko) Mobile Safari/537.36 (compatible; Bytespider; spider-feedback@bytedance.com)"
47.128.37.140 - - [13/Nov/2023:07:29:02 +0100] "GET /highslide/graphics/zoomout.cur HTTP/1.0" 200 614 "http://www.wonder-geek.com/-p-7213.html" "Mozilla/5.0 (Linux; Android 5.0) AppleWebKit/537.36 (KHTML, like Gecko) Mobile Safari/537.36 (compatible; Bytespider; spider-feedback@bytedance.com)"
91.137.17.143 - - [13/Nov/2023:07:29:01 +0100] "GET /furnishings-c-13_87.html?page=3 HTTP/1.0" 301 89366 "-" "Mozilla/5.0 (compatible; MJ12bot/v1.4.8; http://mj12bot.com/)"
91.137.17.143 - - [13/Nov/2023:07:29:05 +0100] "GET /shelf-furniture-c-87.html?page=3 HTTP/1.0" 301 89243 "-" "Mozilla/5.0 (compatible; MJ12bot/v1.4.8; http://mj12bot.com/)"
54.36.148.63 - - [13/Nov/2023:07:29:07 +0100] "GET /miss-sunshine-little-mirror-p-8861.html HTTP/1.0" 200 79842 "-" "Mozilla/5.0 (compatible; AhrefsBot/7.0; +http://ahrefs.com/robot/)"
54.36.149.80 - - [13/Nov/2023:07:29:10 +0100] "GET /images/big_prod/3438100321553.jpg HTTP/1.0" 200 268 "-" "Mozilla/5.0 (compatible; AhrefsBot/7.0; +http://ahrefs.com/robot/)"
91.137.17.143 - - [13/Nov/2023:07:29:08 +0100] "GET /shelf-furniture-c-13_87.html?page=3 HTTP/1.0" 200 89280 "-" "Mozilla/5.0 (compatible; MJ12bot/v1.4.8; http://mj12bot.com/)"
91.137.17.143 - - [13/Nov/2023:07:29:12 +0100] "GET /garden-gnomes-yellow-mini-mug-p-34926.html HTTP/1.0" 301 77356 "-" "Mozilla/5.0 (compatible; MJ12bot/v1.4.8; http://mj12bot.com/)"
91.137.17.143 - - [13/Nov/2023:07:29:17 +0100] "GET /-p-34926.html HTTP/1.0" 200 77289 "-" "Mozilla/5.0 (compatible; MJ12bot/v1.4.8; http://mj12bot.com/)"
91.137.17.143 - - [13/Nov/2023:07:29:20 +0100] "GET /garden-gnomes-yellow-mug-p-34920.html HTTP/1.0" 301 77356 "-" "Mozilla/5.0 (compatible; MJ12bot/v1.4.8; http://mj12bot.com/)"
91.137.17.143 - - [13/Nov/2023:07:29:23 +0100] "GET /-p-34920.html HTTP/1.0" 200 77289 "-" "Mozilla/5.0 (compatible; MJ12bot/v1.4.8; http://mj12bot.com/)"
47.128.29.253 - - [13/Nov/2023:07:29:24 +0100] "GET /simpsons-long-sleeve-shirt-p-32730.html HTTP/1.0" 301 77356 "-" "Mozilla/5.0 (Linux; Android 5.0) AppleWebKit/537.36 (KHTML, like Gecko) Mobile Safari/537.36 (compatible; Bytespider; spider-feedback@bytedance.com)"
47.128.29.253 - - [13/Nov/2023:07:29:25 +0100] "GET /-p-32730.html HTTP/1.0" 200 77289 "-" "Mozilla/5.0 (Linux; Android 5.0) AppleWebKit/537.36 (KHTML, like Gecko) Mobile Safari/537.36 (compatible; Bytespider; spider-feedback@bytedance.com)"
47.128.29.253 - - [13/Nov/2023:07:29:27 +0100] "GET /swfobject.js HTTP/1.0" 404 1308 "http://www.wonder-geek.com/-p-32730.html" "Mozilla/5.0 (Linux; Android 5.0) AppleWebKit/537.36 (KHTML, like Gecko) Mobile Safari/537.36 (compatible; Bytespider; spider-feedback@bytedance.com)"
91.137.17.143 - - [13/Nov/2023:07:29:26 +0100] "GET /gift-box-made-of-metal-towels-30-30-cm-300-gr-m2-p-50886.html HTTP/1.0" 301 77356 "-" "Mozilla/5.0 (compatible; MJ12bot/v1.4.8; http://mj12bot.com/)"
91.137.17.143 - - [13/Nov/2023:07:29:30 +0100] "GET /-p-50886.html HTTP/1.0" 200 77289 "-" "Mozilla/5.0 (compatible; MJ12bot/v1.4.8; http://mj12bot.com/)"
47.128.29.253 - - [13/Nov/2023:07:29:32 +0100] "GET /highslide/graphics/outlines/drop-shadow.png HTTP/1.0" 200 277 "http://www.wonder-geek.com/-p-32730.html" "Mozilla/5.0 (Linux; Android 5.0) AppleWebKit/537.36 (KHTML, like Gecko) Mobile Safari/537.36 (compatible; Bytespider; spider-feedback@bytedance.com)"
47.128.29.253 - - [13/Nov/2023:07:29:32 +0100] "GET /highslide/graphics/zoomout.cur HTTP/1.0" 200 614 "http://www.wonder-geek.com/-p-32730.html" "Mozilla/5.0 (Linux; Android 5.0) AppleWebKit/537.36 (KHTML, like Gecko) Mobile Safari/537.36 (compatible; Bytespider; spider-feedback@bytedance.com)"
51.68.224.127 - - [13/Nov/2023:07:29:32 +0100] "GET /adminweb/export_orders_xml.php?token=256de2z6edz6ed2z6DFSFsed2zed6zeDSFDSGdzedezfzf&maxorders=10&orderstart=1&status=14&start_date=2018-10-01 HTTP/1.0" 200 285 "-" "GesCom CharlotteBoutik Serveur"
51.68.224.127 - - [13/Nov/2023:07:29:32 +0100] "GET /adminweb/export_orders_xml.php?token=256de2z6edz6ed2z6DFSFsed2zed6zeDSFDSGdzedezfzf&maxorders=10&orderstart=1&status=6&start_date=2018-10-01 HTTP/1.0" 200 33939 "-" "GesCom CharlotteBoutik Serveur"
91.137.17.143 - - [13/Nov/2023:07:29:33 +0100] "GET /gift-box-made-of-metal-towels-30-30-cm-300-gr-m2-p-50887.html HTTP/1.0" 301 79982 "-" "Mozilla/5.0 (compatible; MJ12bot/v1.4.8; http://mj12bot.com/)"
91.137.17.143 - - [13/Nov/2023:07:29:36 +0100] "GET /gift-made-metal-towels-p-50887.html HTTP/1.0" 200 79893 "-" "Mozilla/5.0 (compatible; MJ12bot/v1.4.8; http://mj12bot.com/)"
91.137.17.143 - - [13/Nov/2023:07:29:39 +0100] "GET /gift-box-tea-infuser-mug-mandala-grey-p-43795.html HTTP/1.0" 301 80340 "-" "Mozilla/5.0 (compatible; MJ12bot/v1.4.8; http://mj12bot.com/)"
91.137.17.143 - - [13/Nov/2023:07:29:43 +0100] "GET /gift-infuser-mandala-grey-p-43795.html HTTP/1.0" 200 80248 "-" "Mozilla/5.0 (compatible; MJ12bot/v1.4.8; http://mj12bot.com/)"
91.137.17.143 - - [13/Nov/2023:07:29:47 +0100] "GET /gift-infuser-mandala-grey-p-43795.html HTTP/1.0" 200 80248 "-" "Mozilla/5.0 (compatible; MJ12bot/v1.4.8; http://mj12bot.com/)"
213.180.203.153 - - [13/Nov/2023:07:29:49 +0100] "GET /robots.txt HTTP/1.0" 200 245 "-" "Mozilla/5.0 (compatible; YandexBot/3.0; +http://yandex.com/bots)"
87.250.224.201 - - [13/Nov/2023:07:29:50 +0100] "GET /-p-35281.html HTTP/1.0" 200 77289 "-" "Mozilla/5.0 (compatible; YandexBot/3.0; +http://yandex.com/bots)"
91.137.17.143 - - [13/Nov/2023:07:29:50 +0100] "GET /gift-infuser-mandala-purple-p-46304.html HTTP/1.0" 200 81090 "-" "Mozilla/5.0 (compatible; MJ12bot/v1.4.8; http://mj12bot.com/)"
91.137.17.143 - - [13/Nov/2023:07:29:54 +0100] "GET /gift-made-metal-towels-p-50887.html HTTP/1.0" 200 79893 "-" "Mozilla/5.0 (compatible; MJ12bot/v1.4.8; http://mj12bot.com/)"
47.128.42.217 - - [13/Nov/2023:07:29:54 +0100] "GET /aquarius-pot-cookware-cbkreation-p-43286.html HTTP/1.0" 301 79866 "-" "Mozilla/5.0 (Linux; Android 5.0) AppleWebKit/537.36 (KHTML, like Gecko) Mobile Safari/537.36 (compatible; Bytespider; spider-feedback@bytedance.com)"
47.128.42.217 - - [13/Nov/2023:07:29:56 +0100] "GET /aquarius-cookware-cbkreation-p-43286.html HTTP/1.0" 200 79771 "-" "Mozilla/5.0 (Linux; Android 5.0) AppleWebKit/537.36 (KHTML, like Gecko) Mobile Safari/537.36 (compatible; Bytespider; spider-feedback@bytedance.com)"
185.191.171.11 - - [13/Nov/2023:07:29:56 +0100] "GET /oscar-wilde-stickers-p-39325.html HTTP/1.0" 200 80412 "-" "Mozilla/5.0 (compatible; SemrushBot/7~bl; +http://www.semrush.com/bot.html)"
47.128.42.217 - - [13/Nov/2023:07:29:58 +0100] "GET /swfobject.js HTTP/1.0" 404 1308 "http://www.wonder-geek.com/aquarius-cookware-cbkreation-p-43286.html" "Mozilla/5.0 (Linux; Android 5.0) AppleWebKit/537.36 (KHTML, like Gecko) Mobile Safari/537.36 (compatible; Bytespider; spider-feedback@bytedance.com)"
91.137.17.143 - - [13/Nov/2023:07:29:57 +0100] "GET /glass-cutting-board-by-cbkreation-p-51106.html HTTP/1.0" 301 77502 "-" "Mozilla/5.0 (compatible; MJ12bot/v1.4.8; http://mj12bot.com/)"
202.120.234.179 - - [13/Nov/2023:07:30:00 +0100] "GET /images/mini_prod/8003990615898.jpg HTTP/1.0" 200 269 "-" "Mozilla/5.0 (X11; Ubuntu; Linux x86_64; rv:72.0) Gecko/20100101 Firefox/72.0"
185.191.171.9 - - [13/Nov/2023:07:29:59 +0100] "GET /childhood-friends-bambi-friends-figurine-p-54003.html HTTP/1.0" 200 81139 "-" "Mozilla/5.0 (compatible; SemrushBot/7~bl; +http://www.semrush.com/bot.html)"
47.128.42.217 - - [13/Nov/2023:07:30:01 +0100] "GET /highslide/graphics/zoomin.cur HTTP/1.0" 200 614 "http://www.wonder-geek.com/templates/Pixame_v1/stylesheet.css" "Mozilla/5.0 (Linux; Android 5.0) AppleWebKit/537.36 (KHTML, like Gecko) Mobile Safari/537.36 (compatible; Bytespider; spider-feedback@bytedance.com)"
47.128.42.217 - - [13/Nov/2023:07:30:02 +0100] "GET /highslide/graphics/outlines/drop-shadow.png HTTP/1.0" 200 277 "http://www.wonder-geek.com/aquarius-cookware-cbkreation-p-43286.html" "Mozilla/5.0 (Linux; Android 5.0) AppleWebKit/537.36 (KHTML, like Gecko) Mobile Safari/537.36 (compatible; Bytespider; spider-feedback@bytedance.com)"
47.128.42.217 - - [13/Nov/2023:07:30:02 +0100] "GET /highslide/graphics/zoomout.cur HTTP/1.0" 200 614 "http://www.wonder-geek.com/aquarius-cookware-cbkreation-p-43286.html" "Mozilla/5.0 (Linux; Android 5.0) AppleWebKit/537.36 (KHTML, like Gecko) Mobile Safari/537.36 (compatible; Bytespider; spider-feedback@bytedance.com)"
47.128.42.217 - - [13/Nov/2023:07:30:02 +0100] "GET /images/big_prod/1399986101788.jpg HTTP/1.0" 200 268 "http://www.wonder-geek.com/aquarius-cookware-cbkreation-p-43286.html" "Mozilla/5.0 (Linux; Android 5.0) AppleWebKit/537.36 (KHTML, like Gecko) Mobile Safari/537.36 (compatible; Bytespider; spider-feedback@bytedance.com)"
91.137.17.143 - - [13/Nov/2023:07:30:01 +0100] "GET /glass-cutting-board-cbkreation-p-51106.html HTTP/1.0" 200 77405 "-" "Mozilla/5.0 (compatible; MJ12bot/v1.4.8; http://mj12bot.com/)"
185.191.171.4 - - [13/Nov/2023:07:30:03 +0100] "GET /snake-wooden-wall-decoration-p-46822.html HTTP/1.0" 200 77403 "-" "Mozilla/5.0 (compatible; SemrushBot/7~bl; +http://www.semrush.com/bot.html)"
91.137.17.143 - - [13/Nov/2023:07:30:05 +0100] "GET /glass-cutting-board-cbkreation-p-51106.html HTTP/1.0" 200 77405 "-" "Mozilla/5.0 (compatible; MJ12bot/v1.4.8; http://mj12bot.com/)"
91.137.17.143 - - [13/Nov/2023:07:30:09 +0100] "GET /glass-votive-holder-heart-and-home-metallic-pink-p-39904.html HTTP/1.0" 301 77578 "-" "Mozilla/5.0 (compatible; MJ12bot/v1.4.8; http://mj12bot.com/)"
