91.137.17.143 - - [13/Nov/2023:07:30:13 +0100] "GET /glass-votive-holder-heart-home-metallic-pink-p-39904.html HTTP/1.0" 200 77467 "-" "Mozilla/5.0 (compatible; MJ12bot/v1.4.8; http://mj12bot.com/)"
85.208.96.208 - - [13/Nov/2023:07:30:14 +0100] "GET /mini-motsu-keel-toys-plush-p-46196.html HTTP/1.0" 200 77383 "-" "Mozilla/5.0 (compatible; SemrushBot/7~bl; +http://www.semrush.com/bot.html)"
91.137.17.143 - - [13/Nov/2023:07:30:16 +0100] "GET /glass-votive-holder-heart-home-metallic-pink-p-39904.html HTTP/1.0" 200 77467 "-" "Mozilla/5.0 (compatible; MJ12bot/v1.4.8; http://mj12bot.com/)"
85.208.96.211 - - [13/Nov/2023:07:30:17 +0100] "GET /mani-lucky-glasses-case-p-47576.html HTTP/1.0" 200 77387 "-" "Mozilla/5.0 (compatible; SemrushBot/7~bl; +http://www.semrush.com/bot.html)"
91.137.17.143 - - [13/Nov/2023:07:30:20 +0100] "GET /globe-armillaire-decoration-p-48807.html HTTP/1.0" 301 77356 "-" "Mozilla/5.0 (compatible; MJ12bot/v1.4.8; http://mj12bot.com/)"
85.208.96.210 - - [13/Nov/2023:07:30:21 +0100] "GET /three-wise-monkeys-cbkreation-p-24053.html HTTP/1.0" 200 79732 "-" "Mozilla/5.0 (compatible; SemrushBot/7~bl; +http://www.semrush.com/bot.html)"
91.137.17.143 - - [13/Nov/2023:07:30:23 +0100] "GET /-p-48807.html HTTP/1.0" 200 77289 "-" "Mozilla/5.0 (compatible; MJ12bot/v1.4.8; http://mj12bot.com/)"
185.191.171.15 - - [13/Nov/2023:07:30:25 +0100] "GET /-p-49363.html HTTP/1.0" 200 77289 "-" "Mozilla/5.0 (compatible; SemrushBot/7~bl; +http://www.semrush.com/bot.html)"
91.137.17.143 - - [13/Nov/2023:07:30:27 +0100] "GET /god-save-the-queen-money-box-by-cbk-p-24002.html HTTP/1.0" 301 79861 "-" "Mozilla/5.0 (compatible; MJ12bot/v1.4.8; http://mj12bot.com/)"
54.36.148.60 - - [13/Nov/2023:07:30:28 +0100] "GET /natural-seagrass-carpet-p-59141.html HTTP/1.0" 200 80698 "-" "Mozilla/5.0 (compatible; AhrefsBot/7.0; +http://ahrefs.com/robot/)"
54.36.148.66 - - [13/Nov/2023:07:30:31 +0100] "GET /images/big_prod_1/5400924207441a.jpg HTTP/1.0" 200 271 "-" "Mozilla/5.0 (compatible; AhrefsBot/7.0; +http://ahrefs.com/robot/)"
91.137.17.143 - - [13/Nov/2023:07:30:31 +0100] "GET /save-queen-money-cbkreation-p-24002.html HTTP/1.0" 200 79767 "-" "Mozilla/5.0 (compatible; MJ12bot/v1.4.8; http://mj12bot.com/)"
85.208.96.200 - - [13/Nov/2023:07:30:34 +0100] "GET /puppy-glue-stick-p-40831.html HTTP/1.0" 200 79619 "-" "Mozilla/5.0 (compatible; SemrushBot/7~bl; +http://www.semrush.com/bot.html)"
91.137.17.143 - - [13/Nov/2023:07:30:35 +0100] "GET /god-save-the-queen-money-box-by-cbkreation-p-24002.html HTTP/1.0" 301 79861 "-" "Mozilla/5.0 (compatible; MJ12bot/v1.4.8; http://mj12bot.com/)"
47.128.20.244 - - [13/Nov/2023:07:30:35 +0100] "GET /paris-clock-p-8635.html HTTP/1.0" 301 77353 "-" "Mozilla/5.0 (Linux; Android 5.0) AppleWebKit/537.36 (KHTML, like Gecko) Mobile Safari/537.36 (compatible; Bytespider; spider-feedback@bytedance.com)"
47.128.20.244 - - [13/Nov/2023:07:30:38 +0100] "GET /-p-8635.html HTTP/1.0" 200 77287 "-" "Mozilla/5.0 (Linux; Android 5.0) AppleWebKit/537.36 (KHTML, like Gecko) Mobile Safari/537.36 (compatible; Bytespider; spider-feedback@bytedance.com)"
91.137.17.143 - - [13/Nov/2023:07:30:38 +0100] "GET /save-queen-money-cbkreation-p-24002.html HTTP/1.0" 200 79767 "-" "Mozilla/5.0 (compatible; MJ12bot/v1.4.8; http://mj12bot.com/)"
47.128.20.244 - - [13/Nov/2023:07:30:40 +0100] "GET /swfobject.js HTTP/1.0" 404 1308 "http://www.wonder-geek.com/-p-8635.html" "Mozilla/5.0 (Linux; Android 5.0) AppleWebKit/537.36 (KHTML, like Gecko) Mobile Safari/537.36 (compatible; Bytespider; spider-feedback@bytedance.com)"
47.128.20.244 - - [13/Nov/2023:07:30:40 +0100] "GET /swfobject.js HTTP/1.0" 404 1308 "http://www.wonder-geek.com/-p-8635.html" "Mozilla/5.0 (Linux; Android 5.0) AppleWebKit/537.36 (KHTML, like Gecko) Mobile Safari/537.36 (compatible; Bytespider; spider-feedback@bytedance.com)"
185.191.171.9 - - [13/Nov/2023:07:30:39 +0100] "GET /water-bottle-children-p-59999.html HTTP/1.0" 200 80364 "-" "Mozilla/5.0 (compatible; SemrushBot/7~bl; +http://www.semrush.com/bot.html)"
47.128.20.244 - - [13/Nov/2023:07:30:43 +0100] "GET /highslide/graphics/outlines/drop-shadow.png HTTP/1.0" 200 277 "http://www.wonder-geek.com/-p-8635.html" "Mozilla/5.0 (Linux; Android 5.0) AppleWebKit/537.36 (KHTML, like Gecko) Mobile Safari/537.36 (compatible; Bytespider; spider-feedback@bytedance.com)"
47.128.20.244 - - [13/Nov/2023:07:30:43 +0100] "GET /highslide/graphics/zoomout.cur HTTP/1.0" 200 614 "http://www.wonder-geek.com/-p-8635.html" "Mozilla/5.0 (Linux; Android 5.0) AppleWebKit/537.36 (KHTML, like Gecko) Mobile Safari/537.36 (compatible; Bytespider; spider-feedback@bytedance.com)"
91.137.17.143 - - [13/Nov/2023:07:30:41 +0100] "GET /god-save-the-queen-mug-by-cbk-p-13923.html HTTP/1.0" 301 79786 "-" "Mozilla/5.0 (compatible; MJ12bot/v1.4.8; http://mj12bot.com/)"
91.137.17.143 - - [13/Nov/2023:07:30:44 +0100] "GET /save-queen-cbkreation-p-13923.html HTTP/1.0" 200 79698 "-" "Mozilla/5.0 (compatible; MJ12bot/v1.4.8; http://mj12bot.com/)"
47.128.20.141 - - [13/Nov/2023:07:30:47 +0100] "GET /oriental-red-teapot-08-liter-p-48805.html HTTP/1.0" 301 77467 "-" "Mozilla/5.0 (Linux; Android 5.0) AppleWebKit/537.36 (KHTML, like Gecko) Mobile Safari/537.36 (compatible; Bytespider; spider-feedback@bytedance.com)"
91.137.17.143 - - [13/Nov/2023:07:30:48 +0100] "GET /god-save-the-queen-mug-by-cbkreation-p-13923.html HTTP/1.0" 301 79786 "-" "Mozilla/5.0 (compatible; MJ12bot/v1.4.8; http://mj12bot.com/)"
47.128.20.141 - - [13/Nov/2023:07:30:49 +0100] "GET /oriental-teapot-liter-p-48805.html HTTP/1.0" 200 77379 "-" "Mozilla/5.0 (Linux; Android 5.0) AppleWebKit/537.36 (KHTML, like Gecko) Mobile Safari/537.36 (compatible; Bytespider; spider-feedback@bytedance.com)"
47.128.20.141 - - [13/Nov/2023:07:30:51 +0100] "GET /swfobject.js HTTP/1.0" 404 1308 "http://www.wonder-geek.com/oriental-teapot-liter-p-48805.html" "Mozilla/5.0 (Linux; Android 5.0) AppleWebKit/537.36 (KHTML, like Gecko) Mobile Safari/537.36 (compatible; Bytespider; spider-feedback@bytedance.com)"
47.128.20.141 - - [13/Nov/2023:07:30:51 +0100] "GET /highslide/graphics/zoomout.cur HTTP/1.0" 200 614 "http://www.wonder-geek.com/oriental-teapot-liter-p-48805.html" "Mozilla/5.0 (Linux; Android 5.0) AppleWebKit/537.36 (KHTML, like Gecko) Mobile Safari/537.36 (compatible; Bytespider; spider-feedback@bytedance.com)"
47.128.20.141 - - [13/Nov/2023:07:30:51 +0100] "GET /highslide/graphics/outlines/drop-shadow.png HTTP/1.0" 200 277 "http://www.wonder-geek.com/oriental-teapot-liter-p-48805.html" "Mozilla/5.0 (Linux; Android 5.0) AppleWebKit/537.36 (KHTML, like Gecko) Mobile Safari/537.36 (compatible; Bytespider; spider-feedback@bytedance.com)"
91.137.17.143 - - [13/Nov/2023:07:30:51 +0100] "GET /save-queen-cbkreation-p-13923.html HTTP/1.0" 200 79698 "-" "Mozilla/5.0 (compatible; MJ12bot/v1.4.8; http://mj12bot.com/)"
91.137.17.143 - - [13/Nov/2023:07:30:54 +0100] "GET /gold-jewelry-stand-white-p-48823.html HTTP/1.0" 200 79886 "-" "Mozilla/5.0 (compatible; MJ12bot/v1.4.8; http://mj12bot.com/)"
91.137.17.143 - - [13/Nov/2023:07:30:58 +0100] "GET /gold-lucky-cat-moneybox-p-50827.html HTTP/1.0" 301 77449 "-" "Mozilla/5.0 (compatible; MJ12bot/v1.4.8; http://mj12bot.com/)"
91.137.17.143 - - [13/Nov/2023:07:31:01 +0100] "GET /gold-lucky-moneybox-p-50827.html HTTP/1.0" 200 77363 "-" "Mozilla/5.0 (compatible; MJ12bot/v1.4.8; http://mj12bot.com/)"
91.137.17.143 - - [13/Nov/2023:07:31:04 +0100] "GET /gold-lucky-moneybox-p-50827.html HTTP/1.0" 200 77363 "-" "Mozilla/5.0 (compatible; MJ12bot/v1.4.8; http://mj12bot.com/)"
91.137.17.143 - - [13/Nov/2023:07:31:07 +0100] "GET /golden-buddha-incense-15-grams-or-about-15-sticks-p-35493.html HTTP/1.0" 301 77564 "-" "Mozilla/5.0 (compatible; MJ12bot/v1.4.8; http://mj12bot.com/)"
91.137.17.143 - - [13/Nov/2023:07:31:10 +0100] "GET /golden-buddha-incense-grams-about-sticks-p-35493.html HTTP/1.0" 200 77457 "-" "Mozilla/5.0 (compatible; MJ12bot/v1.4.8; http://mj12bot.com/)"
91.137.17.143 - - [13/Nov/2023:07:31:13 +0100] "GET /golden-buddha-incense-grams-about-sticks-p-35493.html HTTP/1.0" 200 77457 "-" "Mozilla/5.0 (compatible; MJ12bot/v1.4.8; http://mj12bot.com/)"
47.128.42.45 - - [13/Nov/2023:07:31:15 +0100] "GET /wax-melt-jasmine-daydream-p-37443.html HTTP/1.0" 301 77463 "-" "Mozilla/5.0 (Linux; Android 5.0) AppleWebKit/537.36 (KHTML, like Gecko) Mobile Safari/537.36 (compatible; Bytespider; spider-feedback@bytedance.com)"
91.137.17.143 - - [13/Nov/2023:07:31:16 +0100] "GET /golden-cat-lucky-maneki-neko-pvc-p-34876.html HTTP/1.0" 301 79981 "-" "Mozilla/5.0 (compatible; MJ12bot/v1.4.8; http://mj12bot.com/)"
47.128.42.45 - - [13/Nov/2023:07:31:17 +0100] "GET /melt-jasmine-daydream-p-37443.html HTTP/1.0" 200 77375 "-" "Mozilla/5.0 (Linux; Android 5.0) AppleWebKit/537.36 (KHTML, like Gecko) Mobile Safari/537.36 (compatible; Bytespider; spider-feedback@bytedance.com)"
47.128.42.45 - - [13/Nov/2023:07:31:19 +0100] "GET /swfobject.js HTTP/1.0" 404 1308 "http://www.wonder-geek.com/melt-jasmine-daydream-p-37443.html" "Mozilla/5.0 (Linux; Android 5.0) AppleWebKit/537.36 (KHTML, like Gecko) Mobile Safari/537.36 (compatible; Bytespider; spider-feedback@bytedance.com)"
47.128.42.45 - - [13/Nov/2023:07:31:19 +0100] "GET /highslide/graphics/outlines/drop-shadow.png HTTP/1.0" 200 277 "http://www.wonder-geek.com/melt-jasmine-daydream-p-37443.html" "Mozilla/5.0 (Linux; Android 5.0) AppleWebKit/537.36 (KHTML, like Gecko) Mobile Safari/537.36 (compatible; Bytespider; spider-feedback@bytedance.com)"
47.128.42.45 - - [13/Nov/2023:07:31:19 +0100] "GET /highslide/graphics/zoomout.cur HTTP/1.0" 200 614 "http://www.wonder-geek.com/melt-jasmine-daydream-p-37443.html" "Mozilla/5.0 (Linux; Android 5.0) AppleWebKit/537.36 (KHTML, like Gecko) Mobile Safari/537.36 (compatible; Bytespider; spider-feedback@bytedance.com)"
91.137.17.143 - - [13/Nov/2023:07:31:19 +0100] "GET /golden-lucky-maneki-neko-p-34876.html HTTP/1.0" 200 79890 "-" "Mozilla/5.0 (compatible; MJ12bot/v1.4.8; http://mj12bot.com/)"
91.137.17.143 - - [13/Nov/2023:07:31:22 +0100] "GET /golden-lucky-maneki-neko-p-34876.html HTTP/1.0" 200 79890 "-" "Mozilla/5.0 (compatible; MJ12bot/v1.4.8; http://mj12bot.com/)"
91.137.17.143 - - [13/Nov/2023:07:31:26 +0100] "GET /golden-resin-figurine-hand-buddha-p-59074.html HTTP/1.0" 200 80981 "-" "Mozilla/5.0 (compatible; MJ12bot/v1.4.8; http://mj12bot.com/)"
91.137.17.143 - - [13/Nov/2023:07:31:30 +0100] "GET /gorjuss-bubble-fairy-2020-wall-calendar-p-49479.html HTTP/1.0" 301 77356 "-" "Mozilla/5.0 (compatible; MJ12bot/v1.4.8; http://mj12bot.com/)"
85.208.96.206 - - [13/Nov/2023:07:31:32 +0100] "GET /-p-50496.html HTTP/1.0" 200 77289 "-" "Mozilla/5.0 (compatible; SemrushBot/7~bl; +http://www.semrush.com/bot.html)"
91.137.17.143 - - [13/Nov/2023:07:31:33 +0100] "GET /-p-49479.html HTTP/1.0" 200 77289 "-" "Mozilla/5.0 (compatible; MJ12bot/v1.4.8; http://mj12bot.com/)"
91.137.17.143 - - [13/Nov/2023:07:31:36 +0100] "GET /gorjuss-case-metallic-gel-pens-p-32750.html HTTP/1.0" 301 77356 "-" "Mozilla/5.0 (compatible; MJ12bot/v1.4.8; http://mj12bot.com/)"
91.137.17.143 - - [13/Nov/2023:07:31:39 +0100] "GET /-p-32750.html HTTP/1.0" 200 77289 "-" "Mozilla/5.0 (compatible; MJ12bot/v1.4.8; http://mj12bot.com/)"
54.36.148.99 - - [13/Nov/2023:07:31:42 +0100] "GET /pink-beauty-nail-p-28912.html HTTP/1.0" 200 79746 "-" "Mozilla/5.0 (compatible; AhrefsBot/7.0; +http://ahrefs.com/robot/)"
91.137.17.143 - - [13/Nov/2023:07:31:43 +0100] "GET /gorjuss-collection-blue-wallet-p-30471.html HTTP/1.0" 301 77356 "-" "Mozilla/5.0 (compatible; MJ12bot/v1.4.8; http://mj12bot.com/)"
47.128.42.253 - - [13/Nov/2023:07:31:45 +0100] "GET /bookend-cats-p-55264.html HTTP/1.0" 200 77327 "-" "Mozilla/5.0 (Linux; Android 5.0) AppleWebKit/537.36 (KHTML, like Gecko) Mobile Safari/537.36 (compatible; Bytespider; spider-feedback@bytedance.com)"
91.137.17.143 - - [13/Nov/2023:07:31:46 +0100] "GET /-p-30471.html HTTP/1.0" 200 77289 "-" "Mozilla/5.0 (compatible; MJ12bot/v1.4.8; http://mj12bot.com/)"
47.128.42.253 - - [13/Nov/2023:07:31:47 +0100] "GET /swfobject.js HTTP/1.0" 404 1308 "http://www.wonder-geek.com/bookend-cats-p-55264.html" "Mozilla/5.0 (Linux; Android 5.0) AppleWebKit/537.36 (KHTML, like Gecko) Mobile Safari/537.36 (compatible; Bytespider; spider-feedback@bytedance.com)"
91.137.17.143 - - [13/Nov/2023:07:31:49 +0100] "GET /gorjuss-collection-purple-wallet-p-30469.html HTTP/1.0" 301 77356 "-" "Mozilla/5.0 (compatible; MJ12bot/v1.4.8; http://mj12bot.com/)"
91.137.17.143 - - [13/Nov/2023:07:31:51 +0100] "GET /-p-30469.html HTTP/1.0" 200 77289 "-" "Mozilla/5.0 (compatible; MJ12bot/v1.4.8; http://mj12bot.com/)"
47.128.42.253 - - [13/Nov/2023:07:31:53 +0100] "GET /highslide/graphics/outlines/drop-shadow.png HTTP/1.0" 200 277 "http://www.wonder-geek.com/bookend-cats-p-55264.html" "Mozilla/5.0 (Linux; Android 5.0) AppleWebKit/537.36 (KHTML, like Gecko) Mobile Safari/537.36 (compatible; Bytespider; spider-feedback@bytedance.com)"
47.128.42.253 - - [13/Nov/2023:07:31:53 +0100] "GET /highslide/graphics/zoomout.cur HTTP/1.0" 200 614 "http://www.wonder-geek.com/bookend-cats-p-55264.html" "Mozilla/5.0 (Linux; Android 5.0) AppleWebKit/537.36 (KHTML, like Gecko) Mobile Safari/537.36 (compatible; Bytespider; spider-feedback@bytedance.com)"
91.137.17.143 - - [13/Nov/2023:07:31:55 +0100] "GET /gorjuss-collection-red-wallet-p-30470.html HTTP/1.0" 301 77356 "-" "Mozilla/5.0 (compatible; MJ12bot/v1.4.8; http://mj12bot.com/)"
185.191.171.10 - - [13/Nov/2023:07:31:55 +0100] "GET /espresso-cups-dogs-p-59566.html HTTP/1.0" 200 79650 "-" "Mozilla/5.0 (compatible; SemrushBot/7~bl; +http://www.semrush.com/bot.html)"
91.137.17.143 - - [13/Nov/2023:07:31:58 +0100] "GET /-p-30470.html HTTP/1.0" 200 77289 "-" "Mozilla/5.0 (compatible; MJ12bot/v1.4.8; http://mj12bot.com/)"
91.137.17.143 - - [13/Nov/2023:07:32:01 +0100] "GET /gorjuss-dear-alice-great-bag-p-32737.html HTTP/1.0" 301 77356 "-" "Mozilla/5.0 (compatible; MJ12bot/v1.4.8; http://mj12bot.com/)"
91.137.17.143 - - [13/Nov/2023:07:32:04 +0100] "GET /-p-32737.html HTTP/1.0" 200 77289 "-" "Mozilla/5.0 (compatible; MJ12bot/v1.4.8; http://mj12bot.com/)"
91.137.17.143 - - [13/Nov/2023:07:32:07 +0100] "GET /gorjuss-dear-alice-great-p-32737.html HTTP/1.0" 301 77356 "-" "Mozilla/5.0 (compatible; MJ12bot/v1.4.8; http://mj12bot.com/)"
91.137.17.143 - - [13/Nov/2023:07:32:10 +0100] "GET /-p-32737.html HTTP/1.0" 200 77289 "-" "Mozilla/5.0 (compatible; MJ12bot/v1.4.8; http://mj12bot.com/)"
47.128.20.223 - - [13/Nov/2023:07:32:12 +0100] "GET /black-shell-galaxy-note-c-97_100_116.html HTTP/1.0" 301 76292 "-" "Mozilla/5.0 (Linux; Android 5.0) AppleWebKit/537.36 (KHTML, like Gecko) Mobile Safari/537.36 (compatible; Bytespider; spider-feedback@bytedance.com)"
85.208.96.203 - - [13/Nov/2023:07:32:12 +0100] "GET /resin-decorative-tassel-p-56416.html HTTP/1.0" 200 80428 "-" "Mozilla/5.0 (compatible; SemrushBot/7~bl; +http://www.semrush.com/bot.html)"
91.137.17.143 - - [13/Nov/2023:07:32:14 +0100] "GET /gorjuss-dear-alice-maxi-portfolio-p-26467.html HTTP/1.0" 200 77411 "-" "Mozilla/5.0 (compatible; MJ12bot/v1.4.8; http://mj12bot.com/)"
47.128.20.223 - - [13/Nov/2023:07:32:14 +0100] "GET /-c-116.html HTTP/1.0" 200 75976 "-" "Mozilla/5.0 (Linux; Android 5.0) AppleWebKit/537.36 (KHTML, like Gecko) Mobile Safari/537.36 (compatible; Bytespider; spider-feedback@bytedance.com)"
47.128.20.223 - - [13/Nov/2023:07:32:17 +0100] "GET /swfobject.js HTTP/1.0" 404 1308 "http://www.wonder-geek.com/-c-116.html" "Mozilla/5.0 (Linux; Android 5.0) AppleWebKit/537.36 (KHTML, like Gecko) Mobile Safari/537.36 (compatible; Bytespider; spider-feedback@bytedance.com)"
91.137.17.143 - - [13/Nov/2023:07:32:17 +0100] "GET /gorjuss-oops-daisy-pencil-case-p-35563.html HTTP/1.0" 301 77356 "-" "Mozilla/5.0 (compatible; MJ12bot/v1.4.8; http://mj12bot.com/)"
91.137.17.143 - - [13/Nov/2023:07:32:19 +0100] "GET /-p-35563.html HTTP/1.0" 200 77289 "-" "Mozilla/5.0 (compatible; MJ12bot/v1.4.8; http://mj12bot.com/)"
47.128.20.223 - - [13/Nov/2023:07:32:22 +0100] "GET /highslide/graphics/outlines/drop-shadow.png HTTP/1.0" 200 277 "http://www.wonder-geek.com/-c-116.html" "Mozilla/5.0 (Linux; Android 5.0) AppleWebKit/537.36 (KHTML, like Gecko) Mobile Safari/537.36 (compatible; Bytespider; spider-feedback@bytedance.com)"
47.128.20.223 - - [13/Nov/2023:07:32:22 +0100] "GET /highslide/graphics/zoomout.cur HTTP/1.0" 200 614 "http://www.wonder-geek.com/-c-116.html" "Mozilla/5.0 (Linux; Android 5.0) AppleWebKit/537.36 (KHTML, like Gecko) Mobile Safari/537.36 (compatible; Bytespider; spider-feedback@bytedance.com)"
91.137.17.143 - - [13/Nov/2023:07:32:22 +0100] "GET /gorjuss-shine-ballpoint-p-28032.html HTTP/1.0" 301 77356 "-" "Mozilla/5.0 (compatible; MJ12bot/v1.4.8; http://mj12bot.com/)"
91.137.17.143 - - [13/Nov/2023:07:32:26 +0100] "GET /-p-28032.html HTTP/1.0" 200 77289 "-" "Mozilla/5.0 (compatible; MJ12bot/v1.4.8; http://mj12bot.com/)"
91.137.17.143 - - [13/Nov/2023:07:32:29 +0100] "GET /gorjuss-toadstools-beauty-bag-p-30838.html HTTP/1.0" 301 77356 "-" "Mozilla/5.0 (compatible; MJ12bot/v1.4.8; http://mj12bot.com/)"
91.137.17.143 - - [13/Nov/2023:07:32:32 +0100] "GET /-p-30838.html HTTP/1.0" 200 77289 "-" "Mozilla/5.0 (compatible; MJ12bot/v1.4.8; http://mj12bot.com/)"
66.249.66.206 - - [13/Nov/2023:07:32:35 +0100] "GET /flower-foot-p-54291.html HTTP/1.0" 200 77337 "-" "Mozilla/5.0 (Linux; Android 6.0.1; Nexus 5X Build/MMB29P) AppleWebKit/537.36 (KHTML, like Gecko) Chrome/119.0.6045.123 Mobile Safari/537.36 (compatible; Googlebot/2.1; +http://www.google.com/bot.html)"
91.137.17.143 - - [13/Nov/2023:07:32:35 +0100] "GET /gorjuss-toadstools-beauty-p-30838.html HTTP/1.0" 301 77356 "-" "Mozilla/5.0 (compatible; MJ12bot/v1.4.8; http://mj12bot.com/)"
91.137.17.143 - - [13/Nov/2023:07:32:38 +0100] "GET /-p-30838.html HTTP/1.0" 200 77289 "-" "Mozilla/5.0 (compatible; MJ12bot/v1.4.8; http://mj12bot.com/)"
47.128.24.211 - - [13/Nov/2023:07:32:39 +0100] "GET /vintage-bronze-clock-p-46778.html HTTP/1.0" 301 77441 "-" "Mozilla/5.0 (Linux; Android 5.0) AppleWebKit/537.36 (KHTML, like Gecko) Mobile Safari/537.36 (compatible; Bytespider; spider-feedback@bytedance.com)"
47.128.24.211 - - [13/Nov/2023:07:32:41 +0100] "GET /vintage-black-clock-p-46778.html HTTP/1.0" 200 77355 "-" "Mozilla/5.0 (Linux; Android 5.0) AppleWebKit/537.36 (KHTML, like Gecko) Mobile Safari/537.36 (compatible; Bytespider; spider-feedback@bytedance.com)"
91.137.17.143 - - [13/Nov/2023:07:32:41 +0100] "GET /gorjuss-toadstools-maxi-portfolio-p-30845.html HTTP/1.0" 200 77411 "-" "Mozilla/5.0 (compatible; MJ12bot/v1.4.8; http://mj12bot.com/)"
47.128.24.211 - - [13/Nov/2023:07:32:43 +0100] "GET /swfobject.js HTTP/1.0" 404 1308 "http://www.wonder-geek.com/vintage-black-clock-p-46778.html" "Mozilla/5.0 (Linux; Android 5.0) AppleWebKit/537.36 (KHTML, like Gecko) Mobile Safari/537.36 (compatible; Bytespider; spider-feedback@bytedance.com)"
91.137.17.143 - - [13/Nov/2023:07:32:45 +0100] "GET /gorjuss-we-can-all-shine-ballpoint-pen-p-28032.html HTTP/1.0" 301 77356 "-" "Mozilla/5.0 (compatible; MJ12bot/v1.4.8; http://mj12bot.com/)"
47.128.24.211 - - [13/Nov/2023:07:32:47 +0100] "GET /highslide/graphics/zoomout.cur HTTP/1.0" 200 614 "http://www.wonder-geek.com/vintage-black-clock-p-46778.html" "Mozilla/5.0 (Linux; Android 5.0) AppleWebKit/537.36 (KHTML, like Gecko) Mobile Safari/537.36 (compatible; Bytespider; spider-feedback@bytedance.com)"
47.128.24.211 - - [13/Nov/2023:07:32:47 +0100] "GET /highslide/graphics/outlines/drop-shadow.png HTTP/1.0" 200 277 "http://www.wonder-geek.com/vintage-black-clock-p-46778.html" "Mozilla/5.0 (Linux; Android 5.0) AppleWebKit/537.36 (KHTML, like Gecko) Mobile Safari/537.36 (compatible; Bytespider; spider-feedback@bytedance.com)"
91.137.17.143 - - [13/Nov/2023:07:32:48 +0100] "GET /-p-28032.html HTTP/1.0" 200 77289 "-" "Mozilla/5.0 (compatible; MJ12bot/v1.4.8; http://mj12bot.com/)"
91.137.17.143 - - [13/Nov/2023:07:32:51 +0100] "GET /gorjuss-we-can-all-shine-mousepad-p-24485.html HTTP/1.0" 301 77356 "-" "Mozilla/5.0 (compatible; MJ12bot/v1.4.8; http://mj12bot.com/)"
91.137.17.143 - - [13/Nov/2023:07:32:54 +0100] "GET /-p-24485.html HTTP/1.0" 200 77289 "-" "Mozilla/5.0 (compatible; MJ12bot/v1.4.8; http://mj12bot.com/)"
91.137.17.143 - - [13/Nov/2023:07:32:57 +0100] "GET /gorjuss-weekend-brown-bag-p-30747.html HTTP/1.0" 301 77485 "-" "Mozilla/5.0 (compatible; MJ12bot/v1.4.8; http://mj12bot.com/)"
91.137.17.143 - - [13/Nov/2023:07:33:00 +0100] "GET /gorjuss-weekend-brown-p-30747.html HTTP/1.0" 200 77397 "-" "Mozilla/5.0 (compatible; MJ12bot/v1.4.8; http://mj12bot.com/)"
91.137.17.143 - - [13/Nov/2023:07:33:03 +0100] "GET /gorjuss-weekend-brown-p-30747.html HTTP/1.0" 200 77397 "-" "Mozilla/5.0 (compatible; MJ12bot/v1.4.8; http://mj12bot.com/)"
91.137.17.143 - - [13/Nov/2023:07:33:06 +0100] "GET /gormiti-backpack-p-13942.html HTTP/1.0" 200 77353 "-" "Mozilla/5.0 (compatible; MJ12bot/v1.4.8; http://mj12bot.com/)"
54.36.148.187 - - [13/Nov/2023:07:33:06 +0100] "GET /little-prince-night-light-stars-projector-musical-p-50838.html HTTP/1.0" 200 80662 "-" "Mozilla/5.0 (compatible; AhrefsBot/7.0; +http://ahrefs.com/robot/)"
47.128.20.204 - - [13/Nov/2023:07:33:07 +0100] "GET /robot-clock-p-29977.html HTTP/1.0" 200 77323 "-" "Mozilla/5.0 (Linux; Android 5.0) AppleWebKit/537.36 (KHTML, like Gecko) Mobile Safari/537.36 (compatible; Bytespider; spider-feedback@bytedance.com)"
47.128.20.204 - - [13/Nov/2023:07:33:09 +0100] "GET /swfobject.js HTTP/1.0" 404 1308 "http://www.wonder-geek.com/robot-clock-p-29977.html" "Mozilla/5.0 (Linux; Android 5.0) AppleWebKit/537.36 (KHTML, like Gecko) Mobile Safari/537.36 (compatible; Bytespider; spider-feedback@bytedance.com)"
91.137.17.143 - - [13/Nov/2023:07:33:09 +0100] "GET /gormiti-stamp-p-6583.html HTTP/1.0" 200 79827 "-" "Mozilla/5.0 (compatible; MJ12bot/v1.4.8; http://mj12bot.com/)"
47.128.20.204 - - [13/Nov/2023:07:33:12 +0100] "GET /highslide/graphics/zoomout.cur HTTP/1.0" 200 614 "http://www.wonder-geek.com/robot-clock-p-29977.html" "Mozilla/5.0 (Linux; Android 5.0) AppleWebKit/537.36 (KHTML, like Gecko) Mobile Safari/537.36 (compatible; Bytespider; spider-feedback@bytedance.com)"
47.128.20.204 - - [13/Nov/2023:07:33:12 +0100] "GET /highslide/graphics/outlines/drop-shadow.png HTTP/1.0" 200 277 "http://www.wonder-geek.com/robot-clock-p-29977.html" "Mozilla/5.0 (Linux; Android 5.0) AppleWebKit/537.36 (KHTML, like Gecko) Mobile Safari/537.36 (compatible; Bytespider; spider-feedback@bytedance.com)"
91.137.17.143 - - [13/Nov/2023:07:33:13 +0100] "GET /gormiti-stamp-set-p-6583.html HTTP/1.0" 301 79906 "-" "Mozilla/5.0 (compatible; MJ12bot/v1.4.8; http://mj12bot.com/)"
91.137.17.143 - - [13/Nov/2023:07:33:16 +0100] "GET /gormiti-stamp-p-6583.html HTTP/1.0" 200 79827 "-" "Mozilla/5.0 (compatible; MJ12bot/v1.4.8; http://mj12bot.com/)"
91.137.17.143 - - [13/Nov/2023:07:33:19 +0100] "GET /graphic-birds-sugar-p-39836.html HTTP/1.0" 200 79626 "-" "Mozilla/5.0 (compatible; MJ12bot/v1.4.8; http://mj12bot.com/)"
91.137.17.143 - - [13/Nov/2023:07:33:22 +0100] "GET /graphic-birds-sugar-pot-p-39836.html HTTP/1.0" 301 79712 "-" "Mozilla/5.0 (compatible; MJ12bot/v1.4.8; http://mj12bot.com/)"
91.137.17.143 - - [13/Nov/2023:07:33:25 +0100] "GET /graphic-birds-sugar-p-39836.html HTTP/1.0" 200 79626 "-" "Mozilla/5.0 (compatible; MJ12bot/v1.4.8; http://mj12bot.com/)"
91.137.17.143 - - [13/Nov/2023:07:33:29 +0100] "GET /great-patina-horse-statuette-p-37484.html HTTP/1.0" 301 77356 "-" "Mozilla/5.0 (compatible; MJ12bot/v1.4.8; http://mj12bot.com/)"
91.137.17.143 - - [13/Nov/2023:07:33:32 +0100] "GET /-p-37484.html HTTP/1.0" 200 77289 "-" "Mozilla/5.0 (compatible; MJ12bot/v1.4.8; http://mj12bot.com/)"
91.137.17.143 - - [13/Nov/2023:07:33:34 +0100] "GET /green-floor-tile-tray-p-46755.html HTTP/1.0" 200 77363 "-" "Mozilla/5.0 (compatible; MJ12bot/v1.4.8; http://mj12bot.com/)"
47.128.20.178 - - [13/Nov/2023:07:33:35 +0100] "GET /winx-club-parka-p-31269.html HTTP/1.0" 301 77356 "-" "Mozilla/5.0 (Linux; Android 5.0) AppleWebKit/537.36 (KHTML, like Gecko) Mobile Safari/537.36 (compatible; Bytespider; spider-feedback@bytedance.com)"
85.208.96.202 - - [13/Nov/2023:07:33:36 +0100] "GET /quartz-geode-size-about-p-44408.html HTTP/1.0" 200 77389 "-" "Mozilla/5.0 (compatible; SemrushBot/7~bl; +http://www.semrush.com/bot.html)"
47.128.20.178 - - [13/Nov/2023:07:33:37 +0100] "GET /-p-31269.html HTTP/1.0" 200 77289 "-" "Mozilla/5.0 (Linux; Android 5.0) AppleWebKit/537.36 (KHTML, like Gecko) Mobile Safari/537.36 (compatible; Bytespider; spider-feedback@bytedance.com)"
47.128.20.178 - - [13/Nov/2023:07:33:38 +0100] "GET /swfobject.js HTTP/1.0" 404 1308 "http://www.wonder-geek.com/-p-31269.html" "Mozilla/5.0 (Linux; Android 5.0) AppleWebKit/537.36 (KHTML, like Gecko) Mobile Safari/537.36 (compatible; Bytespider; spider-feedback@bytedance.com)"
47.128.20.178 - - [13/Nov/2023:07:33:39 +0100] "GET /highslide/graphics/outlines/drop-shadow.png HTTP/1.0" 200 277 "http://www.wonder-geek.com/-p-31269.html" "Mozilla/5.0 (Linux; Android 5.0) AppleWebKit/537.36 (KHTML, like Gecko) Mobile Safari/537.36 (compatible; Bytespider; spider-feedback@bytedance.com)"
47.128.20.178 - - [13/Nov/2023:07:33:39 +0100] "GET /highslide/graphics/zoomout.cur HTTP/1.0" 200 614 "http://www.wonder-geek.com/-p-31269.html" "Mozilla/5.0 (Linux; Android 5.0) AppleWebKit/537.36 (KHTML, like Gecko) Mobile Safari/537.36 (compatible; Bytespider; spider-feedback@bytedance.com)"
91.137.17.143 - - [13/Nov/2023:07:33:37 +0100] "GET /green-french-old-van-16-cm-p-37626.html HTTP/1.0" 301 77356 "-" "Mozilla/5.0 (compatible; MJ12bot/v1.4.8; http://mj12bot.com/)"
91.137.17.143 - - [13/Nov/2023:07:33:41 +0100] "GET /-p-37626.html HTTP/1.0" 200 77289 "-" "Mozilla/5.0 (compatible; MJ12bot/v1.4.8; http://mj12bot.com/)"
91.137.17.143 - - [13/Nov/2023:07:33:44 +0100] "GET /green-french-p-37626.html HTTP/1.0" 301 77356 "-" "Mozilla/5.0 (compatible; MJ12bot/v1.4.8; http://mj12bot.com/)"
91.137.17.143 - - [13/Nov/2023:07:33:47 +0100] "GET /-p-37626.html HTTP/1.0" 200 77289 "-" "Mozilla/5.0 (compatible; MJ12bot/v1.4.8; http://mj12bot.com/)"
91.137.17.143 - - [13/Nov/2023:07:33:50 +0100] "GET /grey-and-black-bedclothes-260-240-cm-p-36438.html HTTP/1.0" 301 77356 "-" "Mozilla/5.0 (compatible; MJ12bot/v1.4.8; http://mj12bot.com/)"
91.137.17.143 - - [13/Nov/2023:07:33:53 +0100] "GET /-p-36438.html HTTP/1.0" 200 77289 "-" "Mozilla/5.0 (compatible; MJ12bot/v1.4.8; http://mj12bot.com/)"
91.137.17.143 - - [13/Nov/2023:07:33:56 +0100] "GET /grey-buddha-perfume-diffuser-p-31889.html HTTP/1.0" 301 77356 "-" "Mozilla/5.0 (compatible; MJ12bot/v1.4.8; http://mj12bot.com/)"
91.137.17.143 - - [13/Nov/2023:07:33:59 +0100] "GET /-p-31889.html HTTP/1.0" 200 77289 "-" "Mozilla/5.0 (compatible; MJ12bot/v1.4.8; http://mj12bot.com/)"
47.128.62.165 - - [13/Nov/2023:07:34:03 +0100] "GET /blue-kimmidoll-cardboard-boxe-small-p-47965.html HTTP/1.0" 301 77356 "-" "Mozilla/5.0 (Linux; Android 5.0) AppleWebKit/537.36 (KHTML, like Gecko) Mobile Safari/537.36 (compatible; Bytespider; spider-feedback@bytedance.com)"
91.137.17.143 - - [13/Nov/2023:07:34:03 +0100] "GET /grey-fitted-sheet-p-34831.html HTTP/1.0" 200 79598 "-" "Mozilla/5.0 (compatible; MJ12bot/v1.4.8; http://mj12bot.com/)"
47.128.62.165 - - [13/Nov/2023:07:34:05 +0100] "GET /-p-47965.html HTTP/1.0" 200 77289 "-" "Mozilla/5.0 (Linux; Android 5.0) AppleWebKit/537.36 (KHTML, like Gecko) Mobile Safari/537.36 (compatible; Bytespider; spider-feedback@bytedance.com)"
47.128.62.165 - - [13/Nov/2023:07:34:06 +0100] "GET /swfobject.js HTTP/1.0" 404 1308 "http://www.wonder-geek.com/-p-47965.html" "Mozilla/5.0 (Linux; Android 5.0) AppleWebKit/537.36 (KHTML, like Gecko) Mobile Safari/537.36 (compatible; Bytespider; spider-feedback@bytedance.com)"
47.128.62.165 - - [13/Nov/2023:07:34:07 +0100] "GET /highslide/graphics/outlines/drop-shadow.png HTTP/1.0" 200 277 "http://www.wonder-geek.com/-p-47965.html" "Mozilla/5.0 (Linux; Android 5.0) AppleWebKit/537.36 (KHTML, like Gecko) Mobile Safari/537.36 (compatible; Bytespider; spider-feedback@bytedance.com)"
47.128.62.165 - - [13/Nov/2023:07:34:07 +0100] "GET /highslide/graphics/zoomout.cur HTTP/1.0" 200 614 "http://www.wonder-geek.com/-p-47965.html" "Mozilla/5.0 (Linux; Android 5.0) AppleWebKit/537.36 (KHTML, like Gecko) Mobile Safari/537.36 (compatible; Bytespider; spider-feedback@bytedance.com)"
91.137.17.143 - - [13/Nov/2023:07:34:06 +0100] "GET /gto-by-neko-shirt-p-29601.html HTTP/1.0" 301 80811 "-" "Mozilla/5.0 (compatible; MJ12bot/v1.4.8; http://mj12bot.com/)"
91.137.17.143 - - [13/Nov/2023:07:34:09 +0100] "GET /neko-shirt-p-29601.html HTTP/1.0" 200 80734 "-" "Mozilla/5.0 (compatible; MJ12bot/v1.4.8; http://mj12bot.com/)"
91.137.17.143 - - [13/Nov/2023:07:34:12 +0100] "GET /guardian-angel-statue-angel-baptism-p-40012.html HTTP/1.0" 301 77356 "-" "Mozilla/5.0 (compatible; MJ12bot/v1.4.8; http://mj12bot.com/)"
91.137.17.143 - - [13/Nov/2023:07:34:15 +0100] "GET /-p-40012.html HTTP/1.0" 200 77289 "-" "Mozilla/5.0 (compatible; MJ12bot/v1.4.8; http://mj12bot.com/)"
185.191.171.16 - - [13/Nov/2023:07:34:15 +0100] "GET /cushions-floor-cushions-cushion-covers-c-11_71.html?page=7 HTTP/1.0" 200 100097 "-" "Mozilla/5.0 (compatible; SemrushBot/7~bl; +http://www.semrush.com/bot.html)"
91.137.17.143 - - [13/Nov/2023:07:34:18 +0100] "GET /gund-bear-little-buddy-32-cm-plush-p-14597.html HTTP/1.0" 301 77356 "-" "Mozilla/5.0 (compatible; MJ12bot/v1.4.8; http://mj12bot.com/)"
85.208.96.207 - - [13/Nov/2023:07:34:20 +0100] "GET /mini-rectangular-tray-lavender-p-60405.html HTTP/1.0" 200 80786 "-" "Mozilla/5.0 (compatible; SemrushBot/7~bl; +http://www.semrush.com/bot.html)"
91.137.17.143 - - [13/Nov/2023:07:34:21 +0100] "GET /-p-14597.html HTTP/1.0" 200 77289 "-" "Mozilla/5.0 (compatible; MJ12bot/v1.4.8; http://mj12bot.com/)"
185.191.171.6 - - [13/Nov/2023:07:34:23 +0100] "GET /vanilla-white-woods-candle-heart-home-p-57872.html HTTP/1.0" 200 77447 "-" "Mozilla/5.0 (compatible; SemrushBot/7~bl; +http://www.semrush.com/bot.html)"
91.137.17.143 - - [13/Nov/2023:07:34:24 +0100] "GET /gund-my-first-teddy-bear-peyton-cream-36-cm-p-40016.html HTTP/1.0" 301 77356 "-" "Mozilla/5.0 (compatible; MJ12bot/v1.4.8; http://mj12bot.com/)"
91.137.17.143 - - [13/Nov/2023:07:34:27 +0100] "GET /-p-40016.html HTTP/1.0" 200 77289 "-" "Mozilla/5.0 (compatible; MJ12bot/v1.4.8; http://mj12bot.com/)"
91.137.17.143 - - [13/Nov/2023:07:34:30 +0100] "GET /gund-my-first-teddy-bear-peyton-pink-36-cm-p-40017.html HTTP/1.0" 301 77356 "-" "Mozilla/5.0 (compatible; MJ12bot/v1.4.8; http://mj12bot.com/)"
91.137.17.143 - - [13/Nov/2023:07:34:33 +0100] "GET /-p-40017.html HTTP/1.0" 200 77289 "-" "Mozilla/5.0 (compatible; MJ12bot/v1.4.8; http://mj12bot.com/)"
91.137.17.143 - - [13/Nov/2023:07:34:36 +0100] "GET /halloween-figurine-sonny-p-31807.html HTTP/1.0" 200 77379 "-" "Mozilla/5.0 (compatible; MJ12bot/v1.4.8; http://mj12bot.com/)"
54.36.148.155 - - [13/Nov/2023:07:34:37 +0100] "GET /bolster-case-cotton-percale-threads-p-43863.html HTTP/1.0" 200 80586 "-" "Mozilla/5.0 (compatible; AhrefsBot/7.0; +http://ahrefs.com/robot/)"
91.137.17.143 - - [13/Nov/2023:07:34:38 +0100] "GET /halloween-figurine-sonny-p-37901.html HTTP/1.0" 200 77379 "-" "Mozilla/5.0 (compatible; MJ12bot/v1.4.8; http://mj12bot.com/)"
91.137.17.143 - - [13/Nov/2023:07:34:42 +0100] "GET /hand-fatma-acrylic-magnet-p-52882.html HTTP/1.0" 200 77385 "-" "Mozilla/5.0 (compatible; MJ12bot/v1.4.8; http://mj12bot.com/)"
91.137.17.143 - - [13/Nov/2023:07:34:44 +0100] "GET /handbag-lois-apache-for-women-p-38149.html HTTP/1.0" 301 77356 "-" "Mozilla/5.0 (compatible; MJ12bot/v1.4.8; http://mj12bot.com/)"
91.137.17.143 - - [13/Nov/2023:07:34:48 +0100] "GET /-p-38149.html HTTP/1.0" 200 77289 "-" "Mozilla/5.0 (compatible; MJ12bot/v1.4.8; http://mj12bot.com/)"
91.137.17.143 - - [13/Nov/2023:07:34:51 +0100] "GET /handbag-lois-apache-women-p-38149.html HTTP/1.0" 301 77356 "-" "Mozilla/5.0 (compatible; MJ12bot/v1.4.8; http://mj12bot.com/)"
85.208.96.195 - - [13/Nov/2023:07:34:53 +0100] "GET /nesting-dolls-p-51469.html HTTP/1.0" 200 79663 "-" "Mozilla/5.0 (compatible; SemrushBot/7~bl; +http://www.semrush.com/bot.html)"
91.137.17.143 - - [13/Nov/2023:07:34:54 +0100] "GET /-p-38149.html HTTP/1.0" 200 77289 "-" "Mozilla/5.0 (compatible; MJ12bot/v1.4.8; http://mj12bot.com/)"
85.208.96.205 - - [13/Nov/2023:07:34:57 +0100] "GET /-p-34635.html HTTP/1.0" 200 77289 "-" "Mozilla/5.0 (compatible; SemrushBot/7~bl; +http://www.semrush.com/bot.html)"
91.137.17.143 - - [13/Nov/2023:07:34:57 +0100] "GET /hanging-lamp-oda-p-45424.html HTTP/1.0" 301 79777 "-" "Mozilla/5.0 (compatible; MJ12bot/v1.4.8; http://mj12bot.com/)"
91.137.17.143 - - [13/Nov/2023:07:35:00 +0100] "GET /hanging-lamp-p-45424.html HTTP/1.0" 200 79698 "-" "Mozilla/5.0 (compatible; MJ12bot/v1.4.8; http://mj12bot.com/)"
91.137.17.143 - - [13/Nov/2023:07:35:03 +0100] "GET /hanging-lamp-p-45424.html HTTP/1.0" 200 79698 "-" "Mozilla/5.0 (compatible; MJ12bot/v1.4.8; http://mj12bot.com/)"
85.208.96.198 - - [13/Nov/2023:07:35:04 +0100] "GET /-p-43239.html HTTP/1.0" 200 77289 "-" "Mozilla/5.0 (compatible; SemrushBot/7~bl; +http://www.semrush.com/bot.html)"
91.137.17.143 - - [13/Nov/2023:07:35:06 +0100] "GET /happy-colors-team-paper-towel-dispenser-p-22348.html HTTP/1.0" 301 77356 "-" "Mozilla/5.0 (compatible; MJ12bot/v1.4.8; http://mj12bot.com/)"
101.198.192.15 - - [13/Nov/2023:07:35:09 +0100] "GET /images/mini_prod/1384010202784.jpg HTTP/1.0" 200 269 "-" "Mozilla/5.0 (X11; Ubuntu; Linux x86_64; rv:72.0) Gecko/20100101 Firefox/72.0"
91.137.17.143 - - [13/Nov/2023:07:35:09 +0100] "GET /-p-22348.html HTTP/1.0" 200 77289 "-" "Mozilla/5.0 (compatible; MJ12bot/v1.4.8; http://mj12bot.com/)"
91.137.17.143 - - [13/Nov/2023:07:35:12 +0100] "GET /harley-davidson-favorite-ride-mini-p-37056.html HTTP/1.0" 301 77356 "-" "Mozilla/5.0 (compatible; MJ12bot/v1.4.8; http://mj12bot.com/)"
91.137.17.143 - - [13/Nov/2023:07:35:15 +0100] "GET /-p-37056.html HTTP/1.0" 200 77289 "-" "Mozilla/5.0 (compatible; MJ12bot/v1.4.8; http://mj12bot.com/)"
91.137.17.143 - - [13/Nov/2023:07:35:18 +0100] "GET /harley-davidson-first-zippo-lighter-p-29785.html HTTP/1.0" 200 80224 "-" "Mozilla/5.0 (compatible; MJ12bot/v1.4.8; http://mj12bot.com/)"
91.137.17.143 - - [13/Nov/2023:07:35:22 +0100] "GET /harley-davidson-marine-zippo-lighter-p-29784.html HTTP/1.0" 301 77356 "-" "Mozilla/5.0 (compatible; MJ12bot/v1.4.8; http://mj12bot.com/)"
91.137.17.143 - - [13/Nov/2023:07:35:25 +0100] "GET /-p-29784.html HTTP/1.0" 200 77289 "-" "Mozilla/5.0 (compatible; MJ12bot/v1.4.8; http://mj12bot.com/)"
91.137.17.143 - - [13/Nov/2023:07:35:28 +0100] "GET /harley-davidson-moneybox-p-52954.html HTTP/1.0" 200 77375 "-" "Mozilla/5.0 (compatible; MJ12bot/v1.4.8; http://mj12bot.com/)"
91.137.17.143 - - [13/Nov/2023:07:35:31 +0100] "GET /harley-davidson-my-favorite-ride-mini-box-p-37056.html HTTP/1.0" 301 77356 "-" "Mozilla/5.0 (compatible; MJ12bot/v1.4.8; http://mj12bot.com/)"
91.137.17.143 - - [13/Nov/2023:07:35:34 +0100] "GET /-p-37056.html HTTP/1.0" 200 77289 "-" "Mozilla/5.0 (compatible; MJ12bot/v1.4.8; http://mj12bot.com/)"
91.137.17.143 - - [13/Nov/2023:07:35:37 +0100] "GET /harley-davidson-small-metal-plate-p-29712.html HTTP/1.0" 301 77356 "-" "Mozilla/5.0 (compatible; MJ12bot/v1.4.8; http://mj12bot.com/)"
91.137.17.143 - - [13/Nov/2023:07:35:40 +0100] "GET /-p-29712.html HTTP/1.0" 200 77289 "-" "Mozilla/5.0 (compatible; MJ12bot/v1.4.8; http://mj12bot.com/)"
91.137.17.143 - - [13/Nov/2023:07:35:43 +0100] "GET /harley-davidson-sons-anarchy-dyna-super-glide-sport-p-37789.html HTTP/1.0" 200 77559 "-" "Mozilla/5.0 (compatible; MJ12bot/v1.4.8; http://mj12bot.com/)"
91.137.17.143 - - [13/Nov/2023:07:35:45 +0100] "GET /harley-davidson-sons-of-anarchy-dyna-super-glide-sport-118-p-37789.html HTTP/1.0" 301 77677 "-" "Mozilla/5.0 (compatible; MJ12bot/v1.4.8; http://mj12bot.com/)"
91.137.17.143 - - [13/Nov/2023:07:35:48 +0100] "GET /harley-davidson-sons-anarchy-dyna-super-glide-sport-p-37789.html HTTP/1.0" 200 77559 "-" "Mozilla/5.0 (compatible; MJ12bot/v1.4.8; http://mj12bot.com/)"
85.208.96.193 - - [13/Nov/2023:07:35:49 +0100] "GET /-p-39484.html HTTP/1.0" 200 77289 "-" "Mozilla/5.0 (compatible; SemrushBot/7~bl; +http://www.semrush.com/bot.html)"
91.137.17.143 - - [13/Nov/2023:07:35:51 +0100] "GET /harley-davidson-swarovski-lighter-p-22411.html HTTP/1.0" 200 82048 "-" "Mozilla/5.0 (compatible; MJ12bot/v1.4.8; http://mj12bot.com/)"
91.137.17.143 - - [13/Nov/2023:07:35:55 +0100] "GET /harley-davidson-the-first-zippo-lighter-p-29785.html HTTP/1.0" 301 80326 "-" "Mozilla/5.0 (compatible; MJ12bot/v1.4.8; http://mj12bot.com/)"
91.137.17.143 - - [13/Nov/2023:07:35:58 +0100] "GET /harley-davidson-first-zippo-lighter-p-29785.html HTTP/1.0" 200 80224 "-" "Mozilla/5.0 (compatible; MJ12bot/v1.4.8; http://mj12bot.com/)"
91.137.17.143 - - [13/Nov/2023:07:36:01 +0100] "GET /harley-davidson-towel-p-28528.html HTTP/1.0" 301 77356 "-" "Mozilla/5.0 (compatible; MJ12bot/v1.4.8; http://mj12bot.com/)"
91.137.17.143 - - [13/Nov/2023:07:36:04 +0100] "GET /-p-28528.html HTTP/1.0" 200 77289 "-" "Mozilla/5.0 (compatible; MJ12bot/v1.4.8; http://mj12bot.com/)"
91.137.17.143 - - [13/Nov/2023:07:36:06 +0100] "GET /harley-davidson-towel-p-28529.html HTTP/1.0" 301 77356 "-" "Mozilla/5.0 (compatible; MJ12bot/v1.4.8; http://mj12bot.com/)"
91.137.17.143 - - [13/Nov/2023:07:36:10 +0100] "GET /-p-28529.html HTTP/1.0" 200 77289 "-" "Mozilla/5.0 (compatible; MJ12bot/v1.4.8; http://mj12bot.com/)"
216.244.66.242 - - [13/Nov/2023:07:36:13 +0100] "GET /robots.txt HTTP/1.0" 200 245 "-" "Mozilla/5.0 (compatible; DotBot/1.2; +https://opensiteexplorer.org/dotbot; help@moz.com)"
91.137.17.143 - - [13/Nov/2023:07:36:13 +0100] "GET /harley-davidson-towel-p-28530.html HTTP/1.0" 301 77356 "-" "Mozilla/5.0 (compatible; MJ12bot/v1.4.8; http://mj12bot.com/)"
91.137.17.143 - - [13/Nov/2023:07:36:16 +0100] "GET /-p-28530.html HTTP/1.0" 200 77289 "-" "Mozilla/5.0 (compatible; MJ12bot/v1.4.8; http://mj12bot.com/)"
54.36.148.234 - - [13/Nov/2023:07:36:18 +0100] "GET /himalayan-salt-candle-holder-p-59340.html HTTP/1.0" 200 80376 "-" "Mozilla/5.0 (compatible; AhrefsBot/7.0; +http://ahrefs.com/robot/)"
91.137.17.143 - - [13/Nov/2023:07:36:19 +0100] "GET /harley-davidson-us-marine-zippo-lighter-p-29784.html HTTP/1.0" 301 77356 "-" "Mozilla/5.0 (compatible; MJ12bot/v1.4.8; http://mj12bot.com/)"
47.76.57.30 - - [13/Nov/2023:07:36:22 +0100] "GET /images/mini_prod/1384010202883.jpg HTTP/1.0" 200 269 "-" "Mozilla/5.0 (X11; Ubuntu; Linux x86_64; rv:72.0) Gecko/20100101 Firefox/72.0"
91.137.17.143 - - [13/Nov/2023:07:36:22 +0100] "GET /-p-29784.html HTTP/1.0" 200 77289 "-" "Mozilla/5.0 (compatible; MJ12bot/v1.4.8; http://mj12bot.com/)"
91.137.17.143 - - [13/Nov/2023:07:36:25 +0100] "GET /harley-davidson-zippo-lighter-p-43708.html HTTP/1.0" 200 80167 "-" "Mozilla/5.0 (compatible; MJ12bot/v1.4.8; http://mj12bot.com/)"
91.137.17.143 - - [13/Nov/2023:07:36:28 +0100] "GET /harley-davidson-zippo-lighter-p-43717.html HTTP/1.0" 200 77395 "-" "Mozilla/5.0 (compatible; MJ12bot/v1.4.8; http://mj12bot.com/)"
91.137.17.143 - - [13/Nov/2023:07:36:31 +0100] "GET /harold-oven-mitt-p-43817.html HTTP/1.0" 200 79602 "-" "Mozilla/5.0 (compatible; MJ12bot/v1.4.8; http://mj12bot.com/)"
91.137.17.143 - - [13/Nov/2023:07:36:34 +0100] "GET /havana-small-ashtray-p-47853.html HTTP/1.0" 200 79601 "-" "Mozilla/5.0 (compatible; MJ12bot/v1.4.8; http://mj12bot.com/)"
91.137.17.143 - - [13/Nov/2023:07:36:37 +0100] "GET /headrest-cushion-beige-angele-45-70-cm-p-39881.html HTTP/1.0" 301 77356 "-" "Mozilla/5.0 (compatible; MJ12bot/v1.4.8; http://mj12bot.com/)"
91.137.17.143 - - [13/Nov/2023:07:36:40 +0100] "GET /-p-39881.html HTTP/1.0" 200 77289 "-" "Mozilla/5.0 (compatible; MJ12bot/v1.4.8; http://mj12bot.com/)"
185.191.171.13 - - [13/Nov/2023:07:36:41 +0100] "GET /blue-japanese-enameled-cast-iron-teapot-p-57702.html HTTP/1.0" 200 77455 "-" "Mozilla/5.0 (compatible; SemrushBot/7~bl; +http://www.semrush.com/bot.html)"
91.137.17.143 - - [13/Nov/2023:07:36:43 +0100] "GET /heart-christmas-tree-hanging-p-49639.html HTTP/1.0" 200 77391 "-" "Mozilla/5.0 (compatible; MJ12bot/v1.4.8; http://mj12bot.com/)"
185.191.171.2 - - [13/Nov/2023:07:36:45 +0100] "GET /dubout-metal-tray-p-47147.html HTTP/1.0" 200 79698 "-" "Mozilla/5.0 (compatible; SemrushBot/7~bl; +http://www.semrush.com/bot.html)"
91.137.17.143 - - [13/Nov/2023:07:36:46 +0100] "GET /heart-home-angel-forest-candle-p-59013.html HTTP/1.0" 200 80949 "-" "Mozilla/5.0 (compatible; MJ12bot/v1.4.8; http://mj12bot.com/)"
91.137.17.143 - - [13/Nov/2023:07:36:49 +0100] "GET /heart-home-bamboo-soaring-crackling-responsible-p-58991.html HTTP/1.0" 200 80932 "-" "Mozilla/5.0 (compatible; MJ12bot/v1.4.8; http://mj12bot.com/)"
91.137.17.143 - - [13/Nov/2023:07:36:52 +0100] "GET /heart-warmer-melt-gift-woodland-p-43786.html HTTP/1.0" 301 77356 "-" "Mozilla/5.0 (compatible; MJ12bot/v1.4.8; http://mj12bot.com/)"
47.128.35.38 - - [13/Nov/2023:07:36:55 +0100] "GET /washed-linen-pillowcase-65-65-cm-granite-p-48167.html HTTP/1.0" 301 77356 "-" "Mozilla/5.0 (Linux; Android 5.0) AppleWebKit/537.36 (KHTML, like Gecko) Mobile Safari/537.36 (compatible; Bytespider; spider-feedback@bytedance.com)"
91.137.17.143 - - [13/Nov/2023:07:36:55 +0100] "GET /-p-43786.html HTTP/1.0" 200 77289 "-" "Mozilla/5.0 (compatible; MJ12bot/v1.4.8; http://mj12bot.com/)"
47.128.35.38 - - [13/Nov/2023:07:36:57 +0100] "GET /-p-48167.html HTTP/1.0" 200 77289 "-" "Mozilla/5.0 (Linux; Android 5.0) AppleWebKit/537.36 (KHTML, like Gecko) Mobile Safari/537.36 (compatible; Bytespider; spider-feedback@bytedance.com)"
91.137.17.143 - - [13/Nov/2023:07:36:58 +0100] "GET /heart-warmer-wax-melt-gift-set-woodland-spa-p-43786.html HTTP/1.0" 301 77356 "-" "Mozilla/5.0 (compatible; MJ12bot/v1.4.8; http://mj12bot.com/)"
47.128.35.38 - - [13/Nov/2023:07:37:01 +0100] "GET /swfobject.js HTTP/1.0" 404 1308 "http://www.wonder-geek.com/-p-48167.html" "Mozilla/5.0 (Linux; Android 5.0) AppleWebKit/537.36 (KHTML, like Gecko) Mobile Safari/537.36 (compatible; Bytespider; spider-feedback@bytedance.com)"
91.137.17.143 - - [13/Nov/2023:07:37:01 +0100] "GET /-p-43786.html HTTP/1.0" 200 77289 "-" "Mozilla/5.0 (compatible; MJ12bot/v1.4.8; http://mj12bot.com/)"
185.191.171.16 - - [13/Nov/2023:07:37:01 +0100] "GET /bees-lavender-alex-clark-p-61286.html HTTP/1.0" 200 81111 "-" "Mozilla/5.0 (compatible; SemrushBot/7~bl; +http://www.semrush.com/bot.html)"
47.128.35.38 - - [13/Nov/2023:07:37:05 +0100] "GET /highslide/graphics/zoomout.cur HTTP/1.0" 200 614 "http://www.wonder-geek.com/-p-48167.html" "Mozilla/5.0 (Linux; Android 5.0) AppleWebKit/537.36 (KHTML, like Gecko) Mobile Safari/537.36 (compatible; Bytespider; spider-feedback@bytedance.com)"
47.128.35.38 - - [13/Nov/2023:07:37:05 +0100] "GET /highslide/graphics/outlines/drop-shadow.png HTTP/1.0" 200 277 "http://www.wonder-geek.com/-p-48167.html" "Mozilla/5.0 (Linux; Android 5.0) AppleWebKit/537.36 (KHTML, like Gecko) Mobile Safari/537.36 (compatible; Bytespider; spider-feedback@bytedance.com)"
91.137.17.143 - - [13/Nov/2023:07:37:04 +0100] "GET /hello-kitty-banner-p-16867.html HTTP/1.0" 301 77356 "-" "Mozilla/5.0 (compatible; MJ12bot/v1.4.8; http://mj12bot.com/)"
91.137.17.143 - - [13/Nov/2023:07:37:07 +0100] "GET /-p-16867.html HTTP/1.0" 200 77289 "-" "Mozilla/5.0 (compatible; MJ12bot/v1.4.8; http://mj12bot.com/)"
91.137.17.143 - - [13/Nov/2023:07:37:10 +0100] "GET /hello-kitty-bedside-lamp-p-18722.html HTTP/1.0" 301 77356 "-" "Mozilla/5.0 (compatible; MJ12bot/v1.4.8; http://mj12bot.com/)"
91.137.17.143 - - [13/Nov/2023:07:37:13 +0100] "GET /-p-18722.html HTTP/1.0" 200 77289 "-" "Mozilla/5.0 (compatible; MJ12bot/v1.4.8; http://mj12bot.com/)"
91.137.17.143 - - [13/Nov/2023:07:37:17 +0100] "GET /hello-kitty-bracelet-silver-plated-brass-p-11507.html HTTP/1.0" 200 79779 "-" "Mozilla/5.0 (compatible; MJ12bot/v1.4.8; http://mj12bot.com/)"
91.137.17.143 - - [13/Nov/2023:07:37:19 +0100] "GET /hello-kitty-capri-pants-p-30238.html HTTP/1.0" 200 80791 "-" "Mozilla/5.0 (compatible; MJ12bot/v1.4.8; http://mj12bot.com/)"
91.137.17.143 - - [13/Nov/2023:07:37:23 +0100] "GET /hello-kitty-kiss-diamond-large-suitcase-p-14276.html HTTP/1.0" 301 77356 "-" "Mozilla/5.0 (compatible; MJ12bot/v1.4.8; http://mj12bot.com/)"
47.128.45.244 - - [13/Nov/2023:07:37:23 +0100] "GET /puppy-lady-bedclothes-140-200-cm-p-36341.html HTTP/1.0" 301 77356 "-" "Mozilla/5.0 (Linux; Android 5.0) AppleWebKit/537.36 (KHTML, like Gecko) Mobile Safari/537.36 (compatible; Bytespider; spider-feedback@bytedance.com)"
47.128.45.244 - - [13/Nov/2023:07:37:24 +0100] "GET /-p-36341.html HTTP/1.0" 200 77289 "-" "Mozilla/5.0 (Linux; Android 5.0) AppleWebKit/537.36 (KHTML, like Gecko) Mobile Safari/537.36 (compatible; Bytespider; spider-feedback@bytedance.com)"
47.128.45.244 - - [13/Nov/2023:07:37:26 +0100] "GET /swfobject.js HTTP/1.0" 404 1308 "http://www.wonder-geek.com/-p-36341.html" "Mozilla/5.0 (Linux; Android 5.0) AppleWebKit/537.36 (KHTML, like Gecko) Mobile Safari/537.36 (compatible; Bytespider; spider-feedback@bytedance.com)"
91.137.17.143 - - [13/Nov/2023:07:37:26 +0100] "GET /-p-14276.html HTTP/1.0" 200 77289 "-" "Mozilla/5.0 (compatible; MJ12bot/v1.4.8; http://mj12bot.com/)"
91.137.17.143 - - [13/Nov/2023:07:37:29 +0100] "GET /hello-kitty-kiss-diamond-suitcase-p-14283.html HTTP/1.0" 301 77356 "-" "Mozilla/5.0 (compatible; MJ12bot/v1.4.8; http://mj12bot.com/)"
47.128.45.244 - - [13/Nov/2023:07:37:31 +0100] "GET /highslide/graphics/zoomout.cur HTTP/1.0" 200 614 "http://www.wonder-geek.com/-p-36341.html" "Mozilla/5.0 (Linux; Android 5.0) AppleWebKit/537.36 (KHTML, like Gecko) Mobile Safari/537.36 (compatible; Bytespider; spider-feedback@bytedance.com)"
47.128.45.244 - - [13/Nov/2023:07:37:31 +0100] "GET /highslide/graphics/outlines/drop-shadow.png HTTP/1.0" 200 277 "http://www.wonder-geek.com/-p-36341.html" "Mozilla/5.0 (Linux; Android 5.0) AppleWebKit/537.36 (KHTML, like Gecko) Mobile Safari/537.36 (compatible; Bytespider; spider-feedback@bytedance.com)"
54.36.148.141 - - [13/Nov/2023:07:37:29 +0100] "GET /cotton-floor-cushion-houston-p-60159.html HTTP/1.0" 200 80676 "-" "Mozilla/5.0 (compatible; AhrefsBot/7.0; +http://ahrefs.com/robot/)"
91.137.17.143 - - [13/Nov/2023:07:37:32 +0100] "GET /-p-14283.html HTTP/1.0" 200 77289 "-" "Mozilla/5.0 (compatible; MJ12bot/v1.4.8; http://mj12bot.com/)"
91.137.17.143 - - [13/Nov/2023:07:37:34 +0100] "GET /hello-kitty-kiss-purple-suitcase-p-18398.html HTTP/1.0" 200 77440 "-" "Mozilla/5.0 (compatible; MJ12bot/v1.4.8; http://mj12bot.com/)"
91.137.17.143 - - [13/Nov/2023:07:37:38 +0100] "GET /hello-kitty-lamp-p-11413.html HTTP/1.0" 301 77356 "-" "Mozilla/5.0 (compatible; MJ12bot/v1.4.8; http://mj12bot.com/)"
91.137.17.143 - - [13/Nov/2023:07:37:41 +0100] "GET /-p-11413.html HTTP/1.0" 200 77289 "-" "Mozilla/5.0 (compatible; MJ12bot/v1.4.8; http://mj12bot.com/)"
91.137.17.143 - - [13/Nov/2023:07:37:44 +0100] "GET /hello-kitty-large-backpack-p-9931.html HTTP/1.0" 200 79949 "-" "Mozilla/5.0 (compatible; MJ12bot/v1.4.8; http://mj12bot.com/)"
91.137.17.143 - - [13/Nov/2023:07:37:47 +0100] "GET /hello-kitty-little-handbag-with-heart-purple-p-11606.html HTTP/1.0" 301 77356 "-" "Mozilla/5.0 (compatible; MJ12bot/v1.4.8; http://mj12bot.com/)"
85.208.96.198 - - [13/Nov/2023:07:37:49 +0100] "GET /-c-95_295.html HTTP/1.0" 200 76157 "-" "Mozilla/5.0 (compatible; SemrushBot/7~bl; +http://www.semrush.com/bot.html)"
91.137.17.143 - - [13/Nov/2023:07:37:50 +0100] "GET /-p-11606.html HTTP/1.0" 200 77289 "-" "Mozilla/5.0 (compatible; MJ12bot/v1.4.8; http://mj12bot.com/)"
47.128.35.42 - - [13/Nov/2023:07:37:51 +0100] "GET /alarms-clocks-clocks-and-watches/clocks/raving-rabbids-magnetic-clock-p-17391.html HTTP/1.0" 301 77356 "-" "Mozilla/5.0 (Linux; Android 5.0) AppleWebKit/537.36 (KHTML, like Gecko) Mobile Safari/537.36 (compatible; Bytespider; spider-feedback@bytedance.com)"
91.137.17.143 - - [13/Nov/2023:07:37:53 +0100] "GET /hello-kitty-mauve-little-shoulder-bag-p-11491.html HTTP/1.0" 301 77356 "-" "Mozilla/5.0 (compatible; MJ12bot/v1.4.8; http://mj12bot.com/)"
47.128.35.42 - - [13/Nov/2023:07:37:53 +0100] "GET /-p-17391.html HTTP/1.0" 200 77289 "-" "Mozilla/5.0 (Linux; Android 5.0) AppleWebKit/537.36 (KHTML, like Gecko) Mobile Safari/537.36 (compatible; Bytespider; spider-feedback@bytedance.com)"
47.128.35.42 - - [13/Nov/2023:07:37:55 +0100] "GET /swfobject.js HTTP/1.0" 404 1308 "http://www.wonder-geek.com/-p-17391.html" "Mozilla/5.0 (Linux; Android 5.0) AppleWebKit/537.36 (KHTML, like Gecko) Mobile Safari/537.36 (compatible; Bytespider; spider-feedback@bytedance.com)"
85.208.96.198 - - [13/Nov/2023:07:37:55 +0100] "GET /-p-6905.html HTTP/1.0" 200 77287 "-" "Mozilla/5.0 (compatible; SemrushBot/7~bl; +http://www.semrush.com/bot.html)"
91.137.17.143 - - [13/Nov/2023:07:37:56 +0100] "GET /-p-11491.html HTTP/1.0" 200 77289 "-" "Mozilla/5.0 (compatible; MJ12bot/v1.4.8; http://mj12bot.com/)"
47.128.35.42 - - [13/Nov/2023:07:37:59 +0100] "GET /highslide/graphics/outlines/drop-shadow.png HTTP/1.0" 200 277 "http://www.wonder-geek.com/-p-17391.html" "Mozilla/5.0 (Linux; Android 5.0) AppleWebKit/537.36 (KHTML, like Gecko) Mobile Safari/537.36 (compatible; Bytespider; spider-feedback@bytedance.com)"
47.128.35.42 - - [13/Nov/2023:07:37:59 +0100] "GET /highslide/graphics/zoomout.cur HTTP/1.0" 200 614 "http://www.wonder-geek.com/-p-17391.html" "Mozilla/5.0 (Linux; Android 5.0) AppleWebKit/537.36 (KHTML, like Gecko) Mobile Safari/537.36 (compatible; Bytespider; spider-feedback@bytedance.com)"
91.137.17.143 - - [13/Nov/2023:07:37:59 +0100] "GET /hello-trapeze-bag-chocolate-knot-by-camomilla-p-16294.html HTTP/1.0" 301 77550 "-" "Mozilla/5.0 (compatible; MJ12bot/v1.4.8; http://mj12bot.com/)"
91.137.17.143 - - [13/Nov/2023:07:38:02 +0100] "GET /hello-trapeze-chocolate-knot-camomilla-p-16294.html HTTP/1.0" 200 77445 "-" "Mozilla/5.0 (compatible; MJ12bot/v1.4.8; http://mj12bot.com/)"
