85.208.96.210 - - [13/Nov/2023:07:12:33 +0100] "GET /meditation-cushion-organic-cotton-p-52924.html HTTP/1.0" 200 81406 "-" "Mozilla/5.0 (compatible; SemrushBot/7~bl; +http://www.semrush.com/bot.html)"
91.137.17.143 - - [13/Nov/2023:07:12:35 +0100] "GET /cat-with-bow-tie-bowl-p-36410.html HTTP/1.0" 301 77356 "-" "Mozilla/5.0 (compatible; MJ12bot/v1.4.8; http://mj12bot.com/)"
85.208.96.198 - - [13/Nov/2023:07:12:37 +0100] "GET /kitchen-potholder-barbecue-plancha-p-61254.html HTTP/1.0" 200 80585 "-" "Mozilla/5.0 (compatible; SemrushBot/7~bl; +http://www.semrush.com/bot.html)"
54.36.148.10 - - [13/Nov/2023:07:12:37 +0100] "GET /small-baby-teeth-p-60198.html HTTP/1.0" 200 79752 "-" "Mozilla/5.0 (compatible; AhrefsBot/7.0; +http://ahrefs.com/robot/)"
91.137.17.143 - - [13/Nov/2023:07:12:39 +0100] "GET /-p-36410.html HTTP/1.0" 200 77289 "-" "Mozilla/5.0 (compatible; MJ12bot/v1.4.8; http://mj12bot.com/)"
217.182.175.222 - - [13/Nov/2023:07:12:43 +0100] "GET /-p-29211.html HTTP/1.0" 200 77289 "-" "Mozilla/5.0 (compatible; MJ12bot/v1.4.8; http://mj12bot.com/)"
91.137.17.143 - - [13/Nov/2023:07:12:45 +0100] "GET /catches-dreams-diameter-of-16-cm-p-43944.html HTTP/1.0" 301 77480 "-" "Mozilla/5.0 (compatible; MJ12bot/v1.4.8; http://mj12bot.com/)"
91.137.17.143 - - [13/Nov/2023:07:12:51 +0100] "GET /catches-dreams-diameter-p-43944.html HTTP/1.0" 200 77390 "-" "Mozilla/5.0 (compatible; MJ12bot/v1.4.8; http://mj12bot.com/)"
91.137.17.143 - - [13/Nov/2023:07:12:54 +0100] "GET /catches-dreams-diameter-of-16-cm-p-43945.html HTTP/1.0" 301 77480 "-" "Mozilla/5.0 (compatible; MJ12bot/v1.4.8; http://mj12bot.com/)"
85.208.96.205 - - [13/Nov/2023:07:12:55 +0100] "GET /french-riviera-black-cotton-shopping-p-38653.html HTTP/1.0" 200 80003 "-" "Mozilla/5.0 (compatible; SemrushBot/7~bl; +http://www.semrush.com/bot.html)"
51.68.224.127 - - [13/Nov/2023:07:12:59 +0100] "GET /adminweb/export_orders_xml.php?token=256de2z6edz6ed2z6DFSFsed2zed6zeDSFDSGdzedezfzf&maxorders=10&orderstart=1&status=14&start_date=2018-10-01 HTTP/1.0" 200 285 "-" "GesCom CharlotteBoutik Serveur"
91.137.17.143 - - [13/Nov/2023:07:12:59 +0100] "GET /catches-dreams-diameter-p-43945.html HTTP/1.0" 200 77390 "-" "Mozilla/5.0 (compatible; MJ12bot/v1.4.8; http://mj12bot.com/)"
51.68.224.127 - - [13/Nov/2023:07:12:59 +0100] "GET /adminweb/export_orders_xml.php?token=256de2z6edz6ed2z6DFSFsed2zed6zeDSFDSGdzedezfzf&maxorders=10&orderstart=1&status=6&start_date=2018-10-01 HTTP/1.0" 200 33939 "-" "GesCom CharlotteBoutik Serveur"
85.208.96.212 - - [13/Nov/2023:07:13:01 +0100] "GET /panther-wall-decoration-resin-p-52573.html HTTP/1.0" 200 77401 "-" "Mozilla/5.0 (compatible; SemrushBot/7~bl; +http://www.semrush.com/bot.html)"
91.137.17.143 - - [13/Nov/2023:07:13:05 +0100] "GET /catches-dreams-diameter-of-32-cm-p-43946.html HTTP/1.0" 301 77356 "-" "Mozilla/5.0 (compatible; MJ12bot/v1.4.8; http://mj12bot.com/)"
217.182.175.222 - - [13/Nov/2023:07:13:07 +0100] "GET /plus-plus-mini-pastel-170-pieces-p-29970.html HTTP/1.0" 301 77356 "-" "Mozilla/5.0 (compatible; MJ12bot/v1.4.8; http://mj12bot.com/)"
91.137.17.143 - - [13/Nov/2023:07:13:12 +0100] "GET /-p-43946.html HTTP/1.0" 200 77289 "-" "Mozilla/5.0 (compatible; MJ12bot/v1.4.8; http://mj12bot.com/)"
185.191.171.2 - - [13/Nov/2023:07:13:12 +0100] "GET /-p-19441.html HTTP/1.0" 200 77289 "-" "Mozilla/5.0 (compatible; SemrushBot/7~bl; +http://www.semrush.com/bot.html)"
91.137.17.143 - - [13/Nov/2023:07:13:17 +0100] "GET /catches-dreams-diameter-of-32-cm-p-43947.html HTTP/1.0" 301 77356 "-" "Mozilla/5.0 (compatible; MJ12bot/v1.4.8; http://mj12bot.com/)"
85.208.96.198 - - [13/Nov/2023:07:13:22 +0100] "GET /braided-polypropylene-decorative-basket-p-58196.html HTTP/1.0" 200 80686 "-" "Mozilla/5.0 (compatible; SemrushBot/7~bl; +http://www.semrush.com/bot.html)"
91.137.17.143 - - [13/Nov/2023:07:13:24 +0100] "GET /-p-43947.html HTTP/1.0" 200 77289 "-" "Mozilla/5.0 (compatible; MJ12bot/v1.4.8; http://mj12bot.com/)"
185.191.171.17 - - [13/Nov/2023:07:13:26 +0100] "GET /gift-bowls-nature-spoons-coconut-p-59597.html HTTP/1.0" 200 82278 "-" "Mozilla/5.0 (compatible; SemrushBot/7~bl; +http://www.semrush.com/bot.html)"
217.182.175.222 - - [13/Nov/2023:07:13:27 +0100] "GET /-p-29970.html HTTP/1.0" 200 77289 "-" "Mozilla/5.0 (compatible; MJ12bot/v1.4.8; http://mj12bot.com/)"
91.137.17.143 - - [13/Nov/2023:07:13:33 +0100] "GET /catches-dreams-diameter-of-32-cm-p-43948.html HTTP/1.0" 301 77479 "-" "Mozilla/5.0 (compatible; MJ12bot/v1.4.8; http://mj12bot.com/)"
185.191.171.7 - - [13/Nov/2023:07:13:35 +0100] "GET /decorative-pulley-with-rope-p-44989.html HTTP/1.0" 200 77387 "-" "Mozilla/5.0 (compatible; SemrushBot/7~bl; +http://www.semrush.com/bot.html)"
91.137.17.143 - - [13/Nov/2023:07:13:41 +0100] "GET /catches-dreams-diameter-p-43948.html HTTP/1.0" 200 77389 "-" "Mozilla/5.0 (compatible; MJ12bot/v1.4.8; http://mj12bot.com/)"
217.182.175.222 - - [13/Nov/2023:07:13:46 +0100] "GET /plush-bag-nici-jolly-sheep-heart-in-the-clouds-p-20576.html HTTP/1.0" 301 77356 "-" "Mozilla/5.0 (compatible; MJ12bot/v1.4.8; http://mj12bot.com/)"
91.137.17.143 - - [13/Nov/2023:07:13:50 +0100] "GET /catches-dreams-diameter-of-32-cm-p-43950.html HTTP/1.0" 301 77356 "-" "Mozilla/5.0 (compatible; MJ12bot/v1.4.8; http://mj12bot.com/)"
91.137.17.143 - - [13/Nov/2023:07:13:57 +0100] "GET /-p-43950.html HTTP/1.0" 200 77289 "-" "Mozilla/5.0 (compatible; MJ12bot/v1.4.8; http://mj12bot.com/)"
91.137.17.143 - - [13/Nov/2023:07:14:07 +0100] "GET /catches-dreams-diameter-of-32-cm-p-43951.html HTTP/1.0" 301 77356 "-" "Mozilla/5.0 (compatible; MJ12bot/v1.4.8; http://mj12bot.com/)"
217.182.175.222 - - [13/Nov/2023:07:14:12 +0100] "GET /-p-20576.html HTTP/1.0" 200 77289 "-" "Mozilla/5.0 (compatible; MJ12bot/v1.4.8; http://mj12bot.com/)"
91.137.17.143 - - [13/Nov/2023:07:14:12 +0100] "GET /-p-43951.html HTTP/1.0" 200 77289 "-" "Mozilla/5.0 (compatible; MJ12bot/v1.4.8; http://mj12bot.com/)"
54.36.148.31 - - [13/Nov/2023:07:14:16 +0100] "GET /set-c-2_34.html HTTP/1.0" 200 83609 "-" "Mozilla/5.0 (compatible; AhrefsBot/7.0; +http://ahrefs.com/robot/)"
91.137.17.143 - - [13/Nov/2023:07:14:19 +0100] "GET /catches-dreams-diameter-p-43944.html HTTP/1.0" 200 77390 "-" "Mozilla/5.0 (compatible; MJ12bot/v1.4.8; http://mj12bot.com/)"
85.208.96.200 - - [13/Nov/2023:07:14:24 +0100] "GET /kimmidoll-shoulder-p-32392.html HTTP/1.0" 200 77367 "-" "Mozilla/5.0 (compatible; SemrushBot/7~bl; +http://www.semrush.com/bot.html)"
91.137.17.143 - - [13/Nov/2023:07:14:25 +0100] "GET /catches-dreams-diameter-p-43945.html HTTP/1.0" 200 77390 "-" "Mozilla/5.0 (compatible; MJ12bot/v1.4.8; http://mj12bot.com/)"
91.137.17.143 - - [13/Nov/2023:07:14:29 +0100] "GET /catches-dreams-diameter-p-43946.html HTTP/1.0" 301 77356 "-" "Mozilla/5.0 (compatible; MJ12bot/v1.4.8; http://mj12bot.com/)"
217.182.175.222 - - [13/Nov/2023:07:14:35 +0100] "GET /plush-bag-nici-jolly-sheep-p-20575.html HTTP/1.0" 301 77356 "-" "Mozilla/5.0 (compatible; MJ12bot/v1.4.8; http://mj12bot.com/)"
91.137.17.143 - - [13/Nov/2023:07:14:35 +0100] "GET /-p-43946.html HTTP/1.0" 200 77289 "-" "Mozilla/5.0 (compatible; MJ12bot/v1.4.8; http://mj12bot.com/)"
91.137.17.143 - - [13/Nov/2023:07:14:40 +0100] "GET /catches-dreams-diameter-p-43947.html HTTP/1.0" 301 77356 "-" "Mozilla/5.0 (compatible; MJ12bot/v1.4.8; http://mj12bot.com/)"
91.137.17.143 - - [13/Nov/2023:07:14:50 +0100] "GET /-p-43947.html HTTP/1.0" 200 77289 "-" "Mozilla/5.0 (compatible; MJ12bot/v1.4.8; http://mj12bot.com/)"
217.182.175.222 - - [13/Nov/2023:07:14:53 +0100] "GET /-p-20575.html HTTP/1.0" 200 77289 "-" "Mozilla/5.0 (compatible; MJ12bot/v1.4.8; http://mj12bot.com/)"
91.137.17.143 - - [13/Nov/2023:07:14:56 +0100] "GET /catches-dreams-diameter-p-43948.html HTTP/1.0" 200 77389 "-" "Mozilla/5.0 (compatible; MJ12bot/v1.4.8; http://mj12bot.com/)"
134.130.37.175 - - [13/Nov/2023:07:15:12 +0100] "GET /images/mini_prod/b8012052011455.jpg HTTP/1.0" 200 270 "-" "Mozilla/5.0 (X11; Ubuntu; Linux x86_64; rv:72.0) Gecko/20100101 Firefox/72.0"
217.182.175.222 - - [13/Nov/2023:07:15:19 +0100] "GET /plush-bag-nici-lion-p-20804.html HTTP/1.0" 301 77356 "-" "Mozilla/5.0 (compatible; MJ12bot/v1.4.8; http://mj12bot.com/)"
91.137.17.143 - - [13/Nov/2023:07:15:24 +0100] "GET /catches-dreams-diameter-p-43950.html HTTP/1.0" 301 77356 "-" "Mozilla/5.0 (compatible; MJ12bot/v1.4.8; http://mj12bot.com/)"
91.137.17.143 - - [13/Nov/2023:07:15:30 +0100] "GET /-p-43950.html HTTP/1.0" 200 77289 "-" "Mozilla/5.0 (compatible; MJ12bot/v1.4.8; http://mj12bot.com/)"
217.182.175.222 - - [13/Nov/2023:07:15:34 +0100] "GET /-p-20804.html HTTP/1.0" 200 77289 "-" "Mozilla/5.0 (compatible; MJ12bot/v1.4.8; http://mj12bot.com/)"
91.137.17.143 - - [13/Nov/2023:07:15:35 +0100] "GET /catches-dreams-diameter-p-43951.html HTTP/1.0" 301 77356 "-" "Mozilla/5.0 (compatible; MJ12bot/v1.4.8; http://mj12bot.com/)"
185.191.171.4 - - [13/Nov/2023:07:15:38 +0100] "GET /scented-votive-candle-chakra-p-55356.html HTTP/1.0" 200 77399 "-" "Mozilla/5.0 (compatible; SemrushBot/7~bl; +http://www.semrush.com/bot.html)"
91.137.17.143 - - [13/Nov/2023:07:15:39 +0100] "GET /-p-43951.html HTTP/1.0" 200 77289 "-" "Mozilla/5.0 (compatible; MJ12bot/v1.4.8; http://mj12bot.com/)"
91.137.17.143 - - [13/Nov/2023:07:15:44 +0100] "GET /catkitchen-towels-45-60-cm-p-43902.html HTTP/1.0" 301 79719 "-" "Mozilla/5.0 (compatible; MJ12bot/v1.4.8; http://mj12bot.com/)"
91.137.17.143 - - [13/Nov/2023:07:15:49 +0100] "GET /catkitchen-towels-p-43902.html HTTP/1.0" 200 79635 "-" "Mozilla/5.0 (compatible; MJ12bot/v1.4.8; http://mj12bot.com/)"
47.128.59.210 - - [13/Nov/2023:07:15:54 +0100] "GET /robocar-poli-flying-heli-p-34984.html HTTP/1.0" 301 77356 "-" "Mozilla/5.0 (Linux; Android 5.0) AppleWebKit/537.36 (KHTML, like Gecko) Mobile Safari/537.36 (compatible; Bytespider; spider-feedback@bytedance.com)"
47.128.59.210 - - [13/Nov/2023:07:15:55 +0100] "GET /-p-34984.html HTTP/1.0" 200 77289 "-" "Mozilla/5.0 (Linux; Android 5.0) AppleWebKit/537.36 (KHTML, like Gecko) Mobile Safari/537.36 (compatible; Bytespider; spider-feedback@bytedance.com)"
91.137.17.143 - - [13/Nov/2023:07:15:56 +0100] "GET /catkitchen-towels-p-43902.html HTTP/1.0" 200 79635 "-" "Mozilla/5.0 (compatible; MJ12bot/v1.4.8; http://mj12bot.com/)"
47.128.59.210 - - [13/Nov/2023:07:15:57 +0100] "GET /swfobject.js HTTP/1.0" 404 1308 "http://www.wonder-geek.com/-p-34984.html" "Mozilla/5.0 (Linux; Android 5.0) AppleWebKit/537.36 (KHTML, like Gecko) Mobile Safari/537.36 (compatible; Bytespider; spider-feedback@bytedance.com)"
217.182.175.125 - - [13/Nov/2023:07:15:58 +0100] "GET /robots.txt HTTP/1.0" 200 245 "-" "Mozilla/5.0 (compatible; MJ12bot/v1.4.8; http://mj12bot.com/)"
217.182.175.222 - - [13/Nov/2023:07:15:59 +0100] "GET /plush-bag-nici-rhinoceros-p-20578.html HTTP/1.0" 301 77356 "-" "Mozilla/5.0 (compatible; MJ12bot/v1.4.8; http://mj12bot.com/)"
91.137.17.143 - - [13/Nov/2023:07:16:00 +0100] "GET /cats-bowl-p-45495.html HTTP/1.0" 301 77356 "-" "Mozilla/5.0 (compatible; MJ12bot/v1.4.8; http://mj12bot.com/)"
47.128.59.210 - - [13/Nov/2023:07:16:01 +0100] "GET /highslide/graphics/outlines/drop-shadow.png HTTP/1.0" 200 277 "http://www.wonder-geek.com/-p-34984.html" "Mozilla/5.0 (Linux; Android 5.0) AppleWebKit/537.36 (KHTML, like Gecko) Mobile Safari/537.36 (compatible; Bytespider; spider-feedback@bytedance.com)"
47.128.59.210 - - [13/Nov/2023:07:16:01 +0100] "GET /highslide/graphics/zoomout.cur HTTP/1.0" 200 614 "http://www.wonder-geek.com/-p-34984.html" "Mozilla/5.0 (Linux; Android 5.0) AppleWebKit/537.36 (KHTML, like Gecko) Mobile Safari/537.36 (compatible; Bytespider; spider-feedback@bytedance.com)"
91.137.17.143 - - [13/Nov/2023:07:16:03 +0100] "GET /-p-45495.html HTTP/1.0" 200 77289 "-" "Mozilla/5.0 (compatible; MJ12bot/v1.4.8; http://mj12bot.com/)"
54.36.149.87 - - [13/Nov/2023:07:16:05 +0100] "GET /small-baby-teeth-p-60183.html HTTP/1.0" 200 80352 "-" "Mozilla/5.0 (compatible; AhrefsBot/7.0; +http://ahrefs.com/robot/)"
91.137.17.143 - - [13/Nov/2023:07:16:10 +0100] "GET /cats-bowl-p-45496.html HTTP/1.0" 200 79516 "-" "Mozilla/5.0 (compatible; MJ12bot/v1.4.8; http://mj12bot.com/)"
91.137.17.143 - - [13/Nov/2023:07:16:16 +0100] "GET /cats-by-dubout-bowl-p-40057.html HTTP/1.0" 301 77432 "-" "Mozilla/5.0 (compatible; MJ12bot/v1.4.8; http://mj12bot.com/)"
217.182.175.222 - - [13/Nov/2023:07:16:17 +0100] "GET /-p-20578.html HTTP/1.0" 200 77289 "-" "Mozilla/5.0 (compatible; MJ12bot/v1.4.8; http://mj12bot.com/)"
217.182.175.125 - - [13/Nov/2023:07:16:19 +0100] "GET /round-magnet-little-prince-plane-p-59033.html HTTP/1.0" 200 80457 "-" "Mozilla/5.0 (compatible; MJ12bot/v1.4.8; http://mj12bot.com/)"
91.137.17.143 - - [13/Nov/2023:07:16:20 +0100] "GET /cats-dubout-bowl-p-40057.html HTTP/1.0" 200 77349 "-" "Mozilla/5.0 (compatible; MJ12bot/v1.4.8; http://mj12bot.com/)"
47.128.25.169 - - [13/Nov/2023:07:16:22 +0100] "GET /girls/hats-and-caps/strawberry-shortcake-cap-p-1057.html HTTP/1.0" 301 77353 "-" "Mozilla/5.0 (Linux; Android 5.0) AppleWebKit/537.36 (KHTML, like Gecko) Mobile Safari/537.36 (compatible; Bytespider; spider-feedback@bytedance.com)"
134.130.37.175 - - [13/Nov/2023:07:16:26 +0100] "GET /images/mini_prod/5050293803197.jpg HTTP/1.0" 200 269 "-" "Mozilla/5.0 (X11; Ubuntu; Linux x86_64; rv:72.0) Gecko/20100101 Firefox/72.0"
47.128.25.169 - - [13/Nov/2023:07:16:25 +0100] "GET /-p-1057.html HTTP/1.0" 200 77287 "-" "Mozilla/5.0 (Linux; Android 5.0) AppleWebKit/537.36 (KHTML, like Gecko) Mobile Safari/537.36 (compatible; Bytespider; spider-feedback@bytedance.com)"
47.128.25.169 - - [13/Nov/2023:07:16:27 +0100] "GET /swfobject.js HTTP/1.0" 404 1308 "http://www.wonder-geek.com/-p-1057.html" "Mozilla/5.0 (Linux; Android 5.0) AppleWebKit/537.36 (KHTML, like Gecko) Mobile Safari/537.36 (compatible; Bytespider; spider-feedback@bytedance.com)"
91.137.17.143 - - [13/Nov/2023:07:16:29 +0100] "GET /cats-by-dubout-large-bowl-p-40052.html HTTP/1.0" 301 77462 "-" "Mozilla/5.0 (compatible; MJ12bot/v1.4.8; http://mj12bot.com/)"
47.128.25.169 - - [13/Nov/2023:07:16:34 +0100] "GET /highslide/graphics/outlines/drop-shadow.png HTTP/1.0" 200 277 "http://www.wonder-geek.com/-p-1057.html" "Mozilla/5.0 (Linux; Android 5.0) AppleWebKit/537.36 (KHTML, like Gecko) Mobile Safari/537.36 (compatible; Bytespider; spider-feedback@bytedance.com)"
47.128.25.169 - - [13/Nov/2023:07:16:34 +0100] "GET /highslide/graphics/zoomout.cur HTTP/1.0" 200 614 "http://www.wonder-geek.com/-p-1057.html" "Mozilla/5.0 (Linux; Android 5.0) AppleWebKit/537.36 (KHTML, like Gecko) Mobile Safari/537.36 (compatible; Bytespider; spider-feedback@bytedance.com)"
91.137.17.143 - - [13/Nov/2023:07:16:35 +0100] "GET /cats-dubout-large-bowl-p-40052.html HTTP/1.0" 200 77373 "-" "Mozilla/5.0 (compatible; MJ12bot/v1.4.8; http://mj12bot.com/)"
217.182.175.222 - - [13/Nov/2023:07:16:39 +0100] "GET /plush-christmas-tree-decoration-10-cm-p-49652.html HTTP/1.0" 301 79878 "-" "Mozilla/5.0 (compatible; MJ12bot/v1.4.8; http://mj12bot.com/)"
91.137.17.143 - - [13/Nov/2023:07:16:40 +0100] "GET /cats-by-dubout-large-bowl-p-40054.html HTTP/1.0" 301 79734 "-" "Mozilla/5.0 (compatible; MJ12bot/v1.4.8; http://mj12bot.com/)"
91.137.17.143 - - [13/Nov/2023:07:16:45 +0100] "GET /cats-dubout-large-bowl-p-40054.html HTTP/1.0" 200 79645 "-" "Mozilla/5.0 (compatible; MJ12bot/v1.4.8; http://mj12bot.com/)"
91.137.17.143 - - [13/Nov/2023:07:16:51 +0100] "GET /cats-by-dubout-paper-towel-dispenser-p-40039.html HTTP/1.0" 301 77517 "-" "Mozilla/5.0 (compatible; MJ12bot/v1.4.8; http://mj12bot.com/)"
47.128.61.130 - - [13/Nov/2023:07:16:51 +0100] "GET /ski-chair-cushion-38-cm-model-piste-p-41791.html HTTP/1.0" 301 77356 "-" "Mozilla/5.0 (Linux; Android 5.0) AppleWebKit/537.36 (KHTML, like Gecko) Mobile Safari/537.36 (compatible; Bytespider; spider-feedback@bytedance.com)"
47.128.61.130 - - [13/Nov/2023:07:16:53 +0100] "GET /-p-41791.html HTTP/1.0" 200 77289 "-" "Mozilla/5.0 (Linux; Android 5.0) AppleWebKit/537.36 (KHTML, like Gecko) Mobile Safari/537.36 (compatible; Bytespider; spider-feedback@bytedance.com)"
217.182.175.222 - - [13/Nov/2023:07:16:54 +0100] "GET /plush-christmas-tree-decoration-p-49652.html HTTP/1.0" 200 79780 "-" "Mozilla/5.0 (compatible; MJ12bot/v1.4.8; http://mj12bot.com/)"
47.128.61.130 - - [13/Nov/2023:07:16:56 +0100] "GET /swfobject.js HTTP/1.0" 404 1308 "http://www.wonder-geek.com/-p-41791.html" "Mozilla/5.0 (Linux; Android 5.0) AppleWebKit/537.36 (KHTML, like Gecko) Mobile Safari/537.36 (compatible; Bytespider; spider-feedback@bytedance.com)"
91.137.17.143 - - [13/Nov/2023:07:16:55 +0100] "GET /cats-dubout-paper-towel-dispenser-p-40039.html HTTP/1.0" 200 77417 "-" "Mozilla/5.0 (compatible; MJ12bot/v1.4.8; http://mj12bot.com/)"
47.128.61.130 - - [13/Nov/2023:07:16:58 +0100] "GET /highslide/graphics/zoomout.cur HTTP/1.0" 200 614 "http://www.wonder-geek.com/-p-41791.html" "Mozilla/5.0 (Linux; Android 5.0) AppleWebKit/537.36 (KHTML, like Gecko) Mobile Safari/537.36 (compatible; Bytespider; spider-feedback@bytedance.com)"
47.128.61.130 - - [13/Nov/2023:07:16:58 +0100] "GET /highslide/graphics/outlines/drop-shadow.png HTTP/1.0" 200 277 "http://www.wonder-geek.com/-p-41791.html" "Mozilla/5.0 (Linux; Android 5.0) AppleWebKit/537.36 (KHTML, like Gecko) Mobile Safari/537.36 (compatible; Bytespider; spider-feedback@bytedance.com)"
91.137.17.143 - - [13/Nov/2023:07:17:03 +0100] "GET /cats-by-dubout-paper-towel-dispenser-p-40041.html HTTP/1.0" 301 77356 "-" "Mozilla/5.0 (compatible; MJ12bot/v1.4.8; http://mj12bot.com/)"
91.137.17.143 - - [13/Nov/2023:07:17:08 +0100] "GET /-p-40041.html HTTP/1.0" 200 77289 "-" "Mozilla/5.0 (compatible; MJ12bot/v1.4.8; http://mj12bot.com/)"
217.182.175.222 - - [13/Nov/2023:07:17:14 +0100] "GET /plush-christmas-tree-decoration-p-49652.html HTTP/1.0" 200 79780 "-" "Mozilla/5.0 (compatible; MJ12bot/v1.4.8; http://mj12bot.com/)"
91.137.17.143 - - [13/Nov/2023:07:17:15 +0100] "GET /cats-by-dubout-pie-dish-p-40058.html HTTP/1.0" 301 79702 "-" "Mozilla/5.0 (compatible; MJ12bot/v1.4.8; http://mj12bot.com/)"
185.191.171.10 - - [13/Nov/2023:07:17:16 +0100] "GET /gorjuss-collector-tartan-heart-shaped-metal-p-46935.html HTTP/1.0" 200 77467 "-" "Mozilla/5.0 (compatible; SemrushBot/7~bl; +http://www.semrush.com/bot.html)"
47.128.59.254 - - [13/Nov/2023:07:17:20 +0100] "GET /olaf-apron-and-chef-hat-p-31752.html HTTP/1.0" 301 77356 "-" "Mozilla/5.0 (Linux; Android 5.0) AppleWebKit/537.36 (KHTML, like Gecko) Mobile Safari/537.36 (compatible; Bytespider; spider-feedback@bytedance.com)"
91.137.17.143 - - [13/Nov/2023:07:17:20 +0100] "GET /cats-dubout-dish-p-40058.html HTTP/1.0" 200 79619 "-" "Mozilla/5.0 (compatible; MJ12bot/v1.4.8; http://mj12bot.com/)"
47.128.59.254 - - [13/Nov/2023:07:17:21 +0100] "GET /-p-31752.html HTTP/1.0" 200 77289 "-" "Mozilla/5.0 (Linux; Android 5.0) AppleWebKit/537.36 (KHTML, like Gecko) Mobile Safari/537.36 (compatible; Bytespider; spider-feedback@bytedance.com)"
47.128.59.254 - - [13/Nov/2023:07:17:23 +0100] "GET /swfobject.js HTTP/1.0" 404 1308 "http://www.wonder-geek.com/-p-31752.html" "Mozilla/5.0 (Linux; Android 5.0) AppleWebKit/537.36 (KHTML, like Gecko) Mobile Safari/537.36 (compatible; Bytespider; spider-feedback@bytedance.com)"
85.208.96.202 - - [13/Nov/2023:07:17:21 +0100] "GET /dishes-c-12.html?page=2 HTTP/1.0" 200 98453 "-" "Mozilla/5.0 (compatible; SemrushBot/7~bl; +http://www.semrush.com/bot.html)"
91.137.17.143 - - [13/Nov/2023:07:17:27 +0100] "GET /cats-by-dubout-set-of-coasters-p-40037.html HTTP/1.0" 301 77356 "-" "Mozilla/5.0 (compatible; MJ12bot/v1.4.8; http://mj12bot.com/)"
47.128.59.254 - - [13/Nov/2023:07:17:30 +0100] "GET /highslide/graphics/zoomout.cur HTTP/1.0" 200 614 "http://www.wonder-geek.com/-p-31752.html" "Mozilla/5.0 (Linux; Android 5.0) AppleWebKit/537.36 (KHTML, like Gecko) Mobile Safari/537.36 (compatible; Bytespider; spider-feedback@bytedance.com)"
47.128.59.254 - - [13/Nov/2023:07:17:30 +0100] "GET /highslide/graphics/outlines/drop-shadow.png HTTP/1.0" 200 277 "http://www.wonder-geek.com/-p-31752.html" "Mozilla/5.0 (Linux; Android 5.0) AppleWebKit/537.36 (KHTML, like Gecko) Mobile Safari/537.36 (compatible; Bytespider; spider-feedback@bytedance.com)"
217.182.175.222 - - [13/Nov/2023:07:17:30 +0100] "GET /plush-little-panda-and-mom-gund-23-cm-p-33959.html HTTP/1.0" 301 77356 "-" "Mozilla/5.0 (compatible; MJ12bot/v1.4.8; http://mj12bot.com/)"
85.208.96.198 - - [13/Nov/2023:07:17:31 +0100] "GET /-p-45249.html HTTP/1.0" 200 77289 "-" "Mozilla/5.0 (compatible; SemrushBot/7~bl; +http://www.semrush.com/bot.html)"
91.137.17.143 - - [13/Nov/2023:07:17:32 +0100] "GET /-p-40037.html HTTP/1.0" 200 77289 "-" "Mozilla/5.0 (compatible; MJ12bot/v1.4.8; http://mj12bot.com/)"
207.46.13.64 - - [13/Nov/2023:07:17:36 +0100] "GET /smokers-items-c-3_112.html?page=6 HTTP/1.0" 200 98124 "-" "Mozilla/5.0 AppleWebKit/537.36 (KHTML, like Gecko; compatible; bingbot/2.0; +http://www.bing.com/bingbot.htm) Chrome/103.0.5060.134 Safari/537.36"
91.137.17.143 - - [13/Nov/2023:07:17:39 +0100] "GET /cats-by-dubout-set-of-coasters-p-40038.html HTTP/1.0" 301 77470 "-" "Mozilla/5.0 (compatible; MJ12bot/v1.4.8; http://mj12bot.com/)"
91.137.17.143 - - [13/Nov/2023:07:17:43 +0100] "GET /cats-dubout-coasters-p-40038.html HTTP/1.0" 200 77383 "-" "Mozilla/5.0 (compatible; MJ12bot/v1.4.8; http://mj12bot.com/)"
47.128.20.20 - - [13/Nov/2023:07:17:46 +0100] "GET /games-and-toys/soft-toys-security-blanket/the-beanie-buddies-plush-little-pony-pinkie-pie-p-27345.html HTTP/1.0" 301 77356 "-" "Mozilla/5.0 (Linux; Android 5.0) AppleWebKit/537.36 (KHTML, like Gecko) Mobile Safari/537.36 (compatible; Bytespider; spider-feedback@bytedance.com)"
217.182.175.222 - - [13/Nov/2023:07:17:47 +0100] "GET /-p-33959.html HTTP/1.0" 200 77289 "-" "Mozilla/5.0 (compatible; MJ12bot/v1.4.8; http://mj12bot.com/)"
47.128.20.20 - - [13/Nov/2023:07:17:48 +0100] "GET /-p-27345.html HTTP/1.0" 200 77289 "-" "Mozilla/5.0 (Linux; Android 5.0) AppleWebKit/537.36 (KHTML, like Gecko) Mobile Safari/537.36 (compatible; Bytespider; spider-feedback@bytedance.com)"
47.128.20.20 - - [13/Nov/2023:07:17:50 +0100] "GET /swfobject.js HTTP/1.0" 404 1308 "http://www.wonder-geek.com/-p-27345.html" "Mozilla/5.0 (Linux; Android 5.0) AppleWebKit/537.36 (KHTML, like Gecko) Mobile Safari/537.36 (compatible; Bytespider; spider-feedback@bytedance.com)"
91.137.17.143 - - [13/Nov/2023:07:17:49 +0100] "GET /cats-dubout-bowl-p-40057.html HTTP/1.0" 200 77349 "-" "Mozilla/5.0 (compatible; MJ12bot/v1.4.8; http://mj12bot.com/)"
47.128.20.20 - - [13/Nov/2023:07:17:53 +0100] "GET /highslide/graphics/zoomout.cur HTTP/1.0" 200 614 "http://www.wonder-geek.com/-p-27345.html" "Mozilla/5.0 (Linux; Android 5.0) AppleWebKit/537.36 (KHTML, like Gecko) Mobile Safari/537.36 (compatible; Bytespider; spider-feedback@bytedance.com)"
47.128.20.20 - - [13/Nov/2023:07:17:53 +0100] "GET /highslide/graphics/outlines/drop-shadow.png HTTP/1.0" 200 277 "http://www.wonder-geek.com/-p-27345.html" "Mozilla/5.0 (Linux; Android 5.0) AppleWebKit/537.36 (KHTML, like Gecko) Mobile Safari/537.36 (compatible; Bytespider; spider-feedback@bytedance.com)"
91.137.17.143 - - [13/Nov/2023:07:17:56 +0100] "GET /cats-dubout-coasters-p-40037.html HTTP/1.0" 301 77356 "-" "Mozilla/5.0 (compatible; MJ12bot/v1.4.8; http://mj12bot.com/)"
54.36.148.69 - - [13/Nov/2023:07:17:57 +0100] "GET /high-school-musical-storage-p-1521.html HTTP/1.0" 200 80028 "-" "Mozilla/5.0 (compatible; AhrefsBot/7.0; +http://ahrefs.com/robot/)"
91.137.17.143 - - [13/Nov/2023:07:18:00 +0100] "GET /-p-40037.html HTTP/1.0" 200 77289 "-" "Mozilla/5.0 (compatible; MJ12bot/v1.4.8; http://mj12bot.com/)"
91.137.17.143 - - [13/Nov/2023:07:18:08 +0100] "GET /cats-dubout-coasters-p-40038.html HTTP/1.0" 200 77383 "-" "Mozilla/5.0 (compatible; MJ12bot/v1.4.8; http://mj12bot.com/)"
217.182.175.222 - - [13/Nov/2023:07:18:09 +0100] "GET /pocket-ashtray-les-tontons-fumeurs-p-50899.html HTTP/1.0" 301 77508 "-" "Mozilla/5.0 (compatible; MJ12bot/v1.4.8; http://mj12bot.com/)"
91.137.17.143 - - [13/Nov/2023:07:18:14 +0100] "GET /cats-dubout-dish-p-40058.html HTTP/1.0" 200 79619 "-" "Mozilla/5.0 (compatible; MJ12bot/v1.4.8; http://mj12bot.com/)"
91.137.17.143 - - [13/Nov/2023:07:18:22 +0100] "GET /cats-dubout-large-bowl-p-40052.html HTTP/1.0" 200 77373 "-" "Mozilla/5.0 (compatible; MJ12bot/v1.4.8; http://mj12bot.com/)"
217.182.175.222 - - [13/Nov/2023:07:18:23 +0100] "GET /pocket-ashtray-tontons-fumeurs-p-50899.html HTTP/1.0" 200 77411 "-" "Mozilla/5.0 (compatible; MJ12bot/v1.4.8; http://mj12bot.com/)"
91.137.17.143 - - [13/Nov/2023:07:18:27 +0100] "GET /cats-dubout-large-bowl-p-40054.html HTTP/1.0" 200 79645 "-" "Mozilla/5.0 (compatible; MJ12bot/v1.4.8; http://mj12bot.com/)"
91.137.17.143 - - [13/Nov/2023:07:18:33 +0100] "GET /cats-dubout-paper-towel-dispenser-p-40039.html HTTP/1.0" 200 77417 "-" "Mozilla/5.0 (compatible; MJ12bot/v1.4.8; http://mj12bot.com/)"
91.137.17.143 - - [13/Nov/2023:07:18:38 +0100] "GET /cement-tile-coasters-p-53117.html HTTP/1.0" 200 79650 "-" "Mozilla/5.0 (compatible; MJ12bot/v1.4.8; http://mj12bot.com/)"
217.182.175.222 - - [13/Nov/2023:07:18:41 +0100] "GET /pocket-ashtray-tontons-fumeurs-p-50899.html HTTP/1.0" 200 77411 "-" "Mozilla/5.0 (compatible; MJ12bot/v1.4.8; http://mj12bot.com/)"
47.128.18.7 - - [13/Nov/2023:07:18:41 +0100] "GET /luggages-schoolbags-leather-shop/bagshandbags-shoulder-bags/plush-bag-nici-giraffe-p-20805.html HTTP/1.0" 301 77356 "-" "Mozilla/5.0 (Linux; Android 5.0) AppleWebKit/537.36 (KHTML, like Gecko) Mobile Safari/537.36 (compatible; Bytespider; spider-feedback@bytedance.com)"
47.128.18.7 - - [13/Nov/2023:07:18:43 +0100] "GET /-p-20805.html HTTP/1.0" 200 77289 "-" "Mozilla/5.0 (Linux; Android 5.0) AppleWebKit/537.36 (KHTML, like Gecko) Mobile Safari/537.36 (compatible; Bytespider; spider-feedback@bytedance.com)"
47.128.18.7 - - [13/Nov/2023:07:18:45 +0100] "GET /js/jquery.jqzoom.js HTTP/1.0" 200 259 "http://www.wonder-geek.com/-p-20805.html" "Mozilla/5.0 (Linux; Android 5.0) AppleWebKit/537.36 (KHTML, like Gecko) Mobile Safari/537.36 (compatible; Bytespider; spider-feedback@bytedance.com)"
47.128.18.7 - - [13/Nov/2023:07:18:45 +0100] "GET /swfobject.js HTTP/1.0" 404 1308 "http://www.wonder-geek.com/-p-20805.html" "Mozilla/5.0 (Linux; Android 5.0) AppleWebKit/537.36 (KHTML, like Gecko) Mobile Safari/537.36 (compatible; Bytespider; spider-feedback@bytedance.com)"
47.128.18.7 - - [13/Nov/2023:07:18:45 +0100] "GET /swfobject.js HTTP/1.0" 404 1308 "http://www.wonder-geek.com/-p-20805.html" "Mozilla/5.0 (Linux; Android 5.0) AppleWebKit/537.36 (KHTML, like Gecko) Mobile Safari/537.36 (compatible; Bytespider; spider-feedback@bytedance.com)"
47.128.18.7 - - [13/Nov/2023:07:18:47 +0100] "GET /highslide/graphics/outlines/drop-shadow.png HTTP/1.0" 200 277 "http://www.wonder-geek.com/-p-20805.html" "Mozilla/5.0 (Linux; Android 5.0) AppleWebKit/537.36 (KHTML, like Gecko) Mobile Safari/537.36 (compatible; Bytespider; spider-feedback@bytedance.com)"
47.128.18.7 - - [13/Nov/2023:07:18:47 +0100] "GET /highslide/graphics/zoomout.cur HTTP/1.0" 200 614 "http://www.wonder-geek.com/-p-20805.html" "Mozilla/5.0 (Linux; Android 5.0) AppleWebKit/537.36 (KHTML, like Gecko) Mobile Safari/537.36 (compatible; Bytespider; spider-feedback@bytedance.com)"
91.137.17.143 - - [13/Nov/2023:07:18:46 +0100] "GET /circle-coasters-cupcakes-cbkreation-p-17349.html HTTP/1.0" 200 79883 "-" "Mozilla/5.0 (compatible; MJ12bot/v1.4.8; http://mj12bot.com/)"
47.128.53.7 - - [13/Nov/2023:07:19:00 +0100] "GET /floor-cushion-grey-45-cm-nelia-p-43361.html HTTP/1.0" 301 77356 "-" "Mozilla/5.0 (Linux; Android 5.0) AppleWebKit/537.36 (KHTML, like Gecko) Mobile Safari/537.36 (compatible; Bytespider; spider-feedback@bytedance.com)"
47.128.53.7 - - [13/Nov/2023:07:19:01 +0100] "GET /-p-43361.html HTTP/1.0" 200 77289 "-" "Mozilla/5.0 (Linux; Android 5.0) AppleWebKit/537.36 (KHTML, like Gecko) Mobile Safari/537.36 (compatible; Bytespider; spider-feedback@bytedance.com)"
47.76.57.30 - - [13/Nov/2023:07:19:16 +0100] "GET /images/mini_prod/8422142192450.jpg HTTP/1.0" 200 269 "-" "Mozilla/5.0 (X11; Ubuntu; Linux x86_64; rv:72.0) Gecko/20100101 Firefox/72.0"
91.137.17.143 - - [13/Nov/2023:07:19:20 +0100] "GET /circle-coasters-cupcakes-cbkreation-p-17369.html HTTP/1.0" 200 79873 "-" "Mozilla/5.0 (compatible; MJ12bot/v1.4.8; http://mj12bot.com/)"
185.191.171.10 - - [13/Nov/2023:07:19:23 +0100] "GET /robots.txt HTTP/1.0" 200 245 "-" "Mozilla/5.0 (compatible; SemrushBot/7~bl; +http://www.semrush.com/bot.html)"
185.191.171.11 - - [13/Nov/2023:07:19:23 +0100] "GET /paper-fiber-chandelier-p-57544.html HTTP/1.0" 200 77367 "-" "Mozilla/5.0 (compatible; SemrushBot/7~bl; +http://www.semrush.com/bot.html)"
47.128.17.71 - - [13/Nov/2023:07:19:25 +0100] "GET /lot-of-pairs-of-socks-simpsons-size-39-42-p-48348.html HTTP/1.0" 301 77356 "-" "Mozilla/5.0 (Linux; Android 5.0) AppleWebKit/537.36 (KHTML, like Gecko) Mobile Safari/537.36 (compatible; Bytespider; spider-feedback@bytedance.com)"
85.208.96.196 - - [13/Nov/2023:07:19:26 +0100] "GET /ceramic-timbale-p-48627.html HTTP/1.0" 200 77347 "-" "Mozilla/5.0 (compatible; SemrushBot/7~bl; +http://www.semrush.com/bot.html)"
47.128.17.71 - - [13/Nov/2023:07:19:27 +0100] "GET /-p-48348.html HTTP/1.0" 200 77289 "-" "Mozilla/5.0 (Linux; Android 5.0) AppleWebKit/537.36 (KHTML, like Gecko) Mobile Safari/537.36 (compatible; Bytespider; spider-feedback@bytedance.com)"
47.128.17.71 - - [13/Nov/2023:07:19:29 +0100] "GET /swfobject.js HTTP/1.0" 404 1308 "http://www.wonder-geek.com/-p-48348.html" "Mozilla/5.0 (Linux; Android 5.0) AppleWebKit/537.36 (KHTML, like Gecko) Mobile Safari/537.36 (compatible; Bytespider; spider-feedback@bytedance.com)"
47.128.17.71 - - [13/Nov/2023:07:19:29 +0100] "GET /swfobject.js HTTP/1.0" 404 1308 "http://www.wonder-geek.com/-p-48348.html" "Mozilla/5.0 (Linux; Android 5.0) AppleWebKit/537.36 (KHTML, like Gecko) Mobile Safari/537.36 (compatible; Bytespider; spider-feedback@bytedance.com)"
54.36.148.77 - - [13/Nov/2023:07:19:27 +0100] "GET /bodega-toothpick-display-p-53465.html HTTP/1.0" 200 79654 "-" "Mozilla/5.0 (compatible; AhrefsBot/7.0; +http://ahrefs.com/robot/)"
47.128.17.71 - - [13/Nov/2023:07:19:33 +0100] "GET /highslide/graphics/outlines/drop-shadow.png HTTP/1.0" 200 277 "http://www.wonder-geek.com/-p-48348.html" "Mozilla/5.0 (Linux; Android 5.0) AppleWebKit/537.36 (KHTML, like Gecko) Mobile Safari/537.36 (compatible; Bytespider; spider-feedback@bytedance.com)"
47.128.17.71 - - [13/Nov/2023:07:19:33 +0100] "GET /highslide/graphics/zoomout.cur HTTP/1.0" 200 614 "http://www.wonder-geek.com/-p-48348.html" "Mozilla/5.0 (Linux; Android 5.0) AppleWebKit/537.36 (KHTML, like Gecko) Mobile Safari/537.36 (compatible; Bytespider; spider-feedback@bytedance.com)"
91.137.17.143 - - [13/Nov/2023:07:19:32 +0100] "GET /circle-coasters-cupcakes-cbkreation-p-18426.html HTTP/1.0" 200 79883 "-" "Mozilla/5.0 (compatible; MJ12bot/v1.4.8; http://mj12bot.com/)"
91.137.17.143 - - [13/Nov/2023:07:19:38 +0100] "GET /circle-coasters-liberty-russian-doll-cbkreation-p-18492.html HTTP/1.0" 200 79956 "-" "Mozilla/5.0 (compatible; MJ12bot/v1.4.8; http://mj12bot.com/)"
47.128.59.141 - - [13/Nov/2023:07:19:39 +0100] "GET /marseille-little-tray-20-14-cm-p-47718.html HTTP/1.0" 301 77453 "-" "Mozilla/5.0 (Linux; Android 5.0) AppleWebKit/537.36 (KHTML, like Gecko) Mobile Safari/537.36 (compatible; Bytespider; spider-feedback@bytedance.com)"
47.128.59.141 - - [13/Nov/2023:07:19:41 +0100] "GET /marseille-little-tray-p-47718.html HTTP/1.0" 200 77365 "-" "Mozilla/5.0 (Linux; Android 5.0) AppleWebKit/537.36 (KHTML, like Gecko) Mobile Safari/537.36 (compatible; Bytespider; spider-feedback@bytedance.com)"
85.208.96.205 - - [13/Nov/2023:07:19:41 +0100] "GET /piled-high-with-holiday-cheer-mickey-friends-figurine-p-53259.html HTTP/1.0" 200 81735 "-" "Mozilla/5.0 (compatible; SemrushBot/7~bl; +http://www.semrush.com/bot.html)"
47.128.59.141 - - [13/Nov/2023:07:19:43 +0100] "GET /swfobject.js HTTP/1.0" 404 1308 "http://www.wonder-geek.com/marseille-little-tray-p-47718.html" "Mozilla/5.0 (Linux; Android 5.0) AppleWebKit/537.36 (KHTML, like Gecko) Mobile Safari/537.36 (compatible; Bytespider; spider-feedback@bytedance.com)"
91.137.17.143 - - [13/Nov/2023:07:19:43 +0100] "GET /circle-coasters-peas-russian-doll-cbkreation-p-18547.html HTTP/1.0" 200 79936 "-" "Mozilla/5.0 (compatible; MJ12bot/v1.4.8; http://mj12bot.com/)"
47.128.59.141 - - [13/Nov/2023:07:19:47 +0100] "GET /highslide/graphics/outlines/drop-shadow.png HTTP/1.0" 200 277 "http://www.wonder-geek.com/marseille-little-tray-p-47718.html" "Mozilla/5.0 (Linux; Android 5.0) AppleWebKit/537.36 (KHTML, like Gecko) Mobile Safari/537.36 (compatible; Bytespider; spider-feedback@bytedance.com)"
47.128.59.141 - - [13/Nov/2023:07:19:47 +0100] "GET /highslide/graphics/zoomout.cur HTTP/1.0" 200 614 "http://www.wonder-geek.com/marseille-little-tray-p-47718.html" "Mozilla/5.0 (Linux; Android 5.0) AppleWebKit/537.36 (KHTML, like Gecko) Mobile Safari/537.36 (compatible; Bytespider; spider-feedback@bytedance.com)"
91.137.17.143 - - [13/Nov/2023:07:19:48 +0100] "GET /circle-coasters-russian-dolls-cbkreation-p-18748.html HTTP/1.0" 200 79908 "-" "Mozilla/5.0 (compatible; MJ12bot/v1.4.8; http://mj12bot.com/)"
47.128.53.7 - - [13/Nov/2023:07:19:52 +0100] "GET /floor-cushion-grey-45-cm-nelia-p-43361.html HTTP/1.0" 301 77356 "-" "Mozilla/5.0 (Linux; Android 5.0) AppleWebKit/537.36 (KHTML, like Gecko) Mobile Safari/537.36 (compatible; Bytespider; spider-feedback@bytedance.com)"
47.128.53.7 - - [13/Nov/2023:07:19:54 +0100] "GET /-p-43361.html HTTP/1.0" 200 77289 "-" "Mozilla/5.0 (Linux; Android 5.0) AppleWebKit/537.36 (KHTML, like Gecko) Mobile Safari/537.36 (compatible; Bytespider; spider-feedback@bytedance.com)"
91.137.17.143 - - [13/Nov/2023:07:19:56 +0100] "GET /circle-coasters-starry-russian-doll-cbkreation-p-18471.html HTTP/1.0" 200 79950 "-" "Mozilla/5.0 (compatible; MJ12bot/v1.4.8; http://mj12bot.com/)"
185.191.171.18 - - [13/Nov/2023:07:19:58 +0100] "GET /school-american-retro-p-35729.html HTTP/1.0" 200 77391 "-" "Mozilla/5.0 (compatible; SemrushBot/7~bl; +http://www.semrush.com/bot.html)"
91.137.17.143 - - [13/Nov/2023:07:20:02 +0100] "GET /color-polyester-round-chair-cushion-p-43896.html HTTP/1.0" 200 80408 "-" "Mozilla/5.0 (compatible; MJ12bot/v1.4.8; http://mj12bot.com/)"
47.128.59.122 - - [13/Nov/2023:07:20:05 +0100] "GET /carpet-chenill-woven-print-70-120-cm-p-47487.html HTTP/1.0" 301 77488 "-" "Mozilla/5.0 (Linux; Android 5.0) AppleWebKit/537.36 (KHTML, like Gecko) Mobile Safari/537.36 (compatible; Bytespider; spider-feedback@bytedance.com)"
47.128.59.122 - - [13/Nov/2023:07:20:07 +0100] "GET /carpet-chenill-woven-print-p-47487.html HTTP/1.0" 200 77395 "-" "Mozilla/5.0 (Linux; Android 5.0) AppleWebKit/537.36 (KHTML, like Gecko) Mobile Safari/537.36 (compatible; Bytespider; spider-feedback@bytedance.com)"
47.128.59.122 - - [13/Nov/2023:07:20:10 +0100] "GET /swfobject.js HTTP/1.0" 404 1308 "http://www.wonder-geek.com/carpet-chenill-woven-print-p-47487.html" "Mozilla/5.0 (Linux; Android 5.0) AppleWebKit/537.36 (KHTML, like Gecko) Mobile Safari/537.36 (compatible; Bytespider; spider-feedback@bytedance.com)"
91.137.17.143 - - [13/Nov/2023:07:20:09 +0100] "GET /copper-ceramic-cover-p-58063.html HTTP/1.0" 200 80373 "-" "Mozilla/5.0 (compatible; MJ12bot/v1.4.8; http://mj12bot.com/)"
47.128.59.122 - - [13/Nov/2023:07:20:11 +0100] "GET /highslide/graphics/outlines/drop-shadow.png HTTP/1.0" 200 277 "http://www.wonder-geek.com/carpet-chenill-woven-print-p-47487.html" "Mozilla/5.0 (Linux; Android 5.0) AppleWebKit/537.36 (KHTML, like Gecko) Mobile Safari/537.36 (compatible; Bytespider; spider-feedback@bytedance.com)"
47.128.59.122 - - [13/Nov/2023:07:20:11 +0100] "GET /highslide/graphics/zoomout.cur HTTP/1.0" 200 614 "http://www.wonder-geek.com/carpet-chenill-woven-print-p-47487.html" "Mozilla/5.0 (Linux; Android 5.0) AppleWebKit/537.36 (KHTML, like Gecko) Mobile Safari/537.36 (compatible; Bytespider; spider-feedback@bytedance.com)"
185.191.171.3 - - [13/Nov/2023:07:20:10 +0100] "GET /volkswagen-small-metal-plate-p-29714.html HTTP/1.0" 200 77391 "-" "Mozilla/5.0 (compatible; SemrushBot/7~bl; +http://www.semrush.com/bot.html)"
91.137.17.143 - - [13/Nov/2023:07:20:18 +0100] "GET /cotton-kitchen-towel-owlet-allen-designs-p-56806.html HTTP/1.0" 200 80541 "-" "Mozilla/5.0 (compatible; MJ12bot/v1.4.8; http://mj12bot.com/)"
91.137.17.143 - - [13/Nov/2023:07:20:23 +0100] "GET /dalton-figure-p-4590.html HTTP/1.0" 200 77355 "-" "Mozilla/5.0 (compatible; MJ12bot/v1.4.8; http://mj12bot.com/)"
91.137.17.143 - - [13/Nov/2023:07:20:28 +0100] "GET /deer-wall-stickers-p-51127.html HTTP/1.0" 200 80498 "-" "Mozilla/5.0 (compatible; MJ12bot/v1.4.8; http://mj12bot.com/)"
91.137.17.143 - - [13/Nov/2023:07:20:33 +0100] "GET /dinosaur-nightlight-p-53121.html HTTP/1.0" 200 80827 "-" "Mozilla/5.0 (compatible; MJ12bot/v1.4.8; http://mj12bot.com/)"
91.137.17.143 - - [13/Nov/2023:07:20:38 +0100] "GET /ethnic-wooden-shelf-cabinet-white-patina-p-45817.html HTTP/1.0" 200 79844 "-" "Mozilla/5.0 (compatible; MJ12bot/v1.4.8; http://mj12bot.com/)"
91.137.17.143 - - [13/Nov/2023:07:20:42 +0100] "GET /expresso-provence-p-21395.html HTTP/1.0" 200 77355 "-" "Mozilla/5.0 (compatible; MJ12bot/v1.4.8; http://mj12bot.com/)"
91.137.17.143 - - [13/Nov/2023:07:20:47 +0100] "GET /expresso-set-provence-p-21395.html HTTP/1.0" 301 77439 "-" "Mozilla/5.0 (compatible; MJ12bot/v1.4.8; http://mj12bot.com/)"
91.137.17.143 - - [13/Nov/2023:07:20:51 +0100] "GET /expresso-provence-p-21395.html HTTP/1.0" 200 77355 "-" "Mozilla/5.0 (compatible; MJ12bot/v1.4.8; http://mj12bot.com/)"
91.137.17.143 - - [13/Nov/2023:07:20:55 +0100] "GET /f430-fiorano-race-and-play-124-red-p-37807.html HTTP/1.0" 301 77521 "-" "Mozilla/5.0 (compatible; MJ12bot/v1.4.8; http://mj12bot.com/)"
91.137.17.143 - - [13/Nov/2023:07:21:00 +0100] "GET /f430-fiorano-race-play-p-37807.html HTTP/1.0" 200 77432 "-" "Mozilla/5.0 (compatible; MJ12bot/v1.4.8; http://mj12bot.com/)"
47.128.27.159 - - [13/Nov/2023:07:21:01 +0100] "GET /home-and-decoration/magnets/volkswagen-box-minimagnets-enamelled-p-26407.html HTTP/1.0" 301 77356 "-" "Mozilla/5.0 (Linux; Android 5.0) AppleWebKit/537.36 (KHTML, like Gecko) Mobile Safari/537.36 (compatible; Bytespider; spider-feedback@bytedance.com)"
54.36.148.101 - - [13/Nov/2023:07:21:02 +0100] "GET /brown-metal-buddha-mobile-p-56750.html HTTP/1.0" 200 80285 "-" "Mozilla/5.0 (compatible; AhrefsBot/7.0; +http://ahrefs.com/robot/)"
47.128.27.159 - - [13/Nov/2023:07:21:02 +0100] "GET /-p-26407.html HTTP/1.0" 200 77289 "-" "Mozilla/5.0 (Linux; Android 5.0) AppleWebKit/537.36 (KHTML, like Gecko) Mobile Safari/537.36 (compatible; Bytespider; spider-feedback@bytedance.com)"
47.128.27.159 - - [13/Nov/2023:07:21:05 +0100] "GET /swfobject.js HTTP/1.0" 404 1308 "http://www.wonder-geek.com/-p-26407.html" "Mozilla/5.0 (Linux; Android 5.0) AppleWebKit/537.36 (KHTML, like Gecko) Mobile Safari/537.36 (compatible; Bytespider; spider-feedback@bytedance.com)"
85.208.96.199 - - [13/Nov/2023:07:21:03 +0100] "GET /african-wood-statue-p-44724.html HTTP/1.0" 200 77405 "-" "Mozilla/5.0 (compatible; SemrushBot/7~bl; +http://www.semrush.com/bot.html)"
157.55.39.55 - - [13/Nov/2023:07:21:05 +0100] "GET /decorative-hourglass-purple-sand-p-59669.html HTTP/1.0" 200 81015 "-" "Mozilla/5.0 AppleWebKit/537.36 (KHTML, like Gecko; compatible; bingbot/2.0; +http://www.bing.com/bingbot.htm) Chrome/103.0.5060.134 Safari/537.36"
91.137.17.143 - - [13/Nov/2023:07:21:06 +0100] "GET /f430-fiorano-race-play-p-37807.html HTTP/1.0" 200 77432 "-" "Mozilla/5.0 (compatible; MJ12bot/v1.4.8; http://mj12bot.com/)"
47.128.27.159 - - [13/Nov/2023:07:21:08 +0100] "GET /highslide/graphics/outlines/drop-shadow.png HTTP/1.0" 200 277 "http://www.wonder-geek.com/-p-26407.html" "Mozilla/5.0 (Linux; Android 5.0) AppleWebKit/537.36 (KHTML, like Gecko) Mobile Safari/537.36 (compatible; Bytespider; spider-feedback@bytedance.com)"
47.128.27.159 - - [13/Nov/2023:07:21:08 +0100] "GET /highslide/graphics/zoomout.cur HTTP/1.0" 200 614 "http://www.wonder-geek.com/-p-26407.html" "Mozilla/5.0 (Linux; Android 5.0) AppleWebKit/537.36 (KHTML, like Gecko) Mobile Safari/537.36 (compatible; Bytespider; spider-feedback@bytedance.com)"
91.137.17.143 - - [13/Nov/2023:07:21:10 +0100] "GET /fairies-disney-backpack-p-31285.html HTTP/1.0" 301 77356 "-" "Mozilla/5.0 (compatible; MJ12bot/v1.4.8; http://mj12bot.com/)"
91.137.17.143 - - [13/Nov/2023:07:21:14 +0100] "GET /-p-31285.html HTTP/1.0" 200 77289 "-" "Mozilla/5.0 (compatible; MJ12bot/v1.4.8; http://mj12bot.com/)"
85.208.96.206 - - [13/Nov/2023:07:21:15 +0100] "GET /decorative-candles-c-231_227_352.html?page=2 HTTP/1.0" 200 98778 "-" "Mozilla/5.0 (compatible; SemrushBot/7~bl; +http://www.semrush.com/bot.html)"
91.137.17.143 - - [13/Nov/2023:07:21:23 +0100] "GET /fatma-hand-coasters-p-53025.html HTTP/1.0" 301 77356 "-" "Mozilla/5.0 (compatible; MJ12bot/v1.4.8; http://mj12bot.com/)"
85.208.96.201 - - [13/Nov/2023:07:21:27 +0100] "GET /buddha-perfume-diffuser-p-52260.html HTTP/1.0" 200 80371 "-" "Mozilla/5.0 (compatible; SemrushBot/7~bl; +http://www.semrush.com/bot.html)"
91.137.17.143 - - [13/Nov/2023:07:21:27 +0100] "GET /-p-53025.html HTTP/1.0" 200 77289 "-" "Mozilla/5.0 (compatible; MJ12bot/v1.4.8; http://mj12bot.com/)"
47.128.26.86 - - [13/Nov/2023:07:21:29 +0100] "GET /top-model-pink-shirt-p-31047.html HTTP/1.0" 301 77356 "-" "Mozilla/5.0 (Linux; Android 5.0) AppleWebKit/537.36 (KHTML, like Gecko) Mobile Safari/537.36 (compatible; Bytespider; spider-feedback@bytedance.com)"
47.128.26.86 - - [13/Nov/2023:07:21:31 +0100] "GET /-p-31047.html HTTP/1.0" 200 77289 "-" "Mozilla/5.0 (Linux; Android 5.0) AppleWebKit/537.36 (KHTML, like Gecko) Mobile Safari/537.36 (compatible; Bytespider; spider-feedback@bytedance.com)"
47.128.26.86 - - [13/Nov/2023:07:21:33 +0100] "GET /swfobject.js HTTP/1.0" 404 1308 "http://www.wonder-geek.com/-p-31047.html" "Mozilla/5.0 (Linux; Android 5.0) AppleWebKit/537.36 (KHTML, like Gecko) Mobile Safari/537.36 (compatible; Bytespider; spider-feedback@bytedance.com)"
91.137.17.143 - - [13/Nov/2023:07:21:33 +0100] "GET /ferrari-f50-race-and-play-124-red-p-37809.html HTTP/1.0" 301 77356 "-" "Mozilla/5.0 (compatible; MJ12bot/v1.4.8; http://mj12bot.com/)"
47.128.26.86 - - [13/Nov/2023:07:21:34 +0100] "GET /highslide/graphics/zoomout.cur HTTP/1.0" 200 614 "http://www.wonder-geek.com/-p-31047.html" "Mozilla/5.0 (Linux; Android 5.0) AppleWebKit/537.36 (KHTML, like Gecko) Mobile Safari/537.36 (compatible; Bytespider; spider-feedback@bytedance.com)"
47.128.26.86 - - [13/Nov/2023:07:21:35 +0100] "GET /highslide/graphics/outlines/drop-shadow.png HTTP/1.0" 200 277 "http://www.wonder-geek.com/-p-31047.html" "Mozilla/5.0 (Linux; Android 5.0) AppleWebKit/537.36 (KHTML, like Gecko) Mobile Safari/537.36 (compatible; Bytespider; spider-feedback@bytedance.com)"
91.137.17.143 - - [13/Nov/2023:07:21:39 +0100] "GET /-p-37809.html HTTP/1.0" 200 77289 "-" "Mozilla/5.0 (compatible; MJ12bot/v1.4.8; http://mj12bot.com/)"
85.208.96.212 - - [13/Nov/2023:07:21:40 +0100] "GET /bamboo-fiber-plant-cover-p-57459.html HTTP/1.0" 200 80442 "-" "Mozilla/5.0 (compatible; SemrushBot/7~bl; +http://www.semrush.com/bot.html)"
85.208.96.211 - - [13/Nov/2023:07:21:44 +0100] "GET /-p-55545.html HTTP/1.0" 200 77289 "-" "Mozilla/5.0 (compatible; SemrushBot/7~bl; +http://www.semrush.com/bot.html)"
91.137.17.143 - - [13/Nov/2023:07:21:45 +0100] "GET /fff-blue-bowl-p-38005.html HTTP/1.0" 301 77356 "-" "Mozilla/5.0 (compatible; MJ12bot/v1.4.8; http://mj12bot.com/)"
91.137.17.143 - - [13/Nov/2023:07:21:49 +0100] "GET /-p-38005.html HTTP/1.0" 200 77289 "-" "Mozilla/5.0 (compatible; MJ12bot/v1.4.8; http://mj12bot.com/)"
91.137.17.143 - - [13/Nov/2023:07:21:54 +0100] "GET /figc-beige-shopping-bag-p-48843.html HTTP/1.0" 301 79974 "-" "Mozilla/5.0 (compatible; MJ12bot/v1.4.8; http://mj12bot.com/)"
47.128.38.243 - - [13/Nov/2023:07:21:57 +0100] "GET /fox-money-box-16-cm-p-47941.html HTTP/1.0" 301 77356 "-" "Mozilla/5.0 (Linux; Android 5.0) AppleWebKit/537.36 (KHTML, like Gecko) Mobile Safari/537.36 (compatible; Bytespider; spider-feedback@bytedance.com)"
91.137.17.143 - - [13/Nov/2023:07:21:58 +0100] "GET /figc-beige-shopping-p-48843.html HTTP/1.0" 200 79888 "-" "Mozilla/5.0 (compatible; MJ12bot/v1.4.8; http://mj12bot.com/)"
47.128.38.243 - - [13/Nov/2023:07:21:59 +0100] "GET /-p-47941.html HTTP/1.0" 200 77289 "-" "Mozilla/5.0 (Linux; Android 5.0) AppleWebKit/537.36 (KHTML, like Gecko) Mobile Safari/537.36 (compatible; Bytespider; spider-feedback@bytedance.com)"
47.128.38.243 - - [13/Nov/2023:07:22:01 +0100] "GET /swfobject.js HTTP/1.0" 404 1308 "http://www.wonder-geek.com/-p-47941.html" "Mozilla/5.0 (Linux; Android 5.0) AppleWebKit/537.36 (KHTML, like Gecko) Mobile Safari/537.36 (compatible; Bytespider; spider-feedback@bytedance.com)"
47.128.38.243 - - [13/Nov/2023:07:22:04 +0100] "GET /highslide/graphics/zoomout.cur HTTP/1.0" 200 614 "http://www.wonder-geek.com/-p-47941.html" "Mozilla/5.0 (Linux; Android 5.0) AppleWebKit/537.36 (KHTML, like Gecko) Mobile Safari/537.36 (compatible; Bytespider; spider-feedback@bytedance.com)"
47.128.38.243 - - [13/Nov/2023:07:22:04 +0100] "GET /highslide/graphics/outlines/drop-shadow.png HTTP/1.0" 200 277 "http://www.wonder-geek.com/-p-47941.html" "Mozilla/5.0 (Linux; Android 5.0) AppleWebKit/537.36 (KHTML, like Gecko) Mobile Safari/537.36 (compatible; Bytespider; spider-feedback@bytedance.com)"
91.137.17.143 - - [13/Nov/2023:07:22:04 +0100] "GET /figc-beige-shopping-p-48843.html HTTP/1.0" 200 79888 "-" "Mozilla/5.0 (compatible; MJ12bot/v1.4.8; http://mj12bot.com/)"
91.137.17.143 - - [13/Nov/2023:07:22:09 +0100] "GET /figurine-modigliani-nude-female-sitting-95-cm-p-48785.html HTTP/1.0" 301 80728 "-" "Mozilla/5.0 (compatible; MJ12bot/v1.4.8; http://mj12bot.com/)"
91.137.17.143 - - [13/Nov/2023:07:22:14 +0100] "GET /figurine-modigliani-nude-female-sitting-p-48785.html HTTP/1.0" 200 80622 "-" "Mozilla/5.0 (compatible; MJ12bot/v1.4.8; http://mj12bot.com/)"
91.137.17.143 - - [13/Nov/2023:07:22:19 +0100] "GET /figurine-modigliani-nude-female-sitting-p-48785.html HTTP/1.0" 200 80622 "-" "Mozilla/5.0 (compatible; MJ12bot/v1.4.8; http://mj12bot.com/)"
91.137.17.143 - - [13/Nov/2023:07:22:25 +0100] "GET /figurine-power-rangers-dino-charge-ranger-green-30-cm-p-35289.html HTTP/1.0" 301 77356 "-" "Mozilla/5.0 (compatible; MJ12bot/v1.4.8; http://mj12bot.com/)"
47.128.46.224 - - [13/Nov/2023:07:22:27 +0100] "GET /lu-trivet-p-27387.html HTTP/1.0" 301 79565 "-" "Mozilla/5.0 (Linux; Android 5.0) AppleWebKit/537.36 (KHTML, like Gecko) Mobile Safari/537.36 (compatible; Bytespider; spider-feedback@bytedance.com)"
91.137.17.143 - - [13/Nov/2023:07:22:29 +0100] "GET /-p-35289.html HTTP/1.0" 200 77289 "-" "Mozilla/5.0 (compatible; MJ12bot/v1.4.8; http://mj12bot.com/)"
47.128.46.224 - - [13/Nov/2023:07:22:29 +0100] "GET /trivet-p-27387.html HTTP/1.0" 200 79492 "-" "Mozilla/5.0 (Linux; Android 5.0) AppleWebKit/537.36 (KHTML, like Gecko) Mobile Safari/537.36 (compatible; Bytespider; spider-feedback@bytedance.com)"
47.128.46.224 - - [13/Nov/2023:07:22:31 +0100] "GET /swfobject.js HTTP/1.0" 404 1308 "http://www.wonder-geek.com/trivet-p-27387.html" "Mozilla/5.0 (Linux; Android 5.0) AppleWebKit/537.36 (KHTML, like Gecko) Mobile Safari/537.36 (compatible; Bytespider; spider-feedback@bytedance.com)"
91.137.17.143 - - [13/Nov/2023:07:22:34 +0100] "GET /filling-station-wodden-frame-148-cm-342-cm-p-39970.html HTTP/1.0" 301 77524 "-" "Mozilla/5.0 (compatible; MJ12bot/v1.4.8; http://mj12bot.com/)"
47.128.46.224 - - [13/Nov/2023:07:22:36 +0100] "GET /highslide/graphics/zoomin.cur HTTP/1.0" 200 614 "http://www.wonder-geek.com/templates/Pixame_v1/stylesheet.css" "Mozilla/5.0 (Linux; Android 5.0) AppleWebKit/537.36 (KHTML, like Gecko) Mobile Safari/537.36 (compatible; Bytespider; spider-feedback@bytedance.com)"
47.128.46.224 - - [13/Nov/2023:07:22:36 +0100] "GET /highslide/graphics/outlines/drop-shadow.png HTTP/1.0" 200 277 "http://www.wonder-geek.com/trivet-p-27387.html" "Mozilla/5.0 (Linux; Android 5.0) AppleWebKit/537.36 (KHTML, like Gecko) Mobile Safari/537.36 (compatible; Bytespider; spider-feedback@bytedance.com)"
47.128.46.224 - - [13/Nov/2023:07:22:36 +0100] "GET /highslide/graphics/zoomout.cur HTTP/1.0" 200 614 "http://www.wonder-geek.com/trivet-p-27387.html" "Mozilla/5.0 (Linux; Android 5.0) AppleWebKit/537.36 (KHTML, like Gecko) Mobile Safari/537.36 (compatible; Bytespider; spider-feedback@bytedance.com)"
47.128.46.224 - - [13/Nov/2023:07:22:38 +0100] "GET /images/3565750199666.jpg HTTP/1.0" 200 259 "http://www.wonder-geek.com/trivet-p-27387.html" "Mozilla/5.0 (Linux; Android 5.0) AppleWebKit/537.36 (KHTML, like Gecko) Mobile Safari/537.36 (compatible; Bytespider; spider-feedback@bytedance.com)"
91.137.17.143 - - [13/Nov/2023:07:22:38 +0100] "GET /filling-station-wodden-frame-p-39970.html HTTP/1.0" 200 77429 "-" "Mozilla/5.0 (compatible; MJ12bot/v1.4.8; http://mj12bot.com/)"
91.137.17.143 - - [13/Nov/2023:07:22:43 +0100] "GET /filling-station-wodden-frame-p-39970.html HTTP/1.0" 200 77429 "-" "Mozilla/5.0 (compatible; MJ12bot/v1.4.8; http://mj12bot.com/)"
54.36.148.202 - - [13/Nov/2023:07:22:46 +0100] "GET /small-baby-teeth-p-60173.html HTTP/1.0" 200 79782 "-" "Mozilla/5.0 (compatible; AhrefsBot/7.0; +http://ahrefs.com/robot/)"
91.137.17.143 - - [13/Nov/2023:07:22:47 +0100] "GET /fina-metal-can-money-box-p-52953.html HTTP/1.0" 301 77356 "-" "Mozilla/5.0 (compatible; MJ12bot/v1.4.8; http://mj12bot.com/)"
91.137.17.143 - - [13/Nov/2023:07:22:52 +0100] "GET /-p-52953.html HTTP/1.0" 200 77289 "-" "Mozilla/5.0 (compatible; MJ12bot/v1.4.8; http://mj12bot.com/)"
91.137.17.143 - - [13/Nov/2023:07:22:55 +0100] "GET /fina-metal-money-p-52953.html HTTP/1.0" 301 77356 "-" "Mozilla/5.0 (compatible; MJ12bot/v1.4.8; http://mj12bot.com/)"
91.137.17.143 - - [13/Nov/2023:07:23:01 +0100] "GET /-p-52953.html HTTP/1.0" 200 77289 "-" "Mozilla/5.0 (compatible; MJ12bot/v1.4.8; http://mj12bot.com/)"
