3.224.220.101 - - [13/Nov/2023:09:26:52 +0100] "GET /models-replicas-c-4_140.html HTTP/1.0" 200 86766 "-" "Mozilla/5.0 (Macintosh; Intel Mac OS X 10_10_1) AppleWebKit/600.2.5 (KHTML, like Gecko) Version/8.0.2 Safari/600.2.5 (Amazonbot/0.1; +https://developer.amazon.com/support/amazonbot)"
65.108.0.71 - - [13/Nov/2023:09:26:54 +0100] "GET /-p-37348.html HTTP/1.0" 200 77383 "-" "Mozilla/5.0 (compatible; MJ12bot/v1.4.8; http://mj12bot.com/)"
52.70.240.171 - - [13/Nov/2023:09:26:54 +0100] "GET /barbecue-aperitif-c-12_254.html HTTP/1.0" 200 96711 "-" "Mozilla/5.0 (Macintosh; Intel Mac OS X 10_10_1) AppleWebKit/600.2.5 (KHTML, like Gecko) Version/8.0.2 Safari/600.2.5 (Amazonbot/0.1; +https://developer.amazon.com/support/amazonbot)"
65.108.0.71 - - [13/Nov/2023:09:26:56 +0100] "GET /-p-37354.html HTTP/1.0" 200 77383 "-" "Mozilla/5.0 (compatible; MJ12bot/v1.4.8; http://mj12bot.com/)"
65.108.0.71 - - [13/Nov/2023:09:26:59 +0100] "GET /-p-37367.html HTTP/1.0" 200 77383 "-" "Mozilla/5.0 (compatible; MJ12bot/v1.4.8; http://mj12bot.com/)"
65.108.0.71 - - [13/Nov/2023:09:27:02 +0100] "GET /-p-37404.html HTTP/1.0" 200 77383 "-" "Mozilla/5.0 (compatible; MJ12bot/v1.4.8; http://mj12bot.com/)"
65.108.0.71 - - [13/Nov/2023:09:27:05 +0100] "GET /-p-37484.html HTTP/1.0" 200 77383 "-" "Mozilla/5.0 (compatible; MJ12bot/v1.4.8; http://mj12bot.com/)"
52.70.240.171 - - [13/Nov/2023:09:27:05 +0100] "GET /water-bottles-heaters-c-13_288.html HTTP/1.0" 200 97430 "-" "Mozilla/5.0 (Macintosh; Intel Mac OS X 10_10_1) AppleWebKit/600.2.5 (KHTML, like Gecko) Version/8.0.2 Safari/600.2.5 (Amazonbot/0.1; +https://developer.amazon.com/support/amazonbot)"
65.108.0.71 - - [13/Nov/2023:09:27:08 +0100] "GET /-p-37486.html HTTP/1.0" 200 77383 "-" "Mozilla/5.0 (compatible; MJ12bot/v1.4.8; http://mj12bot.com/)"
52.70.240.171 - - [13/Nov/2023:09:27:08 +0100] "GET /cushion-covers-c-11_71_284.html HTTP/1.0" 200 95904 "-" "Mozilla/5.0 (Macintosh; Intel Mac OS X 10_10_1) AppleWebKit/600.2.5 (KHTML, like Gecko) Version/8.0.2 Safari/600.2.5 (Amazonbot/0.1; +https://developer.amazon.com/support/amazonbot)"
65.108.0.71 - - [13/Nov/2023:09:27:11 +0100] "GET /-p-37487.html HTTP/1.0" 200 77383 "-" "Mozilla/5.0 (compatible; MJ12bot/v1.4.8; http://mj12bot.com/)"
65.108.0.71 - - [13/Nov/2023:09:27:13 +0100] "GET /-p-37488.html HTTP/1.0" 200 77383 "-" "Mozilla/5.0 (compatible; MJ12bot/v1.4.8; http://mj12bot.com/)"
65.108.0.71 - - [13/Nov/2023:09:27:16 +0100] "GET /-p-37626.html HTTP/1.0" 200 77383 "-" "Mozilla/5.0 (compatible; MJ12bot/v1.4.8; http://mj12bot.com/)"
3.224.220.101 - - [13/Nov/2023:09:27:17 +0100] "GET /round-trays-c-12_159_263.html HTTP/1.0" 200 96709 "-" "Mozilla/5.0 (Macintosh; Intel Mac OS X 10_10_1) AppleWebKit/600.2.5 (KHTML, like Gecko) Version/8.0.2 Safari/600.2.5 (Amazonbot/0.1; +https://developer.amazon.com/support/amazonbot)"
65.108.0.71 - - [13/Nov/2023:09:27:19 +0100] "GET /-p-37751.html HTTP/1.0" 200 77383 "-" "Mozilla/5.0 (compatible; MJ12bot/v1.4.8; http://mj12bot.com/)"
3.224.220.101 - - [13/Nov/2023:09:27:19 +0100] "GET /decorative-candles-c-231_227_352.html HTTP/1.0" 200 97642 "-" "Mozilla/5.0 (Macintosh; Intel Mac OS X 10_10_1) AppleWebKit/600.2.5 (KHTML, like Gecko) Version/8.0.2 Safari/600.2.5 (Amazonbot/0.1; +https://developer.amazon.com/support/amazonbot)"
23.22.35.162 - - [13/Nov/2023:09:27:20 +0100] "GET /novena-religious-candles-c-231_227_351.html HTTP/1.0" 200 97584 "-" "Mozilla/5.0 (Macintosh; Intel Mac OS X 10_10_1) AppleWebKit/600.2.5 (KHTML, like Gecko) Version/8.0.2 Safari/600.2.5 (Amazonbot/0.1; +https://developer.amazon.com/support/amazonbot)"
65.108.0.71 - - [13/Nov/2023:09:27:22 +0100] "GET /-p-37809.html HTTP/1.0" 200 77383 "-" "Mozilla/5.0 (compatible; MJ12bot/v1.4.8; http://mj12bot.com/)"
65.108.0.71 - - [13/Nov/2023:09:27:25 +0100] "GET /-p-37911.html HTTP/1.0" 200 77383 "-" "Mozilla/5.0 (compatible; MJ12bot/v1.4.8; http://mj12bot.com/)"
23.22.35.162 - - [13/Nov/2023:09:27:27 +0100] "GET /towel-bath-towels-c-11_70.html HTTP/1.0" 200 94542 "-" "Mozilla/5.0 (Macintosh; Intel Mac OS X 10_10_1) AppleWebKit/600.2.5 (KHTML, like Gecko) Version/8.0.2 Safari/600.2.5 (Amazonbot/0.1; +https://developer.amazon.com/support/amazonbot)"
65.108.0.71 - - [13/Nov/2023:09:27:28 +0100] "GET /-p-37932.html HTTP/1.0" 200 77383 "-" "Mozilla/5.0 (compatible; MJ12bot/v1.4.8; http://mj12bot.com/)"
3.224.220.101 - - [13/Nov/2023:09:27:29 +0100] "GET /cake-molds-cube-molds-c-12_246.html HTTP/1.0" 200 90352 "-" "Mozilla/5.0 (Macintosh; Intel Mac OS X 10_10_1) AppleWebKit/600.2.5 (KHTML, like Gecko) Version/8.0.2 Safari/600.2.5 (Amazonbot/0.1; +https://developer.amazon.com/support/amazonbot)"
85.208.96.201 - - [13/Nov/2023:09:27:31 +0100] "GET /lola-ceramic-piggy-bank-p-49599.html HTTP/1.0" 200 77477 "-" "Mozilla/5.0 (compatible; SemrushBot/7~bl; +http://www.semrush.com/bot.html)"
65.108.0.71 - - [13/Nov/2023:09:27:31 +0100] "GET /-p-37958.html HTTP/1.0" 200 77383 "-" "Mozilla/5.0 (compatible; MJ12bot/v1.4.8; http://mj12bot.com/)"
52.70.240.171 - - [13/Nov/2023:09:27:31 +0100] "GET /salt-boxes-jars-c-12_223.html HTTP/1.0" 200 97415 "-" "Mozilla/5.0 (Macintosh; Intel Mac OS X 10_10_1) AppleWebKit/600.2.5 (KHTML, like Gecko) Version/8.0.2 Safari/600.2.5 (Amazonbot/0.1; +https://developer.amazon.com/support/amazonbot)"
23.22.35.162 - - [13/Nov/2023:09:27:33 +0100] "GET /cushion-cover-cement-tiles-p-49958.html HTTP/1.0" 200 80686 "-" "Mozilla/5.0 (Macintosh; Intel Mac OS X 10_10_1) AppleWebKit/600.2.5 (KHTML, like Gecko) Version/8.0.2 Safari/600.2.5 (Amazonbot/0.1; +https://developer.amazon.com/support/amazonbot)"
65.108.0.71 - - [13/Nov/2023:09:27:34 +0100] "GET /-p-38014.html HTTP/1.0" 200 77383 "-" "Mozilla/5.0 (compatible; MJ12bot/v1.4.8; http://mj12bot.com/)"
52.70.240.171 - - [13/Nov/2023:09:27:35 +0100] "GET /luggages-schoolbags-leather-shop-c-31.html HTTP/1.0" 200 99423 "-" "Mozilla/5.0 (Macintosh; Intel Mac OS X 10_10_1) AppleWebKit/600.2.5 (KHTML, like Gecko) Version/8.0.2 Safari/600.2.5 (Amazonbot/0.1; +https://developer.amazon.com/support/amazonbot)"
65.108.0.71 - - [13/Nov/2023:09:27:37 +0100] "GET /-p-38015.html HTTP/1.0" 200 77383 "-" "Mozilla/5.0 (compatible; MJ12bot/v1.4.8; http://mj12bot.com/)"
3.224.220.101 - - [13/Nov/2023:09:27:37 +0100] "GET /boxes-storage-ceramics-c-13_150_219.html HTTP/1.0" 200 76698 "-" "Mozilla/5.0 (Macintosh; Intel Mac OS X 10_10_1) AppleWebKit/600.2.5 (KHTML, like Gecko) Version/8.0.2 Safari/600.2.5 (Amazonbot/0.1; +https://developer.amazon.com/support/amazonbot)"
65.108.0.71 - - [13/Nov/2023:09:27:40 +0100] "GET /-p-38070.html HTTP/1.0" 200 77383 "-" "Mozilla/5.0 (compatible; MJ12bot/v1.4.8; http://mj12bot.com/)"
65.108.0.71 - - [13/Nov/2023:09:27:43 +0100] "GET /-p-38078.html HTTP/1.0" 200 77383 "-" "Mozilla/5.0 (compatible; MJ12bot/v1.4.8; http://mj12bot.com/)"
65.108.0.71 - - [13/Nov/2023:09:27:46 +0100] "GET /-p-38079.html HTTP/1.0" 200 77383 "-" "Mozilla/5.0 (compatible; MJ12bot/v1.4.8; http://mj12bot.com/)"
65.108.0.71 - - [13/Nov/2023:09:27:49 +0100] "GET /-p-38093.html HTTP/1.0" 200 77383 "-" "Mozilla/5.0 (compatible; MJ12bot/v1.4.8; http://mj12bot.com/)"
85.208.96.203 - - [13/Nov/2023:09:27:49 +0100] "GET /-p-53210.html HTTP/1.0" 200 77383 "-" "Mozilla/5.0 (compatible; SemrushBot/7~bl; +http://www.semrush.com/bot.html)"
23.22.35.162 - - [13/Nov/2023:09:27:50 +0100] "GET /cardboard-boxes-storage-c-13_150_216.html HTTP/1.0" 200 76688 "-" "Mozilla/5.0 (Macintosh; Intel Mac OS X 10_10_1) AppleWebKit/600.2.5 (KHTML, like Gecko) Version/8.0.2 Safari/600.2.5 (Amazonbot/0.1; +https://developer.amazon.com/support/amazonbot)"
65.108.0.71 - - [13/Nov/2023:09:27:52 +0100] "GET /-p-38149.html HTTP/1.0" 200 77383 "-" "Mozilla/5.0 (compatible; MJ12bot/v1.4.8; http://mj12bot.com/)"
65.108.0.71 - - [13/Nov/2023:09:27:54 +0100] "GET /-p-39844.html HTTP/1.0" 200 77383 "-" "Mozilla/5.0 (compatible; MJ12bot/v1.4.8; http://mj12bot.com/)"
52.70.240.171 - - [13/Nov/2023:09:27:54 +0100] "GET /chandeliers-suspensions-c-86_280.html HTTP/1.0" 200 97182 "-" "Mozilla/5.0 (Macintosh; Intel Mac OS X 10_10_1) AppleWebKit/600.2.5 (KHTML, like Gecko) Version/8.0.2 Safari/600.2.5 (Amazonbot/0.1; +https://developer.amazon.com/support/amazonbot)"
52.70.240.171 - - [13/Nov/2023:09:27:56 +0100] "GET /poncho-towels-bathrobes-c-11_72.html HTTP/1.0" 200 86810 "-" "Mozilla/5.0 (Macintosh; Intel Mac OS X 10_10_1) AppleWebKit/600.2.5 (KHTML, like Gecko) Version/8.0.2 Safari/600.2.5 (Amazonbot/0.1; +https://developer.amazon.com/support/amazonbot)"
23.22.35.162 - - [13/Nov/2023:09:27:57 +0100] "GET /caps-scarfs-adults-c-53_138.html HTTP/1.0" 200 91179 "-" "Mozilla/5.0 (Macintosh; Intel Mac OS X 10_10_1) AppleWebKit/600.2.5 (KHTML, like Gecko) Version/8.0.2 Safari/600.2.5 (Amazonbot/0.1; +https://developer.amazon.com/support/amazonbot)"
65.108.0.71 - - [13/Nov/2023:09:27:57 +0100] "GET /-p-39866.html HTTP/1.0" 200 77383 "-" "Mozilla/5.0 (compatible; MJ12bot/v1.4.8; http://mj12bot.com/)"
52.70.240.171 - - [13/Nov/2023:09:27:58 +0100] "GET /statuettes-animal-figurines-c-292_291.html HTTP/1.0" 200 99131 "-" "Mozilla/5.0 (Macintosh; Intel Mac OS X 10_10_1) AppleWebKit/600.2.5 (KHTML, like Gecko) Version/8.0.2 Safari/600.2.5 (Amazonbot/0.1; +https://developer.amazon.com/support/amazonbot)"
185.191.171.16 - - [13/Nov/2023:09:27:59 +0100] "GET /household-linen-c-11.html?page=14 HTTP/1.0" 200 100383 "-" "Mozilla/5.0 (compatible; SemrushBot/7~bl; +http://www.semrush.com/bot.html)"
65.108.0.71 - - [13/Nov/2023:09:28:00 +0100] "GET /-p-39881.html HTTP/1.0" 200 77383 "-" "Mozilla/5.0 (compatible; MJ12bot/v1.4.8; http://mj12bot.com/)"
52.70.240.171 - - [13/Nov/2023:09:28:02 +0100] "GET /cushions-draft-excluders-c-11_71_316.html HTTP/1.0" 200 97732 "-" "Mozilla/5.0 (Macintosh; Intel Mac OS X 10_10_1) AppleWebKit/600.2.5 (KHTML, like Gecko) Version/8.0.2 Safari/600.2.5 (Amazonbot/0.1; +https://developer.amazon.com/support/amazonbot)"
65.108.0.71 - - [13/Nov/2023:09:28:03 +0100] "GET /-p-39907.html HTTP/1.0" 200 77383 "-" "Mozilla/5.0 (compatible; MJ12bot/v1.4.8; http://mj12bot.com/)"
52.70.240.171 - - [13/Nov/2023:09:28:05 +0100] "GET /small-trays-c-12_159_261.html HTTP/1.0" 200 96823 "-" "Mozilla/5.0 (Macintosh; Intel Mac OS X 10_10_1) AppleWebKit/600.2.5 (KHTML, like Gecko) Version/8.0.2 Safari/600.2.5 (Amazonbot/0.1; +https://developer.amazon.com/support/amazonbot)"
65.108.0.71 - - [13/Nov/2023:09:28:06 +0100] "GET /-p-39908.html HTTP/1.0" 200 77383 "-" "Mozilla/5.0 (compatible; MJ12bot/v1.4.8; http://mj12bot.com/)"
65.108.0.71 - - [13/Nov/2023:09:28:09 +0100] "GET /-p-39981.html HTTP/1.0" 200 77383 "-" "Mozilla/5.0 (compatible; MJ12bot/v1.4.8; http://mj12bot.com/)"
52.70.240.171 - - [13/Nov/2023:09:28:11 +0100] "GET /computer-briefcase-c-31_82.html HTTP/1.0" 200 88940 "-" "Mozilla/5.0 (Macintosh; Intel Mac OS X 10_10_1) AppleWebKit/600.2.5 (KHTML, like Gecko) Version/8.0.2 Safari/600.2.5 (Amazonbot/0.1; +https://developer.amazon.com/support/amazonbot)"
65.108.0.71 - - [13/Nov/2023:09:28:12 +0100] "GET /-p-40006.html HTTP/1.0" 200 77383 "-" "Mozilla/5.0 (compatible; MJ12bot/v1.4.8; http://mj12bot.com/)"
65.108.0.71 - - [13/Nov/2023:09:28:15 +0100] "GET /-p-40012.html HTTP/1.0" 200 77383 "-" "Mozilla/5.0 (compatible; MJ12bot/v1.4.8; http://mj12bot.com/)"
85.208.96.195 - - [13/Nov/2023:09:28:15 +0100] "GET /rtro-cork-collector-p-58134.html HTTP/1.0" 200 77451 "-" "Mozilla/5.0 (compatible; SemrushBot/7~bl; +http://www.semrush.com/bot.html)"
65.108.0.71 - - [13/Nov/2023:09:28:17 +0100] "GET /-p-40016.html HTTP/1.0" 200 77383 "-" "Mozilla/5.0 (compatible; MJ12bot/v1.4.8; http://mj12bot.com/)"
54.36.148.184 - - [13/Nov/2023:09:28:17 +0100] "GET /novena-candle-lady-miracles-p-59386.html HTTP/1.0" 200 80707 "-" "Mozilla/5.0 (compatible; AhrefsBot/7.0; +http://ahrefs.com/robot/)"
65.108.0.71 - - [13/Nov/2023:09:28:20 +0100] "GET /-p-40017.html HTTP/1.0" 200 77383 "-" "Mozilla/5.0 (compatible; MJ12bot/v1.4.8; http://mj12bot.com/)"
65.108.0.71 - - [13/Nov/2023:09:28:23 +0100] "GET /-p-40037.html HTTP/1.0" 200 77383 "-" "Mozilla/5.0 (compatible; MJ12bot/v1.4.8; http://mj12bot.com/)"
65.108.0.71 - - [13/Nov/2023:09:28:26 +0100] "GET /-p-40065.html HTTP/1.0" 200 77383 "-" "Mozilla/5.0 (compatible; MJ12bot/v1.4.8; http://mj12bot.com/)"
52.70.240.171 - - [13/Nov/2023:09:28:28 +0100] "GET /storage-cups-c-12_159_264.html HTTP/1.0" 200 97573 "-" "Mozilla/5.0 (Macintosh; Intel Mac OS X 10_10_1) AppleWebKit/600.2.5 (KHTML, like Gecko) Version/8.0.2 Safari/600.2.5 (Amazonbot/0.1; +https://developer.amazon.com/support/amazonbot)"
65.108.0.71 - - [13/Nov/2023:09:28:29 +0100] "GET /-p-40066.html HTTP/1.0" 200 77383 "-" "Mozilla/5.0 (compatible; MJ12bot/v1.4.8; http://mj12bot.com/)"
52.70.240.171 - - [13/Nov/2023:09:28:31 +0100] "GET /indoor-fountains-c-13_272.html HTTP/1.0" 200 87735 "-" "Mozilla/5.0 (Macintosh; Intel Mac OS X 10_10_1) AppleWebKit/600.2.5 (KHTML, like Gecko) Version/8.0.2 Safari/600.2.5 (Amazonbot/0.1; +https://developer.amazon.com/support/amazonbot)"
185.191.171.12 - - [13/Nov/2023:09:28:32 +0100] "GET /-p-47509.html HTTP/1.0" 200 77383 "-" "Mozilla/5.0 (compatible; SemrushBot/7~bl; +http://www.semrush.com/bot.html)"
65.108.0.71 - - [13/Nov/2023:09:28:32 +0100] "GET /-p-40921.html HTTP/1.0" 200 77383 "-" "Mozilla/5.0 (compatible; MJ12bot/v1.4.8; http://mj12bot.com/)"
52.70.240.171 - - [13/Nov/2023:09:28:32 +0100] "GET /vanity-beauty-bags-c-31_78.html HTTP/1.0" 200 87412 "-" "Mozilla/5.0 (Macintosh; Intel Mac OS X 10_10_1) AppleWebKit/600.2.5 (KHTML, like Gecko) Version/8.0.2 Safari/600.2.5 (Amazonbot/0.1; +https://developer.amazon.com/support/amazonbot)"
65.108.0.71 - - [13/Nov/2023:09:28:35 +0100] "GET /-p-40922.html HTTP/1.0" 200 77383 "-" "Mozilla/5.0 (compatible; MJ12bot/v1.4.8; http://mj12bot.com/)"
52.70.240.171 - - [13/Nov/2023:09:28:35 +0100] "GET /statuettes-animal-figurines-c-292_291.html HTTP/1.0" 200 99131 "-" "Mozilla/5.0 (Macintosh; Intel Mac OS X 10_10_1) AppleWebKit/600.2.5 (KHTML, like Gecko) Version/8.0.2 Safari/600.2.5 (Amazonbot/0.1; +https://developer.amazon.com/support/amazonbot)"
65.108.0.71 - - [13/Nov/2023:09:28:38 +0100] "GET /-p-4164.html HTTP/1.0" 200 77381 "-" "Mozilla/5.0 (compatible; MJ12bot/v1.4.8; http://mj12bot.com/)"
3.224.220.101 - - [13/Nov/2023:09:28:37 +0100] "GET /calendar-workbook-organizer-c-129_189.html HTTP/1.0" 200 95569 "-" "Mozilla/5.0 (Macintosh; Intel Mac OS X 10_10_1) AppleWebKit/600.2.5 (KHTML, like Gecko) Version/8.0.2 Safari/600.2.5 (Amazonbot/0.1; +https://developer.amazon.com/support/amazonbot)"
3.224.220.101 - - [13/Nov/2023:09:28:40 +0100] "GET /jackets-coats-parkas-c-2_41.html HTTP/1.0" 200 85010 "-" "Mozilla/5.0 (Macintosh; Intel Mac OS X 10_10_1) AppleWebKit/600.2.5 (KHTML, like Gecko) Version/8.0.2 Safari/600.2.5 (Amazonbot/0.1; +https://developer.amazon.com/support/amazonbot)"
65.108.0.71 - - [13/Nov/2023:09:28:41 +0100] "GET /-p-41937.html HTTP/1.0" 200 77383 "-" "Mozilla/5.0 (compatible; MJ12bot/v1.4.8; http://mj12bot.com/)"
85.208.96.200 - - [13/Nov/2023:09:28:42 +0100] "GET /fireman-trolley-p-30353.html HTTP/1.0" 200 77457 "-" "Mozilla/5.0 (compatible; SemrushBot/7~bl; +http://www.semrush.com/bot.html)"
65.108.0.71 - - [13/Nov/2023:09:28:43 +0100] "GET /-p-41938.html HTTP/1.0" 200 77383 "-" "Mozilla/5.0 (compatible; MJ12bot/v1.4.8; http://mj12bot.com/)"
23.22.35.162 - - [13/Nov/2023:09:28:44 +0100] "GET /pants-capri-pants-c-1_20.html HTTP/1.0" 200 86273 "-" "Mozilla/5.0 (Macintosh; Intel Mac OS X 10_10_1) AppleWebKit/600.2.5 (KHTML, like Gecko) Version/8.0.2 Safari/600.2.5 (Amazonbot/0.1; +https://developer.amazon.com/support/amazonbot)"
65.108.0.71 - - [13/Nov/2023:09:28:46 +0100] "GET /-p-41940.html HTTP/1.0" 200 77383 "-" "Mozilla/5.0 (compatible; MJ12bot/v1.4.8; http://mj12bot.com/)"
65.108.0.71 - - [13/Nov/2023:09:28:49 +0100] "GET /-p-43756.html HTTP/1.0" 200 77383 "-" "Mozilla/5.0 (compatible; MJ12bot/v1.4.8; http://mj12bot.com/)"
65.108.0.71 - - [13/Nov/2023:09:28:52 +0100] "GET /-p-43786.html HTTP/1.0" 200 77383 "-" "Mozilla/5.0 (compatible; MJ12bot/v1.4.8; http://mj12bot.com/)"
65.108.0.71 - - [13/Nov/2023:09:28:55 +0100] "GET /-p-43809.html HTTP/1.0" 200 77383 "-" "Mozilla/5.0 (compatible; MJ12bot/v1.4.8; http://mj12bot.com/)"
23.22.35.162 - - [13/Nov/2023:09:28:55 +0100] "GET /cellar-slicer-sausage-c-12_252.html HTTP/1.0" 200 85595 "-" "Mozilla/5.0 (Macintosh; Intel Mac OS X 10_10_1) AppleWebKit/600.2.5 (KHTML, like Gecko) Version/8.0.2 Safari/600.2.5 (Amazonbot/0.1; +https://developer.amazon.com/support/amazonbot)"
23.22.35.162 - - [13/Nov/2023:09:28:57 +0100] "GET /photo-frames-memo-clips-c-13_132.html HTTP/1.0" 200 97628 "-" "Mozilla/5.0 (Macintosh; Intel Mac OS X 10_10_1) AppleWebKit/600.2.5 (KHTML, like Gecko) Version/8.0.2 Safari/600.2.5 (Amazonbot/0.1; +https://developer.amazon.com/support/amazonbot)"
65.108.0.71 - - [13/Nov/2023:09:28:58 +0100] "GET /-p-43865.html HTTP/1.0" 200 77383 "-" "Mozilla/5.0 (compatible; MJ12bot/v1.4.8; http://mj12bot.com/)"
52.70.240.171 - - [13/Nov/2023:09:28:59 +0100] "GET /chandeliers-suspensions-c-86_280.html HTTP/1.0" 200 97182 "-" "Mozilla/5.0 (Macintosh; Intel Mac OS X 10_10_1) AppleWebKit/600.2.5 (KHTML, like Gecko) Version/8.0.2 Safari/600.2.5 (Amazonbot/0.1; +https://developer.amazon.com/support/amazonbot)"
65.108.0.71 - - [13/Nov/2023:09:29:01 +0100] "GET /-p-43903.html HTTP/1.0" 200 77383 "-" "Mozilla/5.0 (compatible; MJ12bot/v1.4.8; http://mj12bot.com/)"
65.108.0.71 - - [13/Nov/2023:09:29:04 +0100] "GET /-p-43946.html HTTP/1.0" 200 77383 "-" "Mozilla/5.0 (compatible; MJ12bot/v1.4.8; http://mj12bot.com/)"
3.224.220.101 - - [13/Nov/2023:09:29:04 +0100] "GET /-c-95_297.html HTTP/1.0" 200 76251 "-" "Mozilla/5.0 (Macintosh; Intel Mac OS X 10_10_1) AppleWebKit/600.2.5 (KHTML, like Gecko) Version/8.0.2 Safari/600.2.5 (Amazonbot/0.1; +https://developer.amazon.com/support/amazonbot)"
65.108.0.71 - - [13/Nov/2023:09:29:07 +0100] "GET /-p-43947.html HTTP/1.0" 200 77383 "-" "Mozilla/5.0 (compatible; MJ12bot/v1.4.8; http://mj12bot.com/)"
65.108.0.71 - - [13/Nov/2023:09:29:10 +0100] "GET /-p-43950.html HTTP/1.0" 200 77383 "-" "Mozilla/5.0 (compatible; MJ12bot/v1.4.8; http://mj12bot.com/)"
3.224.220.101 - - [13/Nov/2023:09:29:10 +0100] "GET /-c-95_341.html HTTP/1.0" 200 76251 "-" "Mozilla/5.0 (Macintosh; Intel Mac OS X 10_10_1) AppleWebKit/600.2.5 (KHTML, like Gecko) Version/8.0.2 Safari/600.2.5 (Amazonbot/0.1; +https://developer.amazon.com/support/amazonbot)"
65.108.0.71 - - [13/Nov/2023:09:29:13 +0100] "GET /-p-43951.html HTTP/1.0" 200 77383 "-" "Mozilla/5.0 (compatible; MJ12bot/v1.4.8; http://mj12bot.com/)"
3.224.220.101 - - [13/Nov/2023:09:29:13 +0100] "GET /-c-95_360.html HTTP/1.0" 200 76251 "-" "Mozilla/5.0 (Macintosh; Intel Mac OS X 10_10_1) AppleWebKit/600.2.5 (KHTML, like Gecko) Version/8.0.2 Safari/600.2.5 (Amazonbot/0.1; +https://developer.amazon.com/support/amazonbot)"
65.108.0.71 - - [13/Nov/2023:09:29:15 +0100] "GET /-p-44382.html HTTP/1.0" 200 77383 "-" "Mozilla/5.0 (compatible; MJ12bot/v1.4.8; http://mj12bot.com/)"
52.70.240.171 - - [13/Nov/2023:09:29:18 +0100] "GET /-c-95_306.html HTTP/1.0" 200 76251 "-" "Mozilla/5.0 (Macintosh; Intel Mac OS X 10_10_1) AppleWebKit/600.2.5 (KHTML, like Gecko) Version/8.0.2 Safari/600.2.5 (Amazonbot/0.1; +https://developer.amazon.com/support/amazonbot)"
65.108.0.71 - - [13/Nov/2023:09:29:18 +0100] "GET /-p-44388.html HTTP/1.0" 200 77383 "-" "Mozilla/5.0 (compatible; MJ12bot/v1.4.8; http://mj12bot.com/)"
52.70.240.171 - - [13/Nov/2023:09:29:20 +0100] "GET /-c-95_332.html HTTP/1.0" 200 76251 "-" "Mozilla/5.0 (Macintosh; Intel Mac OS X 10_10_1) AppleWebKit/600.2.5 (KHTML, like Gecko) Version/8.0.2 Safari/600.2.5 (Amazonbot/0.1; +https://developer.amazon.com/support/amazonbot)"
65.108.0.71 - - [13/Nov/2023:09:29:21 +0100] "GET /-p-45403.html HTTP/1.0" 200 77383 "-" "Mozilla/5.0 (compatible; MJ12bot/v1.4.8; http://mj12bot.com/)"
3.224.220.101 - - [13/Nov/2023:09:29:22 +0100] "GET /musical-c-13_150_149.html HTTP/1.0" 200 98328 "-" "Mozilla/5.0 (Macintosh; Intel Mac OS X 10_10_1) AppleWebKit/600.2.5 (KHTML, like Gecko) Version/8.0.2 Safari/600.2.5 (Amazonbot/0.1; +https://developer.amazon.com/support/amazonbot)"
65.108.0.71 - - [13/Nov/2023:09:29:24 +0100] "GET /-p-45416.html HTTP/1.0" 200 77383 "-" "Mozilla/5.0 (compatible; MJ12bot/v1.4.8; http://mj12bot.com/)"
3.224.220.101 - - [13/Nov/2023:09:29:24 +0100] "GET /barbecue-aperitif-c-12_254.html HTTP/1.0" 200 96711 "-" "Mozilla/5.0 (Macintosh; Intel Mac OS X 10_10_1) AppleWebKit/600.2.5 (KHTML, like Gecko) Version/8.0.2 Safari/600.2.5 (Amazonbot/0.1; +https://developer.amazon.com/support/amazonbot)"
23.22.35.162 - - [13/Nov/2023:09:29:25 +0100] "GET /indoor-fountains-c-13_272.html HTTP/1.0" 200 87735 "-" "Mozilla/5.0 (Macintosh; Intel Mac OS X 10_10_1) AppleWebKit/600.2.5 (KHTML, like Gecko) Version/8.0.2 Safari/600.2.5 (Amazonbot/0.1; +https://developer.amazon.com/support/amazonbot)"
65.108.0.71 - - [13/Nov/2023:09:29:27 +0100] "GET /-p-45422.html HTTP/1.0" 200 77383 "-" "Mozilla/5.0 (compatible; MJ12bot/v1.4.8; http://mj12bot.com/)"
52.70.240.171 - - [13/Nov/2023:09:29:27 +0100] "GET /delightful-dogs-melamine-tray-alex-clark-p-61346.html HTTP/1.0" 200 80660 "-" "Mozilla/5.0 (Macintosh; Intel Mac OS X 10_10_1) AppleWebKit/600.2.5 (KHTML, like Gecko) Version/8.0.2 Safari/600.2.5 (Amazonbot/0.1; +https://developer.amazon.com/support/amazonbot)"
3.224.220.101 - - [13/Nov/2023:09:29:29 +0100] "GET /table-setting-c-97_99.html HTTP/1.0" 200 87624 "-" "Mozilla/5.0 (Macintosh; Intel Mac OS X 10_10_1) AppleWebKit/600.2.5 (KHTML, like Gecko) Version/8.0.2 Safari/600.2.5 (Amazonbot/0.1; +https://developer.amazon.com/support/amazonbot)"
65.108.0.71 - - [13/Nov/2023:09:29:30 +0100] "GET /-p-45495.html HTTP/1.0" 200 77383 "-" "Mozilla/5.0 (compatible; MJ12bot/v1.4.8; http://mj12bot.com/)"
52.70.240.171 - - [13/Nov/2023:09:29:30 +0100] "GET /towel-dispenser-c-12_225.html HTTP/1.0" 200 93463 "-" "Mozilla/5.0 (Macintosh; Intel Mac OS X 10_10_1) AppleWebKit/600.2.5 (KHTML, like Gecko) Version/8.0.2 Safari/600.2.5 (Amazonbot/0.1; +https://developer.amazon.com/support/amazonbot)"
54.36.148.85 - - [13/Nov/2023:09:29:31 +0100] "GET /bracelet-lapis-lazuli-p-53456.html HTTP/1.0" 200 80267 "-" "Mozilla/5.0 (compatible; AhrefsBot/7.0; +http://ahrefs.com/robot/)"
65.108.0.71 - - [13/Nov/2023:09:29:33 +0100] "GET /-p-46738.html HTTP/1.0" 200 77383 "-" "Mozilla/5.0 (compatible; MJ12bot/v1.4.8; http://mj12bot.com/)"
23.22.35.162 - - [13/Nov/2023:09:29:35 +0100] "GET /bell-wall-bell-c-13_270.html HTTP/1.0" 200 96127 "-" "Mozilla/5.0 (Macintosh; Intel Mac OS X 10_10_1) AppleWebKit/600.2.5 (KHTML, like Gecko) Version/8.0.2 Safari/600.2.5 (Amazonbot/0.1; +https://developer.amazon.com/support/amazonbot)"
65.108.0.71 - - [13/Nov/2023:09:29:36 +0100] "GET /-p-48738.html HTTP/1.0" 200 77383 "-" "Mozilla/5.0 (compatible; MJ12bot/v1.4.8; http://mj12bot.com/)"
23.22.35.162 - - [13/Nov/2023:09:29:37 +0100] "GET /poncho-towels-bathrobes-c-11_72.html HTTP/1.0" 200 86810 "-" "Mozilla/5.0 (Macintosh; Intel Mac OS X 10_10_1) AppleWebKit/600.2.5 (KHTML, like Gecko) Version/8.0.2 Safari/600.2.5 (Amazonbot/0.1; +https://developer.amazon.com/support/amazonbot)"
65.108.0.71 - - [13/Nov/2023:09:29:39 +0100] "GET /-p-48778.html HTTP/1.0" 200 77383 "-" "Mozilla/5.0 (compatible; MJ12bot/v1.4.8; http://mj12bot.com/)"
23.22.35.162 - - [13/Nov/2023:09:29:39 +0100] "GET /esotericism-lithotherapy-c-174.html HTTP/1.0" 200 96989 "-" "Mozilla/5.0 (Macintosh; Intel Mac OS X 10_10_1) AppleWebKit/600.2.5 (KHTML, like Gecko) Version/8.0.2 Safari/600.2.5 (Amazonbot/0.1; +https://developer.amazon.com/support/amazonbot)"
65.108.0.71 - - [13/Nov/2023:09:29:41 +0100] "GET /-p-48794.html HTTP/1.0" 200 77383 "-" "Mozilla/5.0 (compatible; MJ12bot/v1.4.8; http://mj12bot.com/)"
3.224.220.101 - - [13/Nov/2023:09:29:42 +0100] "GET /dishes-c-12.html?page=153 HTTP/1.0" 200 94416 "-" "Mozilla/5.0 (Macintosh; Intel Mac OS X 10_10_1) AppleWebKit/600.2.5 (KHTML, like Gecko) Version/8.0.2 Safari/600.2.5 (Amazonbot/0.1; +https://developer.amazon.com/support/amazonbot)"
23.22.35.162 - - [13/Nov/2023:09:29:43 +0100] "GET /dishes-c-12.html?page=152 HTTP/1.0" 200 97474 "-" "Mozilla/5.0 (Macintosh; Intel Mac OS X 10_10_1) AppleWebKit/600.2.5 (KHTML, like Gecko) Version/8.0.2 Safari/600.2.5 (Amazonbot/0.1; +https://developer.amazon.com/support/amazonbot)"
85.208.96.195 - - [13/Nov/2023:09:29:44 +0100] "GET /gorjuss-jotter-with-seven-sisters-p-41190.html HTTP/1.0" 200 77517 "-" "Mozilla/5.0 (compatible; SemrushBot/7~bl; +http://www.semrush.com/bot.html)"
65.108.0.71 - - [13/Nov/2023:09:29:44 +0100] "GET /-p-48807.html HTTP/1.0" 200 77383 "-" "Mozilla/5.0 (compatible; MJ12bot/v1.4.8; http://mj12bot.com/)"
65.108.0.71 - - [13/Nov/2023:09:29:47 +0100] "GET /-p-48829.html HTTP/1.0" 200 77383 "-" "Mozilla/5.0 (compatible; MJ12bot/v1.4.8; http://mj12bot.com/)"
3.224.220.101 - - [13/Nov/2023:09:29:47 +0100] "GET /placemats-c-12_156.html?page=5 HTTP/1.0" 200 100249 "-" "Mozilla/5.0 (Macintosh; Intel Mac OS X 10_10_1) AppleWebKit/600.2.5 (KHTML, like Gecko) Version/8.0.2 Safari/600.2.5 (Amazonbot/0.1; +https://developer.amazon.com/support/amazonbot)"
65.108.0.71 - - [13/Nov/2023:09:29:50 +0100] "GET /-p-48886.html HTTP/1.0" 200 77383 "-" "Mozilla/5.0 (compatible; MJ12bot/v1.4.8; http://mj12bot.com/)"
65.108.0.71 - - [13/Nov/2023:09:29:53 +0100] "GET /-p-49479.html HTTP/1.0" 200 77383 "-" "Mozilla/5.0 (compatible; MJ12bot/v1.4.8; http://mj12bot.com/)"
65.108.0.71 - - [13/Nov/2023:09:29:56 +0100] "GET /-p-49588.html HTTP/1.0" 200 77383 "-" "Mozilla/5.0 (compatible; MJ12bot/v1.4.8; http://mj12bot.com/)"
65.108.0.71 - - [13/Nov/2023:09:29:59 +0100] "GET /-p-49628.html HTTP/1.0" 200 77383 "-" "Mozilla/5.0 (compatible; MJ12bot/v1.4.8; http://mj12bot.com/)"
185.191.171.2 - - [13/Nov/2023:09:30:00 +0100] "GET /pucca-mobile-sock-p-24398.html HTTP/1.0" 200 79848 "-" "Mozilla/5.0 (compatible; SemrushBot/7~bl; +http://www.semrush.com/bot.html)"
65.108.0.71 - - [13/Nov/2023:09:30:02 +0100] "GET /-p-50725.html HTTP/1.0" 200 77383 "-" "Mozilla/5.0 (compatible; MJ12bot/v1.4.8; http://mj12bot.com/)"
65.108.0.71 - - [13/Nov/2023:09:30:05 +0100] "GET /-p-50886.html HTTP/1.0" 200 77383 "-" "Mozilla/5.0 (compatible; MJ12bot/v1.4.8; http://mj12bot.com/)"
65.108.0.71 - - [13/Nov/2023:09:30:08 +0100] "GET /-p-52953.html HTTP/1.0" 200 77383 "-" "Mozilla/5.0 (compatible; MJ12bot/v1.4.8; http://mj12bot.com/)"
65.108.0.71 - - [13/Nov/2023:09:30:11 +0100] "GET /-p-53025.html HTTP/1.0" 200 77383 "-" "Mozilla/5.0 (compatible; MJ12bot/v1.4.8; http://mj12bot.com/)"
185.191.171.17 - - [13/Nov/2023:09:30:12 +0100] "GET /olla-ppin-terracotta-natural-finish-p-58498.html HTTP/1.0" 200 81407 "-" "Mozilla/5.0 (compatible; SemrushBot/7~bl; +http://www.semrush.com/bot.html)"
65.108.0.71 - - [13/Nov/2023:09:30:14 +0100] "GET /-p-54587.html HTTP/1.0" 200 77383 "-" "Mozilla/5.0 (compatible; MJ12bot/v1.4.8; http://mj12bot.com/)"
65.108.0.71 - - [13/Nov/2023:09:30:18 +0100] "GET /-p-6908.html HTTP/1.0" 200 77381 "-" "Mozilla/5.0 (compatible; MJ12bot/v1.4.8; http://mj12bot.com/)"
185.191.171.2 - - [13/Nov/2023:09:30:19 +0100] "GET /decorative-cotton-hearts-hang-adelaide-p-59741.html HTTP/1.0" 200 81002 "-" "Mozilla/5.0 (compatible; SemrushBot/7~bl; +http://www.semrush.com/bot.html)"
65.108.0.71 - - [13/Nov/2023:09:30:21 +0100] "GET /-p-7933.html HTTP/1.0" 200 77381 "-" "Mozilla/5.0 (compatible; MJ12bot/v1.4.8; http://mj12bot.com/)"
65.108.0.71 - - [13/Nov/2023:09:30:24 +0100] "GET /adults-c-53.html?page=1 HTTP/1.0" 200 98738 "-" "Mozilla/5.0 (compatible; MJ12bot/v1.4.8; http://mj12bot.com/)"
40.77.167.30 - - [13/Nov/2023:09:30:25 +0100] "GET /luggages-schoolbags-leather-shop-c-31.html HTTP/1.0" 200 99423 "-" "Mozilla/5.0 AppleWebKit/537.36 (KHTML, like Gecko; compatible; bingbot/2.0; +http://www.bing.com/bingbot.htm) Chrome/103.0.5060.134 Safari/537.36"
65.108.0.71 - - [13/Nov/2023:09:30:28 +0100] "GET /adults-c-53.html?page=4 HTTP/1.0" 200 96950 "-" "Mozilla/5.0 (compatible; MJ12bot/v1.4.8; http://mj12bot.com/)"
216.244.66.242 - - [13/Nov/2023:09:30:31 +0100] "GET /bamboo-plates-p-47254.html HTTP/1.0" 301 77450 "-" "Mozilla/5.0 (compatible; DotBot/1.2; +https://opensiteexplorer.org/dotbot; help@moz.com)"
65.108.0.71 - - [13/Nov/2023:09:30:32 +0100] "GET /adults-c-53.html?page=5 HTTP/1.0" 200 97260 "-" "Mozilla/5.0 (compatible; MJ12bot/v1.4.8; http://mj12bot.com/)"
65.108.0.71 - - [13/Nov/2023:09:30:35 +0100] "GET /adults-c-53.html?page=6 HTTP/1.0" 200 95156 "-" "Mozilla/5.0 (compatible; MJ12bot/v1.4.8; http://mj12bot.com/)"
65.108.0.71 - - [13/Nov/2023:09:30:39 +0100] "GET /adults-c-53.html?page=7 HTTP/1.0" 200 95156 "-" "Mozilla/5.0 (compatible; MJ12bot/v1.4.8; http://mj12bot.com/)"
65.108.0.71 - - [13/Nov/2023:09:30:42 +0100] "GET /alice-in-wonderland-by-romero-britto-p-44948.html HTTP/1.0" 301 77602 "-" "Mozilla/5.0 (compatible; MJ12bot/v1.4.8; http://mj12bot.com/)"
65.108.0.71 - - [13/Nov/2023:09:30:45 +0100] "GET /alice-wonderland-romero-britto-p-44948.html HTTP/1.0" 200 77505 "-" "Mozilla/5.0 (compatible; MJ12bot/v1.4.8; http://mj12bot.com/)"
65.108.0.71 - - [13/Nov/2023:09:30:48 +0100] "GET /alice-in-wonderland-set-of-hair-clips-p-13538.html HTTP/1.0" 301 77639 "-" "Mozilla/5.0 (compatible; MJ12bot/v1.4.8; http://mj12bot.com/)"
65.108.0.71 - - [13/Nov/2023:09:30:51 +0100] "GET /alice-wonderland-hair-clips-p-13538.html HTTP/1.0" 200 77545 "-" "Mozilla/5.0 (compatible; MJ12bot/v1.4.8; http://mj12bot.com/)"
3.224.220.101 - - [13/Nov/2023:09:30:52 +0100] "GET /luggages-schoolbags-leather-shop-c-31.html?page=26 HTTP/1.0" 200 101247 "-" "Mozilla/5.0 (Macintosh; Intel Mac OS X 10_10_1) AppleWebKit/600.2.5 (KHTML, like Gecko) Version/8.0.2 Safari/600.2.5 (Amazonbot/0.1; +https://developer.amazon.com/support/amazonbot)"
65.108.0.71 - - [13/Nov/2023:09:30:53 +0100] "GET /alice-in-wonderland-set-of-hair-ornements-p-19282.html HTTP/1.0" 301 77450 "-" "Mozilla/5.0 (compatible; MJ12bot/v1.4.8; http://mj12bot.com/)"
52.70.240.171 - - [13/Nov/2023:09:30:55 +0100] "GET /luggages-schoolbags-leather-shop-c-31.html?page=28 HTTP/1.0" 200 100257 "-" "Mozilla/5.0 (Macintosh; Intel Mac OS X 10_10_1) AppleWebKit/600.2.5 (KHTML, like Gecko) Version/8.0.2 Safari/600.2.5 (Amazonbot/0.1; +https://developer.amazon.com/support/amazonbot)"
65.108.0.71 - - [13/Nov/2023:09:30:56 +0100] "GET /-p-19282.html HTTP/1.0" 200 77383 "-" "Mozilla/5.0 (compatible; MJ12bot/v1.4.8; http://mj12bot.com/)"
65.108.0.71 - - [13/Nov/2023:09:30:59 +0100] "GET /alice-wonderland-hair-clips-p-13538.html HTTP/1.0" 200 77545 "-" "Mozilla/5.0 (compatible; MJ12bot/v1.4.8; http://mj12bot.com/)"
65.108.0.71 - - [13/Nov/2023:09:31:02 +0100] "GET /alice-wonderland-romero-britto-p-44948.html HTTP/1.0" 200 77505 "-" "Mozilla/5.0 (compatible; MJ12bot/v1.4.8; http://mj12bot.com/)"
65.108.0.71 - - [13/Nov/2023:09:31:05 +0100] "GET /all-blacks-bedclothes-200-cm-p-31655.html HTTP/1.0" 301 77450 "-" "Mozilla/5.0 (compatible; MJ12bot/v1.4.8; http://mj12bot.com/)"
65.108.0.71 - - [13/Nov/2023:09:31:07 +0100] "GET /-p-31655.html HTTP/1.0" 200 77383 "-" "Mozilla/5.0 (compatible; MJ12bot/v1.4.8; http://mj12bot.com/)"
65.108.0.71 - - [13/Nov/2023:09:31:10 +0100] "GET /all-blacks-beer-glass-p-27266.html HTTP/1.0" 301 77450 "-" "Mozilla/5.0 (compatible; MJ12bot/v1.4.8; http://mj12bot.com/)"
65.108.0.71 - - [13/Nov/2023:09:31:13 +0100] "GET /-p-27266.html HTTP/1.0" 200 77383 "-" "Mozilla/5.0 (compatible; MJ12bot/v1.4.8; http://mj12bot.com/)"
54.36.148.224 - - [13/Nov/2023:09:31:16 +0100] "GET /disney-princess-dress-p-31106.html HTTP/1.0" 200 80868 "-" "Mozilla/5.0 (compatible; AhrefsBot/7.0; +http://ahrefs.com/robot/)"
65.108.0.71 - - [13/Nov/2023:09:31:16 +0100] "GET /all-blacks-beer-glasses-p-27266.html HTTP/1.0" 301 77450 "-" "Mozilla/5.0 (compatible; MJ12bot/v1.4.8; http://mj12bot.com/)"
65.108.0.71 - - [13/Nov/2023:09:31:19 +0100] "GET /-p-27266.html HTTP/1.0" 200 77383 "-" "Mozilla/5.0 (compatible; MJ12bot/v1.4.8; http://mj12bot.com/)"
65.108.0.71 - - [13/Nov/2023:09:31:22 +0100] "GET /all-blacks-fountain-pen-p-30626.html HTTP/1.0" 301 77450 "-" "Mozilla/5.0 (compatible; MJ12bot/v1.4.8; http://mj12bot.com/)"
65.108.0.71 - - [13/Nov/2023:09:31:24 +0100] "GET /-p-30626.html HTTP/1.0" 200 77383 "-" "Mozilla/5.0 (compatible; MJ12bot/v1.4.8; http://mj12bot.com/)"
65.108.0.71 - - [13/Nov/2023:09:31:27 +0100] "GET /allen-cushion-p-40065.html HTTP/1.0" 301 77450 "-" "Mozilla/5.0 (compatible; MJ12bot/v1.4.8; http://mj12bot.com/)"
65.108.0.71 - - [13/Nov/2023:09:31:30 +0100] "GET /-p-40065.html HTTP/1.0" 200 77383 "-" "Mozilla/5.0 (compatible; MJ12bot/v1.4.8; http://mj12bot.com/)"
65.108.0.71 - - [13/Nov/2023:09:31:33 +0100] "GET /amber-kimmi-junior-mug-p-7933.html HTTP/1.0" 301 77447 "-" "Mozilla/5.0 (compatible; MJ12bot/v1.4.8; http://mj12bot.com/)"
65.108.0.71 - - [13/Nov/2023:09:31:36 +0100] "GET /-p-7933.html HTTP/1.0" 200 77381 "-" "Mozilla/5.0 (compatible; MJ12bot/v1.4.8; http://mj12bot.com/)"
65.108.0.71 - - [13/Nov/2023:09:31:39 +0100] "GET /ball-beige-p-38025.html HTTP/1.0" 200 77417 "-" "Mozilla/5.0 (compatible; MJ12bot/v1.4.8; http://mj12bot.com/)"
216.244.66.242 - - [13/Nov/2023:09:31:40 +0100] "GET /chair-cushion-reversible-grey-and-beige-38-cm-p-37249.html HTTP/1.0" 301 80697 "-" "Mozilla/5.0 (compatible; DotBot/1.2; +https://opensiteexplorer.org/dotbot; help@moz.com)"
65.108.0.71 - - [13/Nov/2023:09:31:42 +0100] "GET /ball-grey-p-38026.html HTTP/1.0" 200 77429 "-" "Mozilla/5.0 (compatible; MJ12bot/v1.4.8; http://mj12bot.com/)"
65.108.0.71 - - [13/Nov/2023:09:31:45 +0100] "GET /ballon-allen-cushion-p-40063.html HTTP/1.0" 200 77487 "-" "Mozilla/5.0 (compatible; MJ12bot/v1.4.8; http://mj12bot.com/)"
65.108.0.71 - - [13/Nov/2023:09:31:48 +0100] "GET /bamboo-fiber-plant-cover-p-58898.html HTTP/1.0" 200 80417 "-" "Mozilla/5.0 (compatible; MJ12bot/v1.4.8; http://mj12bot.com/)"
65.108.0.71 - - [13/Nov/2023:09:31:51 +0100] "GET /bamboo-storage-boxes-p-54610.html HTTP/1.0" 200 80760 "-" "Mozilla/5.0 (compatible; MJ12bot/v1.4.8; http://mj12bot.com/)"
65.108.0.71 - - [13/Nov/2023:09:31:54 +0100] "GET /birds-meeting-fine-bone-china-p-56865.html HTTP/1.0" 200 79937 "-" "Mozilla/5.0 (compatible; MJ12bot/v1.4.8; http://mj12bot.com/)"
65.108.0.71 - - [13/Nov/2023:09:31:57 +0100] "GET /black-glass-vase-p-58087.html HTTP/1.0" 200 77465 "-" "Mozilla/5.0 (compatible; MJ12bot/v1.4.8; http://mj12bot.com/)"
65.108.0.71 - - [13/Nov/2023:09:31:59 +0100] "GET /blacks-beer-glass-p-27266.html HTTP/1.0" 301 77450 "-" "Mozilla/5.0 (compatible; MJ12bot/v1.4.8; http://mj12bot.com/)"
65.108.0.71 - - [13/Nov/2023:09:32:02 +0100] "GET /-p-27266.html HTTP/1.0" 200 77383 "-" "Mozilla/5.0 (compatible; MJ12bot/v1.4.8; http://mj12bot.com/)"
65.108.0.71 - - [13/Nov/2023:09:32:05 +0100] "GET /bohemian-planter-with-resin-feet-p-58091.html HTTP/1.0" 200 80067 "-" "Mozilla/5.0 (compatible; MJ12bot/v1.4.8; http://mj12bot.com/)"
85.208.96.211 - - [13/Nov/2023:09:32:05 +0100] "GET /-p-44179.html HTTP/1.0" 200 77383 "-" "Mozilla/5.0 (compatible; SemrushBot/7~bl; +http://www.semrush.com/bot.html)"
65.108.0.71 - - [13/Nov/2023:09:32:08 +0100] "GET /bowl-christmas-presents-christmas-p-56853.html HTTP/1.0" 200 77539 "-" "Mozilla/5.0 (compatible; MJ12bot/v1.4.8; http://mj12bot.com/)"
65.108.0.71 - - [13/Nov/2023:09:32:12 +0100] "GET /britto-duck-design-numbered-limited-edition-p-44388.html HTTP/1.0" 301 77450 "-" "Mozilla/5.0 (compatible; MJ12bot/v1.4.8; http://mj12bot.com/)"
65.108.0.71 - - [13/Nov/2023:09:32:15 +0100] "GET /-p-44388.html HTTP/1.0" 200 77383 "-" "Mozilla/5.0 (compatible; MJ12bot/v1.4.8; http://mj12bot.com/)"
65.108.0.71 - - [13/Nov/2023:09:32:18 +0100] "GET /bronze-countertop-bell-95-cm-p-53023.html HTTP/1.0" 301 77564 "-" "Mozilla/5.0 (compatible; MJ12bot/v1.4.8; http://mj12bot.com/)"
65.108.0.71 - - [13/Nov/2023:09:32:21 +0100] "GET /bronze-countertop-bell-p-53023.html HTTP/1.0" 200 77475 "-" "Mozilla/5.0 (compatible; MJ12bot/v1.4.8; http://mj12bot.com/)"
65.108.0.71 - - [13/Nov/2023:09:32:24 +0100] "GET /bronze-countertop-bell-p-53023.html HTTP/1.0" 200 77475 "-" "Mozilla/5.0 (compatible; MJ12bot/v1.4.8; http://mj12bot.com/)"
65.108.0.71 - - [13/Nov/2023:09:32:26 +0100] "GET /brown-sloth-jewelry-holder-p-48883.html HTTP/1.0" 200 77477 "-" "Mozilla/5.0 (compatible; MJ12bot/v1.4.8; http://mj12bot.com/)"
65.108.0.71 - - [13/Nov/2023:09:32:29 +0100] "GET /buddha-canvas-frame-40-40-cm-p-39965.html HTTP/1.0" 301 77557 "-" "Mozilla/5.0 (compatible; MJ12bot/v1.4.8; http://mj12bot.com/)"
65.108.0.71 - - [13/Nov/2023:09:32:32 +0100] "GET /buddha-canvas-frame-p-39965.html HTTP/1.0" 200 77471 "-" "Mozilla/5.0 (compatible; MJ12bot/v1.4.8; http://mj12bot.com/)"
65.108.0.71 - - [13/Nov/2023:09:32:35 +0100] "GET /buddha-canvas-frame-p-39965.html HTTP/1.0" 200 77471 "-" "Mozilla/5.0 (compatible; MJ12bot/v1.4.8; http://mj12bot.com/)"
65.108.0.71 - - [13/Nov/2023:09:32:38 +0100] "GET /buddha-rectangulary-cushion-cbkreation-p-36373.html HTTP/1.0" 301 77450 "-" "Mozilla/5.0 (compatible; MJ12bot/v1.4.8; http://mj12bot.com/)"
65.108.0.71 - - [13/Nov/2023:09:32:40 +0100] "GET /-p-36373.html HTTP/1.0" 200 77383 "-" "Mozilla/5.0 (compatible; MJ12bot/v1.4.8; http://mj12bot.com/)"
65.108.0.71 - - [13/Nov/2023:09:32:44 +0100] "GET /buddha-resin-gold-statue-10-cm-not-say-p-38078.html HTTP/1.0" 301 77450 "-" "Mozilla/5.0 (compatible; MJ12bot/v1.4.8; http://mj12bot.com/)"
65.108.0.71 - - [13/Nov/2023:09:32:46 +0100] "GET /-p-38078.html HTTP/1.0" 200 77383 "-" "Mozilla/5.0 (compatible; MJ12bot/v1.4.8; http://mj12bot.com/)"
65.108.0.71 - - [13/Nov/2023:09:32:49 +0100] "GET /buddha-resin-gold-statue-10-cm-not-see-p-38079.html HTTP/1.0" 301 77450 "-" "Mozilla/5.0 (compatible; MJ12bot/v1.4.8; http://mj12bot.com/)"
54.36.149.22 - - [13/Nov/2023:09:32:51 +0100] "GET /graphic-birds-sugar-p-39836.html HTTP/1.0" 200 79720 "-" "Mozilla/5.0 (compatible; AhrefsBot/7.0; +http://ahrefs.com/robot/)"
65.108.0.71 - - [13/Nov/2023:09:32:52 +0100] "GET /-p-38079.html HTTP/1.0" 200 77383 "-" "Mozilla/5.0 (compatible; MJ12bot/v1.4.8; http://mj12bot.com/)"
65.108.0.71 - - [13/Nov/2023:09:32:55 +0100] "GET /buddha-resin-gold-statue-p-38078.html HTTP/1.0" 301 77450 "-" "Mozilla/5.0 (compatible; MJ12bot/v1.4.8; http://mj12bot.com/)"
185.191.171.19 - - [13/Nov/2023:09:32:55 +0100] "GET /natural-wood-cutting-board-p-42162.html HTTP/1.0" 200 77503 "-" "Mozilla/5.0 (compatible; SemrushBot/7~bl; +http://www.semrush.com/bot.html)"
65.108.0.71 - - [13/Nov/2023:09:32:58 +0100] "GET /-p-38078.html HTTP/1.0" 200 77383 "-" "Mozilla/5.0 (compatible; MJ12bot/v1.4.8; http://mj12bot.com/)"
65.108.0.71 - - [13/Nov/2023:09:33:01 +0100] "GET /buddha-resin-gold-statue-p-38079.html HTTP/1.0" 301 77450 "-" "Mozilla/5.0 (compatible; MJ12bot/v1.4.8; http://mj12bot.com/)"
65.108.0.71 - - [13/Nov/2023:09:33:03 +0100] "GET /-p-38079.html HTTP/1.0" 200 77383 "-" "Mozilla/5.0 (compatible; MJ12bot/v1.4.8; http://mj12bot.com/)"
65.108.0.71 - - [13/Nov/2023:09:33:06 +0100] "GET /buddha-resin-silver-statue-18-cm-p-37581.html HTTP/1.0" 301 77615 "-" "Mozilla/5.0 (compatible; MJ12bot/v1.4.8; http://mj12bot.com/)"
65.108.0.71 - - [13/Nov/2023:09:33:09 +0100] "GET /buddha-resin-silver-statue-p-37581.html HTTP/1.0" 200 77522 "-" "Mozilla/5.0 (compatible; MJ12bot/v1.4.8; http://mj12bot.com/)"
65.108.0.71 - - [13/Nov/2023:09:33:12 +0100] "GET /buddha-resin-silver-statue-p-37581.html HTTP/1.0" 200 77522 "-" "Mozilla/5.0 (compatible; MJ12bot/v1.4.8; http://mj12bot.com/)"
65.108.0.71 - - [13/Nov/2023:09:33:15 +0100] "GET /buddha-standing-deco-lamp-p-34287.html HTTP/1.0" 301 77450 "-" "Mozilla/5.0 (compatible; MJ12bot/v1.4.8; http://mj12bot.com/)"
65.108.0.71 - - [13/Nov/2023:09:33:18 +0100] "GET /-p-34287.html HTTP/1.0" 200 77383 "-" "Mozilla/5.0 (compatible; MJ12bot/v1.4.8; http://mj12bot.com/)"
65.108.0.71 - - [13/Nov/2023:09:33:21 +0100] "GET /buddha-statue-resin-13-cm-p-34566.html HTTP/1.0" 301 77547 "-" "Mozilla/5.0 (compatible; MJ12bot/v1.4.8; http://mj12bot.com/)"
65.108.0.71 - - [13/Nov/2023:09:33:23 +0100] "GET /buddha-statue-resin-p-34566.html HTTP/1.0" 200 77461 "-" "Mozilla/5.0 (compatible; MJ12bot/v1.4.8; http://mj12bot.com/)"
65.108.0.71 - - [13/Nov/2023:09:33:26 +0100] "GET /buddha-statue-resin-13-cm-p-34567.html HTTP/1.0" 301 77547 "-" "Mozilla/5.0 (compatible; MJ12bot/v1.4.8; http://mj12bot.com/)"
65.108.0.71 - - [13/Nov/2023:09:33:29 +0100] "GET /buddha-statue-resin-p-34567.html HTTP/1.0" 200 77461 "-" "Mozilla/5.0 (compatible; MJ12bot/v1.4.8; http://mj12bot.com/)"
65.108.0.71 - - [13/Nov/2023:09:33:32 +0100] "GET /buddha-statue-resin-p-34566.html HTTP/1.0" 200 77461 "-" "Mozilla/5.0 (compatible; MJ12bot/v1.4.8; http://mj12bot.com/)"
65.108.0.71 - - [13/Nov/2023:09:33:35 +0100] "GET /buddha-statue-resin-p-34567.html HTTP/1.0" 200 77461 "-" "Mozilla/5.0 (compatible; MJ12bot/v1.4.8; http://mj12bot.com/)"
65.108.0.71 - - [13/Nov/2023:09:33:38 +0100] "GET /buddha-white-statue-18-cm-p-37404.html HTTP/1.0" 301 77450 "-" "Mozilla/5.0 (compatible; MJ12bot/v1.4.8; http://mj12bot.com/)"
65.108.0.71 - - [13/Nov/2023:09:33:41 +0100] "GET /-p-37404.html HTTP/1.0" 200 77383 "-" "Mozilla/5.0 (compatible; MJ12bot/v1.4.8; http://mj12bot.com/)"
65.108.0.71 - - [13/Nov/2023:09:33:43 +0100] "GET /buddha-white-statue-p-37404.html HTTP/1.0" 301 77450 "-" "Mozilla/5.0 (compatible; MJ12bot/v1.4.8; http://mj12bot.com/)"
65.108.0.71 - - [13/Nov/2023:09:33:46 +0100] "GET /-p-37404.html HTTP/1.0" 200 77383 "-" "Mozilla/5.0 (compatible; MJ12bot/v1.4.8; http://mj12bot.com/)"
65.108.0.71 - - [13/Nov/2023:09:33:49 +0100] "GET /buddha-zen-rectangulary-cushion-by-cbkreation-p-36373.html HTTP/1.0" 301 77450 "-" "Mozilla/5.0 (compatible; MJ12bot/v1.4.8; http://mj12bot.com/)"
65.108.0.71 - - [13/Nov/2023:09:33:52 +0100] "GET /-p-36373.html HTTP/1.0" 200 77383 "-" "Mozilla/5.0 (compatible; MJ12bot/v1.4.8; http://mj12bot.com/)"
65.108.0.71 - - [13/Nov/2023:09:33:55 +0100] "GET /buddhist-bracelet-wooden-beads-beige-p-37669.html HTTP/1.0" 200 79794 "-" "Mozilla/5.0 (compatible; MJ12bot/v1.4.8; http://mj12bot.com/)"
65.108.0.71 - - [13/Nov/2023:09:33:57 +0100] "GET /buddhist-bracelet-wooden-beads-black-p-37664.html HTTP/1.0" 200 79794 "-" "Mozilla/5.0 (compatible; MJ12bot/v1.4.8; http://mj12bot.com/)"
65.108.0.71 - - [13/Nov/2023:09:34:00 +0100] "GET /buddhist-bracelet-wooden-beads-grey-p-37665.html HTTP/1.0" 200 79790 "-" "Mozilla/5.0 (compatible; MJ12bot/v1.4.8; http://mj12bot.com/)"
65.108.0.71 - - [13/Nov/2023:09:34:03 +0100] "GET /buddhist-bracelet-wooden-beads-p-37667.html HTTP/1.0" 200 79776 "-" "Mozilla/5.0 (compatible; MJ12bot/v1.4.8; http://mj12bot.com/)"
65.108.0.71 - - [13/Nov/2023:09:34:07 +0100] "GET /buddhist-bracelet-wooden-beads-purple-p-37670.html HTTP/1.0" 200 79800 "-" "Mozilla/5.0 (compatible; MJ12bot/v1.4.8; http://mj12bot.com/)"
65.108.0.71 - - [13/Nov/2023:09:34:10 +0100] "GET /buddhist-bracelet-wooden-beads-red-p-37667.html HTTP/1.0" 301 79873 "-" "Mozilla/5.0 (compatible; MJ12bot/v1.4.8; http://mj12bot.com/)"
85.208.96.200 - - [13/Nov/2023:09:34:10 +0100] "GET /-p-29455.html HTTP/1.0" 200 77383 "-" "Mozilla/5.0 (compatible; SemrushBot/7~bl; +http://www.semrush.com/bot.html)"
65.108.0.71 - - [13/Nov/2023:09:34:12 +0100] "GET /buddhist-bracelet-wooden-beads-p-37667.html HTTP/1.0" 200 79776 "-" "Mozilla/5.0 (compatible; MJ12bot/v1.4.8; http://mj12bot.com/)"
65.108.0.71 - - [13/Nov/2023:09:34:16 +0100] "GET /buddhist-statue-in-resin-do-not-say-evil-p-34570.html HTTP/1.0" 301 77602 "-" "Mozilla/5.0 (compatible; MJ12bot/v1.4.8; http://mj12bot.com/)"
65.108.0.71 - - [13/Nov/2023:09:34:19 +0100] "GET /buddhist-statue-resin-evil-p-34570.html HTTP/1.0" 200 77509 "-" "Mozilla/5.0 (compatible; MJ12bot/v1.4.8; http://mj12bot.com/)"
65.108.0.71 - - [13/Nov/2023:09:34:22 +0100] "GET /buddhist-statue-in-resin-do-not-see-evil-p-34569.html HTTP/1.0" 301 77602 "-" "Mozilla/5.0 (compatible; MJ12bot/v1.4.8; http://mj12bot.com/)"
85.208.96.198 - - [13/Nov/2023:09:34:24 +0100] "GET /gentleman-whiskey-glass-p-54792.html HTTP/1.0" 200 80333 "-" "Mozilla/5.0 (compatible; SemrushBot/7~bl; +http://www.semrush.com/bot.html)"
65.108.0.71 - - [13/Nov/2023:09:34:25 +0100] "GET /buddhist-statue-resin-evil-p-34569.html HTTP/1.0" 200 77509 "-" "Mozilla/5.0 (compatible; MJ12bot/v1.4.8; http://mj12bot.com/)"
54.36.148.152 - - [13/Nov/2023:09:34:27 +0100] "GET /beige-eyelet-curtain-p-39036.html HTTP/1.0" 200 81975 "-" "Mozilla/5.0 (compatible; AhrefsBot/7.0; +http://ahrefs.com/robot/)"
65.108.0.71 - - [13/Nov/2023:09:34:29 +0100] "GET /buddhist-statue-resin-evil-p-34569.html HTTP/1.0" 200 77509 "-" "Mozilla/5.0 (compatible; MJ12bot/v1.4.8; http://mj12bot.com/)"
65.108.0.71 - - [13/Nov/2023:09:34:33 +0100] "GET /buddhist-statue-resin-evil-p-34570.html HTTP/1.0" 200 77509 "-" "Mozilla/5.0 (compatible; MJ12bot/v1.4.8; http://mj12bot.com/)"
65.108.0.71 - - [13/Nov/2023:09:34:36 +0100] "GET /buffalo-mousepad-by-cbkreation-p-42911.html HTTP/1.0" 301 79913 "-" "Mozilla/5.0 (compatible; MJ12bot/v1.4.8; http://mj12bot.com/)"
65.108.0.71 - - [13/Nov/2023:09:34:39 +0100] "GET /buffalo-mousepad-cbkreation-p-42911.html HTTP/1.0" 200 79819 "-" "Mozilla/5.0 (compatible; MJ12bot/v1.4.8; http://mj12bot.com/)"
65.108.0.71 - - [13/Nov/2023:09:34:42 +0100] "GET /buffalo-mousepad-cbkreation-p-42911.html HTTP/1.0" 200 79819 "-" "Mozilla/5.0 (compatible; MJ12bot/v1.4.8; http://mj12bot.com/)"
65.108.0.71 - - [13/Nov/2023:09:34:45 +0100] "GET /butterflies-makeup-accessories-p-28913.html HTTP/1.0" 200 79883 "-" "Mozilla/5.0 (compatible; MJ12bot/v1.4.8; http://mj12bot.com/)"
65.108.0.71 - - [13/Nov/2023:09:34:48 +0100] "GET /butterfly-bedclothes-220-240-cm-p-36589.html HTTP/1.0" 301 77450 "-" "Mozilla/5.0 (compatible; MJ12bot/v1.4.8; http://mj12bot.com/)"
65.108.0.71 - - [13/Nov/2023:09:34:51 +0100] "GET /-p-36589.html HTTP/1.0" 200 77383 "-" "Mozilla/5.0 (compatible; MJ12bot/v1.4.8; http://mj12bot.com/)"
47.128.46.20 - - [13/Nov/2023:09:34:52 +0100] "GET /girls/court-sleeves-tshirts/thumper-tee-shirt-p-11311.html HTTP/1.0" 301 77450 "-" "Mozilla/5.0 (Linux; Android 5.0) AppleWebKit/537.36 (KHTML, like Gecko) Mobile Safari/537.36 (compatible; Bytespider; spider-feedback@bytedance.com)"
65.108.0.71 - - [13/Nov/2023:09:34:54 +0100] "GET /butterfly-wall-decoration-39-33-cm-blue-model-p-43922.html HTTP/1.0" 301 77696 "-" "Mozilla/5.0 (compatible; MJ12bot/v1.4.8; http://mj12bot.com/)"
47.128.46.20 - - [13/Nov/2023:09:34:55 +0100] "GET /-p-11311.html HTTP/1.0" 200 77383 "-" "Mozilla/5.0 (Linux; Android 5.0) AppleWebKit/537.36 (KHTML, like Gecko) Mobile Safari/537.36 (compatible; Bytespider; spider-feedback@bytedance.com)"
47.128.46.20 - - [13/Nov/2023:09:34:58 +0100] "GET /swfobject.js HTTP/1.0" 404 1308 "http://www.wonder-geek.com/-p-11311.html" "Mozilla/5.0 (Linux; Android 5.0) AppleWebKit/537.36 (KHTML, like Gecko) Mobile Safari/537.36 (compatible; Bytespider; spider-feedback@bytedance.com)"
65.108.0.71 - - [13/Nov/2023:09:34:57 +0100] "GET /butterfly-wall-decoration-blue-model-p-43922.html HTTP/1.0" 200 77593 "-" "Mozilla/5.0 (compatible; MJ12bot/v1.4.8; http://mj12bot.com/)"
65.108.0.71 - - [13/Nov/2023:09:35:00 +0100] "GET /butterfly-wall-decoration-blue-model-p-43922.html HTTP/1.0" 200 77593 "-" "Mozilla/5.0 (compatible; MJ12bot/v1.4.8; http://mj12bot.com/)"
47.128.46.20 - - [13/Nov/2023:09:35:04 +0100] "GET /highslide/graphics/outlines/drop-shadow.png HTTP/1.0" 200 277 "http://www.wonder-geek.com/-p-11311.html" "Mozilla/5.0 (Linux; Android 5.0) AppleWebKit/537.36 (KHTML, like Gecko) Mobile Safari/537.36 (compatible; Bytespider; spider-feedback@bytedance.com)"
47.128.46.20 - - [13/Nov/2023:09:35:04 +0100] "GET /highslide/graphics/zoomout.cur HTTP/1.0" 200 614 "http://www.wonder-geek.com/-p-11311.html" "Mozilla/5.0 (Linux; Android 5.0) AppleWebKit/537.36 (KHTML, like Gecko) Mobile Safari/537.36 (compatible; Bytespider; spider-feedback@bytedance.com)"
65.108.0.71 - - [13/Nov/2023:09:35:03 +0100] "GET /cache-natural-wood-p-59157.html HTTP/1.0" 200 80841 "-" "Mozilla/5.0 (compatible; MJ12bot/v1.4.8; http://mj12bot.com/)"
47.76.57.30 - - [13/Nov/2023:09:35:05 +0100] "GET /images/mini_prod/1399984254394.jpg HTTP/1.0" 200 269 "-" "Mozilla/5.0 (X11; Ubuntu; Linux x86_64; rv:72.0) Gecko/20100101 Firefox/72.0"
65.108.0.71 - - [13/Nov/2023:09:35:06 +0100] "GET /cache-natural-wood-p-59158.html HTTP/1.0" 200 80856 "-" "Mozilla/5.0 (compatible; MJ12bot/v1.4.8; http://mj12bot.com/)"
65.108.0.71 - - [13/Nov/2023:09:35:10 +0100] "GET /cactus-mirror-wall-sticker-p-51122.html HTTP/1.0" 200 77477 "-" "Mozilla/5.0 (compatible; MJ12bot/v1.4.8; http://mj12bot.com/)"
185.191.171.14 - - [13/Nov/2023:09:35:09 +0100] "GET /clocks-c-13_67.html?page=4 HTTP/1.0" 200 99780 "-" "Mozilla/5.0 (compatible; SemrushBot/7~bl; +http://www.semrush.com/bot.html)"
47.128.50.32 - - [13/Nov/2023:09:35:19 +0100] "GET /chi-small-box-p-40954.html HTTP/1.0" 301 77450 "-" "Mozilla/5.0 (Linux; Android 5.0) AppleWebKit/537.36 (KHTML, like Gecko) Mobile Safari/537.36 (compatible; Bytespider; spider-feedback@bytedance.com)"
47.128.50.32 - - [13/Nov/2023:09:35:21 +0100] "GET /-p-40954.html HTTP/1.0" 200 77383 "-" "Mozilla/5.0 (Linux; Android 5.0) AppleWebKit/537.36 (KHTML, like Gecko) Mobile Safari/537.36 (compatible; Bytespider; spider-feedback@bytedance.com)"
47.128.50.32 - - [13/Nov/2023:09:35:23 +0100] "GET /swfobject.js HTTP/1.0" 404 1308 "http://www.wonder-geek.com/-p-40954.html" "Mozilla/5.0 (Linux; Android 5.0) AppleWebKit/537.36 (KHTML, like Gecko) Mobile Safari/537.36 (compatible; Bytespider; spider-feedback@bytedance.com)"
47.128.50.32 - - [13/Nov/2023:09:35:29 +0100] "GET /highslide/graphics/outlines/drop-shadow.png HTTP/1.0" 200 277 "http://www.wonder-geek.com/-p-40954.html" "Mozilla/5.0 (Linux; Android 5.0) AppleWebKit/537.36 (KHTML, like Gecko) Mobile Safari/537.36 (compatible; Bytespider; spider-feedback@bytedance.com)"
47.128.50.32 - - [13/Nov/2023:09:35:29 +0100] "GET /highslide/graphics/zoomout.cur HTTP/1.0" 200 614 "http://www.wonder-geek.com/-p-40954.html" "Mozilla/5.0 (Linux; Android 5.0) AppleWebKit/537.36 (KHTML, like Gecko) Mobile Safari/537.36 (compatible; Bytespider; spider-feedback@bytedance.com)"
