47.128.62.221 - - [13/Nov/2023:06:58:26 +0100] "GET /candles-and-scents-c-13_162.html?page=7 HTTP/1.0" 301 97669 "-" "Mozilla/5.0 (Linux; Android 5.0) AppleWebKit/537.36 (KHTML, like Gecko) Mobile Safari/537.36 (compatible; Bytespider; spider-feedback@bytedance.com)"
47.128.62.221 - - [13/Nov/2023:06:58:38 +0100] "GET /diffuser-perfume-essential-oils-c-162.html?page=7 HTTP/1.0" 301 97557 "-" "Mozilla/5.0 (Linux; Android 5.0) AppleWebKit/537.36 (KHTML, like Gecko) Mobile Safari/537.36 (compatible; Bytespider; spider-feedback@bytedance.com)"
47.128.62.221 - - [13/Nov/2023:06:58:40 +0100] "GET /diffuser-perfume-essential-oils-c-231_162.html?page=7 HTTP/1.0" 200 97585 "-" "Mozilla/5.0 (Linux; Android 5.0) AppleWebKit/537.36 (KHTML, like Gecko) Mobile Safari/537.36 (compatible; Bytespider; spider-feedback@bytedance.com)"
47.128.62.221 - - [13/Nov/2023:06:58:51 +0100] "GET /js/jquery.min.js HTTP/1.0" 404 1308 "http://www.wonder-geek.com/diffuser-perfume-essential-oils-c-231_162.html?page=7" "Mozilla/5.0 (Linux; Android 5.0) AppleWebKit/537.36 (KHTML, like Gecko) Mobile Safari/537.36 (compatible; Bytespider; spider-feedback@bytedance.com)"
47.128.62.221 - - [13/Nov/2023:06:58:51 +0100] "GET /highslide/graphics/outlines/drop-shadow.png HTTP/1.0" 200 277 "http://www.wonder-geek.com/diffuser-perfume-essential-oils-c-231_162.html?page=7" "Mozilla/5.0 (Linux; Android 5.0) AppleWebKit/537.36 (KHTML, like Gecko) Mobile Safari/537.36 (compatible; Bytespider; spider-feedback@bytedance.com)"
47.128.62.221 - - [13/Nov/2023:06:58:51 +0100] "GET /highslide/graphics/zoomout.cur HTTP/1.0" 200 614 "http://www.wonder-geek.com/diffuser-perfume-essential-oils-c-231_162.html?page=7" "Mozilla/5.0 (Linux; Android 5.0) AppleWebKit/537.36 (KHTML, like Gecko) Mobile Safari/537.36 (compatible; Bytespider; spider-feedback@bytedance.com)"
185.191.171.17 - - [13/Nov/2023:06:59:25 +0100] "GET /bamboo-fiber-plant-cover-p-54346.html HTTP/1.0" 200 77375 "-" "Mozilla/5.0 (compatible; SemrushBot/7~bl; +http://www.semrush.com/bot.html)"
85.208.96.194 - - [13/Nov/2023:06:59:29 +0100] "GET /toothbox-c-13_150_170.html HTTP/1.0" 200 96902 "-" "Mozilla/5.0 (compatible; SemrushBot/7~bl; +http://www.semrush.com/bot.html)"
185.191.171.7 - - [13/Nov/2023:06:59:50 +0100] "GET /-p-40056.html HTTP/1.0" 200 77289 "-" "Mozilla/5.0 (compatible; SemrushBot/7~bl; +http://www.semrush.com/bot.html)"
185.191.171.9 - - [13/Nov/2023:06:59:54 +0100] "GET /-p-48122.html HTTP/1.0" 200 77289 "-" "Mozilla/5.0 (compatible; SemrushBot/7~bl; +http://www.semrush.com/bot.html)"
91.137.17.143 - - [13/Nov/2023:07:00:07 +0100] "GET /robots.txt HTTP/1.0" 200 245 "-" "Mozilla/5.0 (compatible; MJ12bot/v1.4.8; http://mj12bot.com/)"
54.36.148.254 - - [13/Nov/2023:06:59:44 +0100] "GET /boxes-storage-c-13_150.html?page=4 HTTP/1.0" 200 101438 "-" "Mozilla/5.0 (compatible; AhrefsBot/7.0; +http://ahrefs.com/robot/)"
91.137.17.143 - - [13/Nov/2023:07:00:10 +0100] "GET /cake-stand-with-cakes-money-bank-collection-p-17640.html HTTP/1.0" 200 77451 "-" "Mozilla/5.0 (compatible; MJ12bot/v1.4.8; http://mj12bot.com/)"
91.137.17.143 - - [13/Nov/2023:07:00:19 +0100] "GET /calavera-blue-beauty-nail-kit-p-29314.html HTTP/1.0" 301 79906 "-" "Mozilla/5.0 (compatible; MJ12bot/v1.4.8; http://mj12bot.com/)"
91.137.17.143 - - [13/Nov/2023:07:00:27 +0100] "GET /calavera-blue-beauty-nail-p-29314.html HTTP/1.0" 200 79814 "-" "Mozilla/5.0 (compatible; MJ12bot/v1.4.8; http://mj12bot.com/)"
91.137.17.143 - - [13/Nov/2023:07:00:37 +0100] "GET /calavera-blue-beauty-nail-p-29314.html HTTP/1.0" 200 79814 "-" "Mozilla/5.0 (compatible; MJ12bot/v1.4.8; http://mj12bot.com/)"
91.137.17.143 - - [13/Nov/2023:07:00:46 +0100] "GET /calavera-yellow-beauty-nail-kit-p-29315.html HTTP/1.0" 301 79929 "-" "Mozilla/5.0 (compatible; MJ12bot/v1.4.8; http://mj12bot.com/)"
91.137.17.143 - - [13/Nov/2023:07:00:52 +0100] "GET /calavera-yellow-beauty-nail-p-29315.html HTTP/1.0" 200 79835 "-" "Mozilla/5.0 (compatible; MJ12bot/v1.4.8; http://mj12bot.com/)"
185.191.171.7 - - [13/Nov/2023:07:00:54 +0100] "GET /vanilla-aromatika-incense-sticks-p-59271.html HTTP/1.0" 200 80385 "-" "Mozilla/5.0 (compatible; SemrushBot/7~bl; +http://www.semrush.com/bot.html)"
91.137.17.143 - - [13/Nov/2023:07:01:00 +0100] "GET /calavera-yellow-beauty-nail-p-29315.html HTTP/1.0" 200 79835 "-" "Mozilla/5.0 (compatible; MJ12bot/v1.4.8; http://mj12bot.com/)"
85.208.96.194 - - [13/Nov/2023:07:01:03 +0100] "GET /bench-stool-p-57166.html HTTP/1.0" 200 77323 "-" "Mozilla/5.0 (compatible; SemrushBot/7~bl; +http://www.semrush.com/bot.html)"
91.137.17.143 - - [13/Nov/2023:07:01:08 +0100] "GET /camargue-beige-sponge-holder-p-34503.html HTTP/1.0" 200 77391 "-" "Mozilla/5.0 (compatible; MJ12bot/v1.4.8; http://mj12bot.com/)"
91.137.17.143 - - [13/Nov/2023:07:01:14 +0100] "GET /camargue-door-coconut-fiber-p-43865.html HTTP/1.0" 301 77356 "-" "Mozilla/5.0 (compatible; MJ12bot/v1.4.8; http://mj12bot.com/)"
91.137.17.143 - - [13/Nov/2023:07:01:22 +0100] "GET /-p-43865.html HTTP/1.0" 200 77289 "-" "Mozilla/5.0 (compatible; MJ12bot/v1.4.8; http://mj12bot.com/)"
185.191.171.15 - - [13/Nov/2023:07:01:22 +0100] "GET /heart-home-friendly-stick-diffuser-vanilla-rosewood-p-52807.html HTTP/1.0" 200 77465 "-" "Mozilla/5.0 (compatible; SemrushBot/7~bl; +http://www.semrush.com/bot.html)"
91.137.17.143 - - [13/Nov/2023:07:01:29 +0100] "GET /camargue-door-mat-coconut-fiber-p-43865.html HTTP/1.0" 301 77356 "-" "Mozilla/5.0 (compatible; MJ12bot/v1.4.8; http://mj12bot.com/)"
91.137.17.143 - - [13/Nov/2023:07:01:37 +0100] "GET /-p-43865.html HTTP/1.0" 200 77289 "-" "Mozilla/5.0 (compatible; MJ12bot/v1.4.8; http://mj12bot.com/)"
91.137.17.143 - - [13/Nov/2023:07:01:42 +0100] "GET /camargue-salt-pepper-p-43905.html HTTP/1.0" 200 77389 "-" "Mozilla/5.0 (compatible; MJ12bot/v1.4.8; http://mj12bot.com/)"
161.168.138.211 - - [13/Nov/2023:07:01:44 +0100] "GET /images/mini_prod/8433933189689.jpg HTTP/1.0" 200 269 "-" "Mozilla/5.0 (X11; Ubuntu; Linux x86_64; rv:72.0) Gecko/20100101 Firefox/72.0"
91.137.17.143 - - [13/Nov/2023:07:01:48 +0100] "GET /camargue-set-salt-and-pepper-pot-p-43905.html HTTP/1.0" 301 77476 "-" "Mozilla/5.0 (compatible; MJ12bot/v1.4.8; http://mj12bot.com/)"
91.137.17.143 - - [13/Nov/2023:07:01:54 +0100] "GET /camargue-salt-pepper-p-43905.html HTTP/1.0" 200 77389 "-" "Mozilla/5.0 (compatible; MJ12bot/v1.4.8; http://mj12bot.com/)"
91.137.17.143 - - [13/Nov/2023:07:02:02 +0100] "GET /canada-mouse-cbkreation-p-13984.html HTTP/1.0" 200 79631 "-" "Mozilla/5.0 (compatible; MJ12bot/v1.4.8; http://mj12bot.com/)"
85.208.96.197 - - [13/Nov/2023:07:01:59 +0100] "GET /games-toys-c-4.html?page=19 HTTP/1.0" 200 95803 "-" "Mozilla/5.0 (compatible; SemrushBot/7~bl; +http://www.semrush.com/bot.html)"
91.137.17.143 - - [13/Nov/2023:07:02:12 +0100] "GET /canada-mouse-pad-cbkreation-p-13984.html HTTP/1.0" 301 79721 "-" "Mozilla/5.0 (compatible; MJ12bot/v1.4.8; http://mj12bot.com/)"
101.198.192.11 - - [13/Nov/2023:07:02:18 +0100] "GET /images/mini_prod/8422019609081.jpg HTTP/1.0" 200 269 "-" "Mozilla/5.0 (X11; Ubuntu; Linux x86_64; rv:72.0) Gecko/20100101 Firefox/72.0"
91.137.17.143 - - [13/Nov/2023:07:02:17 +0100] "GET /canada-mouse-cbkreation-p-13984.html HTTP/1.0" 200 79631 "-" "Mozilla/5.0 (compatible; MJ12bot/v1.4.8; http://mj12bot.com/)"
91.137.17.143 - - [13/Nov/2023:07:02:24 +0100] "GET /candle-holder-incense-burner-cones-and-incense-sticks-buddha-p-48764.html HTTP/1.0" 301 77572 "-" "Mozilla/5.0 (compatible; MJ12bot/v1.4.8; http://mj12bot.com/)"
91.137.17.143 - - [13/Nov/2023:07:02:31 +0100] "GET /candle-holder-incense-burner-cones-incense-sticks-buddha-p-48764.html HTTP/1.0" 200 77449 "-" "Mozilla/5.0 (compatible; MJ12bot/v1.4.8; http://mj12bot.com/)"
54.36.148.176 - - [13/Nov/2023:07:02:14 +0100] "GET /boxes-storage-c-13_150.html?page=3 HTTP/1.0" 200 100884 "-" "Mozilla/5.0 (compatible; AhrefsBot/7.0; +http://ahrefs.com/robot/)"
85.208.96.194 - - [13/Nov/2023:07:02:33 +0100] "GET /cotton-floor-cushion-jade-p-60768.html HTTP/1.0" 200 79859 "-" "Mozilla/5.0 (compatible; SemrushBot/7~bl; +http://www.semrush.com/bot.html)"
91.137.17.143 - - [13/Nov/2023:07:02:37 +0100] "GET /candle-holder-incense-burner-cones-incense-sticks-buddha-p-48764.html HTTP/1.0" 200 77449 "-" "Mozilla/5.0 (compatible; MJ12bot/v1.4.8; http://mj12bot.com/)"
94.56.103.180 - - [13/Nov/2023:07:02:45 +0100] "GET /images/mini_prod/3453131122429.jpg HTTP/1.0" 200 269 "-" "Mozilla/5.0 (X11; Ubuntu; Linux x86_64; rv:72.0) Gecko/20100101 Firefox/72.0"
91.137.17.143 - - [13/Nov/2023:07:02:48 +0100] "GET /candle-hours-baked-apple-p-38119.html HTTP/1.0" 200 77393 "-" "Mozilla/5.0 (compatible; MJ12bot/v1.4.8; http://mj12bot.com/)"
91.137.17.143 - - [13/Nov/2023:07:02:56 +0100] "GET /candle-hours-christmas-spirit-p-38105.html HTTP/1.0" 200 77452 "-" "Mozilla/5.0 (compatible; MJ12bot/v1.4.8; http://mj12bot.com/)"
91.137.17.143 - - [13/Nov/2023:07:03:02 +0100] "GET /candle-hours-grass-p-33053.html HTTP/1.0" 200 77409 "-" "Mozilla/5.0 (compatible; MJ12bot/v1.4.8; http://mj12bot.com/)"
91.137.17.143 - - [13/Nov/2023:07:03:09 +0100] "GET /candle-hours-paradise-sunset-p-39900.html HTTP/1.0" 200 77447 "-" "Mozilla/5.0 (compatible; MJ12bot/v1.4.8; http://mj12bot.com/)"
85.208.96.204 - - [13/Nov/2023:07:03:13 +0100] "GET /-p-49685.html HTTP/1.0" 200 77289 "-" "Mozilla/5.0 (compatible; SemrushBot/7~bl; +http://www.semrush.com/bot.html)"
185.191.171.18 - - [13/Nov/2023:07:03:17 +0100] "GET /amys-jewels-paris-bowl-p-54776.html HTTP/1.0" 200 80307 "-" "Mozilla/5.0 (compatible; SemrushBot/7~bl; +http://www.semrush.com/bot.html)"
91.137.17.143 - - [13/Nov/2023:07:03:19 +0100] "GET /candle-hours-simply-p-33052.html HTTP/1.0" 200 77414 "-" "Mozilla/5.0 (compatible; MJ12bot/v1.4.8; http://mj12bot.com/)"
217.182.175.222 - - [13/Nov/2023:07:03:22 +0100] "GET /robots.txt HTTP/1.0" 200 245 "-" "Mozilla/5.0 (compatible; MJ12bot/v1.4.8; http://mj12bot.com/)"
185.191.171.8 - - [13/Nov/2023:07:03:22 +0100] "GET /small-wooden-towel-holder-hang-p-51022.html HTTP/1.0" 200 79775 "-" "Mozilla/5.0 (compatible; SemrushBot/7~bl; +http://www.semrush.com/bot.html)"
91.137.17.143 - - [13/Nov/2023:07:03:25 +0100] "GET /candle-hours-snow-angel-p-38116.html HTTP/1.0" 200 77422 "-" "Mozilla/5.0 (compatible; MJ12bot/v1.4.8; http://mj12bot.com/)"
185.191.171.16 - - [13/Nov/2023:07:03:27 +0100] "GET /gift-heart-home-friendly-stick-diffusers-p-59005.html HTTP/1.0" 200 80699 "-" "Mozilla/5.0 (compatible; SemrushBot/7~bl; +http://www.semrush.com/bot.html)"
91.137.17.143 - - [13/Nov/2023:07:03:30 +0100] "GET /candle-hours-sweet-black-cherries-p-33050.html HTTP/1.0" 200 77429 "-" "Mozilla/5.0 (compatible; MJ12bot/v1.4.8; http://mj12bot.com/)"
217.182.175.222 - - [13/Nov/2023:07:03:35 +0100] "GET /placemat-kiub-collection-cats-love-paris-p-59083.html HTTP/1.0" 200 80499 "-" "Mozilla/5.0 (compatible; MJ12bot/v1.4.8; http://mj12bot.com/)"
91.137.17.143 - - [13/Nov/2023:07:03:36 +0100] "GET /candle-hours-waiting-santa-p-33026.html HTTP/1.0" 200 77409 "-" "Mozilla/5.0 (compatible; MJ12bot/v1.4.8; http://mj12bot.com/)"
47.128.38.129 - - [13/Nov/2023:07:03:40 +0100] "GET /mani-the-lucky-cat-red-notebook-p-37343.html HTTP/1.0" 301 77465 "-" "Mozilla/5.0 (Linux; Android 5.0) AppleWebKit/537.36 (KHTML, like Gecko) Mobile Safari/537.36 (compatible; Bytespider; spider-feedback@bytedance.com)"
47.128.38.129 - - [13/Nov/2023:07:03:43 +0100] "GET /mani-lucky-notebook-p-37343.html HTTP/1.0" 200 77379 "-" "Mozilla/5.0 (Linux; Android 5.0) AppleWebKit/537.36 (KHTML, like Gecko) Mobile Safari/537.36 (compatible; Bytespider; spider-feedback@bytedance.com)"
47.128.38.129 - - [13/Nov/2023:07:03:46 +0100] "GET /swfobject.js HTTP/1.0" 404 1308 "http://www.wonder-geek.com/mani-lucky-notebook-p-37343.html" "Mozilla/5.0 (Linux; Android 5.0) AppleWebKit/537.36 (KHTML, like Gecko) Mobile Safari/537.36 (compatible; Bytespider; spider-feedback@bytedance.com)"
91.137.17.143 - - [13/Nov/2023:07:03:43 +0100] "GET /candle-made-france-hours-coconut-p-43883.html HTTP/1.0" 200 80122 "-" "Mozilla/5.0 (compatible; MJ12bot/v1.4.8; http://mj12bot.com/)"
47.128.38.129 - - [13/Nov/2023:07:03:46 +0100] "GET /highslide/graphics/zoomout.cur HTTP/1.0" 200 614 "http://www.wonder-geek.com/mani-lucky-notebook-p-37343.html" "Mozilla/5.0 (Linux; Android 5.0) AppleWebKit/537.36 (KHTML, like Gecko) Mobile Safari/537.36 (compatible; Bytespider; spider-feedback@bytedance.com)"
47.128.38.129 - - [13/Nov/2023:07:03:46 +0100] "GET /highslide/graphics/outlines/drop-shadow.png HTTP/1.0" 200 277 "http://www.wonder-geek.com/mani-lucky-notebook-p-37343.html" "Mozilla/5.0 (Linux; Android 5.0) AppleWebKit/537.36 (KHTML, like Gecko) Mobile Safari/537.36 (compatible; Bytespider; spider-feedback@bytedance.com)"
91.137.17.143 - - [13/Nov/2023:07:03:51 +0100] "GET /candle-made-france-hours-green-apple-p-43886.html HTTP/1.0" 200 80143 "-" "Mozilla/5.0 (compatible; MJ12bot/v1.4.8; http://mj12bot.com/)"
217.182.175.222 - - [13/Nov/2023:07:03:52 +0100] "GET /placemat-kiub-collection-kook-p-59082.html HTTP/1.0" 200 80332 "-" "Mozilla/5.0 (compatible; MJ12bot/v1.4.8; http://mj12bot.com/)"
85.208.96.200 - - [13/Nov/2023:07:03:56 +0100] "GET /sweethearts-swing-mickey-minnie-swing-figurine-p-57287.html HTTP/1.0" 200 81048 "-" "Mozilla/5.0 (compatible; SemrushBot/7~bl; +http://www.semrush.com/bot.html)"
91.137.17.143 - - [13/Nov/2023:07:03:58 +0100] "GET /candle-made-france-hours-lemongrass-p-43876.html HTTP/1.0" 200 80137 "-" "Mozilla/5.0 (compatible; MJ12bot/v1.4.8; http://mj12bot.com/)"
91.137.17.143 - - [13/Nov/2023:07:04:06 +0100] "GET /candle-made-france-hours-ocean-p-43884.html HTTP/1.0" 200 80112 "-" "Mozilla/5.0 (compatible; MJ12bot/v1.4.8; http://mj12bot.com/)"
217.182.175.222 - - [13/Nov/2023:07:04:08 +0100] "GET /placemat-kiub-collection-kook-ziggy-p-59081.html HTTP/1.0" 200 80392 "-" "Mozilla/5.0 (compatible; MJ12bot/v1.4.8; http://mj12bot.com/)"
47.128.44.75 - - [13/Nov/2023:07:04:09 +0100] "GET /luggages-schoolbags-leather-shop/backpacks/furby-small-backpack-p-20230.html HTTP/1.0" 301 77356 "-" "Mozilla/5.0 (Linux; Android 5.0) AppleWebKit/537.36 (KHTML, like Gecko) Mobile Safari/537.36 (compatible; Bytespider; spider-feedback@bytedance.com)"
47.128.44.75 - - [13/Nov/2023:07:04:13 +0100] "GET /-p-20230.html HTTP/1.0" 200 77289 "-" "Mozilla/5.0 (Linux; Android 5.0) AppleWebKit/537.36 (KHTML, like Gecko) Mobile Safari/537.36 (compatible; Bytespider; spider-feedback@bytedance.com)"
47.128.44.75 - - [13/Nov/2023:07:04:16 +0100] "GET /swfobject.js HTTP/1.0" 404 1308 "http://www.wonder-geek.com/-p-20230.html" "Mozilla/5.0 (Linux; Android 5.0) AppleWebKit/537.36 (KHTML, like Gecko) Mobile Safari/537.36 (compatible; Bytespider; spider-feedback@bytedance.com)"
54.36.149.9 - - [13/Nov/2023:07:04:11 +0100] "GET /animated-figurines-solar-flowers-c-292_273.html HTTP/1.0" 200 88116 "-" "Mozilla/5.0 (compatible; AhrefsBot/7.0; +http://ahrefs.com/robot/)"
91.137.17.143 - - [13/Nov/2023:07:04:15 +0100] "GET /candle-made-france-hours-white-musk-p-43881.html HTTP/1.0" 200 80137 "-" "Mozilla/5.0 (compatible; MJ12bot/v1.4.8; http://mj12bot.com/)"
119.63.195.252 - - [13/Nov/2023:07:04:21 +0100] "GET /images/mini_prod/8421440076059.jpg HTTP/1.0" 200 269 "-" "Mozilla/5.0 (Macintosh; Intel Mac OS X 10_15_7) AppleWebKit/537.36 (KHTML, like Gecko) Chrome/116.0.0.0 Safari/537.36"
47.128.44.75 - - [13/Nov/2023:07:04:22 +0100] "GET /highslide/graphics/outlines/drop-shadow.png HTTP/1.0" 200 277 "http://www.wonder-geek.com/-p-20230.html" "Mozilla/5.0 (Linux; Android 5.0) AppleWebKit/537.36 (KHTML, like Gecko) Mobile Safari/537.36 (compatible; Bytespider; spider-feedback@bytedance.com)"
47.128.44.75 - - [13/Nov/2023:07:04:22 +0100] "GET /highslide/graphics/zoomout.cur HTTP/1.0" 200 614 "http://www.wonder-geek.com/-p-20230.html" "Mozilla/5.0 (Linux; Android 5.0) AppleWebKit/537.36 (KHTML, like Gecko) Mobile Safari/537.36 (compatible; Bytespider; spider-feedback@bytedance.com)"
217.182.175.222 - - [13/Nov/2023:07:04:22 +0100] "GET /plate-bathroom-rules-metal-black-p-45422.html HTTP/1.0" 301 77356 "-" "Mozilla/5.0 (compatible; MJ12bot/v1.4.8; http://mj12bot.com/)"
91.137.17.143 - - [13/Nov/2023:07:04:28 +0100] "GET /candle-made-in-france-40-hours-coconut-p-43883.html HTTP/1.0" 301 80221 "-" "Mozilla/5.0 (compatible; MJ12bot/v1.4.8; http://mj12bot.com/)"
91.137.17.143 - - [13/Nov/2023:07:04:34 +0100] "GET /candle-made-france-hours-coconut-p-43883.html HTTP/1.0" 200 80122 "-" "Mozilla/5.0 (compatible; MJ12bot/v1.4.8; http://mj12bot.com/)"
47.128.37.89 - - [13/Nov/2023:07:04:36 +0100] "GET /miniature-retro-radio-station-p-33473.html HTTP/1.0" 301 77356 "-" "Mozilla/5.0 (Linux; Android 5.0) AppleWebKit/537.36 (KHTML, like Gecko) Mobile Safari/537.36 (compatible; Bytespider; spider-feedback@bytedance.com)"
47.128.37.89 - - [13/Nov/2023:07:04:38 +0100] "GET /-p-33473.html HTTP/1.0" 200 77289 "-" "Mozilla/5.0 (Linux; Android 5.0) AppleWebKit/537.36 (KHTML, like Gecko) Mobile Safari/537.36 (compatible; Bytespider; spider-feedback@bytedance.com)"
217.182.175.222 - - [13/Nov/2023:07:04:38 +0100] "GET /-p-45422.html HTTP/1.0" 200 77289 "-" "Mozilla/5.0 (compatible; MJ12bot/v1.4.8; http://mj12bot.com/)"
47.128.37.89 - - [13/Nov/2023:07:04:40 +0100] "GET /js/jquery.js HTTP/1.0" 200 252 "http://www.wonder-geek.com/-p-33473.html" "Mozilla/5.0 (Linux; Android 5.0) AppleWebKit/537.36 (KHTML, like Gecko) Mobile Safari/537.36 (compatible; Bytespider; spider-feedback@bytedance.com)"
47.128.37.89 - - [13/Nov/2023:07:04:40 +0100] "GET /swfobject.js HTTP/1.0" 404 1308 "http://www.wonder-geek.com/-p-33473.html" "Mozilla/5.0 (Linux; Android 5.0) AppleWebKit/537.36 (KHTML, like Gecko) Mobile Safari/537.36 (compatible; Bytespider; spider-feedback@bytedance.com)"
47.128.37.89 - - [13/Nov/2023:07:04:41 +0100] "GET /swfobject.js HTTP/1.0" 404 1308 "http://www.wonder-geek.com/-p-33473.html" "Mozilla/5.0 (Linux; Android 5.0) AppleWebKit/537.36 (KHTML, like Gecko) Mobile Safari/537.36 (compatible; Bytespider; spider-feedback@bytedance.com)"
47.128.37.89 - - [13/Nov/2023:07:04:45 +0100] "GET /highslide/graphics/outlines/drop-shadow.png HTTP/1.0" 200 277 "http://www.wonder-geek.com/-p-33473.html" "Mozilla/5.0 (Linux; Android 5.0) AppleWebKit/537.36 (KHTML, like Gecko) Mobile Safari/537.36 (compatible; Bytespider; spider-feedback@bytedance.com)"
47.128.37.89 - - [13/Nov/2023:07:04:45 +0100] "GET /highslide/graphics/zoomout.cur HTTP/1.0" 200 614 "http://www.wonder-geek.com/-p-33473.html" "Mozilla/5.0 (Linux; Android 5.0) AppleWebKit/537.36 (KHTML, like Gecko) Mobile Safari/537.36 (compatible; Bytespider; spider-feedback@bytedance.com)"
91.137.17.143 - - [13/Nov/2023:07:04:44 +0100] "GET /candle-made-in-france-40-hours-green-apple-p-43886.html HTTP/1.0" 301 80246 "-" "Mozilla/5.0 (compatible; MJ12bot/v1.4.8; http://mj12bot.com/)"
149.202.86.86 - - [13/Nov/2023:07:04:47 +0100] "GET /robots.txt HTTP/1.0" 200 245 "-" "Mozilla/5.0 (compatible; MJ12bot/v1.4.8; http://mj12bot.com/)"
103.131.71.30 - - [13/Nov/2023:07:04:48 +0100] "GET /robots.txt HTTP/1.0" 301 531 "-" "Mozilla/5.0 (compatible; coccocbot-image/1.0; +http://help.coccoc.com/searchengine)"
103.131.71.30 - - [13/Nov/2023:07:04:50 +0100] "GET /robots.txt HTTP/1.0" 200 245 "-" "Mozilla/5.0 (compatible; coccocbot-image/1.0; +http://help.coccoc.com/searchengine)"
91.137.17.143 - - [13/Nov/2023:07:04:49 +0100] "GET /candle-made-france-hours-green-apple-p-43886.html HTTP/1.0" 200 80143 "-" "Mozilla/5.0 (compatible; MJ12bot/v1.4.8; http://mj12bot.com/)"
103.131.71.32 - - [13/Nov/2023:07:04:52 +0100] "GET /robots.txt HTTP/1.0" 200 245 "-" "Mozilla/5.0 (compatible; coccocbot-image/1.0; +http://help.coccoc.com/searchengine)"
103.131.71.38 - - [13/Nov/2023:07:04:54 +0100] "GET /images/big_prod/6970204135645.jpg HTTP/1.0" 200 268 "-" "Mozilla/5.0 (compatible; coccocbot-image/1.0; +http://help.coccoc.com/searchengine)"
85.208.96.206 - - [13/Nov/2023:07:04:53 +0100] "GET /horn-decoration-brass-p-40142.html HTTP/1.0" 200 79656 "-" "Mozilla/5.0 (compatible; SemrushBot/7~bl; +http://www.semrush.com/bot.html)"
91.137.17.143 - - [13/Nov/2023:07:04:54 +0100] "GET /candle-made-in-france-40-hours-lemongrass-p-43876.html HTTP/1.0" 301 80239 "-" "Mozilla/5.0 (compatible; MJ12bot/v1.4.8; http://mj12bot.com/)"
217.182.175.222 - - [13/Nov/2023:07:04:59 +0100] "GET /plus-plus-300-pieces-neon-set-p-19760.html HTTP/1.0" 301 77356 "-" "Mozilla/5.0 (compatible; MJ12bot/v1.4.8; http://mj12bot.com/)"
85.208.96.200 - - [13/Nov/2023:07:04:59 +0100] "GET /unicorn-water-bottle-p-53277.html HTTP/1.0" 200 77367 "-" "Mozilla/5.0 (compatible; SemrushBot/7~bl; +http://www.semrush.com/bot.html)"
91.137.17.143 - - [13/Nov/2023:07:05:00 +0100] "GET /candle-made-france-hours-lemongrass-p-43876.html HTTP/1.0" 200 80137 "-" "Mozilla/5.0 (compatible; MJ12bot/v1.4.8; http://mj12bot.com/)"
47.128.45.125 - - [13/Nov/2023:07:05:04 +0100] "GET /model-vespa-90ss-1965-blue-p-18643.html HTTP/1.0" 301 77356 "-" "Mozilla/5.0 (Linux; Android 5.0) AppleWebKit/537.36 (KHTML, like Gecko) Mobile Safari/537.36 (compatible; Bytespider; spider-feedback@bytedance.com)"
202.239.4.16 - - [13/Nov/2023:07:05:06 +0100] "GET /images/big_prod_1/5060108722728a.jpg HTTP/1.0" 200 271 "-" "Mozilla/5.0 (compatible; Y!J-WSC/1.0; +https://yahoo.jp/3BSZgF)"
47.128.45.125 - - [13/Nov/2023:07:05:06 +0100] "GET /-p-18643.html HTTP/1.0" 200 77289 "-" "Mozilla/5.0 (Linux; Android 5.0) AppleWebKit/537.36 (KHTML, like Gecko) Mobile Safari/537.36 (compatible; Bytespider; spider-feedback@bytedance.com)"
91.137.17.143 - - [13/Nov/2023:07:05:06 +0100] "GET /candle-made-in-france-40-hours-ocean-p-43884.html HTTP/1.0" 301 80209 "-" "Mozilla/5.0 (compatible; MJ12bot/v1.4.8; http://mj12bot.com/)"
47.128.45.125 - - [13/Nov/2023:07:05:08 +0100] "GET /swfobject.js HTTP/1.0" 404 1308 "http://www.wonder-geek.com/-p-18643.html" "Mozilla/5.0 (Linux; Android 5.0) AppleWebKit/537.36 (KHTML, like Gecko) Mobile Safari/537.36 (compatible; Bytespider; spider-feedback@bytedance.com)"
47.128.45.125 - - [13/Nov/2023:07:05:08 +0100] "GET /highslide/graphics/outlines/drop-shadow.png HTTP/1.0" 200 277 "http://www.wonder-geek.com/-p-18643.html" "Mozilla/5.0 (Linux; Android 5.0) AppleWebKit/537.36 (KHTML, like Gecko) Mobile Safari/537.36 (compatible; Bytespider; spider-feedback@bytedance.com)"
47.128.45.125 - - [13/Nov/2023:07:05:08 +0100] "GET /highslide/graphics/zoomout.cur HTTP/1.0" 200 614 "http://www.wonder-geek.com/-p-18643.html" "Mozilla/5.0 (Linux; Android 5.0) AppleWebKit/537.36 (KHTML, like Gecko) Mobile Safari/537.36 (compatible; Bytespider; spider-feedback@bytedance.com)"
91.137.17.143 - - [13/Nov/2023:07:05:10 +0100] "GET /candle-made-france-hours-ocean-p-43884.html HTTP/1.0" 200 80112 "-" "Mozilla/5.0 (compatible; MJ12bot/v1.4.8; http://mj12bot.com/)"
217.182.175.222 - - [13/Nov/2023:07:05:16 +0100] "GET /-p-19760.html HTTP/1.0" 200 77289 "-" "Mozilla/5.0 (compatible; MJ12bot/v1.4.8; http://mj12bot.com/)"
91.137.17.143 - - [13/Nov/2023:07:05:17 +0100] "GET /candle-made-in-france-40-hours-white-musk-p-43881.html HTTP/1.0" 301 80239 "-" "Mozilla/5.0 (compatible; MJ12bot/v1.4.8; http://mj12bot.com/)"
91.137.17.143 - - [13/Nov/2023:07:05:21 +0100] "GET /candle-made-france-hours-white-musk-p-43881.html HTTP/1.0" 200 80137 "-" "Mozilla/5.0 (compatible; MJ12bot/v1.4.8; http://mj12bot.com/)"
91.137.17.143 - - [13/Nov/2023:07:05:26 +0100] "GET /candy-mouse-cbkreation-p-13988.html HTTP/1.0" 200 79605 "-" "Mozilla/5.0 (compatible; MJ12bot/v1.4.8; http://mj12bot.com/)"
47.128.37.70 - - [13/Nov/2023:07:05:33 +0100] "GET /halloween-figurine-sonny-p-37901.html HTTP/1.0" 200 77379 "-" "Mozilla/5.0 (Linux; Android 5.0) AppleWebKit/537.36 (KHTML, like Gecko) Mobile Safari/537.36 (compatible; Bytespider; spider-feedback@bytedance.com)"
47.128.37.70 - - [13/Nov/2023:07:05:35 +0100] "GET /swfobject.js HTTP/1.0" 404 1308 "http://www.wonder-geek.com/halloween-figurine-sonny-p-37901.html" "Mozilla/5.0 (Linux; Android 5.0) AppleWebKit/537.36 (KHTML, like Gecko) Mobile Safari/537.36 (compatible; Bytespider; spider-feedback@bytedance.com)"
47.128.37.70 - - [13/Nov/2023:07:05:36 +0100] "GET /highslide/graphics/zoomout.cur HTTP/1.0" 200 614 "http://www.wonder-geek.com/halloween-figurine-sonny-p-37901.html" "Mozilla/5.0 (Linux; Android 5.0) AppleWebKit/537.36 (KHTML, like Gecko) Mobile Safari/537.36 (compatible; Bytespider; spider-feedback@bytedance.com)"
47.128.37.70 - - [13/Nov/2023:07:05:36 +0100] "GET /highslide/graphics/outlines/drop-shadow.png HTTP/1.0" 200 277 "http://www.wonder-geek.com/halloween-figurine-sonny-p-37901.html" "Mozilla/5.0 (Linux; Android 5.0) AppleWebKit/537.36 (KHTML, like Gecko) Mobile Safari/537.36 (compatible; Bytespider; spider-feedback@bytedance.com)"
217.182.175.222 - - [13/Nov/2023:07:05:35 +0100] "GET /plus-plus-480-pieces-in-p-25965.html HTTP/1.0" 301 77356 "-" "Mozilla/5.0 (compatible; MJ12bot/v1.4.8; http://mj12bot.com/)"
91.137.17.143 - - [13/Nov/2023:07:05:39 +0100] "GET /candy-mouse-pad-cbkreation-p-13988.html HTTP/1.0" 301 79694 "-" "Mozilla/5.0 (compatible; MJ12bot/v1.4.8; http://mj12bot.com/)"
101.198.192.11 - - [13/Nov/2023:07:05:46 +0100] "GET /images/mini_prod/3279396045910.jpg HTTP/1.0" 200 269 "-" "Mozilla/5.0 (X11; Ubuntu; Linux x86_64; rv:72.0) Gecko/20100101 Firefox/72.0"
91.137.17.143 - - [13/Nov/2023:07:05:45 +0100] "GET /candy-mouse-cbkreation-p-13988.html HTTP/1.0" 200 79605 "-" "Mozilla/5.0 (compatible; MJ12bot/v1.4.8; http://mj12bot.com/)"
185.191.171.19 - - [13/Nov/2023:07:05:46 +0100] "GET /leaves-round-placemat-p-56308.html HTTP/1.0" 200 80190 "-" "Mozilla/5.0 (compatible; SemrushBot/7~bl; +http://www.semrush.com/bot.html)"
91.137.17.143 - - [13/Nov/2023:07:05:55 +0100] "GET /candytuft-flower-fairies-teapot-p-40075.html HTTP/1.0" 200 81389 "-" "Mozilla/5.0 (compatible; MJ12bot/v1.4.8; http://mj12bot.com/)"
54.36.148.31 - - [13/Nov/2023:07:05:55 +0100] "GET /boxes-storage-c-13_150.html?page=2 HTTP/1.0" 200 100639 "-" "Mozilla/5.0 (compatible; AhrefsBot/7.0; +http://ahrefs.com/robot/)"
85.208.96.194 - - [13/Nov/2023:07:05:58 +0100] "GET /-p-42377.html HTTP/1.0" 200 77289 "-" "Mozilla/5.0 (compatible; SemrushBot/7~bl; +http://www.semrush.com/bot.html)"
54.36.149.72 - - [13/Nov/2023:07:05:59 +0100] "GET /poster-berger-45-50-70-cm-p-43711.html HTTP/1.0" 301 77443 "-" "Mozilla/5.0 (compatible; AhrefsBot/7.0; +http://ahrefs.com/robot/)"
217.182.175.222 - - [13/Nov/2023:07:05:59 +0100] "GET /-p-25965.html HTTP/1.0" 200 77289 "-" "Mozilla/5.0 (compatible; MJ12bot/v1.4.8; http://mj12bot.com/)"
47.128.26.139 - - [13/Nov/2023:07:06:01 +0100] "GET /llama-love-glasses-case-p-47580.html HTTP/1.0" 301 77356 "-" "Mozilla/5.0 (Linux; Android 5.0) AppleWebKit/537.36 (KHTML, like Gecko) Mobile Safari/537.36 (compatible; Bytespider; spider-feedback@bytedance.com)"
47.128.26.139 - - [13/Nov/2023:07:06:02 +0100] "GET /-p-47580.html HTTP/1.0" 200 77289 "-" "Mozilla/5.0 (Linux; Android 5.0) AppleWebKit/537.36 (KHTML, like Gecko) Mobile Safari/537.36 (compatible; Bytespider; spider-feedback@bytedance.com)"
47.128.26.139 - - [13/Nov/2023:07:06:04 +0100] "GET /swfobject.js HTTP/1.0" 404 1308 "http://www.wonder-geek.com/-p-47580.html" "Mozilla/5.0 (Linux; Android 5.0) AppleWebKit/537.36 (KHTML, like Gecko) Mobile Safari/537.36 (compatible; Bytespider; spider-feedback@bytedance.com)"
91.137.17.143 - - [13/Nov/2023:07:06:04 +0100] "GET /captain-america-bust-bank-p-30234.html HTTP/1.0" 301 77356 "-" "Mozilla/5.0 (compatible; MJ12bot/v1.4.8; http://mj12bot.com/)"
47.128.26.139 - - [13/Nov/2023:07:06:08 +0100] "GET /highslide/graphics/outlines/drop-shadow.png HTTP/1.0" 200 277 "http://www.wonder-geek.com/-p-47580.html" "Mozilla/5.0 (Linux; Android 5.0) AppleWebKit/537.36 (KHTML, like Gecko) Mobile Safari/537.36 (compatible; Bytespider; spider-feedback@bytedance.com)"
47.128.26.139 - - [13/Nov/2023:07:06:08 +0100] "GET /highslide/graphics/zoomout.cur HTTP/1.0" 200 614 "http://www.wonder-geek.com/-p-47580.html" "Mozilla/5.0 (Linux; Android 5.0) AppleWebKit/537.36 (KHTML, like Gecko) Mobile Safari/537.36 (compatible; Bytespider; spider-feedback@bytedance.com)"
91.137.17.143 - - [13/Nov/2023:07:06:10 +0100] "GET /-p-30234.html HTTP/1.0" 200 77289 "-" "Mozilla/5.0 (compatible; MJ12bot/v1.4.8; http://mj12bot.com/)"
123.126.50.170 - - [13/Nov/2023:07:06:16 +0100] "GET / HTTP/1.0" 301 511 "-" "Sogou web spider/4.0(+http://www.sogou.com/docs/help/webmasters.htm#07)"
91.137.17.143 - - [13/Nov/2023:07:06:15 +0100] "GET /caramel-and-cie-kit-purple-rabbits-p-48795.html HTTP/1.0" 301 77484 "-" "Mozilla/5.0 (compatible; MJ12bot/v1.4.8; http://mj12bot.com/)"
217.182.175.222 - - [13/Nov/2023:07:06:16 +0100] "GET /plus-plus-600-pieces-basic-set-p-19756.html HTTP/1.0" 301 77356 "-" "Mozilla/5.0 (compatible; MJ12bot/v1.4.8; http://mj12bot.com/)"
91.137.17.143 - - [13/Nov/2023:07:06:19 +0100] "GET /caramel-purple-rabbits-p-48795.html HTTP/1.0" 200 77395 "-" "Mozilla/5.0 (compatible; MJ12bot/v1.4.8; http://mj12bot.com/)"
123.126.50.155 - - [13/Nov/2023:07:06:16 +0100] "GET / HTTP/1.0" 200 158578 "-" "Sogou web spider/4.0(+http://www.sogou.com/docs/help/webmasters.htm#07)"
91.137.17.143 - - [13/Nov/2023:07:06:24 +0100] "GET /caramel-purple-rabbits-p-48795.html HTTP/1.0" 200 77395 "-" "Mozilla/5.0 (compatible; MJ12bot/v1.4.8; http://mj12bot.com/)"
47.128.22.157 - - [13/Nov/2023:07:06:29 +0100] "GET /teo-jasmin-teo-surf-placemat-p-34931.html HTTP/1.0" 301 77462 "-" "Mozilla/5.0 (Linux; Android 5.0) AppleWebKit/537.36 (KHTML, like Gecko) Mobile Safari/537.36 (compatible; Bytespider; spider-feedback@bytedance.com)"
47.128.22.157 - - [13/Nov/2023:07:06:31 +0100] "GET /jasmin-surf-placemat-p-34931.html HTTP/1.0" 200 77375 "-" "Mozilla/5.0 (Linux; Android 5.0) AppleWebKit/537.36 (KHTML, like Gecko) Mobile Safari/537.36 (compatible; Bytespider; spider-feedback@bytedance.com)"
91.137.17.143 - - [13/Nov/2023:07:06:31 +0100] "GET /care-bear-harmony-bear-plush-22-cm-p-33651.html HTTP/1.0" 301 77356 "-" "Mozilla/5.0 (compatible; MJ12bot/v1.4.8; http://mj12bot.com/)"
47.128.22.157 - - [13/Nov/2023:07:06:33 +0100] "GET /swfobject.js HTTP/1.0" 404 1308 "http://www.wonder-geek.com/jasmin-surf-placemat-p-34931.html" "Mozilla/5.0 (Linux; Android 5.0) AppleWebKit/537.36 (KHTML, like Gecko) Mobile Safari/537.36 (compatible; Bytespider; spider-feedback@bytedance.com)"
91.137.17.143 - - [13/Nov/2023:07:06:38 +0100] "GET /-p-33651.html HTTP/1.0" 200 77289 "-" "Mozilla/5.0 (compatible; MJ12bot/v1.4.8; http://mj12bot.com/)"
47.128.22.157 - - [13/Nov/2023:07:06:40 +0100] "GET /highslide/graphics/outlines/drop-shadow.png HTTP/1.0" 200 277 "http://www.wonder-geek.com/jasmin-surf-placemat-p-34931.html" "Mozilla/5.0 (Linux; Android 5.0) AppleWebKit/537.36 (KHTML, like Gecko) Mobile Safari/537.36 (compatible; Bytespider; spider-feedback@bytedance.com)"
47.128.22.157 - - [13/Nov/2023:07:06:40 +0100] "GET /highslide/graphics/zoomout.cur HTTP/1.0" 200 614 "http://www.wonder-geek.com/jasmin-surf-placemat-p-34931.html" "Mozilla/5.0 (Linux; Android 5.0) AppleWebKit/537.36 (KHTML, like Gecko) Mobile Safari/537.36 (compatible; Bytespider; spider-feedback@bytedance.com)"
217.182.175.222 - - [13/Nov/2023:07:06:42 +0100] "GET /-p-19756.html HTTP/1.0" 200 77289 "-" "Mozilla/5.0 (compatible; MJ12bot/v1.4.8; http://mj12bot.com/)"
66.249.66.205 - - [13/Nov/2023:07:06:42 +0100] "GET /elvis-presley-black-shirt-p-29563.html HTTP/1.0" 200 81093 "-" "Mozilla/5.0 (Linux; Android 6.0.1; Nexus 5X Build/MMB29P) AppleWebKit/537.36 (KHTML, like Gecko) Chrome/119.0.6045.123 Mobile Safari/537.36 (compatible; Googlebot/2.1; +http://www.google.com/bot.html)"
91.137.17.143 - - [13/Nov/2023:07:06:43 +0100] "GET /cars-chandelier-p-33151.html HTTP/1.0" 200 77355 "-" "Mozilla/5.0 (compatible; MJ12bot/v1.4.8; http://mj12bot.com/)"
91.137.17.143 - - [13/Nov/2023:07:06:52 +0100] "GET /cars-crayola-color-number-p-16613.html HTTP/1.0" 301 77356 "-" "Mozilla/5.0 (compatible; MJ12bot/v1.4.8; http://mj12bot.com/)"
91.137.17.143 - - [13/Nov/2023:07:06:57 +0100] "GET /-p-16613.html HTTP/1.0" 200 77289 "-" "Mozilla/5.0 (compatible; MJ12bot/v1.4.8; http://mj12bot.com/)"
47.128.23.22 - - [13/Nov/2023:07:06:58 +0100] "GET /miss-fifties-placemat-p-48102.html HTTP/1.0" 200 77363 "-" "Mozilla/5.0 (Linux; Android 5.0) AppleWebKit/537.36 (KHTML, like Gecko) Mobile Safari/537.36 (compatible; Bytespider; spider-feedback@bytedance.com)"
47.128.23.22 - - [13/Nov/2023:07:07:01 +0100] "GET /swfobject.js HTTP/1.0" 404 1308 "http://www.wonder-geek.com/miss-fifties-placemat-p-48102.html" "Mozilla/5.0 (Linux; Android 5.0) AppleWebKit/537.36 (KHTML, like Gecko) Mobile Safari/537.36 (compatible; Bytespider; spider-feedback@bytedance.com)"
47.128.23.22 - - [13/Nov/2023:07:07:03 +0100] "GET /highslide/graphics/outlines/drop-shadow.png HTTP/1.0" 200 277 "http://www.wonder-geek.com/miss-fifties-placemat-p-48102.html" "Mozilla/5.0 (Linux; Android 5.0) AppleWebKit/537.36 (KHTML, like Gecko) Mobile Safari/537.36 (compatible; Bytespider; spider-feedback@bytedance.com)"
47.128.23.22 - - [13/Nov/2023:07:07:03 +0100] "GET /highslide/graphics/zoomout.cur HTTP/1.0" 200 614 "http://www.wonder-geek.com/miss-fifties-placemat-p-48102.html" "Mozilla/5.0 (Linux; Android 5.0) AppleWebKit/537.36 (KHTML, like Gecko) Mobile Safari/537.36 (compatible; Bytespider; spider-feedback@bytedance.com)"
217.182.175.222 - - [13/Nov/2023:07:07:04 +0100] "GET /plus-plus-mini-basic-aircraft-170-pieces-p-29209.html HTTP/1.0" 301 77356 "-" "Mozilla/5.0 (compatible; MJ12bot/v1.4.8; http://mj12bot.com/)"
91.137.17.143 - - [13/Nov/2023:07:07:04 +0100] "GET /cars-crayola-coloring-p-16611.html HTTP/1.0" 301 77356 "-" "Mozilla/5.0 (compatible; MJ12bot/v1.4.8; http://mj12bot.com/)"
91.137.17.143 - - [13/Nov/2023:07:07:08 +0100] "GET /-p-16611.html HTTP/1.0" 200 77289 "-" "Mozilla/5.0 (compatible; MJ12bot/v1.4.8; http://mj12bot.com/)"
91.137.17.143 - - [13/Nov/2023:07:07:12 +0100] "GET /cars-crayola-coloring-set-p-16611.html HTTP/1.0" 301 77356 "-" "Mozilla/5.0 (compatible; MJ12bot/v1.4.8; http://mj12bot.com/)"
91.137.17.143 - - [13/Nov/2023:07:07:21 +0100] "GET /-p-16611.html HTTP/1.0" 200 77289 "-" "Mozilla/5.0 (compatible; MJ12bot/v1.4.8; http://mj12bot.com/)"
217.182.175.222 - - [13/Nov/2023:07:07:23 +0100] "GET /-p-29209.html HTTP/1.0" 200 77289 "-" "Mozilla/5.0 (compatible; MJ12bot/v1.4.8; http://mj12bot.com/)"
47.128.26.192 - - [13/Nov/2023:07:07:25 +0100] "GET /set-of-pair-of-socks-spongebob-size-19-22-p-24782.html HTTP/1.0" 301 77356 "-" "Mozilla/5.0 (Linux; Android 5.0) AppleWebKit/537.36 (KHTML, like Gecko) Mobile Safari/537.36 (compatible; Bytespider; spider-feedback@bytedance.com)"
91.137.17.143 - - [13/Nov/2023:07:07:27 +0100] "GET /cars-crayola-magic-coloring-p-32537.html HTTP/1.0" 301 77356 "-" "Mozilla/5.0 (compatible; MJ12bot/v1.4.8; http://mj12bot.com/)"
47.128.26.192 - - [13/Nov/2023:07:07:27 +0100] "GET /-p-24782.html HTTP/1.0" 200 77289 "-" "Mozilla/5.0 (Linux; Android 5.0) AppleWebKit/537.36 (KHTML, like Gecko) Mobile Safari/537.36 (compatible; Bytespider; spider-feedback@bytedance.com)"
47.128.26.192 - - [13/Nov/2023:07:07:29 +0100] "GET /swfobject.js HTTP/1.0" 404 1308 "http://www.wonder-geek.com/-p-24782.html" "Mozilla/5.0 (Linux; Android 5.0) AppleWebKit/537.36 (KHTML, like Gecko) Mobile Safari/537.36 (compatible; Bytespider; spider-feedback@bytedance.com)"
47.128.26.192 - - [13/Nov/2023:07:07:29 +0100] "GET /highslide/graphics/zoomout.cur HTTP/1.0" 200 614 "http://www.wonder-geek.com/-p-24782.html" "Mozilla/5.0 (Linux; Android 5.0) AppleWebKit/537.36 (KHTML, like Gecko) Mobile Safari/537.36 (compatible; Bytespider; spider-feedback@bytedance.com)"
47.128.26.192 - - [13/Nov/2023:07:07:30 +0100] "GET /highslide/graphics/outlines/drop-shadow.png HTTP/1.0" 200 277 "http://www.wonder-geek.com/-p-24782.html" "Mozilla/5.0 (Linux; Android 5.0) AppleWebKit/537.36 (KHTML, like Gecko) Mobile Safari/537.36 (compatible; Bytespider; spider-feedback@bytedance.com)"
111.202.101.156 - - [13/Nov/2023:07:07:29 +0100] "GET / HTTP/1.0" 200 158051 "-" "Sogou web spider/4.0(+http://www.sogou.com/docs/help/webmasters.htm#07)"
91.137.17.143 - - [13/Nov/2023:07:07:32 +0100] "GET /-p-32537.html HTTP/1.0" 200 77289 "-" "Mozilla/5.0 (compatible; MJ12bot/v1.4.8; http://mj12bot.com/)"
91.137.17.143 - - [13/Nov/2023:07:07:38 +0100] "GET /cars-crayola-magic-coloring-set-p-32537.html HTTP/1.0" 301 77356 "-" "Mozilla/5.0 (compatible; MJ12bot/v1.4.8; http://mj12bot.com/)"
217.182.175.222 - - [13/Nov/2023:07:07:42 +0100] "GET /plus-plus-mini-basic-construction-360-pieces-p-29208.html HTTP/1.0" 301 77356 "-" "Mozilla/5.0 (compatible; MJ12bot/v1.4.8; http://mj12bot.com/)"
91.137.17.143 - - [13/Nov/2023:07:07:42 +0100] "GET /-p-32537.html HTTP/1.0" 200 77289 "-" "Mozilla/5.0 (compatible; MJ12bot/v1.4.8; http://mj12bot.com/)"
54.36.149.41 - - [13/Nov/2023:07:07:43 +0100] "GET /-c-95_335.html HTTP/1.0" 200 76157 "-" "Mozilla/5.0 (compatible; AhrefsBot/7.0; +http://ahrefs.com/robot/)"
91.137.17.143 - - [13/Nov/2023:07:07:50 +0100] "GET /cars-crayola-set-color-by-number-p-16613.html HTTP/1.0" 301 77356 "-" "Mozilla/5.0 (compatible; MJ12bot/v1.4.8; http://mj12bot.com/)"
47.128.61.250 - - [13/Nov/2023:07:07:52 +0100] "GET /stop-wooden-frame-p-45702.html HTTP/1.0" 200 77347 "-" "Mozilla/5.0 (Linux; Android 5.0) AppleWebKit/537.36 (KHTML, like Gecko) Mobile Safari/537.36 (compatible; Bytespider; spider-feedback@bytedance.com)"
47.128.61.250 - - [13/Nov/2023:07:07:54 +0100] "GET /swfobject.js HTTP/1.0" 404 1308 "http://www.wonder-geek.com/stop-wooden-frame-p-45702.html" "Mozilla/5.0 (Linux; Android 5.0) AppleWebKit/537.36 (KHTML, like Gecko) Mobile Safari/537.36 (compatible; Bytespider; spider-feedback@bytedance.com)"
185.191.171.19 - - [13/Nov/2023:07:07:54 +0100] "GET /coconut-fibers-doormat-mandala-p-55102.html HTTP/1.0" 200 80596 "-" "Mozilla/5.0 (compatible; SemrushBot/7~bl; +http://www.semrush.com/bot.html)"
91.137.17.143 - - [13/Nov/2023:07:07:56 +0100] "GET /-p-16613.html HTTP/1.0" 200 77289 "-" "Mozilla/5.0 (compatible; MJ12bot/v1.4.8; http://mj12bot.com/)"
47.128.61.250 - - [13/Nov/2023:07:07:59 +0100] "GET /highslide/graphics/outlines/drop-shadow.png HTTP/1.0" 200 277 "http://www.wonder-geek.com/stop-wooden-frame-p-45702.html" "Mozilla/5.0 (Linux; Android 5.0) AppleWebKit/537.36 (KHTML, like Gecko) Mobile Safari/537.36 (compatible; Bytespider; spider-feedback@bytedance.com)"
47.128.61.250 - - [13/Nov/2023:07:07:59 +0100] "GET /highslide/graphics/zoomout.cur HTTP/1.0" 200 614 "http://www.wonder-geek.com/stop-wooden-frame-p-45702.html" "Mozilla/5.0 (Linux; Android 5.0) AppleWebKit/537.36 (KHTML, like Gecko) Mobile Safari/537.36 (compatible; Bytespider; spider-feedback@bytedance.com)"
91.137.17.143 - - [13/Nov/2023:07:08:04 +0100] "GET /cars-crayola-set-coloring-pages-erasable-p-16606.html HTTP/1.0" 301 77356 "-" "Mozilla/5.0 (compatible; MJ12bot/v1.4.8; http://mj12bot.com/)"
178.25.242.225 - - [13/Nov/2023:07:08:08 +0100] "GET /-p-16606.html HTTP/1.0" 200 77289 "-" "Mozilla/5.0 (compatible; MJ12bot/v1.4.8; http://mj12bot.com/)"
217.182.175.222 - - [13/Nov/2023:07:08:09 +0100] "GET /-p-29208.html HTTP/1.0" 200 77289 "-" "Mozilla/5.0 (compatible; MJ12bot/v1.4.8; http://mj12bot.com/)"
178.25.242.225 - - [13/Nov/2023:07:08:11 +0100] "GET /cars-cushion-p-25906.html HTTP/1.0" 301 77356 "-" "Mozilla/5.0 (compatible; MJ12bot/v1.4.8; http://mj12bot.com/)"
91.137.17.143 - - [13/Nov/2023:07:08:17 +0100] "GET /-p-25906.html HTTP/1.0" 200 77289 "-" "Mozilla/5.0 (compatible; MJ12bot/v1.4.8; http://mj12bot.com/)"
91.137.17.143 - - [13/Nov/2023:07:08:23 +0100] "GET /cars-cushion-p-31714.html HTTP/1.0" 301 77356 "-" "Mozilla/5.0 (compatible; MJ12bot/v1.4.8; http://mj12bot.com/)"
91.137.17.143 - - [13/Nov/2023:07:08:31 +0100] "GET /-p-31714.html HTTP/1.0" 200 77289 "-" "Mozilla/5.0 (compatible; MJ12bot/v1.4.8; http://mj12bot.com/)"
217.182.175.222 - - [13/Nov/2023:07:08:36 +0100] "GET /plus-plus-mini-basic-fire-truck-760-pieces-p-29213.html HTTP/1.0" 301 77356 "-" "Mozilla/5.0 (compatible; MJ12bot/v1.4.8; http://mj12bot.com/)"
91.137.17.143 - - [13/Nov/2023:07:08:37 +0100] "GET /cars-disney-birthday-3d-card-with-envelope-p-34431.html HTTP/1.0" 301 77356 "-" "Mozilla/5.0 (compatible; MJ12bot/v1.4.8; http://mj12bot.com/)"
185.191.171.17 - - [13/Nov/2023:07:08:39 +0100] "GET /saucer-p-53817.html HTTP/1.0" 200 80197 "-" "Mozilla/5.0 (compatible; SemrushBot/7~bl; +http://www.semrush.com/bot.html)"
91.137.17.143 - - [13/Nov/2023:07:08:41 +0100] "GET /-p-34431.html HTTP/1.0" 200 77289 "-" "Mozilla/5.0 (compatible; MJ12bot/v1.4.8; http://mj12bot.com/)"
91.137.17.143 - - [13/Nov/2023:07:08:48 +0100] "GET /cars-disney-grey-tee-shirt-p-31016.html HTTP/1.0" 301 77356 "-" "Mozilla/5.0 (compatible; MJ12bot/v1.4.8; http://mj12bot.com/)"
91.137.17.143 - - [13/Nov/2023:07:08:52 +0100] "GET /-p-31016.html HTTP/1.0" 200 77289 "-" "Mozilla/5.0 (compatible; MJ12bot/v1.4.8; http://mj12bot.com/)"
217.182.175.222 - - [13/Nov/2023:07:08:59 +0100] "GET /-p-29213.html HTTP/1.0" 200 77289 "-" "Mozilla/5.0 (compatible; MJ12bot/v1.4.8; http://mj12bot.com/)"
91.137.17.143 - - [13/Nov/2023:07:09:00 +0100] "GET /cars-disney-pajamas-p-32508.html HTTP/1.0" 301 77356 "-" "Mozilla/5.0 (compatible; MJ12bot/v1.4.8; http://mj12bot.com/)"
91.137.17.143 - - [13/Nov/2023:07:09:04 +0100] "GET /-p-32508.html HTTP/1.0" 200 77289 "-" "Mozilla/5.0 (compatible; MJ12bot/v1.4.8; http://mj12bot.com/)"
91.137.17.143 - - [13/Nov/2023:07:09:10 +0100] "GET /cars-disney-trolley-bag-p-30354.html HTTP/1.0" 301 77473 "-" "Mozilla/5.0 (compatible; MJ12bot/v1.4.8; http://mj12bot.com/)"
185.191.171.3 - - [13/Nov/2023:07:09:12 +0100] "GET /round-chair-cushion-reversible-mustard-taupe-p-54653.html HTTP/1.0" 200 77439 "-" "Mozilla/5.0 (compatible; SemrushBot/7~bl; +http://www.semrush.com/bot.html)"
91.137.17.143 - - [13/Nov/2023:07:09:14 +0100] "GET /cars-disney-trolley-p-30354.html HTTP/1.0" 200 77387 "-" "Mozilla/5.0 (compatible; MJ12bot/v1.4.8; http://mj12bot.com/)"
85.208.96.203 - - [13/Nov/2023:07:09:16 +0100] "GET /retro-rugby-ball-toiletry-p-59132.html HTTP/1.0" 200 80962 "-" "Mozilla/5.0 (compatible; SemrushBot/7~bl; +http://www.semrush.com/bot.html)"
217.182.175.222 - - [13/Nov/2023:07:09:22 +0100] "GET /plus-plus-mini-basic-pirate-360-pieces-p-29207.html HTTP/1.0" 301 77356 "-" "Mozilla/5.0 (compatible; MJ12bot/v1.4.8; http://mj12bot.com/)"
185.191.171.15 - - [13/Nov/2023:07:09:26 +0100] "GET /harold-oven-mitt-p-43817.html HTTP/1.0" 200 79602 "-" "Mozilla/5.0 (compatible; SemrushBot/7~bl; +http://www.semrush.com/bot.html)"
85.208.96.195 - - [13/Nov/2023:07:09:29 +0100] "GET /bodega-cookware-p-37401.html HTTP/1.0" 200 79657 "-" "Mozilla/5.0 (compatible; SemrushBot/7~bl; +http://www.semrush.com/bot.html)"
91.137.17.143 - - [13/Nov/2023:07:09:38 +0100] "GET /cars-disney-trolley-p-30354.html HTTP/1.0" 200 77387 "-" "Mozilla/5.0 (compatible; MJ12bot/v1.4.8; http://mj12bot.com/)"
185.191.171.4 - - [13/Nov/2023:07:09:42 +0100] "GET /-p-40178.html HTTP/1.0" 200 77289 "-" "Mozilla/5.0 (compatible; SemrushBot/7~bl; +http://www.semrush.com/bot.html)"
217.182.175.222 - - [13/Nov/2023:07:09:42 +0100] "GET /-p-29207.html HTTP/1.0" 200 77289 "-" "Mozilla/5.0 (compatible; MJ12bot/v1.4.8; http://mj12bot.com/)"
91.137.17.143 - - [13/Nov/2023:07:09:54 +0100] "GET /cars-disney-white-tee-shirt-p-31017.html HTTP/1.0" 301 77356 "-" "Mozilla/5.0 (compatible; MJ12bot/v1.4.8; http://mj12bot.com/)"
91.137.17.143 - - [13/Nov/2023:07:09:59 +0100] "GET /-p-31017.html HTTP/1.0" 200 77289 "-" "Mozilla/5.0 (compatible; MJ12bot/v1.4.8; http://mj12bot.com/)"
91.137.17.143 - - [13/Nov/2023:07:10:03 +0100] "GET /cars-grey-blue-shirt-size-years-p-23588.html HTTP/1.0" 301 77356 "-" "Mozilla/5.0 (compatible; MJ12bot/v1.4.8; http://mj12bot.com/)"
217.182.175.222 - - [13/Nov/2023:07:10:05 +0100] "GET /plus-plus-mini-basic-pirate-ship-1060-pieces-p-29212.html HTTP/1.0" 301 77356 "-" "Mozilla/5.0 (compatible; MJ12bot/v1.4.8; http://mj12bot.com/)"
91.137.17.143 - - [13/Nov/2023:07:10:10 +0100] "GET /-p-23588.html HTTP/1.0" 200 77289 "-" "Mozilla/5.0 (compatible; MJ12bot/v1.4.8; http://mj12bot.com/)"
91.137.17.143 - - [13/Nov/2023:07:10:18 +0100] "GET /cars-grey-blue-shirt-size-years-p-23589.html HTTP/1.0" 301 77356 "-" "Mozilla/5.0 (compatible; MJ12bot/v1.4.8; http://mj12bot.com/)"
217.182.175.222 - - [13/Nov/2023:07:10:23 +0100] "GET /-p-29212.html HTTP/1.0" 200 77289 "-" "Mozilla/5.0 (compatible; MJ12bot/v1.4.8; http://mj12bot.com/)"
91.137.17.143 - - [13/Nov/2023:07:10:23 +0100] "GET /-p-23589.html HTTP/1.0" 200 77289 "-" "Mozilla/5.0 (compatible; MJ12bot/v1.4.8; http://mj12bot.com/)"
38.121.43.104 - - [13/Nov/2023:07:10:29 +0100] "GET //wp-content/plugins/royal-elementor-addons/readme.txt HTTP/1.0" 301 615 "www.google.com" "Mozlila/5.0 (Linux; Android 7.0; SM-G892A Bulid/NRD90M; wv) AppleWebKit/537.36 (KHTML, like Gecko) Version/4.0 Chrome/60.0.3112.107 Moblie Safari/537.36"
91.137.17.143 - - [13/Nov/2023:07:10:28 +0100] "GET /cars-grey-blue-shirt-size-years-p-23591.html HTTP/1.0" 301 77356 "-" "Mozilla/5.0 (compatible; MJ12bot/v1.4.8; http://mj12bot.com/)"
38.121.43.104 - - [13/Nov/2023:07:10:29 +0100] "GET /wp-content/plugins/royal-elementor-addons/readme.txt HTTP/1.0" 404 1308 "www.google.com" "Mozlila/5.0 (Linux; Android 7.0; SM-G892A Bulid/NRD90M; wv) AppleWebKit/537.36 (KHTML, like Gecko) Version/4.0 Chrome/60.0.3112.107 Moblie Safari/537.36"
91.137.17.143 - - [13/Nov/2023:07:10:33 +0100] "GET /-p-23591.html HTTP/1.0" 200 77289 "-" "Mozilla/5.0 (compatible; MJ12bot/v1.4.8; http://mj12bot.com/)"
54.36.148.187 - - [13/Nov/2023:07:10:33 +0100] "GET /cuba-toothpick-display-p-53466.html HTTP/1.0" 200 79623 "-" "Mozilla/5.0 (compatible; AhrefsBot/7.0; +http://ahrefs.com/robot/)"
91.137.17.143 - - [13/Nov/2023:07:10:39 +0100] "GET /cars-money-box-p-6908.html HTTP/1.0" 301 77353 "-" "Mozilla/5.0 (compatible; MJ12bot/v1.4.8; http://mj12bot.com/)"
91.137.17.143 - - [13/Nov/2023:07:10:47 +0100] "GET /-p-6908.html HTTP/1.0" 200 77287 "-" "Mozilla/5.0 (compatible; MJ12bot/v1.4.8; http://mj12bot.com/)"
217.182.175.222 - - [13/Nov/2023:07:10:48 +0100] "GET /plus-plus-mini-basic-safari-170-pieces-p-29210.html HTTP/1.0" 301 77356 "-" "Mozilla/5.0 (compatible; MJ12bot/v1.4.8; http://mj12bot.com/)"
91.137.17.143 - - [13/Nov/2023:07:10:55 +0100] "GET /cars-money-p-6908.html HTTP/1.0" 301 77353 "-" "Mozilla/5.0 (compatible; MJ12bot/v1.4.8; http://mj12bot.com/)"
91.137.17.143 - - [13/Nov/2023:07:11:00 +0100] "GET /-p-6908.html HTTP/1.0" 200 77287 "-" "Mozilla/5.0 (compatible; MJ12bot/v1.4.8; http://mj12bot.com/)"
91.137.17.143 - - [13/Nov/2023:07:11:05 +0100] "GET /cat-by-allen-cushion-45-cm-p-40065.html HTTP/1.0" 301 77356 "-" "Mozilla/5.0 (compatible; MJ12bot/v1.4.8; http://mj12bot.com/)"
217.182.175.222 - - [13/Nov/2023:07:11:07 +0100] "GET /-p-29210.html HTTP/1.0" 200 77289 "-" "Mozilla/5.0 (compatible; MJ12bot/v1.4.8; http://mj12bot.com/)"
91.137.17.143 - - [13/Nov/2023:07:11:12 +0100] "GET /-p-40065.html HTTP/1.0" 200 77289 "-" "Mozilla/5.0 (compatible; MJ12bot/v1.4.8; http://mj12bot.com/)"
91.137.17.143 - - [13/Nov/2023:07:11:18 +0100] "GET /cat-gold-jewelry-stand-and-white-cup-p-48823.html HTTP/1.0" 301 79977 "-" "Mozilla/5.0 (compatible; MJ12bot/v1.4.8; http://mj12bot.com/)"
91.137.17.143 - - [13/Nov/2023:07:11:23 +0100] "GET /gold-jewelry-stand-white-p-48823.html HTTP/1.0" 200 79886 "-" "Mozilla/5.0 (compatible; MJ12bot/v1.4.8; http://mj12bot.com/)"
185.191.171.13 - - [13/Nov/2023:07:11:27 +0100] "GET /dishes-c-12.html?page=69 HTTP/1.0" 200 99337 "-" "Mozilla/5.0 (compatible; SemrushBot/7~bl; +http://www.semrush.com/bot.html)"
91.137.17.143 - - [13/Nov/2023:07:11:28 +0100] "GET /cat-hanging-panel-60-65-cm-p-43867.html HTTP/1.0" 301 77356 "-" "Mozilla/5.0 (compatible; MJ12bot/v1.4.8; http://mj12bot.com/)"
185.191.171.8 - - [13/Nov/2023:07:11:33 +0100] "GET /chair-cushion-yellow-light-brown-p-54690.html HTTP/1.0" 200 79803 "-" "Mozilla/5.0 (compatible; SemrushBot/7~bl; +http://www.semrush.com/bot.html)"
91.137.17.143 - - [13/Nov/2023:07:11:37 +0100] "GET /-p-43867.html HTTP/1.0" 200 77289 "-" "Mozilla/5.0 (compatible; MJ12bot/v1.4.8; http://mj12bot.com/)"
217.182.175.222 - - [13/Nov/2023:07:11:40 +0100] "GET /plus-plus-mini-basic-safari-pieces-p-29210.html HTTP/1.0" 301 77356 "-" "Mozilla/5.0 (compatible; MJ12bot/v1.4.8; http://mj12bot.com/)"
91.137.17.143 - - [13/Nov/2023:07:11:45 +0100] "GET /cat-hanging-panel-77-54-cm-p-43869.html HTTP/1.0" 301 77356 "-" "Mozilla/5.0 (compatible; MJ12bot/v1.4.8; http://mj12bot.com/)"
91.137.17.143 - - [13/Nov/2023:07:11:51 +0100] "GET /-p-43869.html HTTP/1.0" 200 77289 "-" "Mozilla/5.0 (compatible; MJ12bot/v1.4.8; http://mj12bot.com/)"
217.182.175.222 - - [13/Nov/2023:07:11:57 +0100] "GET /-p-29210.html HTTP/1.0" 200 77289 "-" "Mozilla/5.0 (compatible; MJ12bot/v1.4.8; http://mj12bot.com/)"
91.137.17.143 - - [13/Nov/2023:07:11:58 +0100] "GET /cat-on-the-roof-dish-cake-p-37911.html HTTP/1.0" 301 77356 "-" "Mozilla/5.0 (compatible; MJ12bot/v1.4.8; http://mj12bot.com/)"
91.137.17.143 - - [13/Nov/2023:07:12:05 +0100] "GET /-p-37911.html HTTP/1.0" 200 77289 "-" "Mozilla/5.0 (compatible; MJ12bot/v1.4.8; http://mj12bot.com/)"
91.137.17.143 - - [13/Nov/2023:07:12:11 +0100] "GET /cat-tea-ball-beige-p-38025.html HTTP/1.0" 301 77400 "-" "Mozilla/5.0 (compatible; MJ12bot/v1.4.8; http://mj12bot.com/)"
91.137.17.143 - - [13/Nov/2023:07:12:17 +0100] "GET /ball-beige-p-38025.html HTTP/1.0" 200 77323 "-" "Mozilla/5.0 (compatible; MJ12bot/v1.4.8; http://mj12bot.com/)"
217.182.175.222 - - [13/Nov/2023:07:12:20 +0100] "GET /plus-plus-mini-neon-robots-170-pieces-p-29211.html HTTP/1.0" 301 77356 "-" "Mozilla/5.0 (compatible; MJ12bot/v1.4.8; http://mj12bot.com/)"
91.137.17.143 - - [13/Nov/2023:07:12:24 +0100] "GET /cat-tea-ball-grey-p-38026.html HTTP/1.0" 301 77411 "-" "Mozilla/5.0 (compatible; MJ12bot/v1.4.8; http://mj12bot.com/)"
91.137.17.143 - - [13/Nov/2023:07:12:29 +0100] "GET /ball-grey-p-38026.html HTTP/1.0" 200 77335 "-" "Mozilla/5.0 (compatible; MJ12bot/v1.4.8; http://mj12bot.com/)"
