66.249.66.206 - - [13/Nov/2023:10:35:16 +0100] "GET /orchid-rectangular-tablecloth-p-57935.html HTTP/1.0" 200 80660 "-" "Mozilla/5.0 (Linux; Android 6.0.1; Nexus 5X Build/MMB29P) AppleWebKit/537.36 (KHTML, like Gecko) Chrome/119.0.6045.123 Mobile Safari/537.36 (compatible; Googlebot/2.1; +http://www.google.com/bot.html)"
66.249.66.206 - - [13/Nov/2023:10:35:18 +0100] "GET /glasses-little-prince-p-60618.html HTTP/1.0" 200 80483 "-" "Mozilla/5.0 (Linux; Android 6.0.1; Nexus 5X Build/MMB29P) AppleWebKit/537.36 (KHTML, like Gecko) Chrome/119.0.6045.123 Mobile Safari/537.36 (compatible; Googlebot/2.1; +http://www.google.com/bot.html)"
149.202.86.86 - - [13/Nov/2023:10:35:18 +0100] "GET /neko-shirt-p-29601.html HTTP/1.0" 200 80828 "-" "Mozilla/5.0 (compatible; MJ12bot/v1.4.8; http://mj12bot.com/)"
149.202.86.86 - - [13/Nov/2023:10:35:23 +0100] "GET /nici-pirate-wallet-p-54622.html HTTP/1.0" 200 79899 "-" "Mozilla/5.0 (compatible; MJ12bot/v1.4.8; http://mj12bot.com/)"
149.202.86.86 - - [13/Nov/2023:10:35:27 +0100] "GET /night-lights-c-86_278.html?page=1 HTTP/1.0" 200 98034 "-" "Mozilla/5.0 (compatible; MJ12bot/v1.4.8; http://mj12bot.com/)"
149.202.86.86 - - [13/Nov/2023:10:35:30 +0100] "GET /night-lights-c-86_278.html?page=2 HTTP/1.0" 200 97948 "-" "Mozilla/5.0 (compatible; MJ12bot/v1.4.8; http://mj12bot.com/)"
149.202.86.86 - - [13/Nov/2023:10:35:34 +0100] "GET /night-lights-c-86_278.html?page=3 HTTP/1.0" 200 98677 "-" "Mozilla/5.0 (compatible; MJ12bot/v1.4.8; http://mj12bot.com/)"
85.208.96.195 - - [13/Nov/2023:10:35:37 +0100] "GET /adhesive-wall-decoration-dreamcatcher-p-53781.html HTTP/1.0" 200 81005 "-" "Mozilla/5.0 (compatible; SemrushBot/7~bl; +http://www.semrush.com/bot.html)"
149.202.86.86 - - [13/Nov/2023:10:35:38 +0100] "GET /night-lights-c-86_278.html?page=4 HTTP/1.0" 200 94344 "-" "Mozilla/5.0 (compatible; MJ12bot/v1.4.8; http://mj12bot.com/)"
149.202.86.86 - - [13/Nov/2023:10:35:41 +0100] "GET /nintendo-black-shirt-p-30195.html HTTP/1.0" 200 81146 "-" "Mozilla/5.0 (compatible; MJ12bot/v1.4.8; http://mj12bot.com/)"
149.202.86.86 - - [13/Nov/2023:10:35:44 +0100] "GET /old-car-mouse-pad-by-cbkreation-p-23325.html HTTP/1.0" 301 79850 "-" "Mozilla/5.0 (compatible; MJ12bot/v1.4.8; http://mj12bot.com/)"
149.202.86.86 - - [13/Nov/2023:10:35:47 +0100] "GET /mouse-cbkreation-p-23325.html HTTP/1.0" 200 79767 "-" "Mozilla/5.0 (compatible; MJ12bot/v1.4.8; http://mj12bot.com/)"
149.202.86.86 - - [13/Nov/2023:10:35:50 +0100] "GET /orange-kitchen-towel-50-70-cm-p-44418.html HTTP/1.0" 301 79835 "-" "Mozilla/5.0 (compatible; MJ12bot/v1.4.8; http://mj12bot.com/)"
149.202.86.86 - - [13/Nov/2023:10:35:53 +0100] "GET /orange-kitchen-towel-p-44418.html HTTP/1.0" 200 79748 "-" "Mozilla/5.0 (compatible; MJ12bot/v1.4.8; http://mj12bot.com/)"
149.202.86.86 - - [13/Nov/2023:10:35:56 +0100] "GET /orange-kitchen-towel-p-44418.html HTTP/1.0" 200 79748 "-" "Mozilla/5.0 (compatible; MJ12bot/v1.4.8; http://mj12bot.com/)"
149.202.86.86 - - [13/Nov/2023:10:35:59 +0100] "GET /owls-isothermic-stainless-steel-bottle-allen-p-56846.html HTTP/1.0" 200 81149 "-" "Mozilla/5.0 (compatible; MJ12bot/v1.4.8; http://mj12bot.com/)"
149.202.86.86 - - [13/Nov/2023:10:36:02 +0100] "GET /palo-santo-cones-backflow-incense-cones-p-54624.html HTTP/1.0" 200 80961 "-" "Mozilla/5.0 (compatible; MJ12bot/v1.4.8; http://mj12bot.com/)"
149.202.86.86 - - [13/Nov/2023:10:36:05 +0100] "GET /paperweight-girl-with-pearl-earring-vermeer-p-55504.html HTTP/1.0" 200 80647 "-" "Mozilla/5.0 (compatible; MJ12bot/v1.4.8; http://mj12bot.com/)"
149.202.86.86 - - [13/Nov/2023:10:36:08 +0100] "GET /paris-bistrot-adult-apron-p-59099.html HTTP/1.0" 200 80361 "-" "Mozilla/5.0 (compatible; MJ12bot/v1.4.8; http://mj12bot.com/)"
185.191.171.9 - - [13/Nov/2023:10:36:11 +0100] "GET /heart-home-stick-diffuser-peach-passion-p-59881.html HTTP/1.0" 200 81165 "-" "Mozilla/5.0 (compatible; SemrushBot/7~bl; +http://www.semrush.com/bot.html)"
149.202.86.86 - - [13/Nov/2023:10:36:11 +0100] "GET /parmesan-grater-with-multi-purpose-board-p-59105.html HTTP/1.0" 200 81068 "-" "Mozilla/5.0 (compatible; MJ12bot/v1.4.8; http://mj12bot.com/)"
185.191.171.12 - - [13/Nov/2023:10:36:14 +0100] "GET /bistrot-metal-tray-p-53576.html HTTP/1.0" 200 80599 "-" "Mozilla/5.0 (compatible; SemrushBot/7~bl; +http://www.semrush.com/bot.html)"
85.208.96.210 - - [13/Nov/2023:10:36:18 +0100] "GET /-p-50909.html HTTP/1.0" 200 77383 "-" "Mozilla/5.0 (compatible; SemrushBot/7~bl; +http://www.semrush.com/bot.html)"
47.128.47.174 - - [13/Nov/2023:10:36:22 +0100] "GET /pirate-flag-90-150-cm-p-41652.html HTTP/1.0" 301 77450 "-" "Mozilla/5.0 (Linux; Android 5.0) AppleWebKit/537.36 (KHTML, like Gecko) Mobile Safari/537.36 (compatible; Bytespider; spider-feedback@bytedance.com)"
47.128.47.174 - - [13/Nov/2023:10:36:24 +0100] "GET /-p-41652.html HTTP/1.0" 200 77383 "-" "Mozilla/5.0 (Linux; Android 5.0) AppleWebKit/537.36 (KHTML, like Gecko) Mobile Safari/537.36 (compatible; Bytespider; spider-feedback@bytedance.com)"
47.128.47.174 - - [13/Nov/2023:10:36:26 +0100] "GET /swfobject.js HTTP/1.0" 404 1308 "http://www.wonder-geek.com/-p-41652.html" "Mozilla/5.0 (Linux; Android 5.0) AppleWebKit/537.36 (KHTML, like Gecko) Mobile Safari/537.36 (compatible; Bytespider; spider-feedback@bytedance.com)"
185.191.171.5 - - [13/Nov/2023:10:36:24 +0100] "GET /salt-with-wooden-spoon-sardy-p-54510.html HTTP/1.0" 200 79793 "-" "Mozilla/5.0 (compatible; SemrushBot/7~bl; +http://www.semrush.com/bot.html)"
47.128.47.174 - - [13/Nov/2023:10:36:33 +0100] "GET /highslide/graphics/outlines/drop-shadow.png HTTP/1.0" 200 277 "http://www.wonder-geek.com/-p-41652.html" "Mozilla/5.0 (Linux; Android 5.0) AppleWebKit/537.36 (KHTML, like Gecko) Mobile Safari/537.36 (compatible; Bytespider; spider-feedback@bytedance.com)"
47.128.47.174 - - [13/Nov/2023:10:36:33 +0100] "GET /highslide/graphics/zoomout.cur HTTP/1.0" 200 614 "http://www.wonder-geek.com/-p-41652.html" "Mozilla/5.0 (Linux; Android 5.0) AppleWebKit/537.36 (KHTML, like Gecko) Mobile Safari/537.36 (compatible; Bytespider; spider-feedback@bytedance.com)"
54.36.148.243 - - [13/Nov/2023:10:36:35 +0100] "GET /dishes-c-12.html?page=24 HTTP/1.0" 200 98627 "-" "Mozilla/5.0 (compatible; AhrefsBot/7.0; +http://ahrefs.com/robot/)"
17.241.227.109 - - [13/Nov/2023:10:36:38 +0100] "GET /images/med_prod/3457010954057.jpg HTTP/1.0" 200 268 "-" "Mozilla/5.0 (Macintosh; Intel Mac OS X 10_15_5) AppleWebKit/605.1.15 (KHTML, like Gecko) Version/13.1.1 Safari/605.1.15 (Applebot/0.1; +http://www.apple.com/go/applebot)"
85.208.96.194 - - [13/Nov/2023:10:36:51 +0100] "GET /iphone-white-shell-with-personalized-picture-p-16339.html HTTP/1.0" 200 80484 "-" "Mozilla/5.0 (compatible; SemrushBot/7~bl; +http://www.semrush.com/bot.html)"
47.76.57.30 - - [13/Nov/2023:10:36:57 +0100] "GET /images/mini_prod/3438100339794.jpg HTTP/1.0" 200 269 "-" "Mozilla/5.0 (X11; Ubuntu; Linux x86_64; rv:72.0) Gecko/20100101 Firefox/72.0"
85.208.96.199 - - [13/Nov/2023:10:37:09 +0100] "GET /japanese-green-cast-iron-teapot-liter-p-37196.html HTTP/1.0" 200 77525 "-" "Mozilla/5.0 (compatible; SemrushBot/7~bl; +http://www.semrush.com/bot.html)"
47.128.35.84 - - [13/Nov/2023:10:37:10 +0100] "GET /luggages-schoolbags-leather-shop/bagshandbags-shoulder-bags/fitness-addict-sports-bag-p-19059.html HTTP/1.0" 301 77450 "-" "Mozilla/5.0 (Linux; Android 5.0) AppleWebKit/537.36 (KHTML, like Gecko) Mobile Safari/537.36 (compatible; Bytespider; spider-feedback@bytedance.com)"
47.128.35.84 - - [13/Nov/2023:10:37:12 +0100] "GET /-p-19059.html HTTP/1.0" 200 77383 "-" "Mozilla/5.0 (Linux; Android 5.0) AppleWebKit/537.36 (KHTML, like Gecko) Mobile Safari/537.36 (compatible; Bytespider; spider-feedback@bytedance.com)"
47.128.35.84 - - [13/Nov/2023:10:37:14 +0100] "GET /swfobject.js HTTP/1.0" 404 1308 "http://www.wonder-geek.com/-p-19059.html" "Mozilla/5.0 (Linux; Android 5.0) AppleWebKit/537.36 (KHTML, like Gecko) Mobile Safari/537.36 (compatible; Bytespider; spider-feedback@bytedance.com)"
47.128.35.84 - - [13/Nov/2023:10:37:17 +0100] "GET /swfobject.js HTTP/1.0" 404 1308 "http://www.wonder-geek.com/-p-19059.html" "Mozilla/5.0 (Linux; Android 5.0) AppleWebKit/537.36 (KHTML, like Gecko) Mobile Safari/537.36 (compatible; Bytespider; spider-feedback@bytedance.com)"
47.128.53.123 - - [13/Nov/2023:10:37:18 +0100] "GET /world-map-clock-34-cm-p-50184.html HTTP/1.0" 301 77450 "-" "Mozilla/5.0 (Linux; Android 5.0) AppleWebKit/537.36 (KHTML, like Gecko) Mobile Safari/537.36 (compatible; Bytespider; spider-feedback@bytedance.com)"
47.128.53.123 - - [13/Nov/2023:10:37:20 +0100] "GET /-p-50184.html HTTP/1.0" 200 77383 "-" "Mozilla/5.0 (Linux; Android 5.0) AppleWebKit/537.36 (KHTML, like Gecko) Mobile Safari/537.36 (compatible; Bytespider; spider-feedback@bytedance.com)"
47.128.53.123 - - [13/Nov/2023:10:37:21 +0100] "GET /swfobject.js HTTP/1.0" 404 1308 "http://www.wonder-geek.com/-p-50184.html" "Mozilla/5.0 (Linux; Android 5.0) AppleWebKit/537.36 (KHTML, like Gecko) Mobile Safari/537.36 (compatible; Bytespider; spider-feedback@bytedance.com)"
47.128.53.123 - - [13/Nov/2023:10:37:22 +0100] "GET /highslide/graphics/outlines/drop-shadow.png HTTP/1.0" 200 277 "http://www.wonder-geek.com/-p-50184.html" "Mozilla/5.0 (Linux; Android 5.0) AppleWebKit/537.36 (KHTML, like Gecko) Mobile Safari/537.36 (compatible; Bytespider; spider-feedback@bytedance.com)"
47.128.53.123 - - [13/Nov/2023:10:37:22 +0100] "GET /highslide/graphics/zoomout.cur HTTP/1.0" 200 614 "http://www.wonder-geek.com/-p-50184.html" "Mozilla/5.0 (Linux; Android 5.0) AppleWebKit/537.36 (KHTML, like Gecko) Mobile Safari/537.36 (compatible; Bytespider; spider-feedback@bytedance.com)"
47.128.35.84 - - [13/Nov/2023:10:37:26 +0100] "GET /highslide/graphics/outlines/drop-shadow.png HTTP/1.0" 200 277 "http://www.wonder-geek.com/-p-19059.html" "Mozilla/5.0 (Linux; Android 5.0) AppleWebKit/537.36 (KHTML, like Gecko) Mobile Safari/537.36 (compatible; Bytespider; spider-feedback@bytedance.com)"
47.128.35.84 - - [13/Nov/2023:10:37:26 +0100] "GET /highslide/graphics/zoomout.cur HTTP/1.0" 200 614 "http://www.wonder-geek.com/-p-19059.html" "Mozilla/5.0 (Linux; Android 5.0) AppleWebKit/537.36 (KHTML, like Gecko) Mobile Safari/537.36 (compatible; Bytespider; spider-feedback@bytedance.com)"
149.202.86.86 - - [13/Nov/2023:10:37:51 +0100] "GET /parrot-figurine-perch-resin-p-55481.html HTTP/1.0" 200 77501 "-" "Mozilla/5.0 (compatible; MJ12bot/v1.4.8; http://mj12bot.com/)"
149.202.86.86 - - [13/Nov/2023:10:37:53 +0100] "GET /parrot-secret-notebook-kook-p-59055.html HTTP/1.0" 200 80537 "-" "Mozilla/5.0 (compatible; MJ12bot/v1.4.8; http://mj12bot.com/)"
47.128.58.164 - - [13/Nov/2023:10:37:55 +0100] "GET /india-clock-by-cbkreation-p-36921.html HTTP/1.0" 301 79838 "-" "Mozilla/5.0 (Linux; Android 5.0) AppleWebKit/537.36 (KHTML, like Gecko) Mobile Safari/537.36 (compatible; Bytespider; spider-feedback@bytedance.com)"
149.202.86.86 - - [13/Nov/2023:10:37:56 +0100] "GET /pars-week-alarm-clock-p-20217.html HTTP/1.0" 301 77450 "-" "Mozilla/5.0 (compatible; MJ12bot/v1.4.8; http://mj12bot.com/)"
47.128.58.164 - - [13/Nov/2023:10:37:57 +0100] "GET /india-clock-cbkreation-p-36921.html HTTP/1.0" 200 79749 "-" "Mozilla/5.0 (Linux; Android 5.0) AppleWebKit/537.36 (KHTML, like Gecko) Mobile Safari/537.36 (compatible; Bytespider; spider-feedback@bytedance.com)"
47.128.58.164 - - [13/Nov/2023:10:37:59 +0100] "GET /swfobject.js HTTP/1.0" 404 1308 "http://www.wonder-geek.com/india-clock-cbkreation-p-36921.html" "Mozilla/5.0 (Linux; Android 5.0) AppleWebKit/537.36 (KHTML, like Gecko) Mobile Safari/537.36 (compatible; Bytespider; spider-feedback@bytedance.com)"
47.128.58.164 - - [13/Nov/2023:10:38:00 +0100] "GET /swfobject.js HTTP/1.0" 404 1308 "http://www.wonder-geek.com/india-clock-cbkreation-p-36921.html" "Mozilla/5.0 (Linux; Android 5.0) AppleWebKit/537.36 (KHTML, like Gecko) Mobile Safari/537.36 (compatible; Bytespider; spider-feedback@bytedance.com)"
149.202.86.86 - - [13/Nov/2023:10:37:59 +0100] "GET /-p-20217.html HTTP/1.0" 200 77383 "-" "Mozilla/5.0 (compatible; MJ12bot/v1.4.8; http://mj12bot.com/)"
47.128.58.164 - - [13/Nov/2023:10:38:03 +0100] "GET /highslide/graphics/zoomin.cur HTTP/1.0" 200 614 "http://www.wonder-geek.com/templates/Pixame_v1/stylesheet.css" "Mozilla/5.0 (Linux; Android 5.0) AppleWebKit/537.36 (KHTML, like Gecko) Mobile Safari/537.36 (compatible; Bytespider; spider-feedback@bytedance.com)"
149.202.86.86 - - [13/Nov/2023:10:38:02 +0100] "GET /pars-week-pencil-case-p-20207.html HTTP/1.0" 200 79780 "-" "Mozilla/5.0 (compatible; MJ12bot/v1.4.8; http://mj12bot.com/)"
47.128.58.164 - - [13/Nov/2023:10:38:05 +0100] "GET /highslide/graphics/outlines/drop-shadow.png HTTP/1.0" 200 277 "http://www.wonder-geek.com/india-clock-cbkreation-p-36921.html" "Mozilla/5.0 (Linux; Android 5.0) AppleWebKit/537.36 (KHTML, like Gecko) Mobile Safari/537.36 (compatible; Bytespider; spider-feedback@bytedance.com)"
47.128.58.164 - - [13/Nov/2023:10:38:05 +0100] "GET /highslide/graphics/zoomout.cur HTTP/1.0" 200 614 "http://www.wonder-geek.com/india-clock-cbkreation-p-36921.html" "Mozilla/5.0 (Linux; Android 5.0) AppleWebKit/537.36 (KHTML, like Gecko) Mobile Safari/537.36 (compatible; Bytespider; spider-feedback@bytedance.com)"
149.202.86.86 - - [13/Nov/2023:10:38:05 +0100] "GET /patinated-brown-bronze-rhinoceros-statue-p-58082.html HTTP/1.0" 200 80115 "-" "Mozilla/5.0 (compatible; MJ12bot/v1.4.8; http://mj12bot.com/)"
149.202.86.86 - - [13/Nov/2023:10:38:08 +0100] "GET /penguin-pocket-warmer-p-58832.html HTTP/1.0" 200 80638 "-" "Mozilla/5.0 (compatible; MJ12bot/v1.4.8; http://mj12bot.com/)"
149.202.86.86 - - [13/Nov/2023:10:38:11 +0100] "GET /petit-beurre-magnet-p-33321.html HTTP/1.0" 301 77450 "-" "Mozilla/5.0 (compatible; MJ12bot/v1.4.8; http://mj12bot.com/)"
47.128.56.105 - - [13/Nov/2023:10:38:13 +0100] "GET /cotton-mattress-90-190-cm-anti-dust-mite-p-48991.html HTTP/1.0" 301 80063 "-" "Mozilla/5.0 (Linux; Android 5.0) AppleWebKit/537.36 (KHTML, like Gecko) Mobile Safari/537.36 (compatible; Bytespider; spider-feedback@bytedance.com)"
149.202.86.86 - - [13/Nov/2023:10:38:14 +0100] "GET /-p-33321.html HTTP/1.0" 200 77383 "-" "Mozilla/5.0 (compatible; MJ12bot/v1.4.8; http://mj12bot.com/)"
47.128.56.105 - - [13/Nov/2023:10:38:14 +0100] "GET /cotton-mattress-anti-dust-mite-p-48991.html HTTP/1.0" 200 79966 "-" "Mozilla/5.0 (Linux; Android 5.0) AppleWebKit/537.36 (KHTML, like Gecko) Mobile Safari/537.36 (compatible; Bytespider; spider-feedback@bytedance.com)"
47.128.56.105 - - [13/Nov/2023:10:38:16 +0100] "GET /highslide/highslide.js HTTP/1.0" 200 262 "http://www.wonder-geek.com/cotton-mattress-anti-dust-mite-p-48991.html" "Mozilla/5.0 (Linux; Android 5.0) AppleWebKit/537.36 (KHTML, like Gecko) Mobile Safari/537.36 (compatible; Bytespider; spider-feedback@bytedance.com)"
47.128.56.105 - - [13/Nov/2023:10:38:16 +0100] "GET /swfobject.js HTTP/1.0" 404 1308 "http://www.wonder-geek.com/cotton-mattress-anti-dust-mite-p-48991.html" "Mozilla/5.0 (Linux; Android 5.0) AppleWebKit/537.36 (KHTML, like Gecko) Mobile Safari/537.36 (compatible; Bytespider; spider-feedback@bytedance.com)"
149.202.86.86 - - [13/Nov/2023:10:38:17 +0100] "GET /piggy-bank-for-retirement-p-28947.html HTTP/1.0" 301 77450 "-" "Mozilla/5.0 (compatible; MJ12bot/v1.4.8; http://mj12bot.com/)"
47.128.56.105 - - [13/Nov/2023:10:38:18 +0100] "GET /swfobject.js HTTP/1.0" 404 1308 "http://www.wonder-geek.com/cotton-mattress-anti-dust-mite-p-48991.html" "Mozilla/5.0 (Linux; Android 5.0) AppleWebKit/537.36 (KHTML, like Gecko) Mobile Safari/537.36 (compatible; Bytespider; spider-feedback@bytedance.com)"
149.202.86.86 - - [13/Nov/2023:10:38:20 +0100] "GET /-p-28947.html HTTP/1.0" 200 77383 "-" "Mozilla/5.0 (compatible; MJ12bot/v1.4.8; http://mj12bot.com/)"
47.128.56.105 - - [13/Nov/2023:10:38:21 +0100] "GET /highslide/graphics/zoomin.cur HTTP/1.0" 200 614 "http://www.wonder-geek.com/templates/Pixame_v1/stylesheet.css" "Mozilla/5.0 (Linux; Android 5.0) AppleWebKit/537.36 (KHTML, like Gecko) Mobile Safari/537.36 (compatible; Bytespider; spider-feedback@bytedance.com)"
47.128.56.105 - - [13/Nov/2023:10:38:22 +0100] "GET /highslide/graphics/outlines/drop-shadow.png HTTP/1.0" 200 277 "http://www.wonder-geek.com/cotton-mattress-anti-dust-mite-p-48991.html" "Mozilla/5.0 (Linux; Android 5.0) AppleWebKit/537.36 (KHTML, like Gecko) Mobile Safari/537.36 (compatible; Bytespider; spider-feedback@bytedance.com)"
47.128.56.105 - - [13/Nov/2023:10:38:22 +0100] "GET /highslide/graphics/zoomout.cur HTTP/1.0" 200 614 "http://www.wonder-geek.com/cotton-mattress-anti-dust-mite-p-48991.html" "Mozilla/5.0 (Linux; Android 5.0) AppleWebKit/537.36 (KHTML, like Gecko) Mobile Safari/537.36 (compatible; Bytespider; spider-feedback@bytedance.com)"
47.128.56.105 - - [13/Nov/2023:10:38:22 +0100] "GET /images/big_prod/3574641009403.jpg HTTP/1.0" 200 268 "http://www.wonder-geek.com/cotton-mattress-anti-dust-mite-p-48991.html" "Mozilla/5.0 (Linux; Android 5.0) AppleWebKit/537.36 (KHTML, like Gecko) Mobile Safari/537.36 (compatible; Bytespider; spider-feedback@bytedance.com)"
149.202.86.86 - - [13/Nov/2023:10:38:23 +0100] "GET /pillow-case-cotton-percale-threads-p-43853.html HTTP/1.0" 200 80658 "-" "Mozilla/5.0 (compatible; MJ12bot/v1.4.8; http://mj12bot.com/)"
149.202.86.86 - - [13/Nov/2023:10:38:26 +0100] "GET /pillow-case-in-cotton-percale-80-threads-65-65-cm-p-43853.html HTTP/1.0" 301 80759 "-" "Mozilla/5.0 (compatible; MJ12bot/v1.4.8; http://mj12bot.com/)"
149.202.86.86 - - [13/Nov/2023:10:38:29 +0100] "GET /pillow-case-cotton-percale-threads-p-43853.html HTTP/1.0" 200 80658 "-" "Mozilla/5.0 (compatible; MJ12bot/v1.4.8; http://mj12bot.com/)"
149.202.86.86 - - [13/Nov/2023:10:38:32 +0100] "GET /pink-cat-alarm-clock-p-28794.html HTTP/1.0" 301 77450 "-" "Mozilla/5.0 (compatible; MJ12bot/v1.4.8; http://mj12bot.com/)"
149.202.86.86 - - [13/Nov/2023:10:38:35 +0100] "GET /-p-28794.html HTTP/1.0" 200 77383 "-" "Mozilla/5.0 (compatible; MJ12bot/v1.4.8; http://mj12bot.com/)"
149.202.86.86 - - [13/Nov/2023:10:38:37 +0100] "GET /pink-chihuahua-decorating-statue-p-32099.html HTTP/1.0" 301 77450 "-" "Mozilla/5.0 (compatible; MJ12bot/v1.4.8; http://mj12bot.com/)"
149.202.86.86 - - [13/Nov/2023:10:38:40 +0100] "GET /-p-32099.html HTTP/1.0" 200 77383 "-" "Mozilla/5.0 (compatible; MJ12bot/v1.4.8; http://mj12bot.com/)"
47.128.33.170 - - [13/Nov/2023:10:38:40 +0100] "GET /bamboo-led-alarm-clock-p-47511.html HTTP/1.0" 301 80911 "-" "Mozilla/5.0 (Linux; Android 5.0) AppleWebKit/537.36 (KHTML, like Gecko) Mobile Safari/537.36 (compatible; Bytespider; spider-feedback@bytedance.com)"
54.36.149.59 - - [13/Nov/2023:10:38:44 +0100] "GET /crane-blue-brown-p-57174.html HTTP/1.0" 200 80616 "-" "Mozilla/5.0 (compatible; AhrefsBot/7.0; +http://ahrefs.com/robot/)"
47.128.33.170 - - [13/Nov/2023:10:38:45 +0100] "GET /bamboo-alarm-clock-p-47511.html HTTP/1.0" 200 80826 "-" "Mozilla/5.0 (Linux; Android 5.0) AppleWebKit/537.36 (KHTML, like Gecko) Mobile Safari/537.36 (compatible; Bytespider; spider-feedback@bytedance.com)"
47.128.33.170 - - [13/Nov/2023:10:38:47 +0100] "GET /swfobject.js HTTP/1.0" 404 1308 "http://www.wonder-geek.com/bamboo-alarm-clock-p-47511.html" "Mozilla/5.0 (Linux; Android 5.0) AppleWebKit/537.36 (KHTML, like Gecko) Mobile Safari/537.36 (compatible; Bytespider; spider-feedback@bytedance.com)"
47.128.33.170 - - [13/Nov/2023:10:38:52 +0100] "GET /highslide/graphics/zoomin.cur HTTP/1.0" 200 614 "http://www.wonder-geek.com/templates/Pixame_v1/stylesheet.css" "Mozilla/5.0 (Linux; Android 5.0) AppleWebKit/537.36 (KHTML, like Gecko) Mobile Safari/537.36 (compatible; Bytespider; spider-feedback@bytedance.com)"
47.128.33.170 - - [13/Nov/2023:10:38:52 +0100] "GET /images/big_prod_1/3660173224299a.jpg HTTP/1.0" 200 271 "http://www.wonder-geek.com/bamboo-alarm-clock-p-47511.html" "Mozilla/5.0 (Linux; Android 5.0) AppleWebKit/537.36 (KHTML, like Gecko) Mobile Safari/537.36 (compatible; Bytespider; spider-feedback@bytedance.com)"
47.128.33.170 - - [13/Nov/2023:10:38:52 +0100] "GET /images/big_prod_2/3660173224299b.jpg HTTP/1.0" 200 271 "http://www.wonder-geek.com/bamboo-alarm-clock-p-47511.html" "Mozilla/5.0 (Linux; Android 5.0) AppleWebKit/537.36 (KHTML, like Gecko) Mobile Safari/537.36 (compatible; Bytespider; spider-feedback@bytedance.com)"
47.128.33.170 - - [13/Nov/2023:10:39:04 +0100] "GET /highslide/graphics/zoomout.cur HTTP/1.0" 200 614 "http://www.wonder-geek.com/bamboo-alarm-clock-p-47511.html" "Mozilla/5.0 (Linux; Android 5.0) AppleWebKit/537.36 (KHTML, like Gecko) Mobile Safari/537.36 (compatible; Bytespider; spider-feedback@bytedance.com)"
47.128.33.170 - - [13/Nov/2023:10:39:04 +0100] "GET /highslide/graphics/outlines/drop-shadow.png HTTP/1.0" 200 277 "http://www.wonder-geek.com/bamboo-alarm-clock-p-47511.html" "Mozilla/5.0 (Linux; Android 5.0) AppleWebKit/537.36 (KHTML, like Gecko) Mobile Safari/537.36 (compatible; Bytespider; spider-feedback@bytedance.com)"
47.128.33.170 - - [13/Nov/2023:10:39:05 +0100] "GET /images/big_prod/3660173224299.jpg HTTP/1.0" 200 268 "http://www.wonder-geek.com/bamboo-alarm-clock-p-47511.html" "Mozilla/5.0 (Linux; Android 5.0) AppleWebKit/537.36 (KHTML, like Gecko) Mobile Safari/537.36 (compatible; Bytespider; spider-feedback@bytedance.com)"
40.77.167.78 - - [13/Nov/2023:10:39:04 +0100] "GET /adults-c-53.html HTTP/1.0" 200 98727 "-" "Mozilla/5.0 AppleWebKit/537.36 (KHTML, like Gecko; compatible; bingbot/2.0; +http://www.bing.com/bingbot.htm) Chrome/103.0.5060.134 Safari/537.36"
47.128.24.88 - - [13/Nov/2023:10:39:09 +0100] "GET /beige-and-white-piggy-bank-p-34686.html HTTP/1.0" 301 77558 "-" "Mozilla/5.0 (Linux; Android 5.0) AppleWebKit/537.36 (KHTML, like Gecko) Mobile Safari/537.36 (compatible; Bytespider; spider-feedback@bytedance.com)"
47.128.24.88 - - [13/Nov/2023:10:39:11 +0100] "GET /beige-white-piggy-bank-p-34686.html HTTP/1.0" 200 77469 "-" "Mozilla/5.0 (Linux; Android 5.0) AppleWebKit/537.36 (KHTML, like Gecko) Mobile Safari/537.36 (compatible; Bytespider; spider-feedback@bytedance.com)"
47.128.24.88 - - [13/Nov/2023:10:39:13 +0100] "GET /swfobject.js HTTP/1.0" 404 1308 "http://www.wonder-geek.com/beige-white-piggy-bank-p-34686.html" "Mozilla/5.0 (Linux; Android 5.0) AppleWebKit/537.36 (KHTML, like Gecko) Mobile Safari/537.36 (compatible; Bytespider; spider-feedback@bytedance.com)"
66.249.66.205 - - [13/Nov/2023:10:39:12 +0100] "GET /heron-gold-table-lamp-p-56580.html HTTP/1.0" 200 77469 "-" "Mozilla/5.0 (Linux; Android 6.0.1; Nexus 5X Build/MMB29P) AppleWebKit/537.36 (KHTML, like Gecko) Chrome/119.0.6045.123 Mobile Safari/537.36 (compatible; Googlebot/2.1; +http://www.google.com/bot.html)"
47.128.24.88 - - [13/Nov/2023:10:39:17 +0100] "GET /highslide/graphics/zoomout.cur HTTP/1.0" 200 614 "http://www.wonder-geek.com/beige-white-piggy-bank-p-34686.html" "Mozilla/5.0 (Linux; Android 5.0) AppleWebKit/537.36 (KHTML, like Gecko) Mobile Safari/537.36 (compatible; Bytespider; spider-feedback@bytedance.com)"
47.128.24.88 - - [13/Nov/2023:10:39:17 +0100] "GET /highslide/graphics/outlines/drop-shadow.png HTTP/1.0" 200 277 "http://www.wonder-geek.com/beige-white-piggy-bank-p-34686.html" "Mozilla/5.0 (Linux; Android 5.0) AppleWebKit/537.36 (KHTML, like Gecko) Mobile Safari/537.36 (compatible; Bytespider; spider-feedback@bytedance.com)"
85.208.96.206 - - [13/Nov/2023:10:39:20 +0100] "GET /-p-36520.html HTTP/1.0" 200 77383 "-" "Mozilla/5.0 (compatible; SemrushBot/7~bl; +http://www.semrush.com/bot.html)"
54.236.1.11 - - [13/Nov/2023:10:39:28 +0100] "GET /robots.txt HTTP/1.0" 200 245 "-" "Mozilla/5.0 (compatible; Pinterestbot/1.0; +http://www.pinterest.com/bot.html)"
54.236.1.11 - - [13/Nov/2023:10:39:28 +0100] "GET /images/12379.jpg HTTP/1.0" 200 251 "-" "Mozilla/5.0 (compatible; Pinterestbot/1.0; +http://www.pinterest.com/bot.html)"
47.128.36.86 - - [13/Nov/2023:10:39:37 +0100] "GET /bicycle-wastebasket-29-cm-p-40643.html HTTP/1.0" 301 77573 "-" "Mozilla/5.0 (Linux; Android 5.0) AppleWebKit/537.36 (KHTML, like Gecko) Mobile Safari/537.36 (compatible; Bytespider; spider-feedback@bytedance.com)"
47.128.36.86 - - [13/Nov/2023:10:39:38 +0100] "GET /bicycle-wastebasket-p-40643.html HTTP/1.0" 200 77487 "-" "Mozilla/5.0 (Linux; Android 5.0) AppleWebKit/537.36 (KHTML, like Gecko) Mobile Safari/537.36 (compatible; Bytespider; spider-feedback@bytedance.com)"
47.128.36.86 - - [13/Nov/2023:10:39:41 +0100] "GET /swfobject.js HTTP/1.0" 404 1308 "http://www.wonder-geek.com/bicycle-wastebasket-p-40643.html" "Mozilla/5.0 (Linux; Android 5.0) AppleWebKit/537.36 (KHTML, like Gecko) Mobile Safari/537.36 (compatible; Bytespider; spider-feedback@bytedance.com)"
85.208.96.207 - - [13/Nov/2023:10:39:41 +0100] "GET /horse-photo-frame-p-26643.html HTTP/1.0" 200 79746 "-" "Mozilla/5.0 (compatible; SemrushBot/7~bl; +http://www.semrush.com/bot.html)"
47.128.36.86 - - [13/Nov/2023:10:39:47 +0100] "GET /highslide/graphics/zoomout.cur HTTP/1.0" 200 614 "http://www.wonder-geek.com/bicycle-wastebasket-p-40643.html" "Mozilla/5.0 (Linux; Android 5.0) AppleWebKit/537.36 (KHTML, like Gecko) Mobile Safari/537.36 (compatible; Bytespider; spider-feedback@bytedance.com)"
47.128.36.86 - - [13/Nov/2023:10:39:47 +0100] "GET /highslide/graphics/outlines/drop-shadow.png HTTP/1.0" 200 277 "http://www.wonder-geek.com/bicycle-wastebasket-p-40643.html" "Mozilla/5.0 (Linux; Android 5.0) AppleWebKit/537.36 (KHTML, like Gecko) Mobile Safari/537.36 (compatible; Bytespider; spider-feedback@bytedance.com)"
217.182.175.222 - - [13/Nov/2023:10:40:02 +0100] "GET /purple-kitchen-towel-p-44417.html HTTP/1.0" 200 79749 "-" "Mozilla/5.0 (compatible; MJ12bot/v1.4.8; http://mj12bot.com/)"
217.182.175.222 - - [13/Nov/2023:10:40:06 +0100] "GET /quote-wall-stickers-20-70-cm-hummingbirds-p-51119.html HTTP/1.0" 301 80593 "-" "Mozilla/5.0 (compatible; MJ12bot/v1.4.8; http://mj12bot.com/)"
217.182.175.222 - - [13/Nov/2023:10:40:10 +0100] "GET /wall-stickers-hummingbirds-p-51119.html HTTP/1.0" 200 80500 "-" "Mozilla/5.0 (compatible; MJ12bot/v1.4.8; http://mj12bot.com/)"
217.182.175.222 - - [13/Nov/2023:10:40:14 +0100] "GET /quote-wall-stickers-20-70-cm-swallows-p-51118.html HTTP/1.0" 301 80536 "-" "Mozilla/5.0 (compatible; MJ12bot/v1.4.8; http://mj12bot.com/)"
217.182.175.222 - - [13/Nov/2023:10:40:19 +0100] "GET /wall-stickers-swallows-p-51118.html HTTP/1.0" 200 80447 "-" "Mozilla/5.0 (compatible; MJ12bot/v1.4.8; http://mj12bot.com/)"
217.182.175.222 - - [13/Nov/2023:10:40:25 +0100] "GET /quote-wall-stickers-70-50-cm-deer-p-51127.html HTTP/1.0" 301 80677 "-" "Mozilla/5.0 (compatible; MJ12bot/v1.4.8; http://mj12bot.com/)"
54.36.149.81 - - [13/Nov/2023:10:40:25 +0100] "GET /dishes-c-12.html?page=23 HTTP/1.0" 200 98343 "-" "Mozilla/5.0 (compatible; AhrefsBot/7.0; +http://ahrefs.com/robot/)"
217.182.175.222 - - [13/Nov/2023:10:40:28 +0100] "GET /deer-wall-stickers-p-51127.html HTTP/1.0" 200 80592 "-" "Mozilla/5.0 (compatible; MJ12bot/v1.4.8; http://mj12bot.com/)"
47.128.61.96 - - [13/Nov/2023:10:40:29 +0100] "GET /decorative-embroidered-cotton-heart-to-hang-10-cm-marie-p-46377.html HTTP/1.0" 301 77450 "-" "Mozilla/5.0 (Linux; Android 5.0) AppleWebKit/537.36 (KHTML, like Gecko) Mobile Safari/537.36 (compatible; Bytespider; spider-feedback@bytedance.com)"
47.128.61.96 - - [13/Nov/2023:10:40:30 +0100] "GET /-p-46377.html HTTP/1.0" 200 77383 "-" "Mozilla/5.0 (Linux; Android 5.0) AppleWebKit/537.36 (KHTML, like Gecko) Mobile Safari/537.36 (compatible; Bytespider; spider-feedback@bytedance.com)"
217.182.175.222 - - [13/Nov/2023:10:40:32 +0100] "GET /quote-wall-stickers-70-50-cm-parrots-p-51120.html HTTP/1.0" 301 80743 "-" "Mozilla/5.0 (compatible; MJ12bot/v1.4.8; http://mj12bot.com/)"
47.128.61.96 - - [13/Nov/2023:10:40:34 +0100] "GET /swfobject.js HTTP/1.0" 404 1308 "http://www.wonder-geek.com/-p-46377.html" "Mozilla/5.0 (Linux; Android 5.0) AppleWebKit/537.36 (KHTML, like Gecko) Mobile Safari/537.36 (compatible; Bytespider; spider-feedback@bytedance.com)"
47.128.30.255 - - [13/Nov/2023:10:40:33 +0100] "GET /boys/long-sleeves-tshirts/pokemon-long-sleeve-tshirt-size-years-p-26975.html HTTP/1.0" 301 77450 "-" "Mozilla/5.0 (Linux; Android 5.0) AppleWebKit/537.36 (KHTML, like Gecko) Mobile Safari/537.36 (compatible; Bytespider; spider-feedback@bytedance.com)"
47.128.30.255 - - [13/Nov/2023:10:40:35 +0100] "GET /-p-26975.html HTTP/1.0" 200 77383 "-" "Mozilla/5.0 (Linux; Android 5.0) AppleWebKit/537.36 (KHTML, like Gecko) Mobile Safari/537.36 (compatible; Bytespider; spider-feedback@bytedance.com)"
47.128.30.255 - - [13/Nov/2023:10:40:36 +0100] "GET /swfobject.js HTTP/1.0" 404 1308 "http://www.wonder-geek.com/-p-26975.html" "Mozilla/5.0 (Linux; Android 5.0) AppleWebKit/537.36 (KHTML, like Gecko) Mobile Safari/537.36 (compatible; Bytespider; spider-feedback@bytedance.com)"
47.128.30.255 - - [13/Nov/2023:10:40:37 +0100] "GET /highslide/graphics/zoomout.cur HTTP/1.0" 200 614 "http://www.wonder-geek.com/-p-26975.html" "Mozilla/5.0 (Linux; Android 5.0) AppleWebKit/537.36 (KHTML, like Gecko) Mobile Safari/537.36 (compatible; Bytespider; spider-feedback@bytedance.com)"
47.128.30.255 - - [13/Nov/2023:10:40:37 +0100] "GET /highslide/graphics/outlines/drop-shadow.png HTTP/1.0" 200 277 "http://www.wonder-geek.com/-p-26975.html" "Mozilla/5.0 (Linux; Android 5.0) AppleWebKit/537.36 (KHTML, like Gecko) Mobile Safari/537.36 (compatible; Bytespider; spider-feedback@bytedance.com)"
217.182.175.222 - - [13/Nov/2023:10:40:36 +0100] "GET /parrots-wall-stickers-p-51120.html HTTP/1.0" 200 80655 "-" "Mozilla/5.0 (compatible; MJ12bot/v1.4.8; http://mj12bot.com/)"
47.128.61.96 - - [13/Nov/2023:10:40:38 +0100] "GET /highslide/graphics/outlines/drop-shadow.png HTTP/1.0" 200 277 "http://www.wonder-geek.com/-p-46377.html" "Mozilla/5.0 (Linux; Android 5.0) AppleWebKit/537.36 (KHTML, like Gecko) Mobile Safari/537.36 (compatible; Bytespider; spider-feedback@bytedance.com)"
47.128.61.96 - - [13/Nov/2023:10:40:38 +0100] "GET /highslide/graphics/zoomout.cur HTTP/1.0" 200 614 "http://www.wonder-geek.com/-p-46377.html" "Mozilla/5.0 (Linux; Android 5.0) AppleWebKit/537.36 (KHTML, like Gecko) Mobile Safari/537.36 (compatible; Bytespider; spider-feedback@bytedance.com)"
85.208.96.201 - - [13/Nov/2023:10:40:39 +0100] "GET /cast-iron-wall-bell-p-46494.html HTTP/1.0" 200 77469 "-" "Mozilla/5.0 (compatible; SemrushBot/7~bl; +http://www.semrush.com/bot.html)"
217.182.175.222 - - [13/Nov/2023:10:40:40 +0100] "GET /r2-d2-sound-money-box-p-29260.html HTTP/1.0" 301 77515 "-" "Mozilla/5.0 (compatible; MJ12bot/v1.4.8; http://mj12bot.com/)"
85.208.96.195 - - [13/Nov/2023:10:40:44 +0100] "GET /pillow-case-cotton-percale-threads-p-43855.html HTTP/1.0" 200 77543 "-" "Mozilla/5.0 (compatible; SemrushBot/7~bl; +http://www.semrush.com/bot.html)"
217.182.175.222 - - [13/Nov/2023:10:40:45 +0100] "GET /sound-money-p-29260.html HTTP/1.0" 200 77437 "-" "Mozilla/5.0 (compatible; MJ12bot/v1.4.8; http://mj12bot.com/)"
217.182.175.222 - - [13/Nov/2023:10:40:49 +0100] "GET /raiponce-live-your-dream-carved-by-heart-tangled-figurine-p-44949.html HTTP/1.0" 301 77720 "-" "Mozilla/5.0 (compatible; MJ12bot/v1.4.8; http://mj12bot.com/)"
185.191.171.19 - - [13/Nov/2023:10:41:01 +0100] "GET /aquario-shower-curtain-marine-world-p-58604.html HTTP/1.0" 200 80718 "-" "Mozilla/5.0 (compatible; SemrushBot/7~bl; +http://www.semrush.com/bot.html)"
85.208.96.199 - - [13/Nov/2023:10:41:22 +0100] "GET /deco-sommelier-p-43916.html HTTP/1.0" 200 79906 "-" "Mozilla/5.0 (compatible; SemrushBot/7~bl; +http://www.semrush.com/bot.html)"
203.185.130.166 - - [13/Nov/2023:10:41:24 +0100] "GET /images/mini_prod/3662049036555.jpg HTTP/1.0" 200 269 "-" "Mozilla/5.0 (X11; Ubuntu; Linux x86_64; rv:72.0) Gecko/20100101 Firefox/72.0"
85.208.96.207 - - [13/Nov/2023:10:41:27 +0100] "GET /statuettes-animal-figurines-c-292_291.html?page=2 HTTP/1.0" 200 100324 "-" "Mozilla/5.0 (compatible; SemrushBot/7~bl; +http://www.semrush.com/bot.html)"
202.239.5.6 - - [13/Nov/2023:10:41:45 +0100] "GET /bohemian-blush-p-61337.html HTTP/1.0" 200 78997 "-" "Mozilla/5.0 (compatible; Y!J-WSC/1.0; +https://yahoo.jp/3BSZgF)"
54.36.149.40 - - [13/Nov/2023:10:42:29 +0100] "GET /dishes-c-12.html?page=22 HTTP/1.0" 200 99581 "-" "Mozilla/5.0 (compatible; AhrefsBot/7.0; +http://ahrefs.com/robot/)"
85.208.96.212 - - [13/Nov/2023:10:42:44 +0100] "GET /ethnic-storage-chest-aged-p-49067.html HTTP/1.0" 200 77473 "-" "Mozilla/5.0 (compatible; SemrushBot/7~bl; +http://www.semrush.com/bot.html)"
52.167.144.175 - - [13/Nov/2023:10:42:46 +0100] "GET /yogini-figurine-lotus-position-p-61000.html HTTP/1.0" 200 80036 "-" "Mozilla/5.0 AppleWebKit/537.36 (KHTML, like Gecko; compatible; bingbot/2.0; +http://www.bing.com/bingbot.htm) Chrome/103.0.5060.134 Safari/537.36"
185.191.171.8 - - [13/Nov/2023:10:42:51 +0100] "GET /decoration-african-woman-chest-p-53809.html HTTP/1.0" 200 77505 "-" "Mozilla/5.0 (compatible; SemrushBot/7~bl; +http://www.semrush.com/bot.html)"
185.191.171.8 - - [13/Nov/2023:10:43:20 +0100] "GET /wall-decoration-pump-gasoline-metal-p-44743.html HTTP/1.0" 200 77527 "-" "Mozilla/5.0 (compatible; SemrushBot/7~bl; +http://www.semrush.com/bot.html)"
85.208.96.207 - - [13/Nov/2023:10:43:23 +0100] "GET /furniture-knob-children-sold-individually-pink-butterfly-p-57142.html HTTP/1.0" 200 77549 "-" "Mozilla/5.0 (compatible; SemrushBot/7~bl; +http://www.semrush.com/bot.html)"
54.36.148.143 - - [13/Nov/2023:10:43:39 +0100] "GET /metal-coffee-capacity-poppy-p-58335.html HTTP/1.0" 200 80804 "-" "Mozilla/5.0 (compatible; AhrefsBot/7.0; +http://ahrefs.com/robot/)"
47.128.17.172 - - [13/Nov/2023:10:43:56 +0100] "GET /games-and-toys/soft-toys-security-blanket/barbapapa-hochet-soft-toy-p-18892.html HTTP/1.0" 301 77450 "-" "Mozilla/5.0 (Linux; Android 5.0) AppleWebKit/537.36 (KHTML, like Gecko) Mobile Safari/537.36 (compatible; Bytespider; spider-feedback@bytedance.com)"
47.128.17.172 - - [13/Nov/2023:10:43:58 +0100] "GET /-p-18892.html HTTP/1.0" 200 77383 "-" "Mozilla/5.0 (Linux; Android 5.0) AppleWebKit/537.36 (KHTML, like Gecko) Mobile Safari/537.36 (compatible; Bytespider; spider-feedback@bytedance.com)"
47.128.17.172 - - [13/Nov/2023:10:44:00 +0100] "GET /swfobject.js HTTP/1.0" 404 1308 "http://www.wonder-geek.com/-p-18892.html" "Mozilla/5.0 (Linux; Android 5.0) AppleWebKit/537.36 (KHTML, like Gecko) Mobile Safari/537.36 (compatible; Bytespider; spider-feedback@bytedance.com)"
47.128.17.172 - - [13/Nov/2023:10:44:06 +0100] "GET /highslide/graphics/outlines/drop-shadow.png HTTP/1.0" 200 277 "http://www.wonder-geek.com/-p-18892.html" "Mozilla/5.0 (Linux; Android 5.0) AppleWebKit/537.36 (KHTML, like Gecko) Mobile Safari/537.36 (compatible; Bytespider; spider-feedback@bytedance.com)"
47.128.17.172 - - [13/Nov/2023:10:44:06 +0100] "GET /highslide/graphics/zoomout.cur HTTP/1.0" 200 614 "http://www.wonder-geek.com/-p-18892.html" "Mozilla/5.0 (Linux; Android 5.0) AppleWebKit/537.36 (KHTML, like Gecko) Mobile Safari/537.36 (compatible; Bytespider; spider-feedback@bytedance.com)"
47.128.33.130 - - [13/Nov/2023:10:44:24 +0100] "GET /paris-gift-set-p-49678.html HTTP/1.0" 301 77450 "-" "Mozilla/5.0 (Linux; Android 5.0) AppleWebKit/537.36 (KHTML, like Gecko) Mobile Safari/537.36 (compatible; Bytespider; spider-feedback@bytedance.com)"
47.128.33.130 - - [13/Nov/2023:10:44:26 +0100] "GET /-p-49678.html HTTP/1.0" 200 77383 "-" "Mozilla/5.0 (Linux; Android 5.0) AppleWebKit/537.36 (KHTML, like Gecko) Mobile Safari/537.36 (compatible; Bytespider; spider-feedback@bytedance.com)"
47.128.33.130 - - [13/Nov/2023:10:44:28 +0100] "GET /swfobject.js HTTP/1.0" 404 1308 "http://www.wonder-geek.com/-p-49678.html" "Mozilla/5.0 (Linux; Android 5.0) AppleWebKit/537.36 (KHTML, like Gecko) Mobile Safari/537.36 (compatible; Bytespider; spider-feedback@bytedance.com)"
47.128.33.130 - - [13/Nov/2023:10:44:34 +0100] "GET /highslide/graphics/outlines/drop-shadow.png HTTP/1.0" 200 277 "http://www.wonder-geek.com/-p-49678.html" "Mozilla/5.0 (Linux; Android 5.0) AppleWebKit/537.36 (KHTML, like Gecko) Mobile Safari/537.36 (compatible; Bytespider; spider-feedback@bytedance.com)"
47.128.33.130 - - [13/Nov/2023:10:44:34 +0100] "GET /highslide/graphics/zoomout.cur HTTP/1.0" 200 614 "http://www.wonder-geek.com/-p-49678.html" "Mozilla/5.0 (Linux; Android 5.0) AppleWebKit/537.36 (KHTML, like Gecko) Mobile Safari/537.36 (compatible; Bytespider; spider-feedback@bytedance.com)"
185.191.171.10 - - [13/Nov/2023:10:45:07 +0100] "GET /-p-34776.html HTTP/1.0" 200 77383 "-" "Mozilla/5.0 (compatible; SemrushBot/7~bl; +http://www.semrush.com/bot.html)"
185.191.171.12 - - [13/Nov/2023:10:45:19 +0100] "GET /-p-47909.html HTTP/1.0" 200 77383 "-" "Mozilla/5.0 (compatible; SemrushBot/7~bl; +http://www.semrush.com/bot.html)"
47.128.35.201 - - [13/Nov/2023:10:45:35 +0100] "GET /red-aircraft-decorative-figurine-p-41499.html HTTP/1.0" 301 77450 "-" "Mozilla/5.0 (Linux; Android 5.0) AppleWebKit/537.36 (KHTML, like Gecko) Mobile Safari/537.36 (compatible; Bytespider; spider-feedback@bytedance.com)"
73.194.128.17 - - [13/Nov/2023:10:45:37 +0100] "GET /images/mini_prod/3503420187803.jpg HTTP/1.0" 200 269 "-" "Mozilla/5.0 (X11; Ubuntu; Linux x86_64; rv:72.0) Gecko/20100101 Firefox/72.0"
47.128.35.201 - - [13/Nov/2023:10:45:37 +0100] "GET /-p-41499.html HTTP/1.0" 200 77383 "-" "Mozilla/5.0 (Linux; Android 5.0) AppleWebKit/537.36 (KHTML, like Gecko) Mobile Safari/537.36 (compatible; Bytespider; spider-feedback@bytedance.com)"
47.128.35.201 - - [13/Nov/2023:10:45:39 +0100] "GET /swfobject.js HTTP/1.0" 404 1308 "http://www.wonder-geek.com/-p-41499.html" "Mozilla/5.0 (Linux; Android 5.0) AppleWebKit/537.36 (KHTML, like Gecko) Mobile Safari/537.36 (compatible; Bytespider; spider-feedback@bytedance.com)"
47.128.35.201 - - [13/Nov/2023:10:45:42 +0100] "GET /highslide/graphics/zoomout.cur HTTP/1.0" 200 614 "http://www.wonder-geek.com/-p-41499.html" "Mozilla/5.0 (Linux; Android 5.0) AppleWebKit/537.36 (KHTML, like Gecko) Mobile Safari/537.36 (compatible; Bytespider; spider-feedback@bytedance.com)"
47.128.35.201 - - [13/Nov/2023:10:45:42 +0100] "GET /highslide/graphics/outlines/drop-shadow.png HTTP/1.0" 200 277 "http://www.wonder-geek.com/-p-41499.html" "Mozilla/5.0 (Linux; Android 5.0) AppleWebKit/537.36 (KHTML, like Gecko) Mobile Safari/537.36 (compatible; Bytespider; spider-feedback@bytedance.com)"
47.128.19.47 - - [13/Nov/2023:10:45:44 +0100] "GET /cats-by-dubout-trivet-p-40086.html HTTP/1.0" 301 79791 "-" "Mozilla/5.0 (Linux; Android 5.0) AppleWebKit/537.36 (KHTML, like Gecko) Mobile Safari/537.36 (compatible; Bytespider; spider-feedback@bytedance.com)"
47.128.19.47 - - [13/Nov/2023:10:45:46 +0100] "GET /cats-dubout-trivet-p-40086.html HTTP/1.0" 200 79706 "-" "Mozilla/5.0 (Linux; Android 5.0) AppleWebKit/537.36 (KHTML, like Gecko) Mobile Safari/537.36 (compatible; Bytespider; spider-feedback@bytedance.com)"
47.128.19.47 - - [13/Nov/2023:10:45:48 +0100] "GET /swfobject.js HTTP/1.0" 404 1308 "http://www.wonder-geek.com/cats-dubout-trivet-p-40086.html" "Mozilla/5.0 (Linux; Android 5.0) AppleWebKit/537.36 (KHTML, like Gecko) Mobile Safari/537.36 (compatible; Bytespider; spider-feedback@bytedance.com)"
47.128.36.242 - - [13/Nov/2023:10:45:48 +0100] "GET /the-little-prince-of-st-exupery-figurine-p-44605.html HTTP/1.0" 301 77610 "-" "Mozilla/5.0 (Linux; Android 5.0) AppleWebKit/537.36 (KHTML, like Gecko) Mobile Safari/537.36 (compatible; Bytespider; spider-feedback@bytedance.com)"
47.128.35.201 - - [13/Nov/2023:10:45:48 +0100] "GET /red-aircraft-decorative-figurine-p-41499.html HTTP/1.0" 301 77450 "-" "Mozilla/5.0 (Linux; Android 5.0) AppleWebKit/537.36 (KHTML, like Gecko) Mobile Safari/537.36 (compatible; Bytespider; spider-feedback@bytedance.com)"
47.128.36.242 - - [13/Nov/2023:10:45:50 +0100] "GET /little-prince-exupery-figurine-p-44605.html HTTP/1.0" 200 77513 "-" "Mozilla/5.0 (Linux; Android 5.0) AppleWebKit/537.36 (KHTML, like Gecko) Mobile Safari/537.36 (compatible; Bytespider; spider-feedback@bytedance.com)"
47.128.35.201 - - [13/Nov/2023:10:45:50 +0100] "GET /-p-41499.html HTTP/1.0" 200 77383 "-" "Mozilla/5.0 (Linux; Android 5.0) AppleWebKit/537.36 (KHTML, like Gecko) Mobile Safari/537.36 (compatible; Bytespider; spider-feedback@bytedance.com)"
47.128.36.242 - - [13/Nov/2023:10:45:52 +0100] "GET /swfobject.js HTTP/1.0" 404 1308 "http://www.wonder-geek.com/little-prince-exupery-figurine-p-44605.html" "Mozilla/5.0 (Linux; Android 5.0) AppleWebKit/537.36 (KHTML, like Gecko) Mobile Safari/537.36 (compatible; Bytespider; spider-feedback@bytedance.com)"
47.128.19.47 - - [13/Nov/2023:10:45:52 +0100] "GET /highslide/graphics/zoomin.cur HTTP/1.0" 200 614 "http://www.wonder-geek.com/templates/Pixame_v1/stylesheet.css" "Mozilla/5.0 (Linux; Android 5.0) AppleWebKit/537.36 (KHTML, like Gecko) Mobile Safari/537.36 (compatible; Bytespider; spider-feedback@bytedance.com)"
47.128.19.47 - - [13/Nov/2023:10:45:53 +0100] "GET /highslide/graphics/outlines/drop-shadow.png HTTP/1.0" 200 277 "http://www.wonder-geek.com/cats-dubout-trivet-p-40086.html" "Mozilla/5.0 (Linux; Android 5.0) AppleWebKit/537.36 (KHTML, like Gecko) Mobile Safari/537.36 (compatible; Bytespider; spider-feedback@bytedance.com)"
47.128.19.47 - - [13/Nov/2023:10:45:53 +0100] "GET /highslide/graphics/zoomout.cur HTTP/1.0" 200 614 "http://www.wonder-geek.com/cats-dubout-trivet-p-40086.html" "Mozilla/5.0 (Linux; Android 5.0) AppleWebKit/537.36 (KHTML, like Gecko) Mobile Safari/537.36 (compatible; Bytespider; spider-feedback@bytedance.com)"
47.128.19.47 - - [13/Nov/2023:10:45:53 +0100] "GET /images/big_prod/3565750199659.jpg HTTP/1.0" 200 268 "http://www.wonder-geek.com/cats-dubout-trivet-p-40086.html" "Mozilla/5.0 (Linux; Android 5.0) AppleWebKit/537.36 (KHTML, like Gecko) Mobile Safari/537.36 (compatible; Bytespider; spider-feedback@bytedance.com)"
47.128.36.242 - - [13/Nov/2023:10:45:55 +0100] "GET /highslide/graphics/zoomout.cur HTTP/1.0" 200 614 "http://www.wonder-geek.com/little-prince-exupery-figurine-p-44605.html" "Mozilla/5.0 (Linux; Android 5.0) AppleWebKit/537.36 (KHTML, like Gecko) Mobile Safari/537.36 (compatible; Bytespider; spider-feedback@bytedance.com)"
47.128.36.242 - - [13/Nov/2023:10:45:55 +0100] "GET /highslide/graphics/outlines/drop-shadow.png HTTP/1.0" 200 277 "http://www.wonder-geek.com/little-prince-exupery-figurine-p-44605.html" "Mozilla/5.0 (Linux; Android 5.0) AppleWebKit/537.36 (KHTML, like Gecko) Mobile Safari/537.36 (compatible; Bytespider; spider-feedback@bytedance.com)"
47.128.35.201 - - [13/Nov/2023:10:45:56 +0100] "GET /swfobject.js HTTP/1.0" 404 1308 "http://www.wonder-geek.com/-p-41499.html" "Mozilla/5.0 (Linux; Android 5.0) AppleWebKit/537.36 (KHTML, like Gecko) Mobile Safari/537.36 (compatible; Bytespider; spider-feedback@bytedance.com)"
217.182.175.222 - - [13/Nov/2023:10:46:00 +0100] "GET /raiponce-live-your-dream-carved-by-heart-tangled-figurine-p-44949.html HTTP/1.0" 301 77720 "-" "Mozilla/5.0 (compatible; MJ12bot/v1.4.8; http://mj12bot.com/)"
217.182.175.222 - - [13/Nov/2023:10:46:03 +0100] "GET /raiponce-live-your-dream-carved-heart-tangled-figurine-p-44949.html HTTP/1.0" 200 77599 "-" "Mozilla/5.0 (compatible; MJ12bot/v1.4.8; http://mj12bot.com/)"
217.182.175.222 - - [13/Nov/2023:10:46:06 +0100] "GET /rattan-baskets-35-cm-p-45463.html HTTP/1.0" 301 77543 "-" "Mozilla/5.0 (compatible; MJ12bot/v1.4.8; http://mj12bot.com/)"
52.167.144.175 - - [13/Nov/2023:10:46:06 +0100] "GET /-p-31690.html HTTP/1.0" 200 77383 "-" "Mozilla/5.0 AppleWebKit/537.36 (KHTML, like Gecko; compatible; bingbot/2.0; +http://www.bing.com/bingbot.htm) Chrome/103.0.5060.134 Safari/537.36"
217.182.175.222 - - [13/Nov/2023:10:46:10 +0100] "GET /rattan-baskets-p-45463.html HTTP/1.0" 200 77462 "-" "Mozilla/5.0 (compatible; MJ12bot/v1.4.8; http://mj12bot.com/)"
216.244.66.242 - - [13/Nov/2023:10:46:14 +0100] "GET /robots.txt HTTP/1.0" 200 245 "-" "Mozilla/5.0 (compatible; DotBot/1.2; +https://opensiteexplorer.org/dotbot; help@moz.com)"
217.182.175.222 - - [13/Nov/2023:10:46:14 +0100] "GET /rattan-baskets-47-cm-p-45463.html HTTP/1.0" 301 77543 "-" "Mozilla/5.0 (compatible; MJ12bot/v1.4.8; http://mj12bot.com/)"
217.182.175.222 - - [13/Nov/2023:10:46:17 +0100] "GET /rattan-baskets-p-45463.html HTTP/1.0" 200 77462 "-" "Mozilla/5.0 (compatible; MJ12bot/v1.4.8; http://mj12bot.com/)"
47.128.59.51 - - [13/Nov/2023:10:46:17 +0100] "GET /home/stickers-and-posters/angry-birds-sticker-p-17289.html HTTP/1.0" 301 77450 "-" "Mozilla/5.0 (Linux; Android 5.0) AppleWebKit/537.36 (KHTML, like Gecko) Mobile Safari/537.36 (compatible; Bytespider; spider-feedback@bytedance.com)"
47.128.59.51 - - [13/Nov/2023:10:46:19 +0100] "GET /-p-17289.html HTTP/1.0" 200 77383 "-" "Mozilla/5.0 (Linux; Android 5.0) AppleWebKit/537.36 (KHTML, like Gecko) Mobile Safari/537.36 (compatible; Bytespider; spider-feedback@bytedance.com)"
47.128.59.51 - - [13/Nov/2023:10:46:21 +0100] "GET /swfobject.js HTTP/1.0" 404 1308 "http://www.wonder-geek.com/-p-17289.html" "Mozilla/5.0 (Linux; Android 5.0) AppleWebKit/537.36 (KHTML, like Gecko) Mobile Safari/537.36 (compatible; Bytespider; spider-feedback@bytedance.com)"
217.182.175.222 - - [13/Nov/2023:10:46:21 +0100] "GET /rattan-baskets-p-45463.html HTTP/1.0" 200 77462 "-" "Mozilla/5.0 (compatible; MJ12bot/v1.4.8; http://mj12bot.com/)"
217.182.175.222 - - [13/Nov/2023:10:46:24 +0100] "GET /red-kitchen-towel-50-70-cm-p-44414.html HTTP/1.0" 301 79805 "-" "Mozilla/5.0 (compatible; MJ12bot/v1.4.8; http://mj12bot.com/)"
47.128.59.51 - - [13/Nov/2023:10:46:29 +0100] "GET /highslide/graphics/outlines/drop-shadow.png HTTP/1.0" 200 277 "http://www.wonder-geek.com/-p-17289.html" "Mozilla/5.0 (Linux; Android 5.0) AppleWebKit/537.36 (KHTML, like Gecko) Mobile Safari/537.36 (compatible; Bytespider; spider-feedback@bytedance.com)"
47.128.59.51 - - [13/Nov/2023:10:46:29 +0100] "GET /highslide/graphics/zoomout.cur HTTP/1.0" 200 614 "http://www.wonder-geek.com/-p-17289.html" "Mozilla/5.0 (Linux; Android 5.0) AppleWebKit/537.36 (KHTML, like Gecko) Mobile Safari/537.36 (compatible; Bytespider; spider-feedback@bytedance.com)"
217.182.175.222 - - [13/Nov/2023:10:46:28 +0100] "GET /kitchen-towel-p-44414.html HTTP/1.0" 200 79725 "-" "Mozilla/5.0 (compatible; MJ12bot/v1.4.8; http://mj12bot.com/)"
85.208.96.211 - - [13/Nov/2023:10:46:30 +0100] "GET /posters-stickers-wall-c-13_147.html HTTP/1.0" 200 96717 "-" "Mozilla/5.0 (compatible; SemrushBot/7~bl; +http://www.semrush.com/bot.html)"
217.182.175.222 - - [13/Nov/2023:10:46:32 +0100] "GET /resin-boho-planter-legs-p-58091.html HTTP/1.0" 301 80166 "-" "Mozilla/5.0 (compatible; MJ12bot/v1.4.8; http://mj12bot.com/)"
217.182.175.222 - - [13/Nov/2023:10:46:35 +0100] "GET /bohemian-planter-with-resin-feet-p-58091.html HTTP/1.0" 200 80067 "-" "Mozilla/5.0 (compatible; MJ12bot/v1.4.8; http://mj12bot.com/)"
217.182.175.222 - - [13/Nov/2023:10:46:39 +0100] "GET /retro-ceramic-coffee-p-59118.html HTTP/1.0" 200 80781 "-" "Mozilla/5.0 (compatible; MJ12bot/v1.4.8; http://mj12bot.com/)"
47.128.29.67 - - [13/Nov/2023:10:46:44 +0100] "GET /cats-on-roof-in-paris-saltshaker-p-46880.html HTTP/1.0" 301 77450 "-" "Mozilla/5.0 (Linux; Android 5.0) AppleWebKit/537.36 (KHTML, like Gecko) Mobile Safari/537.36 (compatible; Bytespider; spider-feedback@bytedance.com)"
47.128.29.67 - - [13/Nov/2023:10:46:46 +0100] "GET /-p-46880.html HTTP/1.0" 200 77383 "-" "Mozilla/5.0 (Linux; Android 5.0) AppleWebKit/537.36 (KHTML, like Gecko) Mobile Safari/537.36 (compatible; Bytespider; spider-feedback@bytedance.com)"
217.182.175.222 - - [13/Nov/2023:10:46:45 +0100] "GET /retro-metal-and-wood-lantern-p-45403.html HTTP/1.0" 301 77450 "-" "Mozilla/5.0 (compatible; MJ12bot/v1.4.8; http://mj12bot.com/)"
47.128.29.67 - - [13/Nov/2023:10:46:48 +0100] "GET /swfobject.js HTTP/1.0" 404 1308 "http://www.wonder-geek.com/-p-46880.html" "Mozilla/5.0 (Linux; Android 5.0) AppleWebKit/537.36 (KHTML, like Gecko) Mobile Safari/537.36 (compatible; Bytespider; spider-feedback@bytedance.com)"
85.208.96.195 - - [13/Nov/2023:10:46:48 +0100] "GET /planes-disney-little-backpack-p-30385.html HTTP/1.0" 200 77489 "-" "Mozilla/5.0 (compatible; SemrushBot/7~bl; +http://www.semrush.com/bot.html)"
217.182.175.222 - - [13/Nov/2023:10:46:50 +0100] "GET /-p-45403.html HTTP/1.0" 200 77383 "-" "Mozilla/5.0 (compatible; MJ12bot/v1.4.8; http://mj12bot.com/)"
47.128.29.67 - - [13/Nov/2023:10:46:52 +0100] "GET /highslide/graphics/zoomout.cur HTTP/1.0" 200 614 "http://www.wonder-geek.com/-p-46880.html" "Mozilla/5.0 (Linux; Android 5.0) AppleWebKit/537.36 (KHTML, like Gecko) Mobile Safari/537.36 (compatible; Bytespider; spider-feedback@bytedance.com)"
47.128.29.67 - - [13/Nov/2023:10:46:52 +0100] "GET /highslide/graphics/outlines/drop-shadow.png HTTP/1.0" 200 277 "http://www.wonder-geek.com/-p-46880.html" "Mozilla/5.0 (Linux; Android 5.0) AppleWebKit/537.36 (KHTML, like Gecko) Mobile Safari/537.36 (compatible; Bytespider; spider-feedback@bytedance.com)"
54.36.148.3 - - [13/Nov/2023:10:46:53 +0100] "GET /alarms-clocks-c-13_65.html HTTP/1.0" 200 97770 "-" "Mozilla/5.0 (compatible; AhrefsBot/7.0; +http://ahrefs.com/robot/)"
217.182.175.222 - - [13/Nov/2023:10:46:55 +0100] "GET /retro-metal-wood-lantern-p-45403.html HTTP/1.0" 301 77450 "-" "Mozilla/5.0 (compatible; MJ12bot/v1.4.8; http://mj12bot.com/)"
217.182.175.222 - - [13/Nov/2023:10:47:00 +0100] "GET /-p-45403.html HTTP/1.0" 200 77383 "-" "Mozilla/5.0 (compatible; MJ12bot/v1.4.8; http://mj12bot.com/)"
66.249.66.206 - - [13/Nov/2023:10:47:03 +0100] "GET /elastic-loom-bands-p-26855.html HTTP/1.0" 200 79751 "-" "Mozilla/5.0 (Linux; Android 6.0.1; Nexus 5X Build/MMB29P) AppleWebKit/537.36 (KHTML, like Gecko) Chrome/119.0.6045.123 Mobile Safari/537.36 (compatible; Googlebot/2.1; +http://www.google.com/bot.html)"
185.191.171.17 - - [13/Nov/2023:10:47:03 +0100] "GET /candy-cloud-unicorn-twinkles-p-46646.html HTTP/1.0" 200 77487 "-" "Mozilla/5.0 (compatible; SemrushBot/7~bl; +http://www.semrush.com/bot.html)"
