149.202.86.86 - - [13/Nov/2023:10:25:20 +0100] "GET /luminous-figurine-castle-little-mermaid-p-56306.html HTTP/1.0" 200 80730 "-" "Mozilla/5.0 (compatible; MJ12bot/v1.4.8; http://mj12bot.com/)"
47.128.33.42 - - [13/Nov/2023:10:25:22 +0100] "GET /swfobject.js HTTP/1.0" 404 1308 "http://www.wonder-geek.com/-p-2915.html" "Mozilla/5.0 (Linux; Android 5.0) AppleWebKit/537.36 (KHTML, like Gecko) Mobile Safari/537.36 (compatible; Bytespider; spider-feedback@bytedance.com)"
47.128.33.42 - - [13/Nov/2023:10:25:24 +0100] "GET /highslide/graphics/zoomout.cur HTTP/1.0" 200 614 "http://www.wonder-geek.com/-p-2915.html" "Mozilla/5.0 (Linux; Android 5.0) AppleWebKit/537.36 (KHTML, like Gecko) Mobile Safari/537.36 (compatible; Bytespider; spider-feedback@bytedance.com)"
47.128.33.42 - - [13/Nov/2023:10:25:24 +0100] "GET /highslide/graphics/outlines/drop-shadow.png HTTP/1.0" 200 277 "http://www.wonder-geek.com/-p-2915.html" "Mozilla/5.0 (Linux; Android 5.0) AppleWebKit/537.36 (KHTML, like Gecko) Mobile Safari/537.36 (compatible; Bytespider; spider-feedback@bytedance.com)"
149.202.86.86 - - [13/Nov/2023:10:25:24 +0100] "GET /luminous-figurine-castle-sleeping-beauty-p-56307.html HTTP/1.0" 200 77547 "-" "Mozilla/5.0 (compatible; MJ12bot/v1.4.8; http://mj12bot.com/)"
149.202.86.86 - - [13/Nov/2023:10:25:27 +0100] "GET /lyon-black-shirt-p-31275.html HTTP/1.0" 200 77445 "-" "Mozilla/5.0 (compatible; MJ12bot/v1.4.8; http://mj12bot.com/)"
149.202.86.86 - - [13/Nov/2023:10:25:30 +0100] "GET /lyon-black-tee-shirt-p-31275.html HTTP/1.0" 301 77528 "-" "Mozilla/5.0 (compatible; MJ12bot/v1.4.8; http://mj12bot.com/)"
185.191.171.11 - - [13/Nov/2023:10:25:31 +0100] "GET /bistrot-motif-side-table-p-56622.html HTTP/1.0" 200 80534 "-" "Mozilla/5.0 (compatible; SemrushBot/7~bl; +http://www.semrush.com/bot.html)"
149.202.86.86 - - [13/Nov/2023:10:25:33 +0100] "GET /lyon-black-shirt-p-31275.html HTTP/1.0" 200 77445 "-" "Mozilla/5.0 (compatible; MJ12bot/v1.4.8; http://mj12bot.com/)"
47.128.28.233 - - [13/Nov/2023:10:25:34 +0100] "GET /luggages-schoolbags-leather-shop/vanity-beauty-bags/rabbit-small-suitcase-p-28259.html HTTP/1.0" 301 77567 "-" "Mozilla/5.0 (Linux; Android 5.0) AppleWebKit/537.36 (KHTML, like Gecko) Mobile Safari/537.36 (compatible; Bytespider; spider-feedback@bytedance.com)"
47.128.28.233 - - [13/Nov/2023:10:25:35 +0100] "GET /rabbit-small-suitcase-p-28259.html HTTP/1.0" 200 77479 "-" "Mozilla/5.0 (Linux; Android 5.0) AppleWebKit/537.36 (KHTML, like Gecko) Mobile Safari/537.36 (compatible; Bytespider; spider-feedback@bytedance.com)"
47.128.28.233 - - [13/Nov/2023:10:25:37 +0100] "GET /highslide/highslide.js HTTP/1.0" 200 262 "http://www.wonder-geek.com/rabbit-small-suitcase-p-28259.html" "Mozilla/5.0 (Linux; Android 5.0) AppleWebKit/537.36 (KHTML, like Gecko) Mobile Safari/537.36 (compatible; Bytespider; spider-feedback@bytedance.com)"
47.128.28.233 - - [13/Nov/2023:10:25:38 +0100] "GET /swfobject.js HTTP/1.0" 404 1308 "http://www.wonder-geek.com/rabbit-small-suitcase-p-28259.html" "Mozilla/5.0 (Linux; Android 5.0) AppleWebKit/537.36 (KHTML, like Gecko) Mobile Safari/537.36 (compatible; Bytespider; spider-feedback@bytedance.com)"
149.202.86.86 - - [13/Nov/2023:10:25:37 +0100] "GET /lyon-red-tee-shirt-p-31274.html HTTP/1.0" 301 77506 "-" "Mozilla/5.0 (compatible; MJ12bot/v1.4.8; http://mj12bot.com/)"
47.128.28.233 - - [13/Nov/2023:10:25:40 +0100] "GET /swfobject.js HTTP/1.0" 404 1308 "http://www.wonder-geek.com/rabbit-small-suitcase-p-28259.html" "Mozilla/5.0 (Linux; Android 5.0) AppleWebKit/537.36 (KHTML, like Gecko) Mobile Safari/537.36 (compatible; Bytespider; spider-feedback@bytedance.com)"
149.202.86.86 - - [13/Nov/2023:10:25:40 +0100] "GET /lyon-shirt-p-31274.html HTTP/1.0" 200 77429 "-" "Mozilla/5.0 (compatible; MJ12bot/v1.4.8; http://mj12bot.com/)"
47.128.28.233 - - [13/Nov/2023:10:25:42 +0100] "GET /highslide/graphics/zoomout.cur HTTP/1.0" 200 614 "http://www.wonder-geek.com/rabbit-small-suitcase-p-28259.html" "Mozilla/5.0 (Linux; Android 5.0) AppleWebKit/537.36 (KHTML, like Gecko) Mobile Safari/537.36 (compatible; Bytespider; spider-feedback@bytedance.com)"
47.128.28.233 - - [13/Nov/2023:10:25:42 +0100] "GET /highslide/graphics/outlines/drop-shadow.png HTTP/1.0" 200 277 "http://www.wonder-geek.com/rabbit-small-suitcase-p-28259.html" "Mozilla/5.0 (Linux; Android 5.0) AppleWebKit/537.36 (KHTML, like Gecko) Mobile Safari/537.36 (compatible; Bytespider; spider-feedback@bytedance.com)"
149.202.86.86 - - [13/Nov/2023:10:25:43 +0100] "GET /lyon-shirt-p-31274.html HTTP/1.0" 200 77429 "-" "Mozilla/5.0 (compatible; MJ12bot/v1.4.8; http://mj12bot.com/)"
149.202.86.86 - - [13/Nov/2023:10:25:46 +0100] "GET /lyon-white-shirt-p-31276.html HTTP/1.0" 200 77445 "-" "Mozilla/5.0 (compatible; MJ12bot/v1.4.8; http://mj12bot.com/)"
149.202.86.86 - - [13/Nov/2023:10:25:50 +0100] "GET /lyon-white-tee-shirt-p-31276.html HTTP/1.0" 301 77528 "-" "Mozilla/5.0 (compatible; MJ12bot/v1.4.8; http://mj12bot.com/)"
149.202.86.86 - - [13/Nov/2023:10:25:53 +0100] "GET /lyon-white-shirt-p-31276.html HTTP/1.0" 200 77445 "-" "Mozilla/5.0 (compatible; MJ12bot/v1.4.8; http://mj12bot.com/)"
149.202.86.86 - - [13/Nov/2023:10:25:56 +0100] "GET /lyon-white-women-shirt-p-31278.html HTTP/1.0" 200 77496 "-" "Mozilla/5.0 (compatible; MJ12bot/v1.4.8; http://mj12bot.com/)"
149.202.86.86 - - [13/Nov/2023:10:25:59 +0100] "GET /lyon-white-women-tee-shirt-p-31278.html HTTP/1.0" 301 77585 "-" "Mozilla/5.0 (compatible; MJ12bot/v1.4.8; http://mj12bot.com/)"
149.202.86.86 - - [13/Nov/2023:10:26:03 +0100] "GET /lyon-white-women-shirt-p-31278.html HTTP/1.0" 200 77496 "-" "Mozilla/5.0 (compatible; MJ12bot/v1.4.8; http://mj12bot.com/)"
149.202.86.86 - - [13/Nov/2023:10:26:06 +0100] "GET /lyon-women-black-shirt-p-31277.html HTTP/1.0" 200 77469 "-" "Mozilla/5.0 (compatible; MJ12bot/v1.4.8; http://mj12bot.com/)"
149.202.86.86 - - [13/Nov/2023:10:26:09 +0100] "GET /lyon-women-black-tee-shirt-p-31277.html HTTP/1.0" 301 77558 "-" "Mozilla/5.0 (compatible; MJ12bot/v1.4.8; http://mj12bot.com/)"
149.202.86.86 - - [13/Nov/2023:10:26:12 +0100] "GET /lyon-women-black-shirt-p-31277.html HTTP/1.0" 200 77469 "-" "Mozilla/5.0 (compatible; MJ12bot/v1.4.8; http://mj12bot.com/)"
121.134.39.2 - - [13/Nov/2023:10:26:15 +0100] "GET /images/big_prod_1/8424346366101B.jpg HTTP/1.0" 200 271 "-" "Mozilla/5.0 (X11; Ubuntu; Linux x86_64; rv:72.0) Gecko/20100101 Firefox/72.0"
47.128.61.113 - - [13/Nov/2023:10:26:30 +0100] "GET /girls/socks/set-pair-socks-strawberry-shortcake-size-3134-p-24798.html HTTP/1.0" 301 77450 "-" "Mozilla/5.0 (Linux; Android 5.0) AppleWebKit/537.36 (KHTML, like Gecko) Mobile Safari/537.36 (compatible; Bytespider; spider-feedback@bytedance.com)"
47.128.21.24 - - [13/Nov/2023:10:26:31 +0100] "GET /porcelain-table-lamp-white-pineapple-30-cm-p-50724.html HTTP/1.0" 301 77450 "-" "Mozilla/5.0 (Linux; Android 5.0) AppleWebKit/537.36 (KHTML, like Gecko) Mobile Safari/537.36 (compatible; Bytespider; spider-feedback@bytedance.com)"
47.128.61.113 - - [13/Nov/2023:10:26:31 +0100] "GET /-p-24798.html HTTP/1.0" 200 77383 "-" "Mozilla/5.0 (Linux; Android 5.0) AppleWebKit/537.36 (KHTML, like Gecko) Mobile Safari/537.36 (compatible; Bytespider; spider-feedback@bytedance.com)"
47.128.61.113 - - [13/Nov/2023:10:26:33 +0100] "GET /swfobject.js HTTP/1.0" 404 1308 "http://www.wonder-geek.com/-p-24798.html" "Mozilla/5.0 (Linux; Android 5.0) AppleWebKit/537.36 (KHTML, like Gecko) Mobile Safari/537.36 (compatible; Bytespider; spider-feedback@bytedance.com)"
47.128.21.24 - - [13/Nov/2023:10:26:33 +0100] "GET /-p-50724.html HTTP/1.0" 200 77383 "-" "Mozilla/5.0 (Linux; Android 5.0) AppleWebKit/537.36 (KHTML, like Gecko) Mobile Safari/537.36 (compatible; Bytespider; spider-feedback@bytedance.com)"
47.128.61.113 - - [13/Nov/2023:10:26:35 +0100] "GET /highslide/graphics/outlines/drop-shadow.png HTTP/1.0" 200 277 "http://www.wonder-geek.com/-p-24798.html" "Mozilla/5.0 (Linux; Android 5.0) AppleWebKit/537.36 (KHTML, like Gecko) Mobile Safari/537.36 (compatible; Bytespider; spider-feedback@bytedance.com)"
47.128.61.113 - - [13/Nov/2023:10:26:35 +0100] "GET /highslide/graphics/zoomout.cur HTTP/1.0" 200 614 "http://www.wonder-geek.com/-p-24798.html" "Mozilla/5.0 (Linux; Android 5.0) AppleWebKit/537.36 (KHTML, like Gecko) Mobile Safari/537.36 (compatible; Bytespider; spider-feedback@bytedance.com)"
47.128.21.24 - - [13/Nov/2023:10:26:35 +0100] "GET /swfobject.js HTTP/1.0" 404 1308 "http://www.wonder-geek.com/-p-50724.html" "Mozilla/5.0 (Linux; Android 5.0) AppleWebKit/537.36 (KHTML, like Gecko) Mobile Safari/537.36 (compatible; Bytespider; spider-feedback@bytedance.com)"
47.128.21.24 - - [13/Nov/2023:10:26:40 +0100] "GET /highslide/graphics/outlines/drop-shadow.png HTTP/1.0" 200 277 "http://www.wonder-geek.com/-p-50724.html" "Mozilla/5.0 (Linux; Android 5.0) AppleWebKit/537.36 (KHTML, like Gecko) Mobile Safari/537.36 (compatible; Bytespider; spider-feedback@bytedance.com)"
47.128.21.24 - - [13/Nov/2023:10:26:40 +0100] "GET /highslide/graphics/zoomout.cur HTTP/1.0" 200 614 "http://www.wonder-geek.com/-p-50724.html" "Mozilla/5.0 (Linux; Android 5.0) AppleWebKit/537.36 (KHTML, like Gecko) Mobile Safari/537.36 (compatible; Bytespider; spider-feedback@bytedance.com)"
47.128.60.94 - - [13/Nov/2023:10:26:58 +0100] "GET /washed-linen-table-towel-41-41-cm-natural-p-48127.html HTTP/1.0" 301 77450 "-" "Mozilla/5.0 (Linux; Android 5.0) AppleWebKit/537.36 (KHTML, like Gecko) Mobile Safari/537.36 (compatible; Bytespider; spider-feedback@bytedance.com)"
47.128.60.94 - - [13/Nov/2023:10:26:59 +0100] "GET /-p-48127.html HTTP/1.0" 200 77383 "-" "Mozilla/5.0 (Linux; Android 5.0) AppleWebKit/537.36 (KHTML, like Gecko) Mobile Safari/537.36 (compatible; Bytespider; spider-feedback@bytedance.com)"
47.128.60.94 - - [13/Nov/2023:10:27:01 +0100] "GET /swfobject.js HTTP/1.0" 404 1308 "http://www.wonder-geek.com/-p-48127.html" "Mozilla/5.0 (Linux; Android 5.0) AppleWebKit/537.36 (KHTML, like Gecko) Mobile Safari/537.36 (compatible; Bytespider; spider-feedback@bytedance.com)"
47.128.60.94 - - [13/Nov/2023:10:27:02 +0100] "GET /highslide/graphics/outlines/drop-shadow.png HTTP/1.0" 200 277 "http://www.wonder-geek.com/-p-48127.html" "Mozilla/5.0 (Linux; Android 5.0) AppleWebKit/537.36 (KHTML, like Gecko) Mobile Safari/537.36 (compatible; Bytespider; spider-feedback@bytedance.com)"
47.128.60.94 - - [13/Nov/2023:10:27:02 +0100] "GET /highslide/graphics/zoomout.cur HTTP/1.0" 200 614 "http://www.wonder-geek.com/-p-48127.html" "Mozilla/5.0 (Linux; Android 5.0) AppleWebKit/537.36 (KHTML, like Gecko) Mobile Safari/537.36 (compatible; Bytespider; spider-feedback@bytedance.com)"
54.36.149.21 - - [13/Nov/2023:10:27:11 +0100] "GET /deco-soapstone-tree-life-blue-p-53789.html HTTP/1.0" 200 80673 "-" "Mozilla/5.0 (compatible; AhrefsBot/7.0; +http://ahrefs.com/robot/)"
47.128.60.84 - - [13/Nov/2023:10:27:26 +0100] "GET /girls/hats-and-caps-c-1_44.html?page=4 HTTP/1.0" 301 89072 "-" "Mozilla/5.0 (Linux; Android 5.0) AppleWebKit/537.36 (KHTML, like Gecko) Mobile Safari/537.36 (compatible; Bytespider; spider-feedback@bytedance.com)"
47.128.60.84 - - [13/Nov/2023:10:27:27 +0100] "GET /hats-caps-c-44.html?page=4 HTTP/1.0" 301 88974 "-" "Mozilla/5.0 (Linux; Android 5.0) AppleWebKit/537.36 (KHTML, like Gecko) Mobile Safari/537.36 (compatible; Bytespider; spider-feedback@bytedance.com)"
47.128.60.84 - - [13/Nov/2023:10:27:29 +0100] "GET /hats-caps-c-1_44.html?page=4 HTTP/1.0" 200 88992 "-" "Mozilla/5.0 (Linux; Android 5.0) AppleWebKit/537.36 (KHTML, like Gecko) Mobile Safari/537.36 (compatible; Bytespider; spider-feedback@bytedance.com)"
47.128.60.84 - - [13/Nov/2023:10:27:32 +0100] "GET /swfobject.js HTTP/1.0" 404 1308 "http://www.wonder-geek.com/hats-caps-c-1_44.html?page=4" "Mozilla/5.0 (Linux; Android 5.0) AppleWebKit/537.36 (KHTML, like Gecko) Mobile Safari/537.36 (compatible; Bytespider; spider-feedback@bytedance.com)"
185.191.171.2 - - [13/Nov/2023:10:27:31 +0100] "GET /lotus-candleholder-chakra-yellow-goldlining-p-35527.html HTTP/1.0" 200 81356 "-" "Mozilla/5.0 (compatible; SemrushBot/7~bl; +http://www.semrush.com/bot.html)"
47.128.60.84 - - [13/Nov/2023:10:27:36 +0100] "GET /js/jquery.min.js HTTP/1.0" 404 1308 "http://www.wonder-geek.com/hats-caps-c-1_44.html?page=4" "Mozilla/5.0 (Linux; Android 5.0) AppleWebKit/537.36 (KHTML, like Gecko) Mobile Safari/537.36 (compatible; Bytespider; spider-feedback@bytedance.com)"
47.128.60.84 - - [13/Nov/2023:10:27:36 +0100] "GET /highslide/graphics/zoomout.cur HTTP/1.0" 200 614 "http://www.wonder-geek.com/hats-caps-c-1_44.html?page=4" "Mozilla/5.0 (Linux; Android 5.0) AppleWebKit/537.36 (KHTML, like Gecko) Mobile Safari/537.36 (compatible; Bytespider; spider-feedback@bytedance.com)"
47.128.60.84 - - [13/Nov/2023:10:27:37 +0100] "GET /highslide/graphics/outlines/drop-shadow.png HTTP/1.0" 200 277 "http://www.wonder-geek.com/hats-caps-c-1_44.html?page=4" "Mozilla/5.0 (Linux; Android 5.0) AppleWebKit/537.36 (KHTML, like Gecko) Mobile Safari/537.36 (compatible; Bytespider; spider-feedback@bytedance.com)"
66.249.66.205 - - [13/Nov/2023:10:27:36 +0100] "GET /avengers-iron-mask-p-24834.html HTTP/1.0" 200 77453 "-" "Mozilla/5.0 (compatible; Googlebot/2.1; +http://www.google.com/bot.html)"
85.208.96.193 - - [13/Nov/2023:10:27:53 +0100] "GET /boho-canvas-frame-arrows-dreams-love-p-47307.html HTTP/1.0" 200 79924 "-" "Mozilla/5.0 (compatible; SemrushBot/7~bl; +http://www.semrush.com/bot.html)"
85.208.96.193 - - [13/Nov/2023:10:27:57 +0100] "GET /cushion-cover-p-52124.html HTTP/1.0" 200 77447 "-" "Mozilla/5.0 (compatible; SemrushBot/7~bl; +http://www.semrush.com/bot.html)"
47.128.26.213 - - [13/Nov/2023:10:28:02 +0100] "GET /exit-hand-wooden-frame-p-45701.html HTTP/1.0" 200 77477 "-" "Mozilla/5.0 (Linux; Android 5.0) AppleWebKit/537.36 (KHTML, like Gecko) Mobile Safari/537.36 (compatible; Bytespider; spider-feedback@bytedance.com)"
52.167.144.170 - - [13/Nov/2023:10:28:02 +0100] "GET /calendar-workbook-organizer-c-129_189.html HTTP/1.0" 200 95569 "-" "Mozilla/5.0 AppleWebKit/537.36 (KHTML, like Gecko; compatible; bingbot/2.0; +http://www.bing.com/bingbot.htm) Chrome/103.0.5060.134 Safari/537.36"
47.128.26.213 - - [13/Nov/2023:10:28:04 +0100] "GET /swfobject.js HTTP/1.0" 404 1308 "http://www.wonder-geek.com/exit-hand-wooden-frame-p-45701.html" "Mozilla/5.0 (Linux; Android 5.0) AppleWebKit/537.36 (KHTML, like Gecko) Mobile Safari/537.36 (compatible; Bytespider; spider-feedback@bytedance.com)"
47.128.26.213 - - [13/Nov/2023:10:28:06 +0100] "GET /highslide/graphics/outlines/drop-shadow.png HTTP/1.0" 200 277 "http://www.wonder-geek.com/exit-hand-wooden-frame-p-45701.html" "Mozilla/5.0 (Linux; Android 5.0) AppleWebKit/537.36 (KHTML, like Gecko) Mobile Safari/537.36 (compatible; Bytespider; spider-feedback@bytedance.com)"
47.128.26.213 - - [13/Nov/2023:10:28:06 +0100] "GET /highslide/graphics/zoomout.cur HTTP/1.0" 200 614 "http://www.wonder-geek.com/exit-hand-wooden-frame-p-45701.html" "Mozilla/5.0 (Linux; Android 5.0) AppleWebKit/537.36 (KHTML, like Gecko) Mobile Safari/537.36 (compatible; Bytespider; spider-feedback@bytedance.com)"
47.128.61.142 - - [13/Nov/2023:10:28:21 +0100] "GET /kimmidoll-box-medium-model-p-47966.html HTTP/1.0" 301 77450 "-" "Mozilla/5.0 (Linux; Android 5.0) AppleWebKit/537.36 (KHTML, like Gecko) Mobile Safari/537.36 (compatible; Bytespider; spider-feedback@bytedance.com)"
47.128.61.142 - - [13/Nov/2023:10:28:23 +0100] "GET /-p-47966.html HTTP/1.0" 200 77383 "-" "Mozilla/5.0 (Linux; Android 5.0) AppleWebKit/537.36 (KHTML, like Gecko) Mobile Safari/537.36 (compatible; Bytespider; spider-feedback@bytedance.com)"
47.128.61.142 - - [13/Nov/2023:10:28:25 +0100] "GET /swfobject.js HTTP/1.0" 404 1308 "http://www.wonder-geek.com/-p-47966.html" "Mozilla/5.0 (Linux; Android 5.0) AppleWebKit/537.36 (KHTML, like Gecko) Mobile Safari/537.36 (compatible; Bytespider; spider-feedback@bytedance.com)"
85.208.96.204 - - [13/Nov/2023:10:28:24 +0100] "GET /tasty-navy-made-germany-p-58343.html HTTP/1.0" 200 80792 "-" "Mozilla/5.0 (compatible; SemrushBot/7~bl; +http://www.semrush.com/bot.html)"
47.128.61.142 - - [13/Nov/2023:10:28:25 +0100] "GET /highslide/graphics/zoomout.cur HTTP/1.0" 200 614 "http://www.wonder-geek.com/-p-47966.html" "Mozilla/5.0 (Linux; Android 5.0) AppleWebKit/537.36 (KHTML, like Gecko) Mobile Safari/537.36 (compatible; Bytespider; spider-feedback@bytedance.com)"
47.128.61.142 - - [13/Nov/2023:10:28:25 +0100] "GET /highslide/graphics/outlines/drop-shadow.png HTTP/1.0" 200 277 "http://www.wonder-geek.com/-p-47966.html" "Mozilla/5.0 (Linux; Android 5.0) AppleWebKit/537.36 (KHTML, like Gecko) Mobile Safari/537.36 (compatible; Bytespider; spider-feedback@bytedance.com)"
47.128.51.81 - - [13/Nov/2023:10:28:57 +0100] "GET /paris-eyelets-curtain-beige-p-41131.html HTTP/1.0" 301 77450 "-" "Mozilla/5.0 (Linux; Android 5.0) AppleWebKit/537.36 (KHTML, like Gecko) Mobile Safari/537.36 (compatible; Bytespider; spider-feedback@bytedance.com)"
47.128.51.81 - - [13/Nov/2023:10:28:59 +0100] "GET /-p-41131.html HTTP/1.0" 200 77383 "-" "Mozilla/5.0 (Linux; Android 5.0) AppleWebKit/537.36 (KHTML, like Gecko) Mobile Safari/537.36 (compatible; Bytespider; spider-feedback@bytedance.com)"
47.128.51.81 - - [13/Nov/2023:10:29:01 +0100] "GET /swfobject.js HTTP/1.0" 404 1308 "http://www.wonder-geek.com/-p-41131.html" "Mozilla/5.0 (Linux; Android 5.0) AppleWebKit/537.36 (KHTML, like Gecko) Mobile Safari/537.36 (compatible; Bytespider; spider-feedback@bytedance.com)"
47.128.51.81 - - [13/Nov/2023:10:29:06 +0100] "GET /highslide/graphics/outlines/drop-shadow.png HTTP/1.0" 200 277 "http://www.wonder-geek.com/-p-41131.html" "Mozilla/5.0 (Linux; Android 5.0) AppleWebKit/537.36 (KHTML, like Gecko) Mobile Safari/537.36 (compatible; Bytespider; spider-feedback@bytedance.com)"
47.128.51.81 - - [13/Nov/2023:10:29:06 +0100] "GET /highslide/graphics/zoomout.cur HTTP/1.0" 200 614 "http://www.wonder-geek.com/-p-41131.html" "Mozilla/5.0 (Linux; Android 5.0) AppleWebKit/537.36 (KHTML, like Gecko) Mobile Safari/537.36 (compatible; Bytespider; spider-feedback@bytedance.com)"
47.128.52.154 - - [13/Nov/2023:10:29:18 +0100] "GET /accessories/accessories-mobiles/gorjuss-phone-cover-green-p-19300.html HTTP/1.0" 301 77450 "-" "Mozilla/5.0 (Linux; Android 5.0) AppleWebKit/537.36 (KHTML, like Gecko) Mobile Safari/537.36 (compatible; Bytespider; spider-feedback@bytedance.com)"
47.128.52.154 - - [13/Nov/2023:10:29:20 +0100] "GET /-p-19300.html HTTP/1.0" 200 77383 "-" "Mozilla/5.0 (Linux; Android 5.0) AppleWebKit/537.36 (KHTML, like Gecko) Mobile Safari/537.36 (compatible; Bytespider; spider-feedback@bytedance.com)"
47.128.52.154 - - [13/Nov/2023:10:29:22 +0100] "GET /swfobject.js HTTP/1.0" 404 1308 "http://www.wonder-geek.com/-p-19300.html" "Mozilla/5.0 (Linux; Android 5.0) AppleWebKit/537.36 (KHTML, like Gecko) Mobile Safari/537.36 (compatible; Bytespider; spider-feedback@bytedance.com)"
149.202.86.86 - - [13/Nov/2023:10:29:21 +0100] "GET /macaron-alarm-clock-by-cbkreation-p-25005.html HTTP/1.0" 301 79961 "-" "Mozilla/5.0 (compatible; MJ12bot/v1.4.8; http://mj12bot.com/)"
54.36.148.77 - - [13/Nov/2023:10:29:21 +0100] "GET /metal-coffee-capacity-opera-p-58337.html HTTP/1.0" 200 80804 "-" "Mozilla/5.0 (compatible; AhrefsBot/7.0; +http://ahrefs.com/robot/)"
149.202.86.86 - - [13/Nov/2023:10:29:23 +0100] "GET /macaron-alarm-clock-cbkreation-p-25005.html HTTP/1.0" 200 79864 "-" "Mozilla/5.0 (compatible; MJ12bot/v1.4.8; http://mj12bot.com/)"
47.128.52.154 - - [13/Nov/2023:10:29:25 +0100] "GET /highslide/graphics/zoomout.cur HTTP/1.0" 200 614 "http://www.wonder-geek.com/-p-19300.html" "Mozilla/5.0 (Linux; Android 5.0) AppleWebKit/537.36 (KHTML, like Gecko) Mobile Safari/537.36 (compatible; Bytespider; spider-feedback@bytedance.com)"
47.128.52.154 - - [13/Nov/2023:10:29:25 +0100] "GET /highslide/graphics/outlines/drop-shadow.png HTTP/1.0" 200 277 "http://www.wonder-geek.com/-p-19300.html" "Mozilla/5.0 (Linux; Android 5.0) AppleWebKit/537.36 (KHTML, like Gecko) Mobile Safari/537.36 (compatible; Bytespider; spider-feedback@bytedance.com)"
149.202.86.86 - - [13/Nov/2023:10:29:27 +0100] "GET /macarons-spoons-p-24878.html HTTP/1.0" 301 77450 "-" "Mozilla/5.0 (compatible; MJ12bot/v1.4.8; http://mj12bot.com/)"
149.202.86.86 - - [13/Nov/2023:10:29:29 +0100] "GET /-p-24878.html HTTP/1.0" 200 77383 "-" "Mozilla/5.0 (compatible; MJ12bot/v1.4.8; http://mj12bot.com/)"
149.202.86.86 - - [13/Nov/2023:10:29:32 +0100] "GET /macarons-spoons-set-p-24878.html HTTP/1.0" 301 77450 "-" "Mozilla/5.0 (compatible; MJ12bot/v1.4.8; http://mj12bot.com/)"
149.202.86.86 - - [13/Nov/2023:10:29:35 +0100] "GET /-p-24878.html HTTP/1.0" 200 77383 "-" "Mozilla/5.0 (compatible; MJ12bot/v1.4.8; http://mj12bot.com/)"
149.202.86.86 - - [13/Nov/2023:10:29:38 +0100] "GET /macaroons-mouse-cbkreation-p-13989.html HTTP/1.0" 200 79730 "-" "Mozilla/5.0 (compatible; MJ12bot/v1.4.8; http://mj12bot.com/)"
149.202.86.86 - - [13/Nov/2023:10:29:41 +0100] "GET /macaroons-mouse-pad-cbkreation-p-13989.html HTTP/1.0" 301 79823 "-" "Mozilla/5.0 (compatible; MJ12bot/v1.4.8; http://mj12bot.com/)"
149.202.86.86 - - [13/Nov/2023:10:29:44 +0100] "GET /macaroons-mouse-cbkreation-p-13989.html HTTP/1.0" 200 79730 "-" "Mozilla/5.0 (compatible; MJ12bot/v1.4.8; http://mj12bot.com/)"
47.128.40.171 - - [13/Nov/2023:10:29:47 +0100] "GET /brass-compass-p-52854.html HTTP/1.0" 200 77425 "-" "Mozilla/5.0 (Linux; Android 5.0) AppleWebKit/537.36 (KHTML, like Gecko) Mobile Safari/537.36 (compatible; Bytespider; spider-feedback@bytedance.com)"
47.128.40.171 - - [13/Nov/2023:10:29:49 +0100] "GET /swfobject.js HTTP/1.0" 404 1308 "http://www.wonder-geek.com/brass-compass-p-52854.html" "Mozilla/5.0 (Linux; Android 5.0) AppleWebKit/537.36 (KHTML, like Gecko) Mobile Safari/537.36 (compatible; Bytespider; spider-feedback@bytedance.com)"
149.202.86.86 - - [13/Nov/2023:10:29:48 +0100] "GET /maelys-bedclothes-p-60114.html HTTP/1.0" 200 80419 "-" "Mozilla/5.0 (compatible; MJ12bot/v1.4.8; http://mj12bot.com/)"
149.202.86.86 - - [13/Nov/2023:10:29:51 +0100] "GET /makeup-kit-mani-the-lucky-cat-black-p-37354.html HTTP/1.0" 301 77450 "-" "Mozilla/5.0 (compatible; MJ12bot/v1.4.8; http://mj12bot.com/)"
185.191.171.11 - - [13/Nov/2023:10:29:52 +0100] "GET /bird-wall-decoration-p-42003.html HTTP/1.0" 200 77474 "-" "Mozilla/5.0 (compatible; SemrushBot/7~bl; +http://www.semrush.com/bot.html)"
47.128.40.171 - - [13/Nov/2023:10:29:54 +0100] "GET /highslide/graphics/zoomout.cur HTTP/1.0" 200 614 "http://www.wonder-geek.com/brass-compass-p-52854.html" "Mozilla/5.0 (Linux; Android 5.0) AppleWebKit/537.36 (KHTML, like Gecko) Mobile Safari/537.36 (compatible; Bytespider; spider-feedback@bytedance.com)"
47.128.40.171 - - [13/Nov/2023:10:29:54 +0100] "GET /highslide/graphics/outlines/drop-shadow.png HTTP/1.0" 200 277 "http://www.wonder-geek.com/brass-compass-p-52854.html" "Mozilla/5.0 (Linux; Android 5.0) AppleWebKit/537.36 (KHTML, like Gecko) Mobile Safari/537.36 (compatible; Bytespider; spider-feedback@bytedance.com)"
149.202.86.86 - - [13/Nov/2023:10:29:54 +0100] "GET /-p-37354.html HTTP/1.0" 200 77383 "-" "Mozilla/5.0 (compatible; MJ12bot/v1.4.8; http://mj12bot.com/)"
149.202.86.86 - - [13/Nov/2023:10:29:57 +0100] "GET /makeup-mani-lucky-black-p-37354.html HTTP/1.0" 301 77450 "-" "Mozilla/5.0 (compatible; MJ12bot/v1.4.8; http://mj12bot.com/)"
149.202.86.86 - - [13/Nov/2023:10:30:00 +0100] "GET /-p-37354.html HTTP/1.0" 200 77383 "-" "Mozilla/5.0 (compatible; MJ12bot/v1.4.8; http://mj12bot.com/)"
149.202.86.86 - - [13/Nov/2023:10:30:03 +0100] "GET /mandala-coasters-ceramic-p-44401.html HTTP/1.0" 200 80444 "-" "Mozilla/5.0 (compatible; MJ12bot/v1.4.8; http://mj12bot.com/)"
149.202.86.86 - - [13/Nov/2023:10:30:06 +0100] "GET /mandala-coasters-ceramic-set-of-p-44401.html HTTP/1.0" 301 80535 "-" "Mozilla/5.0 (compatible; MJ12bot/v1.4.8; http://mj12bot.com/)"
149.202.86.86 - - [13/Nov/2023:10:30:10 +0100] "GET /mandala-coasters-ceramic-p-44401.html HTTP/1.0" 200 80444 "-" "Mozilla/5.0 (compatible; MJ12bot/v1.4.8; http://mj12bot.com/)"
66.249.66.206 - - [13/Nov/2023:10:30:13 +0100] "GET /aquarius-cookware-cbkreation-p-43286.html HTTP/1.0" 200 79865 "-" "Mozilla/5.0 (Linux; Android 6.0.1; Nexus 5X Build/MMB29P) AppleWebKit/537.36 (KHTML, like Gecko) Chrome/119.0.6045.123 Mobile Safari/537.36 (compatible; Googlebot/2.1; +http://www.google.com/bot.html)"
149.202.86.86 - - [13/Nov/2023:10:30:13 +0100] "GET /mani-lucky-beige-keychain-p-39935.html HTTP/1.0" 200 77520 "-" "Mozilla/5.0 (compatible; MJ12bot/v1.4.8; http://mj12bot.com/)"
149.202.86.86 - - [13/Nov/2023:10:30:16 +0100] "GET /mani-lucky-dark-blue-keychain-p-39937.html HTTP/1.0" 200 77513 "-" "Mozilla/5.0 (compatible; MJ12bot/v1.4.8; http://mj12bot.com/)"
149.202.86.86 - - [13/Nov/2023:10:30:19 +0100] "GET /mani-lucky-glasses-case-p-39907.html HTTP/1.0" 301 77450 "-" "Mozilla/5.0 (compatible; MJ12bot/v1.4.8; http://mj12bot.com/)"
149.202.86.86 - - [13/Nov/2023:10:30:22 +0100] "GET /-p-39907.html HTTP/1.0" 200 77383 "-" "Mozilla/5.0 (compatible; MJ12bot/v1.4.8; http://mj12bot.com/)"
149.202.86.86 - - [13/Nov/2023:10:30:25 +0100] "GET /mani-lucky-glasses-case-p-39908.html HTTP/1.0" 301 77450 "-" "Mozilla/5.0 (compatible; MJ12bot/v1.4.8; http://mj12bot.com/)"
149.202.86.86 - - [13/Nov/2023:10:30:28 +0100] "GET /-p-39908.html HTTP/1.0" 200 77383 "-" "Mozilla/5.0 (compatible; MJ12bot/v1.4.8; http://mj12bot.com/)"
149.202.86.86 - - [13/Nov/2023:10:30:31 +0100] "GET /mani-lucky-gold-keychain-p-39929.html HTTP/1.0" 200 77518 "-" "Mozilla/5.0 (compatible; MJ12bot/v1.4.8; http://mj12bot.com/)"
47.128.46.25 - - [13/Nov/2023:10:30:31 +0100] "GET /incense-stick-holder-yang-p-35507.html HTTP/1.0" 301 77450 "-" "Mozilla/5.0 (Linux; Android 5.0) AppleWebKit/537.36 (KHTML, like Gecko) Mobile Safari/537.36 (compatible; Bytespider; spider-feedback@bytedance.com)"
47.128.46.25 - - [13/Nov/2023:10:30:32 +0100] "GET /-p-35507.html HTTP/1.0" 200 77383 "-" "Mozilla/5.0 (Linux; Android 5.0) AppleWebKit/537.36 (KHTML, like Gecko) Mobile Safari/537.36 (compatible; Bytespider; spider-feedback@bytedance.com)"
149.202.86.86 - - [13/Nov/2023:10:30:34 +0100] "GET /mani-lucky-keychain-p-39933.html HTTP/1.0" 200 77465 "-" "Mozilla/5.0 (compatible; MJ12bot/v1.4.8; http://mj12bot.com/)"
149.202.86.86 - - [13/Nov/2023:10:30:36 +0100] "GET /mani-lucky-p-39911.html HTTP/1.0" 200 77460 "-" "Mozilla/5.0 (compatible; MJ12bot/v1.4.8; http://mj12bot.com/)"
149.202.86.86 - - [13/Nov/2023:10:30:39 +0100] "GET /mani-lucky-white-collar-p-37367.html HTTP/1.0" 301 77450 "-" "Mozilla/5.0 (compatible; MJ12bot/v1.4.8; http://mj12bot.com/)"
47.128.41.230 - - [13/Nov/2023:10:30:41 +0100] "GET /decorations/decorations/gothic-pink-canvas-frame-p-23036.html HTTP/1.0" 301 77450 "-" "Mozilla/5.0 (Linux; Android 5.0) AppleWebKit/537.36 (KHTML, like Gecko) Mobile Safari/537.36 (compatible; Bytespider; spider-feedback@bytedance.com)"
47.128.41.230 - - [13/Nov/2023:10:30:43 +0100] "GET /-p-23036.html HTTP/1.0" 200 77383 "-" "Mozilla/5.0 (Linux; Android 5.0) AppleWebKit/537.36 (KHTML, like Gecko) Mobile Safari/537.36 (compatible; Bytespider; spider-feedback@bytedance.com)"
149.202.86.86 - - [13/Nov/2023:10:30:42 +0100] "GET /-p-37367.html HTTP/1.0" 200 77383 "-" "Mozilla/5.0 (compatible; MJ12bot/v1.4.8; http://mj12bot.com/)"
47.128.41.230 - - [13/Nov/2023:10:30:45 +0100] "GET /swfobject.js HTTP/1.0" 404 1308 "http://www.wonder-geek.com/-p-23036.html" "Mozilla/5.0 (Linux; Android 5.0) AppleWebKit/537.36 (KHTML, like Gecko) Mobile Safari/537.36 (compatible; Bytespider; spider-feedback@bytedance.com)"
149.202.86.86 - - [13/Nov/2023:10:30:46 +0100] "GET /mani-lucky-white-keychain-p-37427.html HTTP/1.0" 200 77523 "-" "Mozilla/5.0 (compatible; MJ12bot/v1.4.8; http://mj12bot.com/)"
149.202.86.86 - - [13/Nov/2023:10:30:49 +0100] "GET /mani-lucky-white-keychain-p-39926.html HTTP/1.0" 200 77505 "-" "Mozilla/5.0 (compatible; MJ12bot/v1.4.8; http://mj12bot.com/)"
149.202.86.86 - - [13/Nov/2023:10:30:52 +0100] "GET /mani-the-lucky-cat-beige-keychain-p-39935.html HTTP/1.0" 301 77612 "-" "Mozilla/5.0 (compatible; MJ12bot/v1.4.8; http://mj12bot.com/)"
149.202.86.86 - - [13/Nov/2023:10:30:55 +0100] "GET /mani-lucky-beige-keychain-p-39935.html HTTP/1.0" 200 77520 "-" "Mozilla/5.0 (compatible; MJ12bot/v1.4.8; http://mj12bot.com/)"
149.202.86.86 - - [13/Nov/2023:10:30:58 +0100] "GET /mani-the-lucky-cat-dark-blue-keychain-p-39937.html HTTP/1.0" 301 77609 "-" "Mozilla/5.0 (compatible; MJ12bot/v1.4.8; http://mj12bot.com/)"
149.202.86.86 - - [13/Nov/2023:10:31:01 +0100] "GET /mani-lucky-dark-blue-keychain-p-39937.html HTTP/1.0" 200 77513 "-" "Mozilla/5.0 (compatible; MJ12bot/v1.4.8; http://mj12bot.com/)"
47.128.41.230 - - [13/Nov/2023:10:31:02 +0100] "GET /highslide/graphics/outlines/drop-shadow.png HTTP/1.0" 200 277 "http://www.wonder-geek.com/-p-23036.html" "Mozilla/5.0 (Linux; Android 5.0) AppleWebKit/537.36 (KHTML, like Gecko) Mobile Safari/537.36 (compatible; Bytespider; spider-feedback@bytedance.com)"
47.128.41.230 - - [13/Nov/2023:10:31:02 +0100] "GET /highslide/graphics/zoomout.cur HTTP/1.0" 200 614 "http://www.wonder-geek.com/-p-23036.html" "Mozilla/5.0 (Linux; Android 5.0) AppleWebKit/537.36 (KHTML, like Gecko) Mobile Safari/537.36 (compatible; Bytespider; spider-feedback@bytedance.com)"
149.202.86.86 - - [13/Nov/2023:10:31:04 +0100] "GET /mani-the-lucky-cat-gold-keychain-p-39929.html HTTP/1.0" 301 77609 "-" "Mozilla/5.0 (compatible; MJ12bot/v1.4.8; http://mj12bot.com/)"
40.77.167.78 - - [13/Nov/2023:10:31:04 +0100] "GET /mugs-mazagrans-c-12_57.html?page=21 HTTP/1.0" 200 102489 "-" "Mozilla/5.0 AppleWebKit/537.36 (KHTML, like Gecko; compatible; bingbot/2.0; +http://www.bing.com/bingbot.htm) Chrome/103.0.5060.134 Safari/537.36"
149.202.86.86 - - [13/Nov/2023:10:31:07 +0100] "GET /mani-lucky-gold-keychain-p-39929.html HTTP/1.0" 200 77518 "-" "Mozilla/5.0 (compatible; MJ12bot/v1.4.8; http://mj12bot.com/)"
149.202.86.86 - - [13/Nov/2023:10:31:10 +0100] "GET /mani-the-lucky-cat-red-keychain-p-39933.html HTTP/1.0" 301 77551 "-" "Mozilla/5.0 (compatible; MJ12bot/v1.4.8; http://mj12bot.com/)"
47.128.57.64 - - [13/Nov/2023:10:31:11 +0100] "GET /posters-and-stickers-wall-c-13_147.html?page=8 HTTP/1.0" 301 92323 "-" "Mozilla/5.0 (Linux; Android 5.0) AppleWebKit/537.36 (KHTML, like Gecko) Mobile Safari/537.36 (compatible; Bytespider; spider-feedback@bytedance.com)"
149.202.86.86 - - [13/Nov/2023:10:31:13 +0100] "GET /mani-lucky-keychain-p-39933.html HTTP/1.0" 200 77465 "-" "Mozilla/5.0 (compatible; MJ12bot/v1.4.8; http://mj12bot.com/)"
47.128.57.64 - - [13/Nov/2023:10:31:13 +0100] "GET /posters-stickers-wall-c-147.html?page=8 HTTP/1.0" 301 92200 "-" "Mozilla/5.0 (Linux; Android 5.0) AppleWebKit/537.36 (KHTML, like Gecko) Mobile Safari/537.36 (compatible; Bytespider; spider-feedback@bytedance.com)"
149.202.86.86 - - [13/Nov/2023:10:31:16 +0100] "GET /mani-the-lucky-cat-white-keychain-p-39926.html HTTP/1.0" 301 77597 "-" "Mozilla/5.0 (compatible; MJ12bot/v1.4.8; http://mj12bot.com/)"
47.128.57.64 - - [13/Nov/2023:10:31:15 +0100] "GET /posters-stickers-wall-c-13_147.html?page=8 HTTP/1.0" 200 92230 "-" "Mozilla/5.0 (Linux; Android 5.0) AppleWebKit/537.36 (KHTML, like Gecko) Mobile Safari/537.36 (compatible; Bytespider; spider-feedback@bytedance.com)"
47.128.57.64 - - [13/Nov/2023:10:31:17 +0100] "GET /swfobject.js HTTP/1.0" 404 1308 "http://www.wonder-geek.com/posters-stickers-wall-c-13_147.html?page=8" "Mozilla/5.0 (Linux; Android 5.0) AppleWebKit/537.36 (KHTML, like Gecko) Mobile Safari/537.36 (compatible; Bytespider; spider-feedback@bytedance.com)"
47.128.57.64 - - [13/Nov/2023:10:31:17 +0100] "GET /js/jquery.min.js HTTP/1.0" 404 1308 "http://www.wonder-geek.com/posters-stickers-wall-c-13_147.html?page=8" "Mozilla/5.0 (Linux; Android 5.0) AppleWebKit/537.36 (KHTML, like Gecko) Mobile Safari/537.36 (compatible; Bytespider; spider-feedback@bytedance.com)"
149.202.86.86 - - [13/Nov/2023:10:31:18 +0100] "GET /mani-lucky-white-keychain-p-39926.html HTTP/1.0" 200 77505 "-" "Mozilla/5.0 (compatible; MJ12bot/v1.4.8; http://mj12bot.com/)"
149.202.86.86 - - [13/Nov/2023:10:31:21 +0100] "GET /mani-the-lucky-cat-white-red-collar-11-cm-p-37367.html HTTP/1.0" 301 77450 "-" "Mozilla/5.0 (compatible; MJ12bot/v1.4.8; http://mj12bot.com/)"
54.36.148.50 - - [13/Nov/2023:10:31:22 +0100] "GET /-c-95_349.html HTTP/1.0" 200 76251 "-" "Mozilla/5.0 (compatible; AhrefsBot/7.0; +http://ahrefs.com/robot/)"
149.202.86.86 - - [13/Nov/2023:10:31:24 +0100] "GET /-p-37367.html HTTP/1.0" 200 77383 "-" "Mozilla/5.0 (compatible; MJ12bot/v1.4.8; http://mj12bot.com/)"
149.202.86.86 - - [13/Nov/2023:10:31:27 +0100] "GET /marie-unties-knots-prayer-candle-novena-p-51631.html HTTP/1.0" 200 77529 "-" "Mozilla/5.0 (compatible; MJ12bot/v1.4.8; http://mj12bot.com/)"
207.154.236.52 - - [13/Nov/2023:10:31:27 +0100] "GET /with-infuser-c-12_221.html HTTP/1.0" 200 98432 "-" "Mozilla/5.0 (Macintosh; Intel Mac OS X 10_15_7) AppleWebKit/537.36 (KHTML, like Gecko) Chrome/114.0.0.0 Safari/537.36"
149.202.86.86 - - [13/Nov/2023:10:31:30 +0100] "GET /marie-who-unties-the-knots-prayer-candle-novena-p-51631.html HTTP/1.0" 301 77635 "-" "Mozilla/5.0 (compatible; MJ12bot/v1.4.8; http://mj12bot.com/)"
185.191.171.9 - - [13/Nov/2023:10:31:31 +0100] "GET /elephant-bird-lamp-p-56061.html HTTP/1.0" 200 77453 "-" "Mozilla/5.0 (compatible; SemrushBot/7~bl; +http://www.semrush.com/bot.html)"
47.128.57.64 - - [13/Nov/2023:10:31:33 +0100] "GET /swfobject.js HTTP/1.0" 404 1308 "http://www.wonder-geek.com/posters-stickers-wall-c-13_147.html?page=8" "Mozilla/5.0 (Linux; Android 5.0) AppleWebKit/537.36 (KHTML, like Gecko) Mobile Safari/537.36 (compatible; Bytespider; spider-feedback@bytedance.com)"
149.202.86.86 - - [13/Nov/2023:10:31:33 +0100] "GET /marie-unties-knots-prayer-candle-novena-p-51631.html HTTP/1.0" 200 77529 "-" "Mozilla/5.0 (compatible; MJ12bot/v1.4.8; http://mj12bot.com/)"
47.128.57.64 - - [13/Nov/2023:10:31:34 +0100] "GET /js/jquery.min.js HTTP/1.0" 404 1308 "http://www.wonder-geek.com/posters-stickers-wall-c-13_147.html?page=8" "Mozilla/5.0 (Linux; Android 5.0) AppleWebKit/537.36 (KHTML, like Gecko) Mobile Safari/537.36 (compatible; Bytespider; spider-feedback@bytedance.com)"
47.128.57.64 - - [13/Nov/2023:10:31:35 +0100] "GET /highslide/graphics/outlines/drop-shadow.png HTTP/1.0" 200 277 "http://www.wonder-geek.com/posters-stickers-wall-c-13_147.html?page=8" "Mozilla/5.0 (Linux; Android 5.0) AppleWebKit/537.36 (KHTML, like Gecko) Mobile Safari/537.36 (compatible; Bytespider; spider-feedback@bytedance.com)"
47.128.57.64 - - [13/Nov/2023:10:31:35 +0100] "GET /highslide/graphics/zoomout.cur HTTP/1.0" 200 614 "http://www.wonder-geek.com/posters-stickers-wall-c-13_147.html?page=8" "Mozilla/5.0 (Linux; Android 5.0) AppleWebKit/537.36 (KHTML, like Gecko) Mobile Safari/537.36 (compatible; Bytespider; spider-feedback@bytedance.com)"
149.202.86.86 - - [13/Nov/2023:10:31:36 +0100] "GET /marilyn-monroe-strass-shirt-p-30155.html HTTP/1.0" 200 80201 "-" "Mozilla/5.0 (compatible; MJ12bot/v1.4.8; http://mj12bot.com/)"
47.128.46.133 - - [13/Nov/2023:10:31:37 +0100] "GET /peanuts-coin-purse-p-3547.html HTTP/1.0" 200 77462 "-" "Mozilla/5.0 (Linux; Android 5.0) AppleWebKit/537.36 (KHTML, like Gecko) Mobile Safari/537.36 (compatible; Bytespider; spider-feedback@bytedance.com)"
47.128.46.133 - - [13/Nov/2023:10:31:39 +0100] "GET /swfobject.js HTTP/1.0" 404 1308 "http://www.wonder-geek.com/peanuts-coin-purse-p-3547.html" "Mozilla/5.0 (Linux; Android 5.0) AppleWebKit/537.36 (KHTML, like Gecko) Mobile Safari/537.36 (compatible; Bytespider; spider-feedback@bytedance.com)"
149.202.86.86 - - [13/Nov/2023:10:31:39 +0100] "GET /marilyn-monroe-white-long-sleeve-shirt-p-30156.html HTTP/1.0" 200 81312 "-" "Mozilla/5.0 (compatible; MJ12bot/v1.4.8; http://mj12bot.com/)"
149.202.86.86 - - [13/Nov/2023:10:31:42 +0100] "GET /marine-laundry-basket-black-and-white-50-cm-p-48829.html HTTP/1.0" 301 77450 "-" "Mozilla/5.0 (compatible; MJ12bot/v1.4.8; http://mj12bot.com/)"
47.128.46.133 - - [13/Nov/2023:10:31:44 +0100] "GET /highslide/graphics/outlines/drop-shadow.png HTTP/1.0" 200 277 "http://www.wonder-geek.com/peanuts-coin-purse-p-3547.html" "Mozilla/5.0 (Linux; Android 5.0) AppleWebKit/537.36 (KHTML, like Gecko) Mobile Safari/537.36 (compatible; Bytespider; spider-feedback@bytedance.com)"
47.128.46.133 - - [13/Nov/2023:10:31:44 +0100] "GET /highslide/graphics/zoomout.cur HTTP/1.0" 200 614 "http://www.wonder-geek.com/peanuts-coin-purse-p-3547.html" "Mozilla/5.0 (Linux; Android 5.0) AppleWebKit/537.36 (KHTML, like Gecko) Mobile Safari/537.36 (compatible; Bytespider; spider-feedback@bytedance.com)"
47.128.46.25 - - [13/Nov/2023:10:31:44 +0100] "GET /incense-stick-holder-yang-p-35507.html HTTP/1.0" 301 77450 "-" "Mozilla/5.0 (Linux; Android 5.0) AppleWebKit/537.36 (KHTML, like Gecko) Mobile Safari/537.36 (compatible; Bytespider; spider-feedback@bytedance.com)"
149.202.86.86 - - [13/Nov/2023:10:31:44 +0100] "GET /-p-48829.html HTTP/1.0" 200 77383 "-" "Mozilla/5.0 (compatible; MJ12bot/v1.4.8; http://mj12bot.com/)"
47.128.46.25 - - [13/Nov/2023:10:31:46 +0100] "GET /-p-35507.html HTTP/1.0" 200 77383 "-" "Mozilla/5.0 (Linux; Android 5.0) AppleWebKit/537.36 (KHTML, like Gecko) Mobile Safari/537.36 (compatible; Bytespider; spider-feedback@bytedance.com)"
47.128.46.25 - - [13/Nov/2023:10:31:48 +0100] "GET /swfobject.js HTTP/1.0" 404 1308 "http://www.wonder-geek.com/-p-35507.html" "Mozilla/5.0 (Linux; Android 5.0) AppleWebKit/537.36 (KHTML, like Gecko) Mobile Safari/537.36 (compatible; Bytespider; spider-feedback@bytedance.com)"
185.191.171.13 - - [13/Nov/2023:10:31:47 +0100] "GET /-p-4417.html HTTP/1.0" 200 77381 "-" "Mozilla/5.0 (compatible; SemrushBot/7~bl; +http://www.semrush.com/bot.html)"
149.202.86.86 - - [13/Nov/2023:10:31:47 +0100] "GET /marine-laundry-basket-black-white-p-48829.html HTTP/1.0" 301 77450 "-" "Mozilla/5.0 (compatible; MJ12bot/v1.4.8; http://mj12bot.com/)"
149.202.86.86 - - [13/Nov/2023:10:31:50 +0100] "GET /-p-48829.html HTTP/1.0" 200 77383 "-" "Mozilla/5.0 (compatible; MJ12bot/v1.4.8; http://mj12bot.com/)"
149.202.86.86 - - [13/Nov/2023:10:31:53 +0100] "GET /melt-coconut-escape-p-39897.html HTTP/1.0" 200 77487 "-" "Mozilla/5.0 (compatible; MJ12bot/v1.4.8; http://mj12bot.com/)"
149.202.86.86 - - [13/Nov/2023:10:31:56 +0100] "GET /metal-plate-deco-p-54397.html HTTP/1.0" 200 80269 "-" "Mozilla/5.0 (compatible; MJ12bot/v1.4.8; http://mj12bot.com/)"
85.208.96.205 - - [13/Nov/2023:10:31:57 +0100] "GET /home-decoration-c-13.html?page=284 HTTP/1.0" 200 84472 "-" "Mozilla/5.0 (compatible; SemrushBot/7~bl; +http://www.semrush.com/bot.html)"
149.202.86.86 - - [13/Nov/2023:10:31:59 +0100] "GET /metal-rests-flat-p-43894.html HTTP/1.0" 200 79702 "-" "Mozilla/5.0 (compatible; MJ12bot/v1.4.8; http://mj12bot.com/)"
149.202.86.86 - - [13/Nov/2023:10:32:02 +0100] "GET /mickael-white-shirt-p-30158.html HTTP/1.0" 200 80890 "-" "Mozilla/5.0 (compatible; MJ12bot/v1.4.8; http://mj12bot.com/)"
47.128.57.218 - - [13/Nov/2023:10:32:04 +0100] "GET /cotton-floor-cushion-izumi-p-57739.html HTTP/1.0" 200 77511 "-" "Mozilla/5.0 (Linux; Android 5.0) AppleWebKit/537.36 (KHTML, like Gecko) Mobile Safari/537.36 (compatible; Bytespider; spider-feedback@bytedance.com)"
47.128.57.218 - - [13/Nov/2023:10:32:07 +0100] "GET /swfobject.js HTTP/1.0" 404 1308 "http://www.wonder-geek.com/cotton-floor-cushion-izumi-p-57739.html" "Mozilla/5.0 (Linux; Android 5.0) AppleWebKit/537.36 (KHTML, like Gecko) Mobile Safari/537.36 (compatible; Bytespider; spider-feedback@bytedance.com)"
149.202.86.86 - - [13/Nov/2023:10:32:05 +0100] "GET /mickael-white-shirt-p-30159.html HTTP/1.0" 200 81159 "-" "Mozilla/5.0 (compatible; MJ12bot/v1.4.8; http://mj12bot.com/)"
47.128.57.218 - - [13/Nov/2023:10:32:09 +0100] "GET /highslide/graphics/outlines/drop-shadow.png HTTP/1.0" 200 277 "http://www.wonder-geek.com/cotton-floor-cushion-izumi-p-57739.html" "Mozilla/5.0 (Linux; Android 5.0) AppleWebKit/537.36 (KHTML, like Gecko) Mobile Safari/537.36 (compatible; Bytespider; spider-feedback@bytedance.com)"
47.128.57.218 - - [13/Nov/2023:10:32:09 +0100] "GET /highslide/graphics/zoomout.cur HTTP/1.0" 200 614 "http://www.wonder-geek.com/cotton-floor-cushion-izumi-p-57739.html" "Mozilla/5.0 (Linux; Android 5.0) AppleWebKit/537.36 (KHTML, like Gecko) Mobile Safari/537.36 (compatible; Bytespider; spider-feedback@bytedance.com)"
149.202.86.86 - - [13/Nov/2023:10:32:09 +0100] "GET /mini-plush-keeleco-friendly-leopard-p-60134.html HTTP/1.0" 200 81394 "-" "Mozilla/5.0 (compatible; MJ12bot/v1.4.8; http://mj12bot.com/)"
185.191.171.4 - - [13/Nov/2023:10:32:12 +0100] "GET /flower-life-earrings-brass-silver-colored-p-39339.html HTTP/1.0" 200 80764 "-" "Mozilla/5.0 (compatible; SemrushBot/7~bl; +http://www.semrush.com/bot.html)"
149.202.86.86 - - [13/Nov/2023:10:32:13 +0100] "GET /mini-plush-keeleco-friendly-monkey-p-60136.html HTTP/1.0" 200 81385 "-" "Mozilla/5.0 (compatible; MJ12bot/v1.4.8; http://mj12bot.com/)"
185.191.171.15 - - [13/Nov/2023:10:32:16 +0100] "GET /soft-rattle-gund-orange-p-21365.html HTTP/1.0" 200 79989 "-" "Mozilla/5.0 (compatible; SemrushBot/7~bl; +http://www.semrush.com/bot.html)"
149.202.86.86 - - [13/Nov/2023:10:32:16 +0100] "GET /mini-plush-keeleco-friendly-tiger-p-60133.html HTTP/1.0" 200 81376 "-" "Mozilla/5.0 (compatible; MJ12bot/v1.4.8; http://mj12bot.com/)"
149.202.86.86 - - [13/Nov/2023:10:32:19 +0100] "GET /mini-stickers-animals-p-22597.html HTTP/1.0" 200 80372 "-" "Mozilla/5.0 (compatible; MJ12bot/v1.4.8; http://mj12bot.com/)"
149.202.86.86 - - [13/Nov/2023:10:32:23 +0100] "GET /morrison-poster-p-11050.html HTTP/1.0" 301 77450 "-" "Mozilla/5.0 (compatible; MJ12bot/v1.4.8; http://mj12bot.com/)"
149.202.86.86 - - [13/Nov/2023:10:32:25 +0100] "GET /-p-11050.html HTTP/1.0" 200 77383 "-" "Mozilla/5.0 (compatible; MJ12bot/v1.4.8; http://mj12bot.com/)"
149.202.86.86 - - [13/Nov/2023:10:32:28 +0100] "GET /mug-with-infuser-for-tea-keya-p-47848.html HTTP/1.0" 301 79882 "-" "Mozilla/5.0 (compatible; MJ12bot/v1.4.8; http://mj12bot.com/)"
149.202.86.86 - - [13/Nov/2023:10:32:31 +0100] "GET /with-infuser-keya-p-47848.html HTTP/1.0" 200 79798 "-" "Mozilla/5.0 (compatible; MJ12bot/v1.4.8; http://mj12bot.com/)"
149.202.86.86 - - [13/Nov/2023:10:32:34 +0100] "GET /mug-with-infuser-for-tea-toucan-p-47850.html HTTP/1.0" 301 80488 "-" "Mozilla/5.0 (compatible; MJ12bot/v1.4.8; http://mj12bot.com/)"
149.202.86.86 - - [13/Nov/2023:10:32:37 +0100] "GET /with-infuser-toucan-p-47850.html HTTP/1.0" 200 80402 "-" "Mozilla/5.0 (compatible; MJ12bot/v1.4.8; http://mj12bot.com/)"
149.202.86.86 - - [13/Nov/2023:10:32:40 +0100] "GET /mug-with-tea-infuser-c-12_221.html?page=1 HTTP/1.0" 301 98527 "-" "Mozilla/5.0 (compatible; MJ12bot/v1.4.8; http://mj12bot.com/)"
149.202.86.86 - - [13/Nov/2023:10:32:43 +0100] "GET /with-infuser-c-221.html?page=1 HTTP/1.0" 301 98426 "-" "Mozilla/5.0 (compatible; MJ12bot/v1.4.8; http://mj12bot.com/)"
51.68.224.127 - - [13/Nov/2023:10:32:47 +0100] "GET /adminweb/export_orders_xml.php?token=256de2z6edz6ed2z6DFSFsed2zed6zeDSFDSGdzedezfzf&maxorders=10&orderstart=1&status=14&start_date=2018-10-01 HTTP/1.0" 200 285 "-" "GesCom CharlotteBoutik Serveur"
51.68.224.127 - - [13/Nov/2023:10:32:47 +0100] "GET /adminweb/export_orders_xml.php?token=256de2z6edz6ed2z6DFSFsed2zed6zeDSFDSGdzedezfzf&maxorders=10&orderstart=1&status=6&start_date=2018-10-01 HTTP/1.0" 200 33939 "-" "GesCom CharlotteBoutik Serveur"
149.202.86.86 - - [13/Nov/2023:10:32:46 +0100] "GET /with-infuser-c-12_221.html?page=1 HTTP/1.0" 200 98443 "-" "Mozilla/5.0 (compatible; MJ12bot/v1.4.8; http://mj12bot.com/)"
149.202.86.86 - - [13/Nov/2023:10:32:49 +0100] "GET /mug-with-tea-infuser-c-12_221.html?page=2 HTTP/1.0" 301 98854 "-" "Mozilla/5.0 (compatible; MJ12bot/v1.4.8; http://mj12bot.com/)"
149.202.86.86 - - [13/Nov/2023:10:32:53 +0100] "GET /with-infuser-c-221.html?page=2 HTTP/1.0" 301 98753 "-" "Mozilla/5.0 (compatible; MJ12bot/v1.4.8; http://mj12bot.com/)"
85.208.96.212 - - [13/Nov/2023:10:32:55 +0100] "GET /decorative-brass-telescope-p-51516.html HTTP/1.0" 200 80401 "-" "Mozilla/5.0 (compatible; SemrushBot/7~bl; +http://www.semrush.com/bot.html)"
85.208.96.209 - - [13/Nov/2023:10:33:05 +0100] "GET /-p-31534.html HTTP/1.0" 200 77383 "-" "Mozilla/5.0 (compatible; SemrushBot/7~bl; +http://www.semrush.com/bot.html)"
54.36.149.107 - - [13/Nov/2023:10:33:13 +0100] "GET /dishes-c-12.html?page=26 HTTP/1.0" 200 98892 "-" "Mozilla/5.0 (compatible; AhrefsBot/7.0; +http://ahrefs.com/robot/)"
217.182.175.222 - - [13/Nov/2023:10:34:25 +0100] "GET /poster-corsica-50-70-cm-p-43699.html HTTP/1.0" 301 77534 "-" "Mozilla/5.0 (compatible; MJ12bot/v1.4.8; http://mj12bot.com/)"
149.202.86.86 - - [13/Nov/2023:10:34:26 +0100] "GET /mug-with-tea-infuser-c-12_221.html?page=2 HTTP/1.0" 301 98854 "-" "Mozilla/5.0 (compatible; MJ12bot/v1.4.8; http://mj12bot.com/)"
217.182.175.222 - - [13/Nov/2023:10:34:27 +0100] "GET /poster-corsica-p-43699.html HTTP/1.0" 200 77453 "-" "Mozilla/5.0 (compatible; MJ12bot/v1.4.8; http://mj12bot.com/)"
149.202.86.86 - - [13/Nov/2023:10:34:29 +0100] "GET /with-infuser-c-221.html?page=2 HTTP/1.0" 301 98753 "-" "Mozilla/5.0 (compatible; MJ12bot/v1.4.8; http://mj12bot.com/)"
217.182.175.222 - - [13/Nov/2023:10:34:32 +0100] "GET /poster-corsica-p-43699.html HTTP/1.0" 200 77453 "-" "Mozilla/5.0 (compatible; MJ12bot/v1.4.8; http://mj12bot.com/)"
149.202.86.86 - - [13/Nov/2023:10:34:32 +0100] "GET /with-infuser-c-12_221.html?page=2 HTTP/1.0" 200 98770 "-" "Mozilla/5.0 (compatible; MJ12bot/v1.4.8; http://mj12bot.com/)"
217.182.175.222 - - [13/Nov/2023:10:34:35 +0100] "GET /powder-candle-250-grs-la-bougie-autrement-glitter-green-p-53092.html HTTP/1.0" 301 81629 "-" "Mozilla/5.0 (compatible; MJ12bot/v1.4.8; http://mj12bot.com/)"
149.202.86.86 - - [13/Nov/2023:10:34:36 +0100] "GET /mug-with-tea-infuser-c-12_221.html?page=3 HTTP/1.0" 301 99395 "-" "Mozilla/5.0 (compatible; MJ12bot/v1.4.8; http://mj12bot.com/)"
217.182.175.222 - - [13/Nov/2023:10:34:39 +0100] "GET /powder-candle-bougie-autrement-glitter-green-p-53092.html HTTP/1.0" 200 81518 "-" "Mozilla/5.0 (compatible; MJ12bot/v1.4.8; http://mj12bot.com/)"
149.202.86.86 - - [13/Nov/2023:10:34:39 +0100] "GET /with-infuser-c-221.html?page=3 HTTP/1.0" 301 99294 "-" "Mozilla/5.0 (compatible; MJ12bot/v1.4.8; http://mj12bot.com/)"
149.202.86.86 - - [13/Nov/2023:10:34:42 +0100] "GET /with-infuser-c-12_221.html?page=3 HTTP/1.0" 200 99311 "-" "Mozilla/5.0 (compatible; MJ12bot/v1.4.8; http://mj12bot.com/)"
85.208.96.199 - - [13/Nov/2023:10:34:44 +0100] "GET /decorative-wooden-plate-barbecue-party-anthracite-p-47836.html HTTP/1.0" 200 80166 "-" "Mozilla/5.0 (compatible; SemrushBot/7~bl; +http://www.semrush.com/bot.html)"
54.36.148.87 - - [13/Nov/2023:10:34:44 +0100] "GET /dishes-c-12.html?page=25 HTTP/1.0" 200 99520 "-" "Mozilla/5.0 (compatible; AhrefsBot/7.0; +http://ahrefs.com/robot/)"
217.182.175.222 - - [13/Nov/2023:10:34:44 +0100] "GET /powder-candle-bougie-autrement-glitter-green-p-53092.html HTTP/1.0" 200 81518 "-" "Mozilla/5.0 (compatible; MJ12bot/v1.4.8; http://mj12bot.com/)"
149.202.86.86 - - [13/Nov/2023:10:34:45 +0100] "GET /mug-with-tea-infuser-c-12_221.html?page=4 HTTP/1.0" 301 99002 "-" "Mozilla/5.0 (compatible; MJ12bot/v1.4.8; http://mj12bot.com/)"
217.182.175.222 - - [13/Nov/2023:10:34:49 +0100] "GET /princess-unicorn-wall-stickers-p-53129.html HTTP/1.0" 200 80522 "-" "Mozilla/5.0 (compatible; MJ12bot/v1.4.8; http://mj12bot.com/)"
149.202.86.86 - - [13/Nov/2023:10:34:49 +0100] "GET /with-infuser-c-221.html?page=4 HTTP/1.0" 301 98901 "-" "Mozilla/5.0 (compatible; MJ12bot/v1.4.8; http://mj12bot.com/)"
149.202.86.86 - - [13/Nov/2023:10:34:52 +0100] "GET /with-infuser-c-12_221.html?page=4 HTTP/1.0" 200 98918 "-" "Mozilla/5.0 (compatible; MJ12bot/v1.4.8; http://mj12bot.com/)"
149.202.86.86 - - [13/Nov/2023:10:34:56 +0100] "GET /mug-with-tea-infuser-c-12_221.html?page=5 HTTP/1.0" 301 98856 "-" "Mozilla/5.0 (compatible; MJ12bot/v1.4.8; http://mj12bot.com/)"
217.182.175.222 - - [13/Nov/2023:10:34:57 +0100] "GET /purple-kitchen-towel-50-70-cm-p-44417.html HTTP/1.0" 301 79836 "-" "Mozilla/5.0 (compatible; MJ12bot/v1.4.8; http://mj12bot.com/)"
149.202.86.86 - - [13/Nov/2023:10:34:59 +0100] "GET /with-infuser-c-221.html?page=5 HTTP/1.0" 301 98755 "-" "Mozilla/5.0 (compatible; MJ12bot/v1.4.8; http://mj12bot.com/)"
217.182.175.222 - - [13/Nov/2023:10:35:01 +0100] "GET /purple-kitchen-towel-p-44417.html HTTP/1.0" 200 79749 "-" "Mozilla/5.0 (compatible; MJ12bot/v1.4.8; http://mj12bot.com/)"
149.202.86.86 - - [13/Nov/2023:10:35:02 +0100] "GET /with-infuser-c-12_221.html?page=5 HTTP/1.0" 200 98772 "-" "Mozilla/5.0 (compatible; MJ12bot/v1.4.8; http://mj12bot.com/)"
149.202.86.86 - - [13/Nov/2023:10:35:06 +0100] "GET /musical-snowball-night-light-little-prince-p-54628.html HTTP/1.0" 200 77541 "-" "Mozilla/5.0 (compatible; MJ12bot/v1.4.8; http://mj12bot.com/)"
66.249.66.206 - - [13/Nov/2023:10:35:06 +0100] "GET /figurines-fireman-nicolas-p-55656.html HTTP/1.0" 200 77515 "-" "Mozilla/5.0 (Linux; Android 6.0.1; Nexus 5X Build/MMB29P) AppleWebKit/537.36 (KHTML, like Gecko) Chrome/119.0.6045.123 Mobile Safari/537.36 (compatible; Googlebot/2.1; +http://www.google.com/bot.html)"
149.202.86.86 - - [13/Nov/2023:10:35:09 +0100] "GET /mustard-bronze-stoneware-lamp-p-58973.html HTTP/1.0" 200 80598 "-" "Mozilla/5.0 (compatible; MJ12bot/v1.4.8; http://mj12bot.com/)"
149.202.86.86 - - [13/Nov/2023:10:35:12 +0100] "GET /native-american-herbal-teapot-with-metal-infuser-chabada-collec-p-45719.html HTTP/1.0" 200 80191 "-" "Mozilla/5.0 (compatible; MJ12bot/v1.4.8; http://mj12bot.com/)"
149.202.86.86 - - [13/Nov/2023:10:35:15 +0100] "GET /natural-seagrass-carpet-p-59141.html HTTP/1.0" 200 80792 "-" "Mozilla/5.0 (compatible; MJ12bot/v1.4.8; http://mj12bot.com/)"
