91.137.17.143 - - [13/Nov/2023:07:38:05 +0100] "GET /hello-trapeze-chocolate-knot-camomilla-p-16294.html HTTP/1.0" 200 77445 "-" "Mozilla/5.0 (compatible; MJ12bot/v1.4.8; http://mj12bot.com/)"
91.137.17.143 - - [13/Nov/2023:07:38:08 +0100] "GET /hen-metal-rests-flat-p-43894.html HTTP/1.0" 301 79691 "-" "Mozilla/5.0 (compatible; MJ12bot/v1.4.8; http://mj12bot.com/)"
91.137.17.143 - - [13/Nov/2023:07:38:11 +0100] "GET /metal-rests-flat-p-43894.html HTTP/1.0" 200 79608 "-" "Mozilla/5.0 (compatible; MJ12bot/v1.4.8; http://mj12bot.com/)"
91.137.17.143 - - [13/Nov/2023:07:38:14 +0100] "GET /hens-cookware-p-37884.html HTTP/1.0" 200 77339 "-" "Mozilla/5.0 (compatible; MJ12bot/v1.4.8; http://mj12bot.com/)"
91.137.17.143 - - [13/Nov/2023:07:38:17 +0100] "GET /hens-pot-cookware-p-37884.html HTTP/1.0" 301 77419 "-" "Mozilla/5.0 (compatible; MJ12bot/v1.4.8; http://mj12bot.com/)"
91.137.17.143 - - [13/Nov/2023:07:38:20 +0100] "GET /hens-cookware-p-37884.html HTTP/1.0" 200 77339 "-" "Mozilla/5.0 (compatible; MJ12bot/v1.4.8; http://mj12bot.com/)"
47.128.35.217 - - [13/Nov/2023:07:38:21 +0100] "GET /lotus-candleholder-chakra-red-silverlining-p-38922.html HTTP/1.0" 301 81351 "-" "Mozilla/5.0 (Linux; Android 5.0) AppleWebKit/537.36 (KHTML, like Gecko) Mobile Safari/537.36 (compatible; Bytespider; spider-feedback@bytedance.com)"
91.137.17.143 - - [13/Nov/2023:07:38:23 +0100] "GET /herbs-wall-stickers-p-60120.html HTTP/1.0" 200 80497 "-" "Mozilla/5.0 (compatible; MJ12bot/v1.4.8; http://mj12bot.com/)"
47.128.35.217 - - [13/Nov/2023:07:38:23 +0100] "GET /lotus-candleholder-chakra-silverlining-p-38922.html HTTP/1.0" 200 81246 "-" "Mozilla/5.0 (Linux; Android 5.0) AppleWebKit/537.36 (KHTML, like Gecko) Mobile Safari/537.36 (compatible; Bytespider; spider-feedback@bytedance.com)"
47.128.35.217 - - [13/Nov/2023:07:38:25 +0100] "GET /swfobject.js HTTP/1.0" 404 1308 "http://www.wonder-geek.com/lotus-candleholder-chakra-silverlining-p-38922.html" "Mozilla/5.0 (Linux; Android 5.0) AppleWebKit/537.36 (KHTML, like Gecko) Mobile Safari/537.36 (compatible; Bytespider; spider-feedback@bytedance.com)"
47.128.35.217 - - [13/Nov/2023:07:38:27 +0100] "GET /highslide/graphics/zoomin.cur HTTP/1.0" 200 614 "http://www.wonder-geek.com/templates/Pixame_v1/stylesheet.css" "Mozilla/5.0 (Linux; Android 5.0) AppleWebKit/537.36 (KHTML, like Gecko) Mobile Safari/537.36 (compatible; Bytespider; spider-feedback@bytedance.com)"
47.128.35.217 - - [13/Nov/2023:07:38:27 +0100] "GET /images/big_prod_1/8718657460659b.jpg HTTP/1.0" 200 271 "http://www.wonder-geek.com/lotus-candleholder-chakra-silverlining-p-38922.html" "Mozilla/5.0 (Linux; Android 5.0) AppleWebKit/537.36 (KHTML, like Gecko) Mobile Safari/537.36 (compatible; Bytespider; spider-feedback@bytedance.com)"
91.137.17.143 - - [13/Nov/2023:07:38:26 +0100] "GET /herringbone-door-bottom-cushion-p-60149.html HTTP/1.0" 200 80916 "-" "Mozilla/5.0 (compatible; MJ12bot/v1.4.8; http://mj12bot.com/)"
85.208.96.201 - - [13/Nov/2023:07:38:27 +0100] "GET /bees-harebells-coaster-alex-clark-p-61237.html HTTP/1.0" 200 79754 "-" "Mozilla/5.0 (compatible; SemrushBot/7~bl; +http://www.semrush.com/bot.html)"
47.128.35.217 - - [13/Nov/2023:07:38:29 +0100] "GET /highslide/graphics/outlines/drop-shadow.png HTTP/1.0" 200 277 "http://www.wonder-geek.com/lotus-candleholder-chakra-silverlining-p-38922.html" "Mozilla/5.0 (Linux; Android 5.0) AppleWebKit/537.36 (KHTML, like Gecko) Mobile Safari/537.36 (compatible; Bytespider; spider-feedback@bytedance.com)"
47.128.35.217 - - [13/Nov/2023:07:38:29 +0100] "GET /highslide/graphics/zoomout.cur HTTP/1.0" 200 614 "http://www.wonder-geek.com/lotus-candleholder-chakra-silverlining-p-38922.html" "Mozilla/5.0 (Linux; Android 5.0) AppleWebKit/537.36 (KHTML, like Gecko) Mobile Safari/537.36 (compatible; Bytespider; spider-feedback@bytedance.com)"
157.55.39.9 - - [13/Nov/2023:07:38:28 +0100] "GET /large-brown-porcelain-lamp-p-55230.html HTTP/1.0" 200 77395 "-" "Mozilla/5.0 AppleWebKit/537.36 (KHTML, like Gecko; compatible; bingbot/2.0; +http://www.bing.com/bingbot.htm) Chrome/103.0.5060.134 Safari/537.36"
91.137.17.143 - - [13/Nov/2023:07:38:29 +0100] "GET /heureux-anniversaire-card-p-20043.html HTTP/1.0" 200 79734 "-" "Mozilla/5.0 (compatible; MJ12bot/v1.4.8; http://mj12bot.com/)"
47.128.35.217 - - [13/Nov/2023:07:38:30 +0100] "GET /images/big_prod/8718657460659a.jpg HTTP/1.0" 200 269 "http://www.wonder-geek.com/lotus-candleholder-chakra-silverlining-p-38922.html" "Mozilla/5.0 (Linux; Android 5.0) AppleWebKit/537.36 (KHTML, like Gecko) Mobile Safari/537.36 (compatible; Bytespider; spider-feedback@bytedance.com)"
91.137.17.143 - - [13/Nov/2023:07:38:31 +0100] "GET /hiroko-kimmidoll-dolls-10-cm-p-39943.html HTTP/1.0" 301 77476 "-" "Mozilla/5.0 (compatible; MJ12bot/v1.4.8; http://mj12bot.com/)"
91.137.17.143 - - [13/Nov/2023:07:38:34 +0100] "GET /hiroko-kimmidoll-dolls-p-39943.html HTTP/1.0" 200 77387 "-" "Mozilla/5.0 (compatible; MJ12bot/v1.4.8; http://mj12bot.com/)"
91.137.17.143 - - [13/Nov/2023:07:38:37 +0100] "GET /hiroko-kimmidoll-dolls-p-39943.html HTTP/1.0" 200 77387 "-" "Mozilla/5.0 (compatible; MJ12bot/v1.4.8; http://mj12bot.com/)"
91.137.17.143 - - [13/Nov/2023:07:38:41 +0100] "GET /horse-bath-towel-p-44386.html HTTP/1.0" 200 77343 "-" "Mozilla/5.0 (compatible; MJ12bot/v1.4.8; http://mj12bot.com/)"
91.137.17.143 - - [13/Nov/2023:07:38:44 +0100] "GET /horses-nici-porcelain-mug-p-35194.html HTTP/1.0" 301 77356 "-" "Mozilla/5.0 (compatible; MJ12bot/v1.4.8; http://mj12bot.com/)"
91.137.17.143 - - [13/Nov/2023:07:38:46 +0100] "GET /-p-35194.html HTTP/1.0" 200 77289 "-" "Mozilla/5.0 (compatible; MJ12bot/v1.4.8; http://mj12bot.com/)"
91.137.17.143 - - [13/Nov/2023:07:38:49 +0100] "GET /hot-air-ballon-by-allen-cushion-45-cm-p-40063.html HTTP/1.0" 301 77480 "-" "Mozilla/5.0 (compatible; MJ12bot/v1.4.8; http://mj12bot.com/)"
47.128.35.64 - - [13/Nov/2023:07:38:50 +0100] "GET /white-love-sheer-curtain-eyelets-135-260-cm-p-36889.html HTTP/1.0" 301 77356 "-" "Mozilla/5.0 (Linux; Android 5.0) AppleWebKit/537.36 (KHTML, like Gecko) Mobile Safari/537.36 (compatible; Bytespider; spider-feedback@bytedance.com)"
47.128.35.64 - - [13/Nov/2023:07:38:51 +0100] "GET /-p-36889.html HTTP/1.0" 200 77289 "-" "Mozilla/5.0 (Linux; Android 5.0) AppleWebKit/537.36 (KHTML, like Gecko) Mobile Safari/537.36 (compatible; Bytespider; spider-feedback@bytedance.com)"
91.137.17.143 - - [13/Nov/2023:07:38:52 +0100] "GET /ballon-allen-cushion-p-40063.html HTTP/1.0" 200 77393 "-" "Mozilla/5.0 (compatible; MJ12bot/v1.4.8; http://mj12bot.com/)"
47.128.35.64 - - [13/Nov/2023:07:38:55 +0100] "GET /swfobject.js HTTP/1.0" 404 1308 "http://www.wonder-geek.com/-p-36889.html" "Mozilla/5.0 (Linux; Android 5.0) AppleWebKit/537.36 (KHTML, like Gecko) Mobile Safari/537.36 (compatible; Bytespider; spider-feedback@bytedance.com)"
54.36.149.94 - - [13/Nov/2023:07:38:54 +0100] "GET /small-school-caramel-green-p-55622.html HTTP/1.0" 200 80852 "-" "Mozilla/5.0 (compatible; AhrefsBot/7.0; +http://ahrefs.com/robot/)"
85.208.96.204 - - [13/Nov/2023:07:39:11 +0100] "GET /hello-kitty-p-20161.html HTTP/1.0" 200 77345 "-" "Mozilla/5.0 (compatible; SemrushBot/7~bl; +http://www.semrush.com/bot.html)"
47.128.32.93 - - [13/Nov/2023:07:39:14 +0100] "GET /toy-story-gray-cap-glove-set-size-52-cm-p-22957.html HTTP/1.0" 301 77356 "-" "Mozilla/5.0 (Linux; Android 5.0) AppleWebKit/537.36 (KHTML, like Gecko) Mobile Safari/537.36 (compatible; Bytespider; spider-feedback@bytedance.com)"
47.128.32.93 - - [13/Nov/2023:07:39:16 +0100] "GET /-p-22957.html HTTP/1.0" 200 77289 "-" "Mozilla/5.0 (Linux; Android 5.0) AppleWebKit/537.36 (KHTML, like Gecko) Mobile Safari/537.36 (compatible; Bytespider; spider-feedback@bytedance.com)"
47.128.32.93 - - [13/Nov/2023:07:39:18 +0100] "GET /swfobject.js HTTP/1.0" 404 1308 "http://www.wonder-geek.com/-p-22957.html" "Mozilla/5.0 (Linux; Android 5.0) AppleWebKit/537.36 (KHTML, like Gecko) Mobile Safari/537.36 (compatible; Bytespider; spider-feedback@bytedance.com)"
47.128.32.93 - - [13/Nov/2023:07:39:23 +0100] "GET /highslide/graphics/outlines/drop-shadow.png HTTP/1.0" 200 277 "http://www.wonder-geek.com/-p-22957.html" "Mozilla/5.0 (Linux; Android 5.0) AppleWebKit/537.36 (KHTML, like Gecko) Mobile Safari/537.36 (compatible; Bytespider; spider-feedback@bytedance.com)"
47.128.32.93 - - [13/Nov/2023:07:39:23 +0100] "GET /highslide/graphics/zoomout.cur HTTP/1.0" 200 614 "http://www.wonder-geek.com/-p-22957.html" "Mozilla/5.0 (Linux; Android 5.0) AppleWebKit/537.36 (KHTML, like Gecko) Mobile Safari/537.36 (compatible; Bytespider; spider-feedback@bytedance.com)"
85.208.96.203 - - [13/Nov/2023:07:39:31 +0100] "GET /london-coldstream-guard-cushion-p-26111.html HTTP/1.0" 200 77403 "-" "Mozilla/5.0 (compatible; SemrushBot/7~bl; +http://www.semrush.com/bot.html)"
47.128.26.219 - - [13/Nov/2023:07:39:42 +0100] "GET /girls/court-sleeves-tshirts/charmmy-kitty-teeshirt-years-p-22042.html HTTP/1.0" 301 77356 "-" "Mozilla/5.0 (Linux; Android 5.0) AppleWebKit/537.36 (KHTML, like Gecko) Mobile Safari/537.36 (compatible; Bytespider; spider-feedback@bytedance.com)"
52.167.144.139 - - [13/Nov/2023:07:39:42 +0100] "GET /musical-c-13_150_149.html HTTP/1.0" 200 98234 "-" "Mozilla/5.0 AppleWebKit/537.36 (KHTML, like Gecko; compatible; bingbot/2.0; +http://www.bing.com/bingbot.htm) Chrome/103.0.5060.134 Safari/537.36"
47.128.26.219 - - [13/Nov/2023:07:39:44 +0100] "GET /-p-22042.html HTTP/1.0" 200 77289 "-" "Mozilla/5.0 (Linux; Android 5.0) AppleWebKit/537.36 (KHTML, like Gecko) Mobile Safari/537.36 (compatible; Bytespider; spider-feedback@bytedance.com)"
47.128.26.219 - - [13/Nov/2023:07:39:46 +0100] "GET /swfobject.js HTTP/1.0" 404 1308 "http://www.wonder-geek.com/-p-22042.html" "Mozilla/5.0 (Linux; Android 5.0) AppleWebKit/537.36 (KHTML, like Gecko) Mobile Safari/537.36 (compatible; Bytespider; spider-feedback@bytedance.com)"
47.128.26.219 - - [13/Nov/2023:07:39:48 +0100] "GET /highslide/graphics/zoomout.cur HTTP/1.0" 200 614 "http://www.wonder-geek.com/-p-22042.html" "Mozilla/5.0 (Linux; Android 5.0) AppleWebKit/537.36 (KHTML, like Gecko) Mobile Safari/537.36 (compatible; Bytespider; spider-feedback@bytedance.com)"
47.128.26.219 - - [13/Nov/2023:07:39:48 +0100] "GET /highslide/graphics/outlines/drop-shadow.png HTTP/1.0" 200 277 "http://www.wonder-geek.com/-p-22042.html" "Mozilla/5.0 (Linux; Android 5.0) AppleWebKit/537.36 (KHTML, like Gecko) Mobile Safari/537.36 (compatible; Bytespider; spider-feedback@bytedance.com)"
216.244.66.242 - - [13/Nov/2023:07:39:48 +0100] "GET /-c-95_359.html HTTP/1.0" 200 76157 "-" "Mozilla/5.0 (compatible; DotBot/1.2; +https://opensiteexplorer.org/dotbot; help@moz.com)"
216.244.66.242 - - [13/Nov/2023:07:39:55 +0100] "GET /-c-95_309.html HTTP/1.0" 200 76157 "-" "Mozilla/5.0 (compatible; DotBot/1.2; +https://opensiteexplorer.org/dotbot; help@moz.com)"
54.36.149.33 - - [13/Nov/2023:07:40:02 +0100] "GET /blue-wink-panda-pocket-warmer-p-55002.html HTTP/1.0" 200 81147 "-" "Mozilla/5.0 (compatible; AhrefsBot/7.0; +http://ahrefs.com/robot/)"
85.208.96.207 - - [13/Nov/2023:07:40:09 +0100] "GET /washed-dyed-cotton-tablecloth-khaki-p-61216.html?action=add_product HTTP/1.0" 302 476 "-" "Mozilla/5.0 (compatible; SemrushBot/7~bl; +http://www.semrush.com/bot.html)"
47.128.31.109 - - [13/Nov/2023:07:40:10 +0100] "GET /black-locomotive-metal-23-cm-p-41512.html HTTP/1.0" 301 77356 "-" "Mozilla/5.0 (Linux; Android 5.0) AppleWebKit/537.36 (KHTML, like Gecko) Mobile Safari/537.36 (compatible; Bytespider; spider-feedback@bytedance.com)"
47.128.31.109 - - [13/Nov/2023:07:40:12 +0100] "GET /-p-41512.html HTTP/1.0" 200 77289 "-" "Mozilla/5.0 (Linux; Android 5.0) AppleWebKit/537.36 (KHTML, like Gecko) Mobile Safari/537.36 (compatible; Bytespider; spider-feedback@bytedance.com)"
47.128.31.109 - - [13/Nov/2023:07:40:14 +0100] "GET /swfobject.js HTTP/1.0" 404 1308 "http://www.wonder-geek.com/-p-41512.html" "Mozilla/5.0 (Linux; Android 5.0) AppleWebKit/537.36 (KHTML, like Gecko) Mobile Safari/537.36 (compatible; Bytespider; spider-feedback@bytedance.com)"
47.128.31.109 - - [13/Nov/2023:07:40:19 +0100] "GET /highslide/graphics/outlines/drop-shadow.png HTTP/1.0" 200 277 "http://www.wonder-geek.com/-p-41512.html" "Mozilla/5.0 (Linux; Android 5.0) AppleWebKit/537.36 (KHTML, like Gecko) Mobile Safari/537.36 (compatible; Bytespider; spider-feedback@bytedance.com)"
47.128.31.109 - - [13/Nov/2023:07:40:19 +0100] "GET /highslide/graphics/zoomout.cur HTTP/1.0" 200 614 "http://www.wonder-geek.com/-p-41512.html" "Mozilla/5.0 (Linux; Android 5.0) AppleWebKit/537.36 (KHTML, like Gecko) Mobile Safari/537.36 (compatible; Bytespider; spider-feedback@bytedance.com)"
66.249.66.205 - - [13/Nov/2023:07:40:36 +0100] "GET /cellar-slicer-sausage-c-252.html HTTP/1.0" 301 85489 "-" "Mozilla/5.0 (Linux; Android 6.0.1; Nexus 5X Build/MMB29P) AppleWebKit/537.36 (KHTML, like Gecko) Chrome/119.0.6045.123 Mobile Safari/537.36 (compatible; Googlebot/2.1; +http://www.google.com/bot.html)"
66.249.66.206 - - [13/Nov/2023:07:40:38 +0100] "GET /cellar-slicer-sausage-c-12_252.html HTTP/1.0" 200 85501 "-" "Mozilla/5.0 (Linux; Android 6.0.1; Nexus 5X Build/MMB29P) AppleWebKit/537.36 (KHTML, like Gecko) Chrome/119.0.6045.123 Mobile Safari/537.36 (compatible; Googlebot/2.1; +http://www.google.com/bot.html)"
47.128.26.156 - - [13/Nov/2023:07:40:39 +0100] "GET /waterproof-pillow-cover-p-50923.html HTTP/1.0" 301 77356 "-" "Mozilla/5.0 (Linux; Android 5.0) AppleWebKit/537.36 (KHTML, like Gecko) Mobile Safari/537.36 (compatible; Bytespider; spider-feedback@bytedance.com)"
47.128.26.156 - - [13/Nov/2023:07:40:42 +0100] "GET /-p-50923.html HTTP/1.0" 200 77289 "-" "Mozilla/5.0 (Linux; Android 5.0) AppleWebKit/537.36 (KHTML, like Gecko) Mobile Safari/537.36 (compatible; Bytespider; spider-feedback@bytedance.com)"
47.128.26.156 - - [13/Nov/2023:07:40:43 +0100] "GET /swfobject.js HTTP/1.0" 404 1308 "http://www.wonder-geek.com/-p-50923.html" "Mozilla/5.0 (Linux; Android 5.0) AppleWebKit/537.36 (KHTML, like Gecko) Mobile Safari/537.36 (compatible; Bytespider; spider-feedback@bytedance.com)"
47.128.26.156 - - [13/Nov/2023:07:40:49 +0100] "GET /highslide/graphics/outlines/drop-shadow.png HTTP/1.0" 200 277 "http://www.wonder-geek.com/-p-50923.html" "Mozilla/5.0 (Linux; Android 5.0) AppleWebKit/537.36 (KHTML, like Gecko) Mobile Safari/537.36 (compatible; Bytespider; spider-feedback@bytedance.com)"
47.128.26.156 - - [13/Nov/2023:07:40:49 +0100] "GET /highslide/graphics/zoomout.cur HTTP/1.0" 200 614 "http://www.wonder-geek.com/-p-50923.html" "Mozilla/5.0 (Linux; Android 5.0) AppleWebKit/537.36 (KHTML, like Gecko) Mobile Safari/537.36 (compatible; Bytespider; spider-feedback@bytedance.com)"
47.128.26.151 - - [13/Nov/2023:07:41:07 +0100] "GET /home-and-decoration/boxes-and-storage-box-c-13_84.html HTTP/1.0" 301 89724 "-" "Mozilla/5.0 (Linux; Android 5.0) AppleWebKit/537.36 (KHTML, like Gecko) Mobile Safari/537.36 (compatible; Bytespider; spider-feedback@bytedance.com)"
47.128.26.151 - - [13/Nov/2023:07:41:09 +0100] "GET /resin-stone-boxes-storage-c-84.html HTTP/1.0" 301 89613 "-" "Mozilla/5.0 (Linux; Android 5.0) AppleWebKit/537.36 (KHTML, like Gecko) Mobile Safari/537.36 (compatible; Bytespider; spider-feedback@bytedance.com)"
47.128.26.151 - - [13/Nov/2023:07:41:11 +0100] "GET /resin-stone-boxes-storage-c-13_150_84.html HTTP/1.0" 200 89770 "-" "Mozilla/5.0 (Linux; Android 5.0) AppleWebKit/537.36 (KHTML, like Gecko) Mobile Safari/537.36 (compatible; Bytespider; spider-feedback@bytedance.com)"
47.128.26.151 - - [13/Nov/2023:07:41:13 +0100] "GET /swfobject.js HTTP/1.0" 404 1308 "http://www.wonder-geek.com/resin-stone-boxes-storage-c-13_150_84.html" "Mozilla/5.0 (Linux; Android 5.0) AppleWebKit/537.36 (KHTML, like Gecko) Mobile Safari/537.36 (compatible; Bytespider; spider-feedback@bytedance.com)"
185.191.171.15 - - [13/Nov/2023:07:41:12 +0100] "GET /specials.php?page=19 HTTP/1.0" 200 124543 "-" "Mozilla/5.0 (compatible; SemrushBot/7~bl; +http://www.semrush.com/bot.html)"
47.128.26.151 - - [13/Nov/2023:07:41:18 +0100] "GET /js/jquery.min.js HTTP/1.0" 404 1308 "http://www.wonder-geek.com/resin-stone-boxes-storage-c-13_150_84.html" "Mozilla/5.0 (Linux; Android 5.0) AppleWebKit/537.36 (KHTML, like Gecko) Mobile Safari/537.36 (compatible; Bytespider; spider-feedback@bytedance.com)"
47.128.26.151 - - [13/Nov/2023:07:41:19 +0100] "GET /highslide/graphics/outlines/drop-shadow.png HTTP/1.0" 200 277 "http://www.wonder-geek.com/resin-stone-boxes-storage-c-13_150_84.html" "Mozilla/5.0 (Linux; Android 5.0) AppleWebKit/537.36 (KHTML, like Gecko) Mobile Safari/537.36 (compatible; Bytespider; spider-feedback@bytedance.com)"
47.128.26.151 - - [13/Nov/2023:07:41:19 +0100] "GET /highslide/graphics/zoomout.cur HTTP/1.0" 200 614 "http://www.wonder-geek.com/resin-stone-boxes-storage-c-13_150_84.html" "Mozilla/5.0 (Linux; Android 5.0) AppleWebKit/537.36 (KHTML, like Gecko) Mobile Safari/537.36 (compatible; Bytespider; spider-feedback@bytedance.com)"
54.36.148.217 - - [13/Nov/2023:07:41:33 +0100] "GET /collection-mirabelle-pursuit-happiness-pocket-mirror-p-19999.html HTTP/1.0" 200 80237 "-" "Mozilla/5.0 (compatible; AhrefsBot/7.0; +http://ahrefs.com/robot/)"
85.208.96.211 - - [13/Nov/2023:07:41:36 +0100] "GET /-p-37547.html HTTP/1.0" 200 77289 "-" "Mozilla/5.0 (compatible; SemrushBot/7~bl; +http://www.semrush.com/bot.html)"
47.128.54.2 - - [13/Nov/2023:07:41:36 +0100] "GET /resto-etoiles-lunch-box-p-22391.html HTTP/1.0" 301 77356 "-" "Mozilla/5.0 (Linux; Android 5.0) AppleWebKit/537.36 (KHTML, like Gecko) Mobile Safari/537.36 (compatible; Bytespider; spider-feedback@bytedance.com)"
85.208.96.201 - - [13/Nov/2023:07:41:39 +0100] "GET /quote-wall-stickers-happiness-p-42989.html HTTP/1.0" 200 80578 "-" "Mozilla/5.0 (compatible; SemrushBot/7~bl; +http://www.semrush.com/bot.html)"
47.128.54.2 - - [13/Nov/2023:07:41:39 +0100] "GET /-p-22391.html HTTP/1.0" 200 77289 "-" "Mozilla/5.0 (Linux; Android 5.0) AppleWebKit/537.36 (KHTML, like Gecko) Mobile Safari/537.36 (compatible; Bytespider; spider-feedback@bytedance.com)"
185.191.171.4 - - [13/Nov/2023:07:41:42 +0100] "GET /storage-basket-cactus-p-55801.html HTTP/1.0" 200 77349 "-" "Mozilla/5.0 (compatible; SemrushBot/7~bl; +http://www.semrush.com/bot.html)"
47.128.54.2 - - [13/Nov/2023:07:41:44 +0100] "GET /swfobject.js HTTP/1.0" 404 1308 "http://www.wonder-geek.com/-p-22391.html" "Mozilla/5.0 (Linux; Android 5.0) AppleWebKit/537.36 (KHTML, like Gecko) Mobile Safari/537.36 (compatible; Bytespider; spider-feedback@bytedance.com)"
85.208.96.212 - - [13/Nov/2023:07:41:45 +0100] "GET /ballerina-statue-collection-body-talk-p-40677.html HTTP/1.0" 200 80567 "-" "Mozilla/5.0 (compatible; SemrushBot/7~bl; +http://www.semrush.com/bot.html)"
47.128.54.2 - - [13/Nov/2023:07:41:47 +0100] "GET /highslide/graphics/zoomout.cur HTTP/1.0" 200 614 "http://www.wonder-geek.com/-p-22391.html" "Mozilla/5.0 (Linux; Android 5.0) AppleWebKit/537.36 (KHTML, like Gecko) Mobile Safari/537.36 (compatible; Bytespider; spider-feedback@bytedance.com)"
47.128.54.2 - - [13/Nov/2023:07:41:47 +0100] "GET /highslide/graphics/outlines/drop-shadow.png HTTP/1.0" 200 277 "http://www.wonder-geek.com/-p-22391.html" "Mozilla/5.0 (Linux; Android 5.0) AppleWebKit/537.36 (KHTML, like Gecko) Mobile Safari/537.36 (compatible; Bytespider; spider-feedback@bytedance.com)"
47.128.44.14 - - [13/Nov/2023:07:42:05 +0100] "GET /set-of-pair-of-socks-betty-boop-size-31-34-p-46849.html HTTP/1.0" 301 77356 "-" "Mozilla/5.0 (Linux; Android 5.0) AppleWebKit/537.36 (KHTML, like Gecko) Mobile Safari/537.36 (compatible; Bytespider; spider-feedback@bytedance.com)"
47.128.44.14 - - [13/Nov/2023:07:42:07 +0100] "GET /-p-46849.html HTTP/1.0" 200 77289 "-" "Mozilla/5.0 (Linux; Android 5.0) AppleWebKit/537.36 (KHTML, like Gecko) Mobile Safari/537.36 (compatible; Bytespider; spider-feedback@bytedance.com)"
47.128.44.14 - - [13/Nov/2023:07:42:09 +0100] "GET /swfobject.js HTTP/1.0" 404 1308 "http://www.wonder-geek.com/-p-46849.html" "Mozilla/5.0 (Linux; Android 5.0) AppleWebKit/537.36 (KHTML, like Gecko) Mobile Safari/537.36 (compatible; Bytespider; spider-feedback@bytedance.com)"
47.128.44.14 - - [13/Nov/2023:07:42:11 +0100] "GET /highslide/graphics/zoomout.cur HTTP/1.0" 200 614 "http://www.wonder-geek.com/-p-46849.html" "Mozilla/5.0 (Linux; Android 5.0) AppleWebKit/537.36 (KHTML, like Gecko) Mobile Safari/537.36 (compatible; Bytespider; spider-feedback@bytedance.com)"
47.128.44.14 - - [13/Nov/2023:07:42:11 +0100] "GET /highslide/graphics/outlines/drop-shadow.png HTTP/1.0" 200 277 "http://www.wonder-geek.com/-p-46849.html" "Mozilla/5.0 (Linux; Android 5.0) AppleWebKit/537.36 (KHTML, like Gecko) Mobile Safari/537.36 (compatible; Bytespider; spider-feedback@bytedance.com)"
85.208.96.207 - - [13/Nov/2023:07:42:20 +0100] "GET /accessories-c-3.html?page=3 HTTP/1.0" 200 100016 "-" "Mozilla/5.0 (compatible; SemrushBot/7~bl; +http://www.semrush.com/bot.html)"
47.128.54.171 - - [13/Nov/2023:07:42:40 +0100] "GET /set-of-johnny-hallyday-purple-bar-stools-p-38854.html HTTP/1.0" 301 77356 "-" "Mozilla/5.0 (Linux; Android 5.0) AppleWebKit/537.36 (KHTML, like Gecko) Mobile Safari/537.36 (compatible; Bytespider; spider-feedback@bytedance.com)"
47.128.54.171 - - [13/Nov/2023:07:42:42 +0100] "GET /-p-38854.html HTTP/1.0" 200 77289 "-" "Mozilla/5.0 (Linux; Android 5.0) AppleWebKit/537.36 (KHTML, like Gecko) Mobile Safari/537.36 (compatible; Bytespider; spider-feedback@bytedance.com)"
47.128.54.171 - - [13/Nov/2023:07:42:44 +0100] "GET /highslide/highslide.js HTTP/1.0" 200 262 "http://www.wonder-geek.com/-p-38854.html" "Mozilla/5.0 (Linux; Android 5.0) AppleWebKit/537.36 (KHTML, like Gecko) Mobile Safari/537.36 (compatible; Bytespider; spider-feedback@bytedance.com)"
47.128.54.171 - - [13/Nov/2023:07:42:44 +0100] "GET /mondial_relay/js/jquery-1.3.2.min.js HTTP/1.0" 200 276 "http://www.wonder-geek.com/-p-38854.html" "Mozilla/5.0 (Linux; Android 5.0) AppleWebKit/537.36 (KHTML, like Gecko) Mobile Safari/537.36 (compatible; Bytespider; spider-feedback@bytedance.com)"
47.128.54.171 - - [13/Nov/2023:07:42:44 +0100] "GET /swfobject.js HTTP/1.0" 404 1308 "http://www.wonder-geek.com/-p-38854.html" "Mozilla/5.0 (Linux; Android 5.0) AppleWebKit/537.36 (KHTML, like Gecko) Mobile Safari/537.36 (compatible; Bytespider; spider-feedback@bytedance.com)"
85.208.96.210 - - [13/Nov/2023:07:42:45 +0100] "GET /butterfly-wall-decoration-blue-model-p-53759.html HTTP/1.0" 200 79870 "-" "Mozilla/5.0 (compatible; SemrushBot/7~bl; +http://www.semrush.com/bot.html)"
47.128.54.171 - - [13/Nov/2023:07:42:50 +0100] "GET /swfobject.js HTTP/1.0" 404 1308 "http://www.wonder-geek.com/-p-38854.html" "Mozilla/5.0 (Linux; Android 5.0) AppleWebKit/537.36 (KHTML, like Gecko) Mobile Safari/537.36 (compatible; Bytespider; spider-feedback@bytedance.com)"
47.128.54.192 - - [13/Nov/2023:07:42:59 +0100] "GET /armillary-globe-with-brass-compass-p-57559.html HTTP/1.0" 200 77415 "-" "Mozilla/5.0 (Linux; Android 5.0) AppleWebKit/537.36 (KHTML, like Gecko) Mobile Safari/537.36 (compatible; Bytespider; spider-feedback@bytedance.com)"
47.128.54.192 - - [13/Nov/2023:07:43:01 +0100] "GET /swfobject.js HTTP/1.0" 404 1308 "http://www.wonder-geek.com/armillary-globe-with-brass-compass-p-57559.html" "Mozilla/5.0 (Linux; Android 5.0) AppleWebKit/537.36 (KHTML, like Gecko) Mobile Safari/537.36 (compatible; Bytespider; spider-feedback@bytedance.com)"
54.36.148.30 - - [13/Nov/2023:07:43:00 +0100] "GET /collectible-figurines-decorative-c-13_135.html?page=10 HTTP/1.0" 200 101677 "-" "Mozilla/5.0 (compatible; AhrefsBot/7.0; +http://ahrefs.com/robot/)"
47.128.54.192 - - [13/Nov/2023:07:43:07 +0100] "GET /highslide/graphics/zoomout.cur HTTP/1.0" 200 614 "http://www.wonder-geek.com/armillary-globe-with-brass-compass-p-57559.html" "Mozilla/5.0 (Linux; Android 5.0) AppleWebKit/537.36 (KHTML, like Gecko) Mobile Safari/537.36 (compatible; Bytespider; spider-feedback@bytedance.com)"
47.128.54.192 - - [13/Nov/2023:07:43:07 +0100] "GET /highslide/graphics/outlines/drop-shadow.png HTTP/1.0" 200 277 "http://www.wonder-geek.com/armillary-globe-with-brass-compass-p-57559.html" "Mozilla/5.0 (Linux; Android 5.0) AppleWebKit/537.36 (KHTML, like Gecko) Mobile Safari/537.36 (compatible; Bytespider; spider-feedback@bytedance.com)"
47.128.62.245 - - [13/Nov/2023:07:43:29 +0100] "GET /london-bar-stool-p-14155.html HTTP/1.0" 301 77414 "-" "Mozilla/5.0 (Linux; Android 5.0) AppleWebKit/537.36 (KHTML, like Gecko) Mobile Safari/537.36 (compatible; Bytespider; spider-feedback@bytedance.com)"
47.128.62.245 - - [13/Nov/2023:07:43:31 +0100] "GET /london-stool-p-14155.html HTTP/1.0" 200 77335 "-" "Mozilla/5.0 (Linux; Android 5.0) AppleWebKit/537.36 (KHTML, like Gecko) Mobile Safari/537.36 (compatible; Bytespider; spider-feedback@bytedance.com)"
85.208.96.200 - - [13/Nov/2023:07:43:31 +0100] "GET /hanging-board-buddha-quote-path-happiness-p-49496.html HTTP/1.0" 200 79911 "-" "Mozilla/5.0 (compatible; SemrushBot/7~bl; +http://www.semrush.com/bot.html)"
47.128.62.245 - - [13/Nov/2023:07:43:33 +0100] "GET /swfobject.js HTTP/1.0" 404 1308 "http://www.wonder-geek.com/london-stool-p-14155.html" "Mozilla/5.0 (Linux; Android 5.0) AppleWebKit/537.36 (KHTML, like Gecko) Mobile Safari/537.36 (compatible; Bytespider; spider-feedback@bytedance.com)"
47.128.62.245 - - [13/Nov/2023:07:43:35 +0100] "GET /highslide/graphics/zoomout.cur HTTP/1.0" 200 614 "http://www.wonder-geek.com/london-stool-p-14155.html" "Mozilla/5.0 (Linux; Android 5.0) AppleWebKit/537.36 (KHTML, like Gecko) Mobile Safari/537.36 (compatible; Bytespider; spider-feedback@bytedance.com)"
47.128.62.245 - - [13/Nov/2023:07:43:35 +0100] "GET /highslide/graphics/outlines/drop-shadow.png HTTP/1.0" 200 277 "http://www.wonder-geek.com/london-stool-p-14155.html" "Mozilla/5.0 (Linux; Android 5.0) AppleWebKit/537.36 (KHTML, like Gecko) Mobile Safari/537.36 (compatible; Bytespider; spider-feedback@bytedance.com)"
185.191.171.9 - - [13/Nov/2023:07:43:35 +0100] "GET /-p-37346.html HTTP/1.0" 200 77289 "-" "Mozilla/5.0 (compatible; SemrushBot/7~bl; +http://www.semrush.com/bot.html)"
85.208.96.211 - - [13/Nov/2023:07:43:38 +0100] "GET /darla-bedclothes-p-55195.html HTTP/1.0" 200 77357 "-" "Mozilla/5.0 (compatible; SemrushBot/7~bl; +http://www.semrush.com/bot.html)"
47.128.57.140 - - [13/Nov/2023:07:43:53 +0100] "GET /protective-cover-cotton-fleece-p-42595.html HTTP/1.0" 301 77356 "-" "Mozilla/5.0 (Linux; Android 5.0) AppleWebKit/537.36 (KHTML, like Gecko) Mobile Safari/537.36 (compatible; Bytespider; spider-feedback@bytedance.com)"
47.128.57.140 - - [13/Nov/2023:07:43:55 +0100] "GET /-p-42595.html HTTP/1.0" 200 77289 "-" "Mozilla/5.0 (Linux; Android 5.0) AppleWebKit/537.36 (KHTML, like Gecko) Mobile Safari/537.36 (compatible; Bytespider; spider-feedback@bytedance.com)"
47.128.57.140 - - [13/Nov/2023:07:43:57 +0100] "GET /swfobject.js HTTP/1.0" 404 1308 "http://www.wonder-geek.com/-p-42595.html" "Mozilla/5.0 (Linux; Android 5.0) AppleWebKit/537.36 (KHTML, like Gecko) Mobile Safari/537.36 (compatible; Bytespider; spider-feedback@bytedance.com)"
47.128.57.140 - - [13/Nov/2023:07:44:04 +0100] "GET /highslide/graphics/zoomout.cur HTTP/1.0" 200 614 "http://www.wonder-geek.com/-p-42595.html" "Mozilla/5.0 (Linux; Android 5.0) AppleWebKit/537.36 (KHTML, like Gecko) Mobile Safari/537.36 (compatible; Bytespider; spider-feedback@bytedance.com)"
47.128.57.140 - - [13/Nov/2023:07:44:04 +0100] "GET /highslide/graphics/outlines/drop-shadow.png HTTP/1.0" 200 277 "http://www.wonder-geek.com/-p-42595.html" "Mozilla/5.0 (Linux; Android 5.0) AppleWebKit/537.36 (KHTML, like Gecko) Mobile Safari/537.36 (compatible; Bytespider; spider-feedback@bytedance.com)"
185.191.171.19 - - [13/Nov/2023:07:44:10 +0100] "GET /-p-24444.html HTTP/1.0" 200 77289 "-" "Mozilla/5.0 (compatible; SemrushBot/7~bl; +http://www.semrush.com/bot.html)"
47.128.36.184 - - [13/Nov/2023:07:44:43 +0100] "GET /cotton-floor-cushion-orange-and-lin-45-cm-p-40299.html HTTP/1.0" 301 77356 "-" "Mozilla/5.0 (Linux; Android 5.0) AppleWebKit/537.36 (KHTML, like Gecko) Mobile Safari/537.36 (compatible; Bytespider; spider-feedback@bytedance.com)"
47.128.36.184 - - [13/Nov/2023:07:44:45 +0100] "GET /-p-40299.html HTTP/1.0" 200 77289 "-" "Mozilla/5.0 (Linux; Android 5.0) AppleWebKit/537.36 (KHTML, like Gecko) Mobile Safari/537.36 (compatible; Bytespider; spider-feedback@bytedance.com)"
47.128.36.184 - - [13/Nov/2023:07:44:47 +0100] "GET /swfobject.js HTTP/1.0" 404 1308 "http://www.wonder-geek.com/-p-40299.html" "Mozilla/5.0 (Linux; Android 5.0) AppleWebKit/537.36 (KHTML, like Gecko) Mobile Safari/537.36 (compatible; Bytespider; spider-feedback@bytedance.com)"
47.128.36.184 - - [13/Nov/2023:07:44:51 +0100] "GET /highslide/graphics/zoomout.cur HTTP/1.0" 200 614 "http://www.wonder-geek.com/-p-40299.html" "Mozilla/5.0 (Linux; Android 5.0) AppleWebKit/537.36 (KHTML, like Gecko) Mobile Safari/537.36 (compatible; Bytespider; spider-feedback@bytedance.com)"
47.128.36.184 - - [13/Nov/2023:07:44:51 +0100] "GET /highslide/graphics/outlines/drop-shadow.png HTTP/1.0" 200 277 "http://www.wonder-geek.com/-p-40299.html" "Mozilla/5.0 (Linux; Android 5.0) AppleWebKit/537.36 (KHTML, like Gecko) Mobile Safari/537.36 (compatible; Bytespider; spider-feedback@bytedance.com)"
47.128.57.133 - - [13/Nov/2023:07:44:50 +0100] "GET /coffee-shop-beige-metal-tray-40-30-cm-p-35048.html HTTP/1.0" 301 77508 "-" "Mozilla/5.0 (Linux; Android 5.0) AppleWebKit/537.36 (KHTML, like Gecko) Mobile Safari/537.36 (compatible; Bytespider; spider-feedback@bytedance.com)"
47.128.57.133 - - [13/Nov/2023:07:44:52 +0100] "GET /coffee-shop-beige-metal-tray-p-35048.html HTTP/1.0" 200 77413 "-" "Mozilla/5.0 (Linux; Android 5.0) AppleWebKit/537.36 (KHTML, like Gecko) Mobile Safari/537.36 (compatible; Bytespider; spider-feedback@bytedance.com)"
47.128.57.133 - - [13/Nov/2023:07:44:54 +0100] "GET /swfobject.js HTTP/1.0" 404 1308 "http://www.wonder-geek.com/coffee-shop-beige-metal-tray-p-35048.html" "Mozilla/5.0 (Linux; Android 5.0) AppleWebKit/537.36 (KHTML, like Gecko) Mobile Safari/537.36 (compatible; Bytespider; spider-feedback@bytedance.com)"
47.128.57.133 - - [13/Nov/2023:07:44:57 +0100] "GET /highslide/graphics/outlines/drop-shadow.png HTTP/1.0" 200 277 "http://www.wonder-geek.com/coffee-shop-beige-metal-tray-p-35048.html" "Mozilla/5.0 (Linux; Android 5.0) AppleWebKit/537.36 (KHTML, like Gecko) Mobile Safari/537.36 (compatible; Bytespider; spider-feedback@bytedance.com)"
47.128.57.133 - - [13/Nov/2023:07:44:57 +0100] "GET /highslide/graphics/zoomout.cur HTTP/1.0" 200 614 "http://www.wonder-geek.com/coffee-shop-beige-metal-tray-p-35048.html" "Mozilla/5.0 (Linux; Android 5.0) AppleWebKit/537.36 (KHTML, like Gecko) Mobile Safari/537.36 (compatible; Bytespider; spider-feedback@bytedance.com)"
54.36.148.248 - - [13/Nov/2023:07:44:56 +0100] "GET /mini-rectangular-kitten-tray-p-60853.html HTTP/1.0" 200 80377 "-" "Mozilla/5.0 (compatible; AhrefsBot/7.0; +http://ahrefs.com/robot/)"
185.191.171.8 - - [13/Nov/2023:07:45:13 +0100] "GET /potholder-glove-p-54123.html HTTP/1.0" 200 79661 "-" "Mozilla/5.0 (compatible; SemrushBot/7~bl; +http://www.semrush.com/bot.html)"
47.128.57.11 - - [13/Nov/2023:07:45:17 +0100] "GET /cats-eye-marbles-p-21314.html HTTP/1.0" 301 77356 "-" "Mozilla/5.0 (Linux; Android 5.0) AppleWebKit/537.36 (KHTML, like Gecko) Mobile Safari/537.36 (compatible; Bytespider; spider-feedback@bytedance.com)"
47.128.57.11 - - [13/Nov/2023:07:45:19 +0100] "GET /-p-21314.html HTTP/1.0" 200 77289 "-" "Mozilla/5.0 (Linux; Android 5.0) AppleWebKit/537.36 (KHTML, like Gecko) Mobile Safari/537.36 (compatible; Bytespider; spider-feedback@bytedance.com)"
47.128.57.11 - - [13/Nov/2023:07:45:22 +0100] "GET /swfobject.js HTTP/1.0" 404 1308 "http://www.wonder-geek.com/-p-21314.html" "Mozilla/5.0 (Linux; Android 5.0) AppleWebKit/537.36 (KHTML, like Gecko) Mobile Safari/537.36 (compatible; Bytespider; spider-feedback@bytedance.com)"
47.128.57.11 - - [13/Nov/2023:07:45:24 +0100] "GET /highslide/graphics/outlines/drop-shadow.png HTTP/1.0" 200 277 "http://www.wonder-geek.com/-p-21314.html" "Mozilla/5.0 (Linux; Android 5.0) AppleWebKit/537.36 (KHTML, like Gecko) Mobile Safari/537.36 (compatible; Bytespider; spider-feedback@bytedance.com)"
47.128.57.11 - - [13/Nov/2023:07:45:24 +0100] "GET /highslide/graphics/zoomout.cur HTTP/1.0" 200 614 "http://www.wonder-geek.com/-p-21314.html" "Mozilla/5.0 (Linux; Android 5.0) AppleWebKit/537.36 (KHTML, like Gecko) Mobile Safari/537.36 (compatible; Bytespider; spider-feedback@bytedance.com)"
202.239.5.160 - - [13/Nov/2023:07:45:27 +0100] "GET /images/big_prod_3/5063187000510b.jpg HTTP/1.0" 200 271 "-" "Mozilla/5.0 (compatible; Y!J-WSC/1.0; +https://yahoo.jp/3BSZgF)"
85.208.96.195 - - [13/Nov/2023:07:45:37 +0100] "GET /-p-20217.html HTTP/1.0" 200 77289 "-" "Mozilla/5.0 (compatible; SemrushBot/7~bl; +http://www.semrush.com/bot.html)"
47.128.46.126 - - [13/Nov/2023:07:45:46 +0100] "GET /model-to-assemble-and-paint-motorcycle-yamaha-y2r-mi-2005-p-21623.html HTTP/1.0" 301 77356 "-" "Mozilla/5.0 (Linux; Android 5.0) AppleWebKit/537.36 (KHTML, like Gecko) Mobile Safari/537.36 (compatible; Bytespider; spider-feedback@bytedance.com)"
47.128.46.126 - - [13/Nov/2023:07:45:48 +0100] "GET /-p-21623.html HTTP/1.0" 200 77289 "-" "Mozilla/5.0 (Linux; Android 5.0) AppleWebKit/537.36 (KHTML, like Gecko) Mobile Safari/537.36 (compatible; Bytespider; spider-feedback@bytedance.com)"
47.128.46.126 - - [13/Nov/2023:07:45:50 +0100] "GET /swfobject.js HTTP/1.0" 404 1308 "http://www.wonder-geek.com/-p-21623.html" "Mozilla/5.0 (Linux; Android 5.0) AppleWebKit/537.36 (KHTML, like Gecko) Mobile Safari/537.36 (compatible; Bytespider; spider-feedback@bytedance.com)"
47.128.46.126 - - [13/Nov/2023:07:45:56 +0100] "GET /highslide/graphics/outlines/drop-shadow.png HTTP/1.0" 200 277 "http://www.wonder-geek.com/-p-21623.html" "Mozilla/5.0 (Linux; Android 5.0) AppleWebKit/537.36 (KHTML, like Gecko) Mobile Safari/537.36 (compatible; Bytespider; spider-feedback@bytedance.com)"
47.128.46.126 - - [13/Nov/2023:07:45:56 +0100] "GET /highslide/graphics/zoomout.cur HTTP/1.0" 200 614 "http://www.wonder-geek.com/-p-21623.html" "Mozilla/5.0 (Linux; Android 5.0) AppleWebKit/537.36 (KHTML, like Gecko) Mobile Safari/537.36 (compatible; Bytespider; spider-feedback@bytedance.com)"
111.172.249.49 - - [13/Nov/2023:07:46:08 +0100] "GET / HTTP/1.0" 301 511 "-" "Mozilla/5.0 (iPhone; CPU iPhone OS 13_2_3 like Mac OS X) AppleWebKit/605.1.15 (KHTML, like Gecko) Version/13.0.3 Mobile/15E148 Safari/604.1"
111.172.249.49 - - [13/Nov/2023:07:46:09 +0100] "GET / HTTP/1.0" 200 158617 "http://wonder-geek.com" "Mozilla/5.0 (iPhone; CPU iPhone OS 13_2_3 like Mac OS X) AppleWebKit/605.1.15 (KHTML, like Gecko) Version/13.0.3 Mobile/15E148 Safari/604.1"
47.128.23.60 - - [13/Nov/2023:07:46:14 +0100] "GET /bodega-cups-espresso-p-44024.html HTTP/1.0" 200 77380 "-" "Mozilla/5.0 (Linux; Android 5.0) AppleWebKit/537.36 (KHTML, like Gecko) Mobile Safari/537.36 (compatible; Bytespider; spider-feedback@bytedance.com)"
47.128.23.60 - - [13/Nov/2023:07:46:16 +0100] "GET /swfobject.js HTTP/1.0" 404 1308 "http://www.wonder-geek.com/bodega-cups-espresso-p-44024.html" "Mozilla/5.0 (Linux; Android 5.0) AppleWebKit/537.36 (KHTML, like Gecko) Mobile Safari/537.36 (compatible; Bytespider; spider-feedback@bytedance.com)"
47.128.23.60 - - [13/Nov/2023:07:46:21 +0100] "GET /highslide/graphics/zoomout.cur HTTP/1.0" 200 614 "http://www.wonder-geek.com/bodega-cups-espresso-p-44024.html" "Mozilla/5.0 (Linux; Android 5.0) AppleWebKit/537.36 (KHTML, like Gecko) Mobile Safari/537.36 (compatible; Bytespider; spider-feedback@bytedance.com)"
47.128.23.60 - - [13/Nov/2023:07:46:21 +0100] "GET /highslide/graphics/outlines/drop-shadow.png HTTP/1.0" 200 277 "http://www.wonder-geek.com/bodega-cups-espresso-p-44024.html" "Mozilla/5.0 (Linux; Android 5.0) AppleWebKit/537.36 (KHTML, like Gecko) Mobile Safari/537.36 (compatible; Bytespider; spider-feedback@bytedance.com)"
51.68.224.127 - - [13/Nov/2023:07:46:23 +0100] "GET /adminweb/export_orders_xml.php?token=256de2z6edz6ed2z6DFSFsed2zed6zeDSFDSGdzedezfzf&maxorders=10&orderstart=1&status=14&start_date=2018-10-01 HTTP/1.0" 200 285 "-" "GesCom CharlotteBoutik Serveur"
51.68.224.127 - - [13/Nov/2023:07:46:23 +0100] "GET /adminweb/export_orders_xml.php?token=256de2z6edz6ed2z6DFSFsed2zed6zeDSFDSGdzedezfzf&maxorders=10&orderstart=1&status=6&start_date=2018-10-01 HTTP/1.0" 200 33939 "-" "GesCom CharlotteBoutik Serveur"
85.208.96.211 - - [13/Nov/2023:07:46:23 +0100] "GET /worry-stones-amethyst-p-48666.html HTTP/1.0" 200 77363 "-" "Mozilla/5.0 (compatible; SemrushBot/7~bl; +http://www.semrush.com/bot.html)"
54.36.149.106 - - [13/Nov/2023:07:46:30 +0100] "GET /little-geisha-p-50776.html HTTP/1.0" 200 80649 "-" "Mozilla/5.0 (compatible; AhrefsBot/7.0; +http://ahrefs.com/robot/)"
185.191.171.19 - - [13/Nov/2023:07:46:34 +0100] "GET /hair-accessories-c-3_205.html?page=2 HTTP/1.0" 200 94352 "-" "Mozilla/5.0 (compatible; SemrushBot/7~bl; +http://www.semrush.com/bot.html)"
47.128.56.151 - - [13/Nov/2023:07:46:42 +0100] "GET /cats-by-dubout-figurine-the-third-eye-p-32711.html HTTP/1.0" 301 82275 "-" "Mozilla/5.0 (Linux; Android 5.0) AppleWebKit/537.36 (KHTML, like Gecko) Mobile Safari/537.36 (compatible; Bytespider; spider-feedback@bytedance.com)"
47.128.56.151 - - [13/Nov/2023:07:46:44 +0100] "GET /cats-dubout-figurine-third-p-32711.html HTTP/1.0" 200 82182 "-" "Mozilla/5.0 (Linux; Android 5.0) AppleWebKit/537.36 (KHTML, like Gecko) Mobile Safari/537.36 (compatible; Bytespider; spider-feedback@bytedance.com)"
47.128.56.151 - - [13/Nov/2023:07:46:46 +0100] "GET /swfobject.js HTTP/1.0" 404 1308 "http://www.wonder-geek.com/cats-dubout-figurine-third-p-32711.html" "Mozilla/5.0 (Linux; Android 5.0) AppleWebKit/537.36 (KHTML, like Gecko) Mobile Safari/537.36 (compatible; Bytespider; spider-feedback@bytedance.com)"
85.208.96.210 - - [13/Nov/2023:07:46:45 +0100] "GET /kangaroo-mother-baby-night-light-p-58489.html HTTP/1.0" 200 81187 "-" "Mozilla/5.0 (compatible; SemrushBot/7~bl; +http://www.semrush.com/bot.html)"
47.128.56.151 - - [13/Nov/2023:07:46:47 +0100] "GET /highslide/graphics/zoomin.cur HTTP/1.0" 200 614 "http://www.wonder-geek.com/templates/Pixame_v1/stylesheet.css" "Mozilla/5.0 (Linux; Android 5.0) AppleWebKit/537.36 (KHTML, like Gecko) Mobile Safari/537.36 (compatible; Bytespider; spider-feedback@bytedance.com)"
47.128.56.151 - - [13/Nov/2023:07:46:47 +0100] "GET /images/big_prod_1/8718375750391a.jpg HTTP/1.0" 200 271 "http://www.wonder-geek.com/cats-dubout-figurine-third-p-32711.html" "Mozilla/5.0 (Linux; Android 5.0) AppleWebKit/537.36 (KHTML, like Gecko) Mobile Safari/537.36 (compatible; Bytespider; spider-feedback@bytedance.com)"
47.128.56.151 - - [13/Nov/2023:07:46:54 +0100] "GET /highslide/graphics/zoomout.cur HTTP/1.0" 200 614 "http://www.wonder-geek.com/cats-dubout-figurine-third-p-32711.html" "Mozilla/5.0 (Linux; Android 5.0) AppleWebKit/537.36 (KHTML, like Gecko) Mobile Safari/537.36 (compatible; Bytespider; spider-feedback@bytedance.com)"
47.128.56.151 - - [13/Nov/2023:07:46:54 +0100] "GET /highslide/graphics/outlines/drop-shadow.png HTTP/1.0" 200 277 "http://www.wonder-geek.com/cats-dubout-figurine-third-p-32711.html" "Mozilla/5.0 (Linux; Android 5.0) AppleWebKit/537.36 (KHTML, like Gecko) Mobile Safari/537.36 (compatible; Bytespider; spider-feedback@bytedance.com)"
47.128.56.151 - - [13/Nov/2023:07:46:54 +0100] "GET /images/big_prod/8718375750391.jpg HTTP/1.0" 200 268 "http://www.wonder-geek.com/cats-dubout-figurine-third-p-32711.html" "Mozilla/5.0 (Linux; Android 5.0) AppleWebKit/537.36 (KHTML, like Gecko) Mobile Safari/537.36 (compatible; Bytespider; spider-feedback@bytedance.com)"
52.167.144.235 - - [13/Nov/2023:07:47:03 +0100] "GET /images/B5011994698970B.jpg HTTP/1.0" 200 261 "-" "Mozilla/5.0 AppleWebKit/537.36 (KHTML, like Gecko; compatible; bingbot/2.0; +http://www.bing.com/bingbot.htm) Chrome/103.0.5060.134 Safari/537.36"
52.167.144.235 - - [13/Nov/2023:07:47:05 +0100] "GET /array-m-20.html HTTP/1.0" 200 97147 "-" "Mozilla/5.0 AppleWebKit/537.36 (KHTML, like Gecko; compatible; bingbot/2.0; +http://www.bing.com/bingbot.htm) Chrome/103.0.5060.134 Safari/537.36"
47.128.21.64 - - [13/Nov/2023:07:47:10 +0100] "GET /dragon-round-mirror-hanging-gold-p-46243.html HTTP/1.0" 200 77425 "-" "Mozilla/5.0 (Linux; Android 5.0) AppleWebKit/537.36 (KHTML, like Gecko) Mobile Safari/537.36 (compatible; Bytespider; spider-feedback@bytedance.com)"
47.128.21.64 - - [13/Nov/2023:07:47:12 +0100] "GET /swfobject.js HTTP/1.0" 404 1308 "http://www.wonder-geek.com/dragon-round-mirror-hanging-gold-p-46243.html" "Mozilla/5.0 (Linux; Android 5.0) AppleWebKit/537.36 (KHTML, like Gecko) Mobile Safari/537.36 (compatible; Bytespider; spider-feedback@bytedance.com)"
13.53.50.132 - - [13/Nov/2023:07:47:13 +0100] "GET /.env HTTP/1.0" 404 1308 "-" "curl/7.61.1"
47.128.21.64 - - [13/Nov/2023:07:47:19 +0100] "GET /highslide/graphics/outlines/drop-shadow.png HTTP/1.0" 200 277 "http://www.wonder-geek.com/dragon-round-mirror-hanging-gold-p-46243.html" "Mozilla/5.0 (Linux; Android 5.0) AppleWebKit/537.36 (KHTML, like Gecko) Mobile Safari/537.36 (compatible; Bytespider; spider-feedback@bytedance.com)"
47.128.21.64 - - [13/Nov/2023:07:47:19 +0100] "GET /highslide/graphics/zoomout.cur HTTP/1.0" 200 614 "http://www.wonder-geek.com/dragon-round-mirror-hanging-gold-p-46243.html" "Mozilla/5.0 (Linux; Android 5.0) AppleWebKit/537.36 (KHTML, like Gecko) Mobile Safari/537.36 (compatible; Bytespider; spider-feedback@bytedance.com)"
47.128.24.111 - - [13/Nov/2023:07:47:38 +0100] "GET /gund-boo-unicorn-22-cm-plush-p-44580.html HTTP/1.0" 301 79830 "-" "Mozilla/5.0 (Linux; Android 5.0) AppleWebKit/537.36 (KHTML, like Gecko) Mobile Safari/537.36 (compatible; Bytespider; spider-feedback@bytedance.com)"
47.128.24.111 - - [13/Nov/2023:07:47:40 +0100] "GET /gund-unicorn-plush-p-44580.html HTTP/1.0" 200 79745 "-" "Mozilla/5.0 (Linux; Android 5.0) AppleWebKit/537.36 (KHTML, like Gecko) Mobile Safari/537.36 (compatible; Bytespider; spider-feedback@bytedance.com)"
47.128.24.111 - - [13/Nov/2023:07:47:42 +0100] "GET /swfobject.js HTTP/1.0" 404 1308 "http://www.wonder-geek.com/gund-unicorn-plush-p-44580.html" "Mozilla/5.0 (Linux; Android 5.0) AppleWebKit/537.36 (KHTML, like Gecko) Mobile Safari/537.36 (compatible; Bytespider; spider-feedback@bytedance.com)"
47.128.24.111 - - [13/Nov/2023:07:47:46 +0100] "GET /highslide/graphics/zoomin.cur HTTP/1.0" 200 614 "http://www.wonder-geek.com/templates/Pixame_v1/stylesheet.css" "Mozilla/5.0 (Linux; Android 5.0) AppleWebKit/537.36 (KHTML, like Gecko) Mobile Safari/537.36 (compatible; Bytespider; spider-feedback@bytedance.com)"
47.128.24.111 - - [13/Nov/2023:07:47:46 +0100] "GET /highslide/graphics/zoomout.cur HTTP/1.0" 200 614 "http://www.wonder-geek.com/gund-unicorn-plush-p-44580.html" "Mozilla/5.0 (Linux; Android 5.0) AppleWebKit/537.36 (KHTML, like Gecko) Mobile Safari/537.36 (compatible; Bytespider; spider-feedback@bytedance.com)"
47.128.24.111 - - [13/Nov/2023:07:47:46 +0100] "GET /highslide/graphics/outlines/drop-shadow.png HTTP/1.0" 200 277 "http://www.wonder-geek.com/gund-unicorn-plush-p-44580.html" "Mozilla/5.0 (Linux; Android 5.0) AppleWebKit/537.36 (KHTML, like Gecko) Mobile Safari/537.36 (compatible; Bytespider; spider-feedback@bytedance.com)"
47.128.24.111 - - [13/Nov/2023:07:47:47 +0100] "GET /images/big_prod/028399108268.jpg HTTP/1.0" 200 267 "http://www.wonder-geek.com/gund-unicorn-plush-p-44580.html" "Mozilla/5.0 (Linux; Android 5.0) AppleWebKit/537.36 (KHTML, like Gecko) Mobile Safari/537.36 (compatible; Bytespider; spider-feedback@bytedance.com)"
185.191.171.7 - - [13/Nov/2023:07:47:50 +0100] "GET /support-metal-bottle-p-34483.html HTTP/1.0" 200 77387 "-" "Mozilla/5.0 (compatible; SemrushBot/7~bl; +http://www.semrush.com/bot.html)"
85.208.96.205 - - [13/Nov/2023:07:47:54 +0100] "GET /favourite-friends-puppy-kids-school-backpack-p-49049.html HTTP/1.0" 200 77461 "-" "Mozilla/5.0 (compatible; SemrushBot/7~bl; +http://www.semrush.com/bot.html)"
54.36.148.34 - - [13/Nov/2023:07:48:04 +0100] "GET /large-resin-statue-buddha-head-p-56034.html HTTP/1.0" 200 81239 "-" "Mozilla/5.0 (compatible; AhrefsBot/7.0; +http://ahrefs.com/robot/)"
47.128.57.68 - - [13/Nov/2023:07:48:05 +0100] "GET /set-of-enamelled-retro-mugs-p-49043.html HTTP/1.0" 301 77464 "-" "Mozilla/5.0 (Linux; Android 5.0) AppleWebKit/537.36 (KHTML, like Gecko) Mobile Safari/537.36 (compatible; Bytespider; spider-feedback@bytedance.com)"
54.36.148.83 - - [13/Nov/2023:07:48:07 +0100] "GET /images/big_prod_4/8445146027467D.jpg HTTP/1.0" 200 271 "-" "Mozilla/5.0 (compatible; AhrefsBot/7.0; +http://ahrefs.com/robot/)"
47.128.57.68 - - [13/Nov/2023:07:48:07 +0100] "GET /enamelled-retro-mugs-p-49043.html HTTP/1.0" 200 77377 "-" "Mozilla/5.0 (Linux; Android 5.0) AppleWebKit/537.36 (KHTML, like Gecko) Mobile Safari/537.36 (compatible; Bytespider; spider-feedback@bytedance.com)"
47.128.57.68 - - [13/Nov/2023:07:48:09 +0100] "GET /swfobject.js HTTP/1.0" 404 1308 "http://www.wonder-geek.com/enamelled-retro-mugs-p-49043.html" "Mozilla/5.0 (Linux; Android 5.0) AppleWebKit/537.36 (KHTML, like Gecko) Mobile Safari/537.36 (compatible; Bytespider; spider-feedback@bytedance.com)"
47.128.57.68 - - [13/Nov/2023:07:48:12 +0100] "GET /highslide/graphics/zoomout.cur HTTP/1.0" 200 614 "http://www.wonder-geek.com/enamelled-retro-mugs-p-49043.html" "Mozilla/5.0 (Linux; Android 5.0) AppleWebKit/537.36 (KHTML, like Gecko) Mobile Safari/537.36 (compatible; Bytespider; spider-feedback@bytedance.com)"
47.128.57.68 - - [13/Nov/2023:07:48:12 +0100] "GET /highslide/graphics/outlines/drop-shadow.png HTTP/1.0" 200 277 "http://www.wonder-geek.com/enamelled-retro-mugs-p-49043.html" "Mozilla/5.0 (Linux; Android 5.0) AppleWebKit/537.36 (KHTML, like Gecko) Mobile Safari/537.36 (compatible; Bytespider; spider-feedback@bytedance.com)"
47.128.16.78 - - [13/Nov/2023:07:48:34 +0100] "GET /metal-pendant-lamp-p-54878.html HTTP/1.0" 200 77363 "-" "Mozilla/5.0 (Linux; Android 5.0) AppleWebKit/537.36 (KHTML, like Gecko) Mobile Safari/537.36 (compatible; Bytespider; spider-feedback@bytedance.com)"
47.128.16.78 - - [13/Nov/2023:07:48:36 +0100] "GET /swfobject.js HTTP/1.0" 404 1308 "http://www.wonder-geek.com/metal-pendant-lamp-p-54878.html" "Mozilla/5.0 (Linux; Android 5.0) AppleWebKit/537.36 (KHTML, like Gecko) Mobile Safari/537.36 (compatible; Bytespider; spider-feedback@bytedance.com)"
47.128.16.78 - - [13/Nov/2023:07:48:39 +0100] "GET /highslide/graphics/outlines/drop-shadow.png HTTP/1.0" 200 277 "http://www.wonder-geek.com/metal-pendant-lamp-p-54878.html" "Mozilla/5.0 (Linux; Android 5.0) AppleWebKit/537.36 (KHTML, like Gecko) Mobile Safari/537.36 (compatible; Bytespider; spider-feedback@bytedance.com)"
47.128.16.78 - - [13/Nov/2023:07:48:39 +0100] "GET /highslide/graphics/zoomout.cur HTTP/1.0" 200 614 "http://www.wonder-geek.com/metal-pendant-lamp-p-54878.html" "Mozilla/5.0 (Linux; Android 5.0) AppleWebKit/537.36 (KHTML, like Gecko) Mobile Safari/537.36 (compatible; Bytespider; spider-feedback@bytedance.com)"
47.76.57.30 - - [13/Nov/2023:07:48:40 +0100] "GET /images/mini_prod/8717127433506.jpg HTTP/1.0" 200 269 "-" "Mozilla/5.0 (X11; Ubuntu; Linux x86_64; rv:72.0) Gecko/20100101 Firefox/72.0"
85.208.96.207 - - [13/Nov/2023:07:48:48 +0100] "GET /wise-monkeys-lamp-golden-resin-p-60075.html HTTP/1.0" 200 80735 "-" "Mozilla/5.0 (compatible; SemrushBot/7~bl; +http://www.semrush.com/bot.html)"
47.128.17.11 - - [13/Nov/2023:07:49:02 +0100] "GET /glasses-and-drinking-cup-c-12_62.html?page=6 HTTP/1.0" 301 96425 "-" "Mozilla/5.0 (Linux; Android 5.0) AppleWebKit/537.36 (KHTML, like Gecko) Mobile Safari/537.36 (compatible; Bytespider; spider-feedback@bytedance.com)"
47.128.17.11 - - [13/Nov/2023:07:49:04 +0100] "GET /glasses-drinking-c-62.html?page=6 HTTP/1.0" 301 96324 "-" "Mozilla/5.0 (Linux; Android 5.0) AppleWebKit/537.36 (KHTML, like Gecko) Mobile Safari/537.36 (compatible; Bytespider; spider-feedback@bytedance.com)"
47.128.17.11 - - [13/Nov/2023:07:49:07 +0100] "GET /glasses-drinking-c-12_62.html?page=6 HTTP/1.0" 200 96338 "-" "Mozilla/5.0 (Linux; Android 5.0) AppleWebKit/537.36 (KHTML, like Gecko) Mobile Safari/537.36 (compatible; Bytespider; spider-feedback@bytedance.com)"
47.128.17.11 - - [13/Nov/2023:07:49:10 +0100] "GET /swfobject.js HTTP/1.0" 404 1308 "http://www.wonder-geek.com/glasses-drinking-c-12_62.html?page=6" "Mozilla/5.0 (Linux; Android 5.0) AppleWebKit/537.36 (KHTML, like Gecko) Mobile Safari/537.36 (compatible; Bytespider; spider-feedback@bytedance.com)"
47.128.17.11 - - [13/Nov/2023:07:49:12 +0100] "GET /js/jquery.min.js HTTP/1.0" 404 1308 "http://www.wonder-geek.com/glasses-drinking-c-12_62.html?page=6" "Mozilla/5.0 (Linux; Android 5.0) AppleWebKit/537.36 (KHTML, like Gecko) Mobile Safari/537.36 (compatible; Bytespider; spider-feedback@bytedance.com)"
47.128.17.11 - - [13/Nov/2023:07:49:12 +0100] "GET /highslide/graphics/outlines/drop-shadow.png HTTP/1.0" 200 277 "http://www.wonder-geek.com/glasses-drinking-c-12_62.html?page=6" "Mozilla/5.0 (Linux; Android 5.0) AppleWebKit/537.36 (KHTML, like Gecko) Mobile Safari/537.36 (compatible; Bytespider; spider-feedback@bytedance.com)"
47.128.17.11 - - [13/Nov/2023:07:49:12 +0100] "GET /highslide/graphics/zoomout.cur HTTP/1.0" 200 614 "http://www.wonder-geek.com/glasses-drinking-c-12_62.html?page=6" "Mozilla/5.0 (Linux; Android 5.0) AppleWebKit/537.36 (KHTML, like Gecko) Mobile Safari/537.36 (compatible; Bytespider; spider-feedback@bytedance.com)"
85.208.96.198 - - [13/Nov/2023:07:49:27 +0100] "GET /votive-candle-hours-with-love-p-57846.html HTTP/1.0" 200 81023 "-" "Mozilla/5.0 (compatible; SemrushBot/7~bl; +http://www.semrush.com/bot.html)"
54.36.148.161 - - [13/Nov/2023:07:49:34 +0100] "GET /limited-edition-small-wallet-ladybird-gorjuss-p-35138.html HTTP/1.0" 200 80750 "-" "Mozilla/5.0 (compatible; AhrefsBot/7.0; +http://ahrefs.com/robot/)"
