47.128.35.249 - - [13/Nov/2023:09:22:45 +0100] "GET /dishes/difference-accessoriess/vache-qui-rit-paper-towel-dispenser-p-26827.html HTTP/1.0" 301 77450 "-" "Mozilla/5.0 (Linux; Android 5.0) AppleWebKit/537.36 (KHTML, like Gecko) Mobile Safari/537.36 (compatible; Bytespider; spider-feedback@bytedance.com)"
47.128.57.251 - - [13/Nov/2023:09:22:45 +0100] "GET /trolley-backpack-you-brought-me-love-gorjuss-p-40510.html HTTP/1.0" 301 77624 "-" "Mozilla/5.0 (Linux; Android 5.0) AppleWebKit/537.36 (KHTML, like Gecko) Mobile Safari/537.36 (compatible; Bytespider; spider-feedback@bytedance.com)"
65.108.0.71 - - [13/Nov/2023:09:22:47 +0100] "GET /-p-29211.html HTTP/1.0" 200 77383 "-" "Mozilla/5.0 (compatible; MJ12bot/v1.4.8; http://mj12bot.com/)"
47.128.35.249 - - [13/Nov/2023:09:22:47 +0100] "GET /-p-26827.html HTTP/1.0" 200 77383 "-" "Mozilla/5.0 (Linux; Android 5.0) AppleWebKit/537.36 (KHTML, like Gecko) Mobile Safari/537.36 (compatible; Bytespider; spider-feedback@bytedance.com)"
47.128.35.249 - - [13/Nov/2023:09:22:50 +0100] "GET /swfobject.js HTTP/1.0" 404 1308 "http://www.wonder-geek.com/-p-26827.html" "Mozilla/5.0 (Linux; Android 5.0) AppleWebKit/537.36 (KHTML, like Gecko) Mobile Safari/537.36 (compatible; Bytespider; spider-feedback@bytedance.com)"
47.128.35.249 - - [13/Nov/2023:09:22:50 +0100] "GET /highslide/graphics/outlines/drop-shadow.png HTTP/1.0" 200 277 "http://www.wonder-geek.com/-p-26827.html" "Mozilla/5.0 (Linux; Android 5.0) AppleWebKit/537.36 (KHTML, like Gecko) Mobile Safari/537.36 (compatible; Bytespider; spider-feedback@bytedance.com)"
47.128.35.249 - - [13/Nov/2023:09:22:50 +0100] "GET /highslide/graphics/zoomout.cur HTTP/1.0" 200 614 "http://www.wonder-geek.com/-p-26827.html" "Mozilla/5.0 (Linux; Android 5.0) AppleWebKit/537.36 (KHTML, like Gecko) Mobile Safari/537.36 (compatible; Bytespider; spider-feedback@bytedance.com)"
47.128.57.251 - - [13/Nov/2023:09:22:48 +0100] "GET /trolley-backpack-brought-love-gorjuss-p-40510.html HTTP/1.0" 200 77520 "-" "Mozilla/5.0 (Linux; Android 5.0) AppleWebKit/537.36 (KHTML, like Gecko) Mobile Safari/537.36 (compatible; Bytespider; spider-feedback@bytedance.com)"
47.128.57.251 - - [13/Nov/2023:09:22:51 +0100] "GET /swfobject.js HTTP/1.0" 404 1308 "http://www.wonder-geek.com/trolley-backpack-brought-love-gorjuss-p-40510.html" "Mozilla/5.0 (Linux; Android 5.0) AppleWebKit/537.36 (KHTML, like Gecko) Mobile Safari/537.36 (compatible; Bytespider; spider-feedback@bytedance.com)"
47.128.57.251 - - [13/Nov/2023:09:22:52 +0100] "GET /swfobject.js HTTP/1.0" 404 1308 "http://www.wonder-geek.com/trolley-backpack-brought-love-gorjuss-p-40510.html" "Mozilla/5.0 (Linux; Android 5.0) AppleWebKit/537.36 (KHTML, like Gecko) Mobile Safari/537.36 (compatible; Bytespider; spider-feedback@bytedance.com)"
65.108.0.71 - - [13/Nov/2023:09:22:51 +0100] "GET /-p-29212.html HTTP/1.0" 200 77383 "-" "Mozilla/5.0 (compatible; MJ12bot/v1.4.8; http://mj12bot.com/)"
47.128.57.251 - - [13/Nov/2023:09:22:54 +0100] "GET /highslide/graphics/zoomout.cur HTTP/1.0" 200 614 "http://www.wonder-geek.com/trolley-backpack-brought-love-gorjuss-p-40510.html" "Mozilla/5.0 (Linux; Android 5.0) AppleWebKit/537.36 (KHTML, like Gecko) Mobile Safari/537.36 (compatible; Bytespider; spider-feedback@bytedance.com)"
47.128.57.251 - - [13/Nov/2023:09:22:54 +0100] "GET /highslide/graphics/outlines/drop-shadow.png HTTP/1.0" 200 277 "http://www.wonder-geek.com/trolley-backpack-brought-love-gorjuss-p-40510.html" "Mozilla/5.0 (Linux; Android 5.0) AppleWebKit/537.36 (KHTML, like Gecko) Mobile Safari/537.36 (compatible; Bytespider; spider-feedback@bytedance.com)"
23.22.35.162 - - [13/Nov/2023:09:22:37 +0100] "GET /towels-c-11_177.html HTTP/1.0" 200 98099 "-" "Mozilla/5.0 (Macintosh; Intel Mac OS X 10_10_1) AppleWebKit/600.2.5 (KHTML, like Gecko) Version/8.0.2 Safari/600.2.5 (Amazonbot/0.1; +https://developer.amazon.com/support/amazonbot)"
65.108.0.71 - - [13/Nov/2023:09:22:54 +0100] "GET /-p-29213.html HTTP/1.0" 200 77383 "-" "Mozilla/5.0 (compatible; MJ12bot/v1.4.8; http://mj12bot.com/)"
47.128.56.201 - - [13/Nov/2023:09:22:55 +0100] "GET /home/partys-decoration/dora-the-explorer-invitations-cards-envelopes-p-2101.html HTTP/1.0" 301 80036 "-" "Mozilla/5.0 (Linux; Android 5.0) AppleWebKit/537.36 (KHTML, like Gecko) Mobile Safari/537.36 (compatible; Bytespider; spider-feedback@bytedance.com)"
65.108.0.71 - - [13/Nov/2023:09:22:58 +0100] "GET /-p-29348.html HTTP/1.0" 200 77383 "-" "Mozilla/5.0 (compatible; MJ12bot/v1.4.8; http://mj12bot.com/)"
47.128.56.201 - - [13/Nov/2023:09:23:00 +0100] "GET /swfobject.js HTTP/1.0" 404 1308 "http://www.wonder-geek.com/invitation-cards-envelopes-p-2101.html" "Mozilla/5.0 (Linux; Android 5.0) AppleWebKit/537.36 (KHTML, like Gecko) Mobile Safari/537.36 (compatible; Bytespider; spider-feedback@bytedance.com)"
47.128.56.201 - - [13/Nov/2023:09:22:58 +0100] "GET /invitation-cards-envelopes-p-2101.html HTTP/1.0" 200 79944 "-" "Mozilla/5.0 (Linux; Android 5.0) AppleWebKit/537.36 (KHTML, like Gecko) Mobile Safari/537.36 (compatible; Bytespider; spider-feedback@bytedance.com)"
47.128.56.201 - - [13/Nov/2023:09:23:03 +0100] "GET /highslide/graphics/zoomin.cur HTTP/1.0" 200 614 "http://www.wonder-geek.com/templates/Pixame_v1/stylesheet.css" "Mozilla/5.0 (Linux; Android 5.0) AppleWebKit/537.36 (KHTML, like Gecko) Mobile Safari/537.36 (compatible; Bytespider; spider-feedback@bytedance.com)"
47.128.56.201 - - [13/Nov/2023:09:23:03 +0100] "GET /highslide/graphics/outlines/drop-shadow.png HTTP/1.0" 200 277 "http://www.wonder-geek.com/invitation-cards-envelopes-p-2101.html" "Mozilla/5.0 (Linux; Android 5.0) AppleWebKit/537.36 (KHTML, like Gecko) Mobile Safari/537.36 (compatible; Bytespider; spider-feedback@bytedance.com)"
47.128.56.201 - - [13/Nov/2023:09:23:03 +0100] "GET /highslide/graphics/zoomout.cur HTTP/1.0" 200 614 "http://www.wonder-geek.com/invitation-cards-envelopes-p-2101.html" "Mozilla/5.0 (Linux; Android 5.0) AppleWebKit/537.36 (KHTML, like Gecko) Mobile Safari/537.36 (compatible; Bytespider; spider-feedback@bytedance.com)"
47.128.56.201 - - [13/Nov/2023:09:23:04 +0100] "GET /images/020507_123955_PEEL_fkZscm.jpg HTTP/1.0" 200 271 "http://www.wonder-geek.com/invitation-cards-envelopes-p-2101.html" "Mozilla/5.0 (Linux; Android 5.0) AppleWebKit/537.36 (KHTML, like Gecko) Mobile Safari/537.36 (compatible; Bytespider; spider-feedback@bytedance.com)"
65.108.0.71 - - [13/Nov/2023:09:23:02 +0100] "GET /-p-29572.html HTTP/1.0" 200 77383 "-" "Mozilla/5.0 (compatible; MJ12bot/v1.4.8; http://mj12bot.com/)"
65.108.0.71 - - [13/Nov/2023:09:23:06 +0100] "GET /-p-29712.html HTTP/1.0" 200 77383 "-" "Mozilla/5.0 (compatible; MJ12bot/v1.4.8; http://mj12bot.com/)"
23.22.35.162 - - [13/Nov/2023:09:22:48 +0100] "GET /clocks-c-13_67.html HTTP/1.0" 500 66311 "-" "Mozilla/5.0 (Macintosh; Intel Mac OS X 10_10_1) AppleWebKit/600.2.5 (KHTML, like Gecko) Version/8.0.2 Safari/600.2.5 (Amazonbot/0.1; +https://developer.amazon.com/support/amazonbot)"
23.22.35.162 - - [13/Nov/2023:09:22:51 +0100] "GET /magnets-c-13_134.html HTTP/1.0" 500 66342 "-" "Mozilla/5.0 (Macintosh; Intel Mac OS X 10_10_1) AppleWebKit/600.2.5 (KHTML, like Gecko) Version/8.0.2 Safari/600.2.5 (Amazonbot/0.1; +https://developer.amazon.com/support/amazonbot)"
65.108.0.71 - - [13/Nov/2023:09:23:10 +0100] "GET /-p-29784.html HTTP/1.0" 200 77383 "-" "Mozilla/5.0 (compatible; MJ12bot/v1.4.8; http://mj12bot.com/)"
52.70.240.171 - - [13/Nov/2023:09:22:54 +0100] "GET /bookend-c-13_202.html HTTP/1.0" 500 66319 "-" "Mozilla/5.0 (Macintosh; Intel Mac OS X 10_10_1) AppleWebKit/600.2.5 (KHTML, like Gecko) Version/8.0.2 Safari/600.2.5 (Amazonbot/0.1; +https://developer.amazon.com/support/amazonbot)"
65.108.0.71 - - [13/Nov/2023:09:23:14 +0100] "GET /-p-29970.html HTTP/1.0" 200 77383 "-" "Mozilla/5.0 (compatible; MJ12bot/v1.4.8; http://mj12bot.com/)"
23.22.35.162 - - [13/Nov/2023:09:23:05 +0100] "GET /accessories-c-3.html HTTP/1.0" 200 100134 "-" "Mozilla/5.0 (Macintosh; Intel Mac OS X 10_10_1) AppleWebKit/600.2.5 (KHTML, like Gecko) Version/8.0.2 Safari/600.2.5 (Amazonbot/0.1; +https://developer.amazon.com/support/amazonbot)"
54.36.148.186 - - [13/Nov/2023:09:23:15 +0100] "GET /bowls-table-p-31428.html HTTP/1.0" 200 79745 "-" "Mozilla/5.0 (compatible; AhrefsBot/7.0; +http://ahrefs.com/robot/)"
52.70.240.171 - - [13/Nov/2023:09:23:02 +0100] "GET /cups-c-12_248.html HTTP/1.0" 200 92191 "-" "Mozilla/5.0 (Macintosh; Intel Mac OS X 10_10_1) AppleWebKit/600.2.5 (KHTML, like Gecko) Version/8.0.2 Safari/600.2.5 (Amazonbot/0.1; +https://developer.amazon.com/support/amazonbot)"
65.108.0.71 - - [13/Nov/2023:09:23:18 +0100] "GET /-p-30136.html HTTP/1.0" 200 77383 "-" "Mozilla/5.0 (compatible; MJ12bot/v1.4.8; http://mj12bot.com/)"
65.108.0.71 - - [13/Nov/2023:09:23:22 +0100] "GET /-p-30234.html HTTP/1.0" 200 77383 "-" "Mozilla/5.0 (compatible; MJ12bot/v1.4.8; http://mj12bot.com/)"
52.70.240.171 - - [13/Nov/2023:09:23:18 +0100] "GET /accessories-c-97_98.html HTTP/1.0" 200 91318 "-" "Mozilla/5.0 (Macintosh; Intel Mac OS X 10_10_1) AppleWebKit/600.2.5 (KHTML, like Gecko) Version/8.0.2 Safari/600.2.5 (Amazonbot/0.1; +https://developer.amazon.com/support/amazonbot)"
65.108.0.71 - - [13/Nov/2023:09:23:26 +0100] "GET /-p-30439.html HTTP/1.0" 200 77383 "-" "Mozilla/5.0 (compatible; MJ12bot/v1.4.8; http://mj12bot.com/)"
65.108.0.71 - - [13/Nov/2023:09:23:30 +0100] "GET /-p-30469.html HTTP/1.0" 200 77383 "-" "Mozilla/5.0 (compatible; MJ12bot/v1.4.8; http://mj12bot.com/)"
65.108.0.71 - - [13/Nov/2023:09:23:33 +0100] "GET /-p-30470.html HTTP/1.0" 200 77383 "-" "Mozilla/5.0 (compatible; MJ12bot/v1.4.8; http://mj12bot.com/)"
52.70.240.171 - - [13/Nov/2023:09:23:19 +0100] "GET /cushions-c-11_71_283.html HTTP/1.0" 200 97190 "-" "Mozilla/5.0 (Macintosh; Intel Mac OS X 10_10_1) AppleWebKit/600.2.5 (KHTML, like Gecko) Version/8.0.2 Safari/600.2.5 (Amazonbot/0.1; +https://developer.amazon.com/support/amazonbot)"
23.22.35.162 - - [13/Nov/2023:09:23:15 +0100] "GET /boxes-storage-c-13_150.html HTTP/1.0" 500 67762 "-" "Mozilla/5.0 (Macintosh; Intel Mac OS X 10_10_1) AppleWebKit/600.2.5 (KHTML, like Gecko) Version/8.0.2 Safari/600.2.5 (Amazonbot/0.1; +https://developer.amazon.com/support/amazonbot)"
65.108.0.71 - - [13/Nov/2023:09:23:36 +0100] "GET /-p-30471.html HTTP/1.0" 200 77383 "-" "Mozilla/5.0 (compatible; MJ12bot/v1.4.8; http://mj12bot.com/)"
52.70.240.171 - - [13/Nov/2023:09:23:27 +0100] "GET /backpacks-c-31_77.html HTTP/1.0" 200 100474 "-" "Mozilla/5.0 (Macintosh; Intel Mac OS X 10_10_1) AppleWebKit/600.2.5 (KHTML, like Gecko) Version/8.0.2 Safari/600.2.5 (Amazonbot/0.1; +https://developer.amazon.com/support/amazonbot)"
52.70.240.171 - - [13/Nov/2023:09:23:31 +0100] "GET /umbrellas-c-31_16.html HTTP/1.0" 200 91620 "-" "Mozilla/5.0 (Macintosh; Intel Mac OS X 10_10_1) AppleWebKit/600.2.5 (KHTML, like Gecko) Version/8.0.2 Safari/600.2.5 (Amazonbot/0.1; +https://developer.amazon.com/support/amazonbot)"
65.108.0.71 - - [13/Nov/2023:09:23:40 +0100] "GET /-p-30626.html HTTP/1.0" 200 77383 "-" "Mozilla/5.0 (compatible; MJ12bot/v1.4.8; http://mj12bot.com/)"
65.108.0.71 - - [13/Nov/2023:09:23:44 +0100] "GET /-p-30678.html HTTP/1.0" 200 77383 "-" "Mozilla/5.0 (compatible; MJ12bot/v1.4.8; http://mj12bot.com/)"
52.70.240.171 - - [13/Nov/2023:09:23:45 +0100] "GET /board-games-c-4_47.html HTTP/1.0" 200 76316 "-" "Mozilla/5.0 (Macintosh; Intel Mac OS X 10_10_1) AppleWebKit/600.2.5 (KHTML, like Gecko) Version/8.0.2 Safari/600.2.5 (Amazonbot/0.1; +https://developer.amazon.com/support/amazonbot)"
211.95.50.4 - - [13/Nov/2023:09:23:49 +0100] "GET / HTTP/1.1" 301 513 "-" "Mozilla/5.0 (Macintosh; Intel Mac OS X 10_15_7) AppleWebKit/537.36 (KHTML, like Gecko) Chrome/96.0.4664.110 Safari/537.36"
3.224.220.101 - - [13/Nov/2023:09:23:33 +0100] "GET /pillowcases-c-11_166.html HTTP/1.0" 200 96804 "-" "Mozilla/5.0 (Macintosh; Intel Mac OS X 10_10_1) AppleWebKit/600.2.5 (KHTML, like Gecko) Version/8.0.2 Safari/600.2.5 (Amazonbot/0.1; +https://developer.amazon.com/support/amazonbot)"
65.108.0.71 - - [13/Nov/2023:09:23:48 +0100] "GET /-p-30736.html HTTP/1.0" 200 77383 "-" "Mozilla/5.0 (compatible; MJ12bot/v1.4.8; http://mj12bot.com/)"
52.70.240.171 - - [13/Nov/2023:09:23:40 +0100] "GET /lampshades-c-86_277.html HTTP/1.0" 200 95118 "-" "Mozilla/5.0 (Macintosh; Intel Mac OS X 10_10_1) AppleWebKit/600.2.5 (KHTML, like Gecko) Version/8.0.2 Safari/600.2.5 (Amazonbot/0.1; +https://developer.amazon.com/support/amazonbot)"
216.244.66.242 - - [13/Nov/2023:09:23:49 +0100] "GET /flower-cover-zinc-shape-p-58261.html HTTP/1.0" 200 80827 "-" "Mozilla/5.0 (compatible; DotBot/1.2; +https://opensiteexplorer.org/dotbot; help@moz.com)"
65.108.0.71 - - [13/Nov/2023:09:23:51 +0100] "GET /-p-30838.html HTTP/1.0" 200 77383 "-" "Mozilla/5.0 (compatible; MJ12bot/v1.4.8; http://mj12bot.com/)"
211.95.50.5 - - [13/Nov/2023:09:23:57 +0100] "GET / HTTP/1.1" 301 513 "-" "Mozilla/5.0 (Macintosh; Intel Mac OS X 11_0_0) AppleWebKit/537.36 (KHTML, like Gecko) Chrome/87.0.4280.88 Safari/537.36"
52.70.240.171 - - [13/Nov/2023:09:23:46 +0100] "GET /cardmaking-c-129_128.html HTTP/1.0" 200 98524 "-" "Mozilla/5.0 (Macintosh; Intel Mac OS X 10_10_1) AppleWebKit/600.2.5 (KHTML, like Gecko) Version/8.0.2 Safari/600.2.5 (Amazonbot/0.1; +https://developer.amazon.com/support/amazonbot)"
3.224.220.101 - - [13/Nov/2023:09:23:37 +0100] "GET /coat-hook-c-13_198.html HTTP/1.0" 500 66363 "-" "Mozilla/5.0 (Macintosh; Intel Mac OS X 10_10_1) AppleWebKit/600.2.5 (KHTML, like Gecko) Version/8.0.2 Safari/600.2.5 (Amazonbot/0.1; +https://developer.amazon.com/support/amazonbot)"
65.108.0.71 - - [13/Nov/2023:09:23:56 +0100] "GET /-p-30873.html HTTP/1.0" 200 77383 "-" "Mozilla/5.0 (compatible; MJ12bot/v1.4.8; http://mj12bot.com/)"
65.108.0.71 - - [13/Nov/2023:09:24:00 +0100] "GET /-p-31016.html HTTP/1.0" 200 77383 "-" "Mozilla/5.0 (compatible; MJ12bot/v1.4.8; http://mj12bot.com/)"
52.70.240.171 - - [13/Nov/2023:09:23:42 +0100] "GET /coat-hook-c-13_198.html HTTP/1.0" 500 66363 "-" "Mozilla/5.0 (Macintosh; Intel Mac OS X 10_10_1) AppleWebKit/600.2.5 (KHTML, like Gecko) Version/8.0.2 Safari/600.2.5 (Amazonbot/0.1; +https://developer.amazon.com/support/amazonbot)"
203.185.130.166 - - [13/Nov/2023:09:24:04 +0100] "GET /images/mini_prod/8717127433513.jpg HTTP/1.0" 200 269 "-" "Mozilla/5.0 (X11; Ubuntu; Linux x86_64; rv:72.0) Gecko/20100101 Firefox/72.0"
3.224.220.101 - - [13/Nov/2023:09:23:49 +0100] "GET /tablecloths-c-11_176.html HTTP/1.0" 200 98199 "-" "Mozilla/5.0 (Macintosh; Intel Mac OS X 10_10_1) AppleWebKit/600.2.5 (KHTML, like Gecko) Version/8.0.2 Safari/600.2.5 (Amazonbot/0.1; +https://developer.amazon.com/support/amazonbot)"
65.108.0.71 - - [13/Nov/2023:09:24:04 +0100] "GET /-p-31017.html HTTP/1.0" 200 77383 "-" "Mozilla/5.0 (compatible; MJ12bot/v1.4.8; http://mj12bot.com/)"
211.95.50.5 - - [13/Nov/2023:09:24:07 +0100] "GET /favicon.ico HTTP/1.1" 301 535 "-" "Mozilla/5.0 (Macintosh; Intel Mac OS X 10_15_7) AppleWebKit/537.36 (KHTML, like Gecko) Chrome/96.0.4664.110 Safari/537.36"
211.95.50.5 - - [13/Nov/2023:09:24:07 +0100] "GET /favicon.ico HTTP/1.0" 200 260 "http://wonder-geek.com:7080/favicon.ico" "Mozilla/5.0 (Macintosh; Intel Mac OS X 10_15_7) AppleWebKit/537.36 (KHTML, like Gecko) Chrome/96.0.4664.110 Safari/537.36"
65.108.0.71 - - [13/Nov/2023:09:24:08 +0100] "GET /-p-31285.html HTTP/1.0" 200 77383 "-" "Mozilla/5.0 (compatible; MJ12bot/v1.4.8; http://mj12bot.com/)"
52.70.240.171 - - [13/Nov/2023:09:23:59 +0100] "GET /outdoor-rugs-c-11_269_320.html HTTP/1.0" 200 87850 "-" "Mozilla/5.0 (Macintosh; Intel Mac OS X 10_10_1) AppleWebKit/600.2.5 (KHTML, like Gecko) Version/8.0.2 Safari/600.2.5 (Amazonbot/0.1; +https://developer.amazon.com/support/amazonbot)"
3.224.220.101 - - [13/Nov/2023:09:23:54 +0100] "GET /breakfast-c-12_61.html HTTP/1.0" 200 97848 "-" "Mozilla/5.0 (Macintosh; Intel Mac OS X 10_10_1) AppleWebKit/600.2.5 (KHTML, like Gecko) Version/8.0.2 Safari/600.2.5 (Amazonbot/0.1; +https://developer.amazon.com/support/amazonbot)"
36.99.136.128 - - [13/Nov/2023:09:24:14 +0100] "GET /favicon.ico HTTP/1.1" 200 1871 "-" "Mozilla/5.0 (Macintosh; Intel Mac OS X 10_15_7) AppleWebKit/537.36 (KHTML, like Gecko) Chrome/96.0.4664.110 Safari/537.36"
65.108.0.71 - - [13/Nov/2023:09:24:12 +0100] "GET /-p-31330.html HTTP/1.0" 200 77383 "-" "Mozilla/5.0 (compatible; MJ12bot/v1.4.8; http://mj12bot.com/)"
36.99.136.129 - - [13/Nov/2023:09:23:51 +0100] "GET / HTTP/1.1" 500 96895 "-" "Mozilla/5.0 (Macintosh; Intel Mac OS X 10_15_7) AppleWebKit/537.36 (KHTML, like Gecko) Chrome/96.0.4664.110 Safari/537.36"
23.22.35.162 - - [13/Nov/2023:09:24:06 +0100] "GET /figurines-statuettes-statues-decoration-collection-c-292.html HTTP/1.0" 200 100034 "-" "Mozilla/5.0 (Macintosh; Intel Mac OS X 10_10_1) AppleWebKit/600.2.5 (KHTML, like Gecko) Version/8.0.2 Safari/600.2.5 (Amazonbot/0.1; +https://developer.amazon.com/support/amazonbot)"
211.95.50.5 - - [13/Nov/2023:09:23:50 +0100] "GET / HTTP/1.0" 500 137278 "http://wonder-geek.com:7080" "Mozilla/5.0 (Macintosh; Intel Mac OS X 10_15_7) AppleWebKit/537.36 (KHTML, like Gecko) Chrome/96.0.4664.110 Safari/537.36"
52.70.240.171 - - [13/Nov/2023:09:24:10 +0100] "GET /suitcaselittle-suitcase-trolley-c-31_79.html HTTP/1.0" 200 83074 "-" "Mozilla/5.0 (Macintosh; Intel Mac OS X 10_10_1) AppleWebKit/600.2.5 (KHTML, like Gecko) Version/8.0.2 Safari/600.2.5 (Amazonbot/0.1; +https://developer.amazon.com/support/amazonbot)"
52.70.240.171 - - [13/Nov/2023:09:24:09 +0100] "GET /fairy-lights-c-86_279.html HTTP/1.0" 200 93147 "-" "Mozilla/5.0 (Macintosh; Intel Mac OS X 10_10_1) AppleWebKit/600.2.5 (KHTML, like Gecko) Version/8.0.2 Safari/600.2.5 (Amazonbot/0.1; +https://developer.amazon.com/support/amazonbot)"
23.22.35.162 - - [13/Nov/2023:09:24:02 +0100] "GET /mini-trays-c-12_159_260.html HTTP/1.0" 500 66423 "-" "Mozilla/5.0 (Macintosh; Intel Mac OS X 10_10_1) AppleWebKit/600.2.5 (KHTML, like Gecko) Version/8.0.2 Safari/600.2.5 (Amazonbot/0.1; +https://developer.amazon.com/support/amazonbot)"
211.95.50.4 - - [13/Nov/2023:09:23:58 +0100] "GET / HTTP/1.0" 500 137278 "-" "Mozilla/5.0 (Macintosh; Intel Mac OS X 11_0_0) AppleWebKit/537.36 (KHTML, like Gecko) Chrome/87.0.4280.88 Safari/537.36"
36.99.136.136 - - [13/Nov/2023:09:24:06 +0100] "GET / HTTP/1.1" 500 66139 "-" "Mozilla/5.0 (Macintosh; Intel Mac OS X 11_0_0) AppleWebKit/537.36 (KHTML, like Gecko) Chrome/87.0.4280.88 Safari/537.36"
23.22.35.162 - - [13/Nov/2023:09:24:15 +0100] "GET /jackets-coats-parkas-c-2_41.html HTTP/1.0" 200 85010 "-" "Mozilla/5.0 (Macintosh; Intel Mac OS X 10_10_1) AppleWebKit/600.2.5 (KHTML, like Gecko) Version/8.0.2 Safari/600.2.5 (Amazonbot/0.1; +https://developer.amazon.com/support/amazonbot)"
65.108.0.71 - - [13/Nov/2023:09:24:16 +0100] "GET /-p-31514.html HTTP/1.0" 200 77383 "-" "Mozilla/5.0 (compatible; MJ12bot/v1.4.8; http://mj12bot.com/)"
3.224.220.101 - - [13/Nov/2023:09:24:08 +0100] "GET /trays-medium-size-c-12_159_265.html HTTP/1.0" 200 97867 "-" "Mozilla/5.0 (Macintosh; Intel Mac OS X 10_10_1) AppleWebKit/600.2.5 (KHTML, like Gecko) Version/8.0.2 Safari/600.2.5 (Amazonbot/0.1; +https://developer.amazon.com/support/amazonbot)"
65.108.0.71 - - [13/Nov/2023:09:24:19 +0100] "GET /-p-31542.html HTTP/1.0" 200 77383 "-" "Mozilla/5.0 (compatible; MJ12bot/v1.4.8; http://mj12bot.com/)"
23.22.35.162 - - [13/Nov/2023:09:24:20 +0100] "GET /towel-bath-towels-c-11_70.html HTTP/1.0" 200 94542 "-" "Mozilla/5.0 (Macintosh; Intel Mac OS X 10_10_1) AppleWebKit/600.2.5 (KHTML, like Gecko) Version/8.0.2 Safari/600.2.5 (Amazonbot/0.1; +https://developer.amazon.com/support/amazonbot)"
65.108.0.71 - - [13/Nov/2023:09:24:22 +0100] "GET /-p-31655.html HTTP/1.0" 200 77383 "-" "Mozilla/5.0 (compatible; MJ12bot/v1.4.8; http://mj12bot.com/)"
23.22.35.162 - - [13/Nov/2023:09:24:22 +0100] "GET /school-trolley-c-31_169.html HTTP/1.0" 200 88004 "-" "Mozilla/5.0 (Macintosh; Intel Mac OS X 10_10_1) AppleWebKit/600.2.5 (KHTML, like Gecko) Version/8.0.2 Safari/600.2.5 (Amazonbot/0.1; +https://developer.amazon.com/support/amazonbot)"
65.108.0.71 - - [13/Nov/2023:09:24:25 +0100] "GET /-p-31714.html HTTP/1.0" 200 77383 "-" "Mozilla/5.0 (compatible; MJ12bot/v1.4.8; http://mj12bot.com/)"
185.191.171.14 - - [13/Nov/2023:09:24:25 +0100] "GET /postcard-without-envelope-tassen-p-57448.html HTTP/1.0" 200 80483 "-" "Mozilla/5.0 (compatible; SemrushBot/7~bl; +http://www.semrush.com/bot.html)"
52.70.240.171 - - [13/Nov/2023:09:24:25 +0100] "GET /ottomans-storage-ottomans-c-13_209.html HTTP/1.0" 200 92575 "-" "Mozilla/5.0 (Macintosh; Intel Mac OS X 10_10_1) AppleWebKit/600.2.5 (KHTML, like Gecko) Version/8.0.2 Safari/600.2.5 (Amazonbot/0.1; +https://developer.amazon.com/support/amazonbot)"
65.108.0.71 - - [13/Nov/2023:09:24:28 +0100] "GET /-p-31831.html HTTP/1.0" 200 77383 "-" "Mozilla/5.0 (compatible; MJ12bot/v1.4.8; http://mj12bot.com/)"
85.208.96.204 - - [13/Nov/2023:09:24:29 +0100] "GET /dubout-cats-metal-keyring-p-47166.html HTTP/1.0" 200 79784 "-" "Mozilla/5.0 (compatible; SemrushBot/7~bl; +http://www.semrush.com/bot.html)"
174.218.166.84 - - [13/Nov/2023:09:24:29 +0100] "GET /candy-cloud-unicorn-dancer-p-51815.html HTTP/1.0" 200 77463 "https://www.google.com/" "Mozilla/5.0 (iPhone; CPU iPhone OS 16_7 like Mac OS X) AppleWebKit/605.1.15 (KHTML, like Gecko) Version/16.6 Mobile/15E148 Safari/604.1"
174.218.166.84 - - [13/Nov/2023:09:24:31 +0100] "GET /js/jquery.js HTTP/1.0" 200 252 "http://www.wonder-geek.com/candy-cloud-unicorn-dancer-p-51815.html" "Mozilla/5.0 (iPhone; CPU iPhone OS 16_7 like Mac OS X) AppleWebKit/605.1.15 (KHTML, like Gecko) Version/16.6 Mobile/15E148 Safari/604.1"
174.218.166.84 - - [13/Nov/2023:09:24:31 +0100] "GET /mondial_relay/js/jquery-1.3.2.min.js HTTP/1.0" 200 276 "http://www.wonder-geek.com/candy-cloud-unicorn-dancer-p-51815.html" "Mozilla/5.0 (iPhone; CPU iPhone OS 16_7 like Mac OS X) AppleWebKit/605.1.15 (KHTML, like Gecko) Version/16.6 Mobile/15E148 Safari/604.1"
174.218.166.84 - - [13/Nov/2023:09:24:31 +0100] "GET /templates/Pixame_v1/stylesheet.css HTTP/1.0" 200 267 "http://www.wonder-geek.com/candy-cloud-unicorn-dancer-p-51815.html" "Mozilla/5.0 (iPhone; CPU iPhone OS 16_7 like Mac OS X) AppleWebKit/605.1.15 (KHTML, like Gecko) Version/16.6 Mobile/15E148 Safari/604.1"
174.218.166.84 - - [13/Nov/2023:09:24:31 +0100] "GET /js/jquery.jqzoom.js HTTP/1.0" 200 259 "http://www.wonder-geek.com/candy-cloud-unicorn-dancer-p-51815.html" "Mozilla/5.0 (iPhone; CPU iPhone OS 16_7 like Mac OS X) AppleWebKit/605.1.15 (KHTML, like Gecko) Version/16.6 Mobile/15E148 Safari/604.1"
174.218.166.84 - - [13/Nov/2023:09:24:31 +0100] "GET /highslide/highslide.js HTTP/1.0" 200 262 "http://www.wonder-geek.com/candy-cloud-unicorn-dancer-p-51815.html" "Mozilla/5.0 (iPhone; CPU iPhone OS 16_7 like Mac OS X) AppleWebKit/605.1.15 (KHTML, like Gecko) Version/16.6 Mobile/15E148 Safari/604.1"
174.218.166.84 - - [13/Nov/2023:09:24:32 +0100] "GET /swfobject.js HTTP/1.0" 404 1308 "http://www.wonder-geek.com/candy-cloud-unicorn-dancer-p-51815.html" "Mozilla/5.0 (iPhone; CPU iPhone OS 16_7 like Mac OS X) AppleWebKit/605.1.15 (KHTML, like Gecko) Version/16.6 Mobile/15E148 Safari/604.1"
65.108.0.71 - - [13/Nov/2023:09:24:31 +0100] "GET /-p-31889.html HTTP/1.0" 200 77383 "-" "Mozilla/5.0 (compatible; MJ12bot/v1.4.8; http://mj12bot.com/)"
174.218.166.84 - - [13/Nov/2023:09:24:33 +0100] "GET /templates/Pixame_v1/images/infobox/pixel_trans.gif HTTP/1.0" 200 328 "http://www.wonder-geek.com/candy-cloud-unicorn-dancer-p-51815.html" "Mozilla/5.0 (iPhone; CPU iPhone OS 16_7 like Mac OS X) AppleWebKit/605.1.15 (KHTML, like Gecko) Version/16.6 Mobile/15E148 Safari/604.1"
174.218.166.84 - - [13/Nov/2023:09:24:33 +0100] "GET /templates/Pixame_v1/images/icon_accueil2.png HTTP/1.0" 200 278 "http://www.wonder-geek.com/candy-cloud-unicorn-dancer-p-51815.html" "Mozilla/5.0 (iPhone; CPU iPhone OS 16_7 like Mac OS X) AppleWebKit/605.1.15 (KHTML, like Gecko) Version/16.6 Mobile/15E148 Safari/604.1"
23.22.35.162 - - [13/Nov/2023:09:24:31 +0100] "GET /-c-95_332.html HTTP/1.0" 200 76251 "-" "Mozilla/5.0 (Macintosh; Intel Mac OS X 10_10_1) AppleWebKit/600.2.5 (KHTML, like Gecko) Version/8.0.2 Safari/600.2.5 (Amazonbot/0.1; +https://developer.amazon.com/support/amazonbot)"
174.218.166.84 - - [13/Nov/2023:09:24:33 +0100] "GET /templates/Pixame_v1/images/Bottom_texture.jpg HTTP/1.0" 200 280 "http://www.wonder-geek.com/candy-cloud-unicorn-dancer-p-51815.html" "Mozilla/5.0 (iPhone; CPU iPhone OS 16_7 like Mac OS X) AppleWebKit/605.1.15 (KHTML, like Gecko) Version/16.6 Mobile/15E148 Safari/604.1"
174.218.166.84 - - [13/Nov/2023:09:24:33 +0100] "GET /templates/Pixame_v1/images/Middle_texture.jpg HTTP/1.0" 200 280 "http://www.wonder-geek.com/candy-cloud-unicorn-dancer-p-51815.html" "Mozilla/5.0 (iPhone; CPU iPhone OS 16_7 like Mac OS X) AppleWebKit/605.1.15 (KHTML, like Gecko) Version/16.6 Mobile/15E148 Safari/604.1"
174.218.166.84 - - [13/Nov/2023:09:24:33 +0100] "GET /design/productsenstock.png HTTP/1.0" 200 260 "http://www.wonder-geek.com/candy-cloud-unicorn-dancer-p-51815.html" "Mozilla/5.0 (iPhone; CPU iPhone OS 16_7 like Mac OS X) AppleWebKit/605.1.15 (KHTML, like Gecko) Version/16.6 Mobile/15E148 Safari/604.1"
174.218.166.84 - - [13/Nov/2023:09:24:33 +0100] "GET /templates/Pixame_v1/images/header.png HTTP/1.0" 200 271 "http://www.wonder-geek.com/candy-cloud-unicorn-dancer-p-51815.html" "Mozilla/5.0 (iPhone; CPU iPhone OS 16_7 like Mac OS X) AppleWebKit/605.1.15 (KHTML, like Gecko) Version/16.6 Mobile/15E148 Safari/604.1"
174.218.166.84 - - [13/Nov/2023:09:24:33 +0100] "GET /templates/Pixame_v1/images/nav.png HTTP/1.0" 200 268 "http://www.wonder-geek.com/candy-cloud-unicorn-dancer-p-51815.html" "Mozilla/5.0 (iPhone; CPU iPhone OS 16_7 like Mac OS X) AppleWebKit/605.1.15 (KHTML, like Gecko) Version/16.6 Mobile/15E148 Safari/604.1"
174.218.166.84 - - [13/Nov/2023:09:24:33 +0100] "GET /templates/Pixame_v1/images/infobox/infobox_footer_middle.gif HTTP/1.0" 200 357 "http://www.wonder-geek.com/candy-cloud-unicorn-dancer-p-51815.html" "Mozilla/5.0 (iPhone; CPU iPhone OS 16_7 like Mac OS X) AppleWebKit/605.1.15 (KHTML, like Gecko) Version/16.6 Mobile/15E148 Safari/604.1"
174.218.166.84 - - [13/Nov/2023:09:24:33 +0100] "GET /images/pixel_trans.gif HTTP/1.0" 200 328 "http://www.wonder-geek.com/candy-cloud-unicorn-dancer-p-51815.html" "Mozilla/5.0 (iPhone; CPU iPhone OS 16_7 like Mac OS X) AppleWebKit/605.1.15 (KHTML, like Gecko) Version/16.6 Mobile/15E148 Safari/604.1"
174.218.166.84 - - [13/Nov/2023:09:24:33 +0100] "GET /templates/Pixame_v1/images/pixel_trans.gif HTTP/1.0" 200 328 "http://www.wonder-geek.com/candy-cloud-unicorn-dancer-p-51815.html" "Mozilla/5.0 (iPhone; CPU iPhone OS 16_7 like Mac OS X) AppleWebKit/605.1.15 (KHTML, like Gecko) Version/16.6 Mobile/15E148 Safari/604.1"
174.218.166.84 - - [13/Nov/2023:09:24:34 +0100] "GET /templates/Pixame_v1/images/buttons/english/button_continue.gif HTTP/1.0" 200 1264 "http://www.wonder-geek.com/candy-cloud-unicorn-dancer-p-51815.html" "Mozilla/5.0 (iPhone; CPU iPhone OS 16_7 like Mac OS X) AppleWebKit/605.1.15 (KHTML, like Gecko) Version/16.6 Mobile/15E148 Safari/604.1"
174.218.166.84 - - [13/Nov/2023:09:24:34 +0100] "GET /templates/Pixame_v1/images/header-object.png HTTP/1.0" 200 278 "http://www.wonder-geek.com/candy-cloud-unicorn-dancer-p-51815.html" "Mozilla/5.0 (iPhone; CPU iPhone OS 16_7 like Mac OS X) AppleWebKit/605.1.15 (KHTML, like Gecko) Version/16.6 Mobile/15E148 Safari/604.1"
23.22.35.162 - - [13/Nov/2023:09:24:32 +0100] "GET /tea-pot-c-12_175.html HTTP/1.0" 200 98412 "-" "Mozilla/5.0 (Macintosh; Intel Mac OS X 10_10_1) AppleWebKit/600.2.5 (KHTML, like Gecko) Version/8.0.2 Safari/600.2.5 (Amazonbot/0.1; +https://developer.amazon.com/support/amazonbot)"
65.108.0.71 - - [13/Nov/2023:09:24:34 +0100] "GET /-p-32099.html HTTP/1.0" 200 77383 "-" "Mozilla/5.0 (compatible; MJ12bot/v1.4.8; http://mj12bot.com/)"
174.218.166.84 - - [13/Nov/2023:09:24:36 +0100] "GET /highslide/graphics/outlines/drop-shadow.png HTTP/1.0" 200 277 "http://www.wonder-geek.com/candy-cloud-unicorn-dancer-p-51815.html" "Mozilla/5.0 (iPhone; CPU iPhone OS 16_7 like Mac OS X) AppleWebKit/605.1.15 (KHTML, like Gecko) Version/16.6 Mobile/15E148 Safari/604.1"
174.218.166.84 - - [13/Nov/2023:09:24:36 +0100] "GET /highslide/graphics/zoomout.cur HTTP/1.0" 200 614 "http://www.wonder-geek.com/candy-cloud-unicorn-dancer-p-51815.html" "Mozilla/5.0 (iPhone; CPU iPhone OS 16_7 like Mac OS X) AppleWebKit/605.1.15 (KHTML, like Gecko) Version/16.6 Mobile/15E148 Safari/604.1"
174.218.166.84 - - [13/Nov/2023:09:24:36 +0100] "GET /favicon.ico HTTP/1.0" 200 260 "http://www.wonder-geek.com/candy-cloud-unicorn-dancer-p-51815.html" "Mozilla/5.0 (iPhone; CPU iPhone OS 16_7 like Mac OS X) AppleWebKit/605.1.15 (KHTML, like Gecko) Version/16.6 Mobile/15E148 Safari/604.1"
174.218.166.84 - - [13/Nov/2023:09:24:36 +0100] "GET /highslide/graphics/loader.white.gif HTTP/1.0" 200 960 "http://www.wonder-geek.com/candy-cloud-unicorn-dancer-p-51815.html" "Mozilla/5.0 (iPhone; CPU iPhone OS 16_7 like Mac OS X) AppleWebKit/605.1.15 (KHTML, like Gecko) Version/16.6 Mobile/15E148 Safari/604.1"
3.224.220.101 - - [13/Nov/2023:09:24:35 +0100] "GET /towel-bath-towels-c-11_70.html HTTP/1.0" 200 94542 "-" "Mozilla/5.0 (Macintosh; Intel Mac OS X 10_10_1) AppleWebKit/600.2.5 (KHTML, like Gecko) Version/8.0.2 Safari/600.2.5 (Amazonbot/0.1; +https://developer.amazon.com/support/amazonbot)"
65.108.0.71 - - [13/Nov/2023:09:24:36 +0100] "GET /-p-32278.html HTTP/1.0" 200 77383 "-" "Mozilla/5.0 (compatible; MJ12bot/v1.4.8; http://mj12bot.com/)"
52.70.240.171 - - [13/Nov/2023:09:24:37 +0100] "GET /cake-molds-cube-molds-c-12_246.html HTTP/1.0" 200 90352 "-" "Mozilla/5.0 (Macintosh; Intel Mac OS X 10_10_1) AppleWebKit/600.2.5 (KHTML, like Gecko) Version/8.0.2 Safari/600.2.5 (Amazonbot/0.1; +https://developer.amazon.com/support/amazonbot)"
65.108.0.71 - - [13/Nov/2023:09:24:39 +0100] "GET /-p-32361.html HTTP/1.0" 200 77383 "-" "Mozilla/5.0 (compatible; MJ12bot/v1.4.8; http://mj12bot.com/)"
52.70.240.171 - - [13/Nov/2023:09:24:41 +0100] "GET /water-outdoor-games-c-4_143.html HTTP/1.0" 200 98834 "-" "Mozilla/5.0 (Macintosh; Intel Mac OS X 10_10_1) AppleWebKit/600.2.5 (KHTML, like Gecko) Version/8.0.2 Safari/600.2.5 (Amazonbot/0.1; +https://developer.amazon.com/support/amazonbot)"
65.108.0.71 - - [13/Nov/2023:09:24:42 +0100] "GET /-p-32362.html HTTP/1.0" 200 77383 "-" "Mozilla/5.0 (compatible; MJ12bot/v1.4.8; http://mj12bot.com/)"
65.108.0.71 - - [13/Nov/2023:09:24:45 +0100] "GET /-p-32481.html HTTP/1.0" 200 77383 "-" "Mozilla/5.0 (compatible; MJ12bot/v1.4.8; http://mj12bot.com/)"
65.108.0.71 - - [13/Nov/2023:09:24:48 +0100] "GET /-p-32483.html HTTP/1.0" 200 77383 "-" "Mozilla/5.0 (compatible; MJ12bot/v1.4.8; http://mj12bot.com/)"
23.22.35.162 - - [13/Nov/2023:09:24:47 +0100] "GET /storage-cups-c-12_159_264.html HTTP/1.0" 200 97573 "-" "Mozilla/5.0 (Macintosh; Intel Mac OS X 10_10_1) AppleWebKit/600.2.5 (KHTML, like Gecko) Version/8.0.2 Safari/600.2.5 (Amazonbot/0.1; +https://developer.amazon.com/support/amazonbot)"
65.108.0.71 - - [13/Nov/2023:09:24:51 +0100] "GET /-p-32508.html HTTP/1.0" 200 77383 "-" "Mozilla/5.0 (compatible; MJ12bot/v1.4.8; http://mj12bot.com/)"
52.70.240.171 - - [13/Nov/2023:09:24:51 +0100] "GET /diffuser-perfume-essential-oils-c-231_162.html HTTP/1.0" 200 97648 "-" "Mozilla/5.0 (Macintosh; Intel Mac OS X 10_10_1) AppleWebKit/600.2.5 (KHTML, like Gecko) Version/8.0.2 Safari/600.2.5 (Amazonbot/0.1; +https://developer.amazon.com/support/amazonbot)"
65.108.0.71 - - [13/Nov/2023:09:24:53 +0100] "GET /-p-32537.html HTTP/1.0" 200 77383 "-" "Mozilla/5.0 (compatible; MJ12bot/v1.4.8; http://mj12bot.com/)"
3.224.220.101 - - [13/Nov/2023:09:24:54 +0100] "GET /snow-glitter-ball-c-13_259.html HTTP/1.0" 200 97122 "-" "Mozilla/5.0 (Macintosh; Intel Mac OS X 10_10_1) AppleWebKit/600.2.5 (KHTML, like Gecko) Version/8.0.2 Safari/600.2.5 (Amazonbot/0.1; +https://developer.amazon.com/support/amazonbot)"
65.108.0.71 - - [13/Nov/2023:09:24:56 +0100] "GET /-p-32737.html HTTP/1.0" 200 77383 "-" "Mozilla/5.0 (compatible; MJ12bot/v1.4.8; http://mj12bot.com/)"
3.224.220.101 - - [13/Nov/2023:09:24:57 +0100] "GET /mini-trays-c-12_159_260.html HTTP/1.0" 200 100331 "-" "Mozilla/5.0 (Macintosh; Intel Mac OS X 10_10_1) AppleWebKit/600.2.5 (KHTML, like Gecko) Version/8.0.2 Safari/600.2.5 (Amazonbot/0.1; +https://developer.amazon.com/support/amazonbot)"
65.108.0.71 - - [13/Nov/2023:09:24:59 +0100] "GET /-p-32750.html HTTP/1.0" 200 77383 "-" "Mozilla/5.0 (compatible; MJ12bot/v1.4.8; http://mj12bot.com/)"
85.208.96.206 - - [13/Nov/2023:09:25:00 +0100] "GET /-p-13971.html HTTP/1.0" 200 77383 "-" "Mozilla/5.0 (compatible; SemrushBot/7~bl; +http://www.semrush.com/bot.html)"
174.218.166.84 - - [13/Nov/2023:09:25:02 +0100] "GET /candy-cloud-unicorn-jazzy-p-49785.html HTTP/1.0" 200 77461 "https://www.google.com/" "Mozilla/5.0 (iPhone; CPU iPhone OS 16_7 like Mac OS X) AppleWebKit/605.1.15 (KHTML, like Gecko) Version/16.6 Mobile/15E148 Safari/604.1"
65.108.0.71 - - [13/Nov/2023:09:25:02 +0100] "GET /-p-32841.html HTTP/1.0" 200 77383 "-" "Mozilla/5.0 (compatible; MJ12bot/v1.4.8; http://mj12bot.com/)"
23.22.35.162 - - [13/Nov/2023:09:25:03 +0100] "GET /outdoor-rugs-c-11_269_320.html HTTP/1.0" 200 87850 "-" "Mozilla/5.0 (Macintosh; Intel Mac OS X 10_10_1) AppleWebKit/600.2.5 (KHTML, like Gecko) Version/8.0.2 Safari/600.2.5 (Amazonbot/0.1; +https://developer.amazon.com/support/amazonbot)"
65.108.0.71 - - [13/Nov/2023:09:25:05 +0100] "GET /-p-33072.html HTTP/1.0" 200 77383 "-" "Mozilla/5.0 (compatible; MJ12bot/v1.4.8; http://mj12bot.com/)"
54.36.148.96 - - [13/Nov/2023:09:25:05 +0100] "GET /eyelet-curtain-p-52382.html HTTP/1.0" 200 81927 "-" "Mozilla/5.0 (compatible; AhrefsBot/7.0; +http://ahrefs.com/robot/)"
65.108.0.71 - - [13/Nov/2023:09:25:08 +0100] "GET /-p-33090.html HTTP/1.0" 200 77383 "-" "Mozilla/5.0 (compatible; MJ12bot/v1.4.8; http://mj12bot.com/)"
52.70.240.171 - - [13/Nov/2023:09:25:08 +0100] "GET /chandeliers-suspensions-c-86_280.html HTTP/1.0" 200 97182 "-" "Mozilla/5.0 (Macintosh; Intel Mac OS X 10_10_1) AppleWebKit/600.2.5 (KHTML, like Gecko) Version/8.0.2 Safari/600.2.5 (Amazonbot/0.1; +https://developer.amazon.com/support/amazonbot)"
54.36.148.247 - - [13/Nov/2023:09:25:11 +0100] "GET /images/big_prod/3665269014426.jpg HTTP/1.0" 200 268 "-" "Mozilla/5.0 (compatible; AhrefsBot/7.0; +http://ahrefs.com/robot/)"
65.108.0.71 - - [13/Nov/2023:09:25:11 +0100] "GET /-p-33092.html HTTP/1.0" 200 77383 "-" "Mozilla/5.0 (compatible; MJ12bot/v1.4.8; http://mj12bot.com/)"
3.224.220.101 - - [13/Nov/2023:09:25:12 +0100] "GET /bedding-protection-c-11_192.html HTTP/1.0" 200 97420 "-" "Mozilla/5.0 (Macintosh; Intel Mac OS X 10_10_1) AppleWebKit/600.2.5 (KHTML, like Gecko) Version/8.0.2 Safari/600.2.5 (Amazonbot/0.1; +https://developer.amazon.com/support/amazonbot)"
65.108.0.71 - - [13/Nov/2023:09:25:14 +0100] "GET /-p-33302.html HTTP/1.0" 200 77383 "-" "Mozilla/5.0 (compatible; MJ12bot/v1.4.8; http://mj12bot.com/)"
65.108.0.71 - - [13/Nov/2023:09:25:17 +0100] "GET /-p-33621.html HTTP/1.0" 200 77383 "-" "Mozilla/5.0 (compatible; MJ12bot/v1.4.8; http://mj12bot.com/)"
23.22.35.162 - - [13/Nov/2023:09:25:18 +0100] "GET /boxes-textile-storage-c-13_150_215.html HTTP/1.0" 200 84440 "-" "Mozilla/5.0 (Macintosh; Intel Mac OS X 10_10_1) AppleWebKit/600.2.5 (KHTML, like Gecko) Version/8.0.2 Safari/600.2.5 (Amazonbot/0.1; +https://developer.amazon.com/support/amazonbot)"
65.108.0.71 - - [13/Nov/2023:09:25:20 +0100] "GET /-p-33651.html HTTP/1.0" 200 77383 "-" "Mozilla/5.0 (compatible; MJ12bot/v1.4.8; http://mj12bot.com/)"
23.22.35.162 - - [13/Nov/2023:09:25:20 +0100] "GET /ottomans-storage-ottomans-c-13_209.html HTTP/1.0" 200 92575 "-" "Mozilla/5.0 (Macintosh; Intel Mac OS X 10_10_1) AppleWebKit/600.2.5 (KHTML, like Gecko) Version/8.0.2 Safari/600.2.5 (Amazonbot/0.1; +https://developer.amazon.com/support/amazonbot)"
65.108.0.71 - - [13/Nov/2023:09:25:22 +0100] "GET /-p-33946.html HTTP/1.0" 200 77383 "-" "Mozilla/5.0 (compatible; MJ12bot/v1.4.8; http://mj12bot.com/)"
52.70.240.171 - - [13/Nov/2023:09:25:22 +0100] "GET /jewelry-boxes-holders-c-13_150_131.html HTTP/1.0" 200 94325 "-" "Mozilla/5.0 (Macintosh; Intel Mac OS X 10_10_1) AppleWebKit/600.2.5 (KHTML, like Gecko) Version/8.0.2 Safari/600.2.5 (Amazonbot/0.1; +https://developer.amazon.com/support/amazonbot)"
65.108.0.71 - - [13/Nov/2023:09:25:25 +0100] "GET /-p-33947.html HTTP/1.0" 200 77383 "-" "Mozilla/5.0 (compatible; MJ12bot/v1.4.8; http://mj12bot.com/)"
65.108.0.71 - - [13/Nov/2023:09:25:28 +0100] "GET /-p-33959.html HTTP/1.0" 200 77383 "-" "Mozilla/5.0 (compatible; MJ12bot/v1.4.8; http://mj12bot.com/)"
85.208.96.193 - - [13/Nov/2023:09:25:28 +0100] "GET /horse-handbag-p-23048.html HTTP/1.0" 200 79772 "-" "Mozilla/5.0 (compatible; SemrushBot/7~bl; +http://www.semrush.com/bot.html)"
182.22.30.12 - - [13/Nov/2023:09:25:30 +0100] "GET /images/big_prod_1/5060108695169a.jpg HTTP/1.0" 200 271 "-" "Mozilla/5.0 (compatible; Y!J-WSC/1.0; +https://yahoo.jp/3BSZgF)"
3.224.220.101 - - [13/Nov/2023:09:25:29 +0100] "GET /accessories-mobiles-c-3_17.html HTTP/1.0" 200 101277 "-" "Mozilla/5.0 (Macintosh; Intel Mac OS X 10_10_1) AppleWebKit/600.2.5 (KHTML, like Gecko) Version/8.0.2 Safari/600.2.5 (Amazonbot/0.1; +https://developer.amazon.com/support/amazonbot)"
47.76.57.30 - - [13/Nov/2023:09:25:32 +0100] "GET /images/mini_prod/7601019995375.jpg HTTP/1.0" 200 269 "-" "Mozilla/5.0 (X11; Ubuntu; Linux x86_64; rv:72.0) Gecko/20100101 Firefox/72.0"
65.108.0.71 - - [13/Nov/2023:09:25:31 +0100] "GET /-p-34093.html HTTP/1.0" 200 77383 "-" "Mozilla/5.0 (compatible; MJ12bot/v1.4.8; http://mj12bot.com/)"
65.108.0.71 - - [13/Nov/2023:09:25:34 +0100] "GET /-p-34287.html HTTP/1.0" 200 77383 "-" "Mozilla/5.0 (compatible; MJ12bot/v1.4.8; http://mj12bot.com/)"
185.191.171.7 - - [13/Nov/2023:09:25:35 +0100] "GET /earth-globe-tripod-decoration-p-56747.html HTTP/1.0" 200 77489 "-" "Mozilla/5.0 (compatible; SemrushBot/7~bl; +http://www.semrush.com/bot.html)"
52.70.240.171 - - [13/Nov/2023:09:25:35 +0100] "GET /doormats-entrance-carpets-c-11_269_266.html HTTP/1.0" 200 98109 "-" "Mozilla/5.0 (Macintosh; Intel Mac OS X 10_10_1) AppleWebKit/600.2.5 (KHTML, like Gecko) Version/8.0.2 Safari/600.2.5 (Amazonbot/0.1; +https://developer.amazon.com/support/amazonbot)"
65.108.0.71 - - [13/Nov/2023:09:25:37 +0100] "GET /-p-34363.html HTTP/1.0" 200 77383 "-" "Mozilla/5.0 (compatible; MJ12bot/v1.4.8; http://mj12bot.com/)"
65.108.0.71 - - [13/Nov/2023:09:25:39 +0100] "GET /-p-34431.html HTTP/1.0" 200 77383 "-" "Mozilla/5.0 (compatible; MJ12bot/v1.4.8; http://mj12bot.com/)"
47.76.57.30 - - [13/Nov/2023:09:25:41 +0100] "GET /images/mini_prod/8003990589939.jpg HTTP/1.0" 200 269 "-" "Mozilla/5.0 (X11; Ubuntu; Linux x86_64; rv:72.0) Gecko/20100101 Firefox/72.0"
65.108.0.71 - - [13/Nov/2023:09:25:43 +0100] "GET /-p-34920.html HTTP/1.0" 200 77383 "-" "Mozilla/5.0 (compatible; MJ12bot/v1.4.8; http://mj12bot.com/)"
3.224.220.101 - - [13/Nov/2023:09:25:43 +0100] "GET /resin-stone-boxes-storage-c-13_150_84.html HTTP/1.0" 200 89864 "-" "Mozilla/5.0 (Macintosh; Intel Mac OS X 10_10_1) AppleWebKit/600.2.5 (KHTML, like Gecko) Version/8.0.2 Safari/600.2.5 (Amazonbot/0.1; +https://developer.amazon.com/support/amazonbot)"
3.224.220.101 - - [13/Nov/2023:09:25:44 +0100] "GET /esotericism-lithotherapy-c-174.html HTTP/1.0" 200 96989 "-" "Mozilla/5.0 (Macintosh; Intel Mac OS X 10_10_1) AppleWebKit/600.2.5 (KHTML, like Gecko) Version/8.0.2 Safari/600.2.5 (Amazonbot/0.1; +https://developer.amazon.com/support/amazonbot)"
65.108.0.71 - - [13/Nov/2023:09:25:45 +0100] "GET /-p-34926.html HTTP/1.0" 200 77383 "-" "Mozilla/5.0 (compatible; MJ12bot/v1.4.8; http://mj12bot.com/)"
52.70.240.171 - - [13/Nov/2023:09:25:47 +0100] "GET /-c-95_310.html HTTP/1.0" 200 76251 "-" "Mozilla/5.0 (Macintosh; Intel Mac OS X 10_10_1) AppleWebKit/600.2.5 (KHTML, like Gecko) Version/8.0.2 Safari/600.2.5 (Amazonbot/0.1; +https://developer.amazon.com/support/amazonbot)"
65.108.0.71 - - [13/Nov/2023:09:25:48 +0100] "GET /-p-34997.html HTTP/1.0" 200 77383 "-" "Mozilla/5.0 (compatible; MJ12bot/v1.4.8; http://mj12bot.com/)"
85.208.96.197 - - [13/Nov/2023:09:25:50 +0100] "GET /hello-kitty-mirror-p-20733.html HTTP/1.0" 200 79785 "-" "Mozilla/5.0 (compatible; SemrushBot/7~bl; +http://www.semrush.com/bot.html)"
65.108.0.71 - - [13/Nov/2023:09:25:51 +0100] "GET /-p-35008.html HTTP/1.0" 200 77383 "-" "Mozilla/5.0 (compatible; MJ12bot/v1.4.8; http://mj12bot.com/)"
23.22.35.162 - - [13/Nov/2023:09:25:52 +0100] "GET /napkins-c-11_285.html HTTP/1.0" 200 88439 "-" "Mozilla/5.0 (Macintosh; Intel Mac OS X 10_10_1) AppleWebKit/600.2.5 (KHTML, like Gecko) Version/8.0.2 Safari/600.2.5 (Amazonbot/0.1; +https://developer.amazon.com/support/amazonbot)"
23.22.35.162 - - [13/Nov/2023:09:25:53 +0100] "GET /shirts-sweatshirts-c-53_54.html HTTP/1.0" 200 99440 "-" "Mozilla/5.0 (Macintosh; Intel Mac OS X 10_10_1) AppleWebKit/600.2.5 (KHTML, like Gecko) Version/8.0.2 Safari/600.2.5 (Amazonbot/0.1; +https://developer.amazon.com/support/amazonbot)"
65.108.0.71 - - [13/Nov/2023:09:25:54 +0100] "GET /-p-35094.html HTTP/1.0" 200 77383 "-" "Mozilla/5.0 (compatible; MJ12bot/v1.4.8; http://mj12bot.com/)"
85.208.96.207 - - [13/Nov/2023:09:25:54 +0100] "GET /johnny-hallyday-zippo-lighter-p-49856.html HTTP/1.0" 200 80872 "-" "Mozilla/5.0 (compatible; SemrushBot/7~bl; +http://www.semrush.com/bot.html)"
23.22.35.162 - - [13/Nov/2023:09:25:55 +0100] "GET /court-sleeves-shirts-c-2_39.html HTTP/1.0" 200 83598 "-" "Mozilla/5.0 (Macintosh; Intel Mac OS X 10_10_1) AppleWebKit/600.2.5 (KHTML, like Gecko) Version/8.0.2 Safari/600.2.5 (Amazonbot/0.1; +https://developer.amazon.com/support/amazonbot)"
65.108.0.71 - - [13/Nov/2023:09:25:57 +0100] "GET /-p-35141.html HTTP/1.0" 200 77383 "-" "Mozilla/5.0 (compatible; MJ12bot/v1.4.8; http://mj12bot.com/)"
65.108.0.71 - - [13/Nov/2023:09:25:59 +0100] "GET /-p-35194.html HTTP/1.0" 200 77383 "-" "Mozilla/5.0 (compatible; MJ12bot/v1.4.8; http://mj12bot.com/)"
23.22.35.162 - - [13/Nov/2023:09:26:01 +0100] "GET /mini-trays-c-12_159_260.html HTTP/1.0" 200 100331 "-" "Mozilla/5.0 (Macintosh; Intel Mac OS X 10_10_1) AppleWebKit/600.2.5 (KHTML, like Gecko) Version/8.0.2 Safari/600.2.5 (Amazonbot/0.1; +https://developer.amazon.com/support/amazonbot)"
3.224.220.101 - - [13/Nov/2023:09:26:02 +0100] "GET /outdoor-rugs-c-11_269_320.html HTTP/1.0" 200 87850 "-" "Mozilla/5.0 (Macintosh; Intel Mac OS X 10_10_1) AppleWebKit/600.2.5 (KHTML, like Gecko) Version/8.0.2 Safari/600.2.5 (Amazonbot/0.1; +https://developer.amazon.com/support/amazonbot)"
65.108.0.71 - - [13/Nov/2023:09:26:02 +0100] "GET /-p-35289.html HTTP/1.0" 200 77383 "-" "Mozilla/5.0 (compatible; MJ12bot/v1.4.8; http://mj12bot.com/)"
65.108.0.71 - - [13/Nov/2023:09:26:05 +0100] "GET /-p-35454.html HTTP/1.0" 200 77383 "-" "Mozilla/5.0 (compatible; MJ12bot/v1.4.8; http://mj12bot.com/)"
23.22.35.162 - - [13/Nov/2023:09:26:05 +0100] "GET /suitcase-lunch-lunch-c-12_64.html HTTP/1.0" 200 88528 "-" "Mozilla/5.0 (Macintosh; Intel Mac OS X 10_10_1) AppleWebKit/600.2.5 (KHTML, like Gecko) Version/8.0.2 Safari/600.2.5 (Amazonbot/0.1; +https://developer.amazon.com/support/amazonbot)"
23.22.35.162 - - [13/Nov/2023:09:26:07 +0100] "GET /towel-dispenser-c-12_225.html HTTP/1.0" 200 93463 "-" "Mozilla/5.0 (Macintosh; Intel Mac OS X 10_10_1) AppleWebKit/600.2.5 (KHTML, like Gecko) Version/8.0.2 Safari/600.2.5 (Amazonbot/0.1; +https://developer.amazon.com/support/amazonbot)"
65.108.0.71 - - [13/Nov/2023:09:26:08 +0100] "GET /-p-35504.html HTTP/1.0" 200 77383 "-" "Mozilla/5.0 (compatible; MJ12bot/v1.4.8; http://mj12bot.com/)"
3.224.220.101 - - [13/Nov/2023:09:26:09 +0100] "GET /jackets-coats-parkas-c-1_27.html HTTP/1.0" 200 90544 "-" "Mozilla/5.0 (Macintosh; Intel Mac OS X 10_10_1) AppleWebKit/600.2.5 (KHTML, like Gecko) Version/8.0.2 Safari/600.2.5 (Amazonbot/0.1; +https://developer.amazon.com/support/amazonbot)"
65.108.0.71 - - [13/Nov/2023:09:26:11 +0100] "GET /-p-35563.html HTTP/1.0" 200 77383 "-" "Mozilla/5.0 (compatible; MJ12bot/v1.4.8; http://mj12bot.com/)"
65.108.0.71 - - [13/Nov/2023:09:26:14 +0100] "GET /-p-36373.html HTTP/1.0" 200 77383 "-" "Mozilla/5.0 (compatible; MJ12bot/v1.4.8; http://mj12bot.com/)"
65.108.0.71 - - [13/Nov/2023:09:26:17 +0100] "GET /-p-36410.html HTTP/1.0" 200 77383 "-" "Mozilla/5.0 (compatible; MJ12bot/v1.4.8; http://mj12bot.com/)"
23.22.35.162 - - [13/Nov/2023:09:26:19 +0100] "GET /large-pink-glass-345ml-p-61143.html HTTP/1.0" 200 80558 "-" "Mozilla/5.0 (Macintosh; Intel Mac OS X 10_10_1) AppleWebKit/600.2.5 (KHTML, like Gecko) Version/8.0.2 Safari/600.2.5 (Amazonbot/0.1; +https://developer.amazon.com/support/amazonbot)"
65.108.0.71 - - [13/Nov/2023:09:26:20 +0100] "GET /-p-36433.html HTTP/1.0" 200 77383 "-" "Mozilla/5.0 (compatible; MJ12bot/v1.4.8; http://mj12bot.com/)"
23.22.35.162 - - [13/Nov/2023:09:26:21 +0100] "GET /mini-trays-c-12_159_260.html HTTP/1.0" 200 100331 "-" "Mozilla/5.0 (Macintosh; Intel Mac OS X 10_10_1) AppleWebKit/600.2.5 (KHTML, like Gecko) Version/8.0.2 Safari/600.2.5 (Amazonbot/0.1; +https://developer.amazon.com/support/amazonbot)"
65.108.0.71 - - [13/Nov/2023:09:26:22 +0100] "GET /-p-36438.html HTTP/1.0" 200 77383 "-" "Mozilla/5.0 (compatible; MJ12bot/v1.4.8; http://mj12bot.com/)"
65.108.0.71 - - [13/Nov/2023:09:26:25 +0100] "GET /-p-36589.html HTTP/1.0" 200 77383 "-" "Mozilla/5.0 (compatible; MJ12bot/v1.4.8; http://mj12bot.com/)"
51.68.224.127 - - [13/Nov/2023:09:26:28 +0100] "GET /adminweb/export_orders_xml.php?token=256de2z6edz6ed2z6DFSFsed2zed6zeDSFDSGdzedezfzf&maxorders=10&orderstart=1&status=14&start_date=2018-10-01 HTTP/1.0" 200 285 "-" "GesCom CharlotteBoutik Serveur"
51.68.224.127 - - [13/Nov/2023:09:26:28 +0100] "GET /adminweb/export_orders_xml.php?token=256de2z6edz6ed2z6DFSFsed2zed6zeDSFDSGdzedezfzf&maxorders=10&orderstart=1&status=6&start_date=2018-10-01 HTTP/1.0" 200 33939 "-" "GesCom CharlotteBoutik Serveur"
23.22.35.162 - - [13/Nov/2023:09:26:27 +0100] "GET /infuser-rest-c-12_247.html HTTP/1.0" 200 96954 "-" "Mozilla/5.0 (Macintosh; Intel Mac OS X 10_10_1) AppleWebKit/600.2.5 (KHTML, like Gecko) Version/8.0.2 Safari/600.2.5 (Amazonbot/0.1; +https://developer.amazon.com/support/amazonbot)"
65.108.0.71 - - [13/Nov/2023:09:26:28 +0100] "GET /-p-36686.html HTTP/1.0" 200 77383 "-" "Mozilla/5.0 (compatible; MJ12bot/v1.4.8; http://mj12bot.com/)"
65.108.0.71 - - [13/Nov/2023:09:26:31 +0100] "GET /-p-37056.html HTTP/1.0" 200 77383 "-" "Mozilla/5.0 (compatible; MJ12bot/v1.4.8; http://mj12bot.com/)"
23.22.35.162 - - [13/Nov/2023:09:26:31 +0100] "GET /outdoor-rugs-c-11_269_320.html HTTP/1.0" 200 87850 "-" "Mozilla/5.0 (Macintosh; Intel Mac OS X 10_10_1) AppleWebKit/600.2.5 (KHTML, like Gecko) Version/8.0.2 Safari/600.2.5 (Amazonbot/0.1; +https://developer.amazon.com/support/amazonbot)"
65.108.0.71 - - [13/Nov/2023:09:26:34 +0100] "GET /-p-37293.html HTTP/1.0" 200 77383 "-" "Mozilla/5.0 (compatible; MJ12bot/v1.4.8; http://mj12bot.com/)"
3.224.220.101 - - [13/Nov/2023:09:26:33 +0100] "GET /bathroom-accessories-c-13_172.html HTTP/1.0" 200 96937 "-" "Mozilla/5.0 (Macintosh; Intel Mac OS X 10_10_1) AppleWebKit/600.2.5 (KHTML, like Gecko) Version/8.0.2 Safari/600.2.5 (Amazonbot/0.1; +https://developer.amazon.com/support/amazonbot)"
3.224.220.101 - - [13/Nov/2023:09:26:35 +0100] "GET /bell-wall-bell-c-13_270.html HTTP/1.0" 200 96127 "-" "Mozilla/5.0 (Macintosh; Intel Mac OS X 10_10_1) AppleWebKit/600.2.5 (KHTML, like Gecko) Version/8.0.2 Safari/600.2.5 (Amazonbot/0.1; +https://developer.amazon.com/support/amazonbot)"
54.36.149.52 - - [13/Nov/2023:09:26:36 +0100] "GET /novena-candle-saint-francis-assisi-p-59394.html HTTP/1.0" 200 80732 "-" "Mozilla/5.0 (compatible; AhrefsBot/7.0; +http://ahrefs.com/robot/)"
65.108.0.71 - - [13/Nov/2023:09:26:37 +0100] "GET /-p-37323.html HTTP/1.0" 200 77383 "-" "Mozilla/5.0 (compatible; MJ12bot/v1.4.8; http://mj12bot.com/)"
54.36.149.5 - - [13/Nov/2023:09:26:38 +0100] "GET /images/big_prod/3700344880074B.jpg HTTP/1.0" 200 269 "-" "Mozilla/5.0 (compatible; AhrefsBot/7.0; +http://ahrefs.com/robot/)"
3.224.220.101 - - [13/Nov/2023:09:26:38 +0100] "GET /cellar-slicer-sausage-c-12_252.html HTTP/1.0" 200 85595 "-" "Mozilla/5.0 (Macintosh; Intel Mac OS X 10_10_1) AppleWebKit/600.2.5 (KHTML, like Gecko) Version/8.0.2 Safari/600.2.5 (Amazonbot/0.1; +https://developer.amazon.com/support/amazonbot)"
65.108.0.71 - - [13/Nov/2023:09:26:39 +0100] "GET /-p-37324.html HTTP/1.0" 200 77383 "-" "Mozilla/5.0 (compatible; MJ12bot/v1.4.8; http://mj12bot.com/)"
3.224.220.101 - - [13/Nov/2023:09:26:41 +0100] "GET /snack-cooler-c-31_235.html HTTP/1.0" 200 97808 "-" "Mozilla/5.0 (Macintosh; Intel Mac OS X 10_10_1) AppleWebKit/600.2.5 (KHTML, like Gecko) Version/8.0.2 Safari/600.2.5 (Amazonbot/0.1; +https://developer.amazon.com/support/amazonbot)"
65.108.0.71 - - [13/Nov/2023:09:26:42 +0100] "GET /-p-37325.html HTTP/1.0" 200 77383 "-" "Mozilla/5.0 (compatible; MJ12bot/v1.4.8; http://mj12bot.com/)"
65.108.0.71 - - [13/Nov/2023:09:26:45 +0100] "GET /-p-37326.html HTTP/1.0" 200 77383 "-" "Mozilla/5.0 (compatible; MJ12bot/v1.4.8; http://mj12bot.com/)"
65.108.0.71 - - [13/Nov/2023:09:26:48 +0100] "GET /-p-37327.html HTTP/1.0" 200 77383 "-" "Mozilla/5.0 (compatible; MJ12bot/v1.4.8; http://mj12bot.com/)"
65.108.0.71 - - [13/Nov/2023:09:26:51 +0100] "GET /-p-37328.html HTTP/1.0" 200 77383 "-" "Mozilla/5.0 (compatible; MJ12bot/v1.4.8; http://mj12bot.com/)"
185.191.171.16 - - [13/Nov/2023:09:26:51 +0100] "GET /-p-17524.html HTTP/1.0" 200 77383 "-" "Mozilla/5.0 (compatible; SemrushBot/7~bl; +http://www.semrush.com/bot.html)"
52.70.240.171 - - [13/Nov/2023:09:26:51 +0100] "GET /chimes-suspensions-c-13_241.html HTTP/1.0" 200 97643 "-" "Mozilla/5.0 (Macintosh; Intel Mac OS X 10_10_1) AppleWebKit/600.2.5 (KHTML, like Gecko) Version/8.0.2 Safari/600.2.5 (Amazonbot/0.1; +https://developer.amazon.com/support/amazonbot)"
