47.128.27.222 - - [13/Nov/2023:10:16:18 +0100] "GET /-p-25126.html HTTP/1.0" 200 77383 "-" "Mozilla/5.0 (Linux; Android 5.0) AppleWebKit/537.36 (KHTML, like Gecko) Mobile Safari/537.36 (compatible; Bytespider; spider-feedback@bytedance.com)"
149.202.86.86 - - [13/Nov/2023:10:16:18 +0100] "GET /led-lamp-spirit-70-green-p-41938.html HTTP/1.0" 301 77450 "-" "Mozilla/5.0 (compatible; MJ12bot/v1.4.8; http://mj12bot.com/)"
47.128.27.222 - - [13/Nov/2023:10:16:20 +0100] "GET /swfobject.js HTTP/1.0" 404 1308 "http://www.wonder-geek.com/-p-25126.html" "Mozilla/5.0 (Linux; Android 5.0) AppleWebKit/537.36 (KHTML, like Gecko) Mobile Safari/537.36 (compatible; Bytespider; spider-feedback@bytedance.com)"
149.202.86.86 - - [13/Nov/2023:10:16:21 +0100] "GET /-p-41938.html HTTP/1.0" 200 77383 "-" "Mozilla/5.0 (compatible; MJ12bot/v1.4.8; http://mj12bot.com/)"
47.128.27.222 - - [13/Nov/2023:10:16:23 +0100] "GET /highslide/graphics/zoomout.cur HTTP/1.0" 200 614 "http://www.wonder-geek.com/-p-25126.html" "Mozilla/5.0 (Linux; Android 5.0) AppleWebKit/537.36 (KHTML, like Gecko) Mobile Safari/537.36 (compatible; Bytespider; spider-feedback@bytedance.com)"
47.128.27.222 - - [13/Nov/2023:10:16:23 +0100] "GET /highslide/graphics/outlines/drop-shadow.png HTTP/1.0" 200 277 "http://www.wonder-geek.com/-p-25126.html" "Mozilla/5.0 (Linux; Android 5.0) AppleWebKit/537.36 (KHTML, like Gecko) Mobile Safari/537.36 (compatible; Bytespider; spider-feedback@bytedance.com)"
149.202.86.86 - - [13/Nov/2023:10:16:25 +0100] "GET /led-lamp-spirit-70-orange-p-41937.html HTTP/1.0" 301 77450 "-" "Mozilla/5.0 (compatible; MJ12bot/v1.4.8; http://mj12bot.com/)"
149.202.86.86 - - [13/Nov/2023:10:16:28 +0100] "GET /-p-41937.html HTTP/1.0" 200 77383 "-" "Mozilla/5.0 (compatible; MJ12bot/v1.4.8; http://mj12bot.com/)"
157.55.39.49 - - [13/Nov/2023:10:16:28 +0100] "GET /tea-pot-c-12_175.html?page=3 HTTP/1.0" 200 99553 "-" "Mozilla/5.0 AppleWebKit/537.36 (KHTML, like Gecko; compatible; bingbot/2.0; +http://www.bing.com/bingbot.htm) Chrome/103.0.5060.134 Safari/537.36"
149.202.86.86 - - [13/Nov/2023:10:16:32 +0100] "GET /led-skull-lamp-p-48765.html HTTP/1.0" 301 77450 "-" "Mozilla/5.0 (compatible; MJ12bot/v1.4.8; http://mj12bot.com/)"
149.202.86.86 - - [13/Nov/2023:10:16:35 +0100] "GET /-p-48765.html HTTP/1.0" 200 77383 "-" "Mozilla/5.0 (compatible; MJ12bot/v1.4.8; http://mj12bot.com/)"
149.202.86.86 - - [13/Nov/2023:10:16:38 +0100] "GET /led-unicorn-nightlight-p-53119.html HTTP/1.0" 301 81004 "-" "Mozilla/5.0 (compatible; MJ12bot/v1.4.8; http://mj12bot.com/)"
149.202.86.86 - - [13/Nov/2023:10:16:42 +0100] "GET /unicorn-nightlight-p-53119.html HTTP/1.0" 200 80919 "-" "Mozilla/5.0 (compatible; MJ12bot/v1.4.8; http://mj12bot.com/)"
47.128.34.171 - - [13/Nov/2023:10:16:43 +0100] "GET /usa-ricain-semi-sheer-voile-grommet-panel-p-27497.html HTTP/1.0" 301 77450 "-" "Mozilla/5.0 (Linux; Android 5.0) AppleWebKit/537.36 (KHTML, like Gecko) Mobile Safari/537.36 (compatible; Bytespider; spider-feedback@bytedance.com)"
47.128.34.171 - - [13/Nov/2023:10:16:45 +0100] "GET /-p-27497.html HTTP/1.0" 200 77383 "-" "Mozilla/5.0 (Linux; Android 5.0) AppleWebKit/537.36 (KHTML, like Gecko) Mobile Safari/537.36 (compatible; Bytespider; spider-feedback@bytedance.com)"
47.128.34.171 - - [13/Nov/2023:10:16:47 +0100] "GET /swfobject.js HTTP/1.0" 404 1308 "http://www.wonder-geek.com/-p-27497.html" "Mozilla/5.0 (Linux; Android 5.0) AppleWebKit/537.36 (KHTML, like Gecko) Mobile Safari/537.36 (compatible; Bytespider; spider-feedback@bytedance.com)"
149.202.86.86 - - [13/Nov/2023:10:16:46 +0100] "GET /les-vilaines-filles-beach-towel-170-90-cm-p-51712.html HTTP/1.0" 301 77607 "-" "Mozilla/5.0 (compatible; MJ12bot/v1.4.8; http://mj12bot.com/)"
149.202.86.86 - - [13/Nov/2023:10:16:49 +0100] "GET /vilaines-filles-beach-towel-p-51712.html HTTP/1.0" 200 77513 "-" "Mozilla/5.0 (compatible; MJ12bot/v1.4.8; http://mj12bot.com/)"
149.202.86.86 - - [13/Nov/2023:10:16:52 +0100] "GET /lighter-p-43718.html HTTP/1.0" 301 77450 "-" "Mozilla/5.0 (compatible; MJ12bot/v1.4.8; http://mj12bot.com/)"
47.128.34.171 - - [13/Nov/2023:10:16:54 +0100] "GET /highslide/graphics/zoomout.cur HTTP/1.0" 200 614 "http://www.wonder-geek.com/-p-27497.html" "Mozilla/5.0 (Linux; Android 5.0) AppleWebKit/537.36 (KHTML, like Gecko) Mobile Safari/537.36 (compatible; Bytespider; spider-feedback@bytedance.com)"
47.128.34.171 - - [13/Nov/2023:10:16:54 +0100] "GET /highslide/graphics/outlines/drop-shadow.png HTTP/1.0" 200 277 "http://www.wonder-geek.com/-p-27497.html" "Mozilla/5.0 (Linux; Android 5.0) AppleWebKit/537.36 (KHTML, like Gecko) Mobile Safari/537.36 (compatible; Bytespider; spider-feedback@bytedance.com)"
85.208.96.206 - - [13/Nov/2023:10:17:04 +0100] "GET /boho-canvas-frame-dream-p-47305.html HTTP/1.0" 200 77475 "-" "Mozilla/5.0 (compatible; SemrushBot/7~bl; +http://www.semrush.com/bot.html)"
54.36.148.125 - - [13/Nov/2023:10:17:08 +0100] "GET /athena-porcelain-bowl-p-61327.html HTTP/1.0" 200 78982 "-" "Mozilla/5.0 (compatible; AhrefsBot/7.0; +http://ahrefs.com/robot/)"
47.128.35.193 - - [13/Nov/2023:10:17:12 +0100] "GET /wooden-locker-large-model-53-cm-p-49693.html HTTP/1.0" 301 77450 "-" "Mozilla/5.0 (Linux; Android 5.0) AppleWebKit/537.36 (KHTML, like Gecko) Mobile Safari/537.36 (compatible; Bytespider; spider-feedback@bytedance.com)"
47.128.35.193 - - [13/Nov/2023:10:17:14 +0100] "GET /-p-49693.html HTTP/1.0" 200 77383 "-" "Mozilla/5.0 (Linux; Android 5.0) AppleWebKit/537.36 (KHTML, like Gecko) Mobile Safari/537.36 (compatible; Bytespider; spider-feedback@bytedance.com)"
47.128.35.193 - - [13/Nov/2023:10:17:16 +0100] "GET /swfobject.js HTTP/1.0" 404 1308 "http://www.wonder-geek.com/-p-49693.html" "Mozilla/5.0 (Linux; Android 5.0) AppleWebKit/537.36 (KHTML, like Gecko) Mobile Safari/537.36 (compatible; Bytespider; spider-feedback@bytedance.com)"
47.128.35.193 - - [13/Nov/2023:10:17:19 +0100] "GET /highslide/graphics/outlines/drop-shadow.png HTTP/1.0" 200 277 "http://www.wonder-geek.com/-p-49693.html" "Mozilla/5.0 (Linux; Android 5.0) AppleWebKit/537.36 (KHTML, like Gecko) Mobile Safari/537.36 (compatible; Bytespider; spider-feedback@bytedance.com)"
47.128.35.193 - - [13/Nov/2023:10:17:19 +0100] "GET /highslide/graphics/zoomout.cur HTTP/1.0" 200 614 "http://www.wonder-geek.com/-p-49693.html" "Mozilla/5.0 (Linux; Android 5.0) AppleWebKit/537.36 (KHTML, like Gecko) Mobile Safari/537.36 (compatible; Bytespider; spider-feedback@bytedance.com)"
47.128.20.230 - - [13/Nov/2023:10:17:40 +0100] "GET /orgonite-pendulum-black-tourmaline-facet-cut-pointed-tip-p-45155.html HTTP/1.0" 301 77696 "-" "Mozilla/5.0 (Linux; Android 5.0) AppleWebKit/537.36 (KHTML, like Gecko) Mobile Safari/537.36 (compatible; Bytespider; spider-feedback@bytedance.com)"
47.128.20.230 - - [13/Nov/2023:10:17:42 +0100] "GET /orgonite-pendulum-black-tourmaline-facet-pointed-p-45155.html HTTP/1.0" 200 77581 "-" "Mozilla/5.0 (Linux; Android 5.0) AppleWebKit/537.36 (KHTML, like Gecko) Mobile Safari/537.36 (compatible; Bytespider; spider-feedback@bytedance.com)"
47.128.20.230 - - [13/Nov/2023:10:17:44 +0100] "GET /swfobject.js HTTP/1.0" 404 1308 "http://www.wonder-geek.com/orgonite-pendulum-black-tourmaline-facet-pointed-p-45155.html" "Mozilla/5.0 (Linux; Android 5.0) AppleWebKit/537.36 (KHTML, like Gecko) Mobile Safari/537.36 (compatible; Bytespider; spider-feedback@bytedance.com)"
47.128.20.230 - - [13/Nov/2023:10:17:48 +0100] "GET /highslide/graphics/zoomout.cur HTTP/1.0" 200 614 "http://www.wonder-geek.com/orgonite-pendulum-black-tourmaline-facet-pointed-p-45155.html" "Mozilla/5.0 (Linux; Android 5.0) AppleWebKit/537.36 (KHTML, like Gecko) Mobile Safari/537.36 (compatible; Bytespider; spider-feedback@bytedance.com)"
47.128.20.230 - - [13/Nov/2023:10:17:48 +0100] "GET /highslide/graphics/outlines/drop-shadow.png HTTP/1.0" 200 277 "http://www.wonder-geek.com/orgonite-pendulum-black-tourmaline-facet-pointed-p-45155.html" "Mozilla/5.0 (Linux; Android 5.0) AppleWebKit/537.36 (KHTML, like Gecko) Mobile Safari/537.36 (compatible; Bytespider; spider-feedback@bytedance.com)"
85.208.96.204 - - [13/Nov/2023:10:17:59 +0100] "GET /-p-52095.html HTTP/1.0" 200 77383 "-" "Mozilla/5.0 (compatible; SemrushBot/7~bl; +http://www.semrush.com/bot.html)"
47.128.20.134 - - [13/Nov/2023:10:18:09 +0100] "GET /maldives-bedclothes-p-59767.html HTTP/1.0" 200 77475 "-" "Mozilla/5.0 (Linux; Android 5.0) AppleWebKit/537.36 (KHTML, like Gecko) Mobile Safari/537.36 (compatible; Bytespider; spider-feedback@bytedance.com)"
47.128.20.134 - - [13/Nov/2023:10:18:11 +0100] "GET /swfobject.js HTTP/1.0" 404 1308 "http://www.wonder-geek.com/maldives-bedclothes-p-59767.html" "Mozilla/5.0 (Linux; Android 5.0) AppleWebKit/537.36 (KHTML, like Gecko) Mobile Safari/537.36 (compatible; Bytespider; spider-feedback@bytedance.com)"
47.128.20.134 - - [13/Nov/2023:10:18:13 +0100] "GET /highslide/graphics/outlines/drop-shadow.png HTTP/1.0" 200 277 "http://www.wonder-geek.com/maldives-bedclothes-p-59767.html" "Mozilla/5.0 (Linux; Android 5.0) AppleWebKit/537.36 (KHTML, like Gecko) Mobile Safari/537.36 (compatible; Bytespider; spider-feedback@bytedance.com)"
47.128.20.134 - - [13/Nov/2023:10:18:13 +0100] "GET /highslide/graphics/zoomout.cur HTTP/1.0" 200 614 "http://www.wonder-geek.com/maldives-bedclothes-p-59767.html" "Mozilla/5.0 (Linux; Android 5.0) AppleWebKit/537.36 (KHTML, like Gecko) Mobile Safari/537.36 (compatible; Bytespider; spider-feedback@bytedance.com)"
47.128.28.52 - - [13/Nov/2023:10:18:49 +0100] "GET /toy-story-peel-and-stick-wall-decals-p-31053.html HTTP/1.0" 301 80062 "-" "Mozilla/5.0 (Linux; Android 5.0) AppleWebKit/537.36 (KHTML, like Gecko) Mobile Safari/537.36 (compatible; Bytespider; spider-feedback@bytedance.com)"
47.128.28.52 - - [13/Nov/2023:10:18:50 +0100] "GET /story-peel-stick-wall-decals-p-31053.html HTTP/1.0" 200 79967 "-" "Mozilla/5.0 (Linux; Android 5.0) AppleWebKit/537.36 (KHTML, like Gecko) Mobile Safari/537.36 (compatible; Bytespider; spider-feedback@bytedance.com)"
47.128.28.52 - - [13/Nov/2023:10:18:52 +0100] "GET /swfobject.js HTTP/1.0" 404 1308 "http://www.wonder-geek.com/story-peel-stick-wall-decals-p-31053.html" "Mozilla/5.0 (Linux; Android 5.0) AppleWebKit/537.36 (KHTML, like Gecko) Mobile Safari/537.36 (compatible; Bytespider; spider-feedback@bytedance.com)"
47.128.28.52 - - [13/Nov/2023:10:18:54 +0100] "GET /highslide/graphics/zoomin.cur HTTP/1.0" 200 614 "http://www.wonder-geek.com/templates/Pixame_v1/stylesheet.css" "Mozilla/5.0 (Linux; Android 5.0) AppleWebKit/537.36 (KHTML, like Gecko) Mobile Safari/537.36 (compatible; Bytespider; spider-feedback@bytedance.com)"
47.128.28.52 - - [13/Nov/2023:10:18:54 +0100] "GET /highslide/graphics/outlines/drop-shadow.png HTTP/1.0" 200 277 "http://www.wonder-geek.com/story-peel-stick-wall-decals-p-31053.html" "Mozilla/5.0 (Linux; Android 5.0) AppleWebKit/537.36 (KHTML, like Gecko) Mobile Safari/537.36 (compatible; Bytespider; spider-feedback@bytedance.com)"
47.128.28.52 - - [13/Nov/2023:10:18:54 +0100] "GET /highslide/graphics/zoomout.cur HTTP/1.0" 200 614 "http://www.wonder-geek.com/story-peel-stick-wall-decals-p-31053.html" "Mozilla/5.0 (Linux; Android 5.0) AppleWebKit/537.36 (KHTML, like Gecko) Mobile Safari/537.36 (compatible; Bytespider; spider-feedback@bytedance.com)"
47.128.28.52 - - [13/Nov/2023:10:18:55 +0100] "GET /images/med_prod/5410905413556.jpg HTTP/1.0" 200 268 "http://www.wonder-geek.com/story-peel-stick-wall-decals-p-31053.html" "Mozilla/5.0 (Linux; Android 5.0) AppleWebKit/537.36 (KHTML, like Gecko) Mobile Safari/537.36 (compatible; Bytespider; spider-feedback@bytedance.com)"
185.191.171.4 - - [13/Nov/2023:10:18:58 +0100] "GET /wunzees-doll-series-flora-p-45117.html HTTP/1.0" 200 77483 "-" "Mozilla/5.0 (compatible; SemrushBot/7~bl; +http://www.semrush.com/bot.html)"
54.36.148.159 - - [13/Nov/2023:10:18:59 +0100] "GET /arcane-bedding-p-61204.html HTTP/1.0" 200 80835 "-" "Mozilla/5.0 (compatible; AhrefsBot/7.0; +http://ahrefs.com/robot/)"
47.128.20.208 - - [13/Nov/2023:10:19:03 +0100] "GET /pimprenelle-bedclothes-p-54672.html HTTP/1.0" 200 77463 "-" "Mozilla/5.0 (Linux; Android 5.0) AppleWebKit/537.36 (KHTML, like Gecko) Mobile Safari/537.36 (compatible; Bytespider; spider-feedback@bytedance.com)"
47.128.20.208 - - [13/Nov/2023:10:19:05 +0100] "GET /swfobject.js HTTP/1.0" 404 1308 "http://www.wonder-geek.com/pimprenelle-bedclothes-p-54672.html" "Mozilla/5.0 (Linux; Android 5.0) AppleWebKit/537.36 (KHTML, like Gecko) Mobile Safari/537.36 (compatible; Bytespider; spider-feedback@bytedance.com)"
47.128.20.208 - - [13/Nov/2023:10:19:09 +0100] "GET /highslide/graphics/outlines/drop-shadow.png HTTP/1.0" 200 277 "http://www.wonder-geek.com/pimprenelle-bedclothes-p-54672.html" "Mozilla/5.0 (Linux; Android 5.0) AppleWebKit/537.36 (KHTML, like Gecko) Mobile Safari/537.36 (compatible; Bytespider; spider-feedback@bytedance.com)"
47.128.20.208 - - [13/Nov/2023:10:19:09 +0100] "GET /highslide/graphics/zoomout.cur HTTP/1.0" 200 614 "http://www.wonder-geek.com/pimprenelle-bedclothes-p-54672.html" "Mozilla/5.0 (Linux; Android 5.0) AppleWebKit/537.36 (KHTML, like Gecko) Mobile Safari/537.36 (compatible; Bytespider; spider-feedback@bytedance.com)"
185.191.171.4 - - [13/Nov/2023:10:19:32 +0100] "GET /blue-paris-germain-soccer-jersey-keyring-p-52037.html HTTP/1.0" 200 77529 "-" "Mozilla/5.0 (compatible; SemrushBot/7~bl; +http://www.semrush.com/bot.html)"
47.128.53.185 - - [13/Nov/2023:10:19:32 +0100] "GET /adults/women-c-53_55.html?page=6 HTTP/1.0" 301 95498 "-" "Mozilla/5.0 (Linux; Android 5.0) AppleWebKit/537.36 (KHTML, like Gecko) Mobile Safari/537.36 (compatible; Bytespider; spider-feedback@bytedance.com)"
47.128.53.185 - - [13/Nov/2023:10:19:34 +0100] "GET /shirts-sweatshirts-women-c-55.html?page=6 HTTP/1.0" 301 95397 "-" "Mozilla/5.0 (Linux; Android 5.0) AppleWebKit/537.36 (KHTML, like Gecko) Mobile Safari/537.36 (compatible; Bytespider; spider-feedback@bytedance.com)"
47.128.53.185 - - [13/Nov/2023:10:19:35 +0100] "GET /shirts-sweatshirts-women-c-53_55.html?page=6 HTTP/1.0" 200 95403 "-" "Mozilla/5.0 (Linux; Android 5.0) AppleWebKit/537.36 (KHTML, like Gecko) Mobile Safari/537.36 (compatible; Bytespider; spider-feedback@bytedance.com)"
47.128.53.185 - - [13/Nov/2023:10:19:37 +0100] "GET /swfobject.js HTTP/1.0" 404 1308 "http://www.wonder-geek.com/shirts-sweatshirts-women-c-53_55.html?page=6" "Mozilla/5.0 (Linux; Android 5.0) AppleWebKit/537.36 (KHTML, like Gecko) Mobile Safari/537.36 (compatible; Bytespider; spider-feedback@bytedance.com)"
85.208.96.203 - - [13/Nov/2023:10:19:39 +0100] "GET /-p-30187.html HTTP/1.0" 200 77383 "-" "Mozilla/5.0 (compatible; SemrushBot/7~bl; +http://www.semrush.com/bot.html)"
47.128.53.185 - - [13/Nov/2023:10:19:44 +0100] "GET /js/jquery.min.js HTTP/1.0" 404 1308 "http://www.wonder-geek.com/shirts-sweatshirts-women-c-53_55.html?page=6" "Mozilla/5.0 (Linux; Android 5.0) AppleWebKit/537.36 (KHTML, like Gecko) Mobile Safari/537.36 (compatible; Bytespider; spider-feedback@bytedance.com)"
47.128.53.185 - - [13/Nov/2023:10:19:44 +0100] "GET /highslide/graphics/outlines/drop-shadow.png HTTP/1.0" 200 277 "http://www.wonder-geek.com/shirts-sweatshirts-women-c-53_55.html?page=6" "Mozilla/5.0 (Linux; Android 5.0) AppleWebKit/537.36 (KHTML, like Gecko) Mobile Safari/537.36 (compatible; Bytespider; spider-feedback@bytedance.com)"
47.128.53.185 - - [13/Nov/2023:10:19:44 +0100] "GET /highslide/graphics/zoomout.cur HTTP/1.0" 200 614 "http://www.wonder-geek.com/shirts-sweatshirts-women-c-53_55.html?page=6" "Mozilla/5.0 (Linux; Android 5.0) AppleWebKit/537.36 (KHTML, like Gecko) Mobile Safari/537.36 (compatible; Bytespider; spider-feedback@bytedance.com)"
149.202.86.86 - - [13/Nov/2023:10:19:57 +0100] "GET /lighter-p-43718.html HTTP/1.0" 301 77450 "-" "Mozilla/5.0 (compatible; MJ12bot/v1.4.8; http://mj12bot.com/)"
8.218.254.250 - - [13/Nov/2023:10:19:59 +0100] "GET /images/mini_prod/5415203427489.jpg HTTP/1.0" 200 269 "-" "Mozilla/5.0 (X11; Ubuntu; Linux x86_64; rv:72.0) Gecko/20100101 Firefox/72.0"
47.128.53.183 - - [13/Nov/2023:10:19:59 +0100] "GET /candle-the-virgin-and-child-p-48670.html HTTP/1.0" 301 80033 "-" "Mozilla/5.0 (Linux; Android 5.0) AppleWebKit/537.36 (KHTML, like Gecko) Mobile Safari/537.36 (compatible; Bytespider; spider-feedback@bytedance.com)"
149.202.86.86 - - [13/Nov/2023:10:20:00 +0100] "GET /-p-43718.html HTTP/1.0" 200 77383 "-" "Mozilla/5.0 (compatible; MJ12bot/v1.4.8; http://mj12bot.com/)"
47.128.53.183 - - [13/Nov/2023:10:20:03 +0100] "GET /swfobject.js HTTP/1.0" 404 1308 "http://www.wonder-geek.com/candle-virgin-child-p-48670.html" "Mozilla/5.0 (Linux; Android 5.0) AppleWebKit/537.36 (KHTML, like Gecko) Mobile Safari/537.36 (compatible; Bytespider; spider-feedback@bytedance.com)"
47.128.53.183 - - [13/Nov/2023:10:20:01 +0100] "GET /candle-virgin-child-p-48670.html HTTP/1.0" 200 79947 "-" "Mozilla/5.0 (Linux; Android 5.0) AppleWebKit/537.36 (KHTML, like Gecko) Mobile Safari/537.36 (compatible; Bytespider; spider-feedback@bytedance.com)"
149.202.86.86 - - [13/Nov/2023:10:20:03 +0100] "GET /limited-edition-gorjuss-shoulder-bag-ruby-p-35141.html HTTP/1.0" 301 77450 "-" "Mozilla/5.0 (compatible; MJ12bot/v1.4.8; http://mj12bot.com/)"
47.128.53.183 - - [13/Nov/2023:10:20:07 +0100] "GET /highslide/graphics/zoomin.cur HTTP/1.0" 200 614 "http://www.wonder-geek.com/templates/Pixame_v1/stylesheet.css" "Mozilla/5.0 (Linux; Android 5.0) AppleWebKit/537.36 (KHTML, like Gecko) Mobile Safari/537.36 (compatible; Bytespider; spider-feedback@bytedance.com)"
47.128.53.183 - - [13/Nov/2023:10:20:07 +0100] "GET /highslide/graphics/outlines/drop-shadow.png HTTP/1.0" 200 277 "http://www.wonder-geek.com/candle-virgin-child-p-48670.html" "Mozilla/5.0 (Linux; Android 5.0) AppleWebKit/537.36 (KHTML, like Gecko) Mobile Safari/537.36 (compatible; Bytespider; spider-feedback@bytedance.com)"
47.128.53.183 - - [13/Nov/2023:10:20:07 +0100] "GET /highslide/graphics/zoomout.cur HTTP/1.0" 200 614 "http://www.wonder-geek.com/candle-virgin-child-p-48670.html" "Mozilla/5.0 (Linux; Android 5.0) AppleWebKit/537.36 (KHTML, like Gecko) Mobile Safari/537.36 (compatible; Bytespider; spider-feedback@bytedance.com)"
47.128.53.183 - - [13/Nov/2023:10:20:07 +0100] "GET /images/big_prod/8410081114077.jpg HTTP/1.0" 200 268 "http://www.wonder-geek.com/candle-virgin-child-p-48670.html" "Mozilla/5.0 (Linux; Android 5.0) AppleWebKit/537.36 (KHTML, like Gecko) Mobile Safari/537.36 (compatible; Bytespider; spider-feedback@bytedance.com)"
85.208.96.198 - - [13/Nov/2023:10:20:05 +0100] "GET /dishes-c-12.html?page=111 HTTP/1.0" 200 99178 "-" "Mozilla/5.0 (compatible; SemrushBot/7~bl; +http://www.semrush.com/bot.html)"
149.202.86.86 - - [13/Nov/2023:10:20:08 +0100] "GET /-p-35141.html HTTP/1.0" 200 77383 "-" "Mozilla/5.0 (compatible; MJ12bot/v1.4.8; http://mj12bot.com/)"
149.202.86.86 - - [13/Nov/2023:10:20:10 +0100] "GET /limited-edition-gorjuss-shoulder-ruby-p-35141.html HTTP/1.0" 301 77450 "-" "Mozilla/5.0 (compatible; MJ12bot/v1.4.8; http://mj12bot.com/)"
149.202.86.86 - - [13/Nov/2023:10:20:13 +0100] "GET /-p-35141.html HTTP/1.0" 200 77383 "-" "Mozilla/5.0 (compatible; MJ12bot/v1.4.8; http://mj12bot.com/)"
149.202.86.86 - - [13/Nov/2023:10:20:16 +0100] "GET /lin-color-polyester-round-chair-cushion-p-43896.html HTTP/1.0" 301 80604 "-" "Mozilla/5.0 (compatible; MJ12bot/v1.4.8; http://mj12bot.com/)"
149.202.86.86 - - [13/Nov/2023:10:20:19 +0100] "GET /color-polyester-round-chair-cushion-p-43896.html HTTP/1.0" 200 80502 "-" "Mozilla/5.0 (compatible; MJ12bot/v1.4.8; http://mj12bot.com/)"
149.202.86.86 - - [13/Nov/2023:10:20:22 +0100] "GET /little-buddha-resin-gold-statue-145-cm-not-hear-p-38075.html HTTP/1.0" 301 77666 "-" "Mozilla/5.0 (compatible; MJ12bot/v1.4.8; http://mj12bot.com/)"
149.202.86.86 - - [13/Nov/2023:10:20:25 +0100] "GET /little-buddha-resin-gold-statue-hear-p-38075.html HTTP/1.0" 200 77563 "-" "Mozilla/5.0 (compatible; MJ12bot/v1.4.8; http://mj12bot.com/)"
149.202.86.86 - - [13/Nov/2023:10:20:28 +0100] "GET /little-buddha-resin-gold-statue-hear-p-38075.html HTTP/1.0" 200 77563 "-" "Mozilla/5.0 (compatible; MJ12bot/v1.4.8; http://mj12bot.com/)"
47.128.54.128 - - [13/Nov/2023:10:20:28 +0100] "GET /decorative-cotton-heart-hang-blue-p-55796.html HTTP/1.0" 200 77527 "-" "Mozilla/5.0 (Linux; Android 5.0) AppleWebKit/537.36 (KHTML, like Gecko) Mobile Safari/537.36 (compatible; Bytespider; spider-feedback@bytedance.com)"
47.128.54.128 - - [13/Nov/2023:10:20:30 +0100] "GET /swfobject.js HTTP/1.0" 404 1308 "http://www.wonder-geek.com/decorative-cotton-heart-hang-blue-p-55796.html" "Mozilla/5.0 (Linux; Android 5.0) AppleWebKit/537.36 (KHTML, like Gecko) Mobile Safari/537.36 (compatible; Bytespider; spider-feedback@bytedance.com)"
47.128.54.128 - - [13/Nov/2023:10:20:31 +0100] "GET /highslide/graphics/outlines/drop-shadow.png HTTP/1.0" 200 277 "http://www.wonder-geek.com/decorative-cotton-heart-hang-blue-p-55796.html" "Mozilla/5.0 (Linux; Android 5.0) AppleWebKit/537.36 (KHTML, like Gecko) Mobile Safari/537.36 (compatible; Bytespider; spider-feedback@bytedance.com)"
47.128.54.128 - - [13/Nov/2023:10:20:31 +0100] "GET /highslide/graphics/zoomout.cur HTTP/1.0" 200 614 "http://www.wonder-geek.com/decorative-cotton-heart-hang-blue-p-55796.html" "Mozilla/5.0 (Linux; Android 5.0) AppleWebKit/537.36 (KHTML, like Gecko) Mobile Safari/537.36 (compatible; Bytespider; spider-feedback@bytedance.com)"
149.202.86.86 - - [13/Nov/2023:10:20:31 +0100] "GET /little-buddha-resin-money-pink-p-56379.html HTTP/1.0" 200 77491 "-" "Mozilla/5.0 (compatible; MJ12bot/v1.4.8; http://mj12bot.com/)"
149.202.86.86 - - [13/Nov/2023:10:20:33 +0100] "GET /little-money-bank-p-56401.html HTTP/1.0" 200 77449 "-" "Mozilla/5.0 (compatible; MJ12bot/v1.4.8; http://mj12bot.com/)"
149.202.86.86 - - [13/Nov/2023:10:20:36 +0100] "GET /little-prince-pencil-case-p-59060.html HTTP/1.0" 200 80645 "-" "Mozilla/5.0 (compatible; MJ12bot/v1.4.8; http://mj12bot.com/)"
149.202.86.86 - - [13/Nov/2023:10:20:39 +0100] "GET /little-prince-pocket-warmer-p-59048.html HTTP/1.0" 200 80731 "-" "Mozilla/5.0 (compatible; MJ12bot/v1.4.8; http://mj12bot.com/)"
149.202.86.86 - - [13/Nov/2023:10:20:42 +0100] "GET /little-prince-saint-exupery-bowl-p-56348.html HTTP/1.0" 200 77515 "-" "Mozilla/5.0 (compatible; MJ12bot/v1.4.8; http://mj12bot.com/)"
149.202.86.86 - - [13/Nov/2023:10:20:45 +0100] "GET /little-prince-saint-exupery-bowl-p-56349.html HTTP/1.0" 200 77515 "-" "Mozilla/5.0 (compatible; MJ12bot/v1.4.8; http://mj12bot.com/)"
149.202.86.86 - - [13/Nov/2023:10:20:48 +0100] "GET /little-prince-sugar-p-55414.html HTTP/1.0" 200 77465 "-" "Mozilla/5.0 (compatible; MJ12bot/v1.4.8; http://mj12bot.com/)"
149.202.86.86 - - [13/Nov/2023:10:20:51 +0100] "GET /lois-motorcycling-wallet-p-38160.html HTTP/1.0" 200 80704 "-" "Mozilla/5.0 (compatible; MJ12bot/v1.4.8; http://mj12bot.com/)"
149.202.86.86 - - [13/Nov/2023:10:20:54 +0100] "GET /london-bus-shower-curtain-180-180-cm-p-34867.html HTTP/1.0" 301 77579 "-" "Mozilla/5.0 (compatible; MJ12bot/v1.4.8; http://mj12bot.com/)"
47.128.53.153 - - [13/Nov/2023:10:20:55 +0100] "GET /teo-jasmin-grey-coffee-box-p-32032.html HTTP/1.0" 301 77450 "-" "Mozilla/5.0 (Linux; Android 5.0) AppleWebKit/537.36 (KHTML, like Gecko) Mobile Safari/537.36 (compatible; Bytespider; spider-feedback@bytedance.com)"
149.202.86.86 - - [13/Nov/2023:10:20:57 +0100] "GET /london-shower-curtain-p-34867.html HTTP/1.0" 200 77491 "-" "Mozilla/5.0 (compatible; MJ12bot/v1.4.8; http://mj12bot.com/)"
47.128.53.153 - - [13/Nov/2023:10:20:57 +0100] "GET /-p-32032.html HTTP/1.0" 200 77383 "-" "Mozilla/5.0 (Linux; Android 5.0) AppleWebKit/537.36 (KHTML, like Gecko) Mobile Safari/537.36 (compatible; Bytespider; spider-feedback@bytedance.com)"
47.128.53.153 - - [13/Nov/2023:10:20:59 +0100] "GET /swfobject.js HTTP/1.0" 404 1308 "http://www.wonder-geek.com/-p-32032.html" "Mozilla/5.0 (Linux; Android 5.0) AppleWebKit/537.36 (KHTML, like Gecko) Mobile Safari/537.36 (compatible; Bytespider; spider-feedback@bytedance.com)"
47.128.53.153 - - [13/Nov/2023:10:21:00 +0100] "GET /highslide/graphics/zoomout.cur HTTP/1.0" 200 614 "http://www.wonder-geek.com/-p-32032.html" "Mozilla/5.0 (Linux; Android 5.0) AppleWebKit/537.36 (KHTML, like Gecko) Mobile Safari/537.36 (compatible; Bytespider; spider-feedback@bytedance.com)"
47.128.53.153 - - [13/Nov/2023:10:21:00 +0100] "GET /highslide/graphics/outlines/drop-shadow.png HTTP/1.0" 200 277 "http://www.wonder-geek.com/-p-32032.html" "Mozilla/5.0 (Linux; Android 5.0) AppleWebKit/537.36 (KHTML, like Gecko) Mobile Safari/537.36 (compatible; Bytespider; spider-feedback@bytedance.com)"
149.202.86.86 - - [13/Nov/2023:10:21:00 +0100] "GET /london-carlin-pencil-pot-cbkreation-p-23971.html HTTP/1.0" 301 79932 "-" "Mozilla/5.0 (compatible; MJ12bot/v1.4.8; http://mj12bot.com/)"
185.191.171.2 - - [13/Nov/2023:10:21:02 +0100] "GET /meilleure-maman-adult-apron-p-54949.html HTTP/1.0" 200 79777 "-" "Mozilla/5.0 (compatible; SemrushBot/7~bl; +http://www.semrush.com/bot.html)"
149.202.86.86 - - [13/Nov/2023:10:21:03 +0100] "GET /london-carlin-pencil-cbkreation-p-23971.html HTTP/1.0" 200 79834 "-" "Mozilla/5.0 (compatible; MJ12bot/v1.4.8; http://mj12bot.com/)"
149.202.86.86 - - [13/Nov/2023:10:21:06 +0100] "GET /london-carlin-pot-cookware-cbkreation-p-23970.html HTTP/1.0" 301 79927 "-" "Mozilla/5.0 (compatible; MJ12bot/v1.4.8; http://mj12bot.com/)"
149.202.86.86 - - [13/Nov/2023:10:21:09 +0100] "GET /london-carlin-cookware-cbkreation-p-23970.html HTTP/1.0" 200 79827 "-" "Mozilla/5.0 (compatible; MJ12bot/v1.4.8; http://mj12bot.com/)"
66.249.66.206 - - [13/Nov/2023:10:21:12 +0100] "GET /betty-boop-glove-child-p-22126.html HTTP/1.0" 200 84058 "-" "Mozilla/5.0 (Linux; Android 6.0.1; Nexus 5X Build/MMB29P) AppleWebKit/537.36 (KHTML, like Gecko) Chrome/119.0.6045.123 Mobile Safari/537.36 (compatible; Googlebot/2.1; +http://www.google.com/bot.html)"
149.202.86.86 - - [13/Nov/2023:10:21:13 +0100] "GET /london-city-lamp-p-14756.html HTTP/1.0" 301 77450 "-" "Mozilla/5.0 (compatible; MJ12bot/v1.4.8; http://mj12bot.com/)"
47.76.57.30 - - [13/Nov/2023:10:21:17 +0100] "GET /images/mini_prod/3660173208350.jpg HTTP/1.0" 200 269 "-" "Mozilla/5.0 (X11; Ubuntu; Linux x86_64; rv:72.0) Gecko/20100101 Firefox/72.0"
66.249.66.205 - - [13/Nov/2023:10:21:16 +0100] "GET /gold-black-elephant-table-lamp-p-54692.html HTTP/1.0" 200 80512 "-" "Mozilla/5.0 (Linux; Android 6.0.1; Nexus 5X Build/MMB29P) AppleWebKit/537.36 (KHTML, like Gecko) Chrome/119.0.6045.123 Mobile Safari/537.36 (compatible; Googlebot/2.1; +http://www.google.com/bot.html)"
149.202.86.86 - - [13/Nov/2023:10:21:18 +0100] "GET /-p-14756.html HTTP/1.0" 200 77383 "-" "Mozilla/5.0 (compatible; MJ12bot/v1.4.8; http://mj12bot.com/)"
66.249.66.206 - - [13/Nov/2023:10:21:18 +0100] "GET /bella-candy-cloud-keychain-p-49757.html HTTP/1.0" 200 79769 "-" "Mozilla/5.0 (compatible; Googlebot/2.1; +http://www.google.com/bot.html)"
66.249.66.206 - - [13/Nov/2023:10:21:20 +0100] "GET /money-boxes-c-13_83.html?page=1 HTTP/1.0" 200 98391 "-" "Mozilla/5.0 (Linux; Android 6.0.1; Nexus 5X Build/MMB29P) AppleWebKit/537.36 (KHTML, like Gecko) Chrome/119.0.6045.123 Mobile Safari/537.36 (compatible; Googlebot/2.1; +http://www.google.com/bot.html)"
149.202.86.86 - - [13/Nov/2023:10:21:21 +0100] "GET /london-guard-bedclothes-140-200-cm-p-38015.html HTTP/1.0" 301 77450 "-" "Mozilla/5.0 (compatible; MJ12bot/v1.4.8; http://mj12bot.com/)"
47.128.16.93 - - [13/Nov/2023:10:21:23 +0100] "GET /fatma-hand-coaster-p-53504.html HTTP/1.0" 301 77450 "-" "Mozilla/5.0 (Linux; Android 5.0) AppleWebKit/537.36 (KHTML, like Gecko) Mobile Safari/537.36 (compatible; Bytespider; spider-feedback@bytedance.com)"
54.36.148.128 - - [13/Nov/2023:10:21:21 +0100] "GET /boxes-storage-c-13_150.html?page=1 HTTP/1.0" 200 101593 "-" "Mozilla/5.0 (compatible; AhrefsBot/7.0; +http://ahrefs.com/robot/)"
66.249.66.205 - - [13/Nov/2023:10:21:24 +0100] "GET /che-guevara-hasta-la-victoria-siempre-zippo-lighter-p-37645.html HTTP/1.0" 301 80512 "-" "Mozilla/5.0 (Linux; Android 6.0.1; Nexus 5X Build/MMB29P) AppleWebKit/537.36 (KHTML, like Gecko) Chrome/119.0.6045.123 Mobile Safari/537.36 (compatible; Googlebot/2.1; +http://www.google.com/bot.html)"
47.128.16.93 - - [13/Nov/2023:10:21:24 +0100] "GET /-p-53504.html HTTP/1.0" 200 77383 "-" "Mozilla/5.0 (Linux; Android 5.0) AppleWebKit/537.36 (KHTML, like Gecko) Mobile Safari/537.36 (compatible; Bytespider; spider-feedback@bytedance.com)"
149.202.86.86 - - [13/Nov/2023:10:21:24 +0100] "GET /-p-38015.html HTTP/1.0" 200 77383 "-" "Mozilla/5.0 (compatible; MJ12bot/v1.4.8; http://mj12bot.com/)"
47.128.16.93 - - [13/Nov/2023:10:21:26 +0100] "GET /swfobject.js HTTP/1.0" 404 1308 "http://www.wonder-geek.com/-p-53504.html" "Mozilla/5.0 (Linux; Android 5.0) AppleWebKit/537.36 (KHTML, like Gecko) Mobile Safari/537.36 (compatible; Bytespider; spider-feedback@bytedance.com)"
66.249.66.205 - - [13/Nov/2023:10:21:27 +0100] "GET /rainforest-p-56841.html HTTP/1.0" 200 80508 "-" "Mozilla/5.0 (Linux; Android 6.0.1; Nexus 5X Build/MMB29P) AppleWebKit/537.36 (KHTML, like Gecko) Chrome/119.0.6045.123 Mobile Safari/537.36 (compatible; Googlebot/2.1; +http://www.google.com/bot.html)"
149.202.86.86 - - [13/Nov/2023:10:21:28 +0100] "GET /london-poster-p-14409.html HTTP/1.0" 200 79644 "-" "Mozilla/5.0 (compatible; MJ12bot/v1.4.8; http://mj12bot.com/)"
47.128.16.93 - - [13/Nov/2023:10:21:30 +0100] "GET /highslide/graphics/outlines/drop-shadow.png HTTP/1.0" 200 277 "http://www.wonder-geek.com/-p-53504.html" "Mozilla/5.0 (Linux; Android 5.0) AppleWebKit/537.36 (KHTML, like Gecko) Mobile Safari/537.36 (compatible; Bytespider; spider-feedback@bytedance.com)"
47.128.16.93 - - [13/Nov/2023:10:21:30 +0100] "GET /highslide/graphics/zoomout.cur HTTP/1.0" 200 614 "http://www.wonder-geek.com/-p-53504.html" "Mozilla/5.0 (Linux; Android 5.0) AppleWebKit/537.36 (KHTML, like Gecko) Mobile Safari/537.36 (compatible; Bytespider; spider-feedback@bytedance.com)"
66.249.66.205 - - [13/Nov/2023:10:21:31 +0100] "GET /guevara-hasta-victoria-siempre-zippo-lighter-p-37645.html HTTP/1.0" 200 80401 "-" "Mozilla/5.0 (Linux; Android 6.0.1; Nexus 5X Build/MMB29P) AppleWebKit/537.36 (KHTML, like Gecko) Chrome/119.0.6045.123 Mobile Safari/537.36 (compatible; Googlebot/2.1; +http://www.google.com/bot.html)"
149.202.86.86 - - [13/Nov/2023:10:21:31 +0100] "GET /london-poster-p-30873.html HTTP/1.0" 301 77450 "-" "Mozilla/5.0 (compatible; MJ12bot/v1.4.8; http://mj12bot.com/)"
66.249.66.205 - - [13/Nov/2023:10:21:35 +0100] "GET /js/jquery.masonry.min.js HTTP/1.0" 200 264 "http://www.wonder-geek.com/money-boxes-c-13_83.html?page=1" "Mozilla/5.0 (Linux; Android 6.0.1; Nexus 5X Build/MMB29P) AppleWebKit/537.36 (KHTML, like Gecko) Chrome/119.0.6045.105 Mobile Safari/537.36 (compatible; Googlebot/2.1; +http://www.google.com/bot.html)"
149.202.86.86 - - [13/Nov/2023:10:21:34 +0100] "GET /-p-30873.html HTTP/1.0" 200 77383 "-" "Mozilla/5.0 (compatible; MJ12bot/v1.4.8; http://mj12bot.com/)"
149.202.86.86 - - [13/Nov/2023:10:21:38 +0100] "GET /london-shower-curtain-p-34867.html HTTP/1.0" 200 77491 "-" "Mozilla/5.0 (compatible; MJ12bot/v1.4.8; http://mj12bot.com/)"
149.202.86.86 - - [13/Nov/2023:10:21:41 +0100] "GET /london-union-jack-retro-bag-p-37751.html HTTP/1.0" 301 77450 "-" "Mozilla/5.0 (compatible; MJ12bot/v1.4.8; http://mj12bot.com/)"
149.202.86.86 - - [13/Nov/2023:10:21:44 +0100] "GET /-p-37751.html HTTP/1.0" 200 77383 "-" "Mozilla/5.0 (compatible; MJ12bot/v1.4.8; http://mj12bot.com/)"
202.239.5.50 - - [13/Nov/2023:10:21:45 +0100] "GET /-c-95_366.html HTTP/1.0" 200 76251 "-" "Mozilla/5.0 (compatible; Y!J-WSC/1.0; +https://yahoo.jp/3BSZgF)"
149.202.86.86 - - [13/Nov/2023:10:21:48 +0100] "GET /london-union-jack-retro-p-37751.html HTTP/1.0" 301 77450 "-" "Mozilla/5.0 (compatible; MJ12bot/v1.4.8; http://mj12bot.com/)"
149.202.86.86 - - [13/Nov/2023:10:21:51 +0100] "GET /-p-37751.html HTTP/1.0" 200 77383 "-" "Mozilla/5.0 (compatible; MJ12bot/v1.4.8; http://mj12bot.com/)"
47.128.36.159 - - [13/Nov/2023:10:21:51 +0100] "GET /mini-bright-christmas-fir-p-38256.html HTTP/1.0" 301 79900 "-" "Mozilla/5.0 (Linux; Android 5.0) AppleWebKit/537.36 (KHTML, like Gecko) Mobile Safari/537.36 (compatible; Bytespider; spider-feedback@bytedance.com)"
47.128.36.159 - - [13/Nov/2023:10:21:53 +0100] "GET /mini-bright-christmas-p-38256.html HTTP/1.0" 200 79812 "-" "Mozilla/5.0 (Linux; Android 5.0) AppleWebKit/537.36 (KHTML, like Gecko) Mobile Safari/537.36 (compatible; Bytespider; spider-feedback@bytedance.com)"
47.128.36.159 - - [13/Nov/2023:10:21:55 +0100] "GET /swfobject.js HTTP/1.0" 404 1308 "http://www.wonder-geek.com/mini-bright-christmas-p-38256.html" "Mozilla/5.0 (Linux; Android 5.0) AppleWebKit/537.36 (KHTML, like Gecko) Mobile Safari/537.36 (compatible; Bytespider; spider-feedback@bytedance.com)"
149.202.86.86 - - [13/Nov/2023:10:21:54 +0100] "GET /long-sleeves-shirts-c-1_21.html?page=3 HTTP/1.0" 200 84841 "-" "Mozilla/5.0 (compatible; MJ12bot/v1.4.8; http://mj12bot.com/)"
185.191.171.4 - - [13/Nov/2023:10:21:56 +0100] "GET /rtro-small-steel-fridge-magnets-p-31629.html HTTP/1.0" 200 79922 "-" "Mozilla/5.0 (compatible; SemrushBot/7~bl; +http://www.semrush.com/bot.html)"
149.202.86.86 - - [13/Nov/2023:10:21:58 +0100] "GET /looney-toons-oval-placemat-p-17126.html HTTP/1.0" 200 79964 "-" "Mozilla/5.0 (compatible; MJ12bot/v1.4.8; http://mj12bot.com/)"
47.128.36.159 - - [13/Nov/2023:10:21:59 +0100] "GET /highslide/graphics/zoomin.cur HTTP/1.0" 200 614 "http://www.wonder-geek.com/templates/Pixame_v1/stylesheet.css" "Mozilla/5.0 (Linux; Android 5.0) AppleWebKit/537.36 (KHTML, like Gecko) Mobile Safari/537.36 (compatible; Bytespider; spider-feedback@bytedance.com)"
47.128.36.159 - - [13/Nov/2023:10:22:00 +0100] "GET /highslide/graphics/outlines/drop-shadow.png HTTP/1.0" 200 277 "http://www.wonder-geek.com/mini-bright-christmas-p-38256.html" "Mozilla/5.0 (Linux; Android 5.0) AppleWebKit/537.36 (KHTML, like Gecko) Mobile Safari/537.36 (compatible; Bytespider; spider-feedback@bytedance.com)"
47.128.36.159 - - [13/Nov/2023:10:22:00 +0100] "GET /highslide/graphics/zoomout.cur HTTP/1.0" 200 614 "http://www.wonder-geek.com/mini-bright-christmas-p-38256.html" "Mozilla/5.0 (Linux; Android 5.0) AppleWebKit/537.36 (KHTML, like Gecko) Mobile Safari/537.36 (compatible; Bytespider; spider-feedback@bytedance.com)"
47.128.36.159 - - [13/Nov/2023:10:22:00 +0100] "GET /images/big_prod/3520071522333.jpg HTTP/1.0" 200 268 "http://www.wonder-geek.com/mini-bright-christmas-p-38256.html" "Mozilla/5.0 (Linux; Android 5.0) AppleWebKit/537.36 (KHTML, like Gecko) Mobile Safari/537.36 (compatible; Bytespider; spider-feedback@bytedance.com)"
149.202.86.86 - - [13/Nov/2023:10:22:01 +0100] "GET /lotus-wall-stickers-p-60121.html HTTP/1.0" 200 80504 "-" "Mozilla/5.0 (compatible; MJ12bot/v1.4.8; http://mj12bot.com/)"
149.202.86.86 - - [13/Nov/2023:10:22:04 +0100] "GET /love-and-peace-grey-shirt-p-30147.html HTTP/1.0" 301 81306 "-" "Mozilla/5.0 (compatible; MJ12bot/v1.4.8; http://mj12bot.com/)"
47.128.22.118 - - [13/Nov/2023:10:22:18 +0100] "GET /little-duck-tea-infuser-p-41583.html HTTP/1.0" 301 77450 "-" "Mozilla/5.0 (Linux; Android 5.0) AppleWebKit/537.36 (KHTML, like Gecko) Mobile Safari/537.36 (compatible; Bytespider; spider-feedback@bytedance.com)"
47.128.22.118 - - [13/Nov/2023:10:22:20 +0100] "GET /-p-41583.html HTTP/1.0" 200 77383 "-" "Mozilla/5.0 (Linux; Android 5.0) AppleWebKit/537.36 (KHTML, like Gecko) Mobile Safari/537.36 (compatible; Bytespider; spider-feedback@bytedance.com)"
47.128.22.118 - - [13/Nov/2023:10:22:22 +0100] "GET /swfobject.js HTTP/1.0" 404 1308 "http://www.wonder-geek.com/-p-41583.html" "Mozilla/5.0 (Linux; Android 5.0) AppleWebKit/537.36 (KHTML, like Gecko) Mobile Safari/537.36 (compatible; Bytespider; spider-feedback@bytedance.com)"
47.128.22.118 - - [13/Nov/2023:10:22:28 +0100] "GET /highslide/graphics/zoomout.cur HTTP/1.0" 200 614 "http://www.wonder-geek.com/-p-41583.html" "Mozilla/5.0 (Linux; Android 5.0) AppleWebKit/537.36 (KHTML, like Gecko) Mobile Safari/537.36 (compatible; Bytespider; spider-feedback@bytedance.com)"
47.128.22.118 - - [13/Nov/2023:10:22:28 +0100] "GET /highslide/graphics/outlines/drop-shadow.png HTTP/1.0" 200 277 "http://www.wonder-geek.com/-p-41583.html" "Mozilla/5.0 (Linux; Android 5.0) AppleWebKit/537.36 (KHTML, like Gecko) Mobile Safari/537.36 (compatible; Bytespider; spider-feedback@bytedance.com)"
47.128.44.249 - - [13/Nov/2023:10:22:47 +0100] "GET /cats-and-flowers-table-set-p-45634.html HTTP/1.0" 301 77573 "-" "Mozilla/5.0 (Linux; Android 5.0) AppleWebKit/537.36 (KHTML, like Gecko) Mobile Safari/537.36 (compatible; Bytespider; spider-feedback@bytedance.com)"
47.128.44.249 - - [13/Nov/2023:10:22:49 +0100] "GET /cats-flowers-table-p-45634.html HTTP/1.0" 200 77488 "-" "Mozilla/5.0 (Linux; Android 5.0) AppleWebKit/537.36 (KHTML, like Gecko) Mobile Safari/537.36 (compatible; Bytespider; spider-feedback@bytedance.com)"
47.128.44.249 - - [13/Nov/2023:10:22:51 +0100] "GET /swfobject.js HTTP/1.0" 404 1308 "http://www.wonder-geek.com/cats-flowers-table-p-45634.html" "Mozilla/5.0 (Linux; Android 5.0) AppleWebKit/537.36 (KHTML, like Gecko) Mobile Safari/537.36 (compatible; Bytespider; spider-feedback@bytedance.com)"
47.128.44.249 - - [13/Nov/2023:10:22:56 +0100] "GET /highslide/graphics/zoomout.cur HTTP/1.0" 200 614 "http://www.wonder-geek.com/cats-flowers-table-p-45634.html" "Mozilla/5.0 (Linux; Android 5.0) AppleWebKit/537.36 (KHTML, like Gecko) Mobile Safari/537.36 (compatible; Bytespider; spider-feedback@bytedance.com)"
47.128.44.249 - - [13/Nov/2023:10:22:56 +0100] "GET /highslide/graphics/outlines/drop-shadow.png HTTP/1.0" 200 277 "http://www.wonder-geek.com/cats-flowers-table-p-45634.html" "Mozilla/5.0 (Linux; Android 5.0) AppleWebKit/537.36 (KHTML, like Gecko) Mobile Safari/537.36 (compatible; Bytespider; spider-feedback@bytedance.com)"
47.128.18.119 - - [13/Nov/2023:10:23:14 +0100] "GET /mickey-mouse-watch-p-31616.html HTTP/1.0" 301 77450 "-" "Mozilla/5.0 (Linux; Android 5.0) AppleWebKit/537.36 (KHTML, like Gecko) Mobile Safari/537.36 (compatible; Bytespider; spider-feedback@bytedance.com)"
47.128.18.119 - - [13/Nov/2023:10:23:16 +0100] "GET /-p-31616.html HTTP/1.0" 200 77383 "-" "Mozilla/5.0 (Linux; Android 5.0) AppleWebKit/537.36 (KHTML, like Gecko) Mobile Safari/537.36 (compatible; Bytespider; spider-feedback@bytedance.com)"
85.208.96.208 - - [13/Nov/2023:10:23:15 +0100] "GET /-p-49519.html HTTP/1.0" 200 77383 "-" "Mozilla/5.0 (compatible; SemrushBot/7~bl; +http://www.semrush.com/bot.html)"
47.128.18.119 - - [13/Nov/2023:10:23:18 +0100] "GET /swfobject.js HTTP/1.0" 404 1308 "http://www.wonder-geek.com/-p-31616.html" "Mozilla/5.0 (Linux; Android 5.0) AppleWebKit/537.36 (KHTML, like Gecko) Mobile Safari/537.36 (compatible; Bytespider; spider-feedback@bytedance.com)"
47.128.18.119 - - [13/Nov/2023:10:23:21 +0100] "GET /highslide/graphics/outlines/drop-shadow.png HTTP/1.0" 200 277 "http://www.wonder-geek.com/-p-31616.html" "Mozilla/5.0 (Linux; Android 5.0) AppleWebKit/537.36 (KHTML, like Gecko) Mobile Safari/537.36 (compatible; Bytespider; spider-feedback@bytedance.com)"
47.128.18.119 - - [13/Nov/2023:10:23:21 +0100] "GET /highslide/graphics/zoomout.cur HTTP/1.0" 200 614 "http://www.wonder-geek.com/-p-31616.html" "Mozilla/5.0 (Linux; Android 5.0) AppleWebKit/537.36 (KHTML, like Gecko) Mobile Safari/537.36 (compatible; Bytespider; spider-feedback@bytedance.com)"
54.36.148.179 - - [13/Nov/2023:10:23:25 +0100] "GET /figurines-statuettes-statues-decoration-collection-c-292.html HTTP/1.0" 200 100034 "-" "Mozilla/5.0 (compatible; AhrefsBot/7.0; +http://ahrefs.com/robot/)"
85.208.96.207 - - [13/Nov/2023:10:23:39 +0100] "GET /african-woman-decoration-p-55583.html HTTP/1.0" 200 77481 "-" "Mozilla/5.0 (compatible; SemrushBot/7~bl; +http://www.semrush.com/bot.html)"
217.182.175.222 - - [13/Nov/2023:10:23:42 +0100] "GET /porcelain-rabbit-table-lamp-p-56442.html HTTP/1.0" 200 80641 "-" "Mozilla/5.0 (compatible; MJ12bot/v1.4.8; http://mj12bot.com/)"
47.128.23.26 - - [13/Nov/2023:10:23:43 +0100] "GET /kanteen-and-water-bottles-c-12_161.html?page=5 HTTP/1.0" 301 102884 "-" "Mozilla/5.0 (Linux; Android 5.0) AppleWebKit/537.36 (KHTML, like Gecko) Mobile Safari/537.36 (compatible; Bytespider; spider-feedback@bytedance.com)"
47.128.23.26 - - [13/Nov/2023:10:23:47 +0100] "GET /water-bottles-sport-bottles-c-161.html?page=5 HTTP/1.0" 301 102783 "-" "Mozilla/5.0 (Linux; Android 5.0) AppleWebKit/537.36 (KHTML, like Gecko) Mobile Safari/537.36 (compatible; Bytespider; spider-feedback@bytedance.com)"
217.182.175.222 - - [13/Nov/2023:10:23:49 +0100] "GET /poster-corsica-50-70-cm-p-43699.html HTTP/1.0" 301 77534 "-" "Mozilla/5.0 (compatible; MJ12bot/v1.4.8; http://mj12bot.com/)"
85.208.96.207 - - [13/Nov/2023:10:23:50 +0100] "GET /glass-jellyfish-paperweight-p-52791.html HTTP/1.0" 200 77495 "-" "Mozilla/5.0 (compatible; SemrushBot/7~bl; +http://www.semrush.com/bot.html)"
47.128.23.26 - - [13/Nov/2023:10:23:52 +0100] "GET /swfobject.js HTTP/1.0" 404 1308 "http://www.wonder-geek.com/water-bottles-sport-bottles-c-12_161.html?page=5" "Mozilla/5.0 (Linux; Android 5.0) AppleWebKit/537.36 (KHTML, like Gecko) Mobile Safari/537.36 (compatible; Bytespider; spider-feedback@bytedance.com)"
47.128.23.26 - - [13/Nov/2023:10:23:49 +0100] "GET /water-bottles-sport-bottles-c-12_161.html?page=5 HTTP/1.0" 200 102785 "-" "Mozilla/5.0 (Linux; Android 5.0) AppleWebKit/537.36 (KHTML, like Gecko) Mobile Safari/537.36 (compatible; Bytespider; spider-feedback@bytedance.com)"
47.128.23.26 - - [13/Nov/2023:10:23:58 +0100] "GET /js/jquery.min.js HTTP/1.0" 404 1308 "http://www.wonder-geek.com/water-bottles-sport-bottles-c-12_161.html?page=5" "Mozilla/5.0 (Linux; Android 5.0) AppleWebKit/537.36 (KHTML, like Gecko) Mobile Safari/537.36 (compatible; Bytespider; spider-feedback@bytedance.com)"
47.128.23.26 - - [13/Nov/2023:10:23:58 +0100] "GET /highslide/graphics/outlines/drop-shadow.png HTTP/1.0" 200 277 "http://www.wonder-geek.com/water-bottles-sport-bottles-c-12_161.html?page=5" "Mozilla/5.0 (Linux; Android 5.0) AppleWebKit/537.36 (KHTML, like Gecko) Mobile Safari/537.36 (compatible; Bytespider; spider-feedback@bytedance.com)"
47.128.23.26 - - [13/Nov/2023:10:23:58 +0100] "GET /highslide/graphics/zoomout.cur HTTP/1.0" 200 614 "http://www.wonder-geek.com/water-bottles-sport-bottles-c-12_161.html?page=5" "Mozilla/5.0 (Linux; Android 5.0) AppleWebKit/537.36 (KHTML, like Gecko) Mobile Safari/537.36 (compatible; Bytespider; spider-feedback@bytedance.com)"
47.128.28.238 - - [13/Nov/2023:10:24:10 +0100] "GET /decorations/mouse-pad-c-13_85.html HTTP/1.0" 301 98545 "-" "Mozilla/5.0 (Linux; Android 5.0) AppleWebKit/537.36 (KHTML, like Gecko) Mobile Safari/537.36 (compatible; Bytespider; spider-feedback@bytedance.com)"
47.128.28.238 - - [13/Nov/2023:10:24:12 +0100] "GET /mouse-c-85.html HTTP/1.0" 301 98435 "-" "Mozilla/5.0 (Linux; Android 5.0) AppleWebKit/537.36 (KHTML, like Gecko) Mobile Safari/537.36 (compatible; Bytespider; spider-feedback@bytedance.com)"
47.128.28.238 - - [13/Nov/2023:10:24:16 +0100] "GET /swfobject.js HTTP/1.0" 404 1308 "http://www.wonder-geek.com/mouse-c-129_85.html" "Mozilla/5.0 (Linux; Android 5.0) AppleWebKit/537.36 (KHTML, like Gecko) Mobile Safari/537.36 (compatible; Bytespider; spider-feedback@bytedance.com)"
47.128.28.238 - - [13/Nov/2023:10:24:14 +0100] "GET /mouse-c-129_85.html HTTP/1.0" 200 98502 "-" "Mozilla/5.0 (Linux; Android 5.0) AppleWebKit/537.36 (KHTML, like Gecko) Mobile Safari/537.36 (compatible; Bytespider; spider-feedback@bytedance.com)"
47.128.28.238 - - [13/Nov/2023:10:24:19 +0100] "GET /js/jquery.min.js HTTP/1.0" 404 1308 "http://www.wonder-geek.com/mouse-c-129_85.html" "Mozilla/5.0 (Linux; Android 5.0) AppleWebKit/537.36 (KHTML, like Gecko) Mobile Safari/537.36 (compatible; Bytespider; spider-feedback@bytedance.com)"
47.128.28.238 - - [13/Nov/2023:10:24:19 +0100] "GET /highslide/graphics/outlines/drop-shadow.png HTTP/1.0" 200 277 "http://www.wonder-geek.com/mouse-c-129_85.html" "Mozilla/5.0 (Linux; Android 5.0) AppleWebKit/537.36 (KHTML, like Gecko) Mobile Safari/537.36 (compatible; Bytespider; spider-feedback@bytedance.com)"
47.128.28.238 - - [13/Nov/2023:10:24:19 +0100] "GET /highslide/graphics/zoomout.cur HTTP/1.0" 200 614 "http://www.wonder-geek.com/mouse-c-129_85.html" "Mozilla/5.0 (Linux; Android 5.0) AppleWebKit/537.36 (KHTML, like Gecko) Mobile Safari/537.36 (compatible; Bytespider; spider-feedback@bytedance.com)"
185.191.171.12 - - [13/Nov/2023:10:24:25 +0100] "GET /jasmin-medium-cabas-p-44211.html HTTP/1.0" 200 77457 "-" "Mozilla/5.0 (compatible; SemrushBot/7~bl; +http://www.semrush.com/bot.html)"
149.202.86.86 - - [13/Nov/2023:10:24:32 +0100] "GET /love-and-peace-grey-shirt-p-30147.html HTTP/1.0" 301 81306 "-" "Mozilla/5.0 (compatible; MJ12bot/v1.4.8; http://mj12bot.com/)"
149.202.86.86 - - [13/Nov/2023:10:24:35 +0100] "GET /love-peace-grey-shirt-p-30147.html HTTP/1.0" 200 81218 "-" "Mozilla/5.0 (compatible; MJ12bot/v1.4.8; http://mj12bot.com/)"
47.128.28.69 - - [13/Nov/2023:10:24:38 +0100] "GET /medusa-glass-paperweight-p-48079.html HTTP/1.0" 301 77450 "-" "Mozilla/5.0 (Linux; Android 5.0) AppleWebKit/537.36 (KHTML, like Gecko) Mobile Safari/537.36 (compatible; Bytespider; spider-feedback@bytedance.com)"
149.202.86.86 - - [13/Nov/2023:10:24:38 +0100] "GET /love-and-peace-pink-shirt-p-30150.html HTTP/1.0" 301 81304 "-" "Mozilla/5.0 (compatible; MJ12bot/v1.4.8; http://mj12bot.com/)"
47.128.28.69 - - [13/Nov/2023:10:24:40 +0100] "GET /-p-48079.html HTTP/1.0" 200 77383 "-" "Mozilla/5.0 (Linux; Android 5.0) AppleWebKit/537.36 (KHTML, like Gecko) Mobile Safari/537.36 (compatible; Bytespider; spider-feedback@bytedance.com)"
47.128.28.69 - - [13/Nov/2023:10:24:41 +0100] "GET /swfobject.js HTTP/1.0" 404 1308 "http://www.wonder-geek.com/-p-48079.html" "Mozilla/5.0 (Linux; Android 5.0) AppleWebKit/537.36 (KHTML, like Gecko) Mobile Safari/537.36 (compatible; Bytespider; spider-feedback@bytedance.com)"
149.202.86.86 - - [13/Nov/2023:10:24:41 +0100] "GET /love-peace-pink-shirt-p-30150.html HTTP/1.0" 200 81216 "-" "Mozilla/5.0 (compatible; MJ12bot/v1.4.8; http://mj12bot.com/)"
47.128.28.69 - - [13/Nov/2023:10:24:43 +0100] "GET /highslide/graphics/outlines/drop-shadow.png HTTP/1.0" 200 277 "http://www.wonder-geek.com/-p-48079.html" "Mozilla/5.0 (Linux; Android 5.0) AppleWebKit/537.36 (KHTML, like Gecko) Mobile Safari/537.36 (compatible; Bytespider; spider-feedback@bytedance.com)"
47.128.28.69 - - [13/Nov/2023:10:24:43 +0100] "GET /highslide/graphics/zoomout.cur HTTP/1.0" 200 614 "http://www.wonder-geek.com/-p-48079.html" "Mozilla/5.0 (Linux; Android 5.0) AppleWebKit/537.36 (KHTML, like Gecko) Mobile Safari/537.36 (compatible; Bytespider; spider-feedback@bytedance.com)"
149.202.86.86 - - [13/Nov/2023:10:24:44 +0100] "GET /love-peace-grey-shirt-p-30147.html HTTP/1.0" 200 81218 "-" "Mozilla/5.0 (compatible; MJ12bot/v1.4.8; http://mj12bot.com/)"
47.76.57.30 - - [13/Nov/2023:10:24:49 +0100] "GET /images/mini_prod/1300000022880.jpg HTTP/1.0" 200 269 "-" "Mozilla/5.0 (X11; Ubuntu; Linux x86_64; rv:72.0) Gecko/20100101 Firefox/72.0"
149.202.86.86 - - [13/Nov/2023:10:24:47 +0100] "GET /love-peace-pink-portfolio-p-8763.html HTTP/1.0" 200 80034 "-" "Mozilla/5.0 (compatible; MJ12bot/v1.4.8; http://mj12bot.com/)"
149.202.86.86 - - [13/Nov/2023:10:24:51 +0100] "GET /love-peace-pink-shirt-p-30150.html HTTP/1.0" 200 81216 "-" "Mozilla/5.0 (compatible; MJ12bot/v1.4.8; http://mj12bot.com/)"
149.202.86.86 - - [13/Nov/2023:10:24:54 +0100] "GET /lucky-boy-by-etienne-boyer-tee-shirt-p-30982.html HTTP/1.0" 301 77573 "-" "Mozilla/5.0 (compatible; MJ12bot/v1.4.8; http://mj12bot.com/)"
149.202.86.86 - - [13/Nov/2023:10:24:57 +0100] "GET /lucky-etienne-boyer-shirt-p-30982.html HTTP/1.0" 200 77481 "-" "Mozilla/5.0 (compatible; MJ12bot/v1.4.8; http://mj12bot.com/)"
149.202.86.86 - - [13/Nov/2023:10:25:00 +0100] "GET /lucky-etienne-boyer-shirt-p-30982.html HTTP/1.0" 200 77481 "-" "Mozilla/5.0 (compatible; MJ12bot/v1.4.8; http://mj12bot.com/)"
54.36.148.131 - - [13/Nov/2023:10:25:01 +0100] "GET /salt-pepper-shaker-sets-c-12_160.html?page=3 HTTP/1.0" 200 98496 "-" "Mozilla/5.0 (compatible; AhrefsBot/7.0; +http://ahrefs.com/robot/)"
149.202.86.86 - - [13/Nov/2023:10:25:03 +0100] "GET /luggages-schoolbags-leather-shop/bagshandbags-shoulder-bags/angry-birds-bag-for-p-19170.html HTTP/1.0" 301 77450 "-" "Mozilla/5.0 (compatible; MJ12bot/v1.4.8; http://mj12bot.com/)"
185.191.171.11 - - [13/Nov/2023:10:25:03 +0100] "GET /beanie-babies-plush-little-pony-apple-jack-p-27347.html HTTP/1.0" 200 77573 "-" "Mozilla/5.0 (compatible; SemrushBot/7~bl; +http://www.semrush.com/bot.html)"
149.202.86.86 - - [13/Nov/2023:10:25:05 +0100] "GET /-p-19170.html HTTP/1.0" 200 77383 "-" "Mozilla/5.0 (compatible; MJ12bot/v1.4.8; http://mj12bot.com/)"
149.202.86.86 - - [13/Nov/2023:10:25:08 +0100] "GET /luggages-schoolbags-leather-shop/kids-school-bag/monster-high-kids-school-bag-p-26604.html HTTP/1.0" 301 77450 "-" "Mozilla/5.0 (compatible; MJ12bot/v1.4.8; http://mj12bot.com/)"
149.202.86.86 - - [13/Nov/2023:10:25:11 +0100] "GET /-p-26604.html HTTP/1.0" 200 77383 "-" "Mozilla/5.0 (compatible; MJ12bot/v1.4.8; http://mj12bot.com/)"
149.202.86.86 - - [13/Nov/2023:10:25:14 +0100] "GET /lulu-castagnette-blue-watch-girl-p-35094.html HTTP/1.0" 301 77450 "-" "Mozilla/5.0 (compatible; MJ12bot/v1.4.8; http://mj12bot.com/)"
47.128.33.42 - - [13/Nov/2023:10:25:17 +0100] "GET /bambi-figure-p-2915.html HTTP/1.0" 301 77447 "-" "Mozilla/5.0 (Linux; Android 5.0) AppleWebKit/537.36 (KHTML, like Gecko) Mobile Safari/537.36 (compatible; Bytespider; spider-feedback@bytedance.com)"
149.202.86.86 - - [13/Nov/2023:10:25:17 +0100] "GET /-p-35094.html HTTP/1.0" 200 77383 "-" "Mozilla/5.0 (compatible; MJ12bot/v1.4.8; http://mj12bot.com/)"
47.128.33.42 - - [13/Nov/2023:10:25:19 +0100] "GET /-p-2915.html HTTP/1.0" 200 77381 "-" "Mozilla/5.0 (Linux; Android 5.0) AppleWebKit/537.36 (KHTML, like Gecko) Mobile Safari/537.36 (compatible; Bytespider; spider-feedback@bytedance.com)"
