202.239.4.133 - - [15/Nov/2023:07:12:54 +0100] "GET /js/jquery.min.js HTTP/1.0" 404 1308 "http://www.wonder-geek.com/" "Mozilla/5.0 (Windows NT 10.0; Win64; x64) AppleWebKit/537.36 (KHTML, like Gecko; compatible; Y!J-WSC/1.0; +https://yahoo.jp/3BSZgF) Chrome/116.0.0.0 Safari/537.36"
52.70.240.171 - - [15/Nov/2023:07:12:55 +0100] "GET /table-lamps-c-86_286.html HTTP/1.0" 200 99852 "-" "Mozilla/5.0 (Macintosh; Intel Mac OS X 10_10_1) AppleWebKit/600.2.5 (KHTML, like Gecko) Version/8.0.2 Safari/600.2.5 (Amazonbot/0.1; +https://developer.amazon.com/support/amazonbot)"
23.22.35.162 - - [15/Nov/2023:07:12:58 +0100] "GET /fragrance-case-cabinet-diffuser-c-231_228.html HTTP/1.0" 200 91628 "-" "Mozilla/5.0 (Macintosh; Intel Mac OS X 10_10_1) AppleWebKit/600.2.5 (KHTML, like Gecko) Version/8.0.2 Safari/600.2.5 (Amazonbot/0.1; +https://developer.amazon.com/support/amazonbot)"
52.70.240.171 - - [15/Nov/2023:07:13:00 +0100] "GET /decorative-carpets-c-11_269_167.html HTTP/1.0" 200 96979 "-" "Mozilla/5.0 (Macintosh; Intel Mac OS X 10_10_1) AppleWebKit/600.2.5 (KHTML, like Gecko) Version/8.0.2 Safari/600.2.5 (Amazonbot/0.1; +https://developer.amazon.com/support/amazonbot)"
47.128.17.19 - - [15/Nov/2023:07:13:03 +0100] "GET /cactus-ornament-p-41985.html HTTP/1.0" 200 77453 "-" "Mozilla/5.0 (Linux; Android 5.0) AppleWebKit/537.36 (KHTML, like Gecko) Mobile Safari/537.36 (compatible; Bytespider; spider-feedback@bytedance.com)"
52.70.240.171 - - [15/Nov/2023:07:13:02 +0100] "GET /wall-sticker-c-13_187.html HTTP/1.0" 200 100931 "-" "Mozilla/5.0 (Macintosh; Intel Mac OS X 10_10_1) AppleWebKit/600.2.5 (KHTML, like Gecko) Version/8.0.2 Safari/600.2.5 (Amazonbot/0.1; +https://developer.amazon.com/support/amazonbot)"
47.128.17.19 - - [15/Nov/2023:07:13:05 +0100] "GET /swfobject.js HTTP/1.0" 404 1308 "http://www.wonder-geek.com/cactus-ornament-p-41985.html" "Mozilla/5.0 (Linux; Android 5.0) AppleWebKit/537.36 (KHTML, like Gecko) Mobile Safari/537.36 (compatible; Bytespider; spider-feedback@bytedance.com)"
3.224.220.101 - - [15/Nov/2023:07:13:07 +0100] "GET /caps-scarfs-adults-c-53_138.html HTTP/1.0" 200 91179 "-" "Mozilla/5.0 (Macintosh; Intel Mac OS X 10_10_1) AppleWebKit/600.2.5 (KHTML, like Gecko) Version/8.0.2 Safari/600.2.5 (Amazonbot/0.1; +https://developer.amazon.com/support/amazonbot)"
47.128.17.19 - - [15/Nov/2023:07:13:10 +0100] "GET /highslide/graphics/outlines/drop-shadow.png HTTP/1.0" 200 277 "http://www.wonder-geek.com/cactus-ornament-p-41985.html" "Mozilla/5.0 (Linux; Android 5.0) AppleWebKit/537.36 (KHTML, like Gecko) Mobile Safari/537.36 (compatible; Bytespider; spider-feedback@bytedance.com)"
47.128.17.19 - - [15/Nov/2023:07:13:10 +0100] "GET /highslide/graphics/zoomout.cur HTTP/1.0" 200 614 "http://www.wonder-geek.com/cactus-ornament-p-41985.html" "Mozilla/5.0 (Linux; Android 5.0) AppleWebKit/537.36 (KHTML, like Gecko) Mobile Safari/537.36 (compatible; Bytespider; spider-feedback@bytedance.com)"
54.36.148.60 - - [15/Nov/2023:07:13:17 +0100] "GET /sardines-marseille-adult-apron-p-51188.html HTTP/1.0" 200 79753 "-" "Mozilla/5.0 (compatible; AhrefsBot/7.0; +http://ahrefs.com/robot/)"
114.119.153.191 - - [15/Nov/2023:07:13:21 +0100] "GET /gorjuss-jotter-with-time-p-41189.html HTTP/1.0" 200 77495 "http://www.wonder-geek.com/stationery-cardmaking-c-129.html?page=29" "Mozilla/5.0 (Linux; Android 7.0;) AppleWebKit/537.36 (KHTML, like Gecko) Mobile Safari/537.36 (compatible; PetalBot;+https://webmaster.petalsearch.com/site/petalbot)"
47.128.17.222 - - [15/Nov/2023:07:13:34 +0100] "GET /home-is-where-the-dog-is-door-mat-p-36104.html HTTP/1.0" 301 77450 "-" "Mozilla/5.0 (Linux; Android 5.0) AppleWebKit/537.36 (KHTML, like Gecko) Mobile Safari/537.36 (compatible; Bytespider; spider-feedback@bytedance.com)"
47.128.17.222 - - [15/Nov/2023:07:13:36 +0100] "GET /-p-36104.html HTTP/1.0" 200 77383 "-" "Mozilla/5.0 (Linux; Android 5.0) AppleWebKit/537.36 (KHTML, like Gecko) Mobile Safari/537.36 (compatible; Bytespider; spider-feedback@bytedance.com)"
47.128.17.222 - - [15/Nov/2023:07:13:39 +0100] "GET /swfobject.js HTTP/1.0" 404 1308 "http://www.wonder-geek.com/-p-36104.html" "Mozilla/5.0 (Linux; Android 5.0) AppleWebKit/537.36 (KHTML, like Gecko) Mobile Safari/537.36 (compatible; Bytespider; spider-feedback@bytedance.com)"
47.128.17.222 - - [15/Nov/2023:07:13:43 +0100] "GET /highslide/graphics/zoomout.cur HTTP/1.0" 200 614 "http://www.wonder-geek.com/-p-36104.html" "Mozilla/5.0 (Linux; Android 5.0) AppleWebKit/537.36 (KHTML, like Gecko) Mobile Safari/537.36 (compatible; Bytespider; spider-feedback@bytedance.com)"
47.128.17.222 - - [15/Nov/2023:07:13:43 +0100] "GET /highslide/graphics/outlines/drop-shadow.png HTTP/1.0" 200 277 "http://www.wonder-geek.com/-p-36104.html" "Mozilla/5.0 (Linux; Android 5.0) AppleWebKit/537.36 (KHTML, like Gecko) Mobile Safari/537.36 (compatible; Bytespider; spider-feedback@bytedance.com)"
217.182.175.163 - - [15/Nov/2023:07:13:51 +0100] "GET /alarms-clocks-clocks-and-watches/clocks/can-clock-p-8114.html HTTP/1.0" 301 77488 "-" "Mozilla/5.0 (compatible; MJ12bot/v1.4.8; http://mj12bot.com/)"
217.182.175.163 - - [15/Nov/2023:07:13:54 +0100] "GET /clock-p-8114.html HTTP/1.0" 200 77417 "-" "Mozilla/5.0 (compatible; MJ12bot/v1.4.8; http://mj12bot.com/)"
217.182.175.163 - - [15/Nov/2023:07:13:57 +0100] "GET /alarms-clocks-clocks-and-watches/clocks/candy-kitchen-timer-clock-p-19938.html HTTP/1.0" 301 77450 "-" "Mozilla/5.0 (compatible; MJ12bot/v1.4.8; http://mj12bot.com/)"
54.36.148.179 - - [15/Nov/2023:07:13:57 +0100] "GET /plush-tree-hanging-decorations-p-56120.html HTTP/1.0" 200 79881 "-" "Mozilla/5.0 (compatible; AhrefsBot/7.0; +http://ahrefs.com/robot/)"
217.182.175.163 - - [15/Nov/2023:07:14:00 +0100] "GET /-p-19938.html HTTP/1.0" 200 77383 "-" "Mozilla/5.0 (compatible; MJ12bot/v1.4.8; http://mj12bot.com/)"
47.128.44.145 - - [15/Nov/2023:07:14:00 +0100] "GET /furniture-knob-sold-individually-p-55729.html HTTP/1.0" 200 77501 "-" "Mozilla/5.0 (Linux; Android 5.0) AppleWebKit/537.36 (KHTML, like Gecko) Mobile Safari/537.36 (compatible; Bytespider; spider-feedback@bytedance.com)"
47.128.44.145 - - [15/Nov/2023:07:14:02 +0100] "GET /swfobject.js HTTP/1.0" 404 1308 "http://www.wonder-geek.com/furniture-knob-sold-individually-p-55729.html" "Mozilla/5.0 (Linux; Android 5.0) AppleWebKit/537.36 (KHTML, like Gecko) Mobile Safari/537.36 (compatible; Bytespider; spider-feedback@bytedance.com)"
47.128.44.145 - - [15/Nov/2023:07:14:04 +0100] "GET /highslide/graphics/outlines/drop-shadow.png HTTP/1.0" 200 277 "http://www.wonder-geek.com/furniture-knob-sold-individually-p-55729.html" "Mozilla/5.0 (Linux; Android 5.0) AppleWebKit/537.36 (KHTML, like Gecko) Mobile Safari/537.36 (compatible; Bytespider; spider-feedback@bytedance.com)"
47.128.44.145 - - [15/Nov/2023:07:14:04 +0100] "GET /highslide/graphics/zoomout.cur HTTP/1.0" 200 614 "http://www.wonder-geek.com/furniture-knob-sold-individually-p-55729.html" "Mozilla/5.0 (Linux; Android 5.0) AppleWebKit/537.36 (KHTML, like Gecko) Mobile Safari/537.36 (compatible; Bytespider; spider-feedback@bytedance.com)"
217.182.175.163 - - [15/Nov/2023:07:14:03 +0100] "GET /alarms-clocks-clocks-and-watches/clocks/cars-clock-p-12527.html HTTP/1.0" 301 79792 "-" "Mozilla/5.0 (compatible; MJ12bot/v1.4.8; http://mj12bot.com/)"
217.182.175.163 - - [15/Nov/2023:07:14:06 +0100] "GET /cars-metal-clock-p-12527.html HTTP/1.0" 200 79709 "-" "Mozilla/5.0 (compatible; MJ12bot/v1.4.8; http://mj12bot.com/)"
217.182.175.163 - - [15/Nov/2023:07:14:09 +0100] "GET /alarms-clocks-clocks-and-watches/clocks/chat-noir-clock-p-15764.html HTTP/1.0" 301 77450 "-" "Mozilla/5.0 (compatible; MJ12bot/v1.4.8; http://mj12bot.com/)"
217.182.175.163 - - [15/Nov/2023:07:14:12 +0100] "GET /-p-15764.html HTTP/1.0" 200 77383 "-" "Mozilla/5.0 (compatible; MJ12bot/v1.4.8; http://mj12bot.com/)"
49.7.21.107 - - [15/Nov/2023:07:14:12 +0100] "GET / HTTP/1.0" 200 157689 "-" "Sogou web spider/4.0(+http://www.sogou.com/docs/help/webmasters.htm#07)"
217.182.175.163 - - [15/Nov/2023:07:14:15 +0100] "GET /alarms-clocks-clocks-and-watches/clocks/citr%C3%83%C2%B6en-clock-p-23285.html HTTP/1.0" 301 77450 "-" "Mozilla/5.0 (compatible; MJ12bot/v1.4.8; http://mj12bot.com/)"
217.182.175.163 - - [15/Nov/2023:07:14:17 +0100] "GET /-p-23285.html HTTP/1.0" 200 77383 "-" "Mozilla/5.0 (compatible; MJ12bot/v1.4.8; http://mj12bot.com/)"
217.182.175.163 - - [15/Nov/2023:07:14:20 +0100] "GET /alarms-clocks-clocks-and-watches/clocks/clock-cbk-p-24368.html HTTP/1.0" 301 77518 "-" "Mozilla/5.0 (compatible; MJ12bot/v1.4.8; http://mj12bot.com/)"
217.182.175.163 - - [15/Nov/2023:07:14:23 +0100] "GET /clock-cbkreation-p-24368.html HTTP/1.0" 200 77435 "-" "Mozilla/5.0 (compatible; MJ12bot/v1.4.8; http://mj12bot.com/)"
217.182.175.163 - - [15/Nov/2023:07:14:26 +0100] "GET /alarms-clocks-clocks-and-watches/clocks/clock-cbk-p-24371.html HTTP/1.0" 301 79918 "-" "Mozilla/5.0 (compatible; MJ12bot/v1.4.8; http://mj12bot.com/)"
217.182.175.163 - - [15/Nov/2023:07:14:29 +0100] "GET /clock-cbkreation-p-24371.html HTTP/1.0" 200 79835 "-" "Mozilla/5.0 (compatible; MJ12bot/v1.4.8; http://mj12bot.com/)"
217.182.175.163 - - [15/Nov/2023:07:14:32 +0100] "GET /alarms-clocks-clocks-and-watches/clocks/clock-cbk-p-24372.html HTTP/1.0" 301 77518 "-" "Mozilla/5.0 (compatible; MJ12bot/v1.4.8; http://mj12bot.com/)"
217.182.175.163 - - [15/Nov/2023:07:14:35 +0100] "GET /clock-cbkreation-p-24372.html HTTP/1.0" 200 77435 "-" "Mozilla/5.0 (compatible; MJ12bot/v1.4.8; http://mj12bot.com/)"
217.182.175.163 - - [15/Nov/2023:07:14:37 +0100] "GET /alarms-clocks-clocks-and-watches/clocks/clock-london-phone-booth-p-14659.html HTTP/1.0" 301 77450 "-" "Mozilla/5.0 (compatible; MJ12bot/v1.4.8; http://mj12bot.com/)"
47.128.28.191 - - [15/Nov/2023:07:14:38 +0100] "GET /betty-boop-champagne-sugar-box-p-15277.html HTTP/1.0" 301 77450 "-" "Mozilla/5.0 (Linux; Android 5.0) AppleWebKit/537.36 (KHTML, like Gecko) Mobile Safari/537.36 (compatible; Bytespider; spider-feedback@bytedance.com)"
54.36.148.125 - - [15/Nov/2023:07:14:39 +0100] "GET /bohemian-yellow-stoneware-trimmed-planter-p-58094.html HTTP/1.0" 200 80583 "-" "Mozilla/5.0 (compatible; AhrefsBot/7.0; +http://ahrefs.com/robot/)"
47.128.28.191 - - [15/Nov/2023:07:14:41 +0100] "GET /-p-15277.html HTTP/1.0" 200 77383 "-" "Mozilla/5.0 (Linux; Android 5.0) AppleWebKit/537.36 (KHTML, like Gecko) Mobile Safari/537.36 (compatible; Bytespider; spider-feedback@bytedance.com)"
217.182.175.163 - - [15/Nov/2023:07:14:40 +0100] "GET /-p-14659.html HTTP/1.0" 200 77383 "-" "Mozilla/5.0 (compatible; MJ12bot/v1.4.8; http://mj12bot.com/)"
217.182.175.163 - - [15/Nov/2023:07:14:44 +0100] "GET /alarms-clocks-clocks-and-watches/clocks/corsica-clock-cbk-p-24370.html HTTP/1.0" 301 77552 "-" "Mozilla/5.0 (compatible; MJ12bot/v1.4.8; http://mj12bot.com/)"
47.128.28.191 - - [15/Nov/2023:07:14:46 +0100] "GET /swfobject.js HTTP/1.0" 404 1308 "http://www.wonder-geek.com/-p-15277.html" "Mozilla/5.0 (Linux; Android 5.0) AppleWebKit/537.36 (KHTML, like Gecko) Mobile Safari/537.36 (compatible; Bytespider; spider-feedback@bytedance.com)"
217.182.175.163 - - [15/Nov/2023:07:14:47 +0100] "GET /corsica-clock-cbkreation-p-24370.html HTTP/1.0" 200 77461 "-" "Mozilla/5.0 (compatible; MJ12bot/v1.4.8; http://mj12bot.com/)"
47.128.28.191 - - [15/Nov/2023:07:14:48 +0100] "GET /highslide/graphics/zoomout.cur HTTP/1.0" 200 614 "http://www.wonder-geek.com/-p-15277.html" "Mozilla/5.0 (Linux; Android 5.0) AppleWebKit/537.36 (KHTML, like Gecko) Mobile Safari/537.36 (compatible; Bytespider; spider-feedback@bytedance.com)"
47.128.28.191 - - [15/Nov/2023:07:14:48 +0100] "GET /highslide/graphics/outlines/drop-shadow.png HTTP/1.0" 200 277 "http://www.wonder-geek.com/-p-15277.html" "Mozilla/5.0 (Linux; Android 5.0) AppleWebKit/537.36 (KHTML, like Gecko) Mobile Safari/537.36 (compatible; Bytespider; spider-feedback@bytedance.com)"
217.182.175.163 - - [15/Nov/2023:07:14:50 +0100] "GET /alarms-clocks-clocks-and-watches/clocks/eeyore-glass-clock-p-21445.html HTTP/1.0" 301 77450 "-" "Mozilla/5.0 (compatible; MJ12bot/v1.4.8; http://mj12bot.com/)"
114.119.131.42 - - [15/Nov/2023:07:14:54 +0100] "GET /%20images/big_prod/402982500681.jpg HTTP/1.0" 404 1308 "http://www.wonder-geek.com/ceramic-incense-burner-white-p-60907.html" "Mozilla/5.0 (Linux; Android 7.0;) AppleWebKit/537.36 (KHTML, like Gecko) Mobile Safari/537.36 (compatible; PetalBot;+https://webmaster.petalsearch.com/site/petalbot)"
217.182.175.163 - - [15/Nov/2023:07:14:53 +0100] "GET /-p-21445.html HTTP/1.0" 200 77383 "-" "Mozilla/5.0 (compatible; MJ12bot/v1.4.8; http://mj12bot.com/)"
217.182.175.163 - - [15/Nov/2023:07:14:55 +0100] "GET /alarms-clocks-clocks-and-watches/clocks/fiat-500-sport-clock-p-17068.html HTTP/1.0" 301 77450 "-" "Mozilla/5.0 (compatible; MJ12bot/v1.4.8; http://mj12bot.com/)"
217.182.175.163 - - [15/Nov/2023:07:14:58 +0100] "GET /-p-17068.html HTTP/1.0" 200 77383 "-" "Mozilla/5.0 (compatible; MJ12bot/v1.4.8; http://mj12bot.com/)"
217.182.175.163 - - [15/Nov/2023:07:15:01 +0100] "GET /alarms-clocks-clocks-and-watches/clocks/football-clock-cbk-p-24709.html HTTP/1.0" 301 79981 "-" "Mozilla/5.0 (compatible; MJ12bot/v1.4.8; http://mj12bot.com/)"
217.182.175.163 - - [15/Nov/2023:07:15:04 +0100] "GET /football-clock-cbkreation-p-24709.html HTTP/1.0" 200 79889 "-" "Mozilla/5.0 (compatible; MJ12bot/v1.4.8; http://mj12bot.com/)"
217.182.175.163 - - [15/Nov/2023:07:15:08 +0100] "GET /alarms-clocks-clocks-and-watches/clocks/green-vespa-clock-p-17062.html HTTP/1.0" 301 77450 "-" "Mozilla/5.0 (compatible; MJ12bot/v1.4.8; http://mj12bot.com/)"
47.128.49.103 - - [15/Nov/2023:07:15:11 +0100] "GET /alarms-clocks-clocks-and-watches/clocks/naruto-clock-p-5427.html HTTP/1.0" 301 77447 "-" "Mozilla/5.0 (Linux; Android 5.0) AppleWebKit/537.36 (KHTML, like Gecko) Mobile Safari/537.36 (compatible; Bytespider; spider-feedback@bytedance.com)"
217.182.175.163 - - [15/Nov/2023:07:15:12 +0100] "GET /-p-17062.html HTTP/1.0" 200 77383 "-" "Mozilla/5.0 (compatible; MJ12bot/v1.4.8; http://mj12bot.com/)"
47.128.49.103 - - [15/Nov/2023:07:15:13 +0100] "GET /-p-5427.html HTTP/1.0" 200 77381 "-" "Mozilla/5.0 (Linux; Android 5.0) AppleWebKit/537.36 (KHTML, like Gecko) Mobile Safari/537.36 (compatible; Bytespider; spider-feedback@bytedance.com)"
47.128.49.103 - - [15/Nov/2023:07:15:15 +0100] "GET /swfobject.js HTTP/1.0" 404 1308 "http://www.wonder-geek.com/-p-5427.html" "Mozilla/5.0 (Linux; Android 5.0) AppleWebKit/537.36 (KHTML, like Gecko) Mobile Safari/537.36 (compatible; Bytespider; spider-feedback@bytedance.com)"
47.128.49.103 - - [15/Nov/2023:07:15:16 +0100] "GET /swfobject.js HTTP/1.0" 404 1308 "http://www.wonder-geek.com/-p-5427.html" "Mozilla/5.0 (Linux; Android 5.0) AppleWebKit/537.36 (KHTML, like Gecko) Mobile Safari/537.36 (compatible; Bytespider; spider-feedback@bytedance.com)"
217.182.175.163 - - [15/Nov/2023:07:15:15 +0100] "GET /alarms-clocks-clocks-and-watches/clocks/horses-glass-clock-p-23027.html HTTP/1.0" 301 77450 "-" "Mozilla/5.0 (compatible; MJ12bot/v1.4.8; http://mj12bot.com/)"
54.36.148.224 - - [15/Nov/2023:07:15:16 +0100] "GET /flower-cover-white-metal-shape-p-58276.html HTTP/1.0" 200 80908 "-" "Mozilla/5.0 (compatible; AhrefsBot/7.0; +http://ahrefs.com/robot/)"
217.182.175.163 - - [15/Nov/2023:07:15:19 +0100] "GET /-p-23027.html HTTP/1.0" 200 77383 "-" "Mozilla/5.0 (compatible; MJ12bot/v1.4.8; http://mj12bot.com/)"
47.128.49.103 - - [15/Nov/2023:07:15:22 +0100] "GET /highslide/graphics/outlines/drop-shadow.png HTTP/1.0" 200 277 "http://www.wonder-geek.com/-p-5427.html" "Mozilla/5.0 (Linux; Android 5.0) AppleWebKit/537.36 (KHTML, like Gecko) Mobile Safari/537.36 (compatible; Bytespider; spider-feedback@bytedance.com)"
47.128.49.103 - - [15/Nov/2023:07:15:22 +0100] "GET /highslide/graphics/zoomout.cur HTTP/1.0" 200 614 "http://www.wonder-geek.com/-p-5427.html" "Mozilla/5.0 (Linux; Android 5.0) AppleWebKit/537.36 (KHTML, like Gecko) Mobile Safari/537.36 (compatible; Bytespider; spider-feedback@bytedance.com)"
217.182.175.163 - - [15/Nov/2023:07:15:22 +0100] "GET /alarms-clocks-clocks-and-watches/clocks/horses-glass-clock-p-23029.html HTTP/1.0" 301 77450 "-" "Mozilla/5.0 (compatible; MJ12bot/v1.4.8; http://mj12bot.com/)"
217.182.175.163 - - [15/Nov/2023:07:15:25 +0100] "GET /-p-23029.html HTTP/1.0" 200 77383 "-" "Mozilla/5.0 (compatible; MJ12bot/v1.4.8; http://mj12bot.com/)"
217.182.175.163 - - [15/Nov/2023:07:15:28 +0100] "GET /alarms-clocks-clocks-and-watches/clocks/horses-glass-sound-clock-p-24963.html HTTP/1.0" 301 77450 "-" "Mozilla/5.0 (compatible; MJ12bot/v1.4.8; http://mj12bot.com/)"
47.128.28.130 - - [15/Nov/2023:07:15:30 +0100] "GET /model-vespa-150-gs-1955-silver-p-18645.html HTTP/1.0" 301 77450 "-" "Mozilla/5.0 (Linux; Android 5.0) AppleWebKit/537.36 (KHTML, like Gecko) Mobile Safari/537.36 (compatible; Bytespider; spider-feedback@bytedance.com)"
217.182.175.163 - - [15/Nov/2023:07:15:31 +0100] "GET /-p-24963.html HTTP/1.0" 200 77383 "-" "Mozilla/5.0 (compatible; MJ12bot/v1.4.8; http://mj12bot.com/)"
47.128.28.130 - - [15/Nov/2023:07:15:32 +0100] "GET /-p-18645.html HTTP/1.0" 200 77383 "-" "Mozilla/5.0 (Linux; Android 5.0) AppleWebKit/537.36 (KHTML, like Gecko) Mobile Safari/537.36 (compatible; Bytespider; spider-feedback@bytedance.com)"
47.128.28.130 - - [15/Nov/2023:07:15:34 +0100] "GET /swfobject.js HTTP/1.0" 404 1308 "http://www.wonder-geek.com/-p-18645.html" "Mozilla/5.0 (Linux; Android 5.0) AppleWebKit/537.36 (KHTML, like Gecko) Mobile Safari/537.36 (compatible; Bytespider; spider-feedback@bytedance.com)"
47.128.28.130 - - [15/Nov/2023:07:15:35 +0100] "GET /highslide/graphics/outlines/drop-shadow.png HTTP/1.0" 200 277 "http://www.wonder-geek.com/-p-18645.html" "Mozilla/5.0 (Linux; Android 5.0) AppleWebKit/537.36 (KHTML, like Gecko) Mobile Safari/537.36 (compatible; Bytespider; spider-feedback@bytedance.com)"
47.128.28.130 - - [15/Nov/2023:07:15:36 +0100] "GET /highslide/graphics/zoomout.cur HTTP/1.0" 200 614 "http://www.wonder-geek.com/-p-18645.html" "Mozilla/5.0 (Linux; Android 5.0) AppleWebKit/537.36 (KHTML, like Gecko) Mobile Safari/537.36 (compatible; Bytespider; spider-feedback@bytedance.com)"
217.182.175.163 - - [15/Nov/2023:07:15:34 +0100] "GET /alarms-clocks-clocks-and-watches/clocks/jama%C3%83%C2%AFca-lion-clock-glass-p-15152.html HTTP/1.0" 301 77450 "-" "Mozilla/5.0 (compatible; MJ12bot/v1.4.8; http://mj12bot.com/)"
217.182.175.163 - - [15/Nov/2023:07:15:37 +0100] "GET /-p-15152.html HTTP/1.0" 200 77383 "-" "Mozilla/5.0 (compatible; MJ12bot/v1.4.8; http://mj12bot.com/)"
217.182.175.163 - - [15/Nov/2023:07:15:40 +0100] "GET /alarms-clocks-clocks-and-watches/clocks/jamaican-clock-p-24958.html HTTP/1.0" 301 79755 "-" "Mozilla/5.0 (compatible; MJ12bot/v1.4.8; http://mj12bot.com/)"
217.182.175.163 - - [15/Nov/2023:07:15:45 +0100] "GET /jamaican-clock-p-24958.html HTTP/1.0" 200 79674 "-" "Mozilla/5.0 (compatible; MJ12bot/v1.4.8; http://mj12bot.com/)"
217.182.175.163 - - [15/Nov/2023:07:15:48 +0100] "GET /alarms-clocks-clocks-and-watches/clocks/james-dean-clock-p-4392.html HTTP/1.0" 301 77447 "-" "Mozilla/5.0 (compatible; MJ12bot/v1.4.8; http://mj12bot.com/)"
94.56.103.180 - - [15/Nov/2023:07:15:50 +0100] "GET /images/mini_prod/3453131146739.jpg HTTP/1.0" 200 269 "-" "Mozilla/5.0 (X11; Ubuntu; Linux x86_64; rv:72.0) Gecko/20100101 Firefox/72.0"
217.182.175.163 - - [15/Nov/2023:07:15:51 +0100] "GET /-p-4392.html HTTP/1.0" 200 77381 "-" "Mozilla/5.0 (compatible; MJ12bot/v1.4.8; http://mj12bot.com/)"
217.182.175.163 - - [15/Nov/2023:07:15:55 +0100] "GET /alarms-clocks-clocks-and-watches/clocks/japan-clock-cbk-p-24686.html HTTP/1.0" 301 79948 "-" "Mozilla/5.0 (compatible; MJ12bot/v1.4.8; http://mj12bot.com/)"
47.128.40.107 - - [15/Nov/2023:07:15:55 +0100] "GET /luggages-schoolbags-leather-shop/computer-bag/paul-frank-blue-computer-bag-p-6062.html HTTP/1.0" 301 80753 "-" "Mozilla/5.0 (Linux; Android 5.0) AppleWebKit/537.36 (KHTML, like Gecko) Mobile Safari/537.36 (compatible; Bytespider; spider-feedback@bytedance.com)"
47.128.40.107 - - [15/Nov/2023:07:15:57 +0100] "GET /paul-frank-blue-computer-p-6062.html HTTP/1.0" 200 80663 "-" "Mozilla/5.0 (Linux; Android 5.0) AppleWebKit/537.36 (KHTML, like Gecko) Mobile Safari/537.36 (compatible; Bytespider; spider-feedback@bytedance.com)"
47.128.40.107 - - [15/Nov/2023:07:15:59 +0100] "GET /swfobject.js HTTP/1.0" 404 1308 "http://www.wonder-geek.com/paul-frank-blue-computer-p-6062.html" "Mozilla/5.0 (Linux; Android 5.0) AppleWebKit/537.36 (KHTML, like Gecko) Mobile Safari/537.36 (compatible; Bytespider; spider-feedback@bytedance.com)"
217.182.175.163 - - [15/Nov/2023:07:15:59 +0100] "GET /japan-clock-cbkreation-p-24686.html HTTP/1.0" 200 79859 "-" "Mozilla/5.0 (compatible; MJ12bot/v1.4.8; http://mj12bot.com/)"
47.128.40.107 - - [15/Nov/2023:07:16:03 +0100] "GET /highslide/graphics/zoomin.cur HTTP/1.0" 200 614 "http://www.wonder-geek.com/templates/Pixame_v1/stylesheet.css" "Mozilla/5.0 (Linux; Android 5.0) AppleWebKit/537.36 (KHTML, like Gecko) Mobile Safari/537.36 (compatible; Bytespider; spider-feedback@bytedance.com)"
47.128.40.107 - - [15/Nov/2023:07:16:03 +0100] "GET /images/big_prod_1/3281640318916.jpg HTTP/1.0" 200 270 "http://www.wonder-geek.com/paul-frank-blue-computer-p-6062.html" "Mozilla/5.0 (Linux; Android 5.0) AppleWebKit/537.36 (KHTML, like Gecko) Mobile Safari/537.36 (compatible; Bytespider; spider-feedback@bytedance.com)"
217.182.175.163 - - [15/Nov/2023:07:16:03 +0100] "GET /alarms-clocks-clocks-and-watches/clocks/johnny-hallyday-blue-neon-wall-clock-p-24166.html HTTP/1.0" 301 80611 "-" "Mozilla/5.0 (compatible; MJ12bot/v1.4.8; http://mj12bot.com/)"
54.36.148.216 - - [15/Nov/2023:07:16:04 +0100] "GET /incense-burner-sticks-cones-ganesh-p-44271.html HTTP/1.0" 200 79897 "-" "Mozilla/5.0 (compatible; AhrefsBot/7.0; +http://ahrefs.com/robot/)"
217.182.175.163 - - [15/Nov/2023:07:16:06 +0100] "GET /johnny-hallyday-blue-neon-wall-clock-p-24166.html HTTP/1.0" 200 80508 "-" "Mozilla/5.0 (compatible; MJ12bot/v1.4.8; http://mj12bot.com/)"
217.182.175.163 - - [15/Nov/2023:07:16:10 +0100] "GET /alarms-clocks-clocks-and-watches/clocks/johnny-hallyday-neon-guitar-wall-clock-p-14066.html HTTP/1.0" 301 77450 "-" "Mozilla/5.0 (compatible; MJ12bot/v1.4.8; http://mj12bot.com/)"
47.128.40.107 - - [15/Nov/2023:07:16:12 +0100] "GET /highslide/graphics/zoomout.cur HTTP/1.0" 200 614 "http://www.wonder-geek.com/paul-frank-blue-computer-p-6062.html" "Mozilla/5.0 (Linux; Android 5.0) AppleWebKit/537.36 (KHTML, like Gecko) Mobile Safari/537.36 (compatible; Bytespider; spider-feedback@bytedance.com)"
47.128.40.107 - - [15/Nov/2023:07:16:12 +0100] "GET /highslide/graphics/outlines/drop-shadow.png HTTP/1.0" 200 277 "http://www.wonder-geek.com/paul-frank-blue-computer-p-6062.html" "Mozilla/5.0 (Linux; Android 5.0) AppleWebKit/537.36 (KHTML, like Gecko) Mobile Safari/537.36 (compatible; Bytespider; spider-feedback@bytedance.com)"
47.128.40.107 - - [15/Nov/2023:07:16:12 +0100] "GET /images/big_prod/3281640318916N.jpg HTTP/1.0" 200 269 "http://www.wonder-geek.com/paul-frank-blue-computer-p-6062.html" "Mozilla/5.0 (Linux; Android 5.0) AppleWebKit/537.36 (KHTML, like Gecko) Mobile Safari/537.36 (compatible; Bytespider; spider-feedback@bytedance.com)"
217.182.175.163 - - [15/Nov/2023:07:16:14 +0100] "GET /-p-14066.html HTTP/1.0" 200 77383 "-" "Mozilla/5.0 (compatible; MJ12bot/v1.4.8; http://mj12bot.com/)"
217.182.175.163 - - [15/Nov/2023:07:16:18 +0100] "GET /alarms-clocks-clocks-and-watches/clocks/johnny-hallyday-purple-neon-wall-clock-p-15429.html HTTP/1.0" 301 80640 "-" "Mozilla/5.0 (compatible; MJ12bot/v1.4.8; http://mj12bot.com/)"
217.182.175.163 - - [15/Nov/2023:07:16:22 +0100] "GET /johnny-hallyday-purple-neon-wall-clock-p-15429.html HTTP/1.0" 200 80535 "-" "Mozilla/5.0 (compatible; MJ12bot/v1.4.8; http://mj12bot.com/)"
217.182.175.163 - - [15/Nov/2023:07:16:26 +0100] "GET /alarms-clocks-clocks-and-watches/clocks/johnny-hallyday-purple-neon-wall-clock-p-24120.html HTTP/1.0" 301 77450 "-" "Mozilla/5.0 (compatible; MJ12bot/v1.4.8; http://mj12bot.com/)"
217.182.175.163 - - [15/Nov/2023:07:16:31 +0100] "GET /-p-24120.html HTTP/1.0" 200 77383 "-" "Mozilla/5.0 (compatible; MJ12bot/v1.4.8; http://mj12bot.com/)"
210.217.95.253 - - [15/Nov/2023:07:16:32 +0100] "GET /images/mini_prod/8435333853276.jpg HTTP/1.0" 200 269 "-" "Mozilla/5.0 (X11; Ubuntu; Linux x86_64; rv:72.0) Gecko/20100101 Firefox/72.0"
114.119.144.176 - - [15/Nov/2023:07:16:35 +0100] "GET /%20images/big_prod/4029819043042.jpg HTTP/1.0" 404 1308 "http://www.wonder-geek.com/wooden-incense-stick-holder-star-p-60898.html" "Mozilla/5.0 (Linux; Android 7.0;) AppleWebKit/537.36 (KHTML, like Gecko) Mobile Safari/537.36 (compatible; PetalBot;+https://webmaster.petalsearch.com/site/petalbot)"
217.182.175.163 - - [15/Nov/2023:07:16:34 +0100] "GET /alarms-clocks-clocks-and-watches/clocks/johnny-hallyday-red-neon-wall-clock-p-15428.html HTTP/1.0" 301 79973 "-" "Mozilla/5.0 (compatible; MJ12bot/v1.4.8; http://mj12bot.com/)"
217.182.175.163 - - [15/Nov/2023:07:16:38 +0100] "GET /johnny-hallyday-neon-wall-clock-p-15428.html HTTP/1.0" 200 79875 "-" "Mozilla/5.0 (compatible; MJ12bot/v1.4.8; http://mj12bot.com/)"
54.36.148.246 - - [15/Nov/2023:07:16:41 +0100] "GET /tealights-holder-christmas-gift-p-38187.html HTTP/1.0" 200 80969 "-" "Mozilla/5.0 (compatible; AhrefsBot/7.0; +http://ahrefs.com/robot/)"
217.182.175.163 - - [15/Nov/2023:07:16:42 +0100] "GET /alarms-clocks-clocks-and-watches/clocks/johnny-hallyday-vinyl-clock-p-10444.html HTTP/1.0" 301 77450 "-" "Mozilla/5.0 (compatible; MJ12bot/v1.4.8; http://mj12bot.com/)"
17.241.219.30 - - [15/Nov/2023:07:16:45 +0100] "GET /retro-surf-metal-plate-deco-p-46420.html HTTP/1.0" 200 77542 "-" "Mozilla/5.0 (Macintosh; Intel Mac OS X 10_15_5) AppleWebKit/605.1.15 (KHTML, like Gecko) Version/13.1.1 Safari/605.1.15 (Applebot/0.1; +http://www.apple.com/go/applebot)"
217.182.175.163 - - [15/Nov/2023:07:16:46 +0100] "GET /-p-10444.html HTTP/1.0" 200 77383 "-" "Mozilla/5.0 (compatible; MJ12bot/v1.4.8; http://mj12bot.com/)"
217.182.175.163 - - [15/Nov/2023:07:16:50 +0100] "GET /alarms-clocks-clocks-and-watches/clocks/kitten-glass-clock-p-24945.html HTTP/1.0" 301 77450 "-" "Mozilla/5.0 (compatible; MJ12bot/v1.4.8; http://mj12bot.com/)"
47.128.60.3 - - [15/Nov/2023:07:16:53 +0100] "GET /frozen-disney-pink-cardboard-trunk-31-cm-p-29127.html HTTP/1.0" 301 77622 "-" "Mozilla/5.0 (Linux; Android 5.0) AppleWebKit/537.36 (KHTML, like Gecko) Mobile Safari/537.36 (compatible; Bytespider; spider-feedback@bytedance.com)"
47.128.60.3 - - [15/Nov/2023:07:16:54 +0100] "GET /frozen-disney-pink-cardboard-trunk-p-29127.html HTTP/1.0" 200 77521 "-" "Mozilla/5.0 (Linux; Android 5.0) AppleWebKit/537.36 (KHTML, like Gecko) Mobile Safari/537.36 (compatible; Bytespider; spider-feedback@bytedance.com)"
217.182.175.163 - - [15/Nov/2023:07:16:55 +0100] "GET /-p-24945.html HTTP/1.0" 200 77383 "-" "Mozilla/5.0 (compatible; MJ12bot/v1.4.8; http://mj12bot.com/)"
47.128.60.3 - - [15/Nov/2023:07:16:57 +0100] "GET /swfobject.js HTTP/1.0" 404 1308 "http://www.wonder-geek.com/frozen-disney-pink-cardboard-trunk-p-29127.html" "Mozilla/5.0 (Linux; Android 5.0) AppleWebKit/537.36 (KHTML, like Gecko) Mobile Safari/537.36 (compatible; Bytespider; spider-feedback@bytedance.com)"
47.128.28.197 - - [15/Nov/2023:07:16:57 +0100] "GET /plane-dusty-polar-blanket-p-21819.html HTTP/1.0" 301 77450 "-" "Mozilla/5.0 (Linux; Android 5.0) AppleWebKit/537.36 (KHTML, like Gecko) Mobile Safari/537.36 (compatible; Bytespider; spider-feedback@bytedance.com)"
47.128.60.3 - - [15/Nov/2023:07:16:59 +0100] "GET /highslide/graphics/outlines/drop-shadow.png HTTP/1.0" 200 277 "http://www.wonder-geek.com/frozen-disney-pink-cardboard-trunk-p-29127.html" "Mozilla/5.0 (Linux; Android 5.0) AppleWebKit/537.36 (KHTML, like Gecko) Mobile Safari/537.36 (compatible; Bytespider; spider-feedback@bytedance.com)"
47.128.60.3 - - [15/Nov/2023:07:16:59 +0100] "GET /highslide/graphics/zoomout.cur HTTP/1.0" 200 614 "http://www.wonder-geek.com/frozen-disney-pink-cardboard-trunk-p-29127.html" "Mozilla/5.0 (Linux; Android 5.0) AppleWebKit/537.36 (KHTML, like Gecko) Mobile Safari/537.36 (compatible; Bytespider; spider-feedback@bytedance.com)"
47.128.28.197 - - [15/Nov/2023:07:16:58 +0100] "GET /-p-21819.html HTTP/1.0" 200 77383 "-" "Mozilla/5.0 (Linux; Android 5.0) AppleWebKit/537.36 (KHTML, like Gecko) Mobile Safari/537.36 (compatible; Bytespider; spider-feedback@bytedance.com)"
47.128.28.197 - - [15/Nov/2023:07:17:00 +0100] "GET /swfobject.js HTTP/1.0" 404 1308 "http://www.wonder-geek.com/-p-21819.html" "Mozilla/5.0 (Linux; Android 5.0) AppleWebKit/537.36 (KHTML, like Gecko) Mobile Safari/537.36 (compatible; Bytespider; spider-feedback@bytedance.com)"
217.182.175.163 - - [15/Nov/2023:07:16:59 +0100] "GET /alarms-clocks-clocks-and-watches/clocks/lion-jamaican-clock-p-24961.html HTTP/1.0" 301 77450 "-" "Mozilla/5.0 (compatible; MJ12bot/v1.4.8; http://mj12bot.com/)"
23.22.35.162 - - [15/Nov/2023:07:17:01 +0100] "GET /wooden-bookend-trees-natural-white-p-61370.html HTTP/1.0" 200 80664 "-" "Mozilla/5.0 (Macintosh; Intel Mac OS X 10_10_1) AppleWebKit/600.2.5 (KHTML, like Gecko) Version/8.0.2 Safari/600.2.5 (Amazonbot/0.1; +https://developer.amazon.com/support/amazonbot)"
217.182.175.163 - - [15/Nov/2023:07:17:03 +0100] "GET /-p-24961.html HTTP/1.0" 200 77383 "-" "Mozilla/5.0 (compatible; MJ12bot/v1.4.8; http://mj12bot.com/)"
47.128.28.197 - - [15/Nov/2023:07:17:04 +0100] "GET /highslide/graphics/zoomout.cur HTTP/1.0" 200 614 "http://www.wonder-geek.com/-p-21819.html" "Mozilla/5.0 (Linux; Android 5.0) AppleWebKit/537.36 (KHTML, like Gecko) Mobile Safari/537.36 (compatible; Bytespider; spider-feedback@bytedance.com)"
47.128.28.197 - - [15/Nov/2023:07:17:04 +0100] "GET /highslide/graphics/outlines/drop-shadow.png HTTP/1.0" 200 277 "http://www.wonder-geek.com/-p-21819.html" "Mozilla/5.0 (Linux; Android 5.0) AppleWebKit/537.36 (KHTML, like Gecko) Mobile Safari/537.36 (compatible; Bytespider; spider-feedback@bytedance.com)"
217.182.175.163 - - [15/Nov/2023:07:17:08 +0100] "GET /alarms-clocks-clocks-and-watches/clocks/london-neon-guitar-clock-p-23205.html HTTP/1.0" 301 77450 "-" "Mozilla/5.0 (compatible; MJ12bot/v1.4.8; http://mj12bot.com/)"
217.182.175.163 - - [15/Nov/2023:07:17:12 +0100] "GET /-p-23205.html HTTP/1.0" 200 77383 "-" "Mozilla/5.0 (compatible; MJ12bot/v1.4.8; http://mj12bot.com/)"
217.182.175.163 - - [15/Nov/2023:07:17:17 +0100] "GET /alarms-clocks-clocks-and-watches/clocks/london-vintage-clock-p-22668.html HTTP/1.0" 301 77450 "-" "Mozilla/5.0 (compatible; MJ12bot/v1.4.8; http://mj12bot.com/)"
47.128.28.67 - - [15/Nov/2023:07:17:21 +0100] "GET /gorjuss-keyring-tall-tails-p-47747.html HTTP/1.0" 200 77498 "-" "Mozilla/5.0 (Linux; Android 5.0) AppleWebKit/537.36 (KHTML, like Gecko) Mobile Safari/537.36 (compatible; Bytespider; spider-feedback@bytedance.com)"
47.128.28.67 - - [15/Nov/2023:07:17:23 +0100] "GET /swfobject.js HTTP/1.0" 404 1308 "http://www.wonder-geek.com/gorjuss-keyring-tall-tails-p-47747.html" "Mozilla/5.0 (Linux; Android 5.0) AppleWebKit/537.36 (KHTML, like Gecko) Mobile Safari/537.36 (compatible; Bytespider; spider-feedback@bytedance.com)"
217.182.175.163 - - [15/Nov/2023:07:17:23 +0100] "GET /-p-22668.html HTTP/1.0" 200 77383 "-" "Mozilla/5.0 (compatible; MJ12bot/v1.4.8; http://mj12bot.com/)"
47.128.28.67 - - [15/Nov/2023:07:17:28 +0100] "GET /highslide/graphics/outlines/drop-shadow.png HTTP/1.0" 200 277 "http://www.wonder-geek.com/gorjuss-keyring-tall-tails-p-47747.html" "Mozilla/5.0 (Linux; Android 5.0) AppleWebKit/537.36 (KHTML, like Gecko) Mobile Safari/537.36 (compatible; Bytespider; spider-feedback@bytedance.com)"
47.128.28.67 - - [15/Nov/2023:07:17:28 +0100] "GET /highslide/graphics/zoomout.cur HTTP/1.0" 200 614 "http://www.wonder-geek.com/gorjuss-keyring-tall-tails-p-47747.html" "Mozilla/5.0 (Linux; Android 5.0) AppleWebKit/537.36 (KHTML, like Gecko) Mobile Safari/537.36 (compatible; Bytespider; spider-feedback@bytedance.com)"
217.182.175.163 - - [15/Nov/2023:07:17:28 +0100] "GET /alarms-clocks-clocks-and-watches/clocks/marilyn-monroe-clock-p-20707.html HTTP/1.0" 301 77540 "-" "Mozilla/5.0 (compatible; MJ12bot/v1.4.8; http://mj12bot.com/)"
217.182.175.163 - - [15/Nov/2023:07:17:33 +0100] "GET /marilyn-monroe-clock-p-20707.html HTTP/1.0" 200 77453 "-" "Mozilla/5.0 (compatible; MJ12bot/v1.4.8; http://mj12bot.com/)"
217.182.175.163 - - [15/Nov/2023:07:17:37 +0100] "GET /alarms-clocks-clocks-and-watches/clocks/marilyn-monroe-clock-p-4181.html HTTP/1.0" 301 77447 "-" "Mozilla/5.0 (compatible; MJ12bot/v1.4.8; http://mj12bot.com/)"
217.182.175.163 - - [15/Nov/2023:07:17:42 +0100] "GET /-p-4181.html HTTP/1.0" 200 77381 "-" "Mozilla/5.0 (compatible; MJ12bot/v1.4.8; http://mj12bot.com/)"
47.128.49.57 - - [15/Nov/2023:07:17:50 +0100] "GET /window-stickers-birds-p-49970.html HTTP/1.0" 301 77450 "-" "Mozilla/5.0 (Linux; Android 5.0) AppleWebKit/537.36 (KHTML, like Gecko) Mobile Safari/537.36 (compatible; Bytespider; spider-feedback@bytedance.com)"
114.119.128.102 - - [15/Nov/2023:07:17:50 +0100] "GET /mani-lucky-p-47570.html HTTP/1.0" 200 77437 "http://www.wonder-geek.com/mugs-mazagrans-c-12_57.html?page=25" "Mozilla/5.0 (Linux; Android 7.0;) AppleWebKit/537.36 (KHTML, like Gecko) Mobile Safari/537.36 (compatible; PetalBot;+https://webmaster.petalsearch.com/site/petalbot)"
47.128.49.57 - - [15/Nov/2023:07:17:52 +0100] "GET /-p-49970.html HTTP/1.0" 200 77383 "-" "Mozilla/5.0 (Linux; Android 5.0) AppleWebKit/537.36 (KHTML, like Gecko) Mobile Safari/537.36 (compatible; Bytespider; spider-feedback@bytedance.com)"
47.128.49.57 - - [15/Nov/2023:07:17:54 +0100] "GET /swfobject.js HTTP/1.0" 404 1308 "http://www.wonder-geek.com/-p-49970.html" "Mozilla/5.0 (Linux; Android 5.0) AppleWebKit/537.36 (KHTML, like Gecko) Mobile Safari/537.36 (compatible; Bytespider; spider-feedback@bytedance.com)"
54.36.148.179 - - [15/Nov/2023:07:17:55 +0100] "GET /bubbles-candy-cloud-keychain-p-49763.html HTTP/1.0" 200 79779 "-" "Mozilla/5.0 (compatible; AhrefsBot/7.0; +http://ahrefs.com/robot/)"
47.128.49.57 - - [15/Nov/2023:07:18:02 +0100] "GET /highslide/graphics/zoomout.cur HTTP/1.0" 200 614 "http://www.wonder-geek.com/-p-49970.html" "Mozilla/5.0 (Linux; Android 5.0) AppleWebKit/537.36 (KHTML, like Gecko) Mobile Safari/537.36 (compatible; Bytespider; spider-feedback@bytedance.com)"
47.128.49.57 - - [15/Nov/2023:07:18:02 +0100] "GET /highslide/graphics/outlines/drop-shadow.png HTTP/1.0" 200 277 "http://www.wonder-geek.com/-p-49970.html" "Mozilla/5.0 (Linux; Android 5.0) AppleWebKit/537.36 (KHTML, like Gecko) Mobile Safari/537.36 (compatible; Bytespider; spider-feedback@bytedance.com)"
47.128.49.234 - - [15/Nov/2023:07:18:20 +0100] "GET /les-macarons-alice-set-cup-and-saucer-p-18952.html HTTP/1.0" 301 77450 "-" "Mozilla/5.0 (Linux; Android 5.0) AppleWebKit/537.36 (KHTML, like Gecko) Mobile Safari/537.36 (compatible; Bytespider; spider-feedback@bytedance.com)"
47.128.49.234 - - [15/Nov/2023:07:18:22 +0100] "GET /-p-18952.html HTTP/1.0" 200 77383 "-" "Mozilla/5.0 (Linux; Android 5.0) AppleWebKit/537.36 (KHTML, like Gecko) Mobile Safari/537.36 (compatible; Bytespider; spider-feedback@bytedance.com)"
47.128.49.234 - - [15/Nov/2023:07:18:24 +0100] "GET /swfobject.js HTTP/1.0" 404 1308 "http://www.wonder-geek.com/-p-18952.html" "Mozilla/5.0 (Linux; Android 5.0) AppleWebKit/537.36 (KHTML, like Gecko) Mobile Safari/537.36 (compatible; Bytespider; spider-feedback@bytedance.com)"
47.128.49.234 - - [15/Nov/2023:07:18:24 +0100] "GET /highslide/graphics/outlines/drop-shadow.png HTTP/1.0" 200 277 "http://www.wonder-geek.com/-p-18952.html" "Mozilla/5.0 (Linux; Android 5.0) AppleWebKit/537.36 (KHTML, like Gecko) Mobile Safari/537.36 (compatible; Bytespider; spider-feedback@bytedance.com)"
47.128.49.234 - - [15/Nov/2023:07:18:25 +0100] "GET /highslide/graphics/zoomout.cur HTTP/1.0" 200 614 "http://www.wonder-geek.com/-p-18952.html" "Mozilla/5.0 (Linux; Android 5.0) AppleWebKit/537.36 (KHTML, like Gecko) Mobile Safari/537.36 (compatible; Bytespider; spider-feedback@bytedance.com)"
51.68.224.127 - - [15/Nov/2023:07:18:56 +0100] "GET /adminweb/export_orders_xml.php?token=256de2z6edz6ed2z6DFSFsed2zed6zeDSFDSGdzedezfzf&maxorders=10&orderstart=1&status=14&start_date=2018-10-01 HTTP/1.0" 200 285 "-" "GesCom CharlotteBoutik Serveur"
51.68.224.127 - - [15/Nov/2023:07:18:56 +0100] "GET /adminweb/export_orders_xml.php?token=256de2z6edz6ed2z6DFSFsed2zed6zeDSFDSGdzedezfzf&maxorders=10&orderstart=1&status=6&start_date=2018-10-01 HTTP/1.0" 200 33939 "-" "GesCom CharlotteBoutik Serveur"
54.36.148.118 - - [15/Nov/2023:07:18:56 +0100] "GET /breakfast-board-chef-tassen-made-germany-p-59958.html HTTP/1.0" 200 80772 "-" "Mozilla/5.0 (compatible; AhrefsBot/7.0; +http://ahrefs.com/robot/)"
52.167.144.180 - - [15/Nov/2023:07:20:02 +0100] "GET /images/med_prod/1341689132521.jpg HTTP/1.0" 200 268 "-" "Mozilla/5.0 AppleWebKit/537.36 (KHTML, like Gecko; compatible; bingbot/2.0; +http://www.bing.com/bingbot.htm) Chrome/103.0.5060.134 Safari/537.36"
54.36.148.79 - - [15/Nov/2023:07:20:02 +0100] "GET /mandala-p-55189.html HTTP/1.0" 200 80475 "-" "Mozilla/5.0 (compatible; AhrefsBot/7.0; +http://ahrefs.com/robot/)"
54.36.148.144 - - [15/Nov/2023:07:20:08 +0100] "GET /images/big_prod_1/4260082937960B.jpg HTTP/1.0" 200 271 "-" "Mozilla/5.0 (compatible; AhrefsBot/7.0; +http://ahrefs.com/robot/)"
217.182.175.163 - - [15/Nov/2023:07:20:39 +0100] "GET /alarms-clocks-clocks-and-watches/clocks/marilyn-monroe-glass-clock-p-12724.html HTTP/1.0" 301 77450 "-" "Mozilla/5.0 (compatible; MJ12bot/v1.4.8; http://mj12bot.com/)"
217.182.175.163 - - [15/Nov/2023:07:20:42 +0100] "GET /-p-12724.html HTTP/1.0" 200 77383 "-" "Mozilla/5.0 (compatible; MJ12bot/v1.4.8; http://mj12bot.com/)"
217.182.175.163 - - [15/Nov/2023:07:20:44 +0100] "GET /alarms-clocks-clocks-and-watches/clocks/marilyn-monroe-glass-clock-p-12859.html HTTP/1.0" 301 77450 "-" "Mozilla/5.0 (compatible; MJ12bot/v1.4.8; http://mj12bot.com/)"
217.182.175.163 - - [15/Nov/2023:07:20:47 +0100] "GET /-p-12859.html HTTP/1.0" 200 77383 "-" "Mozilla/5.0 (compatible; MJ12bot/v1.4.8; http://mj12bot.com/)"
217.182.175.163 - - [15/Nov/2023:07:20:50 +0100] "GET /alarms-clocks-clocks-and-watches/clocks/marilyn-monroe-white-glass-clock-p-14072.html HTTP/1.0" 301 77450 "-" "Mozilla/5.0 (compatible; MJ12bot/v1.4.8; http://mj12bot.com/)"
217.182.175.163 - - [15/Nov/2023:07:20:53 +0100] "GET /-p-14072.html HTTP/1.0" 200 77383 "-" "Mozilla/5.0 (compatible; MJ12bot/v1.4.8; http://mj12bot.com/)"
217.182.175.163 - - [15/Nov/2023:07:20:55 +0100] "GET /alarms-clocks-clocks-and-watches/clocks/michelle-arlen-owl-glass-clock-p-24295.html HTTP/1.0" 301 77578 "-" "Mozilla/5.0 (compatible; MJ12bot/v1.4.8; http://mj12bot.com/)"
52.70.240.171 - - [15/Nov/2023:07:20:55 +0100] "GET /kitchen-gloves-potholders-c-11_178.html HTTP/1.0" 200 97693 "-" "Mozilla/5.0 (Macintosh; Intel Mac OS X 10_10_1) AppleWebKit/600.2.5 (KHTML, like Gecko) Version/8.0.2 Safari/600.2.5 (Amazonbot/0.1; +https://developer.amazon.com/support/amazonbot)"
217.182.175.163 - - [15/Nov/2023:07:20:58 +0100] "GET /michelle-arlen-glass-clock-p-24295.html HTTP/1.0" 200 77485 "-" "Mozilla/5.0 (compatible; MJ12bot/v1.4.8; http://mj12bot.com/)"
8.218.254.250 - - [15/Nov/2023:07:21:01 +0100] "GET /images/mini_prod/9316188069182.jpg HTTP/1.0" 200 269 "-" "Mozilla/5.0 (X11; Ubuntu; Linux x86_64; rv:72.0) Gecko/20100101 Firefox/72.0"
217.182.175.163 - - [15/Nov/2023:07:21:01 +0100] "GET /alarms-clocks-clocks-and-watches/clocks/mickey-mouse-clock-collection-guitar-player-p-14772.html HTTP/1.0" 301 77450 "-" "Mozilla/5.0 (compatible; MJ12bot/v1.4.8; http://mj12bot.com/)"
217.182.175.163 - - [15/Nov/2023:07:21:03 +0100] "GET /-p-14772.html HTTP/1.0" 200 77383 "-" "Mozilla/5.0 (compatible; MJ12bot/v1.4.8; http://mj12bot.com/)"
217.182.175.163 - - [15/Nov/2023:07:21:06 +0100] "GET /alarms-clocks-clocks-and-watches/clocks/minnie-mouse-time-for-shopping-clock-collection-p-14775.html HTTP/1.0" 301 77450 "-" "Mozilla/5.0 (compatible; MJ12bot/v1.4.8; http://mj12bot.com/)"
54.36.148.99 - - [15/Nov/2023:07:21:07 +0100] "GET /napkin-holder-heart-cream-p-58515.html HTTP/1.0" 200 80507 "-" "Mozilla/5.0 (compatible; AhrefsBot/7.0; +http://ahrefs.com/robot/)"
217.182.175.163 - - [15/Nov/2023:07:21:09 +0100] "GET /-p-14775.html HTTP/1.0" 200 77383 "-" "Mozilla/5.0 (compatible; MJ12bot/v1.4.8; http://mj12bot.com/)"
54.36.148.64 - - [15/Nov/2023:07:21:10 +0100] "GET /images/big_prod/8712159111415.jpg HTTP/1.0" 200 268 "-" "Mozilla/5.0 (compatible; AhrefsBot/7.0; +http://ahrefs.com/robot/)"
217.182.175.163 - - [15/Nov/2023:07:21:12 +0100] "GET /alarms-clocks-clocks-and-watches/clocks/moto-guzzy-metal-clock-p-15592.html HTTP/1.0" 301 77450 "-" "Mozilla/5.0 (compatible; MJ12bot/v1.4.8; http://mj12bot.com/)"
217.182.175.163 - - [15/Nov/2023:07:21:14 +0100] "GET /-p-15592.html HTTP/1.0" 200 77383 "-" "Mozilla/5.0 (compatible; MJ12bot/v1.4.8; http://mj12bot.com/)"
217.182.175.163 - - [15/Nov/2023:07:21:17 +0100] "GET /alarms-clocks-clocks-and-watches/clocks/new-york-taxi-cabby-clock-p-13021.html HTTP/1.0" 301 77450 "-" "Mozilla/5.0 (compatible; MJ12bot/v1.4.8; http://mj12bot.com/)"
217.182.175.163 - - [15/Nov/2023:07:21:20 +0100] "GET /-p-13021.html HTTP/1.0" 200 77383 "-" "Mozilla/5.0 (compatible; MJ12bot/v1.4.8; http://mj12bot.com/)"
217.182.175.163 - - [15/Nov/2023:07:21:23 +0100] "GET /alarms-clocks-clocks-and-watches/clocks/paris-clock-p-12857.html HTTP/1.0" 301 77450 "-" "Mozilla/5.0 (compatible; MJ12bot/v1.4.8; http://mj12bot.com/)"
217.182.175.163 - - [15/Nov/2023:07:21:26 +0100] "GET /-p-12857.html HTTP/1.0" 200 77383 "-" "Mozilla/5.0 (compatible; MJ12bot/v1.4.8; http://mj12bot.com/)"
217.182.175.163 - - [15/Nov/2023:07:21:29 +0100] "GET /alarms-clocks-clocks-and-watches/clocks/paris-clock-p-13269.html HTTP/1.0" 301 77450 "-" "Mozilla/5.0 (compatible; MJ12bot/v1.4.8; http://mj12bot.com/)"
217.182.175.163 - - [15/Nov/2023:07:21:32 +0100] "GET /-p-13269.html HTTP/1.0" 200 77383 "-" "Mozilla/5.0 (compatible; MJ12bot/v1.4.8; http://mj12bot.com/)"
217.182.175.163 - - [15/Nov/2023:07:21:35 +0100] "GET /alarms-clocks-clocks-and-watches/clocks/paris-clock-p-8633.html HTTP/1.0" 301 77447 "-" "Mozilla/5.0 (compatible; MJ12bot/v1.4.8; http://mj12bot.com/)"
217.182.175.163 - - [15/Nov/2023:07:21:38 +0100] "GET /-p-8633.html HTTP/1.0" 200 77381 "-" "Mozilla/5.0 (compatible; MJ12bot/v1.4.8; http://mj12bot.com/)"
217.182.175.163 - - [15/Nov/2023:07:21:42 +0100] "GET /alarms-clocks-clocks-and-watches/clocks/paris-tour-eiffel-clock-with-pendulum-p-13018.html HTTP/1.0" 301 77450 "-" "Mozilla/5.0 (compatible; MJ12bot/v1.4.8; http://mj12bot.com/)"
217.182.175.163 - - [15/Nov/2023:07:21:45 +0100] "GET /-p-13018.html HTTP/1.0" 200 77383 "-" "Mozilla/5.0 (compatible; MJ12bot/v1.4.8; http://mj12bot.com/)"
217.182.175.163 - - [15/Nov/2023:07:21:48 +0100] "GET /alarms-clocks-clocks-and-watches/clocks/provence-lavender-clock-p-14805.html HTTP/1.0" 301 77555 "-" "Mozilla/5.0 (compatible; MJ12bot/v1.4.8; http://mj12bot.com/)"
40.77.167.21 - - [15/Nov/2023:07:21:48 +0100] "GET /array-m-20.html HTTP/1.0" 200 97241 "-" "Mozilla/5.0 AppleWebKit/537.36 (KHTML, like Gecko; compatible; bingbot/2.0; +http://www.bing.com/bingbot.htm) Chrome/103.0.5060.134 Safari/537.36"
217.182.175.163 - - [15/Nov/2023:07:21:51 +0100] "GET /provence-lavender-clock-p-14805.html HTTP/1.0" 200 77465 "-" "Mozilla/5.0 (compatible; MJ12bot/v1.4.8; http://mj12bot.com/)"
114.119.141.116 - - [15/Nov/2023:07:21:56 +0100] "GET /images/big_prod_1/3665269240245a.jpg HTTP/1.0" 200 271 "http://www.wonder-geek.com/decorative-cotton-hearts-hang-adelaide-p-59741.html" "Mozilla/5.0 (Linux; Android 7.0;) AppleWebKit/537.36 (KHTML, like Gecko) Mobile Safari/537.36 (compatible; PetalBot;+https://webmaster.petalsearch.com/site/petalbot)"
54.36.149.86 - - [15/Nov/2023:07:22:14 +0100] "GET /allen-decorated-cotton-adult-apron-p-58294.html HTTP/1.0" 200 79864 "-" "Mozilla/5.0 (compatible; AhrefsBot/7.0; +http://ahrefs.com/robot/)"
111.225.149.179 - - [15/Nov/2023:07:22:22 +0100] "GET /american-fireman-resin-figure-p-34232.html HTTP/1.0" 200 79946 "-" "Mozilla/5.0 (Linux; Android 5.0) AppleWebKit/537.36 (KHTML, like Gecko) Mobile Safari/537.36 (compatible; Bytespider; https://zhanzhang.toutiao.com/)"
111.225.149.188 - - [15/Nov/2023:07:22:24 +0100] "GET /swfobject.js HTTP/1.0" 404 1308 "http://www.wonder-geek.com/american-fireman-resin-figure-p-34232.html" "Mozilla/5.0 (Linux; Android 5.0) AppleWebKit/537.36 (KHTML, like Gecko) Mobile Safari/537.36 (compatible; Bytespider; https://zhanzhang.toutiao.com/)"
111.225.149.182 - - [15/Nov/2023:07:22:26 +0100] "GET /highslide/graphics/zoomout.cur HTTP/1.0" 200 614 "http://www.wonder-geek.com/american-fireman-resin-figure-p-34232.html" "Mozilla/5.0 (Linux; Android 5.0) AppleWebKit/537.36 (KHTML, like Gecko) Mobile Safari/537.36 (compatible; Bytespider; https://zhanzhang.toutiao.com/)"
111.225.149.186 - - [15/Nov/2023:07:22:26 +0100] "GET /images/med_prod/8433933706565.jpg HTTP/1.0" 200 268 "http://www.wonder-geek.com/american-fireman-resin-figure-p-34232.html" "Mozilla/5.0 (Linux; Android 5.0) AppleWebKit/537.36 (KHTML, like Gecko) Mobile Safari/537.36 (compatible; Bytespider; https://zhanzhang.toutiao.com/)"
203.185.130.166 - - [15/Nov/2023:07:22:44 +0100] "GET /images/mini_prod/3609810013544.jpg HTTP/1.0" 200 269 "-" "Mozilla/5.0 (X11; Ubuntu; Linux x86_64; rv:72.0) Gecko/20100101 Firefox/72.0"
40.77.167.21 - - [15/Nov/2023:07:23:03 +0100] "GET /dragon-ball-m-23.html HTTP/1.0" 200 87581 "-" "Mozilla/5.0 AppleWebKit/537.36 (KHTML, like Gecko; compatible; bingbot/2.0; +http://www.bing.com/bingbot.htm) Chrome/103.0.5060.134 Safari/537.36"
40.77.167.21 - - [15/Nov/2023:07:23:07 +0100] "GET /js/jquery.js HTTP/1.0" 200 252 "-" "Mozilla/5.0 AppleWebKit/537.36 (KHTML, like Gecko; compatible; bingbot/2.0; +http://www.bing.com/bingbot.htm) Chrome/103.0.5060.134 Safari/537.36"
52.167.144.232 - - [15/Nov/2023:07:23:07 +0100] "GET /js/jquery.masonry.min.js HTTP/1.0" 200 264 "-" "Mozilla/5.0 AppleWebKit/537.36 (KHTML, like Gecko; compatible; bingbot/2.0; +http://www.bing.com/bingbot.htm) Chrome/103.0.5060.134 Safari/537.36"
114.119.156.30 - - [15/Nov/2023:07:23:09 +0100] "GET /ceramic-vase-peacock-p-49607.html HTTP/1.0" 200 77465 "http://www.wonder-geek.com/vase-flower-pot-and-soliflore-c-13_232.html?page=3" "Mozilla/5.0 (Linux; Android 7.0;) AppleWebKit/537.36 (KHTML, like Gecko) Mobile Safari/537.36 (compatible; PetalBot;+https://webmaster.petalsearch.com/site/petalbot)"
54.36.149.92 - - [15/Nov/2023:07:23:19 +0100] "GET /fitted-sheet-cotton-percale-threads-p-56965.html HTTP/1.0" 200 80061 "-" "Mozilla/5.0 (compatible; AhrefsBot/7.0; +http://ahrefs.com/robot/)"
202.239.4.43 - - [15/Nov/2023:07:23:53 +0100] "GET /jackets-coats-parkas-c-2_41.html HTTP/1.0" 200 85010 "-" "Mozilla/5.0 (compatible; Y!J-WSC/1.0; +https://yahoo.jp/3BSZgF)"
52.70.240.171 - - [15/Nov/2023:07:24:00 +0100] "GET /-c-95_335.html HTTP/1.0" 200 76251 "-" "Mozilla/5.0 (Macintosh; Intel Mac OS X 10_10_1) AppleWebKit/600.2.5 (KHTML, like Gecko) Version/8.0.2 Safari/600.2.5 (Amazonbot/0.1; +https://developer.amazon.com/support/amazonbot)"
23.22.35.162 - - [15/Nov/2023:07:24:05 +0100] "GET /games-toys-c-4.html HTTP/1.0" 200 99290 "-" "Mozilla/5.0 (Macintosh; Intel Mac OS X 10_10_1) AppleWebKit/600.2.5 (KHTML, like Gecko) Version/8.0.2 Safari/600.2.5 (Amazonbot/0.1; +https://developer.amazon.com/support/amazonbot)"
54.36.148.79 - - [15/Nov/2023:07:24:06 +0100] "GET /quote-wall-sticker-rves-dsirs-espoirs-p-55687.html HTTP/1.0" 200 80855 "-" "Mozilla/5.0 (compatible; AhrefsBot/7.0; +http://ahrefs.com/robot/)"
114.119.137.105 - - [15/Nov/2023:07:24:18 +0100] "GET /%20images/big_prod/5400924343002.jpg HTTP/1.0" 404 1308 "http://www.wonder-geek.com/znia-ceramic-flowerpot-yellow-ocher-p-60827.html" "Mozilla/5.0 (Linux; Android 7.0;) AppleWebKit/537.36 (KHTML, like Gecko) Mobile Safari/537.36 (compatible; PetalBot;+https://webmaster.petalsearch.com/site/petalbot)"
216.244.66.242 - - [15/Nov/2023:07:24:27 +0100] "GET /ananas-table-lamp-p-44766.html HTTP/1.0" 301 77450 "-" "Mozilla/5.0 (compatible; DotBot/1.2; +https://opensiteexplorer.org/dotbot; help@moz.com)"
52.70.240.171 - - [15/Nov/2023:07:24:27 +0100] "GET /lamp-metal-wood-p-61371.html HTTP/1.0" 200 81114 "-" "Mozilla/5.0 (Macintosh; Intel Mac OS X 10_10_1) AppleWebKit/600.2.5 (KHTML, like Gecko) Version/8.0.2 Safari/600.2.5 (Amazonbot/0.1; +https://developer.amazon.com/support/amazonbot)"
54.36.148.83 - - [15/Nov/2023:07:24:52 +0100] "GET /bottle-holder-beer-bucket-c-12_224.html?page=1 HTTP/1.0" 200 97299 "-" "Mozilla/5.0 (compatible; AhrefsBot/7.0; +http://ahrefs.com/robot/)"
47.76.57.30 - - [15/Nov/2023:07:25:34 +0100] "GET /images/big_prod_1/b5404006033386.jpg HTTP/1.0" 200 271 "-" "Mozilla/5.0 (X11; Ubuntu; Linux x86_64; rv:72.0) Gecko/20100101 Firefox/72.0"
54.36.148.141 - - [15/Nov/2023:07:25:45 +0100] "GET /burlap-round-table-love-p-51117.html HTTP/1.0" 200 80329 "-" "Mozilla/5.0 (compatible; AhrefsBot/7.0; +http://ahrefs.com/robot/)"
54.36.148.47 - - [15/Nov/2023:07:26:40 +0100] "GET /anise-ganesh-glass-lamp-p-50580.html HTTP/1.0" 200 80398 "-" "Mozilla/5.0 (compatible; AhrefsBot/7.0; +http://ahrefs.com/robot/)"
54.36.148.157 - - [15/Nov/2023:07:26:44 +0100] "GET /images/big_prod_1/8429133370279N.jpg HTTP/1.0" 200 271 "-" "Mozilla/5.0 (compatible; AhrefsBot/7.0; +http://ahrefs.com/robot/)"
47.128.30.197 - - [15/Nov/2023:07:26:51 +0100] "GET /luggages-schoolbags-leather-shop/bagshandbags-shoulder-bags/mister-men-black-sport-bag-p-3822.html HTTP/1.0" 301 77447 "-" "Mozilla/5.0 (Linux; Android 5.0) AppleWebKit/537.36 (KHTML, like Gecko) Mobile Safari/537.36 (compatible; Bytespider; spider-feedback@bytedance.com)"
47.128.30.197 - - [15/Nov/2023:07:26:53 +0100] "GET /-p-3822.html HTTP/1.0" 200 77381 "-" "Mozilla/5.0 (Linux; Android 5.0) AppleWebKit/537.36 (KHTML, like Gecko) Mobile Safari/537.36 (compatible; Bytespider; spider-feedback@bytedance.com)"
