192.99.15.17 - - [15/Nov/2023:08:15:36 +0100] "GET /ceramic-salt-box-with-spoon-cabourg-p-47866.html HTTP/1.0" 301 77661 "-" "Mozilla/5.0 (compatible; MJ12bot/v1.4.8; http://mj12bot.com/)"
192.99.15.17 - - [15/Nov/2023:08:15:39 +0100] "GET /salt-with-spoon-cabourg-p-47866.html HTTP/1.0" 200 77571 "-" "Mozilla/5.0 (compatible; MJ12bot/v1.4.8; http://mj12bot.com/)"
192.99.15.17 - - [15/Nov/2023:08:15:42 +0100] "GET /ceramic-salt-box-with-spoon-wave-p-47867.html HTTP/1.0" 301 77672 "-" "Mozilla/5.0 (compatible; MJ12bot/v1.4.8; http://mj12bot.com/)"
192.99.15.17 - - [15/Nov/2023:08:15:45 +0100] "GET /ceramic-salt-with-spoon-wave-p-47867.html HTTP/1.0" 200 77577 "-" "Mozilla/5.0 (compatible; MJ12bot/v1.4.8; http://mj12bot.com/)"
192.99.15.17 - - [15/Nov/2023:08:15:49 +0100] "GET /ceramic-salt-pot-with-spoon-faustine-p-47873.html HTTP/1.0" 301 80003 "-" "Mozilla/5.0 (compatible; MJ12bot/v1.4.8; http://mj12bot.com/)"
192.99.15.17 - - [15/Nov/2023:08:15:52 +0100] "GET /ceramic-salt-with-spoon-faustine-p-47873.html HTTP/1.0" 200 79904 "-" "Mozilla/5.0 (compatible; MJ12bot/v1.4.8; http://mj12bot.com/)"
192.99.15.17 - - [15/Nov/2023:08:15:55 +0100] "GET /ceramic-salt-with-spoon-aderne-blue-p-47870.html HTTP/1.0" 200 77591 "-" "Mozilla/5.0 (compatible; MJ12bot/v1.4.8; http://mj12bot.com/)"
192.99.15.17 - - [15/Nov/2023:08:15:59 +0100] "GET /ceramic-salt-with-spoon-aderne-p-47869.html HTTP/1.0" 200 77581 "-" "Mozilla/5.0 (compatible; MJ12bot/v1.4.8; http://mj12bot.com/)"
192.99.15.17 - - [15/Nov/2023:08:16:02 +0100] "GET /ceramic-salt-with-spoon-faustine-p-47873.html HTTP/1.0" 200 79904 "-" "Mozilla/5.0 (compatible; MJ12bot/v1.4.8; http://mj12bot.com/)"
192.99.15.17 - - [15/Nov/2023:08:16:06 +0100] "GET /ceramic-salt-with-spoon-wave-p-47867.html HTTP/1.0" 200 77577 "-" "Mozilla/5.0 (compatible; MJ12bot/v1.4.8; http://mj12bot.com/)"
192.99.15.17 - - [15/Nov/2023:08:16:10 +0100] "GET /ceramic-skull-with-pistol-p-53007.html HTTP/1.0" 200 77575 "-" "Mozilla/5.0 (compatible; MJ12bot/v1.4.8; http://mj12bot.com/)"
192.99.15.17 - - [15/Nov/2023:08:16:13 +0100] "GET /ceramic-wooden-coffee-p-42167.html HTTP/1.0" 200 77579 "-" "Mozilla/5.0 (compatible; MJ12bot/v1.4.8; http://mj12bot.com/)"
192.99.15.17 - - [15/Nov/2023:08:16:16 +0100] "GET /cesarine-potholder-20-cm-p-43822.html HTTP/1.0" 301 77544 "-" "Mozilla/5.0 (compatible; MJ12bot/v1.4.8; http://mj12bot.com/)"
192.99.15.17 - - [15/Nov/2023:08:16:20 +0100] "GET /-p-43822.html HTTP/1.0" 200 77477 "-" "Mozilla/5.0 (compatible; MJ12bot/v1.4.8; http://mj12bot.com/)"
192.99.15.17 - - [15/Nov/2023:08:16:23 +0100] "GET /chair-cushion-gray-cotton-and-jute-40-cm-p-39812.html HTTP/1.0" 301 77544 "-" "Mozilla/5.0 (compatible; MJ12bot/v1.4.8; http://mj12bot.com/)"
54.36.149.43 - - [15/Nov/2023:08:16:24 +0100] "GET /black-fancy-elastic-bracelet-p-43726.html HTTP/1.0" 200 79831 "-" "Mozilla/5.0 (compatible; AhrefsBot/7.0; +http://ahrefs.com/robot/)"
192.99.15.17 - - [15/Nov/2023:08:16:27 +0100] "GET /-p-39812.html HTTP/1.0" 200 77477 "-" "Mozilla/5.0 (compatible; MJ12bot/v1.4.8; http://mj12bot.com/)"
192.99.15.17 - - [15/Nov/2023:08:16:30 +0100] "GET /chair-cushion-gray-cotton-jute-p-39812.html HTTP/1.0" 301 77544 "-" "Mozilla/5.0 (compatible; MJ12bot/v1.4.8; http://mj12bot.com/)"
192.99.15.17 - - [15/Nov/2023:08:16:33 +0100] "GET /-p-39812.html HTTP/1.0" 200 77477 "-" "Mozilla/5.0 (compatible; MJ12bot/v1.4.8; http://mj12bot.com/)"
192.99.15.17 - - [15/Nov/2023:08:16:36 +0100] "GET /chair-cushion-in-teal-blue-cotton-p-47761.html HTTP/1.0" 301 80004 "-" "Mozilla/5.0 (compatible; MJ12bot/v1.4.8; http://mj12bot.com/)"
192.99.15.17 - - [15/Nov/2023:08:16:39 +0100] "GET /chair-cushion-teal-blue-cotton-p-47761.html HTTP/1.0" 200 79907 "-" "Mozilla/5.0 (compatible; MJ12bot/v1.4.8; http://mj12bot.com/)"
192.99.15.17 - - [15/Nov/2023:08:16:43 +0100] "GET /chair-cushion-teal-blue-cotton-p-47761.html HTTP/1.0" 200 79907 "-" "Mozilla/5.0 (compatible; MJ12bot/v1.4.8; http://mj12bot.com/)"
192.99.15.17 - - [15/Nov/2023:08:16:46 +0100] "GET /chair-cushion-with-fringes-taupe-p-51743.html HTTP/1.0" 200 77583 "-" "Mozilla/5.0 (compatible; MJ12bot/v1.4.8; http://mj12bot.com/)"
192.99.15.17 - - [15/Nov/2023:08:16:49 +0100] "GET /chavade-bedclothes-260-240-cm-p-43957.html HTTP/1.0" 301 77544 "-" "Mozilla/5.0 (compatible; MJ12bot/v1.4.8; http://mj12bot.com/)"
192.99.15.17 - - [15/Nov/2023:08:16:52 +0100] "GET /-p-43957.html HTTP/1.0" 200 77477 "-" "Mozilla/5.0 (compatible; MJ12bot/v1.4.8; http://mj12bot.com/)"
192.99.15.17 - - [15/Nov/2023:08:16:56 +0100] "GET /cheese-tray-excuse-french-p-45517.html HTTP/1.0" 200 77577 "-" "Mozilla/5.0 (compatible; MJ12bot/v1.4.8; http://mj12bot.com/)"
23.22.35.162 - - [15/Nov/2023:08:16:57 +0100] "GET /underwear-c-2_38.html HTTP/1.0" 200 82773 "-" "Mozilla/5.0 (Macintosh; Intel Mac OS X 10_10_1) AppleWebKit/600.2.5 (KHTML, like Gecko) Version/8.0.2 Safari/600.2.5 (Amazonbot/0.1; +https://developer.amazon.com/support/amazonbot)"
192.99.15.17 - - [15/Nov/2023:08:16:59 +0100] "GET /cheese-tray-excuse-my-french-p-45517.html HTTP/1.0" 301 77669 "-" "Mozilla/5.0 (compatible; MJ12bot/v1.4.8; http://mj12bot.com/)"
52.70.240.171 - - [15/Nov/2023:08:16:58 +0100] "GET /round-trays-c-12_159_263.html HTTP/1.0" 200 96756 "-" "Mozilla/5.0 (Macintosh; Intel Mac OS X 10_10_1) AppleWebKit/600.2.5 (KHTML, like Gecko) Version/8.0.2 Safari/600.2.5 (Amazonbot/0.1; +https://developer.amazon.com/support/amazonbot)"
192.99.15.17 - - [15/Nov/2023:08:17:02 +0100] "GET /cheese-tray-excuse-french-p-45517.html HTTP/1.0" 200 77577 "-" "Mozilla/5.0 (compatible; MJ12bot/v1.4.8; http://mj12bot.com/)"
52.70.240.171 - - [15/Nov/2023:08:17:01 +0100] "GET /curtains-lace-curtains-c-11_69.html HTTP/1.0" 200 96856 "-" "Mozilla/5.0 (Macintosh; Intel Mac OS X 10_10_1) AppleWebKit/600.2.5 (KHTML, like Gecko) Version/8.0.2 Safari/600.2.5 (Amazonbot/0.1; +https://developer.amazon.com/support/amazonbot)"
192.99.15.17 - - [15/Nov/2023:08:17:05 +0100] "GET /cherries-beige-sponge-holder-p-34501.html HTTP/1.0" 301 77544 "-" "Mozilla/5.0 (compatible; MJ12bot/v1.4.8; http://mj12bot.com/)"
192.99.15.17 - - [15/Nov/2023:08:17:08 +0100] "GET /-p-34501.html HTTP/1.0" 200 77477 "-" "Mozilla/5.0 (compatible; MJ12bot/v1.4.8; http://mj12bot.com/)"
54.36.148.75 - - [15/Nov/2023:08:17:09 +0100] "GET /postcard-with-envelope-anniversary-years-p-48850.html HTTP/1.0" 200 80053 "-" "Mozilla/5.0 (compatible; AhrefsBot/7.0; +http://ahrefs.com/robot/)"
47.128.28.160 - - [15/Nov/2023:08:17:11 +0100] "GET /stone-petrified-wood-50-60-grams-p-46566.html HTTP/1.0" 301 77544 "-" "Mozilla/5.0 (Linux; Android 5.0) AppleWebKit/537.36 (KHTML, like Gecko) Mobile Safari/537.36 (compatible; Bytespider; spider-feedback@bytedance.com)"
192.99.15.17 - - [15/Nov/2023:08:17:11 +0100] "GET /cherries-red-sponge-holder-p-34500.html HTTP/1.0" 301 79919 "-" "Mozilla/5.0 (compatible; MJ12bot/v1.4.8; http://mj12bot.com/)"
47.128.28.160 - - [15/Nov/2023:08:17:13 +0100] "GET /-p-46566.html HTTP/1.0" 200 77477 "-" "Mozilla/5.0 (Linux; Android 5.0) AppleWebKit/537.36 (KHTML, like Gecko) Mobile Safari/537.36 (compatible; Bytespider; spider-feedback@bytedance.com)"
47.128.28.160 - - [15/Nov/2023:08:17:15 +0100] "GET /swfobject.js HTTP/1.0" 404 1308 "http://www.wonder-geek.com/-p-46566.html" "Mozilla/5.0 (Linux; Android 5.0) AppleWebKit/537.36 (KHTML, like Gecko) Mobile Safari/537.36 (compatible; Bytespider; spider-feedback@bytedance.com)"
192.99.15.17 - - [15/Nov/2023:08:17:14 +0100] "GET /cherries-sponge-holder-p-34500.html HTTP/1.0" 200 79830 "-" "Mozilla/5.0 (compatible; MJ12bot/v1.4.8; http://mj12bot.com/)"
192.99.15.17 - - [15/Nov/2023:08:17:18 +0100] "GET /cherries-sponge-holder-p-34500.html HTTP/1.0" 200 79830 "-" "Mozilla/5.0 (compatible; MJ12bot/v1.4.8; http://mj12bot.com/)"
47.128.28.160 - - [15/Nov/2023:08:17:20 +0100] "GET /highslide/graphics/outlines/drop-shadow.png HTTP/1.0" 200 277 "http://www.wonder-geek.com/-p-46566.html" "Mozilla/5.0 (Linux; Android 5.0) AppleWebKit/537.36 (KHTML, like Gecko) Mobile Safari/537.36 (compatible; Bytespider; spider-feedback@bytedance.com)"
47.128.28.160 - - [15/Nov/2023:08:17:20 +0100] "GET /highslide/graphics/zoomout.cur HTTP/1.0" 200 614 "http://www.wonder-geek.com/-p-46566.html" "Mozilla/5.0 (Linux; Android 5.0) AppleWebKit/537.36 (KHTML, like Gecko) Mobile Safari/537.36 (compatible; Bytespider; spider-feedback@bytedance.com)"
110.249.202.17 - - [15/Nov/2023:08:17:20 +0100] "GET /statue-santa-claus-lucky-santa-p-56946.html HTTP/1.0" 200 80977 "-" "Mozilla/5.0 (Linux; Android 5.0) AppleWebKit/537.36 (KHTML, like Gecko) Mobile Safari/537.36 (compatible; Bytespider; https://zhanzhang.toutiao.com/)"
110.249.202.8 - - [15/Nov/2023:08:17:22 +0100] "GET /swfobject.js HTTP/1.0" 404 1308 "http://www.wonder-geek.com/statue-santa-claus-lucky-santa-p-56946.html" "Mozilla/5.0 (Linux; Android 5.0) AppleWebKit/537.36 (KHTML, like Gecko) Mobile Safari/537.36 (compatible; Bytespider; https://zhanzhang.toutiao.com/)"
192.99.15.17 - - [15/Nov/2023:08:17:21 +0100] "GET /chess-flask-shot-glasses-gift-p-59104.html HTTP/1.0" 200 81100 "-" "Mozilla/5.0 (compatible; MJ12bot/v1.4.8; http://mj12bot.com/)"
110.249.202.5 - - [15/Nov/2023:08:17:23 +0100] "GET /images/big_prod_2/3660173240718b.jpg HTTP/1.0" 200 271 "http://www.wonder-geek.com/statue-santa-claus-lucky-santa-p-56946.html" "Mozilla/5.0 (Linux; Android 5.0) AppleWebKit/537.36 (KHTML, like Gecko) Mobile Safari/537.36 (compatible; Bytespider; https://zhanzhang.toutiao.com/)"
110.249.202.14 - - [15/Nov/2023:08:17:23 +0100] "GET /images/big_prod_1/3660173240718a.jpg HTTP/1.0" 200 271 "http://www.wonder-geek.com/statue-santa-claus-lucky-santa-p-56946.html" "Mozilla/5.0 (Linux; Android 5.0) AppleWebKit/537.36 (KHTML, like Gecko) Mobile Safari/537.36 (compatible; Bytespider; https://zhanzhang.toutiao.com/)"
110.249.202.6 - - [15/Nov/2023:08:17:23 +0100] "GET /highslide/graphics/zoomout.cur HTTP/1.0" 200 614 "http://www.wonder-geek.com/statue-santa-claus-lucky-santa-p-56946.html" "Mozilla/5.0 (Linux; Android 5.0) AppleWebKit/537.36 (KHTML, like Gecko) Mobile Safari/537.36 (compatible; Bytespider; https://zhanzhang.toutiao.com/)"
110.249.202.12 - - [15/Nov/2023:08:17:23 +0100] "GET /images/big_prod/3660173240718.jpg HTTP/1.0" 200 268 "http://www.wonder-geek.com/statue-santa-claus-lucky-santa-p-56946.html" "Mozilla/5.0 (Linux; Android 5.0) AppleWebKit/537.36 (KHTML, like Gecko) Mobile Safari/537.36 (compatible; Bytespider; https://zhanzhang.toutiao.com/)"
192.99.15.17 - - [15/Nov/2023:08:17:24 +0100] "GET /chicago-bulls-mug-p-44957.html HTTP/1.0" 301 77607 "-" "Mozilla/5.0 (compatible; MJ12bot/v1.4.8; http://mj12bot.com/)"
192.99.15.17 - - [15/Nov/2023:08:17:27 +0100] "GET /chicago-bulls-p-44957.html HTTP/1.0" 200 77527 "-" "Mozilla/5.0 (compatible; MJ12bot/v1.4.8; http://mj12bot.com/)"
192.99.15.17 - - [15/Nov/2023:08:17:30 +0100] "GET /chicago-bulls-p-44957.html HTTP/1.0" 200 77527 "-" "Mozilla/5.0 (compatible; MJ12bot/v1.4.8; http://mj12bot.com/)"
192.99.15.17 - - [15/Nov/2023:08:17:33 +0100] "GET /chihuahua-punk-moneybox-p-29096.html HTTP/1.0" 301 77544 "-" "Mozilla/5.0 (compatible; MJ12bot/v1.4.8; http://mj12bot.com/)"
192.99.15.17 - - [15/Nov/2023:08:17:36 +0100] "GET /-p-29096.html HTTP/1.0" 200 77477 "-" "Mozilla/5.0 (compatible; MJ12bot/v1.4.8; http://mj12bot.com/)"
192.99.15.17 - - [15/Nov/2023:08:17:39 +0100] "GET /chikako-kimmidoll-necklace-swarovski-p-16765.html HTTP/1.0" 301 77544 "-" "Mozilla/5.0 (compatible; MJ12bot/v1.4.8; http://mj12bot.com/)"
47.128.58.236 - - [15/Nov/2023:08:17:40 +0100] "GET /baseball-bat-humorous-red-p-39399.html HTTP/1.0" 301 77544 "-" "Mozilla/5.0 (Linux; Android 5.0) AppleWebKit/537.36 (KHTML, like Gecko) Mobile Safari/537.36 (compatible; Bytespider; spider-feedback@bytedance.com)"
192.99.15.17 - - [15/Nov/2023:08:17:42 +0100] "GET /-p-16765.html HTTP/1.0" 200 77477 "-" "Mozilla/5.0 (compatible; MJ12bot/v1.4.8; http://mj12bot.com/)"
47.128.58.236 - - [15/Nov/2023:08:17:42 +0100] "GET /-p-39399.html HTTP/1.0" 200 77477 "-" "Mozilla/5.0 (Linux; Android 5.0) AppleWebKit/537.36 (KHTML, like Gecko) Mobile Safari/537.36 (compatible; Bytespider; spider-feedback@bytedance.com)"
47.128.58.236 - - [15/Nov/2023:08:17:44 +0100] "GET /swfobject.js HTTP/1.0" 404 1308 "http://www.wonder-geek.com/-p-39399.html" "Mozilla/5.0 (Linux; Android 5.0) AppleWebKit/537.36 (KHTML, like Gecko) Mobile Safari/537.36 (compatible; Bytespider; spider-feedback@bytedance.com)"
192.99.15.17 - - [15/Nov/2023:08:17:44 +0100] "GET /chikako-kimmidoll-swarovski-chain-bracelet-with-charm-p-16775.html HTTP/1.0" 200 81163 "-" "Mozilla/5.0 (compatible; MJ12bot/v1.4.8; http://mj12bot.com/)"
47.128.58.236 - - [15/Nov/2023:08:17:47 +0100] "GET /highslide/graphics/outlines/drop-shadow.png HTTP/1.0" 200 277 "http://www.wonder-geek.com/-p-39399.html" "Mozilla/5.0 (Linux; Android 5.0) AppleWebKit/537.36 (KHTML, like Gecko) Mobile Safari/537.36 (compatible; Bytespider; spider-feedback@bytedance.com)"
47.128.58.236 - - [15/Nov/2023:08:17:47 +0100] "GET /highslide/graphics/zoomout.cur HTTP/1.0" 200 614 "http://www.wonder-geek.com/-p-39399.html" "Mozilla/5.0 (Linux; Android 5.0) AppleWebKit/537.36 (KHTML, like Gecko) Mobile Safari/537.36 (compatible; Bytespider; spider-feedback@bytedance.com)"
192.99.15.17 - - [15/Nov/2023:08:17:47 +0100] "GET /chime-bird-metal-patinated-p-39984.html HTTP/1.0" 200 77571 "-" "Mozilla/5.0 (compatible; MJ12bot/v1.4.8; http://mj12bot.com/)"
192.99.15.17 - - [15/Nov/2023:08:17:51 +0100] "GET /christmas-2016-figurine-sonny-angel-p-37967.html HTTP/1.0" 200 77611 "-" "Mozilla/5.0 (compatible; MJ12bot/v1.4.8; http://mj12bot.com/)"
54.36.148.118 - - [15/Nov/2023:08:17:52 +0100] "GET /cement-lamp-p-59122.html HTTP/1.0" 200 80936 "-" "Mozilla/5.0 (compatible; AhrefsBot/7.0; +http://ahrefs.com/robot/)"
40.77.167.38 - - [15/Nov/2023:08:17:52 +0100] "GET /musical-c-13_150_149.html HTTP/1.0" 200 98422 "-" "Mozilla/5.0 AppleWebKit/537.36 (KHTML, like Gecko; compatible; bingbot/2.0; +http://www.bing.com/bingbot.htm) Chrome/103.0.5060.134 Safari/537.36"
192.99.15.17 - - [15/Nov/2023:08:17:54 +0100] "GET /christmas-balls-first-christmas-p-56873.html HTTP/1.0" 200 77609 "-" "Mozilla/5.0 (compatible; MJ12bot/v1.4.8; http://mj12bot.com/)"
192.99.15.17 - - [15/Nov/2023:08:17:57 +0100] "GET /christmas-balls-gold-velvet-p-59188.html HTTP/1.0" 200 77629 "-" "Mozilla/5.0 (compatible; MJ12bot/v1.4.8; http://mj12bot.com/)"
192.99.15.17 - - [15/Nov/2023:08:18:00 +0100] "GET /christmas-tree-decoration-hanging-p-49635.html HTTP/1.0" 301 77544 "-" "Mozilla/5.0 (compatible; MJ12bot/v1.4.8; http://mj12bot.com/)"
192.99.15.17 - - [15/Nov/2023:08:18:03 +0100] "GET /-p-49635.html HTTP/1.0" 200 77477 "-" "Mozilla/5.0 (compatible; MJ12bot/v1.4.8; http://mj12bot.com/)"
192.99.15.17 - - [15/Nov/2023:08:18:06 +0100] "GET /cinderella-money-box-p-8420.html HTTP/1.0" 301 77640 "-" "Mozilla/5.0 (compatible; MJ12bot/v1.4.8; http://mj12bot.com/)"
192.99.15.17 - - [15/Nov/2023:08:18:09 +0100] "GET /cinderella-money-p-8420.html HTTP/1.0" 200 77558 "-" "Mozilla/5.0 (compatible; MJ12bot/v1.4.8; http://mj12bot.com/)"
47.128.21.29 - - [15/Nov/2023:08:18:10 +0100] "GET /toys-c-4_45.html?page=5 HTTP/1.0" 200 92687 "-" "Mozilla/5.0 (Linux; Android 5.0) AppleWebKit/537.36 (KHTML, like Gecko) Mobile Safari/537.36 (compatible; Bytespider; spider-feedback@bytedance.com)"
47.128.21.29 - - [15/Nov/2023:08:18:12 +0100] "GET /swfobject.js HTTP/1.0" 404 1308 "http://www.wonder-geek.com/toys-c-4_45.html?page=5" "Mozilla/5.0 (Linux; Android 5.0) AppleWebKit/537.36 (KHTML, like Gecko) Mobile Safari/537.36 (compatible; Bytespider; spider-feedback@bytedance.com)"
47.128.21.29 - - [15/Nov/2023:08:18:12 +0100] "GET /js/jquery.min.js HTTP/1.0" 404 1308 "http://www.wonder-geek.com/toys-c-4_45.html?page=5" "Mozilla/5.0 (Linux; Android 5.0) AppleWebKit/537.36 (KHTML, like Gecko) Mobile Safari/537.36 (compatible; Bytespider; spider-feedback@bytedance.com)"
47.128.21.29 - - [15/Nov/2023:08:18:12 +0100] "GET /highslide/graphics/outlines/drop-shadow.png HTTP/1.0" 200 277 "http://www.wonder-geek.com/toys-c-4_45.html?page=5" "Mozilla/5.0 (Linux; Android 5.0) AppleWebKit/537.36 (KHTML, like Gecko) Mobile Safari/537.36 (compatible; Bytespider; spider-feedback@bytedance.com)"
47.128.21.29 - - [15/Nov/2023:08:18:12 +0100] "GET /highslide/graphics/zoomout.cur HTTP/1.0" 200 614 "http://www.wonder-geek.com/toys-c-4_45.html?page=5" "Mozilla/5.0 (Linux; Android 5.0) AppleWebKit/537.36 (KHTML, like Gecko) Mobile Safari/537.36 (compatible; Bytespider; spider-feedback@bytedance.com)"
192.99.15.17 - - [15/Nov/2023:08:18:12 +0100] "GET /cinderella-money-p-8420.html HTTP/1.0" 200 77558 "-" "Mozilla/5.0 (compatible; MJ12bot/v1.4.8; http://mj12bot.com/)"
192.99.15.17 - - [15/Nov/2023:08:18:15 +0100] "GET /cinderella-polar-blanket-p-94.html HTTP/1.0" 301 77535 "-" "Mozilla/5.0 (compatible; MJ12bot/v1.4.8; http://mj12bot.com/)"
192.99.15.17 - - [15/Nov/2023:08:18:18 +0100] "GET /-p-94.html HTTP/1.0" 200 77471 "-" "Mozilla/5.0 (compatible; MJ12bot/v1.4.8; http://mj12bot.com/)"
192.99.15.17 - - [15/Nov/2023:08:18:21 +0100] "GET /clocks-c-13_67.html?page=1 HTTP/1.0" 200 99570 "-" "Mozilla/5.0 (compatible; MJ12bot/v1.4.8; http://mj12bot.com/)"
192.99.15.17 - - [15/Nov/2023:08:18:25 +0100] "GET /clocks-c-13_67.html?page=10 HTTP/1.0" 200 94883 "-" "Mozilla/5.0 (compatible; MJ12bot/v1.4.8; http://mj12bot.com/)"
192.99.15.17 - - [15/Nov/2023:08:18:29 +0100] "GET /clocks-c-13_67.html?page=11 HTTP/1.0" 200 94883 "-" "Mozilla/5.0 (compatible; MJ12bot/v1.4.8; http://mj12bot.com/)"
192.99.15.17 - - [15/Nov/2023:08:18:32 +0100] "GET /clocks-c-13_67.html?page=2 HTTP/1.0" 200 100775 "-" "Mozilla/5.0 (compatible; MJ12bot/v1.4.8; http://mj12bot.com/)"
192.99.15.17 - - [15/Nov/2023:08:18:36 +0100] "GET /clocks-c-13_67.html?page=3 HTTP/1.0" 200 99910 "-" "Mozilla/5.0 (compatible; MJ12bot/v1.4.8; http://mj12bot.com/)"
192.99.15.17 - - [15/Nov/2023:08:18:40 +0100] "GET /clocks-c-13_67.html?page=4 HTTP/1.0" 200 99874 "-" "Mozilla/5.0 (compatible; MJ12bot/v1.4.8; http://mj12bot.com/)"
54.36.148.101 - - [15/Nov/2023:08:18:44 +0100] "GET /aujourd-jour-card-p-20049.html HTTP/1.0" 200 79968 "-" "Mozilla/5.0 (compatible; AhrefsBot/7.0; +http://ahrefs.com/robot/)"
192.99.15.17 - - [15/Nov/2023:08:18:44 +0100] "GET /clocks-c-13_67.html?page=5 HTTP/1.0" 200 100153 "-" "Mozilla/5.0 (compatible; MJ12bot/v1.4.8; http://mj12bot.com/)"
192.99.15.17 - - [15/Nov/2023:08:18:48 +0100] "GET /clocks-c-13_67.html?page=6 HTTP/1.0" 200 100079 "-" "Mozilla/5.0 (compatible; MJ12bot/v1.4.8; http://mj12bot.com/)"
192.99.15.17 - - [15/Nov/2023:08:18:52 +0100] "GET /clocks-c-13_67.html?page=7 HTTP/1.0" 200 99763 "-" "Mozilla/5.0 (compatible; MJ12bot/v1.4.8; http://mj12bot.com/)"
192.99.15.17 - - [15/Nov/2023:08:18:56 +0100] "GET /clocks-c-13_67.html?page=8 HTTP/1.0" 200 100707 "-" "Mozilla/5.0 (compatible; MJ12bot/v1.4.8; http://mj12bot.com/)"
192.99.15.17 - - [15/Nov/2023:08:19:00 +0100] "GET /clocks-c-67.html?page=1 HTTP/1.0" 301 99524 "-" "Mozilla/5.0 (compatible; MJ12bot/v1.4.8; http://mj12bot.com/)"
192.99.15.17 - - [15/Nov/2023:08:19:03 +0100] "GET /clocks-c-13_67.html?page=1 HTTP/1.0" 200 99570 "-" "Mozilla/5.0 (compatible; MJ12bot/v1.4.8; http://mj12bot.com/)"
192.99.15.17 - - [15/Nov/2023:08:19:06 +0100] "GET /clocks-c-67.html?page=10 HTTP/1.0" 301 94838 "-" "Mozilla/5.0 (compatible; MJ12bot/v1.4.8; http://mj12bot.com/)"
192.99.15.17 - - [15/Nov/2023:08:19:09 +0100] "GET /clocks-c-13_67.html?page=10 HTTP/1.0" 200 94883 "-" "Mozilla/5.0 (compatible; MJ12bot/v1.4.8; http://mj12bot.com/)"
192.99.15.17 - - [15/Nov/2023:08:19:13 +0100] "GET /clocks-c-67.html?page=11 HTTP/1.0" 301 94838 "-" "Mozilla/5.0 (compatible; MJ12bot/v1.4.8; http://mj12bot.com/)"
192.99.15.17 - - [15/Nov/2023:08:19:16 +0100] "GET /clocks-c-13_67.html?page=11 HTTP/1.0" 200 94883 "-" "Mozilla/5.0 (compatible; MJ12bot/v1.4.8; http://mj12bot.com/)"
192.99.15.17 - - [15/Nov/2023:08:19:20 +0100] "GET /clocks-c-67.html?page=2 HTTP/1.0" 301 100729 "-" "Mozilla/5.0 (compatible; MJ12bot/v1.4.8; http://mj12bot.com/)"
154.55.92.188 - - [15/Nov/2023:08:19:22 +0100] "GET /images/3660173175256.jpg HTTP/1.0" 200 259 "-" "Mozilla/5.0 (Macintosh; Intel Mac OS X 10_15_7) AppleWebKit/537.36 (KHTML, like Gecko) Chrome/115.0.0.0 Safari/537.36"
192.99.15.17 - - [15/Nov/2023:08:19:23 +0100] "GET /clocks-c-13_67.html?page=2 HTTP/1.0" 200 100775 "-" "Mozilla/5.0 (compatible; MJ12bot/v1.4.8; http://mj12bot.com/)"
54.36.148.135 - - [15/Nov/2023:08:19:24 +0100] "GET /placemat-kiub-collection-jewels-p-55913.html HTTP/1.0" 200 80604 "-" "Mozilla/5.0 (compatible; AhrefsBot/7.0; +http://ahrefs.com/robot/)"
192.99.15.17 - - [15/Nov/2023:08:19:27 +0100] "GET /clocks-c-67.html?page=3 HTTP/1.0" 301 99864 "-" "Mozilla/5.0 (compatible; MJ12bot/v1.4.8; http://mj12bot.com/)"
192.99.15.17 - - [15/Nov/2023:08:19:29 +0100] "GET /clocks-c-13_67.html?page=3 HTTP/1.0" 200 99910 "-" "Mozilla/5.0 (compatible; MJ12bot/v1.4.8; http://mj12bot.com/)"
192.99.15.17 - - [15/Nov/2023:08:19:33 +0100] "GET /clocks-c-67.html?page=4 HTTP/1.0" 301 99828 "-" "Mozilla/5.0 (compatible; MJ12bot/v1.4.8; http://mj12bot.com/)"
192.99.15.17 - - [15/Nov/2023:08:19:37 +0100] "GET /clocks-c-13_67.html?page=4 HTTP/1.0" 200 99874 "-" "Mozilla/5.0 (compatible; MJ12bot/v1.4.8; http://mj12bot.com/)"
192.99.15.17 - - [15/Nov/2023:08:19:40 +0100] "GET /clocks-c-67.html?page=5 HTTP/1.0" 301 100107 "-" "Mozilla/5.0 (compatible; MJ12bot/v1.4.8; http://mj12bot.com/)"
192.99.15.17 - - [15/Nov/2023:08:19:43 +0100] "GET /clocks-c-13_67.html?page=5 HTTP/1.0" 200 100153 "-" "Mozilla/5.0 (compatible; MJ12bot/v1.4.8; http://mj12bot.com/)"
192.99.15.17 - - [15/Nov/2023:08:19:47 +0100] "GET /clocks-c-67.html?page=6 HTTP/1.0" 301 100033 "-" "Mozilla/5.0 (compatible; MJ12bot/v1.4.8; http://mj12bot.com/)"
192.99.15.17 - - [15/Nov/2023:08:19:50 +0100] "GET /clocks-c-13_67.html?page=6 HTTP/1.0" 200 100079 "-" "Mozilla/5.0 (compatible; MJ12bot/v1.4.8; http://mj12bot.com/)"
192.99.15.17 - - [15/Nov/2023:08:19:54 +0100] "GET /clocks-c-67.html?page=7 HTTP/1.0" 301 99717 "-" "Mozilla/5.0 (compatible; MJ12bot/v1.4.8; http://mj12bot.com/)"
23.22.35.162 - - [15/Nov/2023:08:19:56 +0100] "GET /placemats-c-12_156.html HTTP/1.0" 200 99785 "-" "Mozilla/5.0 (Macintosh; Intel Mac OS X 10_10_1) AppleWebKit/600.2.5 (KHTML, like Gecko) Version/8.0.2 Safari/600.2.5 (Amazonbot/0.1; +https://developer.amazon.com/support/amazonbot)"
23.22.35.162 - - [15/Nov/2023:08:19:57 +0100] "GET /boxes-storage-c-13_150.html HTTP/1.0" 200 101676 "-" "Mozilla/5.0 (Macintosh; Intel Mac OS X 10_10_1) AppleWebKit/600.2.5 (KHTML, like Gecko) Version/8.0.2 Safari/600.2.5 (Amazonbot/0.1; +https://developer.amazon.com/support/amazonbot)"
192.99.15.17 - - [15/Nov/2023:08:19:57 +0100] "GET /clocks-c-13_67.html?page=7 HTTP/1.0" 200 99763 "-" "Mozilla/5.0 (compatible; MJ12bot/v1.4.8; http://mj12bot.com/)"
52.70.240.171 - - [15/Nov/2023:08:20:02 +0100] "GET /duvet-cover-c-11_195.html HTTP/1.0" 200 98619 "-" "Mozilla/5.0 (Macintosh; Intel Mac OS X 10_10_1) AppleWebKit/600.2.5 (KHTML, like Gecko) Version/8.0.2 Safari/600.2.5 (Amazonbot/0.1; +https://developer.amazon.com/support/amazonbot)"
192.99.15.17 - - [15/Nov/2023:08:20:02 +0100] "GET /clocks-c-67.html?page=8 HTTP/1.0" 301 100661 "-" "Mozilla/5.0 (compatible; MJ12bot/v1.4.8; http://mj12bot.com/)"
192.99.15.17 - - [15/Nov/2023:08:20:05 +0100] "GET /clocks-c-13_67.html?page=8 HTTP/1.0" 200 100707 "-" "Mozilla/5.0 (compatible; MJ12bot/v1.4.8; http://mj12bot.com/)"
3.224.220.101 - - [15/Nov/2023:08:20:06 +0100] "GET /with-infuser-c-12_221.html HTTP/1.0" 200 98526 "-" "Mozilla/5.0 (Macintosh; Intel Mac OS X 10_10_1) AppleWebKit/600.2.5 (KHTML, like Gecko) Version/8.0.2 Safari/600.2.5 (Amazonbot/0.1; +https://developer.amazon.com/support/amazonbot)"
17.241.227.78 - - [15/Nov/2023:08:20:07 +0100] "GET /lavender-provence-little-tray-p-39727.html HTTP/1.0" 200 80681 "-" "Mozilla/5.0 (Macintosh; Intel Mac OS X 10_15_5) AppleWebKit/605.1.15 (KHTML, like Gecko) Version/13.1.1 Safari/605.1.15 (Applebot/0.1; +http://www.apple.com/go/applebot)"
52.70.240.171 - - [15/Nov/2023:08:20:08 +0100] "GET /coconut-cutlery-with-organic-cotton-case-p-59593.html HTTP/1.0" 200 81305 "-" "Mozilla/5.0 (Macintosh; Intel Mac OS X 10_10_1) AppleWebKit/600.2.5 (KHTML, like Gecko) Version/8.0.2 Safari/600.2.5 (Amazonbot/0.1; +https://developer.amazon.com/support/amazonbot)"
192.99.15.17 - - [15/Nov/2023:08:20:09 +0100] "GET /clos-vougeot-kitchen-apron-made-france-p-36647.html HTTP/1.0" 301 77544 "-" "Mozilla/5.0 (compatible; MJ12bot/v1.4.8; http://mj12bot.com/)"
192.99.15.17 - - [15/Nov/2023:08:20:12 +0100] "GET /-p-36647.html HTTP/1.0" 200 77477 "-" "Mozilla/5.0 (compatible; MJ12bot/v1.4.8; http://mj12bot.com/)"
3.224.220.101 - - [15/Nov/2023:08:20:12 +0100] "GET /pillow-protector-bolster-protector-c-11_276.html HTTP/1.0" 200 86858 "-" "Mozilla/5.0 (Macintosh; Intel Mac OS X 10_10_1) AppleWebKit/600.2.5 (KHTML, like Gecko) Version/8.0.2 Safari/600.2.5 (Amazonbot/0.1; +https://developer.amazon.com/support/amazonbot)"
192.99.15.17 - - [15/Nov/2023:08:20:15 +0100] "GET /clos-vougeot-kitchen-apron-made-in-france-p-36647.html HTTP/1.0" 301 77544 "-" "Mozilla/5.0 (compatible; MJ12bot/v1.4.8; http://mj12bot.com/)"
23.22.35.162 - - [15/Nov/2023:08:20:14 +0100] "GET /accessories-mobiles-c-3_17.html HTTP/1.0" 200 101371 "-" "Mozilla/5.0 (Macintosh; Intel Mac OS X 10_10_1) AppleWebKit/600.2.5 (KHTML, like Gecko) Version/8.0.2 Safari/600.2.5 (Amazonbot/0.1; +https://developer.amazon.com/support/amazonbot)"
192.99.15.17 - - [15/Nov/2023:08:20:18 +0100] "GET /-p-36647.html HTTP/1.0" 200 77477 "-" "Mozilla/5.0 (compatible; MJ12bot/v1.4.8; http://mj12bot.com/)"
192.99.15.17 - - [15/Nov/2023:08:20:21 +0100] "GET /coca-cola-large-metal-plate-deco-p-27959.html HTTP/1.0" 200 79906 "-" "Mozilla/5.0 (compatible; MJ12bot/v1.4.8; http://mj12bot.com/)"
54.36.148.246 - - [15/Nov/2023:08:20:23 +0100] "GET /chakra-relief-aromatic-light-candles-p-35501.html HTTP/1.0" 200 81906 "-" "Mozilla/5.0 (compatible; AhrefsBot/7.0; +http://ahrefs.com/robot/)"
192.99.15.17 - - [15/Nov/2023:08:20:24 +0100] "GET /coca-cola-large-metal-plate-deco-p-27960.html HTTP/1.0" 200 77595 "-" "Mozilla/5.0 (compatible; MJ12bot/v1.4.8; http://mj12bot.com/)"
192.99.15.17 - - [15/Nov/2023:08:20:27 +0100] "GET /coca-cola-large-metal-plate-deco-p-27961.html HTTP/1.0" 200 79888 "-" "Mozilla/5.0 (compatible; MJ12bot/v1.4.8; http://mj12bot.com/)"
192.99.15.17 - - [15/Nov/2023:08:20:30 +0100] "GET /coca-cola-large-metal-plate-deco-p-27962.html HTTP/1.0" 301 77544 "-" "Mozilla/5.0 (compatible; MJ12bot/v1.4.8; http://mj12bot.com/)"
85.208.96.199 - - [15/Nov/2023:08:20:33 +0100] "GET /robots.txt HTTP/1.0" 200 245 "-" "Mozilla/5.0 (compatible; SemrushBot/7~bl; +http://www.semrush.com/bot.html)"
192.99.15.17 - - [15/Nov/2023:08:20:32 +0100] "GET /-p-27962.html HTTP/1.0" 200 77477 "-" "Mozilla/5.0 (compatible; MJ12bot/v1.4.8; http://mj12bot.com/)"
85.208.96.201 - - [15/Nov/2023:08:20:33 +0100] "GET /fragrances-ambiance-c-231.html?page=12 HTTP/1.0" 200 100081 "-" "Mozilla/5.0 (compatible; SemrushBot/7~bl; +http://www.semrush.com/bot.html)"
192.99.15.17 - - [15/Nov/2023:08:20:35 +0100] "GET /coca-cola-large-metal-plate-deco-p-27963.html HTTP/1.0" 200 77595 "-" "Mozilla/5.0 (compatible; MJ12bot/v1.4.8; http://mj12bot.com/)"
192.99.15.17 - - [15/Nov/2023:08:20:38 +0100] "GET /coca-cola-metal-magnet-p-27939.html HTTP/1.0" 301 77544 "-" "Mozilla/5.0 (compatible; MJ12bot/v1.4.8; http://mj12bot.com/)"
192.99.15.17 - - [15/Nov/2023:08:20:41 +0100] "GET /-p-27939.html HTTP/1.0" 200 77477 "-" "Mozilla/5.0 (compatible; MJ12bot/v1.4.8; http://mj12bot.com/)"
192.99.15.17 - - [15/Nov/2023:08:20:44 +0100] "GET /coca-cola-metal-plate-20-15-cm-p-27972.html HTTP/1.0" 301 77544 "-" "Mozilla/5.0 (compatible; MJ12bot/v1.4.8; http://mj12bot.com/)"
192.99.15.17 - - [15/Nov/2023:08:20:47 +0100] "GET /-p-27972.html HTTP/1.0" 200 77477 "-" "Mozilla/5.0 (compatible; MJ12bot/v1.4.8; http://mj12bot.com/)"
192.99.15.17 - - [15/Nov/2023:08:20:50 +0100] "GET /coca-cola-metal-plate-30-20-cm-p-27975.html HTTP/1.0" 301 77544 "-" "Mozilla/5.0 (compatible; MJ12bot/v1.4.8; http://mj12bot.com/)"
192.99.15.17 - - [15/Nov/2023:08:20:53 +0100] "GET /-p-27975.html HTTP/1.0" 200 77477 "-" "Mozilla/5.0 (compatible; MJ12bot/v1.4.8; http://mj12bot.com/)"
192.99.15.17 - - [15/Nov/2023:08:20:56 +0100] "GET /coca-cola-metal-plate-30-20-cm-p-28077.html HTTP/1.0" 301 77661 "-" "Mozilla/5.0 (compatible; MJ12bot/v1.4.8; http://mj12bot.com/)"
192.99.15.17 - - [15/Nov/2023:08:20:59 +0100] "GET /coca-cola-metal-plate-p-28077.html HTTP/1.0" 200 77573 "-" "Mozilla/5.0 (compatible; MJ12bot/v1.4.8; http://mj12bot.com/)"
192.99.15.17 - - [15/Nov/2023:08:21:02 +0100] "GET /coca-cola-metal-plate-p-27972.html HTTP/1.0" 301 77544 "-" "Mozilla/5.0 (compatible; MJ12bot/v1.4.8; http://mj12bot.com/)"
192.99.15.17 - - [15/Nov/2023:08:21:05 +0100] "GET /-p-27972.html HTTP/1.0" 200 77477 "-" "Mozilla/5.0 (compatible; MJ12bot/v1.4.8; http://mj12bot.com/)"
192.99.15.17 - - [15/Nov/2023:08:21:08 +0100] "GET /coca-cola-metal-plate-p-27975.html HTTP/1.0" 301 77544 "-" "Mozilla/5.0 (compatible; MJ12bot/v1.4.8; http://mj12bot.com/)"
192.99.15.17 - - [15/Nov/2023:08:21:11 +0100] "GET /-p-27975.html HTTP/1.0" 200 77477 "-" "Mozilla/5.0 (compatible; MJ12bot/v1.4.8; http://mj12bot.com/)"
192.99.15.17 - - [15/Nov/2023:08:21:14 +0100] "GET /coca-cola-metal-plate-p-28077.html HTTP/1.0" 200 77573 "-" "Mozilla/5.0 (compatible; MJ12bot/v1.4.8; http://mj12bot.com/)"
192.99.15.17 - - [15/Nov/2023:08:21:17 +0100] "GET /coca-cola-mirror-p-28089.html HTTP/1.0" 301 77544 "-" "Mozilla/5.0 (compatible; MJ12bot/v1.4.8; http://mj12bot.com/)"
54.36.149.72 - - [15/Nov/2023:08:21:18 +0100] "GET /black-fancy-elastic-bracelet-p-43723.html HTTP/1.0" 200 79831 "-" "Mozilla/5.0 (compatible; AhrefsBot/7.0; +http://ahrefs.com/robot/)"
192.99.15.17 - - [15/Nov/2023:08:21:20 +0100] "GET /-p-28089.html HTTP/1.0" 200 77477 "-" "Mozilla/5.0 (compatible; MJ12bot/v1.4.8; http://mj12bot.com/)"
192.99.15.17 - - [15/Nov/2023:08:21:23 +0100] "GET /coca-cola-mirror-p-28091.html HTTP/1.0" 301 77544 "-" "Mozilla/5.0 (compatible; MJ12bot/v1.4.8; http://mj12bot.com/)"
192.99.15.17 - - [15/Nov/2023:08:21:25 +0100] "GET /-p-28091.html HTTP/1.0" 200 77477 "-" "Mozilla/5.0 (compatible; MJ12bot/v1.4.8; http://mj12bot.com/)"
192.99.15.17 - - [15/Nov/2023:08:21:28 +0100] "GET /coca-cola-mirror-p-33002.html HTTP/1.0" 301 77544 "-" "Mozilla/5.0 (compatible; MJ12bot/v1.4.8; http://mj12bot.com/)"
192.99.15.17 - - [15/Nov/2023:08:21:31 +0100] "GET /-p-33002.html HTTP/1.0" 200 77477 "-" "Mozilla/5.0 (compatible; MJ12bot/v1.4.8; http://mj12bot.com/)"
192.99.15.17 - - [15/Nov/2023:08:21:34 +0100] "GET /coca-cola-mug-p-12672.html HTTP/1.0" 301 77544 "-" "Mozilla/5.0 (compatible; MJ12bot/v1.4.8; http://mj12bot.com/)"
192.99.15.17 - - [15/Nov/2023:08:21:37 +0100] "GET /-p-12672.html HTTP/1.0" 200 77477 "-" "Mozilla/5.0 (compatible; MJ12bot/v1.4.8; http://mj12bot.com/)"
192.99.15.17 - - [15/Nov/2023:08:21:40 +0100] "GET /coca-cola-neon-lamp-deco-p-36363.html HTTP/1.0" 301 77544 "-" "Mozilla/5.0 (compatible; MJ12bot/v1.4.8; http://mj12bot.com/)"
192.99.15.17 - - [15/Nov/2023:08:21:43 +0100] "GET /-p-36363.html HTTP/1.0" 200 77477 "-" "Mozilla/5.0 (compatible; MJ12bot/v1.4.8; http://mj12bot.com/)"
192.99.15.17 - - [15/Nov/2023:08:21:46 +0100] "GET /coca-cola-ottoman-p-27275.html HTTP/1.0" 301 77544 "-" "Mozilla/5.0 (compatible; MJ12bot/v1.4.8; http://mj12bot.com/)"
192.99.15.17 - - [15/Nov/2023:08:21:49 +0100] "GET /-p-27275.html HTTP/1.0" 200 77477 "-" "Mozilla/5.0 (compatible; MJ12bot/v1.4.8; http://mj12bot.com/)"
192.99.15.17 - - [15/Nov/2023:08:21:52 +0100] "GET /cocktail-ice-cube-p-37831.html HTTP/1.0" 301 77544 "-" "Mozilla/5.0 (compatible; MJ12bot/v1.4.8; http://mj12bot.com/)"
192.99.15.17 - - [15/Nov/2023:08:21:54 +0100] "GET /-p-37831.html HTTP/1.0" 200 77477 "-" "Mozilla/5.0 (compatible; MJ12bot/v1.4.8; http://mj12bot.com/)"
192.99.15.17 - - [15/Nov/2023:08:21:57 +0100] "GET /coconut-fibers-doormat-albor-p-54565.html HTTP/1.0" 200 80789 "-" "Mozilla/5.0 (compatible; MJ12bot/v1.4.8; http://mj12bot.com/)"
192.99.15.17 - - [15/Nov/2023:08:22:00 +0100] "GET /collectible-bobbing-head-figurine-sonny-angel-cow-p-30181.html HTTP/1.0" 301 77544 "-" "Mozilla/5.0 (compatible; MJ12bot/v1.4.8; http://mj12bot.com/)"
192.99.15.17 - - [15/Nov/2023:08:22:03 +0100] "GET /-p-30181.html HTTP/1.0" 200 77477 "-" "Mozilla/5.0 (compatible; MJ12bot/v1.4.8; http://mj12bot.com/)"
54.36.149.24 - - [15/Nov/2023:08:22:04 +0100] "GET /tinkerbell-disney-jean-p-30235.html HTTP/1.0" 200 81017 "-" "Mozilla/5.0 (compatible; AhrefsBot/7.0; +http://ahrefs.com/robot/)"
192.99.15.17 - - [15/Nov/2023:08:22:06 +0100] "GET /collectible-bobbing-head-figurine-sonny-angel-elephant-p-30180.html HTTP/1.0" 301 77544 "-" "Mozilla/5.0 (compatible; MJ12bot/v1.4.8; http://mj12bot.com/)"
192.99.15.17 - - [15/Nov/2023:08:22:09 +0100] "GET /-p-30180.html HTTP/1.0" 200 77477 "-" "Mozilla/5.0 (compatible; MJ12bot/v1.4.8; http://mj12bot.com/)"
192.99.15.17 - - [15/Nov/2023:08:22:12 +0100] "GET /collectible-bobbing-head-figurine-sonny-angel-frog-p-30183.html HTTP/1.0" 301 77544 "-" "Mozilla/5.0 (compatible; MJ12bot/v1.4.8; http://mj12bot.com/)"
192.99.15.17 - - [15/Nov/2023:08:22:15 +0100] "GET /-p-30183.html HTTP/1.0" 200 77477 "-" "Mozilla/5.0 (compatible; MJ12bot/v1.4.8; http://mj12bot.com/)"
192.99.15.17 - - [15/Nov/2023:08:22:18 +0100] "GET /collectible-bobbing-head-figurine-sonny-angel-koala-p-30182.html HTTP/1.0" 301 77544 "-" "Mozilla/5.0 (compatible; MJ12bot/v1.4.8; http://mj12bot.com/)"
192.99.15.17 - - [15/Nov/2023:08:22:21 +0100] "GET /-p-30182.html HTTP/1.0" 200 77477 "-" "Mozilla/5.0 (compatible; MJ12bot/v1.4.8; http://mj12bot.com/)"
192.99.15.17 - - [15/Nov/2023:08:22:25 +0100] "GET /collectible-bobbing-head-figurine-sonny-angel-sheep-p-30963.html HTTP/1.0" 301 77544 "-" "Mozilla/5.0 (compatible; MJ12bot/v1.4.8; http://mj12bot.com/)"
192.99.15.17 - - [15/Nov/2023:08:22:28 +0100] "GET /-p-30963.html HTTP/1.0" 200 77477 "-" "Mozilla/5.0 (compatible; MJ12bot/v1.4.8; http://mj12bot.com/)"
192.99.15.17 - - [15/Nov/2023:08:22:31 +0100] "GET /collectible-figurines-and-decorative-c-13_135.html?page=2 HTTP/1.0" 301 102432 "-" "Mozilla/5.0 (compatible; MJ12bot/v1.4.8; http://mj12bot.com/)"
192.99.15.17 - - [15/Nov/2023:08:22:35 +0100] "GET /collectible-figurines-decorative-c-135.html?page=2 HTTP/1.0" 301 102336 "-" "Mozilla/5.0 (compatible; MJ12bot/v1.4.8; http://mj12bot.com/)"
192.99.15.17 - - [15/Nov/2023:08:22:38 +0100] "GET /collectible-figurines-decorative-c-292_135.html?page=2 HTTP/1.0" 200 102435 "-" "Mozilla/5.0 (compatible; MJ12bot/v1.4.8; http://mj12bot.com/)"
192.99.15.17 - - [15/Nov/2023:08:22:42 +0100] "GET /collectible-figurines-and-decorative-c-13_135.html?page=3 HTTP/1.0" 301 101882 "-" "Mozilla/5.0 (compatible; MJ12bot/v1.4.8; http://mj12bot.com/)"
51.222.253.13 - - [15/Nov/2023:08:22:46 +0100] "GET /robots.txt HTTP/1.0" 200 245 "-" "Mozilla/5.0 (compatible; AhrefsBot/7.0; +http://ahrefs.com/robot/)"
192.99.15.17 - - [15/Nov/2023:08:22:45 +0100] "GET /collectible-figurines-decorative-c-135.html?page=3 HTTP/1.0" 301 101786 "-" "Mozilla/5.0 (compatible; MJ12bot/v1.4.8; http://mj12bot.com/)"
54.36.148.12 - - [15/Nov/2023:08:22:47 +0100] "GET /desk-organizer-patined-wood-p-56396.html HTTP/1.0" 200 80776 "-" "Mozilla/5.0 (compatible; AhrefsBot/7.0; +http://ahrefs.com/robot/)"
192.99.15.17 - - [15/Nov/2023:08:22:48 +0100] "GET /collectible-figurines-decorative-c-292_135.html?page=3 HTTP/1.0" 200 101885 "-" "Mozilla/5.0 (compatible; MJ12bot/v1.4.8; http://mj12bot.com/)"
192.99.15.17 - - [15/Nov/2023:08:22:52 +0100] "GET /collectible-figurines-and-decorative-c-13_135.html?page=4 HTTP/1.0" 301 102167 "-" "Mozilla/5.0 (compatible; MJ12bot/v1.4.8; http://mj12bot.com/)"
192.99.15.17 - - [15/Nov/2023:08:22:55 +0100] "GET /collectible-figurines-decorative-c-135.html?page=4 HTTP/1.0" 301 102071 "-" "Mozilla/5.0 (compatible; MJ12bot/v1.4.8; http://mj12bot.com/)"
192.99.15.17 - - [15/Nov/2023:08:22:59 +0100] "GET /collectible-figurines-decorative-c-292_135.html?page=4 HTTP/1.0" 200 102170 "-" "Mozilla/5.0 (compatible; MJ12bot/v1.4.8; http://mj12bot.com/)"
192.99.15.17 - - [15/Nov/2023:08:23:02 +0100] "GET /collectible-figurines-and-decorative-c-13_135.html?page=5 HTTP/1.0" 301 102336 "-" "Mozilla/5.0 (compatible; MJ12bot/v1.4.8; http://mj12bot.com/)"
192.99.15.17 - - [15/Nov/2023:08:23:06 +0100] "GET /collectible-figurines-decorative-c-135.html?page=5 HTTP/1.0" 301 102240 "-" "Mozilla/5.0 (compatible; MJ12bot/v1.4.8; http://mj12bot.com/)"
192.99.15.17 - - [15/Nov/2023:08:23:09 +0100] "GET /collectible-figurines-decorative-c-292_135.html?page=5 HTTP/1.0" 200 102339 "-" "Mozilla/5.0 (compatible; MJ12bot/v1.4.8; http://mj12bot.com/)"
192.99.15.17 - - [15/Nov/2023:08:23:12 +0100] "GET /collectible-figurines-and-decorative-c-13_135.html?page=6 HTTP/1.0" 301 102107 "-" "Mozilla/5.0 (compatible; MJ12bot/v1.4.8; http://mj12bot.com/)"
192.99.15.17 - - [15/Nov/2023:08:23:16 +0100] "GET /collectible-figurines-decorative-c-135.html?page=6 HTTP/1.0" 301 102011 "-" "Mozilla/5.0 (compatible; MJ12bot/v1.4.8; http://mj12bot.com/)"
192.99.15.17 - - [15/Nov/2023:08:23:19 +0100] "GET /collectible-figurines-decorative-c-292_135.html?page=6 HTTP/1.0" 200 102110 "-" "Mozilla/5.0 (compatible; MJ12bot/v1.4.8; http://mj12bot.com/)"
192.99.15.17 - - [15/Nov/2023:08:23:23 +0100] "GET /collectible-figurines-and-decorative-c-13_135.html?page=7 HTTP/1.0" 301 102216 "-" "Mozilla/5.0 (compatible; MJ12bot/v1.4.8; http://mj12bot.com/)"
192.99.15.17 - - [15/Nov/2023:08:23:26 +0100] "GET /collectible-figurines-decorative-c-135.html?page=7 HTTP/1.0" 301 102120 "-" "Mozilla/5.0 (compatible; MJ12bot/v1.4.8; http://mj12bot.com/)"
192.99.15.17 - - [15/Nov/2023:08:23:30 +0100] "GET /collectible-figurines-decorative-c-292_135.html?page=7 HTTP/1.0" 200 102219 "-" "Mozilla/5.0 (compatible; MJ12bot/v1.4.8; http://mj12bot.com/)"
54.36.148.41 - - [15/Nov/2023:08:23:30 +0100] "GET /bulldog-statue-p-59700.html HTTP/1.0" 200 80807 "-" "Mozilla/5.0 (compatible; AhrefsBot/7.0; +http://ahrefs.com/robot/)"
192.99.15.17 - - [15/Nov/2023:08:23:33 +0100] "GET /collectible-figurines-and-decorative-c-13_135.html?page=8 HTTP/1.0" 301 102174 "-" "Mozilla/5.0 (compatible; MJ12bot/v1.4.8; http://mj12bot.com/)"
192.99.15.17 - - [15/Nov/2023:08:23:37 +0100] "GET /collectible-figurines-decorative-c-135.html?page=8 HTTP/1.0" 301 102078 "-" "Mozilla/5.0 (compatible; MJ12bot/v1.4.8; http://mj12bot.com/)"
192.99.15.17 - - [15/Nov/2023:08:23:40 +0100] "GET /collectible-figurines-decorative-c-292_135.html?page=8 HTTP/1.0" 200 102177 "-" "Mozilla/5.0 (compatible; MJ12bot/v1.4.8; http://mj12bot.com/)"
192.99.15.17 - - [15/Nov/2023:08:23:44 +0100] "GET /collectible-figurines-decorative-c-135.html?page=2 HTTP/1.0" 301 102336 "-" "Mozilla/5.0 (compatible; MJ12bot/v1.4.8; http://mj12bot.com/)"
192.99.15.17 - - [15/Nov/2023:08:23:47 +0100] "GET /collectible-figurines-decorative-c-292_135.html?page=2 HTTP/1.0" 200 102435 "-" "Mozilla/5.0 (compatible; MJ12bot/v1.4.8; http://mj12bot.com/)"
192.99.15.17 - - [15/Nov/2023:08:23:51 +0100] "GET /collectible-figurines-decorative-c-135.html?page=3 HTTP/1.0" 301 101786 "-" "Mozilla/5.0 (compatible; MJ12bot/v1.4.8; http://mj12bot.com/)"
192.99.15.17 - - [15/Nov/2023:08:23:54 +0100] "GET /collectible-figurines-decorative-c-292_135.html?page=3 HTTP/1.0" 200 101885 "-" "Mozilla/5.0 (compatible; MJ12bot/v1.4.8; http://mj12bot.com/)"
192.99.15.17 - - [15/Nov/2023:08:23:58 +0100] "GET /collectible-figurines-decorative-c-135.html?page=4 HTTP/1.0" 301 102071 "-" "Mozilla/5.0 (compatible; MJ12bot/v1.4.8; http://mj12bot.com/)"
192.99.15.17 - - [15/Nov/2023:08:24:01 +0100] "GET /collectible-figurines-decorative-c-292_135.html?page=4 HTTP/1.0" 200 102170 "-" "Mozilla/5.0 (compatible; MJ12bot/v1.4.8; http://mj12bot.com/)"
192.99.15.17 - - [15/Nov/2023:08:24:05 +0100] "GET /collectible-figurines-decorative-c-135.html?page=5 HTTP/1.0" 301 102240 "-" "Mozilla/5.0 (compatible; MJ12bot/v1.4.8; http://mj12bot.com/)"
192.99.15.17 - - [15/Nov/2023:08:24:08 +0100] "GET /collectible-figurines-decorative-c-292_135.html?page=5 HTTP/1.0" 200 102339 "-" "Mozilla/5.0 (compatible; MJ12bot/v1.4.8; http://mj12bot.com/)"
192.99.15.17 - - [15/Nov/2023:08:24:13 +0100] "GET /collectible-figurines-decorative-c-135.html?page=6 HTTP/1.0" 301 102011 "-" "Mozilla/5.0 (compatible; MJ12bot/v1.4.8; http://mj12bot.com/)"
192.99.15.17 - - [15/Nov/2023:08:24:16 +0100] "GET /collectible-figurines-decorative-c-292_135.html?page=6 HTTP/1.0" 200 102110 "-" "Mozilla/5.0 (compatible; MJ12bot/v1.4.8; http://mj12bot.com/)"
51.68.224.127 - - [15/Nov/2023:08:24:21 +0100] "GET /adminweb/export_orders_xml.php?token=256de2z6edz6ed2z6DFSFsed2zed6zeDSFDSGdzedezfzf&maxorders=10&orderstart=1&status=14&start_date=2018-10-01 HTTP/1.0" 200 285 "-" "GesCom CharlotteBoutik Serveur"
192.99.15.17 - - [15/Nov/2023:08:24:20 +0100] "GET /collectible-figurines-decorative-c-135.html?page=7 HTTP/1.0" 301 102120 "-" "Mozilla/5.0 (compatible; MJ12bot/v1.4.8; http://mj12bot.com/)"
51.68.224.127 - - [15/Nov/2023:08:24:21 +0100] "GET /adminweb/export_orders_xml.php?token=256de2z6edz6ed2z6DFSFsed2zed6zeDSFDSGdzedezfzf&maxorders=10&orderstart=1&status=6&start_date=2018-10-01 HTTP/1.0" 200 33939 "-" "GesCom CharlotteBoutik Serveur"
192.99.15.17 - - [15/Nov/2023:08:24:23 +0100] "GET /collectible-figurines-decorative-c-292_135.html?page=7 HTTP/1.0" 200 102219 "-" "Mozilla/5.0 (compatible; MJ12bot/v1.4.8; http://mj12bot.com/)"
154.12.246.97 - - [15/Nov/2023:08:24:27 +0100] "GET /images/big_prod_2/3442440302790z.jpg HTTP/1.0" 200 271 "-" "Mozilla/5.0 (Windows NT 10.0; Win64; x64) AppleWebKit/537.36 (KHTML, like Gecko) Chrome/70.0.3538.102 Safari/537.36 Edge/18.19582"
47.76.57.30 - - [15/Nov/2023:08:24:27 +0100] "GET /images/mini_prod/3609810010864.jpg HTTP/1.0" 200 269 "-" "Mozilla/5.0 (X11; Ubuntu; Linux x86_64; rv:72.0) Gecko/20100101 Firefox/72.0"
192.99.15.17 - - [15/Nov/2023:08:24:27 +0100] "GET /collectible-figurines-decorative-c-135.html?page=8 HTTP/1.0" 301 102078 "-" "Mozilla/5.0 (compatible; MJ12bot/v1.4.8; http://mj12bot.com/)"
192.99.15.17 - - [15/Nov/2023:08:24:30 +0100] "GET /collectible-figurines-decorative-c-292_135.html?page=8 HTTP/1.0" 200 102177 "-" "Mozilla/5.0 (compatible; MJ12bot/v1.4.8; http://mj12bot.com/)"
54.36.148.241 - - [15/Nov/2023:08:24:32 +0100] "GET /springy-oven-glove-p-54605.html HTTP/1.0" 200 79848 "-" "Mozilla/5.0 (compatible; AhrefsBot/7.0; +http://ahrefs.com/robot/)"
192.99.15.17 - - [15/Nov/2023:08:24:34 +0100] "GET /collectible-figurines-decorative-c-13_135.html?page=2 HTTP/1.0" 200 102328 "-" "Mozilla/5.0 (compatible; MJ12bot/v1.4.8; http://mj12bot.com/)"
192.99.15.17 - - [15/Nov/2023:08:24:38 +0100] "GET /collectible-figurines-decorative-c-13_135.html?page=3 HTTP/1.0" 200 101778 "-" "Mozilla/5.0 (compatible; MJ12bot/v1.4.8; http://mj12bot.com/)"
192.99.15.17 - - [15/Nov/2023:08:24:42 +0100] "GET /collectible-figurines-decorative-c-13_135.html?page=4 HTTP/1.0" 200 102063 "-" "Mozilla/5.0 (compatible; MJ12bot/v1.4.8; http://mj12bot.com/)"
192.99.15.17 - - [15/Nov/2023:08:24:46 +0100] "GET /collectible-figurines-decorative-c-13_135.html?page=5 HTTP/1.0" 200 102232 "-" "Mozilla/5.0 (compatible; MJ12bot/v1.4.8; http://mj12bot.com/)"
192.99.15.17 - - [15/Nov/2023:08:24:50 +0100] "GET /collectible-figurines-decorative-c-13_135.html?page=6 HTTP/1.0" 200 102003 "-" "Mozilla/5.0 (compatible; MJ12bot/v1.4.8; http://mj12bot.com/)"
3.224.220.101 - - [15/Nov/2023:08:24:53 +0100] "GET /-c-95_315.html HTTP/1.0" 200 76345 "-" "Mozilla/5.0 (Macintosh; Intel Mac OS X 10_10_1) AppleWebKit/600.2.5 (KHTML, like Gecko) Version/8.0.2 Safari/600.2.5 (Amazonbot/0.1; +https://developer.amazon.com/support/amazonbot)"
192.99.15.17 - - [15/Nov/2023:08:24:56 +0100] "GET /collectible-figurines-decorative-c-13_135.html?page=7 HTTP/1.0" 200 102112 "-" "Mozilla/5.0 (compatible; MJ12bot/v1.4.8; http://mj12bot.com/)"
3.224.220.101 - - [15/Nov/2023:08:24:58 +0100] "GET /-c-95_338.html HTTP/1.0" 200 76345 "-" "Mozilla/5.0 (Macintosh; Intel Mac OS X 10_10_1) AppleWebKit/600.2.5 (KHTML, like Gecko) Version/8.0.2 Safari/600.2.5 (Amazonbot/0.1; +https://developer.amazon.com/support/amazonbot)"
192.99.15.17 - - [15/Nov/2023:08:24:59 +0100] "GET /collectible-figurines-decorative-c-13_135.html?page=8 HTTP/1.0" 200 102070 "-" "Mozilla/5.0 (compatible; MJ12bot/v1.4.8; http://mj12bot.com/)"
3.224.220.101 - - [15/Nov/2023:08:25:00 +0100] "GET /decorations-c-13_89.html HTTP/1.0" 200 97909 "-" "Mozilla/5.0 (Macintosh; Intel Mac OS X 10_10_1) AppleWebKit/600.2.5 (KHTML, like Gecko) Version/8.0.2 Safari/600.2.5 (Amazonbot/0.1; +https://developer.amazon.com/support/amazonbot)"
192.99.15.17 - - [15/Nov/2023:08:25:03 +0100] "GET /collectible-sailor-moon-statue-sailor-uranus-p-33467.html HTTP/1.0" 200 77647 "-" "Mozilla/5.0 (compatible; MJ12bot/v1.4.8; http://mj12bot.com/)"
23.22.35.162 - - [15/Nov/2023:08:25:03 +0100] "GET /manicure-articles-c-31_204.html HTTP/1.0" 200 94691 "-" "Mozilla/5.0 (Macintosh; Intel Mac OS X 10_10_1) AppleWebKit/600.2.5 (KHTML, like Gecko) Version/8.0.2 Safari/600.2.5 (Amazonbot/0.1; +https://developer.amazon.com/support/amazonbot)"
192.99.15.17 - - [15/Nov/2023:08:25:06 +0100] "GET /confederate-states-america-mouse-cbkreation-p-13986.html HTTP/1.0" 301 77544 "-" "Mozilla/5.0 (compatible; MJ12bot/v1.4.8; http://mj12bot.com/)"
192.99.15.17 - - [15/Nov/2023:08:25:09 +0100] "GET /-p-13986.html HTTP/1.0" 200 77477 "-" "Mozilla/5.0 (compatible; MJ12bot/v1.4.8; http://mj12bot.com/)"
192.99.15.17 - - [15/Nov/2023:08:25:12 +0100] "GET /confederate-states-of-america-mouse-pad-cbkreation-p-13986.html HTTP/1.0" 301 77544 "-" "Mozilla/5.0 (compatible; MJ12bot/v1.4.8; http://mj12bot.com/)"
192.99.15.17 - - [15/Nov/2023:08:25:15 +0100] "GET /-p-13986.html HTTP/1.0" 200 77477 "-" "Mozilla/5.0 (compatible; MJ12bot/v1.4.8; http://mj12bot.com/)"
54.36.149.71 - - [15/Nov/2023:08:25:16 +0100] "GET /isothermic-stainless-steel-bottle-corsican-flag-cbkreation-p-60714.html HTTP/1.0" 200 80817 "-" "Mozilla/5.0 (compatible; AhrefsBot/7.0; +http://ahrefs.com/robot/)"
192.99.15.17 - - [15/Nov/2023:08:25:18 +0100] "GET /confiture-et-miel-sponge-holder-p-38927.html HTTP/1.0" 301 77544 "-" "Mozilla/5.0 (compatible; MJ12bot/v1.4.8; http://mj12bot.com/)"
192.99.15.17 - - [15/Nov/2023:08:25:21 +0100] "GET /-p-38927.html HTTP/1.0" 200 77477 "-" "Mozilla/5.0 (compatible; MJ12bot/v1.4.8; http://mj12bot.com/)"
192.99.15.17 - - [15/Nov/2023:08:25:25 +0100] "GET /cooking-recipe-cutting-board-p-43887.html HTTP/1.0" 200 79887 "-" "Mozilla/5.0 (compatible; MJ12bot/v1.4.8; http://mj12bot.com/)"
192.99.15.17 - - [15/Nov/2023:08:25:28 +0100] "GET /cooking-recipe-cutting-board-p-43888.html HTTP/1.0" 200 79887 "-" "Mozilla/5.0 (compatible; MJ12bot/v1.4.8; http://mj12bot.com/)"
192.99.15.17 - - [15/Nov/2023:08:25:31 +0100] "GET /corduroy-door-cushion-p-60150.html HTTP/1.0" 200 80867 "-" "Mozilla/5.0 (compatible; MJ12bot/v1.4.8; http://mj12bot.com/)"
192.99.15.17 - - [15/Nov/2023:08:25:34 +0100] "GET /cork-stopper-collector-p-54555.html HTTP/1.0" 200 77555 "-" "Mozilla/5.0 (compatible; MJ12bot/v1.4.8; http://mj12bot.com/)"
192.99.15.17 - - [15/Nov/2023:08:25:37 +0100] "GET /corsica-mouse-cbkreation-p-13987.html HTTP/1.0" 200 79809 "-" "Mozilla/5.0 (compatible; MJ12bot/v1.4.8; http://mj12bot.com/)"
192.99.15.17 - - [15/Nov/2023:08:25:40 +0100] "GET /corsica-mouse-pad-cbkreation-p-13987.html HTTP/1.0" 301 79900 "-" "Mozilla/5.0 (compatible; MJ12bot/v1.4.8; http://mj12bot.com/)"
47.76.57.30 - - [15/Nov/2023:08:25:42 +0100] "GET /images/mini_prod/3453131137751.jpg HTTP/1.0" 200 269 "-" "Mozilla/5.0 (X11; Ubuntu; Linux x86_64; rv:72.0) Gecko/20100101 Firefox/72.0"
192.99.15.17 - - [15/Nov/2023:08:25:43 +0100] "GET /corsica-mouse-cbkreation-p-13987.html HTTP/1.0" 200 79809 "-" "Mozilla/5.0 (compatible; MJ12bot/v1.4.8; http://mj12bot.com/)"
192.99.15.17 - - [15/Nov/2023:08:25:46 +0100] "GET /corsica-placemat-p-42331.html HTTP/1.0" 200 77531 "-" "Mozilla/5.0 (compatible; MJ12bot/v1.4.8; http://mj12bot.com/)"
192.99.15.17 - - [15/Nov/2023:08:25:49 +0100] "GET /cosmos-bedclothes-p-39988.html HTTP/1.0" 301 77544 "-" "Mozilla/5.0 (compatible; MJ12bot/v1.4.8; http://mj12bot.com/)"
192.99.15.17 - - [15/Nov/2023:08:25:52 +0100] "GET /-p-39988.html HTTP/1.0" 200 77477 "-" "Mozilla/5.0 (compatible; MJ12bot/v1.4.8; http://mj12bot.com/)"
192.99.15.17 - - [15/Nov/2023:08:25:56 +0100] "GET /cosmos-red-bedclothes-220-240-cm-p-39988.html HTTP/1.0" 301 77544 "-" "Mozilla/5.0 (compatible; MJ12bot/v1.4.8; http://mj12bot.com/)"
192.99.15.17 - - [15/Nov/2023:08:25:58 +0100] "GET /-p-39988.html HTTP/1.0" 200 77477 "-" "Mozilla/5.0 (compatible; MJ12bot/v1.4.8; http://mj12bot.com/)"
192.99.15.17 - - [15/Nov/2023:08:26:01 +0100] "GET /cotton-cushion-blue-and-white-120-80-cm-p-44410.html HTTP/1.0" 301 77544 "-" "Mozilla/5.0 (compatible; MJ12bot/v1.4.8; http://mj12bot.com/)"
192.99.15.17 - - [15/Nov/2023:08:26:05 +0100] "GET /-p-44410.html HTTP/1.0" 200 77477 "-" "Mozilla/5.0 (compatible; MJ12bot/v1.4.8; http://mj12bot.com/)"
54.36.148.64 - - [15/Nov/2023:08:26:05 +0100] "GET /corsica-metal-plate-p-52510.html HTTP/1.0" 200 79802 "-" "Mozilla/5.0 (compatible; AhrefsBot/7.0; +http://ahrefs.com/robot/)"
192.99.15.17 - - [15/Nov/2023:08:26:08 +0100] "GET /cotton-floor-cushion-40-cm-londres-p-51083.html HTTP/1.0" 301 77670 "-" "Mozilla/5.0 (compatible; MJ12bot/v1.4.8; http://mj12bot.com/)"
192.99.15.17 - - [15/Nov/2023:08:26:10 +0100] "GET /cotton-floor-cushion-londres-p-51083.html HTTP/1.0" 200 77575 "-" "Mozilla/5.0 (compatible; MJ12bot/v1.4.8; http://mj12bot.com/)"
192.99.15.17 - - [15/Nov/2023:08:26:14 +0100] "GET /cotton-floor-cushion-45-cm-salamanca-p-51659.html HTTP/1.0" 301 77544 "-" "Mozilla/5.0 (compatible; MJ12bot/v1.4.8; http://mj12bot.com/)"
