217.182.175.163 - - [15/Nov/2023:06:53:17 +0100] "GET /-p-38927.html HTTP/1.0" 200 77383 "-" "Mozilla/5.0 (compatible; MJ12bot/v1.4.8; http://mj12bot.com/)"
217.182.175.163 - - [15/Nov/2023:06:53:21 +0100] "GET /-p-39812.html HTTP/1.0" 200 77383 "-" "Mozilla/5.0 (compatible; MJ12bot/v1.4.8; http://mj12bot.com/)"
217.182.175.163 - - [15/Nov/2023:06:53:26 +0100] "GET /-p-39877.html HTTP/1.0" 200 77383 "-" "Mozilla/5.0 (compatible; MJ12bot/v1.4.8; http://mj12bot.com/)"
49.7.21.107 - - [15/Nov/2023:06:53:05 +0100] "GET / HTTP/1.0" 200 158101 "-" "Sogou web spider/4.0(+http://www.sogou.com/docs/help/webmasters.htm#07)"
217.182.175.163 - - [15/Nov/2023:06:53:31 +0100] "GET /-p-39879.html HTTP/1.0" 200 77383 "-" "Mozilla/5.0 (compatible; MJ12bot/v1.4.8; http://mj12bot.com/)"
217.182.175.163 - - [15/Nov/2023:06:53:36 +0100] "GET /-p-39988.html HTTP/1.0" 200 77383 "-" "Mozilla/5.0 (compatible; MJ12bot/v1.4.8; http://mj12bot.com/)"
217.182.175.163 - - [15/Nov/2023:06:53:42 +0100] "GET /-p-41008.html HTTP/1.0" 200 77383 "-" "Mozilla/5.0 (compatible; MJ12bot/v1.4.8; http://mj12bot.com/)"
54.36.148.13 - - [15/Nov/2023:06:53:44 +0100] "GET /london-metal-keyring-union-jack-boot-p-35354.html HTTP/1.0" 200 79879 "-" "Mozilla/5.0 (compatible; AhrefsBot/7.0; +http://ahrefs.com/robot/)"
101.198.192.15 - - [15/Nov/2023:06:53:48 +0100] "GET /images/mini_prod/3700791201514.jpg HTTP/1.0" 200 269 "-" "Mozilla/5.0 (X11; Ubuntu; Linux x86_64; rv:72.0) Gecko/20100101 Firefox/72.0"
217.182.175.163 - - [15/Nov/2023:06:53:47 +0100] "GET /-p-4181.html HTTP/1.0" 200 77381 "-" "Mozilla/5.0 (compatible; MJ12bot/v1.4.8; http://mj12bot.com/)"
217.182.175.163 - - [15/Nov/2023:06:53:53 +0100] "GET /-p-43757.html HTTP/1.0" 200 77383 "-" "Mozilla/5.0 (compatible; MJ12bot/v1.4.8; http://mj12bot.com/)"
54.36.148.190 - - [15/Nov/2023:06:54:35 +0100] "GET /ceramic-cork-trivet-cement-tiles-p-59691.html HTTP/1.0" 200 79876 "-" "Mozilla/5.0 (compatible; AhrefsBot/7.0; +http://ahrefs.com/robot/)"
54.36.148.91 - - [15/Nov/2023:06:55:26 +0100] "GET /aromatic-candle-stearin-chakra-hours-p-39561.html HTTP/1.0" 200 82129 "-" "Mozilla/5.0 (compatible; AhrefsBot/7.0; +http://ahrefs.com/robot/)"
40.77.167.4 - - [15/Nov/2023:06:55:21 +0100] "GET /clocks-c-13_67.html?page=9 HTTP/1.0" 200 99669 "-" "Mozilla/5.0 AppleWebKit/537.36 (KHTML, like Gecko; compatible; bingbot/2.0; +http://www.bing.com/bingbot.htm) Chrome/103.0.5060.134 Safari/537.36"
54.36.148.44 - - [15/Nov/2023:06:56:15 +0100] "GET /crme-adult-apron-p-51195.html HTTP/1.0" 200 79698 "-" "Mozilla/5.0 (compatible; AhrefsBot/7.0; +http://ahrefs.com/robot/)"
17.241.227.8 - - [15/Nov/2023:06:56:48 +0100] "GET /images/big_prod/8718317686245.jpg HTTP/1.0" 200 268 "-" "Mozilla/5.0 (Macintosh; Intel Mac OS X 10_15_5) AppleWebKit/605.1.15 (KHTML, like Gecko) Version/13.1.1 Safari/605.1.15 (Applebot/0.1; +http://www.apple.com/go/applebot)"
217.182.175.163 - - [15/Nov/2023:06:57:04 +0100] "GET /-p-43765.html HTTP/1.0" 200 77383 "-" "Mozilla/5.0 (compatible; MJ12bot/v1.4.8; http://mj12bot.com/)"
217.182.175.163 - - [15/Nov/2023:06:57:08 +0100] "GET /-p-43822.html HTTP/1.0" 200 77383 "-" "Mozilla/5.0 (compatible; MJ12bot/v1.4.8; http://mj12bot.com/)"
217.182.175.163 - - [15/Nov/2023:06:57:11 +0100] "GET /-p-43957.html HTTP/1.0" 200 77383 "-" "Mozilla/5.0 (compatible; MJ12bot/v1.4.8; http://mj12bot.com/)"
217.182.175.163 - - [15/Nov/2023:06:57:15 +0100] "GET /-p-44410.html HTTP/1.0" 200 77383 "-" "Mozilla/5.0 (compatible; MJ12bot/v1.4.8; http://mj12bot.com/)"
217.182.175.163 - - [15/Nov/2023:06:57:19 +0100] "GET /-p-45407.html HTTP/1.0" 200 77383 "-" "Mozilla/5.0 (compatible; MJ12bot/v1.4.8; http://mj12bot.com/)"
217.182.175.163 - - [15/Nov/2023:06:57:22 +0100] "GET /-p-45507.html HTTP/1.0" 200 77383 "-" "Mozilla/5.0 (compatible; MJ12bot/v1.4.8; http://mj12bot.com/)"
217.182.175.163 - - [15/Nov/2023:06:57:26 +0100] "GET /-p-4597.html HTTP/1.0" 200 77381 "-" "Mozilla/5.0 (compatible; MJ12bot/v1.4.8; http://mj12bot.com/)"
217.182.175.163 - - [15/Nov/2023:06:57:29 +0100] "GET /-p-47908.html HTTP/1.0" 200 77383 "-" "Mozilla/5.0 (compatible; MJ12bot/v1.4.8; http://mj12bot.com/)"
217.182.175.163 - - [15/Nov/2023:06:57:33 +0100] "GET /-p-47965.html HTTP/1.0" 200 77383 "-" "Mozilla/5.0 (compatible; MJ12bot/v1.4.8; http://mj12bot.com/)"
217.182.175.163 - - [15/Nov/2023:06:57:36 +0100] "GET /-p-49635.html HTTP/1.0" 200 77383 "-" "Mozilla/5.0 (compatible; MJ12bot/v1.4.8; http://mj12bot.com/)"
54.36.149.8 - - [15/Nov/2023:06:57:36 +0100] "GET /corsica-white-shirt-p-31092.html HTTP/1.0" 200 81697 "-" "Mozilla/5.0 (compatible; AhrefsBot/7.0; +http://ahrefs.com/robot/)"
217.182.175.163 - - [15/Nov/2023:06:57:40 +0100] "GET /-p-49654.html HTTP/1.0" 200 77383 "-" "Mozilla/5.0 (compatible; MJ12bot/v1.4.8; http://mj12bot.com/)"
217.182.175.163 - - [15/Nov/2023:06:57:43 +0100] "GET /-p-51659.html HTTP/1.0" 200 77383 "-" "Mozilla/5.0 (compatible; MJ12bot/v1.4.8; http://mj12bot.com/)"
217.182.175.163 - - [15/Nov/2023:06:57:47 +0100] "GET /-p-54585.html HTTP/1.0" 200 77383 "-" "Mozilla/5.0 (compatible; MJ12bot/v1.4.8; http://mj12bot.com/)"
217.182.175.163 - - [15/Nov/2023:06:57:51 +0100] "GET /-p-8633.html HTTP/1.0" 200 77381 "-" "Mozilla/5.0 (compatible; MJ12bot/v1.4.8; http://mj12bot.com/)"
217.182.175.163 - - [15/Nov/2023:06:57:54 +0100] "GET /-p-94.html HTTP/1.0" 200 77377 "-" "Mozilla/5.0 (compatible; MJ12bot/v1.4.8; http://mj12bot.com/)"
217.182.175.163 - - [15/Nov/2023:06:57:58 +0100] "GET /adhesive-roll-45-150-cm-wood-p-53555.html HTTP/1.0" 301 80686 "-" "Mozilla/5.0 (compatible; MJ12bot/v1.4.8; http://mj12bot.com/)"
217.182.175.163 - - [15/Nov/2023:06:58:02 +0100] "GET /adhesive-roll-wood-p-53555.html HTTP/1.0" 200 80601 "-" "Mozilla/5.0 (compatible; MJ12bot/v1.4.8; http://mj12bot.com/)"
217.182.175.163 - - [15/Nov/2023:06:58:10 +0100] "GET /adhesive-roll-wood-p-53555.html HTTP/1.0" 200 80601 "-" "Mozilla/5.0 (compatible; MJ12bot/v1.4.8; http://mj12bot.com/)"
217.182.175.163 - - [15/Nov/2023:06:58:14 +0100] "GET /adult-cotton-apron-angele-collection-p-39198.html HTTP/1.0" 301 79933 "-" "Mozilla/5.0 (compatible; MJ12bot/v1.4.8; http://mj12bot.com/)"
217.182.175.163 - - [15/Nov/2023:06:58:18 +0100] "GET /adult-cotton-apron-angle-collection-p-39198.html HTTP/1.0" 200 79831 "-" "Mozilla/5.0 (compatible; MJ12bot/v1.4.8; http://mj12bot.com/)"
217.182.175.163 - - [15/Nov/2023:06:58:22 +0100] "GET /adult-cotton-apron-angle-collection-p-39198.html HTTP/1.0" 200 79831 "-" "Mozilla/5.0 (compatible; MJ12bot/v1.4.8; http://mj12bot.com/)"
217.182.175.163 - - [15/Nov/2023:06:58:27 +0100] "GET /adult-cotton-apron-manoir-collection-p-39043.html HTTP/1.0" 200 79826 "-" "Mozilla/5.0 (compatible; MJ12bot/v1.4.8; http://mj12bot.com/)"
217.182.175.163 - - [15/Nov/2023:06:58:33 +0100] "GET /adult-cotton-apron-stone-collection-p-40207.html HTTP/1.0" 200 79818 "-" "Mozilla/5.0 (compatible; MJ12bot/v1.4.8; http://mj12bot.com/)"
54.36.149.74 - - [15/Nov/2023:06:58:36 +0100] "GET /candle-hours-simply-mulberry-p-53891.html HTTP/1.0" 200 81138 "-" "Mozilla/5.0 (compatible; AhrefsBot/7.0; +http://ahrefs.com/robot/)"
217.182.175.163 - - [15/Nov/2023:06:58:38 +0100] "GET /affirmation-candle-stargate-unconditional-love-p-45033.html HTTP/1.0" 200 77557 "-" "Mozilla/5.0 (compatible; MJ12bot/v1.4.8; http://mj12bot.com/)"
217.182.175.163 - - [15/Nov/2023:06:58:43 +0100] "GET /african-figurine-candle-holders-p-58080.html HTTP/1.0" 200 80655 "-" "Mozilla/5.0 (compatible; MJ12bot/v1.4.8; http://mj12bot.com/)"
217.182.175.163 - - [15/Nov/2023:06:58:49 +0100] "GET /african-figurine-candle-holders-p-58081.html HTTP/1.0" 200 77515 "-" "Mozilla/5.0 (compatible; MJ12bot/v1.4.8; http://mj12bot.com/)"
217.182.175.163 - - [15/Nov/2023:06:58:54 +0100] "GET /air-game-robocar-poli-p-28010.html HTTP/1.0" 301 77450 "-" "Mozilla/5.0 (compatible; MJ12bot/v1.4.8; http://mj12bot.com/)"
217.182.175.163 - - [15/Nov/2023:06:58:57 +0100] "GET /-p-28010.html HTTP/1.0" 200 77383 "-" "Mozilla/5.0 (compatible; MJ12bot/v1.4.8; http://mj12bot.com/)"
217.182.175.163 - - [15/Nov/2023:06:59:01 +0100] "GET /air-game-robocar-poli-p-28011.html HTTP/1.0" 301 77450 "-" "Mozilla/5.0 (compatible; MJ12bot/v1.4.8; http://mj12bot.com/)"
217.182.175.163 - - [15/Nov/2023:06:59:06 +0100] "GET /-p-28011.html HTTP/1.0" 200 77383 "-" "Mozilla/5.0 (compatible; MJ12bot/v1.4.8; http://mj12bot.com/)"
217.182.175.163 - - [15/Nov/2023:06:59:10 +0100] "GET /alarm-clock-chat-noir-thophile-alexandre-steinlen-p-38934.html HTTP/1.0" 200 80146 "-" "Mozilla/5.0 (compatible; MJ12bot/v1.4.8; http://mj12bot.com/)"
217.182.175.163 - - [15/Nov/2023:06:59:14 +0100] "GET /alarm-clock-dubout-cats-alignement-p-38716.html HTTP/1.0" 200 80001 "-" "Mozilla/5.0 (compatible; MJ12bot/v1.4.8; http://mj12bot.com/)"
54.36.148.165 - - [15/Nov/2023:06:59:17 +0100] "GET /foxes-tray-autumn-melamine-p-45557.html HTTP/1.0" 200 77507 "-" "Mozilla/5.0 (compatible; AhrefsBot/7.0; +http://ahrefs.com/robot/)"
217.182.175.163 - - [15/Nov/2023:06:59:20 +0100] "GET /alarm-clock-dubout-cats-curieuses-p-38712.html HTTP/1.0" 200 77493 "-" "Mozilla/5.0 (compatible; MJ12bot/v1.4.8; http://mj12bot.com/)"
217.182.175.163 - - [15/Nov/2023:06:59:25 +0100] "GET /alarm-clock-dubout-cats-les-curieuses-p-38712.html HTTP/1.0" 301 77593 "-" "Mozilla/5.0 (compatible; MJ12bot/v1.4.8; http://mj12bot.com/)"
217.182.175.163 - - [15/Nov/2023:06:59:31 +0100] "GET /alarm-clock-dubout-cats-curieuses-p-38712.html HTTP/1.0" 200 77493 "-" "Mozilla/5.0 (compatible; MJ12bot/v1.4.8; http://mj12bot.com/)"
217.182.175.163 - - [15/Nov/2023:06:59:36 +0100] "GET /alarm-clock-gorjuss-moon-buttons-p-53968.html HTTP/1.0" 200 80467 "-" "Mozilla/5.0 (compatible; MJ12bot/v1.4.8; http://mj12bot.com/)"
217.182.175.163 - - [15/Nov/2023:06:59:43 +0100] "GET /alarm-clock-kiss-klimt-p-46913.html HTTP/1.0" 200 79927 "-" "Mozilla/5.0 (compatible; MJ12bot/v1.4.8; http://mj12bot.com/)"
217.182.175.163 - - [15/Nov/2023:06:59:50 +0100] "GET /alarm-clock-le-chat-noir-theophile-alexandre-steinlen-p-38934.html HTTP/1.0" 301 80262 "-" "Mozilla/5.0 (compatible; MJ12bot/v1.4.8; http://mj12bot.com/)"
54.36.149.36 - - [15/Nov/2023:06:59:53 +0100] "GET /daisy-green-mini-rectangular-tray-p-55471.html HTTP/1.0" 200 77509 "-" "Mozilla/5.0 (compatible; AhrefsBot/7.0; +http://ahrefs.com/robot/)"
217.182.175.163 - - [15/Nov/2023:06:59:55 +0100] "GET /alarm-clock-chat-noir-thophile-alexandre-steinlen-p-38934.html HTTP/1.0" 200 80146 "-" "Mozilla/5.0 (compatible; MJ12bot/v1.4.8; http://mj12bot.com/)"
217.182.175.163 - - [15/Nov/2023:07:00:01 +0100] "GET /alarm-clock-rverie-alfons-mucha-p-54231.html HTTP/1.0" 200 79989 "-" "Mozilla/5.0 (compatible; MJ12bot/v1.4.8; http://mj12bot.com/)"
217.182.175.163 - - [15/Nov/2023:07:00:11 +0100] "GET /alarm-clock-sixtine-madonna-rafaello-p-46910.html HTTP/1.0" 200 80015 "-" "Mozilla/5.0 (compatible; MJ12bot/v1.4.8; http://mj12bot.com/)"
66.249.74.99 - - [15/Nov/2023:07:00:34 +0100] "GET /ads.txt HTTP/1.0" 404 1308 "-" "Mozilla/5.0 (compatible; Googlebot/2.1; +http://www.google.com/bot.html)"
54.36.149.94 - - [15/Nov/2023:07:00:31 +0100] "GET /little-buddha-collection-keychain-yellow-p-50246.html HTTP/1.0" 200 79883 "-" "Mozilla/5.0 (compatible; AhrefsBot/7.0; +http://ahrefs.com/robot/)"
47.128.17.139 - - [15/Nov/2023:07:00:46 +0100] "GET /images/big_prod_1/8424001333745B.jpg HTTP/1.0" 200 271 "-" "Mozilla/5.0 (compatible; Bytespider; spider-feedback@bytedance.com) AppleWebKit/537.36 (KHTML, like Gecko) Chrome/70.0.0.0 Safari/537.36"
23.22.35.162 - - [15/Nov/2023:07:00:45 +0100] "GET /-c-95_350.html HTTP/1.0" 500 66243 "-" "Mozilla/5.0 (Macintosh; Intel Mac OS X 10_10_1) AppleWebKit/600.2.5 (KHTML, like Gecko) Version/8.0.2 Safari/600.2.5 (Amazonbot/0.1; +https://developer.amazon.com/support/amazonbot)"
54.36.149.36 - - [15/Nov/2023:07:01:42 +0100] "GET /incense-stick-holder-ganesh-p-35506.html HTTP/1.0" 200 80540 "-" "Mozilla/5.0 (compatible; AhrefsBot/7.0; +http://ahrefs.com/robot/)"
54.36.148.193 - - [15/Nov/2023:07:01:45 +0100] "GET /images/big_prod_1/8718657461175a.jpg HTTP/1.0" 200 271 "-" "Mozilla/5.0 (compatible; AhrefsBot/7.0; +http://ahrefs.com/robot/)"
51.68.224.127 - - [15/Nov/2023:07:02:34 +0100] "GET /adminweb/export_orders_xml.php?token=256de2z6edz6ed2z6DFSFsed2zed6zeDSFDSGdzedezfzf&maxorders=10&orderstart=1&status=14&start_date=2018-10-01 HTTP/1.0" 200 285 "-" "GesCom CharlotteBoutik Serveur"
51.68.224.127 - - [15/Nov/2023:07:02:34 +0100] "GET /adminweb/export_orders_xml.php?token=256de2z6edz6ed2z6DFSFsed2zed6zeDSFDSGdzedezfzf&maxorders=10&orderstart=1&status=6&start_date=2018-10-01 HTTP/1.0" 200 33939 "-" "GesCom CharlotteBoutik Serveur"
138.2.229.118 - - [15/Nov/2023:07:02:50 +0100] "GET /images/8430269349879.jpg HTTP/1.0" 200 259 "-" "Mozilla/5.0 (X11; Ubuntu; Linux x86_64; rv:72.0) Gecko/20100101 Firefox/72.0"
54.36.148.119 - - [15/Nov/2023:07:03:03 +0100] "GET /mala-bracelet-xinyi-jade-elastic-p-57281.html HTTP/1.0" 200 81520 "-" "Mozilla/5.0 (compatible; AhrefsBot/7.0; +http://ahrefs.com/robot/)"
94.56.103.180 - - [15/Nov/2023:07:03:07 +0100] "GET /images/mini_prod/1300000030021.jpg HTTP/1.0" 200 269 "-" "Mozilla/5.0 (X11; Ubuntu; Linux x86_64; rv:72.0) Gecko/20100101 Firefox/72.0"
217.182.175.163 - - [15/Nov/2023:07:03:07 +0100] "GET /alarm-clock-starry-night-vincent-gogh-p-46908.html HTTP/1.0" 200 80041 "-" "Mozilla/5.0 (compatible; MJ12bot/v1.4.8; http://mj12bot.com/)"
217.182.175.163 - - [15/Nov/2023:07:03:12 +0100] "GET /alarm-clock-starry-night-vincent-van-gogh-p-46908.html HTTP/1.0" 301 80145 "-" "Mozilla/5.0 (compatible; MJ12bot/v1.4.8; http://mj12bot.com/)"
217.182.175.163 - - [15/Nov/2023:07:03:16 +0100] "GET /alarm-clock-starry-night-vincent-gogh-p-46908.html HTTP/1.0" 200 80041 "-" "Mozilla/5.0 (compatible; MJ12bot/v1.4.8; http://mj12bot.com/)"
217.182.175.163 - - [15/Nov/2023:07:03:20 +0100] "GET /alarm-clock-the-kiss-klimt-p-46913.html HTTP/1.0" 301 80016 "-" "Mozilla/5.0 (compatible; MJ12bot/v1.4.8; http://mj12bot.com/)"
217.182.175.163 - - [15/Nov/2023:07:03:24 +0100] "GET /alarm-clock-kiss-klimt-p-46913.html HTTP/1.0" 200 79927 "-" "Mozilla/5.0 (compatible; MJ12bot/v1.4.8; http://mj12bot.com/)"
217.182.175.163 - - [15/Nov/2023:07:03:29 +0100] "GET /alarm-pink-dog-p-24186.html HTTP/1.0" 301 77450 "-" "Mozilla/5.0 (compatible; MJ12bot/v1.4.8; http://mj12bot.com/)"
217.182.175.163 - - [15/Nov/2023:07:03:32 +0100] "GET /-p-24186.html HTTP/1.0" 200 77383 "-" "Mozilla/5.0 (compatible; MJ12bot/v1.4.8; http://mj12bot.com/)"
54.36.149.66 - - [15/Nov/2023:07:03:50 +0100] "GET /ours-tray-melamine-p-45555.html HTTP/1.0" 200 77473 "-" "Mozilla/5.0 (compatible; AhrefsBot/7.0; +http://ahrefs.com/robot/)"
217.182.175.163 - - [15/Nov/2023:07:03:35 +0100] "GET /alarms-clocks-c-13_65.html?page=1 HTTP/1.0" 200 97781 "-" "Mozilla/5.0 (compatible; MJ12bot/v1.4.8; http://mj12bot.com/)"
202.239.5.10 - - [15/Nov/2023:07:03:54 +0100] "GET /court-sleeves-shirts-c-2_39.html HTTP/1.0" 200 83598 "-" "Mozilla/5.0 (compatible; Y!J-WSC/1.0; +https://yahoo.jp/3BSZgF)"
182.22.30.88 - - [15/Nov/2023:07:03:59 +0100] "GET /swfobject.js HTTP/1.0" 404 1308 "http://www.wonder-geek.com/court-sleeves-shirts-c-2_39.html" "Mozilla/5.0 (Windows NT 10.0; Win64; x64) AppleWebKit/537.36 (KHTML, like Gecko; compatible; Y!J-WSC/1.0; +https://yahoo.jp/3BSZgF) Chrome/116.0.0.0 Safari/537.36"
217.182.175.163 - - [15/Nov/2023:07:03:56 +0100] "GET /alarms-clocks-c-13_65.html?page=2 HTTP/1.0" 200 98268 "-" "Mozilla/5.0 (compatible; MJ12bot/v1.4.8; http://mj12bot.com/)"
217.182.175.163 - - [15/Nov/2023:07:04:17 +0100] "GET /alarms-clocks-c-13_65.html?page=3 HTTP/1.0" 200 98211 "-" "Mozilla/5.0 (compatible; MJ12bot/v1.4.8; http://mj12bot.com/)"
3.224.220.101 - - [15/Nov/2023:07:04:21 +0100] "GET /jigsaws-c-4_144.html HTTP/1.0" 200 83592 "-" "Mozilla/5.0 (Macintosh; Intel Mac OS X 10_10_1) AppleWebKit/600.2.5 (KHTML, like Gecko) Version/8.0.2 Safari/600.2.5 (Amazonbot/0.1; +https://developer.amazon.com/support/amazonbot)"
217.182.175.163 - - [15/Nov/2023:07:04:21 +0100] "GET /alarms-clocks-c-13_65.html?page=4 HTTP/1.0" 200 87048 "-" "Mozilla/5.0 (compatible; MJ12bot/v1.4.8; http://mj12bot.com/)"
217.182.175.163 - - [15/Nov/2023:07:04:24 +0100] "GET /alarms-clocks-c-13_65.html?page=5 HTTP/1.0" 200 87048 "-" "Mozilla/5.0 (compatible; MJ12bot/v1.4.8; http://mj12bot.com/)"
217.182.175.163 - - [15/Nov/2023:07:04:28 +0100] "GET /alarms-clocks-c-13_65.html?page=6 HTTP/1.0" 200 87048 "-" "Mozilla/5.0 (compatible; MJ12bot/v1.4.8; http://mj12bot.com/)"
217.182.175.163 - - [15/Nov/2023:07:04:32 +0100] "GET /alarms-clocks-clocks-and-watches/alarms-clocks/happy-colors-pink-alarm-clock-p-24650.html HTTP/1.0" 301 77450 "-" "Mozilla/5.0 (compatible; MJ12bot/v1.4.8; http://mj12bot.com/)"
217.182.175.163 - - [15/Nov/2023:07:04:35 +0100] "GET /-p-24650.html HTTP/1.0" 200 77383 "-" "Mozilla/5.0 (compatible; MJ12bot/v1.4.8; http://mj12bot.com/)"
217.182.175.163 - - [15/Nov/2023:07:04:39 +0100] "GET /alarms-clocks-clocks-and-watches/alarms-clocks/happy-colors-yellow-alarm-clock-p-24651.html HTTP/1.0" 301 77450 "-" "Mozilla/5.0 (compatible; MJ12bot/v1.4.8; http://mj12bot.com/)"
217.182.175.163 - - [15/Nov/2023:07:04:42 +0100] "GET /-p-24651.html HTTP/1.0" 200 77383 "-" "Mozilla/5.0 (compatible; MJ12bot/v1.4.8; http://mj12bot.com/)"
217.182.175.163 - - [15/Nov/2023:07:04:46 +0100] "GET /alarms-clocks-clocks-and-watches/alarms-clocks/japan-alarm-clock-cbk-p-24998.html HTTP/1.0" 301 79936 "-" "Mozilla/5.0 (compatible; MJ12bot/v1.4.8; http://mj12bot.com/)"
54.36.148.215 - - [15/Nov/2023:07:04:46 +0100] "GET /studio-pets-plush-p-54203.html HTTP/1.0" 200 80588 "-" "Mozilla/5.0 (compatible; AhrefsBot/7.0; +http://ahrefs.com/robot/)"
217.182.175.163 - - [15/Nov/2023:07:04:50 +0100] "GET /japan-alarm-clock-cbkreation-p-24998.html HTTP/1.0" 200 79841 "-" "Mozilla/5.0 (compatible; MJ12bot/v1.4.8; http://mj12bot.com/)"
217.182.175.163 - - [15/Nov/2023:07:04:53 +0100] "GET /alarms-clocks-clocks-and-watches/alarms-clocks/mire-alarm-clock-cbk-p-25011.html HTTP/1.0" 301 79930 "-" "Mozilla/5.0 (compatible; MJ12bot/v1.4.8; http://mj12bot.com/)"
217.182.175.163 - - [15/Nov/2023:07:04:56 +0100] "GET /mire-alarm-clock-cbkreation-p-25011.html HTTP/1.0" 200 79836 "-" "Mozilla/5.0 (compatible; MJ12bot/v1.4.8; http://mj12bot.com/)"
217.182.175.163 - - [15/Nov/2023:07:05:02 +0100] "GET /alarms-clocks-clocks-and-watches/alarms-clocks/small-monster-high-alarm-clock-p-18300.html HTTP/1.0" 301 77450 "-" "Mozilla/5.0 (compatible; MJ12bot/v1.4.8; http://mj12bot.com/)"
217.182.175.163 - - [15/Nov/2023:07:05:05 +0100] "GET /-p-18300.html HTTP/1.0" 200 77383 "-" "Mozilla/5.0 (compatible; MJ12bot/v1.4.8; http://mj12bot.com/)"
217.182.175.163 - - [15/Nov/2023:07:05:09 +0100] "GET /alarms-clocks-clocks-and-watches/clocks-c-5_14_67.html HTTP/1.0" 301 99355 "-" "Mozilla/5.0 (compatible; MJ12bot/v1.4.8; http://mj12bot.com/)"
17.241.227.215 - - [15/Nov/2023:07:05:09 +0100] "GET /patinated-gold-metal-wall-mirror-p-60496.html HTTP/1.0" 200 80491 "-" "Mozilla/5.0 (Macintosh; Intel Mac OS X 10_15_5) AppleWebKit/605.1.15 (KHTML, like Gecko) Version/13.1.1 Safari/605.1.15 (Applebot/0.1; +http://www.apple.com/go/applebot)"
217.182.175.163 - - [15/Nov/2023:07:05:12 +0100] "GET /clocks-c-67.html HTTP/1.0" 301 99412 "-" "Mozilla/5.0 (compatible; MJ12bot/v1.4.8; http://mj12bot.com/)"
217.182.175.163 - - [15/Nov/2023:07:05:17 +0100] "GET /clocks-c-13_67.html HTTP/1.0" 200 99465 "-" "Mozilla/5.0 (compatible; MJ12bot/v1.4.8; http://mj12bot.com/)"
114.119.157.156 - - [15/Nov/2023:07:05:24 +0100] "GET /%20images/big_prod/8422064411028.jpg HTTP/1.0" 404 1308 "http://www.wonder-geek.com/wooden-hanging-tree-decoration-p-58754.html" "Mozilla/5.0 (Linux; Android 7.0;) AppleWebKit/537.36 (KHTML, like Gecko) Mobile Safari/537.36 (compatible; PetalBot;+https://webmaster.petalsearch.com/site/petalbot)"
217.182.175.163 - - [15/Nov/2023:07:05:23 +0100] "GET /alarms-clocks-clocks-and-watches/clocks-c-5_14_67.html?page=1 HTTP/1.0" 301 99373 "-" "Mozilla/5.0 (compatible; MJ12bot/v1.4.8; http://mj12bot.com/)"
217.182.175.163 - - [15/Nov/2023:07:05:27 +0100] "GET /clocks-c-67.html?page=1 HTTP/1.0" 301 99430 "-" "Mozilla/5.0 (compatible; MJ12bot/v1.4.8; http://mj12bot.com/)"
54.36.149.33 - - [15/Nov/2023:07:05:29 +0100] "GET /angel-figurine-love-p-58772.html HTTP/1.0" 200 81526 "-" "Mozilla/5.0 (compatible; AhrefsBot/7.0; +http://ahrefs.com/robot/)"
217.182.175.163 - - [15/Nov/2023:07:05:30 +0100] "GET /clocks-c-13_67.html?page=1 HTTP/1.0" 200 99476 "-" "Mozilla/5.0 (compatible; MJ12bot/v1.4.8; http://mj12bot.com/)"
54.36.148.220 - - [15/Nov/2023:07:06:22 +0100] "GET /cats-dubout-placemat-p-47083.html HTTP/1.0" 200 79777 "-" "Mozilla/5.0 (compatible; AhrefsBot/7.0; +http://ahrefs.com/robot/)"
114.119.146.55 - - [15/Nov/2023:07:06:45 +0100] "GET /strawberry-shortcake-swimsuit-p-30289.html HTTP/1.0" 200 80917 "http://www.wonder-geek.com/swimsuit-c-1_18.html" "Mozilla/5.0 (Linux; Android 7.0;) AppleWebKit/537.36 (KHTML, like Gecko) Mobile Safari/537.36 (compatible; PetalBot;+https://webmaster.petalsearch.com/site/petalbot)"
54.36.148.80 - - [15/Nov/2023:07:07:26 +0100] "GET /ceramic-cork-trivet-cement-tiles-p-59252.html HTTP/1.0" 200 80754 "-" "Mozilla/5.0 (compatible; AhrefsBot/7.0; +http://ahrefs.com/robot/)"
3.224.220.101 - - [15/Nov/2023:07:07:41 +0100] "GET /specials.php HTTP/1.0" 200 124302 "-" "Mozilla/5.0 (Macintosh; Intel Mac OS X 10_10_1) AppleWebKit/600.2.5 (KHTML, like Gecko) Version/8.0.2 Safari/600.2.5 (Amazonbot/0.1; +https://developer.amazon.com/support/amazonbot)"
52.70.240.171 - - [15/Nov/2023:07:07:43 +0100] "GET /-c-95_332.html HTTP/1.0" 200 76251 "-" "Mozilla/5.0 (Macintosh; Intel Mac OS X 10_10_1) AppleWebKit/600.2.5 (KHTML, like Gecko) Version/8.0.2 Safari/600.2.5 (Amazonbot/0.1; +https://developer.amazon.com/support/amazonbot)"
3.224.220.101 - - [15/Nov/2023:07:07:45 +0100] "GET /infuser-rest-c-12_247.html HTTP/1.0" 200 96954 "-" "Mozilla/5.0 (Macintosh; Intel Mac OS X 10_10_1) AppleWebKit/600.2.5 (KHTML, like Gecko) Version/8.0.2 Safari/600.2.5 (Amazonbot/0.1; +https://developer.amazon.com/support/amazonbot)"
3.224.220.101 - - [15/Nov/2023:07:07:47 +0100] "GET /storage-cups-c-12_159_264.html HTTP/1.0" 200 97605 "-" "Mozilla/5.0 (Macintosh; Intel Mac OS X 10_10_1) AppleWebKit/600.2.5 (KHTML, like Gecko) Version/8.0.2 Safari/600.2.5 (Amazonbot/0.1; +https://developer.amazon.com/support/amazonbot)"
217.182.175.163 - - [15/Nov/2023:07:08:05 +0100] "GET /alarms-clocks-clocks-and-watches/clocks-c-5_14_67.html?page=10 HTTP/1.0" 301 94687 "-" "Mozilla/5.0 (compatible; MJ12bot/v1.4.8; http://mj12bot.com/)"
217.182.175.163 - - [15/Nov/2023:07:08:07 +0100] "GET /clocks-c-67.html?page=10 HTTP/1.0" 301 94744 "-" "Mozilla/5.0 (compatible; MJ12bot/v1.4.8; http://mj12bot.com/)"
217.182.175.163 - - [15/Nov/2023:07:08:10 +0100] "GET /clocks-c-13_67.html?page=10 HTTP/1.0" 200 94789 "-" "Mozilla/5.0 (compatible; MJ12bot/v1.4.8; http://mj12bot.com/)"
217.182.175.163 - - [15/Nov/2023:07:08:13 +0100] "GET /alarms-clocks-clocks-and-watches/clocks-c-5_14_67.html?page=11 HTTP/1.0" 301 94687 "-" "Mozilla/5.0 (compatible; MJ12bot/v1.4.8; http://mj12bot.com/)"
54.36.148.65 - - [15/Nov/2023:07:08:14 +0100] "GET /placemat-little-prince-p-59070.html HTTP/1.0" 200 80340 "-" "Mozilla/5.0 (compatible; AhrefsBot/7.0; +http://ahrefs.com/robot/)"
54.36.148.67 - - [15/Nov/2023:07:08:17 +0100] "GET /images/big_prod_1/3700572774237a.jpg HTTP/1.0" 200 271 "-" "Mozilla/5.0 (compatible; AhrefsBot/7.0; +http://ahrefs.com/robot/)"
217.182.175.163 - - [15/Nov/2023:07:08:16 +0100] "GET /clocks-c-67.html?page=11 HTTP/1.0" 301 94744 "-" "Mozilla/5.0 (compatible; MJ12bot/v1.4.8; http://mj12bot.com/)"
217.182.175.163 - - [15/Nov/2023:07:08:19 +0100] "GET /clocks-c-13_67.html?page=11 HTTP/1.0" 200 94789 "-" "Mozilla/5.0 (compatible; MJ12bot/v1.4.8; http://mj12bot.com/)"
52.70.240.171 - - [15/Nov/2023:07:08:22 +0100] "GET /wallet-c-31_237.html HTTP/1.0" 200 98145 "-" "Mozilla/5.0 (Macintosh; Intel Mac OS X 10_10_1) AppleWebKit/600.2.5 (KHTML, like Gecko) Version/8.0.2 Safari/600.2.5 (Amazonbot/0.1; +https://developer.amazon.com/support/amazonbot)"
217.182.175.163 - - [15/Nov/2023:07:08:23 +0100] "GET /alarms-clocks-clocks-and-watches/clocks-c-5_14_67.html?page=2 HTTP/1.0" 301 100582 "-" "Mozilla/5.0 (compatible; MJ12bot/v1.4.8; http://mj12bot.com/)"
23.22.35.162 - - [15/Nov/2023:07:08:24 +0100] "GET /poncho-towels-bathrobes-c-11_72.html HTTP/1.0" 200 86810 "-" "Mozilla/5.0 (Macintosh; Intel Mac OS X 10_10_1) AppleWebKit/600.2.5 (KHTML, like Gecko) Version/8.0.2 Safari/600.2.5 (Amazonbot/0.1; +https://developer.amazon.com/support/amazonbot)"
217.182.175.163 - - [15/Nov/2023:07:08:26 +0100] "GET /clocks-c-67.html?page=2 HTTP/1.0" 301 100635 "-" "Mozilla/5.0 (compatible; MJ12bot/v1.4.8; http://mj12bot.com/)"
217.182.175.163 - - [15/Nov/2023:07:08:28 +0100] "GET /clocks-c-13_67.html?page=2 HTTP/1.0" 200 100681 "-" "Mozilla/5.0 (compatible; MJ12bot/v1.4.8; http://mj12bot.com/)"
23.22.35.162 - - [15/Nov/2023:07:08:30 +0100] "GET /metal-boxes-storage-c-13_150_218.html HTTP/1.0" 200 96762 "-" "Mozilla/5.0 (Macintosh; Intel Mac OS X 10_10_1) AppleWebKit/600.2.5 (KHTML, like Gecko) Version/8.0.2 Safari/600.2.5 (Amazonbot/0.1; +https://developer.amazon.com/support/amazonbot)"
3.224.220.101 - - [15/Nov/2023:07:08:32 +0100] "GET /notebook-notebook-diary-c-129_185.html HTTP/1.0" 200 98373 "-" "Mozilla/5.0 (Macintosh; Intel Mac OS X 10_10_1) AppleWebKit/600.2.5 (KHTML, like Gecko) Version/8.0.2 Safari/600.2.5 (Amazonbot/0.1; +https://developer.amazon.com/support/amazonbot)"
217.182.175.163 - - [15/Nov/2023:07:08:32 +0100] "GET /alarms-clocks-clocks-and-watches/clocks-c-5_14_67.html?page=3 HTTP/1.0" 301 99717 "-" "Mozilla/5.0 (compatible; MJ12bot/v1.4.8; http://mj12bot.com/)"
217.182.175.163 - - [15/Nov/2023:07:08:36 +0100] "GET /clocks-c-67.html?page=3 HTTP/1.0" 301 99770 "-" "Mozilla/5.0 (compatible; MJ12bot/v1.4.8; http://mj12bot.com/)"
217.182.175.163 - - [15/Nov/2023:07:08:39 +0100] "GET /clocks-c-13_67.html?page=3 HTTP/1.0" 200 99816 "-" "Mozilla/5.0 (compatible; MJ12bot/v1.4.8; http://mj12bot.com/)"
217.182.175.163 - - [15/Nov/2023:07:08:42 +0100] "GET /alarms-clocks-clocks-and-watches/clocks-c-5_14_67.html?page=4 HTTP/1.0" 301 99681 "-" "Mozilla/5.0 (compatible; MJ12bot/v1.4.8; http://mj12bot.com/)"
217.182.175.163 - - [15/Nov/2023:07:08:45 +0100] "GET /clocks-c-67.html?page=4 HTTP/1.0" 301 99734 "-" "Mozilla/5.0 (compatible; MJ12bot/v1.4.8; http://mj12bot.com/)"
217.182.175.163 - - [15/Nov/2023:07:08:48 +0100] "GET /clocks-c-13_67.html?page=4 HTTP/1.0" 200 99780 "-" "Mozilla/5.0 (compatible; MJ12bot/v1.4.8; http://mj12bot.com/)"
217.182.175.163 - - [15/Nov/2023:07:08:52 +0100] "GET /alarms-clocks-clocks-and-watches/clocks-c-5_14_67.html?page=5 HTTP/1.0" 301 99960 "-" "Mozilla/5.0 (compatible; MJ12bot/v1.4.8; http://mj12bot.com/)"
54.36.148.134 - - [15/Nov/2023:07:08:54 +0100] "GET /ceramic-cork-trivet-cement-tiles-p-59690.html HTTP/1.0" 200 79876 "-" "Mozilla/5.0 (compatible; AhrefsBot/7.0; +http://ahrefs.com/robot/)"
217.182.175.163 - - [15/Nov/2023:07:08:55 +0100] "GET /clocks-c-67.html?page=5 HTTP/1.0" 301 100013 "-" "Mozilla/5.0 (compatible; MJ12bot/v1.4.8; http://mj12bot.com/)"
217.182.175.163 - - [15/Nov/2023:07:08:58 +0100] "GET /clocks-c-13_67.html?page=5 HTTP/1.0" 200 100059 "-" "Mozilla/5.0 (compatible; MJ12bot/v1.4.8; http://mj12bot.com/)"
8.218.254.250 - - [15/Nov/2023:07:09:02 +0100] "GET /images/mini_prod/9316188080750.jpg HTTP/1.0" 200 269 "-" "Mozilla/5.0 (X11; Ubuntu; Linux x86_64; rv:72.0) Gecko/20100101 Firefox/72.0"
217.182.175.163 - - [15/Nov/2023:07:09:02 +0100] "GET /alarms-clocks-clocks-and-watches/clocks-c-5_14_67.html?page=6 HTTP/1.0" 301 99886 "-" "Mozilla/5.0 (compatible; MJ12bot/v1.4.8; http://mj12bot.com/)"
217.182.175.163 - - [15/Nov/2023:07:09:05 +0100] "GET /clocks-c-67.html?page=6 HTTP/1.0" 301 99939 "-" "Mozilla/5.0 (compatible; MJ12bot/v1.4.8; http://mj12bot.com/)"
217.182.175.163 - - [15/Nov/2023:07:09:08 +0100] "GET /clocks-c-13_67.html?page=6 HTTP/1.0" 200 99985 "-" "Mozilla/5.0 (compatible; MJ12bot/v1.4.8; http://mj12bot.com/)"
217.182.175.163 - - [15/Nov/2023:07:09:12 +0100] "GET /alarms-clocks-clocks-and-watches/clocks-c-5_14_67.html?page=7 HTTP/1.0" 301 99570 "-" "Mozilla/5.0 (compatible; MJ12bot/v1.4.8; http://mj12bot.com/)"
217.182.175.163 - - [15/Nov/2023:07:09:14 +0100] "GET /clocks-c-67.html?page=7 HTTP/1.0" 301 99623 "-" "Mozilla/5.0 (compatible; MJ12bot/v1.4.8; http://mj12bot.com/)"
66.249.74.100 - - [15/Nov/2023:07:09:16 +0100] "GET /array-m-420.html?page=2 HTTP/1.0" 200 104429 "-" "Mozilla/5.0 (Linux; Android 6.0.1; Nexus 5X Build/MMB29P) AppleWebKit/537.36 (KHTML, like Gecko) Chrome/119.0.6045.123 Mobile Safari/537.36 (compatible; Googlebot/2.1; +http://www.google.com/bot.html)"
217.182.175.163 - - [15/Nov/2023:07:09:17 +0100] "GET /clocks-c-13_67.html?page=7 HTTP/1.0" 200 99669 "-" "Mozilla/5.0 (compatible; MJ12bot/v1.4.8; http://mj12bot.com/)"
217.182.175.163 - - [15/Nov/2023:07:09:21 +0100] "GET /alarms-clocks-clocks-and-watches/clocks-c-5_14_67.html?page=8 HTTP/1.0" 301 100514 "-" "Mozilla/5.0 (compatible; MJ12bot/v1.4.8; http://mj12bot.com/)"
217.182.175.163 - - [15/Nov/2023:07:09:25 +0100] "GET /clocks-c-67.html?page=8 HTTP/1.0" 301 100567 "-" "Mozilla/5.0 (compatible; MJ12bot/v1.4.8; http://mj12bot.com/)"
217.182.175.163 - - [15/Nov/2023:07:09:27 +0100] "GET /clocks-c-13_67.html?page=8 HTTP/1.0" 200 100613 "-" "Mozilla/5.0 (compatible; MJ12bot/v1.4.8; http://mj12bot.com/)"
217.182.175.163 - - [15/Nov/2023:07:09:31 +0100] "GET /alarms-clocks-clocks-and-watches/clocks/100-marseille-glass-clock-p-19534.html HTTP/1.0" 301 77450 "-" "Mozilla/5.0 (compatible; MJ12bot/v1.4.8; http://mj12bot.com/)"
217.182.175.163 - - [15/Nov/2023:07:09:35 +0100] "GET /-p-19534.html HTTP/1.0" 200 77383 "-" "Mozilla/5.0 (compatible; MJ12bot/v1.4.8; http://mj12bot.com/)"
217.182.175.163 - - [15/Nov/2023:07:09:38 +0100] "GET /alarms-clocks-clocks-and-watches/clocks/2cv-citr%C3%83%C2%B6en-clock-p-23284.html HTTP/1.0" 301 77450 "-" "Mozilla/5.0 (compatible; MJ12bot/v1.4.8; http://mj12bot.com/)"
217.182.175.163 - - [15/Nov/2023:07:09:41 +0100] "GET /-p-23284.html HTTP/1.0" 200 77383 "-" "Mozilla/5.0 (compatible; MJ12bot/v1.4.8; http://mj12bot.com/)"
217.182.175.163 - - [15/Nov/2023:07:09:43 +0100] "GET /alarms-clocks-clocks-and-watches/clocks/a110-alpine-clock-p-23293.html HTTP/1.0" 301 77450 "-" "Mozilla/5.0 (compatible; MJ12bot/v1.4.8; http://mj12bot.com/)"
47.128.51.186 - - [15/Nov/2023:07:09:46 +0100] "GET /girls/socks/disney-princess-pairs-socks-1922-p-25246.html HTTP/1.0" 301 77450 "-" "Mozilla/5.0 (Linux; Android 5.0) AppleWebKit/537.36 (KHTML, like Gecko) Mobile Safari/537.36 (compatible; Bytespider; spider-feedback@bytedance.com)"
217.182.175.163 - - [15/Nov/2023:07:09:47 +0100] "GET /-p-23293.html HTTP/1.0" 200 77383 "-" "Mozilla/5.0 (compatible; MJ12bot/v1.4.8; http://mj12bot.com/)"
47.128.51.186 - - [15/Nov/2023:07:09:48 +0100] "GET /-p-25246.html HTTP/1.0" 200 77383 "-" "Mozilla/5.0 (Linux; Android 5.0) AppleWebKit/537.36 (KHTML, like Gecko) Mobile Safari/537.36 (compatible; Bytespider; spider-feedback@bytedance.com)"
47.128.51.186 - - [15/Nov/2023:07:09:50 +0100] "GET /swfobject.js HTTP/1.0" 404 1308 "http://www.wonder-geek.com/-p-25246.html" "Mozilla/5.0 (Linux; Android 5.0) AppleWebKit/537.36 (KHTML, like Gecko) Mobile Safari/537.36 (compatible; Bytespider; spider-feedback@bytedance.com)"
47.128.51.186 - - [15/Nov/2023:07:09:50 +0100] "GET /highslide/graphics/outlines/drop-shadow.png HTTP/1.0" 200 277 "http://www.wonder-geek.com/-p-25246.html" "Mozilla/5.0 (Linux; Android 5.0) AppleWebKit/537.36 (KHTML, like Gecko) Mobile Safari/537.36 (compatible; Bytespider; spider-feedback@bytedance.com)"
47.128.51.186 - - [15/Nov/2023:07:09:50 +0100] "GET /highslide/graphics/zoomout.cur HTTP/1.0" 200 614 "http://www.wonder-geek.com/-p-25246.html" "Mozilla/5.0 (Linux; Android 5.0) AppleWebKit/537.36 (KHTML, like Gecko) Mobile Safari/537.36 (compatible; Bytespider; spider-feedback@bytedance.com)"
114.119.148.154 - - [15/Nov/2023:07:09:51 +0100] "GET /images/big_prod_2/5400924264727C.jpg HTTP/1.0" 200 271 "http://www.wonder-geek.com/monkey-lamp-golden-resin-p-60073.html" "Mozilla/5.0 (Linux; Android 7.0;) AppleWebKit/537.36 (KHTML, like Gecko) Mobile Safari/537.36 (compatible; PetalBot;+https://webmaster.petalsearch.com/site/petalbot)"
217.182.175.163 - - [15/Nov/2023:07:09:50 +0100] "GET /alarms-clocks-clocks-and-watches/clocks/betty-boop-pin-clock-p-8113.html HTTP/1.0" 301 77447 "-" "Mozilla/5.0 (compatible; MJ12bot/v1.4.8; http://mj12bot.com/)"
217.182.175.163 - - [15/Nov/2023:07:09:53 +0100] "GET /-p-8113.html HTTP/1.0" 200 77381 "-" "Mozilla/5.0 (compatible; MJ12bot/v1.4.8; http://mj12bot.com/)"
217.182.175.163 - - [15/Nov/2023:07:09:56 +0100] "GET /alarms-clocks-clocks-and-watches/clocks/biere-blonde-wall-clock-metal-p-22605.html HTTP/1.0" 301 77450 "-" "Mozilla/5.0 (compatible; MJ12bot/v1.4.8; http://mj12bot.com/)"
217.182.175.163 - - [15/Nov/2023:07:10:00 +0100] "GET /-p-22605.html HTTP/1.0" 200 77383 "-" "Mozilla/5.0 (compatible; MJ12bot/v1.4.8; http://mj12bot.com/)"
54.36.148.121 - - [15/Nov/2023:07:10:00 +0100] "GET /angry-birds-pencil-p-19131.html HTTP/1.0" 200 79944 "-" "Mozilla/5.0 (compatible; AhrefsBot/7.0; +http://ahrefs.com/robot/)"
217.182.175.163 - - [15/Nov/2023:07:10:03 +0100] "GET /alarms-clocks-clocks-and-watches/clocks/big-ben-london-clock-p-14662.html HTTP/1.0" 301 77450 "-" "Mozilla/5.0 (compatible; MJ12bot/v1.4.8; http://mj12bot.com/)"
217.182.175.163 - - [15/Nov/2023:07:10:07 +0100] "GET /-p-14662.html HTTP/1.0" 200 77383 "-" "Mozilla/5.0 (compatible; MJ12bot/v1.4.8; http://mj12bot.com/)"
3.224.220.101 - - [15/Nov/2023:07:10:08 +0100] "GET /-c-95_310.html HTTP/1.0" 200 76251 "-" "Mozilla/5.0 (Macintosh; Intel Mac OS X 10_10_1) AppleWebKit/600.2.5 (KHTML, like Gecko) Version/8.0.2 Safari/600.2.5 (Amazonbot/0.1; +https://developer.amazon.com/support/amazonbot)"
52.70.240.171 - - [15/Nov/2023:07:10:09 +0100] "GET /-c-292_327.html HTTP/1.0" 200 96979 "-" "Mozilla/5.0 (Macintosh; Intel Mac OS X 10_10_1) AppleWebKit/600.2.5 (KHTML, like Gecko) Version/8.0.2 Safari/600.2.5 (Amazonbot/0.1; +https://developer.amazon.com/support/amazonbot)"
217.182.175.163 - - [15/Nov/2023:07:10:11 +0100] "GET /alarms-clocks-clocks-and-watches/clocks/black-and-white-horse-glass-clock-p-24949.html HTTP/1.0" 301 77450 "-" "Mozilla/5.0 (compatible; MJ12bot/v1.4.8; http://mj12bot.com/)"
3.224.220.101 - - [15/Nov/2023:07:10:11 +0100] "GET /-c-95_303.html HTTP/1.0" 200 76251 "-" "Mozilla/5.0 (Macintosh; Intel Mac OS X 10_10_1) AppleWebKit/600.2.5 (KHTML, like Gecko) Version/8.0.2 Safari/600.2.5 (Amazonbot/0.1; +https://developer.amazon.com/support/amazonbot)"
23.22.35.162 - - [15/Nov/2023:07:10:13 +0100] "GET /mirror-c-13_133.html HTTP/1.0" 200 97307 "-" "Mozilla/5.0 (Macintosh; Intel Mac OS X 10_10_1) AppleWebKit/600.2.5 (KHTML, like Gecko) Version/8.0.2 Safari/600.2.5 (Amazonbot/0.1; +https://developer.amazon.com/support/amazonbot)"
217.182.175.163 - - [15/Nov/2023:07:10:14 +0100] "GET /-p-24949.html HTTP/1.0" 200 77383 "-" "Mozilla/5.0 (compatible; MJ12bot/v1.4.8; http://mj12bot.com/)"
217.182.175.163 - - [15/Nov/2023:07:10:18 +0100] "GET /alarms-clocks-clocks-and-watches/clocks/blue-alpine-clock-p-23281.html HTTP/1.0" 301 77450 "-" "Mozilla/5.0 (compatible; MJ12bot/v1.4.8; http://mj12bot.com/)"
217.182.175.163 - - [15/Nov/2023:07:10:22 +0100] "GET /-p-23281.html HTTP/1.0" 200 77383 "-" "Mozilla/5.0 (compatible; MJ12bot/v1.4.8; http://mj12bot.com/)"
217.182.175.163 - - [15/Nov/2023:07:10:29 +0100] "GET /alarms-clocks-clocks-and-watches/clocks/brasil-clock-cbk-p-24406.html HTTP/1.0" 301 79832 "-" "Mozilla/5.0 (compatible; MJ12bot/v1.4.8; http://mj12bot.com/)"
47.128.30.32 - - [15/Nov/2023:07:10:30 +0100] "GET /home-and-decoration/posters-and-stickerswall/dora-the-explorer-large-sticker-p-27889.html HTTP/1.0" 301 79954 "-" "Mozilla/5.0 (Linux; Android 5.0) AppleWebKit/537.36 (KHTML, like Gecko) Mobile Safari/537.36 (compatible; Bytespider; spider-feedback@bytedance.com)"
47.128.30.32 - - [15/Nov/2023:07:10:32 +0100] "GET /dora-explorer-large-sticker-p-27889.html HTTP/1.0" 200 79860 "-" "Mozilla/5.0 (Linux; Android 5.0) AppleWebKit/537.36 (KHTML, like Gecko) Mobile Safari/537.36 (compatible; Bytespider; spider-feedback@bytedance.com)"
47.128.30.32 - - [15/Nov/2023:07:10:33 +0100] "GET /swfobject.js HTTP/1.0" 404 1308 "http://www.wonder-geek.com/dora-explorer-large-sticker-p-27889.html" "Mozilla/5.0 (Linux; Android 5.0) AppleWebKit/537.36 (KHTML, like Gecko) Mobile Safari/537.36 (compatible; Bytespider; spider-feedback@bytedance.com)"
217.182.175.163 - - [15/Nov/2023:07:10:33 +0100] "GET /quebec-clock-cbkreation-p-24406.html HTTP/1.0" 200 79742 "-" "Mozilla/5.0 (compatible; MJ12bot/v1.4.8; http://mj12bot.com/)"
54.36.148.197 - - [15/Nov/2023:07:10:33 +0100] "GET /harley-davidson-zippo-lighter-p-52758.html HTTP/1.0" 200 82113 "-" "Mozilla/5.0 (compatible; AhrefsBot/7.0; +http://ahrefs.com/robot/)"
47.128.30.32 - - [15/Nov/2023:07:10:38 +0100] "GET /highslide/graphics/zoomin.cur HTTP/1.0" 200 614 "http://www.wonder-geek.com/templates/Pixame_v1/stylesheet.css" "Mozilla/5.0 (Linux; Android 5.0) AppleWebKit/537.36 (KHTML, like Gecko) Mobile Safari/537.36 (compatible; Bytespider; spider-feedback@bytedance.com)"
47.128.30.32 - - [15/Nov/2023:07:10:38 +0100] "GET /highslide/graphics/outlines/drop-shadow.png HTTP/1.0" 200 277 "http://www.wonder-geek.com/dora-explorer-large-sticker-p-27889.html" "Mozilla/5.0 (Linux; Android 5.0) AppleWebKit/537.36 (KHTML, like Gecko) Mobile Safari/537.36 (compatible; Bytespider; spider-feedback@bytedance.com)"
47.128.30.32 - - [15/Nov/2023:07:10:38 +0100] "GET /highslide/graphics/zoomout.cur HTTP/1.0" 200 614 "http://www.wonder-geek.com/dora-explorer-large-sticker-p-27889.html" "Mozilla/5.0 (Linux; Android 5.0) AppleWebKit/537.36 (KHTML, like Gecko) Mobile Safari/537.36 (compatible; Bytespider; spider-feedback@bytedance.com)"
47.128.30.32 - - [15/Nov/2023:07:10:39 +0100] "GET /images/3700815390019.jpg HTTP/1.0" 200 259 "http://www.wonder-geek.com/dora-explorer-large-sticker-p-27889.html" "Mozilla/5.0 (Linux; Android 5.0) AppleWebKit/537.36 (KHTML, like Gecko) Mobile Safari/537.36 (compatible; Bytespider; spider-feedback@bytedance.com)"
217.182.175.163 - - [15/Nov/2023:07:10:39 +0100] "GET /alarms-clocks-clocks-and-watches/clocks/brown-horse-glass-clock-p-22172.html HTTP/1.0" 301 77450 "-" "Mozilla/5.0 (compatible; MJ12bot/v1.4.8; http://mj12bot.com/)"
47.128.30.32 - - [15/Nov/2023:07:10:40 +0100] "GET /home-and-decoration/posters-and-stickerswall/dora-the-explorer-large-sticker-p-27889.html HTTP/1.0" 301 79954 "-" "Mozilla/5.0 (Linux; Android 5.0) AppleWebKit/537.36 (KHTML, like Gecko) Mobile Safari/537.36 (compatible; Bytespider; spider-feedback@bytedance.com)"
185.191.171.15 - - [15/Nov/2023:07:10:43 +0100] "GET /robots.txt HTTP/1.0" 200 245 "-" "Mozilla/5.0 (compatible; SemrushBot/7~bl; +http://www.semrush.com/bot.html)"
47.128.30.32 - - [15/Nov/2023:07:10:42 +0100] "GET /dora-explorer-large-sticker-p-27889.html HTTP/1.0" 200 79860 "-" "Mozilla/5.0 (Linux; Android 5.0) AppleWebKit/537.36 (KHTML, like Gecko) Mobile Safari/537.36 (compatible; Bytespider; spider-feedback@bytedance.com)"
47.128.30.32 - - [15/Nov/2023:07:10:44 +0100] "GET /swfobject.js HTTP/1.0" 404 1308 "http://www.wonder-geek.com/dora-explorer-large-sticker-p-27889.html" "Mozilla/5.0 (Linux; Android 5.0) AppleWebKit/537.36 (KHTML, like Gecko) Mobile Safari/537.36 (compatible; Bytespider; spider-feedback@bytedance.com)"
47.128.28.96 - - [15/Nov/2023:07:10:42 +0100] "GET /johnnie-walker-label-mirror-p-48302.html HTTP/1.0" 200 77489 "-" "Mozilla/5.0 (Linux; Android 5.0) AppleWebKit/537.36 (KHTML, like Gecko) Mobile Safari/537.36 (compatible; Bytespider; spider-feedback@bytedance.com)"
47.128.28.96 - - [15/Nov/2023:07:10:44 +0100] "GET /swfobject.js HTTP/1.0" 404 1308 "http://www.wonder-geek.com/johnnie-walker-label-mirror-p-48302.html" "Mozilla/5.0 (Linux; Android 5.0) AppleWebKit/537.36 (KHTML, like Gecko) Mobile Safari/537.36 (compatible; Bytespider; spider-feedback@bytedance.com)"
47.128.30.32 - - [15/Nov/2023:07:10:45 +0100] "GET /images/3700815390019.jpg HTTP/1.0" 200 259 "http://www.wonder-geek.com/dora-explorer-large-sticker-p-27889.html" "Mozilla/5.0 (Linux; Android 5.0) AppleWebKit/537.36 (KHTML, like Gecko) Mobile Safari/537.36 (compatible; Bytespider; spider-feedback@bytedance.com)"
217.182.175.163 - - [15/Nov/2023:07:10:44 +0100] "GET /-p-22172.html HTTP/1.0" 200 77383 "-" "Mozilla/5.0 (compatible; MJ12bot/v1.4.8; http://mj12bot.com/)"
47.128.30.32 - - [15/Nov/2023:07:10:46 +0100] "GET /images/3700815390019.jpg HTTP/1.0" 200 259 "http://www.wonder-geek.com/dora-explorer-large-sticker-p-27889.html" "Mozilla/5.0 (Linux; Android 5.0) AppleWebKit/537.36 (KHTML, like Gecko) Mobile Safari/537.36 (compatible; Bytespider; spider-feedback@bytedance.com)"
85.208.96.196 - - [15/Nov/2023:07:10:43 +0100] "GET /lighting-c-86.html?page=18 HTTP/1.0" 200 99053 "-" "Mozilla/5.0 (compatible; SemrushBot/7~bl; +http://www.semrush.com/bot.html)"
47.128.28.96 - - [15/Nov/2023:07:10:49 +0100] "GET /highslide/graphics/zoomout.cur HTTP/1.0" 200 614 "http://www.wonder-geek.com/johnnie-walker-label-mirror-p-48302.html" "Mozilla/5.0 (Linux; Android 5.0) AppleWebKit/537.36 (KHTML, like Gecko) Mobile Safari/537.36 (compatible; Bytespider; spider-feedback@bytedance.com)"
47.128.28.96 - - [15/Nov/2023:07:10:49 +0100] "GET /highslide/graphics/outlines/drop-shadow.png HTTP/1.0" 200 277 "http://www.wonder-geek.com/johnnie-walker-label-mirror-p-48302.html" "Mozilla/5.0 (Linux; Android 5.0) AppleWebKit/537.36 (KHTML, like Gecko) Mobile Safari/537.36 (compatible; Bytespider; spider-feedback@bytedance.com)"
217.182.175.163 - - [15/Nov/2023:07:10:50 +0100] "GET /alarms-clocks-clocks-and-watches/clocks/brown-kitten-glass-clock-p-19539.html HTTP/1.0" 301 77450 "-" "Mozilla/5.0 (compatible; MJ12bot/v1.4.8; http://mj12bot.com/)"
217.182.175.163 - - [15/Nov/2023:07:10:53 +0100] "GET /-p-19539.html HTTP/1.0" 200 77383 "-" "Mozilla/5.0 (compatible; MJ12bot/v1.4.8; http://mj12bot.com/)"
217.182.175.163 - - [15/Nov/2023:07:11:00 +0100] "GET /alarms-clocks-clocks-and-watches/clocks/cafe-tour-paris-blue-clock-p-10889.html HTTP/1.0" 301 77450 "-" "Mozilla/5.0 (compatible; MJ12bot/v1.4.8; http://mj12bot.com/)"
217.182.175.163 - - [15/Nov/2023:07:11:04 +0100] "GET /-p-10889.html HTTP/1.0" 200 77383 "-" "Mozilla/5.0 (compatible; MJ12bot/v1.4.8; http://mj12bot.com/)"
47.128.47.205 - - [15/Nov/2023:07:11:10 +0100] "GET /corse-little-tray-p-36414.html HTTP/1.0" 301 77450 "-" "Mozilla/5.0 (Linux; Android 5.0) AppleWebKit/537.36 (KHTML, like Gecko) Mobile Safari/537.36 (compatible; Bytespider; spider-feedback@bytedance.com)"
47.128.47.205 - - [15/Nov/2023:07:11:12 +0100] "GET /-p-36414.html HTTP/1.0" 200 77383 "-" "Mozilla/5.0 (Linux; Android 5.0) AppleWebKit/537.36 (KHTML, like Gecko) Mobile Safari/537.36 (compatible; Bytespider; spider-feedback@bytedance.com)"
47.128.47.205 - - [15/Nov/2023:07:11:14 +0100] "GET /swfobject.js HTTP/1.0" 404 1308 "http://www.wonder-geek.com/-p-36414.html" "Mozilla/5.0 (Linux; Android 5.0) AppleWebKit/537.36 (KHTML, like Gecko) Mobile Safari/537.36 (compatible; Bytespider; spider-feedback@bytedance.com)"
47.128.47.205 - - [15/Nov/2023:07:11:17 +0100] "GET /highslide/graphics/zoomout.cur HTTP/1.0" 200 614 "http://www.wonder-geek.com/-p-36414.html" "Mozilla/5.0 (Linux; Android 5.0) AppleWebKit/537.36 (KHTML, like Gecko) Mobile Safari/537.36 (compatible; Bytespider; spider-feedback@bytedance.com)"
47.128.47.205 - - [15/Nov/2023:07:11:17 +0100] "GET /highslide/graphics/outlines/drop-shadow.png HTTP/1.0" 200 277 "http://www.wonder-geek.com/-p-36414.html" "Mozilla/5.0 (Linux; Android 5.0) AppleWebKit/537.36 (KHTML, like Gecko) Mobile Safari/537.36 (compatible; Bytespider; spider-feedback@bytedance.com)"
47.128.29.141 - - [15/Nov/2023:07:11:37 +0100] "GET /boys/long-sleeves-tshirts/spiderman-long-sleeve-tshirt-size-years-p-26953.html HTTP/1.0" 301 77450 "-" "Mozilla/5.0 (Linux; Android 5.0) AppleWebKit/537.36 (KHTML, like Gecko) Mobile Safari/537.36 (compatible; Bytespider; spider-feedback@bytedance.com)"
47.128.29.141 - - [15/Nov/2023:07:11:38 +0100] "GET /-p-26953.html HTTP/1.0" 200 77383 "-" "Mozilla/5.0 (Linux; Android 5.0) AppleWebKit/537.36 (KHTML, like Gecko) Mobile Safari/537.36 (compatible; Bytespider; spider-feedback@bytedance.com)"
47.128.29.141 - - [15/Nov/2023:07:11:40 +0100] "GET /swfobject.js HTTP/1.0" 404 1308 "http://www.wonder-geek.com/-p-26953.html" "Mozilla/5.0 (Linux; Android 5.0) AppleWebKit/537.36 (KHTML, like Gecko) Mobile Safari/537.36 (compatible; Bytespider; spider-feedback@bytedance.com)"
47.128.29.141 - - [15/Nov/2023:07:11:45 +0100] "GET /highslide/graphics/zoomout.cur HTTP/1.0" 200 614 "http://www.wonder-geek.com/-p-26953.html" "Mozilla/5.0 (Linux; Android 5.0) AppleWebKit/537.36 (KHTML, like Gecko) Mobile Safari/537.36 (compatible; Bytespider; spider-feedback@bytedance.com)"
47.128.29.141 - - [15/Nov/2023:07:11:45 +0100] "GET /highslide/graphics/outlines/drop-shadow.png HTTP/1.0" 200 277 "http://www.wonder-geek.com/-p-26953.html" "Mozilla/5.0 (Linux; Android 5.0) AppleWebKit/537.36 (KHTML, like Gecko) Mobile Safari/537.36 (compatible; Bytespider; spider-feedback@bytedance.com)"
54.36.148.178 - - [15/Nov/2023:07:11:45 +0100] "GET /valdrome-grenadine-p-43961.html HTTP/1.0" 200 79911 "-" "Mozilla/5.0 (compatible; AhrefsBot/7.0; +http://ahrefs.com/robot/)"
114.119.132.227 - - [15/Nov/2023:07:11:53 +0100] "GET /images/big_prod_1/8422083251124B.jpg HTTP/1.0" 200 271 "http://www.wonder-geek.com/small-chocolate-scented-candle-handmade-p-60979.html" "Mozilla/5.0 (Linux; Android 7.0;) AppleWebKit/537.36 (KHTML, like Gecko) Mobile Safari/537.36 (compatible; PetalBot;+https://webmaster.petalsearch.com/site/petalbot)"
47.128.17.246 - - [15/Nov/2023:07:12:15 +0100] "GET /looney-tunes-baby-pair-of-socks-size-24-26-p-25407.html HTTP/1.0" 301 77450 "-" "Mozilla/5.0 (Linux; Android 5.0) AppleWebKit/537.36 (KHTML, like Gecko) Mobile Safari/537.36 (compatible; Bytespider; spider-feedback@bytedance.com)"
47.128.17.246 - - [15/Nov/2023:07:12:17 +0100] "GET /-p-25407.html HTTP/1.0" 200 77383 "-" "Mozilla/5.0 (Linux; Android 5.0) AppleWebKit/537.36 (KHTML, like Gecko) Mobile Safari/537.36 (compatible; Bytespider; spider-feedback@bytedance.com)"
47.128.17.246 - - [15/Nov/2023:07:12:19 +0100] "GET /swfobject.js HTTP/1.0" 404 1308 "http://www.wonder-geek.com/-p-25407.html" "Mozilla/5.0 (Linux; Android 5.0) AppleWebKit/537.36 (KHTML, like Gecko) Mobile Safari/537.36 (compatible; Bytespider; spider-feedback@bytedance.com)"
47.128.17.246 - - [15/Nov/2023:07:12:20 +0100] "GET /highslide/graphics/outlines/drop-shadow.png HTTP/1.0" 200 277 "http://www.wonder-geek.com/-p-25407.html" "Mozilla/5.0 (Linux; Android 5.0) AppleWebKit/537.36 (KHTML, like Gecko) Mobile Safari/537.36 (compatible; Bytespider; spider-feedback@bytedance.com)"
47.128.17.246 - - [15/Nov/2023:07:12:20 +0100] "GET /highslide/graphics/zoomout.cur HTTP/1.0" 200 614 "http://www.wonder-geek.com/-p-25407.html" "Mozilla/5.0 (Linux; Android 5.0) AppleWebKit/537.36 (KHTML, like Gecko) Mobile Safari/537.36 (compatible; Bytespider; spider-feedback@bytedance.com)"
47.128.44.141 - - [15/Nov/2023:07:12:34 +0100] "GET /cars-red-cardigan-p-31317.html HTTP/1.0" 301 77450 "-" "Mozilla/5.0 (Linux; Android 5.0) AppleWebKit/537.36 (KHTML, like Gecko) Mobile Safari/537.36 (compatible; Bytespider; spider-feedback@bytedance.com)"
47.128.44.141 - - [15/Nov/2023:07:12:36 +0100] "GET /-p-31317.html HTTP/1.0" 200 77383 "-" "Mozilla/5.0 (Linux; Android 5.0) AppleWebKit/537.36 (KHTML, like Gecko) Mobile Safari/537.36 (compatible; Bytespider; spider-feedback@bytedance.com)"
47.128.44.141 - - [15/Nov/2023:07:12:38 +0100] "GET /swfobject.js HTTP/1.0" 404 1308 "http://www.wonder-geek.com/-p-31317.html" "Mozilla/5.0 (Linux; Android 5.0) AppleWebKit/537.36 (KHTML, like Gecko) Mobile Safari/537.36 (compatible; Bytespider; spider-feedback@bytedance.com)"
54.36.148.82 - - [15/Nov/2023:07:12:38 +0100] "GET /aztec-mini-ceramic-flower-p-55313.html HTTP/1.0" 200 80656 "-" "Mozilla/5.0 (compatible; AhrefsBot/7.0; +http://ahrefs.com/robot/)"
54.36.148.67 - - [15/Nov/2023:07:12:42 +0100] "GET /images/big_prod/5055321760329.jpg HTTP/1.0" 200 268 "-" "Mozilla/5.0 (compatible; AhrefsBot/7.0; +http://ahrefs.com/robot/)"
47.128.44.141 - - [15/Nov/2023:07:12:43 +0100] "GET /highslide/graphics/zoomout.cur HTTP/1.0" 200 614 "http://www.wonder-geek.com/-p-31317.html" "Mozilla/5.0 (Linux; Android 5.0) AppleWebKit/537.36 (KHTML, like Gecko) Mobile Safari/537.36 (compatible; Bytespider; spider-feedback@bytedance.com)"
47.128.44.141 - - [15/Nov/2023:07:12:43 +0100] "GET /highslide/graphics/outlines/drop-shadow.png HTTP/1.0" 200 277 "http://www.wonder-geek.com/-p-31317.html" "Mozilla/5.0 (Linux; Android 5.0) AppleWebKit/537.36 (KHTML, like Gecko) Mobile Safari/537.36 (compatible; Bytespider; spider-feedback@bytedance.com)"
3.224.220.101 - - [15/Nov/2023:07:12:49 +0100] "GET /-c-95_337.html HTTP/1.0" 200 76251 "-" "Mozilla/5.0 (Macintosh; Intel Mac OS X 10_10_1) AppleWebKit/600.2.5 (KHTML, like Gecko) Version/8.0.2 Safari/600.2.5 (Amazonbot/0.1; +https://developer.amazon.com/support/amazonbot)"
202.239.5.31 - - [15/Nov/2023:07:12:49 +0100] "GET / HTTP/1.0" 200 158790 "-" "Mozilla/5.0 (compatible; Y!J-WSC/1.0; +https://yahoo.jp/3BSZgF)"
52.70.240.171 - - [15/Nov/2023:07:12:52 +0100] "GET /accessories-c-3.html HTTP/1.0" 200 100134 "-" "Mozilla/5.0 (Macintosh; Intel Mac OS X 10_10_1) AppleWebKit/600.2.5 (KHTML, like Gecko) Version/8.0.2 Safari/600.2.5 (Amazonbot/0.1; +https://developer.amazon.com/support/amazonbot)"
