47.128.22.52 - - [15/Nov/2023:08:26:19 +0100] "GET /images/big_prod/4029811354597.jpg HTTP/1.0" 200 268 "-" "Mozilla/5.0 (Linux; Android 5.0) AppleWebKit/537.36 (KHTML, like Gecko) Mobile Safari/537.36 (compatible; Bytespider; spider-feedback@bytedance.com)"
192.99.15.17 - - [15/Nov/2023:08:26:16 +0100] "GET /-p-51659.html HTTP/1.0" 200 77477 "-" "Mozilla/5.0 (compatible; MJ12bot/v1.4.8; http://mj12bot.com/)"
192.99.15.17 - - [15/Nov/2023:08:26:22 +0100] "GET /cotton-floor-cushion-blue-45-cm-p-49654.html HTTP/1.0" 301 77544 "-" "Mozilla/5.0 (compatible; MJ12bot/v1.4.8; http://mj12bot.com/)"
192.99.15.17 - - [15/Nov/2023:08:26:25 +0100] "GET /-p-49654.html HTTP/1.0" 200 77477 "-" "Mozilla/5.0 (compatible; MJ12bot/v1.4.8; http://mj12bot.com/)"
192.99.15.17 - - [15/Nov/2023:08:26:28 +0100] "GET /cotton-floor-cushion-green-45-cm-p-48835.html HTTP/1.0" 301 80762 "-" "Mozilla/5.0 (compatible; MJ12bot/v1.4.8; http://mj12bot.com/)"
192.99.15.17 - - [15/Nov/2023:08:26:31 +0100] "GET /cotton-floor-cushion-green-p-48835.html HTTP/1.0" 200 80669 "-" "Mozilla/5.0 (compatible; MJ12bot/v1.4.8; http://mj12bot.com/)"
8.218.254.250 - - [15/Nov/2023:08:26:35 +0100] "GET /images/mini_prod/4029811313853.jpg HTTP/1.0" 200 269 "-" "Mozilla/5.0 (X11; Ubuntu; Linux x86_64; rv:72.0) Gecko/20100101 Firefox/72.0"
192.99.15.17 - - [15/Nov/2023:08:26:34 +0100] "GET /cotton-floor-cushion-green-p-48835.html HTTP/1.0" 200 80669 "-" "Mozilla/5.0 (compatible; MJ12bot/v1.4.8; http://mj12bot.com/)"
192.99.15.17 - - [15/Nov/2023:08:26:37 +0100] "GET /cotton-floor-cushion-londres-p-51083.html HTTP/1.0" 200 77575 "-" "Mozilla/5.0 (compatible; MJ12bot/v1.4.8; http://mj12bot.com/)"
192.99.15.17 - - [15/Nov/2023:08:26:40 +0100] "GET /cotton-floor-cushion-orylia-40-40-30-cm-p-43757.html HTTP/1.0" 301 77544 "-" "Mozilla/5.0 (compatible; MJ12bot/v1.4.8; http://mj12bot.com/)"
192.99.15.17 - - [15/Nov/2023:08:26:43 +0100] "GET /-p-43757.html HTTP/1.0" 200 77477 "-" "Mozilla/5.0 (compatible; MJ12bot/v1.4.8; http://mj12bot.com/)"
192.99.15.17 - - [15/Nov/2023:08:26:46 +0100] "GET /cotton-floor-cushion-terracota-40-40-30-cm-p-47908.html HTTP/1.0" 301 77544 "-" "Mozilla/5.0 (compatible; MJ12bot/v1.4.8; http://mj12bot.com/)"
192.99.15.17 - - [15/Nov/2023:08:26:49 +0100] "GET /-p-47908.html HTTP/1.0" 200 77477 "-" "Mozilla/5.0 (compatible; MJ12bot/v1.4.8; http://mj12bot.com/)"
192.99.15.17 - - [15/Nov/2023:08:26:52 +0100] "GET /cotton-kitchen-towel-50-70-cm-made-in-france-p-43973.html HTTP/1.0" 301 77726 "-" "Mozilla/5.0 (compatible; MJ12bot/v1.4.8; http://mj12bot.com/)"
192.99.15.17 - - [15/Nov/2023:08:26:55 +0100] "GET /cotton-kitchen-towel-made-france-p-43973.html HTTP/1.0" 200 77627 "-" "Mozilla/5.0 (compatible; MJ12bot/v1.4.8; http://mj12bot.com/)"
192.99.15.17 - - [15/Nov/2023:08:26:58 +0100] "GET /cotton-kitchen-towel-50-70-cm-made-in-france-p-43974.html HTTP/1.0" 301 77726 "-" "Mozilla/5.0 (compatible; MJ12bot/v1.4.8; http://mj12bot.com/)"
192.99.15.17 - - [15/Nov/2023:08:27:01 +0100] "GET /cotton-kitchen-towel-made-france-p-43974.html HTTP/1.0" 200 77627 "-" "Mozilla/5.0 (compatible; MJ12bot/v1.4.8; http://mj12bot.com/)"
192.99.15.17 - - [15/Nov/2023:08:27:04 +0100] "GET /cotton-kitchen-towel-50-70-cm-made-in-france-p-43977.html HTTP/1.0" 301 77726 "-" "Mozilla/5.0 (compatible; MJ12bot/v1.4.8; http://mj12bot.com/)"
192.99.15.17 - - [15/Nov/2023:08:27:07 +0100] "GET /cotton-kitchen-towel-made-france-p-43977.html HTTP/1.0" 200 77627 "-" "Mozilla/5.0 (compatible; MJ12bot/v1.4.8; http://mj12bot.com/)"
192.99.15.17 - - [15/Nov/2023:08:27:10 +0100] "GET /cotton-kitchen-towel-50-70-cm-made-in-france-p-43978.html HTTP/1.0" 301 77726 "-" "Mozilla/5.0 (compatible; MJ12bot/v1.4.8; http://mj12bot.com/)"
54.36.148.133 - - [15/Nov/2023:08:27:11 +0100] "GET /dusty-planes-poster-p-30879.html HTTP/1.0" 200 79811 "-" "Mozilla/5.0 (compatible; AhrefsBot/7.0; +http://ahrefs.com/robot/)"
192.99.15.17 - - [15/Nov/2023:08:27:13 +0100] "GET /cotton-kitchen-towel-made-france-p-43978.html HTTP/1.0" 200 77627 "-" "Mozilla/5.0 (compatible; MJ12bot/v1.4.8; http://mj12bot.com/)"
54.36.148.195 - - [15/Nov/2023:08:27:16 +0100] "GET /images/med_prod/8435107803100.jpg HTTP/1.0" 200 268 "-" "Mozilla/5.0 (compatible; AhrefsBot/7.0; +http://ahrefs.com/robot/)"
192.99.15.17 - - [15/Nov/2023:08:27:16 +0100] "GET /cotton-kitchen-towel-50-70-cm-made-in-france-p-43979.html HTTP/1.0" 301 77775 "-" "Mozilla/5.0 (compatible; MJ12bot/v1.4.8; http://mj12bot.com/)"
192.99.15.17 - - [15/Nov/2023:08:27:19 +0100] "GET /cotton-kitchen-towel-made-france-p-43979.html HTTP/1.0" 200 77676 "-" "Mozilla/5.0 (compatible; MJ12bot/v1.4.8; http://mj12bot.com/)"
192.99.15.17 - - [15/Nov/2023:08:27:22 +0100] "GET /cotton-kitchen-towel-50-70-cm-made-in-france-p-43982.html HTTP/1.0" 301 77775 "-" "Mozilla/5.0 (compatible; MJ12bot/v1.4.8; http://mj12bot.com/)"
192.99.15.17 - - [15/Nov/2023:08:27:25 +0100] "GET /cotton-kitchen-towel-made-france-p-43982.html HTTP/1.0" 200 77676 "-" "Mozilla/5.0 (compatible; MJ12bot/v1.4.8; http://mj12bot.com/)"
192.99.15.17 - - [15/Nov/2023:08:27:28 +0100] "GET /cotton-kitchen-towel-made-france-p-43973.html HTTP/1.0" 200 77627 "-" "Mozilla/5.0 (compatible; MJ12bot/v1.4.8; http://mj12bot.com/)"
47.76.57.30 - - [15/Nov/2023:08:27:32 +0100] "GET /images/mini_prod/1399986106912.jpg HTTP/1.0" 200 269 "-" "Mozilla/5.0 (X11; Ubuntu; Linux x86_64; rv:72.0) Gecko/20100101 Firefox/72.0"
192.99.15.17 - - [15/Nov/2023:08:27:32 +0100] "GET /cotton-kitchen-towel-made-france-p-43974.html HTTP/1.0" 200 77627 "-" "Mozilla/5.0 (compatible; MJ12bot/v1.4.8; http://mj12bot.com/)"
192.99.15.17 - - [15/Nov/2023:08:27:37 +0100] "GET /cotton-kitchen-towel-made-france-p-43977.html HTTP/1.0" 200 77627 "-" "Mozilla/5.0 (compatible; MJ12bot/v1.4.8; http://mj12bot.com/)"
192.99.15.17 - - [15/Nov/2023:08:27:40 +0100] "GET /cotton-kitchen-towel-made-france-p-43978.html HTTP/1.0" 200 77627 "-" "Mozilla/5.0 (compatible; MJ12bot/v1.4.8; http://mj12bot.com/)"
192.99.15.17 - - [15/Nov/2023:08:27:43 +0100] "GET /cotton-kitchen-towel-made-france-p-43979.html HTTP/1.0" 200 77676 "-" "Mozilla/5.0 (compatible; MJ12bot/v1.4.8; http://mj12bot.com/)"
192.99.15.17 - - [15/Nov/2023:08:27:46 +0100] "GET /cotton-kitchen-towel-made-france-p-43982.html HTTP/1.0" 200 77676 "-" "Mozilla/5.0 (compatible; MJ12bot/v1.4.8; http://mj12bot.com/)"
192.99.15.17 - - [15/Nov/2023:08:27:49 +0100] "GET /cotton-tablecloth-fish-bank-250-150-cm-p-39879.html HTTP/1.0" 301 77544 "-" "Mozilla/5.0 (compatible; MJ12bot/v1.4.8; http://mj12bot.com/)"
192.99.15.17 - - [15/Nov/2023:08:27:52 +0100] "GET /-p-39879.html HTTP/1.0" 200 77477 "-" "Mozilla/5.0 (compatible; MJ12bot/v1.4.8; http://mj12bot.com/)"
192.99.15.17 - - [15/Nov/2023:08:27:55 +0100] "GET /cotton-tablecloth-fish-bank-p-39879.html HTTP/1.0" 301 77544 "-" "Mozilla/5.0 (compatible; MJ12bot/v1.4.8; http://mj12bot.com/)"
192.99.15.17 - - [15/Nov/2023:08:27:58 +0100] "GET /-p-39879.html HTTP/1.0" 200 77477 "-" "Mozilla/5.0 (compatible; MJ12bot/v1.4.8; http://mj12bot.com/)"
192.99.15.17 - - [15/Nov/2023:08:28:01 +0100] "GET /cotton-tablecloth-laissez-lucie-faire-250-150-cm-p-39877.html HTTP/1.0" 301 77544 "-" "Mozilla/5.0 (compatible; MJ12bot/v1.4.8; http://mj12bot.com/)"
192.99.15.17 - - [15/Nov/2023:08:28:04 +0100] "GET /-p-39877.html HTTP/1.0" 200 77477 "-" "Mozilla/5.0 (compatible; MJ12bot/v1.4.8; http://mj12bot.com/)"
192.99.15.17 - - [15/Nov/2023:08:28:07 +0100] "GET /cotton-tablecloth-laissez-lucie-faire-p-39877.html HTTP/1.0" 301 77544 "-" "Mozilla/5.0 (compatible; MJ12bot/v1.4.8; http://mj12bot.com/)"
54.36.149.36 - - [15/Nov/2023:08:28:10 +0100] "GET /japan-clock-cbkreation-p-24686.html HTTP/1.0" 200 79953 "-" "Mozilla/5.0 (compatible; AhrefsBot/7.0; +http://ahrefs.com/robot/)"
192.99.15.17 - - [15/Nov/2023:08:28:10 +0100] "GET /-p-39877.html HTTP/1.0" 200 77477 "-" "Mozilla/5.0 (compatible; MJ12bot/v1.4.8; http://mj12bot.com/)"
54.36.148.195 - - [15/Nov/2023:08:28:14 +0100] "GET /images/1399984252628.jpg HTTP/1.0" 200 259 "-" "Mozilla/5.0 (compatible; AhrefsBot/7.0; +http://ahrefs.com/robot/)"
192.99.15.17 - - [15/Nov/2023:08:28:15 +0100] "GET /cotton-towel-retro-style-p-43991.html HTTP/1.0" 200 77567 "-" "Mozilla/5.0 (compatible; MJ12bot/v1.4.8; http://mj12bot.com/)"
192.99.15.17 - - [15/Nov/2023:08:28:18 +0100] "GET /couple-of-owls-tisaniere-p-34355.html HTTP/1.0" 301 77544 "-" "Mozilla/5.0 (compatible; MJ12bot/v1.4.8; http://mj12bot.com/)"
192.99.15.17 - - [15/Nov/2023:08:28:20 +0100] "GET /-p-34355.html HTTP/1.0" 200 77477 "-" "Mozilla/5.0 (compatible; MJ12bot/v1.4.8; http://mj12bot.com/)"
192.99.15.17 - - [15/Nov/2023:08:28:23 +0100] "GET /cow-flower-power-potholder-and-glove-set-p-39862.html HTTP/1.0" 301 77698 "-" "Mozilla/5.0 (compatible; MJ12bot/v1.4.8; http://mj12bot.com/)"
192.99.15.17 - - [15/Nov/2023:08:28:26 +0100] "GET /flower-power-potholder-glove-p-39862.html HTTP/1.0" 200 77603 "-" "Mozilla/5.0 (compatible; MJ12bot/v1.4.8; http://mj12bot.com/)"
192.99.15.17 - - [15/Nov/2023:08:28:30 +0100] "GET /crayola-coloring-album-p-25052.html HTTP/1.0" 301 77544 "-" "Mozilla/5.0 (compatible; MJ12bot/v1.4.8; http://mj12bot.com/)"
192.99.15.17 - - [15/Nov/2023:08:28:33 +0100] "GET /-p-25052.html HTTP/1.0" 200 77477 "-" "Mozilla/5.0 (compatible; MJ12bot/v1.4.8; http://mj12bot.com/)"
202.239.4.178 - - [15/Nov/2023:08:28:35 +0100] "GET /images/big_prod_1/8445148047302a.jpg HTTP/1.0" 200 271 "-" "Mozilla/5.0 (compatible; Y!J-WSC/1.0; +https://yahoo.jp/3BSZgF)"
192.99.15.17 - - [15/Nov/2023:08:28:36 +0100] "GET /crayola-first-markers-p-16588.html HTTP/1.0" 200 77569 "-" "Mozilla/5.0 (compatible; MJ12bot/v1.4.8; http://mj12bot.com/)"
192.99.15.17 - - [15/Nov/2023:08:28:40 +0100] "GET /crayola-jumbo-pencils-p-16601.html HTTP/1.0" 200 77569 "-" "Mozilla/5.0 (compatible; MJ12bot/v1.4.8; http://mj12bot.com/)"
192.99.15.17 - - [15/Nov/2023:08:28:43 +0100] "GET /crayola-large-crayons-p-16600.html HTTP/1.0" 301 77544 "-" "Mozilla/5.0 (compatible; MJ12bot/v1.4.8; http://mj12bot.com/)"
192.99.15.17 - - [15/Nov/2023:08:28:46 +0100] "GET /-p-16600.html HTTP/1.0" 200 77477 "-" "Mozilla/5.0 (compatible; MJ12bot/v1.4.8; http://mj12bot.com/)"
192.99.15.17 - - [15/Nov/2023:08:28:49 +0100] "GET /crayola-markers-washable-p-16592.html HTTP/1.0" 301 77544 "-" "Mozilla/5.0 (compatible; MJ12bot/v1.4.8; http://mj12bot.com/)"
192.99.15.17 - - [15/Nov/2023:08:28:52 +0100] "GET /-p-16592.html HTTP/1.0" 200 77477 "-" "Mozilla/5.0 (compatible; MJ12bot/v1.4.8; http://mj12bot.com/)"
3.224.220.101 - - [15/Nov/2023:08:28:52 +0100] "GET /-c-95_307.html HTTP/1.0" 200 76345 "-" "Mozilla/5.0 (Macintosh; Intel Mac OS X 10_10_1) AppleWebKit/600.2.5 (KHTML, like Gecko) Version/8.0.2 Safari/600.2.5 (Amazonbot/0.1; +https://developer.amazon.com/support/amazonbot)"
185.191.171.12 - - [15/Nov/2023:08:28:56 +0100] "GET /earth-globe-decoration-p-50865.html HTTP/1.0" 200 77555 "-" "Mozilla/5.0 (compatible; SemrushBot/7~bl; +http://www.semrush.com/bot.html)"
192.99.15.17 - - [15/Nov/2023:08:28:57 +0100] "GET /crayola-mini-markers-washable-p-16590.html HTTP/1.0" 200 77603 "-" "Mozilla/5.0 (compatible; MJ12bot/v1.4.8; http://mj12bot.com/)"
192.99.15.17 - - [15/Nov/2023:08:29:00 +0100] "GET /crayola-pencils-erasable-p-19382.html HTTP/1.0" 200 80869 "-" "Mozilla/5.0 (compatible; MJ12bot/v1.4.8; http://mj12bot.com/)"
23.22.35.162 - - [15/Nov/2023:08:29:01 +0100] "GET /good-point-c-13_150_151.html HTTP/1.0" 200 76527 "-" "Mozilla/5.0 (Macintosh; Intel Mac OS X 10_10_1) AppleWebKit/600.2.5 (KHTML, like Gecko) Version/8.0.2 Safari/600.2.5 (Amazonbot/0.1; +https://developer.amazon.com/support/amazonbot)"
192.99.15.17 - - [15/Nov/2023:08:29:04 +0100] "GET /crayola-set-of-10-pencils-erasable-p-19382.html HTTP/1.0" 301 80960 "-" "Mozilla/5.0 (compatible; MJ12bot/v1.4.8; http://mj12bot.com/)"
192.99.15.17 - - [15/Nov/2023:08:29:06 +0100] "GET /crayola-pencils-erasable-p-19382.html HTTP/1.0" 200 80869 "-" "Mozilla/5.0 (compatible; MJ12bot/v1.4.8; http://mj12bot.com/)"
54.36.148.122 - - [15/Nov/2023:08:29:07 +0100] "GET /mandala-coasters-blue-p-54076.html HTTP/1.0" 200 79845 "-" "Mozilla/5.0 (compatible; AhrefsBot/7.0; +http://ahrefs.com/robot/)"
52.70.240.171 - - [15/Nov/2023:08:29:09 +0100] "GET /jewels-beauty-accessories-c-3_29.html HTTP/1.0" 200 88942 "-" "Mozilla/5.0 (Macintosh; Intel Mac OS X 10_10_1) AppleWebKit/600.2.5 (KHTML, like Gecko) Version/8.0.2 Safari/600.2.5 (Amazonbot/0.1; +https://developer.amazon.com/support/amazonbot)"
192.99.15.17 - - [15/Nov/2023:08:29:10 +0100] "GET /crayola-set-of-12-supertips-washable-lavable-p-16585.html HTTP/1.0" 301 77724 "-" "Mozilla/5.0 (compatible; MJ12bot/v1.4.8; http://mj12bot.com/)"
23.22.35.162 - - [15/Nov/2023:08:29:11 +0100] "GET /wall-decoration-wood-c-13_274.html HTTP/1.0" 200 100035 "-" "Mozilla/5.0 (Macintosh; Intel Mac OS X 10_10_1) AppleWebKit/600.2.5 (KHTML, like Gecko) Version/8.0.2 Safari/600.2.5 (Amazonbot/0.1; +https://developer.amazon.com/support/amazonbot)"
192.99.15.17 - - [15/Nov/2023:08:29:13 +0100] "GET /crayola-supertips-washable-lavable-p-16585.html HTTP/1.0" 200 77623 "-" "Mozilla/5.0 (compatible; MJ12bot/v1.4.8; http://mj12bot.com/)"
192.99.15.17 - - [15/Nov/2023:08:29:16 +0100] "GET /crayola-set-of-14-mini-markers-washable-p-16590.html HTTP/1.0" 301 77699 "-" "Mozilla/5.0 (compatible; MJ12bot/v1.4.8; http://mj12bot.com/)"
3.224.220.101 - - [15/Nov/2023:08:29:15 +0100] "GET /shelf-furniture-c-13_87.html HTTP/1.0" 200 89457 "-" "Mozilla/5.0 (Macintosh; Intel Mac OS X 10_10_1) AppleWebKit/600.2.5 (KHTML, like Gecko) Version/8.0.2 Safari/600.2.5 (Amazonbot/0.1; +https://developer.amazon.com/support/amazonbot)"
192.99.15.17 - - [15/Nov/2023:08:29:18 +0100] "GET /crayola-mini-markers-washable-p-16590.html HTTP/1.0" 200 77603 "-" "Mozilla/5.0 (compatible; MJ12bot/v1.4.8; http://mj12bot.com/)"
192.99.15.17 - - [15/Nov/2023:08:29:22 +0100] "GET /crayola-set-of-16-washable-mini-glitter-glues-p-16597.html HTTP/1.0" 301 77729 "-" "Mozilla/5.0 (compatible; MJ12bot/v1.4.8; http://mj12bot.com/)"
52.70.240.171 - - [15/Nov/2023:08:29:21 +0100] "GET /with-infuser-c-12_221.html HTTP/1.0" 200 98526 "-" "Mozilla/5.0 (Macintosh; Intel Mac OS X 10_10_1) AppleWebKit/600.2.5 (KHTML, like Gecko) Version/8.0.2 Safari/600.2.5 (Amazonbot/0.1; +https://developer.amazon.com/support/amazonbot)"
3.224.220.101 - - [15/Nov/2023:08:29:22 +0100] "GET /boutis-quilt-bedspread-c-11_194.html HTTP/1.0" 200 97388 "-" "Mozilla/5.0 (Macintosh; Intel Mac OS X 10_10_1) AppleWebKit/600.2.5 (KHTML, like Gecko) Version/8.0.2 Safari/600.2.5 (Amazonbot/0.1; +https://developer.amazon.com/support/amazonbot)"
192.99.15.17 - - [15/Nov/2023:08:29:25 +0100] "GET /crayola-washable-mini-glitter-glues-p-16597.html HTTP/1.0" 200 77627 "-" "Mozilla/5.0 (compatible; MJ12bot/v1.4.8; http://mj12bot.com/)"
192.99.15.17 - - [15/Nov/2023:08:29:28 +0100] "GET /crayola-set-of-24-markers-washable-p-16592.html HTTP/1.0" 301 77544 "-" "Mozilla/5.0 (compatible; MJ12bot/v1.4.8; http://mj12bot.com/)"
192.99.15.17 - - [15/Nov/2023:08:29:33 +0100] "GET /-p-16592.html HTTP/1.0" 200 77477 "-" "Mozilla/5.0 (compatible; MJ12bot/v1.4.8; http://mj12bot.com/)"
192.99.15.17 - - [15/Nov/2023:08:29:36 +0100] "GET /crayola-set-of-first-markers-p-16588.html HTTP/1.0" 301 77657 "-" "Mozilla/5.0 (compatible; MJ12bot/v1.4.8; http://mj12bot.com/)"
192.99.15.17 - - [15/Nov/2023:08:29:39 +0100] "GET /crayola-first-markers-p-16588.html HTTP/1.0" 200 77569 "-" "Mozilla/5.0 (compatible; MJ12bot/v1.4.8; http://mj12bot.com/)"
192.99.15.17 - - [15/Nov/2023:08:29:42 +0100] "GET /crayola-set-of-jumbo-pencils-p-16601.html HTTP/1.0" 301 77657 "-" "Mozilla/5.0 (compatible; MJ12bot/v1.4.8; http://mj12bot.com/)"
192.99.15.17 - - [15/Nov/2023:08:29:45 +0100] "GET /crayola-jumbo-pencils-p-16601.html HTTP/1.0" 200 77569 "-" "Mozilla/5.0 (compatible; MJ12bot/v1.4.8; http://mj12bot.com/)"
192.99.15.17 - - [15/Nov/2023:08:29:48 +0100] "GET /crayola-set-of-large-crayons-p-16600.html HTTP/1.0" 301 77544 "-" "Mozilla/5.0 (compatible; MJ12bot/v1.4.8; http://mj12bot.com/)"
192.99.15.17 - - [15/Nov/2023:08:29:51 +0100] "GET /-p-16600.html HTTP/1.0" 200 77477 "-" "Mozilla/5.0 (compatible; MJ12bot/v1.4.8; http://mj12bot.com/)"
47.128.21.167 - - [15/Nov/2023:08:29:51 +0100] "GET /luggages-schoolbags-leather-shop/vanity-beauty-bags-c-5_31_78.html?page=3 HTTP/1.0" 301 87332 "-" "Mozilla/5.0 (Linux; Android 5.0) AppleWebKit/537.36 (KHTML, like Gecko) Mobile Safari/537.36 (compatible; Bytespider; spider-feedback@bytedance.com)"
47.128.21.167 - - [15/Nov/2023:08:29:55 +0100] "GET /vanity-beauty-bags-c-78.html?page=3 HTTP/1.0" 301 87451 "-" "Mozilla/5.0 (Linux; Android 5.0) AppleWebKit/537.36 (KHTML, like Gecko) Mobile Safari/537.36 (compatible; Bytespider; spider-feedback@bytedance.com)"
192.99.15.17 - - [15/Nov/2023:08:29:56 +0100] "GET /crayola-set-of-safety-scissors-p-16610.html HTTP/1.0" 301 77544 "-" "Mozilla/5.0 (compatible; MJ12bot/v1.4.8; http://mj12bot.com/)"
47.128.21.167 - - [15/Nov/2023:08:29:56 +0100] "GET /vanity-beauty-bags-c-31_78.html?page=3 HTTP/1.0" 200 87517 "-" "Mozilla/5.0 (Linux; Android 5.0) AppleWebKit/537.36 (KHTML, like Gecko) Mobile Safari/537.36 (compatible; Bytespider; spider-feedback@bytedance.com)"
47.128.21.167 - - [15/Nov/2023:08:29:58 +0100] "GET /swfobject.js HTTP/1.0" 404 1308 "http://www.wonder-geek.com/vanity-beauty-bags-c-31_78.html?page=3" "Mozilla/5.0 (Linux; Android 5.0) AppleWebKit/537.36 (KHTML, like Gecko) Mobile Safari/537.36 (compatible; Bytespider; spider-feedback@bytedance.com)"
192.99.15.17 - - [15/Nov/2023:08:29:59 +0100] "GET /-p-16610.html HTTP/1.0" 200 77477 "-" "Mozilla/5.0 (compatible; MJ12bot/v1.4.8; http://mj12bot.com/)"
192.99.15.17 - - [15/Nov/2023:08:30:02 +0100] "GET /crayola-set-of-washable-markers-p-16586.html HTTP/1.0" 301 77544 "-" "Mozilla/5.0 (compatible; MJ12bot/v1.4.8; http://mj12bot.com/)"
47.128.21.167 - - [15/Nov/2023:08:30:04 +0100] "GET /js/jquery.min.js HTTP/1.0" 404 1308 "http://www.wonder-geek.com/vanity-beauty-bags-c-31_78.html?page=3" "Mozilla/5.0 (Linux; Android 5.0) AppleWebKit/537.36 (KHTML, like Gecko) Mobile Safari/537.36 (compatible; Bytespider; spider-feedback@bytedance.com)"
47.128.21.167 - - [15/Nov/2023:08:30:05 +0100] "GET /highslide/graphics/outlines/drop-shadow.png HTTP/1.0" 200 277 "http://www.wonder-geek.com/vanity-beauty-bags-c-31_78.html?page=3" "Mozilla/5.0 (Linux; Android 5.0) AppleWebKit/537.36 (KHTML, like Gecko) Mobile Safari/537.36 (compatible; Bytespider; spider-feedback@bytedance.com)"
47.128.21.167 - - [15/Nov/2023:08:30:05 +0100] "GET /highslide/graphics/zoomout.cur HTTP/1.0" 200 614 "http://www.wonder-geek.com/vanity-beauty-bags-c-31_78.html?page=3" "Mozilla/5.0 (Linux; Android 5.0) AppleWebKit/537.36 (KHTML, like Gecko) Mobile Safari/537.36 (compatible; Bytespider; spider-feedback@bytedance.com)"
192.99.15.17 - - [15/Nov/2023:08:30:05 +0100] "GET /-p-16586.html HTTP/1.0" 200 77477 "-" "Mozilla/5.0 (compatible; MJ12bot/v1.4.8; http://mj12bot.com/)"
54.36.148.182 - - [15/Nov/2023:08:30:04 +0100] "GET /kitchen-potholder-chickens-p-61248.html HTTP/1.0" 200 80676 "-" "Mozilla/5.0 (compatible; AhrefsBot/7.0; +http://ahrefs.com/robot/)"
54.36.148.31 - - [15/Nov/2023:08:30:08 +0100] "GET /images/big_prod_2/3503420177729C.jpg HTTP/1.0" 200 271 "-" "Mozilla/5.0 (compatible; AhrefsBot/7.0; +http://ahrefs.com/robot/)"
54.36.148.151 - - [15/Nov/2023:08:30:08 +0100] "GET /images/big_prod/3503420177729.jpg HTTP/1.0" 200 268 "-" "Mozilla/5.0 (compatible; AhrefsBot/7.0; +http://ahrefs.com/robot/)"
54.36.148.65 - - [15/Nov/2023:08:30:08 +0100] "GET /images/big_prod_1/3503420177729B.jpg HTTP/1.0" 200 271 "-" "Mozilla/5.0 (compatible; AhrefsBot/7.0; +http://ahrefs.com/robot/)"
192.99.15.17 - - [15/Nov/2023:08:30:08 +0100] "GET /crayola-set-of-white-board-markers-p-16603.html HTTP/1.0" 301 77544 "-" "Mozilla/5.0 (compatible; MJ12bot/v1.4.8; http://mj12bot.com/)"
192.99.15.17 - - [15/Nov/2023:08:30:11 +0100] "GET /-p-16603.html HTTP/1.0" 200 77477 "-" "Mozilla/5.0 (compatible; MJ12bot/v1.4.8; http://mj12bot.com/)"
192.99.15.17 - - [15/Nov/2023:08:30:14 +0100] "GET /crayola-spiral-animal-fun-kit-p-16650.html HTTP/1.0" 301 77544 "-" "Mozilla/5.0 (compatible; MJ12bot/v1.4.8; http://mj12bot.com/)"
192.99.15.17 - - [15/Nov/2023:08:30:17 +0100] "GET /-p-16650.html HTTP/1.0" 200 77477 "-" "Mozilla/5.0 (compatible; MJ12bot/v1.4.8; http://mj12bot.com/)"
192.99.15.17 - - [15/Nov/2023:08:30:20 +0100] "GET /crayola-spiral-animal-p-16650.html HTTP/1.0" 301 77544 "-" "Mozilla/5.0 (compatible; MJ12bot/v1.4.8; http://mj12bot.com/)"
47.128.21.190 - - [15/Nov/2023:08:30:21 +0100] "GET /mani-the-lucky-cat-pink-11-cm-p-39919.html HTTP/1.0" 301 77544 "-" "Mozilla/5.0 (Linux; Android 5.0) AppleWebKit/537.36 (KHTML, like Gecko) Mobile Safari/537.36 (compatible; Bytespider; spider-feedback@bytedance.com)"
192.99.15.17 - - [15/Nov/2023:08:30:23 +0100] "GET /-p-16650.html HTTP/1.0" 200 77477 "-" "Mozilla/5.0 (compatible; MJ12bot/v1.4.8; http://mj12bot.com/)"
47.128.21.190 - - [15/Nov/2023:08:30:23 +0100] "GET /-p-39919.html HTTP/1.0" 200 77477 "-" "Mozilla/5.0 (Linux; Android 5.0) AppleWebKit/537.36 (KHTML, like Gecko) Mobile Safari/537.36 (compatible; Bytespider; spider-feedback@bytedance.com)"
47.128.21.190 - - [15/Nov/2023:08:30:25 +0100] "GET /swfobject.js HTTP/1.0" 404 1308 "http://www.wonder-geek.com/-p-39919.html" "Mozilla/5.0 (Linux; Android 5.0) AppleWebKit/537.36 (KHTML, like Gecko) Mobile Safari/537.36 (compatible; Bytespider; spider-feedback@bytedance.com)"
192.99.15.17 - - [15/Nov/2023:08:30:26 +0100] "GET /crayola-supertips-washable-lavable-p-16585.html HTTP/1.0" 200 77623 "-" "Mozilla/5.0 (compatible; MJ12bot/v1.4.8; http://mj12bot.com/)"
47.128.21.190 - - [15/Nov/2023:08:30:28 +0100] "GET /highslide/graphics/zoomout.cur HTTP/1.0" 200 614 "http://www.wonder-geek.com/-p-39919.html" "Mozilla/5.0 (Linux; Android 5.0) AppleWebKit/537.36 (KHTML, like Gecko) Mobile Safari/537.36 (compatible; Bytespider; spider-feedback@bytedance.com)"
47.128.21.190 - - [15/Nov/2023:08:30:28 +0100] "GET /highslide/graphics/outlines/drop-shadow.png HTTP/1.0" 200 277 "http://www.wonder-geek.com/-p-39919.html" "Mozilla/5.0 (Linux; Android 5.0) AppleWebKit/537.36 (KHTML, like Gecko) Mobile Safari/537.36 (compatible; Bytespider; spider-feedback@bytedance.com)"
192.99.15.17 - - [15/Nov/2023:08:30:29 +0100] "GET /crayola-washable-finger-paints-p-16854.html HTTP/1.0" 301 77544 "-" "Mozilla/5.0 (compatible; MJ12bot/v1.4.8; http://mj12bot.com/)"
192.99.15.17 - - [15/Nov/2023:08:30:32 +0100] "GET /-p-16854.html HTTP/1.0" 200 77477 "-" "Mozilla/5.0 (compatible; MJ12bot/v1.4.8; http://mj12bot.com/)"
192.99.15.17 - - [15/Nov/2023:08:30:36 +0100] "GET /crayola-washable-markers-p-16586.html HTTP/1.0" 301 77544 "-" "Mozilla/5.0 (compatible; MJ12bot/v1.4.8; http://mj12bot.com/)"
192.99.15.17 - - [15/Nov/2023:08:30:39 +0100] "GET /-p-16586.html HTTP/1.0" 200 77477 "-" "Mozilla/5.0 (compatible; MJ12bot/v1.4.8; http://mj12bot.com/)"
192.99.15.17 - - [15/Nov/2023:08:30:42 +0100] "GET /crayola-washable-mini-glitter-glues-p-16597.html HTTP/1.0" 200 77627 "-" "Mozilla/5.0 (compatible; MJ12bot/v1.4.8; http://mj12bot.com/)"
54.36.148.162 - - [15/Nov/2023:08:30:44 +0100] "GET /isothermic-stainless-steel-bottle-cancer-cbkreation-p-60712.html HTTP/1.0" 200 80775 "-" "Mozilla/5.0 (compatible; AhrefsBot/7.0; +http://ahrefs.com/robot/)"
192.99.15.17 - - [15/Nov/2023:08:30:45 +0100] "GET /crayola-white-board-markers-p-16603.html HTTP/1.0" 301 77544 "-" "Mozilla/5.0 (compatible; MJ12bot/v1.4.8; http://mj12bot.com/)"
192.99.15.17 - - [15/Nov/2023:08:30:48 +0100] "GET /-p-16603.html HTTP/1.0" 200 77477 "-" "Mozilla/5.0 (compatible; MJ12bot/v1.4.8; http://mj12bot.com/)"
47.128.21.185 - - [15/Nov/2023:08:30:48 +0100] "GET /singing-bowl-p-42027.html HTTP/1.0" 200 77523 "-" "Mozilla/5.0 (Linux; Android 5.0) AppleWebKit/537.36 (KHTML, like Gecko) Mobile Safari/537.36 (compatible; Bytespider; spider-feedback@bytedance.com)"
47.128.21.185 - - [15/Nov/2023:08:30:50 +0100] "GET /swfobject.js HTTP/1.0" 404 1308 "http://www.wonder-geek.com/singing-bowl-p-42027.html" "Mozilla/5.0 (Linux; Android 5.0) AppleWebKit/537.36 (KHTML, like Gecko) Mobile Safari/537.36 (compatible; Bytespider; spider-feedback@bytedance.com)"
47.128.21.185 - - [15/Nov/2023:08:30:51 +0100] "GET /highslide/graphics/zoomout.cur HTTP/1.0" 200 614 "http://www.wonder-geek.com/singing-bowl-p-42027.html" "Mozilla/5.0 (Linux; Android 5.0) AppleWebKit/537.36 (KHTML, like Gecko) Mobile Safari/537.36 (compatible; Bytespider; spider-feedback@bytedance.com)"
47.128.21.185 - - [15/Nov/2023:08:30:51 +0100] "GET /highslide/graphics/outlines/drop-shadow.png HTTP/1.0" 200 277 "http://www.wonder-geek.com/singing-bowl-p-42027.html" "Mozilla/5.0 (Linux; Android 5.0) AppleWebKit/537.36 (KHTML, like Gecko) Mobile Safari/537.36 (compatible; Bytespider; spider-feedback@bytedance.com)"
192.99.15.17 - - [15/Nov/2023:08:30:51 +0100] "GET /crayola-wipeoffs-and-eraser-set-p-16605.html HTTP/1.0" 301 77544 "-" "Mozilla/5.0 (compatible; MJ12bot/v1.4.8; http://mj12bot.com/)"
192.99.15.17 - - [15/Nov/2023:08:30:54 +0100] "GET /-p-16605.html HTTP/1.0" 200 77477 "-" "Mozilla/5.0 (compatible; MJ12bot/v1.4.8; http://mj12bot.com/)"
192.99.15.17 - - [15/Nov/2023:08:30:57 +0100] "GET /create-your-dino-world-colouring-book-p-29699.html HTTP/1.0" 200 77619 "-" "Mozilla/5.0 (compatible; MJ12bot/v1.4.8; http://mj12bot.com/)"
192.99.15.17 - - [15/Nov/2023:08:31:00 +0100] "GET /create-your-funny-farm-colouring-sticker-p-14302.html HTTP/1.0" 301 77544 "-" "Mozilla/5.0 (compatible; MJ12bot/v1.4.8; http://mj12bot.com/)"
192.99.15.17 - - [15/Nov/2023:08:31:03 +0100] "GET /-p-14302.html HTTP/1.0" 200 77477 "-" "Mozilla/5.0 (compatible; MJ12bot/v1.4.8; http://mj12bot.com/)"
192.99.15.17 - - [15/Nov/2023:08:31:06 +0100] "GET /create-your-funny-farm-colouring-sticker-set-p-14302.html HTTP/1.0" 301 77544 "-" "Mozilla/5.0 (compatible; MJ12bot/v1.4.8; http://mj12bot.com/)"
192.99.15.17 - - [15/Nov/2023:08:31:09 +0100] "GET /-p-14302.html HTTP/1.0" 200 77477 "-" "Mozilla/5.0 (compatible; MJ12bot/v1.4.8; http://mj12bot.com/)"
192.99.15.17 - - [15/Nov/2023:08:31:12 +0100] "GET /create-your-happy-horses-p-24941.html HTTP/1.0" 301 77544 "-" "Mozilla/5.0 (compatible; MJ12bot/v1.4.8; http://mj12bot.com/)"
64.233.173.102 - - [15/Nov/2023:08:31:16 +0100] "GET /images/med_prod/1341689419929.jpg HTTP/1.0" 200 268 "-" "Mozilla/5.0 (Windows NT 5.1; rv:11.0) Gecko Firefox/11.0 (via ggpht.com GoogleImageProxy)"
192.99.15.17 - - [15/Nov/2023:08:31:15 +0100] "GET /-p-24941.html HTTP/1.0" 200 77477 "-" "Mozilla/5.0 (compatible; MJ12bot/v1.4.8; http://mj12bot.com/)"
47.128.21.138 - - [15/Nov/2023:08:31:17 +0100] "GET /decorative-wooden-plate-chien-mechant-anthracite-p-47802.html HTTP/1.0" 301 77787 "-" "Mozilla/5.0 (Linux; Android 5.0) AppleWebKit/537.36 (KHTML, like Gecko) Mobile Safari/537.36 (compatible; Bytespider; spider-feedback@bytedance.com)"
64.233.173.100 - - [15/Nov/2023:08:31:19 +0100] "GET /images/med_prod/1341689801502.jpg HTTP/1.0" 200 268 "-" "Mozilla/5.0 (Windows NT 5.1; rv:11.0) Gecko Firefox/11.0 (via ggpht.com GoogleImageProxy)"
192.99.15.17 - - [15/Nov/2023:08:31:18 +0100] "GET /create-your-model-world-p-24979.html HTTP/1.0" 301 77544 "-" "Mozilla/5.0 (compatible; MJ12bot/v1.4.8; http://mj12bot.com/)"
47.128.21.138 - - [15/Nov/2023:08:31:19 +0100] "GET /decorative-wooden-plate-chien-mchant-anthracite-p-47802.html HTTP/1.0" 200 77673 "-" "Mozilla/5.0 (Linux; Android 5.0) AppleWebKit/537.36 (KHTML, like Gecko) Mobile Safari/537.36 (compatible; Bytespider; spider-feedback@bytedance.com)"
47.128.21.138 - - [15/Nov/2023:08:31:21 +0100] "GET /swfobject.js HTTP/1.0" 404 1308 "http://www.wonder-geek.com/decorative-wooden-plate-chien-mchant-anthracite-p-47802.html" "Mozilla/5.0 (Linux; Android 5.0) AppleWebKit/537.36 (KHTML, like Gecko) Mobile Safari/537.36 (compatible; Bytespider; spider-feedback@bytedance.com)"
192.99.15.17 - - [15/Nov/2023:08:31:21 +0100] "GET /-p-24979.html HTTP/1.0" 200 77477 "-" "Mozilla/5.0 (compatible; MJ12bot/v1.4.8; http://mj12bot.com/)"
47.128.21.138 - - [15/Nov/2023:08:31:23 +0100] "GET /highslide/graphics/outlines/drop-shadow.png HTTP/1.0" 200 277 "http://www.wonder-geek.com/decorative-wooden-plate-chien-mchant-anthracite-p-47802.html" "Mozilla/5.0 (Linux; Android 5.0) AppleWebKit/537.36 (KHTML, like Gecko) Mobile Safari/537.36 (compatible; Bytespider; spider-feedback@bytedance.com)"
47.128.21.138 - - [15/Nov/2023:08:31:23 +0100] "GET /highslide/graphics/zoomout.cur HTTP/1.0" 200 614 "http://www.wonder-geek.com/decorative-wooden-plate-chien-mchant-anthracite-p-47802.html" "Mozilla/5.0 (Linux; Android 5.0) AppleWebKit/537.36 (KHTML, like Gecko) Mobile Safari/537.36 (compatible; Bytespider; spider-feedback@bytedance.com)"
192.99.15.17 - - [15/Nov/2023:08:31:24 +0100] "GET /create-your-pocket-shopping-tour-model-p-20189.html HTTP/1.0" 200 77627 "-" "Mozilla/5.0 (compatible; MJ12bot/v1.4.8; http://mj12bot.com/)"
192.99.15.17 - - [15/Nov/2023:08:31:27 +0100] "GET /create-your-pocket-shopping-tour-top-model-p-20189.html HTTP/1.0" 301 77732 "-" "Mozilla/5.0 (compatible; MJ12bot/v1.4.8; http://mj12bot.com/)"
192.99.15.17 - - [15/Nov/2023:08:31:30 +0100] "GET /create-your-pocket-shopping-tour-model-p-20189.html HTTP/1.0" 200 77627 "-" "Mozilla/5.0 (compatible; MJ12bot/v1.4.8; http://mj12bot.com/)"
192.99.15.17 - - [15/Nov/2023:08:31:33 +0100] "GET /create-your-pocket-workshop-homestory-model-p-13118.html HTTP/1.0" 301 77544 "-" "Mozilla/5.0 (compatible; MJ12bot/v1.4.8; http://mj12bot.com/)"
192.99.15.17 - - [15/Nov/2023:08:31:36 +0100] "GET /-p-13118.html HTTP/1.0" 200 77477 "-" "Mozilla/5.0 (compatible; MJ12bot/v1.4.8; http://mj12bot.com/)"
192.99.15.17 - - [15/Nov/2023:08:31:39 +0100] "GET /create-your-pocket-workshop-homestory-model-p-26639.html HTTP/1.0" 301 77544 "-" "Mozilla/5.0 (compatible; MJ12bot/v1.4.8; http://mj12bot.com/)"
192.99.15.17 - - [15/Nov/2023:08:31:42 +0100] "GET /-p-26639.html HTTP/1.0" 200 77477 "-" "Mozilla/5.0 (compatible; MJ12bot/v1.4.8; http://mj12bot.com/)"
192.99.15.17 - - [15/Nov/2023:08:31:45 +0100] "GET /create-your-pocket-workshop-homestory-top-model-p-13118.html HTTP/1.0" 301 77544 "-" "Mozilla/5.0 (compatible; MJ12bot/v1.4.8; http://mj12bot.com/)"
47.128.63.105 - - [15/Nov/2023:08:31:46 +0100] "GET /mobile-sock-universe-horse-p-19578.html HTTP/1.0" 301 77544 "-" "Mozilla/5.0 (Linux; Android 5.0) AppleWebKit/537.36 (KHTML, like Gecko) Mobile Safari/537.36 (compatible; Bytespider; spider-feedback@bytedance.com)"
47.128.63.105 - - [15/Nov/2023:08:31:47 +0100] "GET /-p-19578.html HTTP/1.0" 200 77477 "-" "Mozilla/5.0 (Linux; Android 5.0) AppleWebKit/537.36 (KHTML, like Gecko) Mobile Safari/537.36 (compatible; Bytespider; spider-feedback@bytedance.com)"
192.99.15.17 - - [15/Nov/2023:08:31:48 +0100] "GET /-p-13118.html HTTP/1.0" 200 77477 "-" "Mozilla/5.0 (compatible; MJ12bot/v1.4.8; http://mj12bot.com/)"
47.128.63.105 - - [15/Nov/2023:08:31:49 +0100] "GET /swfobject.js HTTP/1.0" 404 1308 "http://www.wonder-geek.com/-p-19578.html" "Mozilla/5.0 (Linux; Android 5.0) AppleWebKit/537.36 (KHTML, like Gecko) Mobile Safari/537.36 (compatible; Bytespider; spider-feedback@bytedance.com)"
192.99.15.17 - - [15/Nov/2023:08:31:51 +0100] "GET /create-your-pocket-workshop-homestory-top-model-p-26639.html HTTP/1.0" 301 77544 "-" "Mozilla/5.0 (compatible; MJ12bot/v1.4.8; http://mj12bot.com/)"
47.128.63.105 - - [15/Nov/2023:08:31:53 +0100] "GET /highslide/graphics/zoomout.cur HTTP/1.0" 200 614 "http://www.wonder-geek.com/-p-19578.html" "Mozilla/5.0 (Linux; Android 5.0) AppleWebKit/537.36 (KHTML, like Gecko) Mobile Safari/537.36 (compatible; Bytespider; spider-feedback@bytedance.com)"
47.128.63.105 - - [15/Nov/2023:08:31:53 +0100] "GET /highslide/graphics/outlines/drop-shadow.png HTTP/1.0" 200 277 "http://www.wonder-geek.com/-p-19578.html" "Mozilla/5.0 (Linux; Android 5.0) AppleWebKit/537.36 (KHTML, like Gecko) Mobile Safari/537.36 (compatible; Bytespider; spider-feedback@bytedance.com)"
192.99.15.17 - - [15/Nov/2023:08:31:54 +0100] "GET /-p-26639.html HTTP/1.0" 200 77477 "-" "Mozilla/5.0 (compatible; MJ12bot/v1.4.8; http://mj12bot.com/)"
54.36.149.47 - - [15/Nov/2023:08:31:52 +0100] "GET / HTTP/1.0" 200 158650 "-" "Mozilla/5.0 (compatible; AhrefsBot/7.0; +http://ahrefs.com/robot/)"
54.36.148.86 - - [15/Nov/2023:08:31:58 +0100] "GET /images/mini_prod/5060108722445N.jpg HTTP/1.0" 200 270 "-" "Mozilla/5.0 (compatible; AhrefsBot/7.0; +http://ahrefs.com/robot/)"
192.99.15.17 - - [15/Nov/2023:08:31:57 +0100] "GET /create-your-top-model-world-p-24979.html HTTP/1.0" 301 77544 "-" "Mozilla/5.0 (compatible; MJ12bot/v1.4.8; http://mj12bot.com/)"
192.99.15.17 - - [15/Nov/2023:08:32:00 +0100] "GET /-p-24979.html HTTP/1.0" 200 77477 "-" "Mozilla/5.0 (compatible; MJ12bot/v1.4.8; http://mj12bot.com/)"
192.99.15.17 - - [15/Nov/2023:08:32:03 +0100] "GET /create-your-topmodel-colouring-book-p-27330.html HTTP/1.0" 301 77544 "-" "Mozilla/5.0 (compatible; MJ12bot/v1.4.8; http://mj12bot.com/)"
192.99.15.17 - - [15/Nov/2023:08:32:06 +0100] "GET /-p-27330.html HTTP/1.0" 200 77477 "-" "Mozilla/5.0 (compatible; MJ12bot/v1.4.8; http://mj12bot.com/)"
192.99.15.17 - - [15/Nov/2023:08:32:09 +0100] "GET /crocodile-gold-resin-and-metal-p-48875.html HTTP/1.0" 301 77672 "-" "Mozilla/5.0 (compatible; MJ12bot/v1.4.8; http://mj12bot.com/)"
192.99.15.17 - - [15/Nov/2023:08:32:12 +0100] "GET /crocodile-gold-resin-metal-p-48875.html HTTP/1.0" 200 77579 "-" "Mozilla/5.0 (compatible; MJ12bot/v1.4.8; http://mj12bot.com/)"
47.128.53.181 - - [15/Nov/2023:08:32:15 +0100] "GET /home-and-decoration/collectible-figurines-and-decorative/collectible-birthday-figurine-sonny-angel-bunny-p-27515.html HTTP/1.0" 301 77544 "-" "Mozilla/5.0 (Linux; Android 5.0) AppleWebKit/537.36 (KHTML, like Gecko) Mobile Safari/537.36 (compatible; Bytespider; spider-feedback@bytedance.com)"
192.99.15.17 - - [15/Nov/2023:08:32:16 +0100] "GET /crocodile-gold-resin-metal-p-48875.html HTTP/1.0" 200 77579 "-" "Mozilla/5.0 (compatible; MJ12bot/v1.4.8; http://mj12bot.com/)"
47.128.53.181 - - [15/Nov/2023:08:32:17 +0100] "GET /-p-27515.html HTTP/1.0" 200 77477 "-" "Mozilla/5.0 (Linux; Android 5.0) AppleWebKit/537.36 (KHTML, like Gecko) Mobile Safari/537.36 (compatible; Bytespider; spider-feedback@bytedance.com)"
47.128.53.181 - - [15/Nov/2023:08:32:18 +0100] "GET /swfobject.js HTTP/1.0" 404 1308 "http://www.wonder-geek.com/-p-27515.html" "Mozilla/5.0 (Linux; Android 5.0) AppleWebKit/537.36 (KHTML, like Gecko) Mobile Safari/537.36 (compatible; Bytespider; spider-feedback@bytedance.com)"
192.99.15.17 - - [15/Nov/2023:08:32:19 +0100] "GET /cruet-fragrance-provence-p-30716.html HTTP/1.0" 301 77544 "-" "Mozilla/5.0 (compatible; MJ12bot/v1.4.8; http://mj12bot.com/)"
192.99.15.17 - - [15/Nov/2023:08:32:22 +0100] "GET /-p-30716.html HTTP/1.0" 200 77477 "-" "Mozilla/5.0 (compatible; MJ12bot/v1.4.8; http://mj12bot.com/)"
47.128.53.181 - - [15/Nov/2023:08:32:25 +0100] "GET /highslide/graphics/outlines/drop-shadow.png HTTP/1.0" 200 277 "http://www.wonder-geek.com/-p-27515.html" "Mozilla/5.0 (Linux; Android 5.0) AppleWebKit/537.36 (KHTML, like Gecko) Mobile Safari/537.36 (compatible; Bytespider; spider-feedback@bytedance.com)"
47.128.53.181 - - [15/Nov/2023:08:32:25 +0100] "GET /highslide/graphics/zoomout.cur HTTP/1.0" 200 614 "http://www.wonder-geek.com/-p-27515.html" "Mozilla/5.0 (Linux; Android 5.0) AppleWebKit/537.36 (KHTML, like Gecko) Mobile Safari/537.36 (compatible; Bytespider; spider-feedback@bytedance.com)"
192.99.15.17 - - [15/Nov/2023:08:32:25 +0100] "GET /csarine-potholder-p-43822.html HTTP/1.0" 301 77544 "-" "Mozilla/5.0 (compatible; MJ12bot/v1.4.8; http://mj12bot.com/)"
192.99.15.17 - - [15/Nov/2023:08:32:28 +0100] "GET /-p-43822.html HTTP/1.0" 200 77477 "-" "Mozilla/5.0 (compatible; MJ12bot/v1.4.8; http://mj12bot.com/)"
192.99.15.17 - - [15/Nov/2023:08:32:31 +0100] "GET /csi-crime-scene-mousepad-p-18074.html HTTP/1.0" 301 77544 "-" "Mozilla/5.0 (compatible; MJ12bot/v1.4.8; http://mj12bot.com/)"
192.99.15.17 - - [15/Nov/2023:08:32:34 +0100] "GET /-p-18074.html HTTP/1.0" 200 77477 "-" "Mozilla/5.0 (compatible; MJ12bot/v1.4.8; http://mj12bot.com/)"
192.99.15.17 - - [15/Nov/2023:08:32:37 +0100] "GET /csi-les-experts-mousepad-p-18072.html HTTP/1.0" 301 80054 "-" "Mozilla/5.0 (compatible; MJ12bot/v1.4.8; http://mj12bot.com/)"
192.99.15.17 - - [15/Nov/2023:08:32:39 +0100] "GET /experts-mousepad-p-18072.html HTTP/1.0" 200 79971 "-" "Mozilla/5.0 (compatible; MJ12bot/v1.4.8; http://mj12bot.com/)"
192.99.15.17 - - [15/Nov/2023:08:32:43 +0100] "GET /cup-cake-money-bank-collection-p-17636.html HTTP/1.0" 301 77544 "-" "Mozilla/5.0 (compatible; MJ12bot/v1.4.8; http://mj12bot.com/)"
47.128.50.254 - - [15/Nov/2023:08:32:43 +0100] "GET /set-of-beige-metal-boxes-coffee-tea-sugar-p-38824.html HTTP/1.0" 301 77722 "-" "Mozilla/5.0 (Linux; Android 5.0) AppleWebKit/537.36 (KHTML, like Gecko) Mobile Safari/537.36 (compatible; Bytespider; spider-feedback@bytedance.com)"
47.128.50.254 - - [15/Nov/2023:08:32:45 +0100] "GET /beige-metal-boxes-coffee-sugar-p-38824.html HTTP/1.0" 200 77625 "-" "Mozilla/5.0 (Linux; Android 5.0) AppleWebKit/537.36 (KHTML, like Gecko) Mobile Safari/537.36 (compatible; Bytespider; spider-feedback@bytedance.com)"
47.128.50.254 - - [15/Nov/2023:08:32:47 +0100] "GET /swfobject.js HTTP/1.0" 404 1308 "http://www.wonder-geek.com/beige-metal-boxes-coffee-sugar-p-38824.html" "Mozilla/5.0 (Linux; Android 5.0) AppleWebKit/537.36 (KHTML, like Gecko) Mobile Safari/537.36 (compatible; Bytespider; spider-feedback@bytedance.com)"
192.99.15.17 - - [15/Nov/2023:08:32:45 +0100] "GET /-p-17636.html HTTP/1.0" 200 77477 "-" "Mozilla/5.0 (compatible; MJ12bot/v1.4.8; http://mj12bot.com/)"
192.99.15.17 - - [15/Nov/2023:08:32:48 +0100] "GET /cup-of-tea-tisaniere-p-34359.html HTTP/1.0" 301 77544 "-" "Mozilla/5.0 (compatible; MJ12bot/v1.4.8; http://mj12bot.com/)"
192.99.15.17 - - [15/Nov/2023:08:32:51 +0100] "GET /-p-34359.html HTTP/1.0" 200 77477 "-" "Mozilla/5.0 (compatible; MJ12bot/v1.4.8; http://mj12bot.com/)"
47.128.50.254 - - [15/Nov/2023:08:32:54 +0100] "GET /highslide/graphics/zoomout.cur HTTP/1.0" 200 614 "http://www.wonder-geek.com/beige-metal-boxes-coffee-sugar-p-38824.html" "Mozilla/5.0 (Linux; Android 5.0) AppleWebKit/537.36 (KHTML, like Gecko) Mobile Safari/537.36 (compatible; Bytespider; spider-feedback@bytedance.com)"
47.128.50.254 - - [15/Nov/2023:08:32:54 +0100] "GET /highslide/graphics/outlines/drop-shadow.png HTTP/1.0" 200 277 "http://www.wonder-geek.com/beige-metal-boxes-coffee-sugar-p-38824.html" "Mozilla/5.0 (Linux; Android 5.0) AppleWebKit/537.36 (KHTML, like Gecko) Mobile Safari/537.36 (compatible; Bytespider; spider-feedback@bytedance.com)"
192.99.15.17 - - [15/Nov/2023:08:32:54 +0100] "GET /cupcakes-mouse-cbkreation-p-17364.html HTTP/1.0" 200 79856 "-" "Mozilla/5.0 (compatible; MJ12bot/v1.4.8; http://mj12bot.com/)"
192.99.15.17 - - [15/Nov/2023:08:32:57 +0100] "GET /cupcakes-mouse-pad-by-cbkreation-p-17364.html HTTP/1.0" 301 79948 "-" "Mozilla/5.0 (compatible; MJ12bot/v1.4.8; http://mj12bot.com/)"
192.99.15.17 - - [15/Nov/2023:08:33:00 +0100] "GET /cupcakes-mouse-cbkreation-p-17364.html HTTP/1.0" 200 79856 "-" "Mozilla/5.0 (compatible; MJ12bot/v1.4.8; http://mj12bot.com/)"
192.99.15.17 - - [15/Nov/2023:08:33:03 +0100] "GET /cushion-cover-dandelion-p-55152.html HTTP/1.0" 200 77561 "-" "Mozilla/5.0 (compatible; MJ12bot/v1.4.8; http://mj12bot.com/)"
192.99.15.17 - - [15/Nov/2023:08:33:06 +0100] "GET /cushion-for-cat-or-small-dog-maison-du-bonheur-p-50856.html HTTP/1.0" 301 77714 "-" "Mozilla/5.0 (compatible; MJ12bot/v1.4.8; http://mj12bot.com/)"
192.99.15.17 - - [15/Nov/2023:08:33:09 +0100] "GET /cushion-small-maison-bonheur-p-50856.html HTTP/1.0" 200 77619 "-" "Mozilla/5.0 (compatible; MJ12bot/v1.4.8; http://mj12bot.com/)"
192.99.15.17 - - [15/Nov/2023:08:33:12 +0100] "GET /cushion-for-dog-maison-du-bonheur-p-50857.html HTTP/1.0" 301 77660 "-" "Mozilla/5.0 (compatible; MJ12bot/v1.4.8; http://mj12bot.com/)"
192.99.15.17 - - [15/Nov/2023:08:33:15 +0100] "GET /cushion-maison-bonheur-p-50857.html HTTP/1.0" 200 77571 "-" "Mozilla/5.0 (compatible; MJ12bot/v1.4.8; http://mj12bot.com/)"
47.128.48.106 - - [15/Nov/2023:08:33:15 +0100] "GET /decorative-wooden-plate-wifi-red-bordeaux-p-47794.html HTTP/1.0" 301 80324 "-" "Mozilla/5.0 (Linux; Android 5.0) AppleWebKit/537.36 (KHTML, like Gecko) Mobile Safari/537.36 (compatible; Bytespider; spider-feedback@bytedance.com)"
47.128.48.106 - - [15/Nov/2023:08:33:17 +0100] "GET /decorative-wooden-plate-wifi-bordeaux-p-47794.html HTTP/1.0" 200 80220 "-" "Mozilla/5.0 (Linux; Android 5.0) AppleWebKit/537.36 (KHTML, like Gecko) Mobile Safari/537.36 (compatible; Bytespider; spider-feedback@bytedance.com)"
47.128.48.106 - - [15/Nov/2023:08:33:19 +0100] "GET /swfobject.js HTTP/1.0" 404 1308 "http://www.wonder-geek.com/decorative-wooden-plate-wifi-bordeaux-p-47794.html" "Mozilla/5.0 (Linux; Android 5.0) AppleWebKit/537.36 (KHTML, like Gecko) Mobile Safari/537.36 (compatible; Bytespider; spider-feedback@bytedance.com)"
192.99.15.17 - - [15/Nov/2023:08:33:18 +0100] "GET /cushion-maison-bonheur-p-50857.html HTTP/1.0" 200 77571 "-" "Mozilla/5.0 (compatible; MJ12bot/v1.4.8; http://mj12bot.com/)"
47.128.48.106 - - [15/Nov/2023:08:33:22 +0100] "GET /highslide/graphics/zoomin.cur HTTP/1.0" 200 614 "http://www.wonder-geek.com/templates/Pixame_v1/stylesheet.css" "Mozilla/5.0 (Linux; Android 5.0) AppleWebKit/537.36 (KHTML, like Gecko) Mobile Safari/537.36 (compatible; Bytespider; spider-feedback@bytedance.com)"
192.99.15.17 - - [15/Nov/2023:08:33:21 +0100] "GET /cushion-p-33030.html HTTP/1.0" 301 77544 "-" "Mozilla/5.0 (compatible; MJ12bot/v1.4.8; http://mj12bot.com/)"
192.99.15.17 - - [15/Nov/2023:08:33:24 +0100] "GET /-p-33030.html HTTP/1.0" 200 77477 "-" "Mozilla/5.0 (compatible; MJ12bot/v1.4.8; http://mj12bot.com/)"
192.99.15.17 - - [15/Nov/2023:08:33:27 +0100] "GET /cushion-small-maison-bonheur-p-50856.html HTTP/1.0" 200 77619 "-" "Mozilla/5.0 (compatible; MJ12bot/v1.4.8; http://mj12bot.com/)"
192.99.15.17 - - [15/Nov/2023:08:33:30 +0100] "GET /cute-cats-bedclothes-140-200-cm-p-36340.html HTTP/1.0" 301 77544 "-" "Mozilla/5.0 (compatible; MJ12bot/v1.4.8; http://mj12bot.com/)"
192.99.15.17 - - [15/Nov/2023:08:33:33 +0100] "GET /-p-36340.html HTTP/1.0" 200 77477 "-" "Mozilla/5.0 (compatible; MJ12bot/v1.4.8; http://mj12bot.com/)"
47.128.48.106 - - [15/Nov/2023:08:33:35 +0100] "GET /highslide/graphics/outlines/drop-shadow.png HTTP/1.0" 200 277 "http://www.wonder-geek.com/decorative-wooden-plate-wifi-bordeaux-p-47794.html" "Mozilla/5.0 (Linux; Android 5.0) AppleWebKit/537.36 (KHTML, like Gecko) Mobile Safari/537.36 (compatible; Bytespider; spider-feedback@bytedance.com)"
47.128.48.106 - - [15/Nov/2023:08:33:35 +0100] "GET /highslide/graphics/zoomout.cur HTTP/1.0" 200 614 "http://www.wonder-geek.com/decorative-wooden-plate-wifi-bordeaux-p-47794.html" "Mozilla/5.0 (Linux; Android 5.0) AppleWebKit/537.36 (KHTML, like Gecko) Mobile Safari/537.36 (compatible; Bytespider; spider-feedback@bytedance.com)"
47.128.48.106 - - [15/Nov/2023:08:33:35 +0100] "GET /images/big_prod/8422093217011.jpg HTTP/1.0" 200 268 "http://www.wonder-geek.com/decorative-wooden-plate-wifi-bordeaux-p-47794.html" "Mozilla/5.0 (Linux; Android 5.0) AppleWebKit/537.36 (KHTML, like Gecko) Mobile Safari/537.36 (compatible; Bytespider; spider-feedback@bytedance.com)"
54.36.148.22 - - [15/Nov/2023:08:33:34 +0100] "GET /tights-c-1_48.html HTTP/1.0" 200 86421 "-" "Mozilla/5.0 (compatible; AhrefsBot/7.0; +http://ahrefs.com/robot/)"
192.99.15.17 - - [15/Nov/2023:08:33:36 +0100] "GET /cylindrical-lampshade-white-p-59076.html HTTP/1.0" 200 77575 "-" "Mozilla/5.0 (compatible; MJ12bot/v1.4.8; http://mj12bot.com/)"
17.246.23.223 - - [15/Nov/2023:08:33:39 +0100] "GET /salt-boxes-jars-c-12_223.html HTTP/1.0" 200 97509 "-" "Mozilla/5.0 (Macintosh; Intel Mac OS X 10_15_5) AppleWebKit/605.1.15 (KHTML, like Gecko) Version/13.1.1 Safari/605.1.15 (Applebot/0.1; +http://www.apple.com/go/applebot)"
192.99.15.17 - - [15/Nov/2023:08:33:39 +0100] "GET /cyrielle-bedclothes-p-58442.html HTTP/1.0" 200 80560 "-" "Mozilla/5.0 (compatible; MJ12bot/v1.4.8; http://mj12bot.com/)"
47.128.48.145 - - [15/Nov/2023:08:33:41 +0100] "GET /long-lady-umbrella-gorjuss-found-my-family-in-book-p-48201.html HTTP/1.0" 301 77544 "-" "Mozilla/5.0 (Linux; Android 5.0) AppleWebKit/537.36 (KHTML, like Gecko) Mobile Safari/537.36 (compatible; Bytespider; spider-feedback@bytedance.com)"
47.128.48.145 - - [15/Nov/2023:08:33:43 +0100] "GET /-p-48201.html HTTP/1.0" 200 77477 "-" "Mozilla/5.0 (Linux; Android 5.0) AppleWebKit/537.36 (KHTML, like Gecko) Mobile Safari/537.36 (compatible; Bytespider; spider-feedback@bytedance.com)"
192.99.15.17 - - [15/Nov/2023:08:33:42 +0100] "GET /daisies-adhesive-decoration-board-p-55496.html HTTP/1.0" 200 80578 "-" "Mozilla/5.0 (compatible; MJ12bot/v1.4.8; http://mj12bot.com/)"
47.128.48.145 - - [15/Nov/2023:08:33:45 +0100] "GET /swfobject.js HTTP/1.0" 404 1308 "http://www.wonder-geek.com/-p-48201.html" "Mozilla/5.0 (Linux; Android 5.0) AppleWebKit/537.36 (KHTML, like Gecko) Mobile Safari/537.36 (compatible; Bytespider; spider-feedback@bytedance.com)"
17.246.23.59 - - [15/Nov/2023:08:33:46 +0100] "GET /highslide/highslide.js HTTP/1.0" 200 262 "http://www.wonder-geek.com/salt-boxes-jars-c-12_223.html" "Mozilla/5.0 (Macintosh; Intel Mac OS X 10_15_5) AppleWebKit/605.1.15 (KHTML, like Gecko) Version/13.1.1 Safari/605.1.15 (Applebot/0.1; +http://www.apple.com/go/applebot)"
192.99.15.17 - - [15/Nov/2023:08:33:45 +0100] "GET /daisy-duck-hair-ornements-p-19277.html HTTP/1.0" 200 82450 "-" "Mozilla/5.0 (compatible; MJ12bot/v1.4.8; http://mj12bot.com/)"
17.246.15.55 - - [15/Nov/2023:08:33:47 +0100] "GET /js/jquery.masonry.min.js HTTP/1.0" 200 264 "http://www.wonder-geek.com/salt-boxes-jars-c-12_223.html" "Mozilla/5.0 (Macintosh; Intel Mac OS X 10_15_5) AppleWebKit/605.1.15 (KHTML, like Gecko) Version/13.1.1 Safari/605.1.15 (Applebot/0.1; +http://www.apple.com/go/applebot)"
47.128.48.145 - - [15/Nov/2023:08:33:47 +0100] "GET /highslide/graphics/zoomout.cur HTTP/1.0" 200 614 "http://www.wonder-geek.com/-p-48201.html" "Mozilla/5.0 (Linux; Android 5.0) AppleWebKit/537.36 (KHTML, like Gecko) Mobile Safari/537.36 (compatible; Bytespider; spider-feedback@bytedance.com)"
47.128.48.145 - - [15/Nov/2023:08:33:47 +0100] "GET /highslide/graphics/outlines/drop-shadow.png HTTP/1.0" 200 277 "http://www.wonder-geek.com/-p-48201.html" "Mozilla/5.0 (Linux; Android 5.0) AppleWebKit/537.36 (KHTML, like Gecko) Mobile Safari/537.36 (compatible; Bytespider; spider-feedback@bytedance.com)"
17.246.15.57 - - [15/Nov/2023:08:33:47 +0100] "GET /js/jquery.js HTTP/1.0" 200 252 "http://www.wonder-geek.com/salt-boxes-jars-c-12_223.html" "Mozilla/5.0 (Macintosh; Intel Mac OS X 10_15_5) AppleWebKit/605.1.15 (KHTML, like Gecko) Version/13.1.1 Safari/605.1.15 (Applebot/0.1; +http://www.apple.com/go/applebot)"
17.246.19.181 - - [15/Nov/2023:08:33:48 +0100] "GET /mondial_relay/js/jquery-1.3.2.min.js HTTP/1.0" 200 276 "http://www.wonder-geek.com/salt-boxes-jars-c-12_223.html" "Mozilla/5.0 (Macintosh; Intel Mac OS X 10_15_5) AppleWebKit/605.1.15 (KHTML, like Gecko) Version/13.1.1 Safari/605.1.15 (Applebot/0.1; +http://www.apple.com/go/applebot)"
17.246.19.252 - - [15/Nov/2023:08:33:48 +0100] "GET /js/jquery.jqzoom.js HTTP/1.0" 200 259 "http://www.wonder-geek.com/salt-boxes-jars-c-12_223.html" "Mozilla/5.0 (Macintosh; Intel Mac OS X 10_15_5) AppleWebKit/605.1.15 (KHTML, like Gecko) Version/13.1.1 Safari/605.1.15 (Applebot/0.1; +http://www.apple.com/go/applebot)"
192.99.15.17 - - [15/Nov/2023:08:33:48 +0100] "GET /daisy-duck-set-of-hair-ornements-p-19277.html HTTP/1.0" 301 82542 "-" "Mozilla/5.0 (compatible; MJ12bot/v1.4.8; http://mj12bot.com/)"
192.99.15.17 - - [15/Nov/2023:08:33:51 +0100] "GET /daisy-duck-hair-ornements-p-19277.html HTTP/1.0" 200 82450 "-" "Mozilla/5.0 (compatible; MJ12bot/v1.4.8; http://mj12bot.com/)"
192.99.15.17 - - [15/Nov/2023:08:33:54 +0100] "GET /daisy-green-mini-rectangular-tray-p-55471.html HTTP/1.0" 200 77603 "-" "Mozilla/5.0 (compatible; MJ12bot/v1.4.8; http://mj12bot.com/)"
17.246.23.59 - - [15/Nov/2023:08:33:57 +0100] "GET /js/modernizr-transitions.js HTTP/1.0" 200 267 "http://www.wonder-geek.com/salt-boxes-jars-c-12_223.html" "Mozilla/5.0 (Macintosh; Intel Mac OS X 10_15_5) AppleWebKit/605.1.15 (KHTML, like Gecko) Version/13.1.1 Safari/605.1.15 (Applebot/0.1; +http://www.apple.com/go/applebot)"
192.99.15.17 - - [15/Nov/2023:08:33:57 +0100] "GET /darth-vader-star-wars-moneybox-p-29270.html HTTP/1.0" 200 77618 "-" "Mozilla/5.0 (compatible; MJ12bot/v1.4.8; http://mj12bot.com/)"
192.99.15.17 - - [15/Nov/2023:08:34:00 +0100] "GET /david-bowie-aladdin-sane-poster-p-36334.html HTTP/1.0" 301 77544 "-" "Mozilla/5.0 (compatible; MJ12bot/v1.4.8; http://mj12bot.com/)"
192.99.15.17 - - [15/Nov/2023:08:34:03 +0100] "GET /-p-36334.html HTTP/1.0" 200 77477 "-" "Mozilla/5.0 (compatible; MJ12bot/v1.4.8; http://mj12bot.com/)"
192.99.15.17 - - [15/Nov/2023:08:34:06 +0100] "GET /dawa-table-lamp-gold-metal-p-54591.html HTTP/1.0" 200 80757 "-" "Mozilla/5.0 (compatible; MJ12bot/v1.4.8; http://mj12bot.com/)"
192.99.15.17 - - [15/Nov/2023:08:34:09 +0100] "GET /deco-kit-sommelier-world-map-p-37267.html HTTP/1.0" 301 77685 "-" "Mozilla/5.0 (compatible; MJ12bot/v1.4.8; http://mj12bot.com/)"
47.128.55.61 - - [15/Nov/2023:08:34:11 +0100] "GET /decorative-snail-in-magnesia-37-cm-p-44674.html HTTP/1.0" 301 80113 "-" "Mozilla/5.0 (Linux; Android 5.0) AppleWebKit/537.36 (KHTML, like Gecko) Mobile Safari/537.36 (compatible; Bytespider; spider-feedback@bytedance.com)"
192.99.15.17 - - [15/Nov/2023:08:34:12 +0100] "GET /deco-sommelier-world-p-37267.html HTTP/1.0" 200 77598 "-" "Mozilla/5.0 (compatible; MJ12bot/v1.4.8; http://mj12bot.com/)"
