193.70.81.106 - - [15/Nov/2023:05:50:57 +0100] "GET /led-alpaca-nightlight-p-53133.html HTTP/1.0" 301 77533 "-" "Mozilla/5.0 (compatible; MJ12bot/v1.4.8; http://mj12bot.com/)"
193.70.81.106 - - [15/Nov/2023:05:51:01 +0100] "GET /alpaca-nightlight-p-53133.html HTTP/1.0" 200 77449 "-" "Mozilla/5.0 (compatible; MJ12bot/v1.4.8; http://mj12bot.com/)"
8.218.254.250 - - [15/Nov/2023:05:51:09 +0100] "GET /images/mini_prod/3520071345697.jpg HTTP/1.0" 200 269 "-" "Mozilla/5.0 (X11; Ubuntu; Linux x86_64; rv:72.0) Gecko/20100101 Firefox/72.0"
3.224.220.101 - - [15/Nov/2023:05:51:08 +0100] "GET /-c-95_343.html HTTP/1.0" 200 76251 "-" "Mozilla/5.0 (Macintosh; Intel Mac OS X 10_10_1) AppleWebKit/600.2.5 (KHTML, like Gecko) Version/8.0.2 Safari/600.2.5 (Amazonbot/0.1; +https://developer.amazon.com/support/amazonbot)"
193.70.81.106 - - [15/Nov/2023:05:51:08 +0100] "GET /lemon-tea-tisaniere-p-34356.html HTTP/1.0" 301 77450 "-" "Mozilla/5.0 (compatible; MJ12bot/v1.4.8; http://mj12bot.com/)"
3.224.220.101 - - [15/Nov/2023:05:51:11 +0100] "GET /-c-95_298.html HTTP/1.0" 200 86033 "-" "Mozilla/5.0 (Macintosh; Intel Mac OS X 10_10_1) AppleWebKit/600.2.5 (KHTML, like Gecko) Version/8.0.2 Safari/600.2.5 (Amazonbot/0.1; +https://developer.amazon.com/support/amazonbot)"
193.70.81.106 - - [15/Nov/2023:05:51:11 +0100] "GET /-p-34356.html HTTP/1.0" 200 77383 "-" "Mozilla/5.0 (compatible; MJ12bot/v1.4.8; http://mj12bot.com/)"
23.22.35.162 - - [15/Nov/2023:05:51:13 +0100] "GET /mugs-mazagrans-c-12_57.html HTTP/1.0" 200 101583 "-" "Mozilla/5.0 (Macintosh; Intel Mac OS X 10_10_1) AppleWebKit/600.2.5 (KHTML, like Gecko) Version/8.0.2 Safari/600.2.5 (Amazonbot/0.1; +https://developer.amazon.com/support/amazonbot)"
193.70.81.106 - - [15/Nov/2023:05:51:14 +0100] "GET /light-wood-table-lamp-scandinavian-spirit-p-56110.html HTTP/1.0" 200 80619 "-" "Mozilla/5.0 (compatible; MJ12bot/v1.4.8; http://mj12bot.com/)"
52.70.240.171 - - [15/Nov/2023:05:51:14 +0100] "GET /decorations-c-13_89.html HTTP/1.0" 200 97815 "-" "Mozilla/5.0 (Macintosh; Intel Mac OS X 10_10_1) AppleWebKit/600.2.5 (KHTML, like Gecko) Version/8.0.2 Safari/600.2.5 (Amazonbot/0.1; +https://developer.amazon.com/support/amazonbot)"
3.224.220.101 - - [15/Nov/2023:05:51:16 +0100] "GET /jackets-coats-parkas-c-2_41.html HTTP/1.0" 200 85010 "-" "Mozilla/5.0 (Macintosh; Intel Mac OS X 10_10_1) AppleWebKit/600.2.5 (KHTML, like Gecko) Version/8.0.2 Safari/600.2.5 (Amazonbot/0.1; +https://developer.amazon.com/support/amazonbot)"
52.167.144.203 - - [15/Nov/2023:05:51:16 +0100] "GET /furnishings-c-13_87.html HTTP/1.0" 301 89442 "-" "Mozilla/5.0 AppleWebKit/537.36 (KHTML, like Gecko; compatible; bingbot/2.0; +http://www.bing.com/bingbot.htm) Chrome/103.0.5060.134 Safari/537.36"
193.70.81.106 - - [15/Nov/2023:05:51:19 +0100] "GET /lilac-kitchen-towel-50-70-cm-p-44422.html HTTP/1.0" 301 79830 "-" "Mozilla/5.0 (compatible; MJ12bot/v1.4.8; http://mj12bot.com/)"
193.70.81.106 - - [15/Nov/2023:05:51:21 +0100] "GET /lilac-kitchen-towel-p-44422.html HTTP/1.0" 200 79744 "-" "Mozilla/5.0 (compatible; MJ12bot/v1.4.8; http://mj12bot.com/)"
54.36.148.91 - - [15/Nov/2023:05:51:24 +0100] "GET /vanilla-aromatika-incense-sticks-p-59271.html HTTP/1.0" 200 80479 "-" "Mozilla/5.0 (compatible; AhrefsBot/7.0; +http://ahrefs.com/robot/)"
193.70.81.106 - - [15/Nov/2023:05:51:24 +0100] "GET /lilac-kitchen-towel-p-44422.html HTTP/1.0" 200 79744 "-" "Mozilla/5.0 (compatible; MJ12bot/v1.4.8; http://mj12bot.com/)"
193.70.81.106 - - [15/Nov/2023:05:51:28 +0100] "GET /linen-of-bed-c-13_11_68.html?filter_id=124 HTTP/1.0" 301 77506 "-" "Mozilla/5.0 (compatible; MJ12bot/v1.4.8; http://mj12bot.com/)"
193.70.81.106 - - [15/Nov/2023:05:51:31 +0100] "GET /linen-c-68.html?filter_id=124 HTTP/1.0" 301 77252 "-" "Mozilla/5.0 (compatible; MJ12bot/v1.4.8; http://mj12bot.com/)"
193.70.81.106 - - [15/Nov/2023:05:51:34 +0100] "GET /linen-c-11_68.html?filter_id=124 HTTP/1.0" 200 77288 "-" "Mozilla/5.0 (compatible; MJ12bot/v1.4.8; http://mj12bot.com/)"
193.70.81.106 - - [15/Nov/2023:05:51:37 +0100] "GET /linen-of-bed-c-68.html?filter_id=124 HTTP/1.0" 301 77252 "-" "Mozilla/5.0 (compatible; MJ12bot/v1.4.8; http://mj12bot.com/)"
193.70.81.106 - - [15/Nov/2023:05:51:40 +0100] "GET /linen-c-11_68.html?filter_id=124 HTTP/1.0" 200 77288 "-" "Mozilla/5.0 (compatible; MJ12bot/v1.4.8; http://mj12bot.com/)"
193.70.81.106 - - [15/Nov/2023:05:51:43 +0100] "GET /little-buddha-resin-gold-statue-145-cm-not-say-p-38077.html HTTP/1.0" 301 77651 "-" "Mozilla/5.0 (compatible; MJ12bot/v1.4.8; http://mj12bot.com/)"
193.70.81.106 - - [15/Nov/2023:05:51:46 +0100] "GET /little-buddha-resin-gold-statue-p-38077.html HTTP/1.0" 200 77553 "-" "Mozilla/5.0 (compatible; MJ12bot/v1.4.8; http://mj12bot.com/)"
193.70.81.106 - - [15/Nov/2023:05:51:49 +0100] "GET /little-buddha-resin-gold-statue-145-cm-not-see-p-38076.html HTTP/1.0" 301 77651 "-" "Mozilla/5.0 (compatible; MJ12bot/v1.4.8; http://mj12bot.com/)"
193.70.81.106 - - [15/Nov/2023:05:51:52 +0100] "GET /little-buddha-resin-gold-statue-p-38076.html HTTP/1.0" 200 77553 "-" "Mozilla/5.0 (compatible; MJ12bot/v1.4.8; http://mj12bot.com/)"
193.70.81.106 - - [15/Nov/2023:05:51:55 +0100] "GET /little-buddha-resin-gold-statue-24-cm-p-38074.html HTTP/1.0" 301 77645 "-" "Mozilla/5.0 (compatible; MJ12bot/v1.4.8; http://mj12bot.com/)"
193.70.81.106 - - [15/Nov/2023:05:51:58 +0100] "GET /little-buddha-resin-gold-statue-p-38074.html HTTP/1.0" 200 77547 "-" "Mozilla/5.0 (compatible; MJ12bot/v1.4.8; http://mj12bot.com/)"
8.218.254.250 - - [15/Nov/2023:05:52:00 +0100] "GET /images/mini_prod/rougegris.jpg HTTP/1.0" 200 265 "-" "Mozilla/5.0 (X11; Ubuntu; Linux x86_64; rv:72.0) Gecko/20100101 Firefox/72.0"
193.70.81.106 - - [15/Nov/2023:05:52:01 +0100] "GET /little-buddha-resin-gold-statue-26-cm-p-38073.html HTTP/1.0" 301 77645 "-" "Mozilla/5.0 (compatible; MJ12bot/v1.4.8; http://mj12bot.com/)"
54.36.148.154 - - [15/Nov/2023:05:52:04 +0100] "GET /king-chess-piece-figurine-white-resin-p-59012.html HTTP/1.0" 200 80919 "-" "Mozilla/5.0 (compatible; AhrefsBot/7.0; +http://ahrefs.com/robot/)"
193.70.81.106 - - [15/Nov/2023:05:52:04 +0100] "GET /little-buddha-resin-gold-statue-p-38073.html HTTP/1.0" 200 77547 "-" "Mozilla/5.0 (compatible; MJ12bot/v1.4.8; http://mj12bot.com/)"
193.70.81.106 - - [15/Nov/2023:05:52:07 +0100] "GET /little-buddha-resin-gold-statue-p-38073.html HTTP/1.0" 200 77547 "-" "Mozilla/5.0 (compatible; MJ12bot/v1.4.8; http://mj12bot.com/)"
54.36.148.182 - - [15/Nov/2023:05:52:10 +0100] "GET /images/big_prod/8422018180833.jpg HTTP/1.0" 200 268 "-" "Mozilla/5.0 (compatible; AhrefsBot/7.0; +http://ahrefs.com/robot/)"
193.70.81.106 - - [15/Nov/2023:05:52:10 +0100] "GET /little-buddha-resin-gold-statue-p-38074.html HTTP/1.0" 200 77547 "-" "Mozilla/5.0 (compatible; MJ12bot/v1.4.8; http://mj12bot.com/)"
40.77.167.52 - - [15/Nov/2023:05:52:09 +0100] "GET /mugs-mazagrans-c-12_57.html?page=15 HTTP/1.0" 200 102251 "-" "Mozilla/5.0 AppleWebKit/537.36 (KHTML, like Gecko; compatible; bingbot/2.0; +http://www.bing.com/bingbot.htm) Chrome/103.0.5060.134 Safari/537.36"
193.70.81.106 - - [15/Nov/2023:05:52:13 +0100] "GET /little-buddha-resin-gold-statue-p-38076.html HTTP/1.0" 200 77553 "-" "Mozilla/5.0 (compatible; MJ12bot/v1.4.8; http://mj12bot.com/)"
193.70.81.106 - - [15/Nov/2023:05:52:16 +0100] "GET /little-buddha-resin-gold-statue-p-38077.html HTTP/1.0" 200 77553 "-" "Mozilla/5.0 (compatible; MJ12bot/v1.4.8; http://mj12bot.com/)"
193.70.81.106 - - [15/Nov/2023:05:52:19 +0100] "GET /little-prince-and-the-sheep-keyring-p-12346.html HTTP/1.0" 301 77627 "-" "Mozilla/5.0 (compatible; MJ12bot/v1.4.8; http://mj12bot.com/)"
193.70.81.106 - - [15/Nov/2023:05:52:22 +0100] "GET /little-prince-sheep-keyring-p-12346.html HTTP/1.0" 200 77533 "-" "Mozilla/5.0 (compatible; MJ12bot/v1.4.8; http://mj12bot.com/)"
193.70.81.106 - - [15/Nov/2023:05:52:25 +0100] "GET /little-prince-sheep-keyring-p-12346.html HTTP/1.0" 200 77533 "-" "Mozilla/5.0 (compatible; MJ12bot/v1.4.8; http://mj12bot.com/)"
193.70.81.106 - - [15/Nov/2023:05:52:28 +0100] "GET /little-tortoise-statuette-p-43103.html HTTP/1.0" 200 77473 "-" "Mozilla/5.0 (compatible; MJ12bot/v1.4.8; http://mj12bot.com/)"
193.70.81.106 - - [15/Nov/2023:05:52:31 +0100] "GET /little-tortoise-statuette-p-43104.html HTTP/1.0" 200 77473 "-" "Mozilla/5.0 (compatible; MJ12bot/v1.4.8; http://mj12bot.com/)"
193.70.81.106 - - [15/Nov/2023:05:52:35 +0100] "GET /littlest-pet-shop-collection-figure-p-20339.html HTTP/1.0" 301 77450 "-" "Mozilla/5.0 (compatible; MJ12bot/v1.4.8; http://mj12bot.com/)"
193.70.81.106 - - [15/Nov/2023:05:52:38 +0100] "GET /-p-20339.html HTTP/1.0" 200 77383 "-" "Mozilla/5.0 (compatible; MJ12bot/v1.4.8; http://mj12bot.com/)"
193.70.81.106 - - [15/Nov/2023:05:52:41 +0100] "GET /littlest-petshop-p-1192.html HTTP/1.0" 200 77449 "-" "Mozilla/5.0 (compatible; MJ12bot/v1.4.8; http://mj12bot.com/)"
193.70.81.106 - - [15/Nov/2023:05:52:44 +0100] "GET /littlest-petshop-padded-jacket-p-31266.html HTTP/1.0" 200 81073 "-" "Mozilla/5.0 (compatible; MJ12bot/v1.4.8; http://mj12bot.com/)"
193.70.81.106 - - [15/Nov/2023:05:52:48 +0100] "GET /littlest-petshop-pop-up-p-1192.html HTTP/1.0" 301 77531 "-" "Mozilla/5.0 (compatible; MJ12bot/v1.4.8; http://mj12bot.com/)"
193.70.81.106 - - [15/Nov/2023:05:52:51 +0100] "GET /littlest-petshop-p-1192.html HTTP/1.0" 200 77449 "-" "Mozilla/5.0 (compatible; MJ12bot/v1.4.8; http://mj12bot.com/)"
203.185.130.166 - - [15/Nov/2023:05:52:56 +0100] "GET /images/mini_prod/720322285434.jpg HTTP/1.0" 200 268 "-" "Mozilla/5.0 (X11; Ubuntu; Linux x86_64; rv:72.0) Gecko/20100101 Firefox/72.0"
193.70.81.106 - - [15/Nov/2023:05:52:55 +0100] "GET /littlest-petshop-swimsuit-p-30263.html HTTP/1.0" 200 81157 "-" "Mozilla/5.0 (compatible; MJ12bot/v1.4.8; http://mj12bot.com/)"
193.70.81.106 - - [15/Nov/2023:05:52:58 +0100] "GET /littlest-petshop-travel-bag-p-6374.html HTTP/1.0" 301 80136 "-" "Mozilla/5.0 (compatible; MJ12bot/v1.4.8; http://mj12bot.com/)"
54.36.148.60 - - [15/Nov/2023:05:52:59 +0100] "GET /king-chess-piece-figurine-black-resin-p-59009.html HTTP/1.0" 200 80919 "-" "Mozilla/5.0 (compatible; AhrefsBot/7.0; +http://ahrefs.com/robot/)"
193.70.81.106 - - [15/Nov/2023:05:53:01 +0100] "GET /littlest-petshop-travel-p-6374.html HTTP/1.0" 200 80047 "-" "Mozilla/5.0 (compatible; MJ12bot/v1.4.8; http://mj12bot.com/)"
193.70.81.106 - - [15/Nov/2023:05:53:05 +0100] "GET /littlest-petshop-travel-p-6374.html HTTP/1.0" 200 80047 "-" "Mozilla/5.0 (compatible; MJ12bot/v1.4.8; http://mj12bot.com/)"
193.70.81.106 - - [15/Nov/2023:05:53:08 +0100] "GET /littlest-petshop-yellow-swimsuit-p-30264.html HTTP/1.0" 200 81230 "-" "Mozilla/5.0 (compatible; MJ12bot/v1.4.8; http://mj12bot.com/)"
193.70.81.106 - - [15/Nov/2023:05:53:12 +0100] "GET /live-action-maleficent-figurine-p-32578.html HTTP/1.0" 301 77450 "-" "Mozilla/5.0 (compatible; MJ12bot/v1.4.8; http://mj12bot.com/)"
193.70.81.106 - - [15/Nov/2023:05:53:15 +0100] "GET /-p-32578.html HTTP/1.0" 200 77383 "-" "Mozilla/5.0 (compatible; MJ12bot/v1.4.8; http://mj12bot.com/)"
193.70.81.106 - - [15/Nov/2023:05:53:18 +0100] "GET /live-and-dream-white-tee-shirt-p-43145.html HTTP/1.0" 301 77566 "-" "Mozilla/5.0 (compatible; MJ12bot/v1.4.8; http://mj12bot.com/)"
193.70.81.106 - - [15/Nov/2023:05:53:21 +0100] "GET /live-dream-white-shirt-p-43145.html HTTP/1.0" 200 77477 "-" "Mozilla/5.0 (compatible; MJ12bot/v1.4.8; http://mj12bot.com/)"
193.70.81.106 - - [15/Nov/2023:05:53:24 +0100] "GET /live-dream-white-shirt-p-43145.html HTTP/1.0" 200 77477 "-" "Mozilla/5.0 (compatible; MJ12bot/v1.4.8; http://mj12bot.com/)"
193.70.81.106 - - [15/Nov/2023:05:53:27 +0100] "GET /live-ride-cbkreation-p-30662.html HTTP/1.0" 200 79772 "-" "Mozilla/5.0 (compatible; MJ12bot/v1.4.8; http://mj12bot.com/)"
193.70.81.106 - - [15/Nov/2023:05:53:30 +0100] "GET /live-ride-cbkreation-p-30663.html HTTP/1.0" 200 79771 "-" "Mozilla/5.0 (compatible; MJ12bot/v1.4.8; http://mj12bot.com/)"
193.70.81.106 - - [15/Nov/2023:05:53:34 +0100] "GET /live-to-ride-by-cbk-mug-p-30662.html HTTP/1.0" 301 79859 "-" "Mozilla/5.0 (compatible; MJ12bot/v1.4.8; http://mj12bot.com/)"
52.167.144.203 - - [15/Nov/2023:05:53:36 +0100] "GET /office-items-c-97_100.html HTTP/1.0" 200 97443 "-" "Mozilla/5.0 AppleWebKit/537.36 (KHTML, like Gecko; compatible; bingbot/2.0; +http://www.bing.com/bingbot.htm) Chrome/103.0.5060.134 Safari/537.36"
193.70.81.106 - - [15/Nov/2023:05:53:37 +0100] "GET /live-ride-cbkreation-p-30662.html HTTP/1.0" 200 79772 "-" "Mozilla/5.0 (compatible; MJ12bot/v1.4.8; http://mj12bot.com/)"
52.167.144.229 - - [15/Nov/2023:05:53:40 +0100] "GET /postcard-without-envelope-tassen-p-60797.html HTTP/1.0" 200 80482 "-" "Mozilla/5.0 AppleWebKit/537.36 (KHTML, like Gecko; compatible; bingbot/2.0; +http://www.bing.com/bingbot.htm) Chrome/103.0.5060.134 Safari/537.36"
193.70.81.106 - - [15/Nov/2023:05:53:41 +0100] "GET /live-to-ride-by-cbk-mug-p-30663.html HTTP/1.0" 301 79858 "-" "Mozilla/5.0 (compatible; MJ12bot/v1.4.8; http://mj12bot.com/)"
193.70.81.106 - - [15/Nov/2023:05:53:45 +0100] "GET /live-ride-cbkreation-p-30663.html HTTP/1.0" 200 79771 "-" "Mozilla/5.0 (compatible; MJ12bot/v1.4.8; http://mj12bot.com/)"
193.70.81.106 - - [15/Nov/2023:05:53:48 +0100] "GET /live-to-ride-mug-by-cbkreation-p-30662.html HTTP/1.0" 301 79859 "-" "Mozilla/5.0 (compatible; MJ12bot/v1.4.8; http://mj12bot.com/)"
193.70.81.106 - - [15/Nov/2023:05:53:52 +0100] "GET /live-ride-cbkreation-p-30662.html HTTP/1.0" 200 79772 "-" "Mozilla/5.0 (compatible; MJ12bot/v1.4.8; http://mj12bot.com/)"
193.70.81.106 - - [15/Nov/2023:05:53:55 +0100] "GET /live-to-ride-mug-by-cbkreation-p-30663.html HTTP/1.0" 301 79858 "-" "Mozilla/5.0 (compatible; MJ12bot/v1.4.8; http://mj12bot.com/)"
193.70.81.106 - - [15/Nov/2023:05:53:58 +0100] "GET /live-ride-cbkreation-p-30663.html HTTP/1.0" 200 79771 "-" "Mozilla/5.0 (compatible; MJ12bot/v1.4.8; http://mj12bot.com/)"
193.70.81.106 - - [15/Nov/2023:05:54:01 +0100] "GET /london-bedclothes-220-240-cm-p-36472.html HTTP/1.0" 301 77450 "-" "Mozilla/5.0 (compatible; MJ12bot/v1.4.8; http://mj12bot.com/)"
193.70.81.106 - - [15/Nov/2023:05:54:05 +0100] "GET /-p-36472.html HTTP/1.0" 200 77383 "-" "Mozilla/5.0 (compatible; MJ12bot/v1.4.8; http://mj12bot.com/)"
54.36.149.4 - - [15/Nov/2023:05:54:05 +0100] "GET /wall-decoration-sticker-flight-butterflies-p-60166.html HTTP/1.0" 200 80765 "-" "Mozilla/5.0 (compatible; AhrefsBot/7.0; +http://ahrefs.com/robot/)"
193.70.81.106 - - [15/Nov/2023:05:54:08 +0100] "GET /london-union-jack-hobo-bag-p-28616.html HTTP/1.0" 301 77585 "-" "Mozilla/5.0 (compatible; MJ12bot/v1.4.8; http://mj12bot.com/)"
193.70.81.106 - - [15/Nov/2023:05:54:11 +0100] "GET /london-union-jack-hobo-p-28616.html HTTP/1.0" 200 77496 "-" "Mozilla/5.0 (compatible; MJ12bot/v1.4.8; http://mj12bot.com/)"
193.70.81.106 - - [15/Nov/2023:05:54:14 +0100] "GET /london-union-jack-hobo-bag-p-30037.html HTTP/1.0" 301 77450 "-" "Mozilla/5.0 (compatible; MJ12bot/v1.4.8; http://mj12bot.com/)"
193.70.81.106 - - [15/Nov/2023:05:54:17 +0100] "GET /-p-30037.html HTTP/1.0" 200 77383 "-" "Mozilla/5.0 (compatible; MJ12bot/v1.4.8; http://mj12bot.com/)"
193.70.81.106 - - [15/Nov/2023:05:54:20 +0100] "GET /london-union-jack-hobo-p-28616.html HTTP/1.0" 200 77496 "-" "Mozilla/5.0 (compatible; MJ12bot/v1.4.8; http://mj12bot.com/)"
193.70.81.106 - - [15/Nov/2023:05:54:23 +0100] "GET /london-union-jack-hobo-p-30037.html HTTP/1.0" 301 77450 "-" "Mozilla/5.0 (compatible; MJ12bot/v1.4.8; http://mj12bot.com/)"
193.70.81.106 - - [15/Nov/2023:05:54:26 +0100] "GET /-p-30037.html HTTP/1.0" 200 77383 "-" "Mozilla/5.0 (compatible; MJ12bot/v1.4.8; http://mj12bot.com/)"
193.70.81.106 - - [15/Nov/2023:05:54:30 +0100] "GET /london-union-jack-polar-plaid-p-33620.html HTTP/1.0" 301 77450 "-" "Mozilla/5.0 (compatible; MJ12bot/v1.4.8; http://mj12bot.com/)"
193.70.81.106 - - [15/Nov/2023:05:54:33 +0100] "GET /-p-33620.html HTTP/1.0" 200 77383 "-" "Mozilla/5.0 (compatible; MJ12bot/v1.4.8; http://mj12bot.com/)"
193.70.81.106 - - [15/Nov/2023:05:54:36 +0100] "GET /long-beach-wooden-wall-decoration-hang-p-48844.html HTTP/1.0" 200 77531 "-" "Mozilla/5.0 (compatible; MJ12bot/v1.4.8; http://mj12bot.com/)"
193.70.81.106 - - [15/Nov/2023:05:54:39 +0100] "GET /long-beach-wooden-wall-decoration-to-hang-p-48844.html HTTP/1.0" 301 77636 "-" "Mozilla/5.0 (compatible; MJ12bot/v1.4.8; http://mj12bot.com/)"
193.70.81.106 - - [15/Nov/2023:05:54:42 +0100] "GET /long-beach-wooden-wall-decoration-hang-p-48844.html HTTP/1.0" 200 77531 "-" "Mozilla/5.0 (compatible; MJ12bot/v1.4.8; http://mj12bot.com/)"
54.36.149.37 - - [15/Nov/2023:05:54:45 +0100] "GET /lady-chess-piece-figurine-black-resin-p-59010.html HTTP/1.0" 200 80919 "-" "Mozilla/5.0 (compatible; AhrefsBot/7.0; +http://ahrefs.com/robot/)"
193.70.81.106 - - [15/Nov/2023:05:54:46 +0100] "GET /los-angeles-lakers-mug-p-44955.html HTTP/1.0" 301 77526 "-" "Mozilla/5.0 (compatible; MJ12bot/v1.4.8; http://mj12bot.com/)"
54.36.148.88 - - [15/Nov/2023:05:54:48 +0100] "GET /images/big_prod_2/8422018180819C.jpg HTTP/1.0" 200 271 "-" "Mozilla/5.0 (compatible; AhrefsBot/7.0; +http://ahrefs.com/robot/)"
193.70.81.106 - - [15/Nov/2023:05:54:49 +0100] "GET /angeles-lakers-p-44955.html HTTP/1.0" 200 77445 "-" "Mozilla/5.0 (compatible; MJ12bot/v1.4.8; http://mj12bot.com/)"
193.70.81.106 - - [15/Nov/2023:05:54:52 +0100] "GET /love-and-heart-bedclothes-240-220-cm-p-35340.html HTTP/1.0" 301 77579 "-" "Mozilla/5.0 (compatible; MJ12bot/v1.4.8; http://mj12bot.com/)"
193.70.81.106 - - [15/Nov/2023:05:54:55 +0100] "GET /love-heart-bedclothes-p-35340.html HTTP/1.0" 200 77491 "-" "Mozilla/5.0 (compatible; MJ12bot/v1.4.8; http://mj12bot.com/)"
193.70.81.106 - - [15/Nov/2023:05:54:58 +0100] "GET /love-cats-cup-and-saucer-p-37303.html HTTP/1.0" 301 79851 "-" "Mozilla/5.0 (compatible; MJ12bot/v1.4.8; http://mj12bot.com/)"
14.137.139.3 - - [15/Nov/2023:05:55:18 +0100] "GET /images/3438100339879.jpg HTTP/1.0" 200 259 "-" "Mozilla/5.0 (X11; Ubuntu; Linux x86_64; rv:72.0) Gecko/20100101 Firefox/72.0"
54.36.148.207 - - [15/Nov/2023:05:55:44 +0100] "GET /decoration-thermometers-c-13_145.html HTTP/1.0" 200 97496 "-" "Mozilla/5.0 (compatible; AhrefsBot/7.0; +http://ahrefs.com/robot/)"
103.131.71.26 - - [15/Nov/2023:05:55:47 +0100] "GET /robots.txt HTTP/1.0" 301 531 "-" "Mozilla/5.0 (compatible; coccocbot-image/1.0; +http://help.coccoc.com/searchengine)"
103.131.71.26 - - [15/Nov/2023:05:55:49 +0100] "GET /robots.txt HTTP/1.0" 200 245 "-" "Mozilla/5.0 (compatible; coccocbot-image/1.0; +http://help.coccoc.com/searchengine)"
103.131.71.24 - - [15/Nov/2023:05:55:51 +0100] "GET /robots.txt HTTP/1.0" 200 245 "-" "Mozilla/5.0 (compatible; coccocbot-image/1.0; +http://help.coccoc.com/searchengine)"
103.131.71.52 - - [15/Nov/2023:05:55:53 +0100] "GET /images/big_prod/6970204135645.jpg HTTP/1.0" 200 268 "-" "Mozilla/5.0 (compatible; coccocbot-image/1.0; +http://help.coccoc.com/searchengine)"
51.68.224.127 - - [15/Nov/2023:05:56:13 +0100] "GET /adminweb/export_orders_xml.php?token=256de2z6edz6ed2z6DFSFsed2zed6zeDSFDSGdzedezfzf&maxorders=10&orderstart=1&status=14&start_date=2018-10-01 HTTP/1.0" 200 285 "-" "GesCom CharlotteBoutik Serveur"
51.68.224.127 - - [15/Nov/2023:05:56:13 +0100] "GET /adminweb/export_orders_xml.php?token=256de2z6edz6ed2z6DFSFsed2zed6zeDSFDSGdzedezfzf&maxorders=10&orderstart=1&status=6&start_date=2018-10-01 HTTP/1.0" 200 33939 "-" "GesCom CharlotteBoutik Serveur"
54.36.148.19 - - [15/Nov/2023:05:56:34 +0100] "GET /zippo-james-bond-lighter-p-61017.html HTTP/1.0" 200 80724 "-" "Mozilla/5.0 (compatible; AhrefsBot/7.0; +http://ahrefs.com/robot/)"
193.70.81.106 - - [15/Nov/2023:05:56:53 +0100] "GET /love-cats-cup-and-saucer-p-37303.html HTTP/1.0" 301 79851 "-" "Mozilla/5.0 (compatible; MJ12bot/v1.4.8; http://mj12bot.com/)"
40.77.167.56 - - [15/Nov/2023:05:56:54 +0100] "GET /cushions-c-11_71.html HTTP/1.0" 301 99502 "-" "Mozilla/5.0 AppleWebKit/537.36 (KHTML, like Gecko; compatible; bingbot/2.0; +http://www.bing.com/bingbot.htm) Chrome/103.0.5060.134 Safari/537.36"
193.70.81.106 - - [15/Nov/2023:05:56:56 +0100] "GET /love-cats-saucer-p-37303.html HTTP/1.0" 200 79768 "-" "Mozilla/5.0 (compatible; MJ12bot/v1.4.8; http://mj12bot.com/)"
193.70.81.106 - - [15/Nov/2023:05:56:59 +0100] "GET /love-cats-saucer-p-37303.html HTTP/1.0" 200 79768 "-" "Mozilla/5.0 (compatible; MJ12bot/v1.4.8; http://mj12bot.com/)"
193.70.81.106 - - [15/Nov/2023:05:57:03 +0100] "GET /love-collection-gorjuss-p-23144.html HTTP/1.0" 301 77450 "-" "Mozilla/5.0 (compatible; MJ12bot/v1.4.8; http://mj12bot.com/)"
193.70.81.106 - - [15/Nov/2023:05:57:06 +0100] "GET /-p-23144.html HTTP/1.0" 200 77383 "-" "Mozilla/5.0 (compatible; MJ12bot/v1.4.8; http://mj12bot.com/)"
193.70.81.106 - - [15/Nov/2023:05:57:08 +0100] "GET /love-country-white-women-shirt-p-33797.html HTTP/1.0" 200 77505 "-" "Mozilla/5.0 (compatible; MJ12bot/v1.4.8; http://mj12bot.com/)"
54.36.149.70 - - [15/Nov/2023:05:57:10 +0100] "GET /lighting-c-86.html?page=21 HTTP/1.0" 200 96766 "-" "Mozilla/5.0 (compatible; AhrefsBot/7.0; +http://ahrefs.com/robot/)"
193.70.81.106 - - [15/Nov/2023:05:57:11 +0100] "GET /love-country-white-women-tee-shirt-p-33797.html HTTP/1.0" 301 77602 "-" "Mozilla/5.0 (compatible; MJ12bot/v1.4.8; http://mj12bot.com/)"
193.70.81.106 - - [15/Nov/2023:05:57:14 +0100] "GET /love-country-white-women-shirt-p-33797.html HTTP/1.0" 200 77505 "-" "Mozilla/5.0 (compatible; MJ12bot/v1.4.8; http://mj12bot.com/)"
193.70.81.106 - - [15/Nov/2023:05:57:17 +0100] "GET /love-heart-bedclothes-p-35340.html HTTP/1.0" 200 77491 "-" "Mozilla/5.0 (compatible; MJ12bot/v1.4.8; http://mj12bot.com/)"
193.70.81.106 - - [15/Nov/2023:05:57:20 +0100] "GET /love-london-money-box-by-cbkreation-p-24003.html HTTP/1.0" 301 79932 "-" "Mozilla/5.0 (compatible; MJ12bot/v1.4.8; http://mj12bot.com/)"
193.70.81.106 - - [15/Nov/2023:05:57:23 +0100] "GET /love-london-money-cbkreation-p-24003.html HTTP/1.0" 200 79837 "-" "Mozilla/5.0 (compatible; MJ12bot/v1.4.8; http://mj12bot.com/)"
193.70.81.106 - - [15/Nov/2023:05:57:27 +0100] "GET /love-london-money-cbkreation-p-24003.html HTTP/1.0" 200 79837 "-" "Mozilla/5.0 (compatible; MJ12bot/v1.4.8; http://mj12bot.com/)"
193.70.81.106 - - [15/Nov/2023:05:57:30 +0100] "GET /love-london-mouse-cbkreation-p-13921.html HTTP/1.0" 200 79786 "-" "Mozilla/5.0 (compatible; MJ12bot/v1.4.8; http://mj12bot.com/)"
193.70.81.106 - - [15/Nov/2023:05:57:33 +0100] "GET /love-london-mouse-cbkreation-p-23324.html HTTP/1.0" 200 79785 "-" "Mozilla/5.0 (compatible; MJ12bot/v1.4.8; http://mj12bot.com/)"
193.70.81.106 - - [15/Nov/2023:05:57:36 +0100] "GET /love-london-mouse-pad-by-cbkreation-p-13921.html HTTP/1.0" 301 79881 "-" "Mozilla/5.0 (compatible; MJ12bot/v1.4.8; http://mj12bot.com/)"
193.70.81.106 - - [15/Nov/2023:05:57:39 +0100] "GET /love-london-mouse-cbkreation-p-13921.html HTTP/1.0" 200 79786 "-" "Mozilla/5.0 (compatible; MJ12bot/v1.4.8; http://mj12bot.com/)"
193.70.81.106 - - [15/Nov/2023:05:57:42 +0100] "GET /love-london-mouse-pad-by-cbkreation-p-23324.html HTTP/1.0" 301 79880 "-" "Mozilla/5.0 (compatible; MJ12bot/v1.4.8; http://mj12bot.com/)"
99.129.201.227 - - [15/Nov/2023:05:57:45 +0100] "GET /images/big_prod_2/c5018997632079.jpg HTTP/1.0" 200 271 "-" "Mozilla/5.0 (X11; Ubuntu; Linux x86_64; rv:72.0) Gecko/20100101 Firefox/72.0"
193.70.81.106 - - [15/Nov/2023:05:57:45 +0100] "GET /love-london-mouse-cbkreation-p-23324.html HTTP/1.0" 200 79785 "-" "Mozilla/5.0 (compatible; MJ12bot/v1.4.8; http://mj12bot.com/)"
193.70.81.106 - - [15/Nov/2023:05:57:48 +0100] "GET /love-london-mouse-pad-by-cbkreation-p-23325.html HTTP/1.0" 301 79850 "-" "Mozilla/5.0 (compatible; MJ12bot/v1.4.8; http://mj12bot.com/)"
193.70.81.106 - - [15/Nov/2023:05:57:51 +0100] "GET /mouse-cbkreation-p-23325.html HTTP/1.0" 200 79767 "-" "Mozilla/5.0 (compatible; MJ12bot/v1.4.8; http://mj12bot.com/)"
193.70.81.106 - - [15/Nov/2023:05:57:54 +0100] "GET /love-map-collection-gorjuss-p-23144.html HTTP/1.0" 301 77450 "-" "Mozilla/5.0 (compatible; MJ12bot/v1.4.8; http://mj12bot.com/)"
40.77.167.56 - - [15/Nov/2023:05:57:55 +0100] "GET /small-tassen-breakfast-board-made-germany-p-61279.html HTTP/1.0" 200 80819 "-" "Mozilla/5.0 AppleWebKit/537.36 (KHTML, like Gecko; compatible; bingbot/2.0; +http://www.bing.com/bingbot.htm) Chrome/103.0.5060.134 Safari/537.36"
193.70.81.106 - - [15/Nov/2023:05:57:57 +0100] "GET /-p-23144.html HTTP/1.0" 200 77383 "-" "Mozilla/5.0 (compatible; MJ12bot/v1.4.8; http://mj12bot.com/)"
193.70.81.106 - - [15/Nov/2023:05:58:00 +0100] "GET /love-nyc-semi-sheer-voile-grommet-panel-p-28696.html HTTP/1.0" 301 77450 "-" "Mozilla/5.0 (compatible; MJ12bot/v1.4.8; http://mj12bot.com/)"
193.70.81.106 - - [15/Nov/2023:05:58:02 +0100] "GET /-p-28696.html HTTP/1.0" 200 77383 "-" "Mozilla/5.0 (compatible; MJ12bot/v1.4.8; http://mj12bot.com/)"
54.36.149.46 - - [15/Nov/2023:05:58:06 +0100] "GET /ylang-ylang-aromatika-incense-sticks-p-59286.html HTTP/1.0" 200 80518 "-" "Mozilla/5.0 (compatible; AhrefsBot/7.0; +http://ahrefs.com/robot/)"
193.70.81.106 - - [15/Nov/2023:05:58:08 +0100] "GET /love-personnalized-circle-coasters-p-17681.html HTTP/1.0" 200 77662 "-" "Mozilla/5.0 (compatible; MJ12bot/v1.4.8; http://mj12bot.com/)"
193.70.81.106 - - [15/Nov/2023:05:58:12 +0100] "GET /love-personnalized-coffee-cups-p-17676.html HTTP/1.0" 200 77640 "-" "Mozilla/5.0 (compatible; MJ12bot/v1.4.8; http://mj12bot.com/)"
193.70.81.106 - - [15/Nov/2023:05:58:15 +0100] "GET /love-personnalized-set-of-circle-coasters-p-17681.html HTTP/1.0" 301 77763 "-" "Mozilla/5.0 (compatible; MJ12bot/v1.4.8; http://mj12bot.com/)"
193.70.81.106 - - [15/Nov/2023:05:58:18 +0100] "GET /love-personnalized-circle-coasters-p-17681.html HTTP/1.0" 200 77662 "-" "Mozilla/5.0 (compatible; MJ12bot/v1.4.8; http://mj12bot.com/)"
193.70.81.106 - - [15/Nov/2023:05:58:21 +0100] "GET /love-personnalized-set-of-coffee-cups-p-17676.html HTTP/1.0" 301 77737 "-" "Mozilla/5.0 (compatible; MJ12bot/v1.4.8; http://mj12bot.com/)"
193.70.81.106 - - [15/Nov/2023:05:58:24 +0100] "GET /love-personnalized-coffee-cups-p-17676.html HTTP/1.0" 200 77640 "-" "Mozilla/5.0 (compatible; MJ12bot/v1.4.8; http://mj12bot.com/)"
193.70.81.106 - - [15/Nov/2023:05:58:27 +0100] "GET /love-personnalized-set-of-square-coasters-p-17679.html HTTP/1.0" 301 77761 "-" "Mozilla/5.0 (compatible; MJ12bot/v1.4.8; http://mj12bot.com/)"
193.70.81.106 - - [15/Nov/2023:05:58:30 +0100] "GET /love-personnalized-square-coasters-p-17679.html HTTP/1.0" 200 77660 "-" "Mozilla/5.0 (compatible; MJ12bot/v1.4.8; http://mj12bot.com/)"
193.70.81.106 - - [15/Nov/2023:05:58:33 +0100] "GET /love-personnalized-small-mug-p-17677.html HTTP/1.0" 301 80369 "-" "Mozilla/5.0 (compatible; MJ12bot/v1.4.8; http://mj12bot.com/)"
193.70.81.106 - - [15/Nov/2023:05:58:36 +0100] "GET /love-personnalized-small-p-17677.html HTTP/1.0" 200 80278 "-" "Mozilla/5.0 (compatible; MJ12bot/v1.4.8; http://mj12bot.com/)"
193.70.81.106 - - [15/Nov/2023:05:58:39 +0100] "GET /love-personnalized-small-p-17677.html HTTP/1.0" 200 80278 "-" "Mozilla/5.0 (compatible; MJ12bot/v1.4.8; http://mj12bot.com/)"
193.70.81.106 - - [15/Nov/2023:05:58:42 +0100] "GET /love-personnalized-square-coasters-p-17679.html HTTP/1.0" 200 77660 "-" "Mozilla/5.0 (compatible; MJ12bot/v1.4.8; http://mj12bot.com/)"
193.70.81.106 - - [15/Nov/2023:05:58:45 +0100] "GET /love-pink-black-pencil-case-p-19831.html HTTP/1.0" 301 77450 "-" "Mozilla/5.0 (compatible; MJ12bot/v1.4.8; http://mj12bot.com/)"
216.244.66.242 - - [15/Nov/2023:05:58:48 +0100] "GET /robots.txt HTTP/1.0" 200 245 "-" "Mozilla/5.0 (compatible; DotBot/1.2; +https://opensiteexplorer.org/dotbot; help@moz.com)"
193.70.81.106 - - [15/Nov/2023:05:58:48 +0100] "GET /-p-19831.html HTTP/1.0" 200 77383 "-" "Mozilla/5.0 (compatible; MJ12bot/v1.4.8; http://mj12bot.com/)"
203.185.130.166 - - [15/Nov/2023:05:58:50 +0100] "GET /images/mini_prod/1384010205075.jpg HTTP/1.0" 200 269 "-" "Mozilla/5.0 (X11; Ubuntu; Linux x86_64; rv:72.0) Gecko/20100101 Firefox/72.0"
193.70.81.106 - - [15/Nov/2023:05:58:51 +0100] "GET /love-pink-black-pencil-case-p-30548.html HTTP/1.0" 301 77450 "-" "Mozilla/5.0 (compatible; MJ12bot/v1.4.8; http://mj12bot.com/)"
193.70.81.106 - - [15/Nov/2023:05:58:54 +0100] "GET /-p-30548.html HTTP/1.0" 200 77383 "-" "Mozilla/5.0 (compatible; MJ12bot/v1.4.8; http://mj12bot.com/)"
54.36.148.192 - - [15/Nov/2023:05:58:55 +0100] "GET /hello-kitty-jean-p-30213.html HTTP/1.0" 200 81162 "-" "Mozilla/5.0 (compatible; AhrefsBot/7.0; +http://ahrefs.com/robot/)"
193.70.81.106 - - [15/Nov/2023:05:58:57 +0100] "GET /love-pink-blue-bag-post-office-p-19828.html HTTP/1.0" 301 77578 "-" "Mozilla/5.0 (compatible; MJ12bot/v1.4.8; http://mj12bot.com/)"
193.70.81.106 - - [15/Nov/2023:05:59:00 +0100] "GET /love-pink-blue-post-office-p-19828.html HTTP/1.0" 200 77485 "-" "Mozilla/5.0 (compatible; MJ12bot/v1.4.8; http://mj12bot.com/)"
193.70.81.106 - - [15/Nov/2023:05:59:03 +0100] "GET /love-pink-blue-pencil-case-p-19833.html HTTP/1.0" 301 77450 "-" "Mozilla/5.0 (compatible; MJ12bot/v1.4.8; http://mj12bot.com/)"
101.198.192.15 - - [15/Nov/2023:05:59:06 +0100] "GET /images/mini_prod/8719497615612.jpg HTTP/1.0" 200 269 "-" "Mozilla/5.0 (X11; Ubuntu; Linux x86_64; rv:72.0) Gecko/20100101 Firefox/72.0"
193.70.81.106 - - [15/Nov/2023:05:59:06 +0100] "GET /-p-19833.html HTTP/1.0" 200 77383 "-" "Mozilla/5.0 (compatible; MJ12bot/v1.4.8; http://mj12bot.com/)"
193.70.81.106 - - [15/Nov/2023:05:59:09 +0100] "GET /love-pink-blue-post-office-p-19828.html HTTP/1.0" 200 77485 "-" "Mozilla/5.0 (compatible; MJ12bot/v1.4.8; http://mj12bot.com/)"
193.70.81.106 - - [15/Nov/2023:05:59:12 +0100] "GET /love-pink-fountain-p-26301.html HTTP/1.0" 200 79799 "-" "Mozilla/5.0 (compatible; MJ12bot/v1.4.8; http://mj12bot.com/)"
193.70.81.106 - - [15/Nov/2023:05:59:16 +0100] "GET /love-pink-fountain-p-26307.html HTTP/1.0" 200 79799 "-" "Mozilla/5.0 (compatible; MJ12bot/v1.4.8; http://mj12bot.com/)"
193.70.81.106 - - [15/Nov/2023:05:59:19 +0100] "GET /love-pink-fountain-pen-p-26301.html HTTP/1.0" 301 79884 "-" "Mozilla/5.0 (compatible; MJ12bot/v1.4.8; http://mj12bot.com/)"
193.70.81.106 - - [15/Nov/2023:05:59:22 +0100] "GET /love-pink-fountain-p-26301.html HTTP/1.0" 200 79799 "-" "Mozilla/5.0 (compatible; MJ12bot/v1.4.8; http://mj12bot.com/)"
193.70.81.106 - - [15/Nov/2023:05:59:25 +0100] "GET /love-pink-fountain-pen-p-26307.html HTTP/1.0" 301 79884 "-" "Mozilla/5.0 (compatible; MJ12bot/v1.4.8; http://mj12bot.com/)"
193.70.81.106 - - [15/Nov/2023:05:59:28 +0100] "GET /love-pink-fountain-p-26307.html HTTP/1.0" 200 79799 "-" "Mozilla/5.0 (compatible; MJ12bot/v1.4.8; http://mj12bot.com/)"
193.70.81.106 - - [15/Nov/2023:05:59:31 +0100] "GET /love-pink-fuschia-bag-post-office-p-19823.html HTTP/1.0" 301 77450 "-" "Mozilla/5.0 (compatible; MJ12bot/v1.4.8; http://mj12bot.com/)"
193.70.81.106 - - [15/Nov/2023:05:59:34 +0100] "GET /-p-19823.html HTTP/1.0" 200 77383 "-" "Mozilla/5.0 (compatible; MJ12bot/v1.4.8; http://mj12bot.com/)"
193.70.81.106 - - [15/Nov/2023:05:59:37 +0100] "GET /love-pink-pink-pencil-case-p-19834.html HTTP/1.0" 301 77450 "-" "Mozilla/5.0 (compatible; MJ12bot/v1.4.8; http://mj12bot.com/)"
54.36.148.140 - - [15/Nov/2023:05:59:39 +0100] "GET /kitchen-potholder-barbecue-plancha-p-61254.html HTTP/1.0" 200 80679 "-" "Mozilla/5.0 (compatible; AhrefsBot/7.0; +http://ahrefs.com/robot/)"
193.70.81.106 - - [15/Nov/2023:05:59:40 +0100] "GET /-p-19834.html HTTP/1.0" 200 77383 "-" "Mozilla/5.0 (compatible; MJ12bot/v1.4.8; http://mj12bot.com/)"
54.36.148.23 - - [15/Nov/2023:05:59:43 +0100] "GET /images/big_prod_2/3503420232053C.jpg HTTP/1.0" 200 271 "-" "Mozilla/5.0 (compatible; AhrefsBot/7.0; +http://ahrefs.com/robot/)"
54.36.148.161 - - [15/Nov/2023:05:59:44 +0100] "GET /images/big_prod/3503420232053.jpg HTTP/1.0" 200 268 "-" "Mozilla/5.0 (compatible; AhrefsBot/7.0; +http://ahrefs.com/robot/)"
54.36.148.218 - - [15/Nov/2023:05:59:44 +0100] "GET /images/big_prod_1/3503420232053B.jpg HTTP/1.0" 200 271 "-" "Mozilla/5.0 (compatible; AhrefsBot/7.0; +http://ahrefs.com/robot/)"
193.70.81.106 - - [15/Nov/2023:05:59:43 +0100] "GET /love-pink-purple-pencil-case-p-19835.html HTTP/1.0" 301 77450 "-" "Mozilla/5.0 (compatible; MJ12bot/v1.4.8; http://mj12bot.com/)"
193.70.81.106 - - [15/Nov/2023:05:59:46 +0100] "GET /-p-19835.html HTTP/1.0" 200 77383 "-" "Mozilla/5.0 (compatible; MJ12bot/v1.4.8; http://mj12bot.com/)"
193.70.81.106 - - [15/Nov/2023:05:59:49 +0100] "GET /love-pucca-mouse-p-2419.html HTTP/1.0" 200 79875 "-" "Mozilla/5.0 (compatible; MJ12bot/v1.4.8; http://mj12bot.com/)"
193.70.81.106 - - [15/Nov/2023:05:59:52 +0100] "GET /love-pucca-mouse-pad-p-2419.html HTTP/1.0" 301 79957 "-" "Mozilla/5.0 (compatible; MJ12bot/v1.4.8; http://mj12bot.com/)"
193.70.81.106 - - [15/Nov/2023:05:59:56 +0100] "GET /love-pucca-mouse-p-2419.html HTTP/1.0" 200 79875 "-" "Mozilla/5.0 (compatible; MJ12bot/v1.4.8; http://mj12bot.com/)"
193.70.81.106 - - [15/Nov/2023:05:59:59 +0100] "GET /love-raven-kimmidoll-love-p-21766.html HTTP/1.0" 200 77511 "-" "Mozilla/5.0 (compatible; MJ12bot/v1.4.8; http://mj12bot.com/)"
193.70.81.106 - - [15/Nov/2023:06:00:02 +0100] "GET /love-raven-kimmidoll-love-pen-p-21766.html HTTP/1.0" 301 77603 "-" "Mozilla/5.0 (compatible; MJ12bot/v1.4.8; http://mj12bot.com/)"
193.70.81.106 - - [15/Nov/2023:06:00:06 +0100] "GET /love-raven-kimmidoll-love-p-21766.html HTTP/1.0" 200 77511 "-" "Mozilla/5.0 (compatible; MJ12bot/v1.4.8; http://mj12bot.com/)"
193.70.81.106 - - [15/Nov/2023:06:00:10 +0100] "GET /love-snoopy-collectable-figure-p-13187.html HTTP/1.0" 200 77530 "-" "Mozilla/5.0 (compatible; MJ12bot/v1.4.8; http://mj12bot.com/)"
193.70.81.106 - - [15/Nov/2023:06:00:14 +0100] "GET /love-story-bedclothes-220-cm-p-24457.html HTTP/1.0" 301 77450 "-" "Mozilla/5.0 (compatible; MJ12bot/v1.4.8; http://mj12bot.com/)"
193.70.81.106 - - [15/Nov/2023:06:00:18 +0100] "GET /-p-24457.html HTTP/1.0" 200 77383 "-" "Mozilla/5.0 (compatible; MJ12bot/v1.4.8; http://mj12bot.com/)"
47.76.57.30 - - [15/Nov/2023:06:00:20 +0100] "GET /images/med_prod/8435107771287.jpg HTTP/1.0" 200 268 "-" "Mozilla/5.0 (X11; Ubuntu; Linux x86_64; rv:72.0) Gecko/20100101 Firefox/72.0"
47.128.17.243 - - [15/Nov/2023:06:00:19 +0100] "GET /pusheen-pastel-travel-mug-p-42090.html HTTP/1.0" 301 77450 "-" "Mozilla/5.0 (Linux; Android 5.0) AppleWebKit/537.36 (KHTML, like Gecko) Mobile Safari/537.36 (compatible; Bytespider; spider-feedback@bytedance.com)"
193.70.81.106 - - [15/Nov/2023:06:00:21 +0100] "GET /lu-deco-thermometer-p-17003.html HTTP/1.0" 301 77450 "-" "Mozilla/5.0 (compatible; MJ12bot/v1.4.8; http://mj12bot.com/)"
47.128.17.243 - - [15/Nov/2023:06:00:21 +0100] "GET /-p-42090.html HTTP/1.0" 200 77383 "-" "Mozilla/5.0 (Linux; Android 5.0) AppleWebKit/537.36 (KHTML, like Gecko) Mobile Safari/537.36 (compatible; Bytespider; spider-feedback@bytedance.com)"
47.128.17.243 - - [15/Nov/2023:06:00:23 +0100] "GET /swfobject.js HTTP/1.0" 404 1308 "http://www.wonder-geek.com/-p-42090.html" "Mozilla/5.0 (Linux; Android 5.0) AppleWebKit/537.36 (KHTML, like Gecko) Mobile Safari/537.36 (compatible; Bytespider; spider-feedback@bytedance.com)"
47.128.17.243 - - [15/Nov/2023:06:00:24 +0100] "GET /swfobject.js HTTP/1.0" 404 1308 "http://www.wonder-geek.com/-p-42090.html" "Mozilla/5.0 (Linux; Android 5.0) AppleWebKit/537.36 (KHTML, like Gecko) Mobile Safari/537.36 (compatible; Bytespider; spider-feedback@bytedance.com)"
47.128.17.243 - - [15/Nov/2023:06:00:26 +0100] "GET /highslide/graphics/outlines/drop-shadow.png HTTP/1.0" 200 277 "http://www.wonder-geek.com/-p-42090.html" "Mozilla/5.0 (Linux; Android 5.0) AppleWebKit/537.36 (KHTML, like Gecko) Mobile Safari/537.36 (compatible; Bytespider; spider-feedback@bytedance.com)"
47.128.17.243 - - [15/Nov/2023:06:00:26 +0100] "GET /highslide/graphics/zoomout.cur HTTP/1.0" 200 614 "http://www.wonder-geek.com/-p-42090.html" "Mozilla/5.0 (Linux; Android 5.0) AppleWebKit/537.36 (KHTML, like Gecko) Mobile Safari/537.36 (compatible; Bytespider; spider-feedback@bytedance.com)"
193.70.81.106 - - [15/Nov/2023:06:00:24 +0100] "GET /-p-17003.html HTTP/1.0" 200 77383 "-" "Mozilla/5.0 (compatible; MJ12bot/v1.4.8; http://mj12bot.com/)"
54.36.149.75 - - [15/Nov/2023:06:00:27 +0100] "GET /therese-aromatika-incense-sticks-p-53452.html HTTP/1.0" 200 80513 "-" "Mozilla/5.0 (compatible; AhrefsBot/7.0; +http://ahrefs.com/robot/)"
193.70.81.106 - - [15/Nov/2023:06:00:28 +0100] "GET /lu-metal-plate-p-30401.html HTTP/1.0" 301 77450 "-" "Mozilla/5.0 (compatible; MJ12bot/v1.4.8; http://mj12bot.com/)"
54.36.149.81 - - [15/Nov/2023:06:00:31 +0100] "GET /images/big_prod/3700344871805.jpg HTTP/1.0" 200 268 "-" "Mozilla/5.0 (compatible; AhrefsBot/7.0; +http://ahrefs.com/robot/)"
193.70.81.106 - - [15/Nov/2023:06:00:32 +0100] "GET /-p-30401.html HTTP/1.0" 200 77383 "-" "Mozilla/5.0 (compatible; MJ12bot/v1.4.8; http://mj12bot.com/)"
193.70.81.106 - - [15/Nov/2023:06:00:35 +0100] "GET /lu-petit-beurre-magnet-p-33321.html HTTP/1.0" 301 77450 "-" "Mozilla/5.0 (compatible; MJ12bot/v1.4.8; http://mj12bot.com/)"
193.70.81.106 - - [15/Nov/2023:06:00:39 +0100] "GET /-p-33321.html HTTP/1.0" 200 77383 "-" "Mozilla/5.0 (compatible; MJ12bot/v1.4.8; http://mj12bot.com/)"
193.70.81.106 - - [15/Nov/2023:06:00:43 +0100] "GET /lu-petit-beurre-nantais-mini-metal-tray-p-40092.html HTTP/1.0" 301 77626 "-" "Mozilla/5.0 (compatible; MJ12bot/v1.4.8; http://mj12bot.com/)"
193.70.81.106 - - [15/Nov/2023:06:00:47 +0100] "GET /petit-beurre-nantais-mini-metal-tray-p-40092.html HTTP/1.0" 200 77523 "-" "Mozilla/5.0 (compatible; MJ12bot/v1.4.8; http://mj12bot.com/)"
47.128.52.110 - - [15/Nov/2023:06:00:49 +0100] "GET /olaf-disney-purple-clock-p-33969.html HTTP/1.0" 200 77469 "-" "Mozilla/5.0 (Linux; Android 5.0) AppleWebKit/537.36 (KHTML, like Gecko) Mobile Safari/537.36 (compatible; Bytespider; spider-feedback@bytedance.com)"
47.128.52.110 - - [15/Nov/2023:06:00:51 +0100] "GET /swfobject.js HTTP/1.0" 404 1308 "http://www.wonder-geek.com/olaf-disney-purple-clock-p-33969.html" "Mozilla/5.0 (Linux; Android 5.0) AppleWebKit/537.36 (KHTML, like Gecko) Mobile Safari/537.36 (compatible; Bytespider; spider-feedback@bytedance.com)"
47.128.52.110 - - [15/Nov/2023:06:00:51 +0100] "GET /highslide/graphics/outlines/drop-shadow.png HTTP/1.0" 200 277 "http://www.wonder-geek.com/olaf-disney-purple-clock-p-33969.html" "Mozilla/5.0 (Linux; Android 5.0) AppleWebKit/537.36 (KHTML, like Gecko) Mobile Safari/537.36 (compatible; Bytespider; spider-feedback@bytedance.com)"
193.70.81.106 - - [15/Nov/2023:06:00:50 +0100] "GET /lu-petit-beurre-pack-of-20-paper-napkins-p-15064.html HTTP/1.0" 301 77450 "-" "Mozilla/5.0 (compatible; MJ12bot/v1.4.8; http://mj12bot.com/)"
47.128.52.110 - - [15/Nov/2023:06:00:51 +0100] "GET /highslide/graphics/zoomout.cur HTTP/1.0" 200 614 "http://www.wonder-geek.com/olaf-disney-purple-clock-p-33969.html" "Mozilla/5.0 (Linux; Android 5.0) AppleWebKit/537.36 (KHTML, like Gecko) Mobile Safari/537.36 (compatible; Bytespider; spider-feedback@bytedance.com)"
193.70.81.106 - - [15/Nov/2023:06:00:53 +0100] "GET /-p-15064.html HTTP/1.0" 200 77383 "-" "Mozilla/5.0 (compatible; MJ12bot/v1.4.8; http://mj12bot.com/)"
54.36.148.149 - - [15/Nov/2023:06:01:02 +0100] "GET /plancha-barbecue-oven-glove-p-61261.html HTTP/1.0" 200 80633 "-" "Mozilla/5.0 (compatible; AhrefsBot/7.0; +http://ahrefs.com/robot/)"
54.36.148.137 - - [15/Nov/2023:06:01:06 +0100] "GET /images/big_prod/3503420232336.jpg HTTP/1.0" 200 268 "-" "Mozilla/5.0 (compatible; AhrefsBot/7.0; +http://ahrefs.com/robot/)"
54.36.148.134 - - [15/Nov/2023:06:01:06 +0100] "GET /images/big_prod_2/3503420232336C.jpg HTTP/1.0" 200 271 "-" "Mozilla/5.0 (compatible; AhrefsBot/7.0; +http://ahrefs.com/robot/)"
54.36.148.24 - - [15/Nov/2023:06:01:07 +0100] "GET /images/big_prod_1/3503420232336B.jpg HTTP/1.0" 200 271 "-" "Mozilla/5.0 (compatible; AhrefsBot/7.0; +http://ahrefs.com/robot/)"
47.128.49.134 - - [15/Nov/2023:06:01:15 +0100] "GET /accessories/keyrings/lego-led-lite-keychains-p-28129.html HTTP/1.0" 301 77567 "-" "Mozilla/5.0 (Linux; Android 5.0) AppleWebKit/537.36 (KHTML, like Gecko) Mobile Safari/537.36 (compatible; Bytespider; spider-feedback@bytedance.com)"
47.128.49.134 - - [15/Nov/2023:06:01:17 +0100] "GET /lego-lite-keychains-p-28129.html HTTP/1.0" 200 77481 "-" "Mozilla/5.0 (Linux; Android 5.0) AppleWebKit/537.36 (KHTML, like Gecko) Mobile Safari/537.36 (compatible; Bytespider; spider-feedback@bytedance.com)"
47.128.49.134 - - [15/Nov/2023:06:01:20 +0100] "GET /swfobject.js HTTP/1.0" 404 1308 "http://www.wonder-geek.com/lego-lite-keychains-p-28129.html" "Mozilla/5.0 (Linux; Android 5.0) AppleWebKit/537.36 (KHTML, like Gecko) Mobile Safari/537.36 (compatible; Bytespider; spider-feedback@bytedance.com)"
47.128.49.134 - - [15/Nov/2023:06:01:26 +0100] "GET /highslide/graphics/zoomout.cur HTTP/1.0" 200 614 "http://www.wonder-geek.com/lego-lite-keychains-p-28129.html" "Mozilla/5.0 (Linux; Android 5.0) AppleWebKit/537.36 (KHTML, like Gecko) Mobile Safari/537.36 (compatible; Bytespider; spider-feedback@bytedance.com)"
47.128.49.134 - - [15/Nov/2023:06:01:26 +0100] "GET /highslide/graphics/outlines/drop-shadow.png HTTP/1.0" 200 277 "http://www.wonder-geek.com/lego-lite-keychains-p-28129.html" "Mozilla/5.0 (Linux; Android 5.0) AppleWebKit/537.36 (KHTML, like Gecko) Mobile Safari/537.36 (compatible; Bytespider; spider-feedback@bytedance.com)"
47.128.30.220 - - [15/Nov/2023:06:01:45 +0100] "GET /dishes/glasses-and-drinking-cup/horse-glass-p-25045.html HTTP/1.0" 301 77450 "-" "Mozilla/5.0 (Linux; Android 5.0) AppleWebKit/537.36 (KHTML, like Gecko) Mobile Safari/537.36 (compatible; Bytespider; spider-feedback@bytedance.com)"
47.128.30.220 - - [15/Nov/2023:06:01:47 +0100] "GET /-p-25045.html HTTP/1.0" 200 77383 "-" "Mozilla/5.0 (Linux; Android 5.0) AppleWebKit/537.36 (KHTML, like Gecko) Mobile Safari/537.36 (compatible; Bytespider; spider-feedback@bytedance.com)"
47.128.30.220 - - [15/Nov/2023:06:01:49 +0100] "GET /swfobject.js HTTP/1.0" 404 1308 "http://www.wonder-geek.com/-p-25045.html" "Mozilla/5.0 (Linux; Android 5.0) AppleWebKit/537.36 (KHTML, like Gecko) Mobile Safari/537.36 (compatible; Bytespider; spider-feedback@bytedance.com)"
47.128.30.220 - - [15/Nov/2023:06:01:52 +0100] "GET /highslide/graphics/outlines/drop-shadow.png HTTP/1.0" 200 277 "http://www.wonder-geek.com/-p-25045.html" "Mozilla/5.0 (Linux; Android 5.0) AppleWebKit/537.36 (KHTML, like Gecko) Mobile Safari/537.36 (compatible; Bytespider; spider-feedback@bytedance.com)"
47.128.30.220 - - [15/Nov/2023:06:01:52 +0100] "GET /highslide/graphics/zoomout.cur HTTP/1.0" 200 614 "http://www.wonder-geek.com/-p-25045.html" "Mozilla/5.0 (Linux; Android 5.0) AppleWebKit/537.36 (KHTML, like Gecko) Mobile Safari/537.36 (compatible; Bytespider; spider-feedback@bytedance.com)"
157.90.182.25 - - [15/Nov/2023:06:01:51 +0100] "GET /yellow-tropical-flowerpot-p-54304.html HTTP/1.0" 200 80409 "-" "Mozilla/5.0 (compatible; BLEXBot/1.0; +http://webmeup-crawler.com/)"
54.36.148.179 - - [15/Nov/2023:06:01:51 +0100] "GET /bulbs-c-86_287.html HTTP/1.0" 200 83463 "-" "Mozilla/5.0 (compatible; AhrefsBot/7.0; +http://ahrefs.com/robot/)"
157.90.182.25 - - [15/Nov/2023:06:01:56 +0100] "GET /yellow-white-cement-tile-round-placemat-p-57745.html HTTP/1.0" 200 80483 "-" "Mozilla/5.0 (compatible; BLEXBot/1.0; +http://webmeup-crawler.com/)"
157.90.182.25 - - [15/Nov/2023:06:02:01 +0100] "GET /ylang-ylang-aromatika-incense-sticks-p-59286.html HTTP/1.0" 200 80518 "-" "Mozilla/5.0 (compatible; BLEXBot/1.0; +http://webmeup-crawler.com/)"
216.244.66.242 - - [15/Nov/2023:06:02:04 +0100] "GET /bread-c-13_150_211.html HTTP/1.0" 200 84408 "-" "Mozilla/5.0 (compatible; DotBot/1.2; +https://opensiteexplorer.org/dotbot; help@moz.com)"
157.90.182.25 - - [15/Nov/2023:06:02:07 +0100] "GET /yoga-alien-ashtray-p-57537.html HTTP/1.0" 200 80476 "-" "Mozilla/5.0 (compatible; BLEXBot/1.0; +http://webmeup-crawler.com/)"
157.90.182.25 - - [15/Nov/2023:06:02:13 +0100] "GET /yoga-bolster-meditation-cushion-chakra-anahata-p-45368.html HTTP/1.0" 200 81942 "-" "Mozilla/5.0 (compatible; BLEXBot/1.0; +http://webmeup-crawler.com/)"
47.128.40.179 - - [15/Nov/2023:06:02:15 +0100] "GET /household-linen/cushions/london-bus-cushion-p-26721.html HTTP/1.0" 301 77450 "-" "Mozilla/5.0 (Linux; Android 5.0) AppleWebKit/537.36 (KHTML, like Gecko) Mobile Safari/537.36 (compatible; Bytespider; spider-feedback@bytedance.com)"
47.128.40.179 - - [15/Nov/2023:06:02:17 +0100] "GET /-p-26721.html HTTP/1.0" 200 77383 "-" "Mozilla/5.0 (Linux; Android 5.0) AppleWebKit/537.36 (KHTML, like Gecko) Mobile Safari/537.36 (compatible; Bytespider; spider-feedback@bytedance.com)"
47.128.40.179 - - [15/Nov/2023:06:02:19 +0100] "GET /swfobject.js HTTP/1.0" 404 1308 "http://www.wonder-geek.com/-p-26721.html" "Mozilla/5.0 (Linux; Android 5.0) AppleWebKit/537.36 (KHTML, like Gecko) Mobile Safari/537.36 (compatible; Bytespider; spider-feedback@bytedance.com)"
157.90.182.25 - - [15/Nov/2023:06:02:18 +0100] "GET /yoga-bolster-meditation-cushion-chakra-manipura-p-45367.html HTTP/1.0" 200 82014 "-" "Mozilla/5.0 (compatible; BLEXBot/1.0; +http://webmeup-crawler.com/)"
54.36.149.12 - - [15/Nov/2023:06:02:22 +0100] "GET /hourglass-decoration-glass-pink-sand-p-60048.html HTTP/1.0" 200 80747 "-" "Mozilla/5.0 (compatible; AhrefsBot/7.0; +http://ahrefs.com/robot/)"
54.36.148.223 - - [15/Nov/2023:06:02:25 +0100] "GET /images/big_prod/5400924221409.jpg HTTP/1.0" 200 268 "-" "Mozilla/5.0 (compatible; AhrefsBot/7.0; +http://ahrefs.com/robot/)"
47.128.40.179 - - [15/Nov/2023:06:02:26 +0100] "GET /highslide/graphics/zoomout.cur HTTP/1.0" 200 614 "http://www.wonder-geek.com/-p-26721.html" "Mozilla/5.0 (Linux; Android 5.0) AppleWebKit/537.36 (KHTML, like Gecko) Mobile Safari/537.36 (compatible; Bytespider; spider-feedback@bytedance.com)"
47.128.40.179 - - [15/Nov/2023:06:02:26 +0100] "GET /highslide/graphics/outlines/drop-shadow.png HTTP/1.0" 200 277 "http://www.wonder-geek.com/-p-26721.html" "Mozilla/5.0 (Linux; Android 5.0) AppleWebKit/537.36 (KHTML, like Gecko) Mobile Safari/537.36 (compatible; Bytespider; spider-feedback@bytedance.com)"
49.7.21.107 - - [15/Nov/2023:06:02:23 +0100] "GET / HTTP/1.0" 200 158236 "-" "Sogou web spider/4.0(+http://www.sogou.com/docs/help/webmasters.htm#07)"
216.244.66.242 - - [15/Nov/2023:06:02:24 +0100] "GET /metal-wall-decor-c-13_308.html HTTP/1.0" 200 97918 "-" "Mozilla/5.0 (compatible; DotBot/1.2; +https://opensiteexplorer.org/dotbot; help@moz.com)"
157.90.182.25 - - [15/Nov/2023:06:02:32 +0100] "GET /yoga-bolster-meditation-cushion-chakra-muladhara-p-45365.html HTTP/1.0" 200 81981 "-" "Mozilla/5.0 (compatible; BLEXBot/1.0; +http://webmeup-crawler.com/)"
114.119.139.44 - - [15/Nov/2023:06:02:36 +0100] "GET /images/big_prod_1/8422092249327B.jpg HTTP/1.0" 200 271 "http://www.wonder-geek.com/salamander-wall-decoration-p-59498.html" "Mozilla/5.0 (Linux; Android 7.0;) AppleWebKit/537.36 (KHTML, like Gecko) Mobile Safari/537.36 (compatible; PetalBot;+https://webmaster.petalsearch.com/site/petalbot)"
193.70.81.106 - - [15/Nov/2023:06:02:38 +0100] "GET /lucky-luke-money-box-p-4597.html HTTP/1.0" 301 77447 "-" "Mozilla/5.0 (compatible; MJ12bot/v1.4.8; http://mj12bot.com/)"
157.90.182.25 - - [15/Nov/2023:06:02:38 +0100] "GET /yoga-bolster-meditation-cushion-chakra-sahasrara-p-45371.html HTTP/1.0" 200 82271 "-" "Mozilla/5.0 (compatible; BLEXBot/1.0; +http://webmeup-crawler.com/)"
216.244.66.242 - - [15/Nov/2023:06:02:40 +0100] "GET /-c-95_365.html HTTP/1.0" 200 76251 "-" "Mozilla/5.0 (compatible; DotBot/1.2; +https://opensiteexplorer.org/dotbot; help@moz.com)"
193.70.81.106 - - [15/Nov/2023:06:02:40 +0100] "GET /-p-4597.html HTTP/1.0" 200 77381 "-" "Mozilla/5.0 (compatible; MJ12bot/v1.4.8; http://mj12bot.com/)"
47.128.44.193 - - [15/Nov/2023:06:02:41 +0100] "GET /michelle-arlen-owl-glass-clock-p-24295.html HTTP/1.0" 301 77578 "-" "Mozilla/5.0 (Linux; Android 5.0) AppleWebKit/537.36 (KHTML, like Gecko) Mobile Safari/537.36 (compatible; Bytespider; spider-feedback@bytedance.com)"
193.70.81.106 - - [15/Nov/2023:06:02:43 +0100] "GET /luminous-guardian-angel-porcelain-10-cm-book-p-44969.html HTTP/1.0" 301 77632 "-" "Mozilla/5.0 (compatible; MJ12bot/v1.4.8; http://mj12bot.com/)"
47.128.44.193 - - [15/Nov/2023:06:02:43 +0100] "GET /michelle-arlen-glass-clock-p-24295.html HTTP/1.0" 200 77485 "-" "Mozilla/5.0 (Linux; Android 5.0) AppleWebKit/537.36 (KHTML, like Gecko) Mobile Safari/537.36 (compatible; Bytespider; spider-feedback@bytedance.com)"
47.128.44.193 - - [15/Nov/2023:06:02:45 +0100] "GET /swfobject.js HTTP/1.0" 404 1308 "http://www.wonder-geek.com/michelle-arlen-glass-clock-p-24295.html" "Mozilla/5.0 (Linux; Android 5.0) AppleWebKit/537.36 (KHTML, like Gecko) Mobile Safari/537.36 (compatible; Bytespider; spider-feedback@bytedance.com)"
157.90.182.25 - - [15/Nov/2023:06:02:44 +0100] "GET /yoga-bolster-meditation-cushion-chakra-svadishtana-p-45366.html HTTP/1.0" 200 82002 "-" "Mozilla/5.0 (compatible; BLEXBot/1.0; +http://webmeup-crawler.com/)"
193.70.81.106 - - [15/Nov/2023:06:02:46 +0100] "GET /luminous-guardian-angel-porcelain-book-p-44969.html HTTP/1.0" 200 77527 "-" "Mozilla/5.0 (compatible; MJ12bot/v1.4.8; http://mj12bot.com/)"
47.128.44.193 - - [15/Nov/2023:06:02:49 +0100] "GET /highslide/graphics/outlines/drop-shadow.png HTTP/1.0" 200 277 "http://www.wonder-geek.com/michelle-arlen-glass-clock-p-24295.html" "Mozilla/5.0 (Linux; Android 5.0) AppleWebKit/537.36 (KHTML, like Gecko) Mobile Safari/537.36 (compatible; Bytespider; spider-feedback@bytedance.com)"
47.128.44.193 - - [15/Nov/2023:06:02:49 +0100] "GET /highslide/graphics/zoomout.cur HTTP/1.0" 200 614 "http://www.wonder-geek.com/michelle-arlen-glass-clock-p-24295.html" "Mozilla/5.0 (Linux; Android 5.0) AppleWebKit/537.36 (KHTML, like Gecko) Mobile Safari/537.36 (compatible; Bytespider; spider-feedback@bytedance.com)"
3.224.220.101 - - [15/Nov/2023:06:02:46 +0100] "GET /bookend-c-13_202.html HTTP/1.0" 200 96610 "-" "Mozilla/5.0 (Macintosh; Intel Mac OS X 10_10_1) AppleWebKit/600.2.5 (KHTML, like Gecko) Version/8.0.2 Safari/600.2.5 (Amazonbot/0.1; +https://developer.amazon.com/support/amazonbot)"
