47.128.53.216 - - [15/Nov/2023:08:04:50 +0100] "GET /games-and-toys/figures/star-wars-the-black-series-han-solo-figure-p-25290.html HTTP/1.0" 301 77544 "-" "Mozilla/5.0 (Linux; Android 5.0) AppleWebKit/537.36 (KHTML, like Gecko) Mobile Safari/537.36 (compatible; Bytespider; spider-feedback@bytedance.com)"
47.128.53.216 - - [15/Nov/2023:08:04:52 +0100] "GET /-p-25290.html HTTP/1.0" 200 77477 "-" "Mozilla/5.0 (Linux; Android 5.0) AppleWebKit/537.36 (KHTML, like Gecko) Mobile Safari/537.36 (compatible; Bytespider; spider-feedback@bytedance.com)"
47.128.53.216 - - [15/Nov/2023:08:04:54 +0100] "GET /swfobject.js HTTP/1.0" 404 1308 "http://www.wonder-geek.com/-p-25290.html" "Mozilla/5.0 (Linux; Android 5.0) AppleWebKit/537.36 (KHTML, like Gecko) Mobile Safari/537.36 (compatible; Bytespider; spider-feedback@bytedance.com)"
47.128.53.216 - - [15/Nov/2023:08:04:58 +0100] "GET /highslide/graphics/zoomout.cur HTTP/1.0" 200 614 "http://www.wonder-geek.com/-p-25290.html" "Mozilla/5.0 (Linux; Android 5.0) AppleWebKit/537.36 (KHTML, like Gecko) Mobile Safari/537.36 (compatible; Bytespider; spider-feedback@bytedance.com)"
47.128.53.216 - - [15/Nov/2023:08:04:58 +0100] "GET /highslide/graphics/outlines/drop-shadow.png HTTP/1.0" 200 277 "http://www.wonder-geek.com/-p-25290.html" "Mozilla/5.0 (Linux; Android 5.0) AppleWebKit/537.36 (KHTML, like Gecko) Mobile Safari/537.36 (compatible; Bytespider; spider-feedback@bytedance.com)"
216.244.66.242 - - [15/Nov/2023:08:05:02 +0100] "GET /sheaffer-fountain-pen-ferrari-300-p-38772.html HTTP/1.0" 301 77675 "-" "Mozilla/5.0 (compatible; DotBot/1.2; +https://opensiteexplorer.org/dotbot; help@moz.com)"
216.244.66.242 - - [15/Nov/2023:08:05:17 +0100] "GET /small-buddhist-monk-14-cm-blue-dress-p-46804.html HTTP/1.0" 301 77700 "-" "Mozilla/5.0 (compatible; DotBot/1.2; +https://opensiteexplorer.org/dotbot; help@moz.com)"
47.128.31.119 - - [15/Nov/2023:08:05:22 +0100] "GET /decorations/collectible-figurines-and-decorative/mickey-figurine-collection-september-p-24331.html HTTP/1.0" 301 77544 "-" "Mozilla/5.0 (Linux; Android 5.0) AppleWebKit/537.36 (KHTML, like Gecko) Mobile Safari/537.36 (compatible; Bytespider; spider-feedback@bytedance.com)"
47.128.31.119 - - [15/Nov/2023:08:05:24 +0100] "GET /-p-24331.html HTTP/1.0" 200 77477 "-" "Mozilla/5.0 (Linux; Android 5.0) AppleWebKit/537.36 (KHTML, like Gecko) Mobile Safari/537.36 (compatible; Bytespider; spider-feedback@bytedance.com)"
216.244.66.242 - - [15/Nov/2023:08:05:32 +0100] "GET /small-wooden-tea-towel-holder-to-hang-p-51021.html HTTP/1.0" 301 77698 "-" "Mozilla/5.0 (compatible; DotBot/1.2; +https://opensiteexplorer.org/dotbot; help@moz.com)"
54.36.149.13 - - [15/Nov/2023:08:05:32 +0100] "GET /paris-corkscrew-triumphal-arch-brushed-metal-p-38607.html HTTP/1.0" 200 80018 "-" "Mozilla/5.0 (compatible; AhrefsBot/7.0; +http://ahrefs.com/robot/)"
47.128.43.93 - - [15/Nov/2023:08:05:33 +0100] "GET /girls/hats-and-caps/barbapapa-cap-p-4735.html HTTP/1.0" 301 77541 "-" "Mozilla/5.0 (Linux; Android 5.0) AppleWebKit/537.36 (KHTML, like Gecko) Mobile Safari/537.36 (compatible; Bytespider; spider-feedback@bytedance.com)"
47.128.43.93 - - [15/Nov/2023:08:05:35 +0100] "GET /-p-4735.html HTTP/1.0" 200 77475 "-" "Mozilla/5.0 (Linux; Android 5.0) AppleWebKit/537.36 (KHTML, like Gecko) Mobile Safari/537.36 (compatible; Bytespider; spider-feedback@bytedance.com)"
47.128.43.93 - - [15/Nov/2023:08:05:37 +0100] "GET /swfobject.js HTTP/1.0" 404 1308 "http://www.wonder-geek.com/-p-4735.html" "Mozilla/5.0 (Linux; Android 5.0) AppleWebKit/537.36 (KHTML, like Gecko) Mobile Safari/537.36 (compatible; Bytespider; spider-feedback@bytedance.com)"
47.128.43.93 - - [15/Nov/2023:08:05:40 +0100] "GET /highslide/graphics/outlines/drop-shadow.png HTTP/1.0" 200 277 "http://www.wonder-geek.com/-p-4735.html" "Mozilla/5.0 (Linux; Android 5.0) AppleWebKit/537.36 (KHTML, like Gecko) Mobile Safari/537.36 (compatible; Bytespider; spider-feedback@bytedance.com)"
47.128.43.93 - - [15/Nov/2023:08:05:40 +0100] "GET /highslide/graphics/zoomout.cur HTTP/1.0" 200 614 "http://www.wonder-geek.com/-p-4735.html" "Mozilla/5.0 (Linux; Android 5.0) AppleWebKit/537.36 (KHTML, like Gecko) Mobile Safari/537.36 (compatible; Bytespider; spider-feedback@bytedance.com)"
216.244.66.242 - - [15/Nov/2023:08:05:45 +0100] "GET /decoration-three-buddhas-the-secret-of-happiness-55-cm-p-46486.html HTTP/1.0" 301 77771 "-" "Mozilla/5.0 (compatible; DotBot/1.2; +https://opensiteexplorer.org/dotbot; help@moz.com)"
52.70.240.171 - - [15/Nov/2023:08:06:02 +0100] "GET /-c-95_347.html HTTP/1.0" 200 76345 "-" "Mozilla/5.0 (Macintosh; Intel Mac OS X 10_10_1) AppleWebKit/600.2.5 (KHTML, like Gecko) Version/8.0.2 Safari/600.2.5 (Amazonbot/0.1; +https://developer.amazon.com/support/amazonbot)"
8.218.254.250 - - [15/Nov/2023:08:06:04 +0100] "GET /images/mini_prod/3700653507495.jpg HTTP/1.0" 200 269 "-" "Mozilla/5.0 (X11; Ubuntu; Linux x86_64; rv:72.0) Gecko/20100101 Firefox/72.0"
3.224.220.101 - - [15/Nov/2023:08:06:04 +0100] "GET /manicure-articles-c-31_204.html HTTP/1.0" 200 94691 "-" "Mozilla/5.0 (Macintosh; Intel Mac OS X 10_10_1) AppleWebKit/600.2.5 (KHTML, like Gecko) Version/8.0.2 Safari/600.2.5 (Amazonbot/0.1; +https://developer.amazon.com/support/amazonbot)"
54.36.148.35 - - [15/Nov/2023:08:06:09 +0100] "GET /white-unicorn-moneybox-p-50753.html HTTP/1.0" 200 77555 "-" "Mozilla/5.0 (compatible; AhrefsBot/7.0; +http://ahrefs.com/robot/)"
134.213.168.21 - - [15/Nov/2023:08:06:55 +0100] "GET / HTTP/1.0" 301 511 "-" "-"
134.213.168.21 - - [15/Nov/2023:08:06:55 +0100] "GET / HTTP/1.0" 200 158393 "-" "-"
47.128.31.119 - - [15/Nov/2023:08:07:04 +0100] "GET /decorations/collectible-figurines-and-decorative/mickey-figurine-collection-september-p-24331.html HTTP/1.0" 301 77544 "-" "Mozilla/5.0 (Linux; Android 5.0) AppleWebKit/537.36 (KHTML, like Gecko) Mobile Safari/537.36 (compatible; Bytespider; spider-feedback@bytedance.com)"
47.128.31.119 - - [15/Nov/2023:08:07:05 +0100] "GET /-p-24331.html HTTP/1.0" 200 77477 "-" "Mozilla/5.0 (Linux; Android 5.0) AppleWebKit/537.36 (KHTML, like Gecko) Mobile Safari/537.36 (compatible; Bytespider; spider-feedback@bytedance.com)"
47.128.31.119 - - [15/Nov/2023:08:07:07 +0100] "GET /swfobject.js HTTP/1.0" 404 1308 "http://www.wonder-geek.com/-p-24331.html" "Mozilla/5.0 (Linux; Android 5.0) AppleWebKit/537.36 (KHTML, like Gecko) Mobile Safari/537.36 (compatible; Bytespider; spider-feedback@bytedance.com)"
54.36.148.174 - - [15/Nov/2023:08:07:13 +0100] "GET /retro-blue-eyeglass-case-p-30017.html HTTP/1.0" 200 79927 "-" "Mozilla/5.0 (compatible; AhrefsBot/7.0; +http://ahrefs.com/robot/)"
52.167.144.145 - - [15/Nov/2023:08:07:20 +0100] "GET /high-school-musical-shopping-p-24267.html HTTP/1.0" 200 80232 "-" "Mozilla/5.0 AppleWebKit/537.36 (KHTML, like Gecko; compatible; bingbot/2.0; +http://www.bing.com/bingbot.htm) Chrome/103.0.5060.134 Safari/537.36"
23.22.35.162 - - [15/Nov/2023:08:07:31 +0100] "GET /hats-caps-c-1_44.html HTTP/1.0" 200 98814 "-" "Mozilla/5.0 (Macintosh; Intel Mac OS X 10_10_1) AppleWebKit/600.2.5 (KHTML, like Gecko) Version/8.0.2 Safari/600.2.5 (Amazonbot/0.1; +https://developer.amazon.com/support/amazonbot)"
52.70.240.171 - - [15/Nov/2023:08:07:35 +0100] "GET /boxes-storage-c-13_150.html HTTP/1.0" 200 101676 "-" "Mozilla/5.0 (Macintosh; Intel Mac OS X 10_10_1) AppleWebKit/600.2.5 (KHTML, like Gecko) Version/8.0.2 Safari/600.2.5 (Amazonbot/0.1; +https://developer.amazon.com/support/amazonbot)"
23.22.35.162 - - [15/Nov/2023:08:07:39 +0100] "GET /salt-boxes-jars-c-12_223.html HTTP/1.0" 200 97509 "-" "Mozilla/5.0 (Macintosh; Intel Mac OS X 10_10_1) AppleWebKit/600.2.5 (KHTML, like Gecko) Version/8.0.2 Safari/600.2.5 (Amazonbot/0.1; +https://developer.amazon.com/support/amazonbot)"
54.36.148.116 - - [15/Nov/2023:08:07:55 +0100] "GET /luggages-schoolbags-leather-shop-c-31.html HTTP/1.0" 200 99517 "-" "Mozilla/5.0 (compatible; AhrefsBot/7.0; +http://ahrefs.com/robot/)"
51.68.224.127 - - [15/Nov/2023:08:08:01 +0100] "GET /adminweb/export_orders_xml.php?token=256de2z6edz6ed2z6DFSFsed2zed6zeDSFDSGdzedezfzf&maxorders=10&orderstart=1&status=14&start_date=2018-10-01 HTTP/1.0" 200 285 "-" "GesCom CharlotteBoutik Serveur"
51.68.224.127 - - [15/Nov/2023:08:08:01 +0100] "GET /adminweb/export_orders_xml.php?token=256de2z6edz6ed2z6DFSFsed2zed6zeDSFDSGdzedezfzf&maxorders=10&orderstart=1&status=6&start_date=2018-10-01 HTTP/1.0" 200 33939 "-" "GesCom CharlotteBoutik Serveur"
47.128.20.16 - - [15/Nov/2023:08:08:30 +0100] "GET /rhinoceros-white-women-shirt-p-33800.html HTTP/1.0" 200 77620 "-" "Mozilla/5.0 (Linux; Android 5.0) AppleWebKit/537.36 (KHTML, like Gecko) Mobile Safari/537.36 (compatible; Bytespider; spider-feedback@bytedance.com)"
182.22.30.54 - - [15/Nov/2023:08:08:31 +0100] "GET /images/big_prod_2/8445148051675d.jpg HTTP/1.0" 200 271 "-" "Mozilla/5.0 (compatible; Y!J-WSC/1.0; +https://yahoo.jp/3BSZgF)"
47.128.20.16 - - [15/Nov/2023:08:08:31 +0100] "GET /swfobject.js HTTP/1.0" 404 1308 "http://www.wonder-geek.com/rhinoceros-white-women-shirt-p-33800.html" "Mozilla/5.0 (Linux; Android 5.0) AppleWebKit/537.36 (KHTML, like Gecko) Mobile Safari/537.36 (compatible; Bytespider; spider-feedback@bytedance.com)"
47.128.20.16 - - [15/Nov/2023:08:08:36 +0100] "GET /highslide/graphics/zoomout.cur HTTP/1.0" 200 614 "http://www.wonder-geek.com/rhinoceros-white-women-shirt-p-33800.html" "Mozilla/5.0 (Linux; Android 5.0) AppleWebKit/537.36 (KHTML, like Gecko) Mobile Safari/537.36 (compatible; Bytespider; spider-feedback@bytedance.com)"
47.128.20.16 - - [15/Nov/2023:08:08:36 +0100] "GET /highslide/graphics/outlines/drop-shadow.png HTTP/1.0" 200 277 "http://www.wonder-geek.com/rhinoceros-white-women-shirt-p-33800.html" "Mozilla/5.0 (Linux; Android 5.0) AppleWebKit/537.36 (KHTML, like Gecko) Mobile Safari/537.36 (compatible; Bytespider; spider-feedback@bytedance.com)"
54.36.149.11 - - [15/Nov/2023:08:08:57 +0100] "GET /magnet-citron-p-40121.html HTTP/1.0" 200 79849 "-" "Mozilla/5.0 (compatible; AhrefsBot/7.0; +http://ahrefs.com/robot/)"
54.36.148.10 - - [15/Nov/2023:08:08:59 +0100] "GET /images/big_prod/1384010207895.jpg HTTP/1.0" 200 268 "-" "Mozilla/5.0 (compatible; AhrefsBot/7.0; +http://ahrefs.com/robot/)"
47.128.24.118 - - [15/Nov/2023:08:08:58 +0100] "GET /black-gold-ginkgo-glass-paperweight-p-55122.html HTTP/1.0" 200 77615 "-" "Mozilla/5.0 (Linux; Android 5.0) AppleWebKit/537.36 (KHTML, like Gecko) Mobile Safari/537.36 (compatible; Bytespider; spider-feedback@bytedance.com)"
47.128.24.118 - - [15/Nov/2023:08:09:02 +0100] "GET /swfobject.js HTTP/1.0" 404 1308 "http://www.wonder-geek.com/black-gold-ginkgo-glass-paperweight-p-55122.html" "Mozilla/5.0 (Linux; Android 5.0) AppleWebKit/537.36 (KHTML, like Gecko) Mobile Safari/537.36 (compatible; Bytespider; spider-feedback@bytedance.com)"
47.128.24.118 - - [15/Nov/2023:08:09:06 +0100] "GET /highslide/graphics/outlines/drop-shadow.png HTTP/1.0" 200 277 "http://www.wonder-geek.com/black-gold-ginkgo-glass-paperweight-p-55122.html" "Mozilla/5.0 (Linux; Android 5.0) AppleWebKit/537.36 (KHTML, like Gecko) Mobile Safari/537.36 (compatible; Bytespider; spider-feedback@bytedance.com)"
47.128.24.118 - - [15/Nov/2023:08:09:06 +0100] "GET /highslide/graphics/zoomout.cur HTTP/1.0" 200 614 "http://www.wonder-geek.com/black-gold-ginkgo-glass-paperweight-p-55122.html" "Mozilla/5.0 (Linux; Android 5.0) AppleWebKit/537.36 (KHTML, like Gecko) Mobile Safari/537.36 (compatible; Bytespider; spider-feedback@bytedance.com)"
192.99.15.17 - - [15/Nov/2023:08:09:07 +0100] "GET /robots.txt HTTP/1.0" 200 245 "-" "Mozilla/5.0 (compatible; MJ12bot/v1.4.8; http://mj12bot.com/)"
192.99.15.17 - - [15/Nov/2023:08:09:08 +0100] "GET /alarms-clocks-clocks-and-watches/clocks/pucca-metal-clock-p-348.html HTTP/1.0" 301 77538 "-" "Mozilla/5.0 (compatible; MJ12bot/v1.4.8; http://mj12bot.com/)"
192.99.15.17 - - [15/Nov/2023:08:09:11 +0100] "GET /-p-348.html HTTP/1.0" 200 77473 "-" "Mozilla/5.0 (compatible; MJ12bot/v1.4.8; http://mj12bot.com/)"
192.99.15.17 - - [15/Nov/2023:08:09:14 +0100] "GET /alarms-clocks-clocks-and-watches/clocks/quebec-clock-cbk-p-24406.html HTTP/1.0" 301 79926 "-" "Mozilla/5.0 (compatible; MJ12bot/v1.4.8; http://mj12bot.com/)"
66.249.74.98 - - [15/Nov/2023:08:09:16 +0100] "GET /little-prince-plane-figurine-p-47070.html HTTP/1.0" 200 77579 "-" "Mozilla/5.0 (Linux; Android 6.0.1; Nexus 5X Build/MMB29P) AppleWebKit/537.36 (KHTML, like Gecko) Chrome/119.0.6045.123 Mobile Safari/537.36 (compatible; Googlebot/2.1; +http://www.google.com/bot.html)"
192.99.15.17 - - [15/Nov/2023:08:09:17 +0100] "GET /quebec-clock-cbkreation-p-24406.html HTTP/1.0" 200 79836 "-" "Mozilla/5.0 (compatible; MJ12bot/v1.4.8; http://mj12bot.com/)"
192.99.15.17 - - [15/Nov/2023:08:09:20 +0100] "GET /alarms-clocks-clocks-and-watches/clocks/rugby-union-clock-p-22667.html HTTP/1.0" 301 77544 "-" "Mozilla/5.0 (compatible; MJ12bot/v1.4.8; http://mj12bot.com/)"
192.99.15.17 - - [15/Nov/2023:08:09:23 +0100] "GET /-p-22667.html HTTP/1.0" 200 77477 "-" "Mozilla/5.0 (compatible; MJ12bot/v1.4.8; http://mj12bot.com/)"
192.99.15.17 - - [15/Nov/2023:08:09:26 +0100] "GET /alarms-clocks-clocks-and-watches/clocks/sarah-kay-clock-p-8112.html HTTP/1.0" 301 77541 "-" "Mozilla/5.0 (compatible; MJ12bot/v1.4.8; http://mj12bot.com/)"
47.128.53.156 - - [15/Nov/2023:08:09:27 +0100] "GET /medusa-glass-paperweight-p-53637.html HTTP/1.0" 200 77563 "-" "Mozilla/5.0 (Linux; Android 5.0) AppleWebKit/537.36 (KHTML, like Gecko) Mobile Safari/537.36 (compatible; Bytespider; spider-feedback@bytedance.com)"
47.128.53.156 - - [15/Nov/2023:08:09:29 +0100] "GET /swfobject.js HTTP/1.0" 404 1308 "http://www.wonder-geek.com/medusa-glass-paperweight-p-53637.html" "Mozilla/5.0 (Linux; Android 5.0) AppleWebKit/537.36 (KHTML, like Gecko) Mobile Safari/537.36 (compatible; Bytespider; spider-feedback@bytedance.com)"
47.128.53.156 - - [15/Nov/2023:08:09:29 +0100] "GET /highslide/graphics/outlines/drop-shadow.png HTTP/1.0" 200 277 "http://www.wonder-geek.com/medusa-glass-paperweight-p-53637.html" "Mozilla/5.0 (Linux; Android 5.0) AppleWebKit/537.36 (KHTML, like Gecko) Mobile Safari/537.36 (compatible; Bytespider; spider-feedback@bytedance.com)"
47.128.53.156 - - [15/Nov/2023:08:09:29 +0100] "GET /highslide/graphics/zoomout.cur HTTP/1.0" 200 614 "http://www.wonder-geek.com/medusa-glass-paperweight-p-53637.html" "Mozilla/5.0 (Linux; Android 5.0) AppleWebKit/537.36 (KHTML, like Gecko) Mobile Safari/537.36 (compatible; Bytespider; spider-feedback@bytedance.com)"
192.99.15.17 - - [15/Nov/2023:08:09:29 +0100] "GET /-p-8112.html HTTP/1.0" 200 77475 "-" "Mozilla/5.0 (compatible; MJ12bot/v1.4.8; http://mj12bot.com/)"
192.99.15.17 - - [15/Nov/2023:08:09:32 +0100] "GET /alarms-clocks-clocks-and-watches/clocks/snow-white-glass-clock-p-21443.html HTTP/1.0" 301 77544 "-" "Mozilla/5.0 (compatible; MJ12bot/v1.4.8; http://mj12bot.com/)"
192.99.15.17 - - [15/Nov/2023:08:09:35 +0100] "GET /-p-21443.html HTTP/1.0" 200 77477 "-" "Mozilla/5.0 (compatible; MJ12bot/v1.4.8; http://mj12bot.com/)"
192.99.15.17 - - [15/Nov/2023:08:09:38 +0100] "GET /alarms-clocks-clocks-and-watches/clocks/table-clock-moto-guzzi-p-17082.html HTTP/1.0" 301 77544 "-" "Mozilla/5.0 (compatible; MJ12bot/v1.4.8; http://mj12bot.com/)"
192.99.15.17 - - [15/Nov/2023:08:09:41 +0100] "GET /-p-17082.html HTTP/1.0" 200 77477 "-" "Mozilla/5.0 (compatible; MJ12bot/v1.4.8; http://mj12bot.com/)"
54.36.149.20 - - [15/Nov/2023:08:09:42 +0100] "GET /metal-push-ashtray-ceramic-tiles-p-59943.html HTTP/1.0" 200 80497 "-" "Mozilla/5.0 (compatible; AhrefsBot/7.0; +http://ahrefs.com/robot/)"
192.99.15.17 - - [15/Nov/2023:08:09:44 +0100] "GET /alarms-clocks-clocks-and-watches/clocks/urss-clock-cbk-p-24369.html HTTP/1.0" 301 77631 "-" "Mozilla/5.0 (compatible; MJ12bot/v1.4.8; http://mj12bot.com/)"
192.99.15.17 - - [15/Nov/2023:08:09:47 +0100] "GET /urss-clock-cbkreation-p-24369.html HTTP/1.0" 200 77543 "-" "Mozilla/5.0 (compatible; MJ12bot/v1.4.8; http://mj12bot.com/)"
192.99.15.17 - - [15/Nov/2023:08:09:50 +0100] "GET /alarms-clocks-clocks-and-watches/clocks/vespa-beige-clock-p-17065.html HTTP/1.0" 301 77544 "-" "Mozilla/5.0 (compatible; MJ12bot/v1.4.8; http://mj12bot.com/)"
192.99.15.17 - - [15/Nov/2023:08:09:53 +0100] "GET /-p-17065.html HTTP/1.0" 200 77477 "-" "Mozilla/5.0 (compatible; MJ12bot/v1.4.8; http://mj12bot.com/)"
192.99.15.17 - - [15/Nov/2023:08:09:56 +0100] "GET /alarms-clocks-clocks-and-watches/watches/betty-boop-strass-watch-p-17839.html HTTP/1.0" 301 77544 "-" "Mozilla/5.0 (compatible; MJ12bot/v1.4.8; http://mj12bot.com/)"
47.128.58.213 - - [15/Nov/2023:08:09:56 +0100] "GET /luggages-schoolbags-leather-shop/backpacks/mickey-mouse-large-expandable-backpack-p-19679.html HTTP/1.0" 301 80564 "-" "Mozilla/5.0 (Linux; Android 5.0) AppleWebKit/537.36 (KHTML, like Gecko) Mobile Safari/537.36 (compatible; Bytespider; spider-feedback@bytedance.com)"
47.128.58.213 - - [15/Nov/2023:08:09:57 +0100] "GET /mickey-mouse-large-expandable-backpack-p-19679.html HTTP/1.0" 200 80459 "-" "Mozilla/5.0 (Linux; Android 5.0) AppleWebKit/537.36 (KHTML, like Gecko) Mobile Safari/537.36 (compatible; Bytespider; spider-feedback@bytedance.com)"
192.99.15.17 - - [15/Nov/2023:08:09:59 +0100] "GET /-p-17839.html HTTP/1.0" 200 77477 "-" "Mozilla/5.0 (compatible; MJ12bot/v1.4.8; http://mj12bot.com/)"
47.128.58.213 - - [15/Nov/2023:08:10:01 +0100] "GET /swfobject.js HTTP/1.0" 404 1308 "http://www.wonder-geek.com/mickey-mouse-large-expandable-backpack-p-19679.html" "Mozilla/5.0 (Linux; Android 5.0) AppleWebKit/537.36 (KHTML, like Gecko) Mobile Safari/537.36 (compatible; Bytespider; spider-feedback@bytedance.com)"
47.128.58.213 - - [15/Nov/2023:08:10:02 +0100] "GET /highslide/graphics/zoomin.cur HTTP/1.0" 200 614 "http://www.wonder-geek.com/templates/Pixame_v1/stylesheet.css" "Mozilla/5.0 (Linux; Android 5.0) AppleWebKit/537.36 (KHTML, like Gecko) Mobile Safari/537.36 (compatible; Bytespider; spider-feedback@bytedance.com)"
192.99.15.17 - - [15/Nov/2023:08:10:01 +0100] "GET /alarms-clocks-clocks-and-watches/watches/cinderella-watch-p-6316.html HTTP/1.0" 301 77541 "-" "Mozilla/5.0 (compatible; MJ12bot/v1.4.8; http://mj12bot.com/)"
192.99.15.17 - - [15/Nov/2023:08:10:04 +0100] "GET /-p-6316.html HTTP/1.0" 200 77475 "-" "Mozilla/5.0 (compatible; MJ12bot/v1.4.8; http://mj12bot.com/)"
47.128.58.213 - - [15/Nov/2023:08:10:06 +0100] "GET /highslide/graphics/zoomout.cur HTTP/1.0" 200 614 "http://www.wonder-geek.com/mickey-mouse-large-expandable-backpack-p-19679.html" "Mozilla/5.0 (Linux; Android 5.0) AppleWebKit/537.36 (KHTML, like Gecko) Mobile Safari/537.36 (compatible; Bytespider; spider-feedback@bytedance.com)"
47.128.58.213 - - [15/Nov/2023:08:10:06 +0100] "GET /highslide/graphics/outlines/drop-shadow.png HTTP/1.0" 200 277 "http://www.wonder-geek.com/mickey-mouse-large-expandable-backpack-p-19679.html" "Mozilla/5.0 (Linux; Android 5.0) AppleWebKit/537.36 (KHTML, like Gecko) Mobile Safari/537.36 (compatible; Bytespider; spider-feedback@bytedance.com)"
47.128.58.213 - - [15/Nov/2023:08:10:06 +0100] "GET /images/8009233802384.jpg HTTP/1.0" 200 259 "http://www.wonder-geek.com/mickey-mouse-large-expandable-backpack-p-19679.html" "Mozilla/5.0 (Linux; Android 5.0) AppleWebKit/537.36 (KHTML, like Gecko) Mobile Safari/537.36 (compatible; Bytespider; spider-feedback@bytedance.com)"
192.99.15.17 - - [15/Nov/2023:08:10:07 +0100] "GET /alarms-clocks-clocks-and-watches/watches/hello-kitty-victoria-casal-couture-black-watch-p-20141.html HTTP/1.0" 301 77544 "-" "Mozilla/5.0 (compatible; MJ12bot/v1.4.8; http://mj12bot.com/)"
192.99.15.17 - - [15/Nov/2023:08:10:10 +0100] "GET /-p-20141.html HTTP/1.0" 200 77477 "-" "Mozilla/5.0 (compatible; MJ12bot/v1.4.8; http://mj12bot.com/)"
192.99.15.17 - - [15/Nov/2023:08:10:13 +0100] "GET /alarms-clocks-clocks-and-watches/watches/hello-kitty-victoria-casal-couture-fuschia-watch-p-20143.html HTTP/1.0" 301 77544 "-" "Mozilla/5.0 (compatible; MJ12bot/v1.4.8; http://mj12bot.com/)"
203.185.130.166 - - [15/Nov/2023:08:10:16 +0100] "GET /images/mini_prod/8422009014604.jpg HTTP/1.0" 404 1308 "-" "Mozilla/5.0 (X11; Ubuntu; Linux x86_64; rv:72.0) Gecko/20100101 Firefox/72.0"
192.99.15.17 - - [15/Nov/2023:08:10:16 +0100] "GET /-p-20143.html HTTP/1.0" 200 77477 "-" "Mozilla/5.0 (compatible; MJ12bot/v1.4.8; http://mj12bot.com/)"
192.99.15.17 - - [15/Nov/2023:08:10:19 +0100] "GET /alarms-clocks-clocks-and-watches/watches/hello-kitty-victoria-casal-couture-purple-watch-p-20139.html HTTP/1.0" 301 77544 "-" "Mozilla/5.0 (compatible; MJ12bot/v1.4.8; http://mj12bot.com/)"
192.99.15.17 - - [15/Nov/2023:08:10:21 +0100] "GET /-p-20139.html HTTP/1.0" 200 77477 "-" "Mozilla/5.0 (compatible; MJ12bot/v1.4.8; http://mj12bot.com/)"
47.128.19.242 - - [15/Nov/2023:08:10:24 +0100] "GET /zen-wooden-wall-decoration-to-hang-30-40-cm-p-41528.html HTTP/1.0" 301 77544 "-" "Mozilla/5.0 (Linux; Android 5.0) AppleWebKit/537.36 (KHTML, like Gecko) Mobile Safari/537.36 (compatible; Bytespider; spider-feedback@bytedance.com)"
192.99.15.17 - - [15/Nov/2023:08:10:25 +0100] "GET /alarms-clocks-clocks-and-watches/watches/hello-kitty-victoria-casal-couture-white-watch-p-20140.html HTTP/1.0" 301 80340 "-" "Mozilla/5.0 (compatible; MJ12bot/v1.4.8; http://mj12bot.com/)"
47.128.19.242 - - [15/Nov/2023:08:10:26 +0100] "GET /-p-41528.html HTTP/1.0" 200 77477 "-" "Mozilla/5.0 (Linux; Android 5.0) AppleWebKit/537.36 (KHTML, like Gecko) Mobile Safari/537.36 (compatible; Bytespider; spider-feedback@bytedance.com)"
47.128.19.242 - - [15/Nov/2023:08:10:28 +0100] "GET /swfobject.js HTTP/1.0" 404 1308 "http://www.wonder-geek.com/-p-41528.html" "Mozilla/5.0 (Linux; Android 5.0) AppleWebKit/537.36 (KHTML, like Gecko) Mobile Safari/537.36 (compatible; Bytespider; spider-feedback@bytedance.com)"
192.99.15.17 - - [15/Nov/2023:08:10:28 +0100] "GET /hello-kitty-victoria-casal-couture-white-watch-p-20140.html HTTP/1.0" 200 80227 "-" "Mozilla/5.0 (compatible; MJ12bot/v1.4.8; http://mj12bot.com/)"
192.99.15.17 - - [15/Nov/2023:08:10:31 +0100] "GET /alarms-clocks-clocks-and-watches/watches/hello-kitty-victoria-casal-couture-yellow-watch-p-20142.html HTTP/1.0" 301 77544 "-" "Mozilla/5.0 (compatible; MJ12bot/v1.4.8; http://mj12bot.com/)"
47.128.19.242 - - [15/Nov/2023:08:10:33 +0100] "GET /highslide/graphics/outlines/drop-shadow.png HTTP/1.0" 200 277 "http://www.wonder-geek.com/-p-41528.html" "Mozilla/5.0 (Linux; Android 5.0) AppleWebKit/537.36 (KHTML, like Gecko) Mobile Safari/537.36 (compatible; Bytespider; spider-feedback@bytedance.com)"
47.128.19.242 - - [15/Nov/2023:08:10:33 +0100] "GET /highslide/graphics/zoomout.cur HTTP/1.0" 200 614 "http://www.wonder-geek.com/-p-41528.html" "Mozilla/5.0 (Linux; Android 5.0) AppleWebKit/537.36 (KHTML, like Gecko) Mobile Safari/537.36 (compatible; Bytespider; spider-feedback@bytedance.com)"
192.99.15.17 - - [15/Nov/2023:08:10:34 +0100] "GET /-p-20142.html HTTP/1.0" 200 77477 "-" "Mozilla/5.0 (compatible; MJ12bot/v1.4.8; http://mj12bot.com/)"
192.99.15.17 - - [15/Nov/2023:08:10:37 +0100] "GET /alarms-clocks-clocks-and-watches/watches/mickey-gents-watch-p-6314.html HTTP/1.0" 301 77541 "-" "Mozilla/5.0 (compatible; MJ12bot/v1.4.8; http://mj12bot.com/)"
192.99.15.17 - - [15/Nov/2023:08:10:40 +0100] "GET /-p-6314.html HTTP/1.0" 200 77475 "-" "Mozilla/5.0 (compatible; MJ12bot/v1.4.8; http://mj12bot.com/)"
52.167.144.236 - - [15/Nov/2023:08:10:41 +0100] "GET /boxes-storage-c-150.html HTTP/1.0" 301 101634 "-" "Mozilla/5.0 AppleWebKit/537.36 (KHTML, like Gecko; compatible; bingbot/2.0; +http://www.bing.com/bingbot.htm) Chrome/103.0.5060.134 Safari/537.36"
192.99.15.17 - - [15/Nov/2023:08:10:43 +0100] "GET /alarms-clocks-clocks-and-watches/watches/mickey-mouse-red-analog-watch-with-flashlight-p-14700.html HTTP/1.0" 301 77544 "-" "Mozilla/5.0 (compatible; MJ12bot/v1.4.8; http://mj12bot.com/)"
192.99.15.17 - - [15/Nov/2023:08:10:46 +0100] "GET /-p-14700.html HTTP/1.0" 200 77477 "-" "Mozilla/5.0 (compatible; MJ12bot/v1.4.8; http://mj12bot.com/)"
192.99.15.17 - - [15/Nov/2023:08:10:49 +0100] "GET /alarms-clocks-clocks-and-watches/watches/open-watch-black-union-jack-small-p-23225.html HTTP/1.0" 301 77544 "-" "Mozilla/5.0 (compatible; MJ12bot/v1.4.8; http://mj12bot.com/)"
192.99.15.17 - - [15/Nov/2023:08:10:52 +0100] "GET /-p-23225.html HTTP/1.0" 200 77477 "-" "Mozilla/5.0 (compatible; MJ12bot/v1.4.8; http://mj12bot.com/)"
47.128.19.68 - - [15/Nov/2023:08:10:53 +0100] "GET /chest-in-raw-wood-whitened-p-48072.html HTTP/1.0" 301 77643 "-" "Mozilla/5.0 (Linux; Android 5.0) AppleWebKit/537.36 (KHTML, like Gecko) Mobile Safari/537.36 (compatible; Bytespider; spider-feedback@bytedance.com)"
47.128.19.68 - - [15/Nov/2023:08:10:55 +0100] "GET /chest-wood-whitened-p-48072.html HTTP/1.0" 200 77557 "-" "Mozilla/5.0 (Linux; Android 5.0) AppleWebKit/537.36 (KHTML, like Gecko) Mobile Safari/537.36 (compatible; Bytespider; spider-feedback@bytedance.com)"
192.99.15.17 - - [15/Nov/2023:08:10:55 +0100] "GET /alarms-clocks-clocks-and-watches/watches/open-watch-blue-union-jack-for-women-small-p-23227.html HTTP/1.0" 301 77544 "-" "Mozilla/5.0 (compatible; MJ12bot/v1.4.8; http://mj12bot.com/)"
47.128.19.68 - - [15/Nov/2023:08:10:57 +0100] "GET /swfobject.js HTTP/1.0" 404 1308 "http://www.wonder-geek.com/chest-wood-whitened-p-48072.html" "Mozilla/5.0 (Linux; Android 5.0) AppleWebKit/537.36 (KHTML, like Gecko) Mobile Safari/537.36 (compatible; Bytespider; spider-feedback@bytedance.com)"
54.36.148.210 - - [15/Nov/2023:08:10:55 +0100] "GET /wooden-hanging-tree-decoration-p-58760.html HTTP/1.0" 200 80595 "-" "Mozilla/5.0 (compatible; AhrefsBot/7.0; +http://ahrefs.com/robot/)"
192.99.15.17 - - [15/Nov/2023:08:10:58 +0100] "GET /-p-23227.html HTTP/1.0" 200 77477 "-" "Mozilla/5.0 (compatible; MJ12bot/v1.4.8; http://mj12bot.com/)"
47.128.19.68 - - [15/Nov/2023:08:11:00 +0100] "GET /highslide/graphics/zoomout.cur HTTP/1.0" 200 614 "http://www.wonder-geek.com/chest-wood-whitened-p-48072.html" "Mozilla/5.0 (Linux; Android 5.0) AppleWebKit/537.36 (KHTML, like Gecko) Mobile Safari/537.36 (compatible; Bytespider; spider-feedback@bytedance.com)"
47.128.19.68 - - [15/Nov/2023:08:11:00 +0100] "GET /highslide/graphics/outlines/drop-shadow.png HTTP/1.0" 200 277 "http://www.wonder-geek.com/chest-wood-whitened-p-48072.html" "Mozilla/5.0 (Linux; Android 5.0) AppleWebKit/537.36 (KHTML, like Gecko) Mobile Safari/537.36 (compatible; Bytespider; spider-feedback@bytedance.com)"
192.99.15.17 - - [15/Nov/2023:08:11:01 +0100] "GET /alarms-clocks-clocks-and-watches/watches/open-watch-cccp-for-man-medium-p-17508.html HTTP/1.0" 301 77670 "-" "Mozilla/5.0 (compatible; MJ12bot/v1.4.8; http://mj12bot.com/)"
192.99.15.17 - - [15/Nov/2023:08:11:04 +0100] "GET /open-watch-cccp-medium-p-17508.html HTTP/1.0" 200 77581 "-" "Mozilla/5.0 (compatible; MJ12bot/v1.4.8; http://mj12bot.com/)"
192.99.15.17 - - [15/Nov/2023:08:11:07 +0100] "GET /alarms-clocks-clocks-and-watches/watches/open-watch-peace-and-love-strass-for-woman-small-p-23239.html HTTP/1.0" 301 77544 "-" "Mozilla/5.0 (compatible; MJ12bot/v1.4.8; http://mj12bot.com/)"
192.99.15.17 - - [15/Nov/2023:08:11:10 +0100] "GET /-p-23239.html HTTP/1.0" 200 77477 "-" "Mozilla/5.0 (compatible; MJ12bot/v1.4.8; http://mj12bot.com/)"
192.99.15.17 - - [15/Nov/2023:08:11:14 +0100] "GET /alarms-clocks-clocks-and-watches/watches/open-watch-peace-and-love-strass-medium-p-23236.html HTTP/1.0" 301 77544 "-" "Mozilla/5.0 (compatible; MJ12bot/v1.4.8; http://mj12bot.com/)"
192.99.15.17 - - [15/Nov/2023:08:11:16 +0100] "GET /-p-23236.html HTTP/1.0" 200 77477 "-" "Mozilla/5.0 (compatible; MJ12bot/v1.4.8; http://mj12bot.com/)"
192.99.15.17 - - [15/Nov/2023:08:11:20 +0100] "GET /alarms-clocks-clocks-and-watches/watches/princess-snow-white-educational-watch-p-1292.html HTTP/1.0" 301 77541 "-" "Mozilla/5.0 (compatible; MJ12bot/v1.4.8; http://mj12bot.com/)"
192.99.15.17 - - [15/Nov/2023:08:11:22 +0100] "GET /-p-1292.html HTTP/1.0" 200 77475 "-" "Mozilla/5.0 (compatible; MJ12bot/v1.4.8; http://mj12bot.com/)"
192.99.15.17 - - [15/Nov/2023:08:11:25 +0100] "GET /alpaca-nightlight-p-53133.html HTTP/1.0" 200 77543 "-" "Mozilla/5.0 (compatible; MJ12bot/v1.4.8; http://mj12bot.com/)"
192.99.15.17 - - [15/Nov/2023:08:11:28 +0100] "GET /angel-statue-holy-communion-p-51140.html HTTP/1.0" 200 77579 "-" "Mozilla/5.0 (compatible; MJ12bot/v1.4.8; http://mj12bot.com/)"
192.99.15.17 - - [15/Nov/2023:08:11:32 +0100] "GET /angeles-lakers-p-44955.html HTTP/1.0" 200 77539 "-" "Mozilla/5.0 (compatible; MJ12bot/v1.4.8; http://mj12bot.com/)"
192.99.15.17 - - [15/Nov/2023:08:11:35 +0100] "GET /antigua-clock-cbkreation-p-36797.html HTTP/1.0" 200 79857 "-" "Mozilla/5.0 (compatible; MJ12bot/v1.4.8; http://mj12bot.com/)"
192.99.15.17 - - [15/Nov/2023:08:11:38 +0100] "GET /aromatic-burner-flowers-beige-p-56898.html HTTP/1.0" 301 81494 "-" "Mozilla/5.0 (compatible; MJ12bot/v1.4.8; http://mj12bot.com/)"
192.99.15.17 - - [15/Nov/2023:08:11:41 +0100] "GET /aromatic-burner-flowers-brown-p-56898.html HTTP/1.0" 200 81398 "-" "Mozilla/5.0 (compatible; MJ12bot/v1.4.8; http://mj12bot.com/)"
47.128.19.42 - - [15/Nov/2023:08:11:43 +0100] "GET /luggages-schoolbags-leather-shop/pencil-case/top-model-kitten-pencil-case-p-26624.html HTTP/1.0" 301 77544 "-" "Mozilla/5.0 (Linux; Android 5.0) AppleWebKit/537.36 (KHTML, like Gecko) Mobile Safari/537.36 (compatible; Bytespider; spider-feedback@bytedance.com)"
54.36.148.84 - - [15/Nov/2023:08:11:43 +0100] "GET /burlap-round-table-appetit-p-55411.html HTTP/1.0" 200 80444 "-" "Mozilla/5.0 (compatible; AhrefsBot/7.0; +http://ahrefs.com/robot/)"
47.128.19.42 - - [15/Nov/2023:08:11:45 +0100] "GET /-p-26624.html HTTP/1.0" 200 77477 "-" "Mozilla/5.0 (Linux; Android 5.0) AppleWebKit/537.36 (KHTML, like Gecko) Mobile Safari/537.36 (compatible; Bytespider; spider-feedback@bytedance.com)"
192.99.15.17 - - [15/Nov/2023:08:11:44 +0100] "GET /aromatic-burner-flowers-brown-p-56898.html HTTP/1.0" 200 81398 "-" "Mozilla/5.0 (compatible; MJ12bot/v1.4.8; http://mj12bot.com/)"
47.128.19.42 - - [15/Nov/2023:08:11:47 +0100] "GET /swfobject.js HTTP/1.0" 404 1308 "http://www.wonder-geek.com/-p-26624.html" "Mozilla/5.0 (Linux; Android 5.0) AppleWebKit/537.36 (KHTML, like Gecko) Mobile Safari/537.36 (compatible; Bytespider; spider-feedback@bytedance.com)"
47.128.19.42 - - [15/Nov/2023:08:11:48 +0100] "GET /swfobject.js HTTP/1.0" 404 1308 "http://www.wonder-geek.com/-p-26624.html" "Mozilla/5.0 (Linux; Android 5.0) AppleWebKit/537.36 (KHTML, like Gecko) Mobile Safari/537.36 (compatible; Bytespider; spider-feedback@bytedance.com)"
192.99.15.17 - - [15/Nov/2023:08:11:48 +0100] "GET /aromatic-burner-flowers-green-p-56900.html HTTP/1.0" 200 80775 "-" "Mozilla/5.0 (compatible; MJ12bot/v1.4.8; http://mj12bot.com/)"
47.128.19.42 - - [15/Nov/2023:08:11:51 +0100] "GET /highslide/graphics/zoomout.cur HTTP/1.0" 200 614 "http://www.wonder-geek.com/-p-26624.html" "Mozilla/5.0 (Linux; Android 5.0) AppleWebKit/537.36 (KHTML, like Gecko) Mobile Safari/537.36 (compatible; Bytespider; spider-feedback@bytedance.com)"
47.128.19.42 - - [15/Nov/2023:08:11:51 +0100] "GET /highslide/graphics/outlines/drop-shadow.png HTTP/1.0" 200 277 "http://www.wonder-geek.com/-p-26624.html" "Mozilla/5.0 (Linux; Android 5.0) AppleWebKit/537.36 (KHTML, like Gecko) Mobile Safari/537.36 (compatible; Bytespider; spider-feedback@bytedance.com)"
192.99.15.17 - - [15/Nov/2023:08:11:51 +0100] "GET /audrey-hepburn-breakfast-tiffany-clock-p-6329.html HTTP/1.0" 200 80000 "-" "Mozilla/5.0 (compatible; MJ12bot/v1.4.8; http://mj12bot.com/)"
192.99.15.17 - - [15/Nov/2023:08:11:54 +0100] "GET /baby-girl-angel-statue-angel-baptism-p-51136.html HTTP/1.0" 200 80749 "-" "Mozilla/5.0 (compatible; MJ12bot/v1.4.8; http://mj12bot.com/)"
192.99.15.17 - - [15/Nov/2023:08:11:57 +0100] "GET /bohemian-pink-stoneware-trimmed-planter-p-58095.html HTTP/1.0" 200 80754 "-" "Mozilla/5.0 (compatible; MJ12bot/v1.4.8; http://mj12bot.com/)"
47.128.39.241 - - [15/Nov/2023:08:12:00 +0100] "GET /retro-blue-clock-39-27-cm-p-41843.html HTTP/1.0" 301 77633 "-" "Mozilla/5.0 (Linux; Android 5.0) AppleWebKit/537.36 (KHTML, like Gecko) Mobile Safari/537.36 (compatible; Bytespider; spider-feedback@bytedance.com)"
192.99.15.17 - - [15/Nov/2023:08:12:00 +0100] "GET /boho-resin-planter-p-58090.html HTTP/1.0" 301 80524 "-" "Mozilla/5.0 (compatible; MJ12bot/v1.4.8; http://mj12bot.com/)"
47.128.39.241 - - [15/Nov/2023:08:12:02 +0100] "GET /rtro-blue-clock-p-41843.html HTTP/1.0" 200 77551 "-" "Mozilla/5.0 (Linux; Android 5.0) AppleWebKit/537.36 (KHTML, like Gecko) Mobile Safari/537.36 (compatible; Bytespider; spider-feedback@bytedance.com)"
192.99.15.17 - - [15/Nov/2023:08:12:03 +0100] "GET /flowerpot-filled-with-white-feathers-resin-artificial-plant-p-58090.html HTTP/1.0" 200 80398 "-" "Mozilla/5.0 (compatible; MJ12bot/v1.4.8; http://mj12bot.com/)"
47.128.39.241 - - [15/Nov/2023:08:12:07 +0100] "GET /swfobject.js HTTP/1.0" 404 1308 "http://www.wonder-geek.com/rtro-blue-clock-p-41843.html" "Mozilla/5.0 (Linux; Android 5.0) AppleWebKit/537.36 (KHTML, like Gecko) Mobile Safari/537.36 (compatible; Bytespider; spider-feedback@bytedance.com)"
47.128.39.241 - - [15/Nov/2023:08:12:07 +0100] "GET /swfobject.js HTTP/1.0" 404 1308 "http://www.wonder-geek.com/rtro-blue-clock-p-41843.html" "Mozilla/5.0 (Linux; Android 5.0) AppleWebKit/537.36 (KHTML, like Gecko) Mobile Safari/537.36 (compatible; Bytespider; spider-feedback@bytedance.com)"
192.99.15.17 - - [15/Nov/2023:08:12:08 +0100] "GET /bookend-horse-busts-p-56911.html HTTP/1.0" 200 80414 "-" "Mozilla/5.0 (compatible; MJ12bot/v1.4.8; http://mj12bot.com/)"
192.99.15.17 - - [15/Nov/2023:08:12:11 +0100] "GET /borsalino-decorative-statue-p-34673.html HTTP/1.0" 301 77544 "-" "Mozilla/5.0 (compatible; MJ12bot/v1.4.8; http://mj12bot.com/)"
47.128.39.241 - - [15/Nov/2023:08:12:13 +0100] "GET /highslide/graphics/outlines/drop-shadow.png HTTP/1.0" 200 277 "http://www.wonder-geek.com/rtro-blue-clock-p-41843.html" "Mozilla/5.0 (Linux; Android 5.0) AppleWebKit/537.36 (KHTML, like Gecko) Mobile Safari/537.36 (compatible; Bytespider; spider-feedback@bytedance.com)"
47.128.39.241 - - [15/Nov/2023:08:12:13 +0100] "GET /highslide/graphics/zoomout.cur HTTP/1.0" 200 614 "http://www.wonder-geek.com/rtro-blue-clock-p-41843.html" "Mozilla/5.0 (Linux; Android 5.0) AppleWebKit/537.36 (KHTML, like Gecko) Mobile Safari/537.36 (compatible; Bytespider; spider-feedback@bytedance.com)"
192.99.15.17 - - [15/Nov/2023:08:12:14 +0100] "GET /-p-34673.html HTTP/1.0" 200 77477 "-" "Mozilla/5.0 (compatible; MJ12bot/v1.4.8; http://mj12bot.com/)"
192.99.15.17 - - [15/Nov/2023:08:12:17 +0100] "GET /bottle-holder-beer-bucket-c-12_224.html?page=1 HTTP/1.0" 200 97393 "-" "Mozilla/5.0 (compatible; MJ12bot/v1.4.8; http://mj12bot.com/)"
47.128.37.223 - - [15/Nov/2023:08:12:19 +0100] "GET /yellow-kitchen-timer-clock-p-40588.html HTTP/1.0" 200 77557 "-" "Mozilla/5.0 (Linux; Android 5.0) AppleWebKit/537.36 (KHTML, like Gecko) Mobile Safari/537.36 (compatible; Bytespider; spider-feedback@bytedance.com)"
47.128.37.223 - - [15/Nov/2023:08:12:21 +0100] "GET /swfobject.js HTTP/1.0" 404 1308 "http://www.wonder-geek.com/yellow-kitchen-timer-clock-p-40588.html" "Mozilla/5.0 (Linux; Android 5.0) AppleWebKit/537.36 (KHTML, like Gecko) Mobile Safari/537.36 (compatible; Bytespider; spider-feedback@bytedance.com)"
192.99.15.17 - - [15/Nov/2023:08:12:21 +0100] "GET /brown-lampshade-p-56062.html HTTP/1.0" 200 80705 "-" "Mozilla/5.0 (compatible; MJ12bot/v1.4.8; http://mj12bot.com/)"
192.99.15.17 - - [15/Nov/2023:08:12:24 +0100] "GET /cats-dubout-cotton-kitchen-apron-made-france-p-36641.html HTTP/1.0" 301 77544 "-" "Mozilla/5.0 (compatible; MJ12bot/v1.4.8; http://mj12bot.com/)"
54.36.148.17 - - [15/Nov/2023:08:12:24 +0100] "GET /large-candle-guardian-angel-p-57839.html HTTP/1.0" 200 81176 "-" "Mozilla/5.0 (compatible; AhrefsBot/7.0; +http://ahrefs.com/robot/)"
192.99.15.17 - - [15/Nov/2023:08:12:27 +0100] "GET /-p-36641.html HTTP/1.0" 200 77477 "-" "Mozilla/5.0 (compatible; MJ12bot/v1.4.8; http://mj12bot.com/)"
47.128.37.223 - - [15/Nov/2023:08:12:29 +0100] "GET /highslide/graphics/outlines/drop-shadow.png HTTP/1.0" 200 277 "http://www.wonder-geek.com/yellow-kitchen-timer-clock-p-40588.html" "Mozilla/5.0 (Linux; Android 5.0) AppleWebKit/537.36 (KHTML, like Gecko) Mobile Safari/537.36 (compatible; Bytespider; spider-feedback@bytedance.com)"
47.128.37.223 - - [15/Nov/2023:08:12:29 +0100] "GET /highslide/graphics/zoomout.cur HTTP/1.0" 200 614 "http://www.wonder-geek.com/yellow-kitchen-timer-clock-p-40588.html" "Mozilla/5.0 (Linux; Android 5.0) AppleWebKit/537.36 (KHTML, like Gecko) Mobile Safari/537.36 (compatible; Bytespider; spider-feedback@bytedance.com)"
192.99.15.17 - - [15/Nov/2023:08:12:30 +0100] "GET /cats-dubout-cotton-kitchen-apron-made-in-france-p-36641.html HTTP/1.0" 301 77544 "-" "Mozilla/5.0 (compatible; MJ12bot/v1.4.8; http://mj12bot.com/)"
192.99.15.17 - - [15/Nov/2023:08:12:33 +0100] "GET /-p-36641.html HTTP/1.0" 200 77477 "-" "Mozilla/5.0 (compatible; MJ12bot/v1.4.8; http://mj12bot.com/)"
192.99.15.17 - - [15/Nov/2023:08:12:36 +0100] "GET /cats-dubout-cutting-board-p-30403.html HTTP/1.0" 200 79857 "-" "Mozilla/5.0 (compatible; MJ12bot/v1.4.8; http://mj12bot.com/)"
192.99.15.17 - - [15/Nov/2023:08:12:39 +0100] "GET /cats-dubout-paper-towel-dispenser-p-40041.html HTTP/1.0" 301 77544 "-" "Mozilla/5.0 (compatible; MJ12bot/v1.4.8; http://mj12bot.com/)"
192.99.15.17 - - [15/Nov/2023:08:12:42 +0100] "GET /-p-40041.html HTTP/1.0" 200 77477 "-" "Mozilla/5.0 (compatible; MJ12bot/v1.4.8; http://mj12bot.com/)"
192.99.15.17 - - [15/Nov/2023:08:12:45 +0100] "GET /cats-dubout-placemat-p-40081.html HTTP/1.0" 200 79871 "-" "Mozilla/5.0 (compatible; MJ12bot/v1.4.8; http://mj12bot.com/)"
192.99.15.17 - - [15/Nov/2023:08:12:48 +0100] "GET /cats-dubout-placemat-p-40082.html HTTP/1.0" 200 79871 "-" "Mozilla/5.0 (compatible; MJ12bot/v1.4.8; http://mj12bot.com/)"
47.128.37.32 - - [15/Nov/2023:08:12:48 +0100] "GET /boys/socks-c-2_142.html HTTP/1.0" 301 86537 "-" "Mozilla/5.0 (Linux; Android 5.0) AppleWebKit/537.36 (KHTML, like Gecko) Mobile Safari/537.36 (compatible; Bytespider; spider-feedback@bytedance.com)"
47.128.37.32 - - [15/Nov/2023:08:12:50 +0100] "GET /socks-c-142.html HTTP/1.0" 301 86441 "-" "Mozilla/5.0 (Linux; Android 5.0) AppleWebKit/537.36 (KHTML, like Gecko) Mobile Safari/537.36 (compatible; Bytespider; spider-feedback@bytedance.com)"
192.99.15.17 - - [15/Nov/2023:08:12:51 +0100] "GET /cats-dubout-placemat-p-40083.html HTTP/1.0" 200 77547 "-" "Mozilla/5.0 (compatible; MJ12bot/v1.4.8; http://mj12bot.com/)"
47.128.37.32 - - [15/Nov/2023:08:12:52 +0100] "GET /socks-c-2_142.html HTTP/1.0" 200 86467 "-" "Mozilla/5.0 (Linux; Android 5.0) AppleWebKit/537.36 (KHTML, like Gecko) Mobile Safari/537.36 (compatible; Bytespider; spider-feedback@bytedance.com)"
47.128.37.32 - - [15/Nov/2023:08:12:54 +0100] "GET /swfobject.js HTTP/1.0" 404 1308 "http://www.wonder-geek.com/socks-c-2_142.html" "Mozilla/5.0 (Linux; Android 5.0) AppleWebKit/537.36 (KHTML, like Gecko) Mobile Safari/537.36 (compatible; Bytespider; spider-feedback@bytedance.com)"
47.128.37.32 - - [15/Nov/2023:08:12:54 +0100] "GET /js/jquery.min.js HTTP/1.0" 404 1308 "http://www.wonder-geek.com/socks-c-2_142.html" "Mozilla/5.0 (Linux; Android 5.0) AppleWebKit/537.36 (KHTML, like Gecko) Mobile Safari/537.36 (compatible; Bytespider; spider-feedback@bytedance.com)"
47.128.37.32 - - [15/Nov/2023:08:12:54 +0100] "GET /highslide/graphics/outlines/drop-shadow.png HTTP/1.0" 200 277 "http://www.wonder-geek.com/socks-c-2_142.html" "Mozilla/5.0 (Linux; Android 5.0) AppleWebKit/537.36 (KHTML, like Gecko) Mobile Safari/537.36 (compatible; Bytespider; spider-feedback@bytedance.com)"
47.128.37.32 - - [15/Nov/2023:08:12:54 +0100] "GET /highslide/graphics/zoomout.cur HTTP/1.0" 200 614 "http://www.wonder-geek.com/socks-c-2_142.html" "Mozilla/5.0 (Linux; Android 5.0) AppleWebKit/537.36 (KHTML, like Gecko) Mobile Safari/537.36 (compatible; Bytespider; spider-feedback@bytedance.com)"
192.99.15.17 - - [15/Nov/2023:08:12:54 +0100] "GET /cats-dubout-placemat-p-40084.html HTTP/1.0" 200 77547 "-" "Mozilla/5.0 (compatible; MJ12bot/v1.4.8; http://mj12bot.com/)"
192.99.15.17 - - [15/Nov/2023:08:12:57 +0100] "GET /cats-family-ceramic-dish-p-37403.html HTTP/1.0" 301 77544 "-" "Mozilla/5.0 (compatible; MJ12bot/v1.4.8; http://mj12bot.com/)"
192.99.15.17 - - [15/Nov/2023:08:13:00 +0100] "GET /-p-37403.html HTTP/1.0" 200 77477 "-" "Mozilla/5.0 (compatible; MJ12bot/v1.4.8; http://mj12bot.com/)"
192.99.15.17 - - [15/Nov/2023:08:13:03 +0100] "GET /cats-family-ceramic-pie-dish-p-37403.html HTTP/1.0" 301 77544 "-" "Mozilla/5.0 (compatible; MJ12bot/v1.4.8; http://mj12bot.com/)"
192.99.15.17 - - [15/Nov/2023:08:13:07 +0100] "GET /-p-37403.html HTTP/1.0" 200 77477 "-" "Mozilla/5.0 (compatible; MJ12bot/v1.4.8; http://mj12bot.com/)"
192.99.15.17 - - [15/Nov/2023:08:13:11 +0100] "GET /cats-figurines-black-flocked-resin-cats-wisdom-p-56904.html HTTP/1.0" 200 77675 "-" "Mozilla/5.0 (compatible; MJ12bot/v1.4.8; http://mj12bot.com/)"
192.99.15.17 - - [15/Nov/2023:08:13:14 +0100] "GET /cats-hairbrush-p-18962.html HTTP/1.0" 301 77544 "-" "Mozilla/5.0 (compatible; MJ12bot/v1.4.8; http://mj12bot.com/)"
192.99.15.17 - - [15/Nov/2023:08:13:18 +0100] "GET /-p-18962.html HTTP/1.0" 200 77477 "-" "Mozilla/5.0 (compatible; MJ12bot/v1.4.8; http://mj12bot.com/)"
54.36.149.73 - - [15/Nov/2023:08:13:19 +0100] "GET /oriental-ceramic-bowl-p-56180.html HTTP/1.0" 200 80381 "-" "Mozilla/5.0 (compatible; AhrefsBot/7.0; +http://ahrefs.com/robot/)"
192.99.15.17 - - [15/Nov/2023:08:13:21 +0100] "GET /cats-in-love-oven-mitt-p-43813.html HTTP/1.0" 301 79924 "-" "Mozilla/5.0 (compatible; MJ12bot/v1.4.8; http://mj12bot.com/)"
192.99.15.17 - - [15/Nov/2023:08:13:25 +0100] "GET /cats-love-oven-mitt-p-43813.html HTTP/1.0" 200 79838 "-" "Mozilla/5.0 (compatible; MJ12bot/v1.4.8; http://mj12bot.com/)"
192.99.15.17 - - [15/Nov/2023:08:13:28 +0100] "GET /cats-isothermic-stainless-steel-bottle-jewels-p-54547.html HTTP/1.0" 200 80752 "-" "Mozilla/5.0 (compatible; MJ12bot/v1.4.8; http://mj12bot.com/)"
40.77.167.38 - - [15/Nov/2023:08:13:30 +0100] "GET /decoration-thermometers-c-13_145.html HTTP/1.0" 200 97590 "-" "Mozilla/5.0 AppleWebKit/537.36 (KHTML, like Gecko; compatible; bingbot/2.0; +http://www.bing.com/bingbot.htm) Chrome/103.0.5060.134 Safari/537.36"
192.99.15.17 - - [15/Nov/2023:08:13:32 +0100] "GET /cats-love-oven-mitt-p-43813.html HTTP/1.0" 200 79838 "-" "Mozilla/5.0 (compatible; MJ12bot/v1.4.8; http://mj12bot.com/)"
192.99.15.17 - - [15/Nov/2023:08:13:36 +0100] "GET /cats-saltshaker-and-pepper-pot-p-28653.html HTTP/1.0" 301 77544 "-" "Mozilla/5.0 (compatible; MJ12bot/v1.4.8; http://mj12bot.com/)"
192.99.15.17 - - [15/Nov/2023:08:13:40 +0100] "GET /-p-28653.html HTTP/1.0" 200 77477 "-" "Mozilla/5.0 (compatible; MJ12bot/v1.4.8; http://mj12bot.com/)"
192.99.15.17 - - [15/Nov/2023:08:13:43 +0100] "GET /cats-stars-dish-cake-p-37910.html HTTP/1.0" 301 77544 "-" "Mozilla/5.0 (compatible; MJ12bot/v1.4.8; http://mj12bot.com/)"
17.241.75.144 - - [15/Nov/2023:08:13:46 +0100] "GET /league-passport-case-p-24992.html HTTP/1.0" 200 80506 "-" "Mozilla/5.0 (Macintosh; Intel Mac OS X 10_15_5) AppleWebKit/605.1.15 (KHTML, like Gecko) Version/13.1.1 Safari/605.1.15 (Applebot/0.1; +http://www.apple.com/go/applebot)"
192.99.15.17 - - [15/Nov/2023:08:13:47 +0100] "GET /-p-37910.html HTTP/1.0" 200 77477 "-" "Mozilla/5.0 (compatible; MJ12bot/v1.4.8; http://mj12bot.com/)"
17.241.75.184 - - [15/Nov/2023:08:13:50 +0100] "GET /orange-kitchen-towel-p-44418.html HTTP/1.0" 200 79842 "-" "Mozilla/5.0 (Macintosh; Intel Mac OS X 10_15_5) AppleWebKit/605.1.15 (KHTML, like Gecko) Version/13.1.1 Safari/605.1.15 (Applebot/0.1; +http://www.apple.com/go/applebot)"
192.99.15.17 - - [15/Nov/2023:08:13:50 +0100] "GET /cee-mouse-pad-cbkreation-p-13985.html HTTP/1.0" 301 79876 "-" "Mozilla/5.0 (compatible; MJ12bot/v1.4.8; http://mj12bot.com/)"
192.99.15.17 - - [15/Nov/2023:08:13:53 +0100] "GET /mouse-cbkreation-p-13985.html HTTP/1.0" 200 79793 "-" "Mozilla/5.0 (compatible; MJ12bot/v1.4.8; http://mj12bot.com/)"
47.76.57.30 - - [15/Nov/2023:08:13:56 +0100] "GET /images/mini_prod/1384010190029.jpg HTTP/1.0" 200 269 "-" "Mozilla/5.0 (X11; Ubuntu; Linux x86_64; rv:72.0) Gecko/20100101 Firefox/72.0"
192.99.15.17 - - [15/Nov/2023:08:13:56 +0100] "GET /cement-glasses-flower-p-56909.html HTTP/1.0" 200 77559 "-" "Mozilla/5.0 (compatible; MJ12bot/v1.4.8; http://mj12bot.com/)"
192.99.15.17 - - [15/Nov/2023:08:14:01 +0100] "GET /cement-lamp-p-59122.html HTTP/1.0" 200 80936 "-" "Mozilla/5.0 (compatible; MJ12bot/v1.4.8; http://mj12bot.com/)"
192.99.15.17 - - [15/Nov/2023:08:14:05 +0100] "GET /ceramic-and-cork-trivet-18-cm-cement-tiles-p-53064.html HTTP/1.0" 301 80069 "-" "Mozilla/5.0 (compatible; MJ12bot/v1.4.8; http://mj12bot.com/)"
192.99.15.17 - - [15/Nov/2023:08:14:08 +0100] "GET /ceramic-cork-trivet-cement-tiles-p-53064.html HTTP/1.0" 200 79970 "-" "Mozilla/5.0 (compatible; MJ12bot/v1.4.8; http://mj12bot.com/)"
192.99.15.17 - - [15/Nov/2023:08:14:11 +0100] "GET /ceramic-and-cork-trivet-18-cm-mandala-p-53070.html HTTP/1.0" 301 80030 "-" "Mozilla/5.0 (compatible; MJ12bot/v1.4.8; http://mj12bot.com/)"
54.36.148.118 - - [15/Nov/2023:08:14:14 +0100] "GET /iphone-silicone-shell-audiocassette-p-18939.html HTTP/1.0" 200 83231 "-" "Mozilla/5.0 (compatible; AhrefsBot/7.0; +http://ahrefs.com/robot/)"
192.99.15.17 - - [15/Nov/2023:08:14:15 +0100] "GET /ceramic-cork-trivet-mandala-p-53070.html HTTP/1.0" 200 79936 "-" "Mozilla/5.0 (compatible; MJ12bot/v1.4.8; http://mj12bot.com/)"
54.36.148.229 - - [15/Nov/2023:08:14:19 +0100] "GET /images/3079091105403.jpg HTTP/1.0" 200 259 "-" "Mozilla/5.0 (compatible; AhrefsBot/7.0; +http://ahrefs.com/robot/)"
192.99.15.17 - - [15/Nov/2023:08:14:18 +0100] "GET /ceramic-and-wooden-coffee-pot-14-cm-p-42167.html HTTP/1.0" 301 77667 "-" "Mozilla/5.0 (compatible; MJ12bot/v1.4.8; http://mj12bot.com/)"
192.99.15.17 - - [15/Nov/2023:08:14:22 +0100] "GET /ceramic-wooden-coffee-p-42167.html HTTP/1.0" 200 77579 "-" "Mozilla/5.0 (compatible; MJ12bot/v1.4.8; http://mj12bot.com/)"
192.99.15.17 - - [15/Nov/2023:08:14:25 +0100] "GET /ceramic-bowl-in-relief-peux-pas-ai-tit-dej-p-45507.html HTTP/1.0" 301 77544 "-" "Mozilla/5.0 (compatible; MJ12bot/v1.4.8; http://mj12bot.com/)"
192.99.15.17 - - [15/Nov/2023:08:14:28 +0100] "GET /-p-45507.html HTTP/1.0" 200 77477 "-" "Mozilla/5.0 (compatible; MJ12bot/v1.4.8; http://mj12bot.com/)"
192.99.15.17 - - [15/Nov/2023:08:14:32 +0100] "GET /ceramic-bowl-relief-peux-p-45507.html HTTP/1.0" 301 77544 "-" "Mozilla/5.0 (compatible; MJ12bot/v1.4.8; http://mj12bot.com/)"
192.99.15.17 - - [15/Nov/2023:08:14:35 +0100] "GET /-p-45507.html HTTP/1.0" 200 77477 "-" "Mozilla/5.0 (compatible; MJ12bot/v1.4.8; http://mj12bot.com/)"
192.99.15.17 - - [15/Nov/2023:08:14:39 +0100] "GET /ceramic-cork-trivet-cement-tiles-p-53064.html HTTP/1.0" 200 79970 "-" "Mozilla/5.0 (compatible; MJ12bot/v1.4.8; http://mj12bot.com/)"
192.99.15.17 - - [15/Nov/2023:08:14:42 +0100] "GET /ceramic-cork-trivet-mandala-p-53070.html HTTP/1.0" 200 79936 "-" "Mozilla/5.0 (compatible; MJ12bot/v1.4.8; http://mj12bot.com/)"
192.99.15.17 - - [15/Nov/2023:08:14:46 +0100] "GET /ceramic-face-vase-silver-p-53124.html HTTP/1.0" 200 77563 "-" "Mozilla/5.0 (compatible; MJ12bot/v1.4.8; http://mj12bot.com/)"
192.99.15.17 - - [15/Nov/2023:08:14:49 +0100] "GET /ceramic-incense-burner-p-58422.html HTTP/1.0" 200 80595 "-" "Mozilla/5.0 (compatible; MJ12bot/v1.4.8; http://mj12bot.com/)"
192.99.15.17 - - [15/Nov/2023:08:14:52 +0100] "GET /ceramic-incense-burner-p-58425.html HTTP/1.0" 200 80595 "-" "Mozilla/5.0 (compatible; MJ12bot/v1.4.8; http://mj12bot.com/)"
192.99.15.17 - - [15/Nov/2023:08:14:56 +0100] "GET /ceramic-lamp-beige-background-p-54585.html HTTP/1.0" 301 77544 "-" "Mozilla/5.0 (compatible; MJ12bot/v1.4.8; http://mj12bot.com/)"
192.99.15.17 - - [15/Nov/2023:08:14:59 +0100] "GET /-p-54585.html HTTP/1.0" 200 77477 "-" "Mozilla/5.0 (compatible; MJ12bot/v1.4.8; http://mj12bot.com/)"
192.99.15.17 - - [15/Nov/2023:08:15:02 +0100] "GET /ceramic-mug-skull-with-pistol-p-53007.html HTTP/1.0" 301 77667 "-" "Mozilla/5.0 (compatible; MJ12bot/v1.4.8; http://mj12bot.com/)"
54.36.149.49 - - [15/Nov/2023:08:15:04 +0100] "GET /gorjuss-wallet-pastel-pattern-print-toadstools-p-34748.html HTTP/1.0" 200 81227 "-" "Mozilla/5.0 (compatible; AhrefsBot/7.0; +http://ahrefs.com/robot/)"
192.99.15.17 - - [15/Nov/2023:08:15:06 +0100] "GET /ceramic-skull-with-pistol-p-53007.html HTTP/1.0" 200 77575 "-" "Mozilla/5.0 (compatible; MJ12bot/v1.4.8; http://mj12bot.com/)"
192.99.15.17 - - [15/Nov/2023:08:15:10 +0100] "GET /ceramic-salt-aderne-p-47877.html HTTP/1.0" 200 77537 "-" "Mozilla/5.0 (compatible; MJ12bot/v1.4.8; http://mj12bot.com/)"
192.99.15.17 - - [15/Nov/2023:08:15:13 +0100] "GET /ceramic-salt-box-aderne-p-47877.html HTTP/1.0" 301 77623 "-" "Mozilla/5.0 (compatible; MJ12bot/v1.4.8; http://mj12bot.com/)"
192.99.15.17 - - [15/Nov/2023:08:15:18 +0100] "GET /ceramic-salt-aderne-p-47877.html HTTP/1.0" 200 77537 "-" "Mozilla/5.0 (compatible; MJ12bot/v1.4.8; http://mj12bot.com/)"
192.99.15.17 - - [15/Nov/2023:08:15:21 +0100] "GET /ceramic-salt-box-with-spoon-aderne-blue-p-47870.html HTTP/1.0" 301 77693 "-" "Mozilla/5.0 (compatible; MJ12bot/v1.4.8; http://mj12bot.com/)"
192.99.15.17 - - [15/Nov/2023:08:15:25 +0100] "GET /ceramic-salt-with-spoon-aderne-blue-p-47870.html HTTP/1.0" 200 77591 "-" "Mozilla/5.0 (compatible; MJ12bot/v1.4.8; http://mj12bot.com/)"
192.99.15.17 - - [15/Nov/2023:08:15:28 +0100] "GET /ceramic-salt-box-with-spoon-aderne-p-47869.html HTTP/1.0" 301 77678 "-" "Mozilla/5.0 (compatible; MJ12bot/v1.4.8; http://mj12bot.com/)"
192.99.15.17 - - [15/Nov/2023:08:15:32 +0100] "GET /ceramic-salt-with-spoon-aderne-p-47869.html HTTP/1.0" 200 77581 "-" "Mozilla/5.0 (compatible; MJ12bot/v1.4.8; http://mj12bot.com/)"
54.36.148.102 - - [15/Nov/2023:08:15:34 +0100] "GET /moroccan-ashtray-p-52726.html HTTP/1.0" 200 80350 "-" "Mozilla/5.0 (compatible; AhrefsBot/7.0; +http://ahrefs.com/robot/)"
