52.70.240.171 - - [15/Nov/2023:06:02:48 +0100] "GET /stickers-c-129_50.html HTTP/1.0" 200 90556 "-" "Mozilla/5.0 (Macintosh; Intel Mac OS X 10_10_1) AppleWebKit/600.2.5 (KHTML, like Gecko) Version/8.0.2 Safari/600.2.5 (Amazonbot/0.1; +https://developer.amazon.com/support/amazonbot)"
193.70.81.106 - - [15/Nov/2023:06:02:49 +0100] "GET /luminous-guardian-angel-porcelain-10-cm-heart-p-44967.html HTTP/1.0" 301 77635 "-" "Mozilla/5.0 (compatible; MJ12bot/v1.4.8; http://mj12bot.com/)"
157.90.182.25 - - [15/Nov/2023:06:02:50 +0100] "GET /yoga-cats-balancing-stick-posture-statuette-p-55069.html HTTP/1.0" 200 80068 "-" "Mozilla/5.0 (compatible; BLEXBot/1.0; +http://webmeup-crawler.com/)"
23.22.35.162 - - [15/Nov/2023:06:02:52 +0100] "GET /bath-c-11_269_267.html HTTP/1.0" 200 91101 "-" "Mozilla/5.0 (Macintosh; Intel Mac OS X 10_10_1) AppleWebKit/600.2.5 (KHTML, like Gecko) Version/8.0.2 Safari/600.2.5 (Amazonbot/0.1; +https://developer.amazon.com/support/amazonbot)"
193.70.81.106 - - [15/Nov/2023:06:02:52 +0100] "GET /luminous-guardian-angel-porcelain-heart-p-44967.html HTTP/1.0" 200 77529 "-" "Mozilla/5.0 (compatible; MJ12bot/v1.4.8; http://mj12bot.com/)"
157.90.182.25 - - [15/Nov/2023:06:02:55 +0100] "GET /yoga-indigo-gray-1000-p-51550.html HTTP/1.0" 200 81277 "-" "Mozilla/5.0 (compatible; BLEXBot/1.0; +http://webmeup-crawler.com/)"
52.70.240.171 - - [15/Nov/2023:06:02:55 +0100] "GET /school-trolley-c-31_169.html HTTP/1.0" 200 88004 "-" "Mozilla/5.0 (Macintosh; Intel Mac OS X 10_10_1) AppleWebKit/600.2.5 (KHTML, like Gecko) Version/8.0.2 Safari/600.2.5 (Amazonbot/0.1; +https://developer.amazon.com/support/amazonbot)"
193.70.81.106 - - [15/Nov/2023:06:02:55 +0100] "GET /luminous-guardian-angel-porcelain-book-p-44969.html HTTP/1.0" 200 77527 "-" "Mozilla/5.0 (compatible; MJ12bot/v1.4.8; http://mj12bot.com/)"
193.70.81.106 - - [15/Nov/2023:06:02:59 +0100] "GET /luminous-guardian-angel-porcelain-heart-p-44967.html HTTP/1.0" 200 77529 "-" "Mozilla/5.0 (compatible; MJ12bot/v1.4.8; http://mj12bot.com/)"
157.90.182.25 - - [15/Nov/2023:06:03:00 +0100] "GET /yoga-purple-1000-p-51551.html HTTP/1.0" 200 81382 "-" "Mozilla/5.0 (compatible; BLEXBot/1.0; +http://webmeup-crawler.com/)"
54.36.148.55 - - [15/Nov/2023:06:03:01 +0100] "GET /carpet-jute-cotton-p-58107.html HTTP/1.0" 200 80942 "-" "Mozilla/5.0 (compatible; AhrefsBot/7.0; +http://ahrefs.com/robot/)"
193.70.81.106 - - [15/Nov/2023:06:03:02 +0100] "GET /marilyn-monroe-clock-p-20707.html HTTP/1.0" 200 77453 "-" "Mozilla/5.0 (compatible; MJ12bot/v1.4.8; http://mj12bot.com/)"
193.70.81.106 - - [15/Nov/2023:06:03:05 +0100] "GET /mini-plush-keeleco-friendly-snow-leopard-p-60138.html HTTP/1.0" 200 81439 "-" "Mozilla/5.0 (compatible; MJ12bot/v1.4.8; http://mj12bot.com/)"
157.90.182.25 - - [15/Nov/2023:06:03:06 +0100] "GET /yoga-statuette-p-53026.html HTTP/1.0" 200 79819 "-" "Mozilla/5.0 (compatible; BLEXBot/1.0; +http://webmeup-crawler.com/)"
193.70.81.106 - - [15/Nov/2023:06:03:08 +0100] "GET /mouse-cbkreation-p-13985.html HTTP/1.0" 200 79699 "-" "Mozilla/5.0 (compatible; MJ12bot/v1.4.8; http://mj12bot.com/)"
47.128.29.148 - - [15/Nov/2023:06:03:11 +0100] "GET /dishes/mugs-and-mazagrans/paris-macaroon-mug-p-24303.html HTTP/1.0" 301 77450 "-" "Mozilla/5.0 (Linux; Android 5.0) AppleWebKit/537.36 (KHTML, like Gecko) Mobile Safari/537.36 (compatible; Bytespider; spider-feedback@bytedance.com)"
193.70.81.106 - - [15/Nov/2023:06:03:11 +0100] "GET /mouse-cbkreation-p-23325.html HTTP/1.0" 200 79767 "-" "Mozilla/5.0 (compatible; MJ12bot/v1.4.8; http://mj12bot.com/)"
157.90.182.25 - - [15/Nov/2023:06:03:11 +0100] "GET /yogi-yogini-yogamat-blue-p-48662.html HTTP/1.0" 200 80365 "-" "Mozilla/5.0 (compatible; BLEXBot/1.0; +http://webmeup-crawler.com/)"
47.128.29.148 - - [15/Nov/2023:06:03:12 +0100] "GET /-p-24303.html HTTP/1.0" 200 77383 "-" "Mozilla/5.0 (Linux; Android 5.0) AppleWebKit/537.36 (KHTML, like Gecko) Mobile Safari/537.36 (compatible; Bytespider; spider-feedback@bytedance.com)"
47.128.29.148 - - [15/Nov/2023:06:03:14 +0100] "GET /swfobject.js HTTP/1.0" 404 1308 "http://www.wonder-geek.com/-p-24303.html" "Mozilla/5.0 (Linux; Android 5.0) AppleWebKit/537.36 (KHTML, like Gecko) Mobile Safari/537.36 (compatible; Bytespider; spider-feedback@bytedance.com)"
193.70.81.106 - - [15/Nov/2023:06:03:13 +0100] "GET /nativity-statuette-under-star-shepherd-p-49522.html HTTP/1.0" 200 80087 "-" "Mozilla/5.0 (compatible; MJ12bot/v1.4.8; http://mj12bot.com/)"
87.250.224.26 - - [15/Nov/2023:06:03:14 +0100] "GET /pink-p-45708.html HTTP/1.0" 301 77450 "-" "Mozilla/5.0 (compatible; YandexBot/3.0; +http://yandex.com/bots)"
5.255.231.136 - - [15/Nov/2023:06:03:16 +0100] "GET /-p-45708.html HTTP/1.0" 200 77383 "-" "Mozilla/5.0 (compatible; YandexBot/3.0; +http://yandex.com/bots)"
47.128.29.148 - - [15/Nov/2023:06:03:17 +0100] "GET /highslide/graphics/outlines/drop-shadow.png HTTP/1.0" 200 277 "http://www.wonder-geek.com/-p-24303.html" "Mozilla/5.0 (Linux; Android 5.0) AppleWebKit/537.36 (KHTML, like Gecko) Mobile Safari/537.36 (compatible; Bytespider; spider-feedback@bytedance.com)"
47.128.29.148 - - [15/Nov/2023:06:03:17 +0100] "GET /highslide/graphics/zoomout.cur HTTP/1.0" 200 614 "http://www.wonder-geek.com/-p-24303.html" "Mozilla/5.0 (Linux; Android 5.0) AppleWebKit/537.36 (KHTML, like Gecko) Mobile Safari/537.36 (compatible; Bytespider; spider-feedback@bytedance.com)"
193.70.81.106 - - [15/Nov/2023:06:03:16 +0100] "GET /petit-beurre-nantais-mini-metal-tray-p-40092.html HTTP/1.0" 200 77523 "-" "Mozilla/5.0 (compatible; MJ12bot/v1.4.8; http://mj12bot.com/)"
157.90.182.25 - - [15/Nov/2023:06:03:17 +0100] "GET /yogi-yogini-yogamat-grey-p-49033.html HTTP/1.0" 200 80356 "-" "Mozilla/5.0 (compatible; BLEXBot/1.0; +http://webmeup-crawler.com/)"
193.70.81.106 - - [15/Nov/2023:06:03:19 +0100] "GET /provence-lavender-clock-p-14805.html HTTP/1.0" 200 77465 "-" "Mozilla/5.0 (compatible; MJ12bot/v1.4.8; http://mj12bot.com/)"
193.70.81.106 - - [15/Nov/2023:06:03:22 +0100] "GET /quenotte-vnus-tooth-p-60126.html HTTP/1.0" 200 77459 "-" "Mozilla/5.0 (compatible; MJ12bot/v1.4.8; http://mj12bot.com/)"
157.90.182.25 - - [15/Nov/2023:06:03:22 +0100] "GET /yogi-yogini-yogamat-pink-p-48360.html HTTP/1.0" 200 80365 "-" "Mozilla/5.0 (compatible; BLEXBot/1.0; +http://webmeup-crawler.com/)"
193.70.81.106 - - [15/Nov/2023:06:03:25 +0100] "GET /rainbow-unicorn-pendulum-allen-designs-p-45144.html HTTP/1.0" 200 79955 "-" "Mozilla/5.0 (compatible; MJ12bot/v1.4.8; http://mj12bot.com/)"
193.70.81.106 - - [15/Nov/2023:06:03:28 +0100] "GET /retro-transistor-clock-p-55768.html HTTP/1.0" 200 77461 "-" "Mozilla/5.0 (compatible; MJ12bot/v1.4.8; http://mj12bot.com/)"
157.90.182.25 - - [15/Nov/2023:06:03:28 +0100] "GET /yogi-yogini-yogamat-purple-p-48660.html HTTP/1.0" 200 80382 "-" "Mozilla/5.0 (compatible; BLEXBot/1.0; +http://webmeup-crawler.com/)"
193.70.81.106 - - [15/Nov/2023:06:03:30 +0100] "GET /salt-with-spoon-cabourg-p-47866.html HTTP/1.0" 200 77477 "-" "Mozilla/5.0 (compatible; MJ12bot/v1.4.8; http://mj12bot.com/)"
157.90.182.25 - - [15/Nov/2023:06:03:33 +0100] "GET /yogi-yogini-yogamat-purple-p-48661.html HTTP/1.0" 200 80382 "-" "Mozilla/5.0 (compatible; BLEXBot/1.0; +http://webmeup-crawler.com/)"
193.70.81.106 - - [15/Nov/2023:06:03:33 +0100] "GET /vase-shape-pitcher-p-58073.html HTTP/1.0" 301 77607 "-" "Mozilla/5.0 (compatible; MJ12bot/v1.4.8; http://mj12bot.com/)"
193.70.81.106 - - [15/Nov/2023:06:03:36 +0100] "GET /handmade-vase-shape-pitcher-p-58073.html HTTP/1.0" 200 77513 "-" "Mozilla/5.0 (compatible; MJ12bot/v1.4.8; http://mj12bot.com/)"
157.90.182.25 - - [15/Nov/2023:06:03:37 +0100] "GET /yogini-figurine-lotus-position-p-61000.html HTTP/1.0" 200 80036 "-" "Mozilla/5.0 (compatible; BLEXBot/1.0; +http://webmeup-crawler.com/)"
54.36.148.130 - - [15/Nov/2023:06:03:40 +0100] "GET /bowl-with-hole-barfing-white-1000-made-germany-p-57646.html HTTP/1.0" 200 82551 "-" "Mozilla/5.0 (compatible; AhrefsBot/7.0; +http://ahrefs.com/robot/)"
47.128.34.120 - - [15/Nov/2023:06:03:40 +0100] "GET /bolster-case-45-185-cm-olive-green-p-36586.html HTTP/1.0" 301 80121 "-" "Mozilla/5.0 (Linux; Android 5.0) AppleWebKit/537.36 (KHTML, like Gecko) Mobile Safari/537.36 (compatible; Bytespider; spider-feedback@bytedance.com)"
47.128.34.120 - - [15/Nov/2023:06:03:41 +0100] "GET /bolster-case-apple-green-p-36586.html HTTP/1.0" 200 80030 "-" "Mozilla/5.0 (Linux; Android 5.0) AppleWebKit/537.36 (KHTML, like Gecko) Mobile Safari/537.36 (compatible; Bytespider; spider-feedback@bytedance.com)"
47.128.34.120 - - [15/Nov/2023:06:03:43 +0100] "GET /swfobject.js HTTP/1.0" 404 1308 "http://www.wonder-geek.com/bolster-case-apple-green-p-36586.html" "Mozilla/5.0 (Linux; Android 5.0) AppleWebKit/537.36 (KHTML, like Gecko) Mobile Safari/537.36 (compatible; Bytespider; spider-feedback@bytedance.com)"
157.90.182.25 - - [15/Nov/2023:06:03:43 +0100] "GET /yogini-figurine-white-resin-p-61001.html HTTP/1.0" 200 80012 "-" "Mozilla/5.0 (compatible; BLEXBot/1.0; +http://webmeup-crawler.com/)"
47.128.34.120 - - [15/Nov/2023:06:03:47 +0100] "GET /highslide/graphics/zoomin.cur HTTP/1.0" 200 614 "http://www.wonder-geek.com/templates/Pixame_v1/stylesheet.css" "Mozilla/5.0 (Linux; Android 5.0) AppleWebKit/537.36 (KHTML, like Gecko) Mobile Safari/537.36 (compatible; Bytespider; spider-feedback@bytedance.com)"
47.128.34.120 - - [15/Nov/2023:06:03:48 +0100] "GET /highslide/graphics/zoomout.cur HTTP/1.0" 200 614 "http://www.wonder-geek.com/bolster-case-apple-green-p-36586.html" "Mozilla/5.0 (Linux; Android 5.0) AppleWebKit/537.36 (KHTML, like Gecko) Mobile Safari/537.36 (compatible; Bytespider; spider-feedback@bytedance.com)"
47.128.34.120 - - [15/Nov/2023:06:03:48 +0100] "GET /highslide/graphics/outlines/drop-shadow.png HTTP/1.0" 200 277 "http://www.wonder-geek.com/bolster-case-apple-green-p-36586.html" "Mozilla/5.0 (Linux; Android 5.0) AppleWebKit/537.36 (KHTML, like Gecko) Mobile Safari/537.36 (compatible; Bytespider; spider-feedback@bytedance.com)"
47.128.34.120 - - [15/Nov/2023:06:03:48 +0100] "GET /images/big_prod/BB1384010191309NN.jpg HTTP/1.0" 200 272 "http://www.wonder-geek.com/bolster-case-apple-green-p-36586.html" "Mozilla/5.0 (Linux; Android 5.0) AppleWebKit/537.36 (KHTML, like Gecko) Mobile Safari/537.36 (compatible; Bytespider; spider-feedback@bytedance.com)"
157.90.182.25 - - [15/Nov/2023:06:03:48 +0100] "GET /yogini-yogini-yoga-jute-p-51549.html HTTP/1.0" 200 81249 "-" "Mozilla/5.0 (compatible; BLEXBot/1.0; +http://webmeup-crawler.com/)"
182.22.30.86 - - [15/Nov/2023:06:03:52 +0100] "GET /stationery-cardmaking-c-129.html HTTP/1.0" 200 99320 "-" "Mozilla/5.0 (compatible; Y!J-WSC/1.0; +https://yahoo.jp/3BSZgF)"
157.90.182.25 - - [15/Nov/2023:06:03:53 +0100] "GET /yogini-yogini-yoga-jute-violet-p-45292.html HTTP/1.0" 200 81336 "-" "Mozilla/5.0 (compatible; BLEXBot/1.0; +http://webmeup-crawler.com/)"
182.22.30.90 - - [15/Nov/2023:06:03:57 +0100] "GET /js/jquery.min.js HTTP/1.0" 404 1308 "http://www.wonder-geek.com/stationery-cardmaking-c-129.html" "Mozilla/5.0 (Windows NT 10.0; Win64; x64) AppleWebKit/537.36 (KHTML, like Gecko; compatible; Y!J-WSC/1.0; +https://yahoo.jp/3BSZgF) Chrome/116.0.0.0 Safari/537.36"
157.90.182.25 - - [15/Nov/2023:06:03:58 +0100] "GET /york-liberty-pencil-p-23972.html HTTP/1.0" 200 79795 "-" "Mozilla/5.0 (compatible; BLEXBot/1.0; +http://webmeup-crawler.com/)"
157.90.182.25 - - [15/Nov/2023:06:04:04 +0100] "GET /york-pencil-cbkreation-p-29701.html HTTP/1.0" 200 79785 "-" "Mozilla/5.0 (compatible; BLEXBot/1.0; +http://webmeup-crawler.com/)"
157.90.182.25 - - [15/Nov/2023:06:04:11 +0100] "GET /york-shirt-p-29599.html HTTP/1.0" 200 80947 "-" "Mozilla/5.0 (compatible; BLEXBot/1.0; +http://webmeup-crawler.com/)"
157.90.182.25 - - [15/Nov/2023:06:04:17 +0100] "GET /york-yankees-black-bowling-p-11593.html HTTP/1.0" 200 80172 "-" "Mozilla/5.0 (compatible; BLEXBot/1.0; +http://webmeup-crawler.com/)"
54.36.148.181 - - [15/Nov/2023:06:04:18 +0100] "GET /cats-mini-melamine-tray-p-53814.html HTTP/1.0" 200 77465 "-" "Mozilla/5.0 (compatible; AhrefsBot/7.0; +http://ahrefs.com/robot/)"
157.90.182.25 - - [15/Nov/2023:06:04:22 +0100] "GET /york-yankees-black-post-office-p-19821.html HTTP/1.0" 200 80205 "-" "Mozilla/5.0 (compatible; BLEXBot/1.0; +http://webmeup-crawler.com/)"
47.128.36.161 - - [15/Nov/2023:06:04:25 +0100] "GET /blue-retro-shoulder-bag-p-48761.html HTTP/1.0" 301 79991 "-" "Mozilla/5.0 (Linux; Android 5.0) AppleWebKit/537.36 (KHTML, like Gecko) Mobile Safari/537.36 (compatible; Bytespider; spider-feedback@bytedance.com)"
47.128.36.161 - - [15/Nov/2023:06:04:26 +0100] "GET /blue-retro-shoulder-p-48761.html HTTP/1.0" 200 79905 "-" "Mozilla/5.0 (Linux; Android 5.0) AppleWebKit/537.36 (KHTML, like Gecko) Mobile Safari/537.36 (compatible; Bytespider; spider-feedback@bytedance.com)"
157.90.182.25 - - [15/Nov/2023:06:04:27 +0100] "GET /york-yankees-blue-post-office-p-14498.html HTTP/1.0" 200 81318 "-" "Mozilla/5.0 (compatible; BLEXBot/1.0; +http://webmeup-crawler.com/)"
47.128.36.161 - - [15/Nov/2023:06:04:29 +0100] "GET /swfobject.js HTTP/1.0" 404 1308 "http://www.wonder-geek.com/blue-retro-shoulder-p-48761.html" "Mozilla/5.0 (Linux; Android 5.0) AppleWebKit/537.36 (KHTML, like Gecko) Mobile Safari/537.36 (compatible; Bytespider; spider-feedback@bytedance.com)"
47.128.36.161 - - [15/Nov/2023:06:04:34 +0100] "GET /highslide/graphics/zoomin.cur HTTP/1.0" 200 614 "http://www.wonder-geek.com/templates/Pixame_v1/stylesheet.css" "Mozilla/5.0 (Linux; Android 5.0) AppleWebKit/537.36 (KHTML, like Gecko) Mobile Safari/537.36 (compatible; Bytespider; spider-feedback@bytedance.com)"
157.90.182.25 - - [15/Nov/2023:06:04:33 +0100] "GET /york-yankees-cover-iphone-p-19097.html HTTP/1.0" 200 80059 "-" "Mozilla/5.0 (compatible; BLEXBot/1.0; +http://webmeup-crawler.com/)"
47.128.36.161 - - [15/Nov/2023:06:04:35 +0100] "GET /highslide/graphics/outlines/drop-shadow.png HTTP/1.0" 200 277 "http://www.wonder-geek.com/blue-retro-shoulder-p-48761.html" "Mozilla/5.0 (Linux; Android 5.0) AppleWebKit/537.36 (KHTML, like Gecko) Mobile Safari/537.36 (compatible; Bytespider; spider-feedback@bytedance.com)"
47.128.36.161 - - [15/Nov/2023:06:04:35 +0100] "GET /highslide/graphics/zoomout.cur HTTP/1.0" 200 614 "http://www.wonder-geek.com/blue-retro-shoulder-p-48761.html" "Mozilla/5.0 (Linux; Android 5.0) AppleWebKit/537.36 (KHTML, like Gecko) Mobile Safari/537.36 (compatible; Bytespider; spider-feedback@bytedance.com)"
47.128.36.161 - - [15/Nov/2023:06:04:35 +0100] "GET /images/big_prod/8422011111131.jpg HTTP/1.0" 200 268 "http://www.wonder-geek.com/blue-retro-shoulder-p-48761.html" "Mozilla/5.0 (Linux; Android 5.0) AppleWebKit/537.36 (KHTML, like Gecko) Mobile Safari/537.36 (compatible; Bytespider; spider-feedback@bytedance.com)"
157.90.182.25 - - [15/Nov/2023:06:04:38 +0100] "GET /york-yankees-navy-bowling-p-11594.html HTTP/1.0" 200 80164 "-" "Mozilla/5.0 (compatible; BLEXBot/1.0; +http://webmeup-crawler.com/)"
47.128.36.247 - - [15/Nov/2023:06:04:39 +0100] "GET /cats-on-roofs-mini-mug-p-37894.html HTTP/1.0" 301 77450 "-" "Mozilla/5.0 (Linux; Android 5.0) AppleWebKit/537.36 (KHTML, like Gecko) Mobile Safari/537.36 (compatible; Bytespider; spider-feedback@bytedance.com)"
47.128.36.247 - - [15/Nov/2023:06:04:40 +0100] "GET /-p-37894.html HTTP/1.0" 200 77383 "-" "Mozilla/5.0 (Linux; Android 5.0) AppleWebKit/537.36 (KHTML, like Gecko) Mobile Safari/537.36 (compatible; Bytespider; spider-feedback@bytedance.com)"
47.128.36.247 - - [15/Nov/2023:06:04:43 +0100] "GET /swfobject.js HTTP/1.0" 404 1308 "http://www.wonder-geek.com/-p-37894.html" "Mozilla/5.0 (Linux; Android 5.0) AppleWebKit/537.36 (KHTML, like Gecko) Mobile Safari/537.36 (compatible; Bytespider; spider-feedback@bytedance.com)"
157.90.182.25 - - [15/Nov/2023:06:04:44 +0100] "GET /york-yankees-notebook-tablet-p-22600.html HTTP/1.0" 200 80260 "-" "Mozilla/5.0 (compatible; BLEXBot/1.0; +http://webmeup-crawler.com/)"
47.128.36.247 - - [15/Nov/2023:06:04:49 +0100] "GET /highslide/graphics/zoomout.cur HTTP/1.0" 200 614 "http://www.wonder-geek.com/-p-37894.html" "Mozilla/5.0 (Linux; Android 5.0) AppleWebKit/537.36 (KHTML, like Gecko) Mobile Safari/537.36 (compatible; Bytespider; spider-feedback@bytedance.com)"
47.128.36.247 - - [15/Nov/2023:06:04:49 +0100] "GET /highslide/graphics/outlines/drop-shadow.png HTTP/1.0" 200 277 "http://www.wonder-geek.com/-p-37894.html" "Mozilla/5.0 (Linux; Android 5.0) AppleWebKit/537.36 (KHTML, like Gecko) Mobile Safari/537.36 (compatible; Bytespider; spider-feedback@bytedance.com)"
157.90.182.25 - - [15/Nov/2023:06:04:49 +0100] "GET /york-yankees-post-office-p-19811.html HTTP/1.0" 200 80586 "-" "Mozilla/5.0 (compatible; BLEXBot/1.0; +http://webmeup-crawler.com/)"
157.90.182.25 - - [15/Nov/2023:06:04:54 +0100] "GET /york-yankees-retro-black-shoulder-p-22238.html HTTP/1.0" 200 80139 "-" "Mozilla/5.0 (compatible; BLEXBot/1.0; +http://webmeup-crawler.com/)"
157.90.182.25 - - [15/Nov/2023:06:05:00 +0100] "GET /york-yankees-vertical-navy-shoulder-p-11589.html HTTP/1.0" 200 80286 "-" "Mozilla/5.0 (compatible; BLEXBot/1.0; +http://webmeup-crawler.com/)"
8.218.254.250 - - [15/Nov/2023:06:05:05 +0100] "GET /images/mini_prod/8435333824245.jpg HTTP/1.0" 200 269 "-" "Mozilla/5.0 (X11; Ubuntu; Linux x86_64; rv:72.0) Gecko/20100101 Firefox/72.0"
157.90.182.25 - - [15/Nov/2023:06:05:05 +0100] "GET /york-yankees-vertical-shoulder-p-11585.html HTTP/1.0" 200 80252 "-" "Mozilla/5.0 (compatible; BLEXBot/1.0; +http://webmeup-crawler.com/)"
54.36.148.84 - - [15/Nov/2023:06:05:06 +0100] "GET /harley-davidson-zippo-lighter-antique-copper-p-57600.html HTTP/1.0" 200 81248 "-" "Mozilla/5.0 (compatible; AhrefsBot/7.0; +http://ahrefs.com/robot/)"
54.36.148.114 - - [15/Nov/2023:06:05:10 +0100] "GET /images/big_prod_2/1491693069464.jpg HTTP/1.0" 200 270 "-" "Mozilla/5.0 (compatible; AhrefsBot/7.0; +http://ahrefs.com/robot/)"
157.90.182.25 - - [15/Nov/2023:06:05:11 +0100] "GET /york-yankees-workbook-p-40864.html HTTP/1.0" 200 79910 "-" "Mozilla/5.0 (compatible; BLEXBot/1.0; +http://webmeup-crawler.com/)"
157.90.182.25 - - [15/Nov/2023:06:05:16 +0100] "GET /yuan-money-cbkreation-p-24145.html HTTP/1.0" 200 79779 "-" "Mozilla/5.0 (compatible; BLEXBot/1.0; +http://webmeup-crawler.com/)"
157.90.182.25 - - [15/Nov/2023:06:05:21 +0100] "GET /yuco-quilted-glove-potholder-jade-p-48215.html HTTP/1.0" 200 80884 "-" "Mozilla/5.0 (compatible; BLEXBot/1.0; +http://webmeup-crawler.com/)"
157.90.182.25 - - [15/Nov/2023:06:05:27 +0100] "GET /yumiko-gold-p-50772.html HTTP/1.0" 200 80717 "-" "Mozilla/5.0 (compatible; BLEXBot/1.0; +http://webmeup-crawler.com/)"
157.90.182.25 - - [15/Nov/2023:06:05:32 +0100] "GET /yuna-kimmidoll-swarovski-chain-bracelet-with-charm-p-15884.html HTTP/1.0" 200 80192 "-" "Mozilla/5.0 (compatible; BLEXBot/1.0; +http://webmeup-crawler.com/)"
157.90.182.25 - - [15/Nov/2023:06:05:37 +0100] "GET /yuna-phone-cover-iphone-p-18005.html HTTP/1.0" 200 82627 "-" "Mozilla/5.0 (compatible; BLEXBot/1.0; +http://webmeup-crawler.com/)"
157.90.182.25 - - [15/Nov/2023:06:05:42 +0100] "GET /zebra-canvas-frame-p-42145.html HTTP/1.0" 200 79824 "-" "Mozilla/5.0 (compatible; BLEXBot/1.0; +http://webmeup-crawler.com/)"
157.90.182.25 - - [15/Nov/2023:06:05:48 +0100] "GET /zebra-jewelry-holder-statuette-p-55823.html HTTP/1.0" 200 79951 "-" "Mozilla/5.0 (compatible; BLEXBot/1.0; +http://webmeup-crawler.com/)"
157.90.182.25 - - [15/Nov/2023:06:05:53 +0100] "GET /zebra-money-p-47939.html HTTP/1.0" 200 79759 "-" "Mozilla/5.0 (compatible; BLEXBot/1.0; +http://webmeup-crawler.com/)"
157.90.182.25 - - [15/Nov/2023:06:05:58 +0100] "GET /zenda-table-lamp-silver-p-54595.html HTTP/1.0" 200 80520 "-" "Mozilla/5.0 (compatible; BLEXBot/1.0; +http://webmeup-crawler.com/)"
157.90.182.25 - - [15/Nov/2023:06:06:04 +0100] "GET /zero-ghostly-from-nightmare-figurine-p-57428.html HTTP/1.0" 200 80989 "-" "Mozilla/5.0 (compatible; BLEXBot/1.0; +http://webmeup-crawler.com/)"
54.36.148.140 - - [15/Nov/2023:06:06:04 +0100] "GET /handy-manny-lunch-p-13318.html HTTP/1.0" 200 79824 "-" "Mozilla/5.0 (compatible; AhrefsBot/7.0; +http://ahrefs.com/robot/)"
157.90.182.25 - - [15/Nov/2023:06:06:09 +0100] "GET /ziggy-kooks-saucer-p-59037.html HTTP/1.0" 200 80441 "-" "Mozilla/5.0 (compatible; BLEXBot/1.0; +http://webmeup-crawler.com/)"
157.90.182.25 - - [15/Nov/2023:06:06:15 +0100] "GET /zinc-adult-cotton-apron-p-39046.html HTTP/1.0" 200 80326 "-" "Mozilla/5.0 (compatible; BLEXBot/1.0; +http://webmeup-crawler.com/)"
8.218.254.250 - - [15/Nov/2023:06:06:18 +0100] "GET /images/mini_prod/3503420096426.jpg HTTP/1.0" 200 269 "-" "Mozilla/5.0 (X11; Ubuntu; Linux x86_64; rv:72.0) Gecko/20100101 Firefox/72.0"
157.90.182.25 - - [15/Nov/2023:06:06:20 +0100] "GET /zinc-fitted-sheet-p-43592.html HTTP/1.0" 200 80642 "-" "Mozilla/5.0 (compatible; BLEXBot/1.0; +http://webmeup-crawler.com/)"
157.90.182.25 - - [15/Nov/2023:06:06:25 +0100] "GET /zinc-kitchen-towel-p-44416.html HTTP/1.0" 200 79738 "-" "Mozilla/5.0 (compatible; BLEXBot/1.0; +http://webmeup-crawler.com/)"
157.90.182.25 - - [15/Nov/2023:06:06:30 +0100] "GET /zinc-look-metal-flowerpot-cover-p-55455.html HTTP/1.0" 200 80472 "-" "Mozilla/5.0 (compatible; BLEXBot/1.0; +http://webmeup-crawler.com/)"
157.90.182.25 - - [15/Nov/2023:06:06:36 +0100] "GET /zippo-bracelet-black-leather-stainless-steel-p-49082.html HTTP/1.0" 200 80924 "-" "Mozilla/5.0 (compatible; BLEXBot/1.0; +http://webmeup-crawler.com/)"
157.90.182.25 - - [15/Nov/2023:06:06:42 +0100] "GET /zippo-candy-apple-p-61042.html HTTP/1.0" 200 80433 "-" "Mozilla/5.0 (compatible; BLEXBot/1.0; +http://webmeup-crawler.com/)"
157.90.182.25 - - [15/Nov/2023:06:06:47 +0100] "GET /zippo-flat-bracelet-braided-leather-black-silver-stai-p-49086.html HTTP/1.0" 200 81020 "-" "Mozilla/5.0 (compatible; BLEXBot/1.0; +http://webmeup-crawler.com/)"
195.191.219.130 - - [15/Nov/2023:06:06:52 +0100] "GET /robots.txt HTTP/1.0" 200 245 "-" "Mozilla/5.0 (compatible; MJ12bot/v1.4.8; http://mj12bot.com/)"
157.90.182.25 - - [15/Nov/2023:06:06:52 +0100] "GET /zippo-ford-mustang-lighter-p-61018.html HTTP/1.0" 200 80952 "-" "Mozilla/5.0 (compatible; BLEXBot/1.0; +http://webmeup-crawler.com/)"
54.36.148.249 - - [15/Nov/2023:06:06:52 +0100] "GET /reste-card-p-20050.html HTTP/1.0" 200 79703 "-" "Mozilla/5.0 (compatible; AhrefsBot/7.0; +http://ahrefs.com/robot/)"
195.191.219.130 - - [15/Nov/2023:06:06:54 +0100] "GET / HTTP/1.0" 200 158778 "-" "Mozilla/5.0 (compatible; MJ12bot/v1.4.8; http://mj12bot.com/)"
157.90.182.25 - - [15/Nov/2023:06:06:57 +0100] "GET /zippo-harley-davidson-brushed-steel-p-61037.html HTTP/1.0" 200 80800 "-" "Mozilla/5.0 (compatible; BLEXBot/1.0; +http://webmeup-crawler.com/)"
157.90.182.25 - - [15/Nov/2023:06:07:02 +0100] "GET /zippo-harley-davidson-flames-p-61033.html HTTP/1.0" 200 80717 "-" "Mozilla/5.0 (compatible; BLEXBot/1.0; +http://webmeup-crawler.com/)"
157.90.182.25 - - [15/Nov/2023:06:07:08 +0100] "GET /zippo-harley-davidson-gray-p-61035.html HTTP/1.0" 200 79886 "-" "Mozilla/5.0 (compatible; BLEXBot/1.0; +http://webmeup-crawler.com/)"
157.90.182.25 - - [15/Nov/2023:06:07:13 +0100] "GET /zippo-harley-davidson-p-61034.html HTTP/1.0" 200 80474 "-" "Mozilla/5.0 (compatible; BLEXBot/1.0; +http://webmeup-crawler.com/)"
157.90.182.25 - - [15/Nov/2023:06:07:19 +0100] "GET /zippo-james-bond-lighter-p-61017.html HTTP/1.0" 200 80724 "-" "Mozilla/5.0 (compatible; BLEXBot/1.0; +http://webmeup-crawler.com/)"
157.90.182.25 - - [15/Nov/2023:06:07:24 +0100] "GET /zippo-japan-tiger-p-61043.html HTTP/1.0" 200 80401 "-" "Mozilla/5.0 (compatible; BLEXBot/1.0; +http://webmeup-crawler.com/)"
157.90.182.25 - - [15/Nov/2023:06:07:30 +0100] "GET /zippo-lighter-fighting-dragon-p-61048.html HTTP/1.0" 200 80728 "-" "Mozilla/5.0 (compatible; BLEXBot/1.0; +http://webmeup-crawler.com/)"
157.90.182.25 - - [15/Nov/2023:06:07:37 +0100] "GET /zippo-lighter-glow-dark-green-matrix-p-61044.html HTTP/1.0" 200 80862 "-" "Mozilla/5.0 (compatible; BLEXBot/1.0; +http://webmeup-crawler.com/)"
54.36.148.249 - - [15/Nov/2023:06:07:37 +0100] "GET /huile-olive-provence-small-ashtray-p-39663.html HTTP/1.0" 200 79871 "-" "Mozilla/5.0 (compatible; AhrefsBot/7.0; +http://ahrefs.com/robot/)"
157.90.182.25 - - [15/Nov/2023:06:07:47 +0100] "GET /zippo-lighter-knife-p-51967.html HTTP/1.0" 200 81114 "-" "Mozilla/5.0 (compatible; BLEXBot/1.0; +http://webmeup-crawler.com/)"
157.90.182.25 - - [15/Nov/2023:06:08:01 +0100] "GET /zippo-lighter-p-52763.html HTTP/1.0" 200 82029 "-" "Mozilla/5.0 (compatible; BLEXBot/1.0; +http://webmeup-crawler.com/)"
157.90.182.25 - - [15/Nov/2023:06:08:08 +0100] "GET /zippo-lighter-p-56223.html HTTP/1.0" 200 82811 "-" "Mozilla/5.0 (compatible; BLEXBot/1.0; +http://webmeup-crawler.com/)"
157.90.182.25 - - [15/Nov/2023:06:08:15 +0100] "GET /zippo-lighter-pirate-ship-p-61046.html HTTP/1.0" 200 80680 "-" "Mozilla/5.0 (compatible; BLEXBot/1.0; +http://webmeup-crawler.com/)"
54.36.149.65 - - [15/Nov/2023:06:08:21 +0100] "GET /hand-painted-nature-infuser-p-58652.html HTTP/1.0" 200 80443 "-" "Mozilla/5.0 (compatible; AhrefsBot/7.0; +http://ahrefs.com/robot/)"
47.128.31.58 - - [15/Nov/2023:06:08:22 +0100] "GET /luggages-schoolbags-leather-shop/computer-bag/miss-sunshine-computer-bag-p-5120.html HTTP/1.0" 301 77447 "-" "Mozilla/5.0 (Linux; Android 5.0) AppleWebKit/537.36 (KHTML, like Gecko) Mobile Safari/537.36 (compatible; Bytespider; spider-feedback@bytedance.com)"
157.90.182.25 - - [15/Nov/2023:06:08:23 +0100] "GET /zippo-lighter-sparkling-dragon-p-61047.html HTTP/1.0" 200 80741 "-" "Mozilla/5.0 (compatible; BLEXBot/1.0; +http://webmeup-crawler.com/)"
47.128.31.58 - - [15/Nov/2023:06:08:24 +0100] "GET /-p-5120.html HTTP/1.0" 200 77381 "-" "Mozilla/5.0 (Linux; Android 5.0) AppleWebKit/537.36 (KHTML, like Gecko) Mobile Safari/537.36 (compatible; Bytespider; spider-feedback@bytedance.com)"
54.36.148.178 - - [15/Nov/2023:06:08:26 +0100] "GET /images/big_prod_1/8422015595715A.jpg HTTP/1.0" 200 271 "-" "Mozilla/5.0 (compatible; AhrefsBot/7.0; +http://ahrefs.com/robot/)"
47.128.31.58 - - [15/Nov/2023:06:08:27 +0100] "GET /swfobject.js HTTP/1.0" 404 1308 "http://www.wonder-geek.com/-p-5120.html" "Mozilla/5.0 (Linux; Android 5.0) AppleWebKit/537.36 (KHTML, like Gecko) Mobile Safari/537.36 (compatible; Bytespider; spider-feedback@bytedance.com)"
157.90.182.25 - - [15/Nov/2023:06:08:31 +0100] "GET /zippo-lighter-steel-flask-p-51934.html HTTP/1.0" 200 81115 "-" "Mozilla/5.0 (compatible; BLEXBot/1.0; +http://webmeup-crawler.com/)"
47.128.31.58 - - [15/Nov/2023:06:08:33 +0100] "GET /highslide/graphics/zoomout.cur HTTP/1.0" 200 614 "http://www.wonder-geek.com/-p-5120.html" "Mozilla/5.0 (Linux; Android 5.0) AppleWebKit/537.36 (KHTML, like Gecko) Mobile Safari/537.36 (compatible; Bytespider; spider-feedback@bytedance.com)"
47.128.31.58 - - [15/Nov/2023:06:08:33 +0100] "GET /highslide/graphics/outlines/drop-shadow.png HTTP/1.0" 200 277 "http://www.wonder-geek.com/-p-5120.html" "Mozilla/5.0 (Linux; Android 5.0) AppleWebKit/537.36 (KHTML, like Gecko) Mobile Safari/537.36 (compatible; Bytespider; spider-feedback@bytedance.com)"
157.90.182.25 - - [15/Nov/2023:06:08:38 +0100] "GET /zippo-lighter-viper-born-kill-p-61045.html HTTP/1.0" 200 80545 "-" "Mozilla/5.0 (compatible; BLEXBot/1.0; +http://webmeup-crawler.com/)"
47.128.43.205 - - [15/Nov/2023:06:08:41 +0100] "GET /household-linen/cushions/dogs-rectangulary-cushion-cbk-p-26516.html HTTP/1.0" 301 77450 "-" "Mozilla/5.0 (Linux; Android 5.0) AppleWebKit/537.36 (KHTML, like Gecko) Mobile Safari/537.36 (compatible; Bytespider; spider-feedback@bytedance.com)"
47.128.43.205 - - [15/Nov/2023:06:08:43 +0100] "GET /-p-26516.html HTTP/1.0" 200 77383 "-" "Mozilla/5.0 (Linux; Android 5.0) AppleWebKit/537.36 (KHTML, like Gecko) Mobile Safari/537.36 (compatible; Bytespider; spider-feedback@bytedance.com)"
47.128.43.205 - - [15/Nov/2023:06:08:45 +0100] "GET /swfobject.js HTTP/1.0" 404 1308 "http://www.wonder-geek.com/-p-26516.html" "Mozilla/5.0 (Linux; Android 5.0) AppleWebKit/537.36 (KHTML, like Gecko) Mobile Safari/537.36 (compatible; Bytespider; spider-feedback@bytedance.com)"
47.128.43.205 - - [15/Nov/2023:06:08:45 +0100] "GET /highslide/graphics/outlines/drop-shadow.png HTTP/1.0" 200 277 "http://www.wonder-geek.com/-p-26516.html" "Mozilla/5.0 (Linux; Android 5.0) AppleWebKit/537.36 (KHTML, like Gecko) Mobile Safari/537.36 (compatible; Bytespider; spider-feedback@bytedance.com)"
47.128.43.205 - - [15/Nov/2023:06:08:45 +0100] "GET /highslide/graphics/zoomout.cur HTTP/1.0" 200 614 "http://www.wonder-geek.com/-p-26516.html" "Mozilla/5.0 (Linux; Android 5.0) AppleWebKit/537.36 (KHTML, like Gecko) Mobile Safari/537.36 (compatible; Bytespider; spider-feedback@bytedance.com)"
157.90.182.25 - - [15/Nov/2023:06:08:45 +0100] "GET /zippo-medieval-mythology-p-61039.html HTTP/1.0" 200 80471 "-" "Mozilla/5.0 (compatible; BLEXBot/1.0; +http://webmeup-crawler.com/)"
157.90.182.25 - - [15/Nov/2023:06:08:52 +0100] "GET /zippo-playboy-rainbow-brushed-steel-p-61016.html HTTP/1.0" 200 80805 "-" "Mozilla/5.0 (compatible; BLEXBot/1.0; +http://webmeup-crawler.com/)"
54.36.149.5 - - [15/Nov/2023:06:08:58 +0100] "GET /metal-coffee-capacity-opera-p-58338.html HTTP/1.0" 200 80804 "-" "Mozilla/5.0 (compatible; AhrefsBot/7.0; +http://ahrefs.com/robot/)"
157.90.182.25 - - [15/Nov/2023:06:09:00 +0100] "GET /zippo-skull-pendant-venetian-knit-chain-p-49087.html HTTP/1.0" 200 80812 "-" "Mozilla/5.0 (compatible; BLEXBot/1.0; +http://webmeup-crawler.com/)"
157.90.182.25 - - [15/Nov/2023:06:09:08 +0100] "GET /zippo-torque-bracelet-twisted-stainless-steel-p-49084.html HTTP/1.0" 200 80809 "-" "Mozilla/5.0 (compatible; BLEXBot/1.0; +http://webmeup-crawler.com/)"
40.77.167.14 - - [15/Nov/2023:06:09:11 +0100] "GET /barbapapa-m-7.html HTTP/1.0" 200 97719 "-" "Mozilla/5.0 AppleWebKit/537.36 (KHTML, like Gecko; compatible; bingbot/2.0; +http://www.bing.com/bingbot.htm) Chrome/103.0.5060.134 Safari/537.36"
157.90.182.25 - - [15/Nov/2023:06:09:17 +0100] "GET /zippo-viking-design-p-61038.html HTTP/1.0" 200 80422 "-" "Mozilla/5.0 (compatible; BLEXBot/1.0; +http://webmeup-crawler.com/)"
157.90.182.25 - - [15/Nov/2023:06:09:24 +0100] "GET /zippo-wall-emblem-p-61040.html HTTP/1.0" 200 79839 "-" "Mozilla/5.0 (compatible; BLEXBot/1.0; +http://webmeup-crawler.com/)"
121.134.39.2 - - [15/Nov/2023:06:09:32 +0100] "GET /images/mini_prod/4029811377152.jpg HTTP/1.0" 200 269 "-" "Mozilla/5.0 (X11; Ubuntu; Linux x86_64; rv:72.0) Gecko/20100101 Firefox/72.0"
157.90.182.25 - - [15/Nov/2023:06:09:31 +0100] "GET /zippo-yang-p-61041.html HTTP/1.0" 200 80362 "-" "Mozilla/5.0 (compatible; BLEXBot/1.0; +http://webmeup-crawler.com/)"
40.77.167.14 - - [15/Nov/2023:06:09:32 +0100] "GET /mugs-mazagrans-c-12_57.html HTTP/1.0" 200 101583 "-" "Mozilla/5.0 AppleWebKit/537.36 (KHTML, like Gecko; compatible; bingbot/2.0; +http://www.bing.com/bingbot.htm) Chrome/103.0.5060.134 Safari/537.36"
54.36.148.194 - - [15/Nov/2023:06:09:33 +0100] "GET /allergique-matin-adult-apron-p-51194.html HTTP/1.0" 200 79749 "-" "Mozilla/5.0 (compatible; AhrefsBot/7.0; +http://ahrefs.com/robot/)"
47.128.17.229 - - [15/Nov/2023:06:09:39 +0100] "GET /cars-blue-long-sleeve-shirt-p-32696.html HTTP/1.0" 301 77450 "-" "Mozilla/5.0 (Linux; Android 5.0) AppleWebKit/537.36 (KHTML, like Gecko) Mobile Safari/537.36 (compatible; Bytespider; spider-feedback@bytedance.com)"
47.128.52.75 - - [15/Nov/2023:06:09:39 +0100] "GET /cats-dubout-bowl-p-44809.html HTTP/1.0" 301 77450 "-" "Mozilla/5.0 (Linux; Android 5.0) AppleWebKit/537.36 (KHTML, like Gecko) Mobile Safari/537.36 (compatible; Bytespider; spider-feedback@bytedance.com)"
157.90.182.25 - - [15/Nov/2023:06:09:39 +0100] "GET /znia-ceramic-flowerpot-yellow-ocher-p-60827.html HTTP/1.0" 200 80545 "-" "Mozilla/5.0 (compatible; BLEXBot/1.0; +http://webmeup-crawler.com/)"
47.128.17.229 - - [15/Nov/2023:06:09:40 +0100] "GET /-p-32696.html HTTP/1.0" 200 77383 "-" "Mozilla/5.0 (Linux; Android 5.0) AppleWebKit/537.36 (KHTML, like Gecko) Mobile Safari/537.36 (compatible; Bytespider; spider-feedback@bytedance.com)"
47.128.17.229 - - [15/Nov/2023:06:09:43 +0100] "GET /swfobject.js HTTP/1.0" 404 1308 "http://www.wonder-geek.com/-p-32696.html" "Mozilla/5.0 (Linux; Android 5.0) AppleWebKit/537.36 (KHTML, like Gecko) Mobile Safari/537.36 (compatible; Bytespider; spider-feedback@bytedance.com)"
47.128.52.75 - - [15/Nov/2023:06:09:42 +0100] "GET /-p-44809.html HTTP/1.0" 200 77383 "-" "Mozilla/5.0 (Linux; Android 5.0) AppleWebKit/537.36 (KHTML, like Gecko) Mobile Safari/537.36 (compatible; Bytespider; spider-feedback@bytedance.com)"
47.128.17.229 - - [15/Nov/2023:06:09:44 +0100] "GET /highslide/graphics/zoomout.cur HTTP/1.0" 200 614 "http://www.wonder-geek.com/-p-32696.html" "Mozilla/5.0 (Linux; Android 5.0) AppleWebKit/537.36 (KHTML, like Gecko) Mobile Safari/537.36 (compatible; Bytespider; spider-feedback@bytedance.com)"
47.128.17.229 - - [15/Nov/2023:06:09:44 +0100] "GET /highslide/graphics/outlines/drop-shadow.png HTTP/1.0" 200 277 "http://www.wonder-geek.com/-p-32696.html" "Mozilla/5.0 (Linux; Android 5.0) AppleWebKit/537.36 (KHTML, like Gecko) Mobile Safari/537.36 (compatible; Bytespider; spider-feedback@bytedance.com)"
47.128.52.75 - - [15/Nov/2023:06:09:46 +0100] "GET /swfobject.js HTTP/1.0" 404 1308 "http://www.wonder-geek.com/-p-44809.html" "Mozilla/5.0 (Linux; Android 5.0) AppleWebKit/537.36 (KHTML, like Gecko) Mobile Safari/537.36 (compatible; Bytespider; spider-feedback@bytedance.com)"
47.128.52.75 - - [15/Nov/2023:06:09:49 +0100] "GET /highslide/graphics/zoomout.cur HTTP/1.0" 200 614 "http://www.wonder-geek.com/-p-44809.html" "Mozilla/5.0 (Linux; Android 5.0) AppleWebKit/537.36 (KHTML, like Gecko) Mobile Safari/537.36 (compatible; Bytespider; spider-feedback@bytedance.com)"
47.128.52.75 - - [15/Nov/2023:06:09:49 +0100] "GET /highslide/graphics/outlines/drop-shadow.png HTTP/1.0" 200 277 "http://www.wonder-geek.com/-p-44809.html" "Mozilla/5.0 (Linux; Android 5.0) AppleWebKit/537.36 (KHTML, like Gecko) Mobile Safari/537.36 (compatible; Bytespider; spider-feedback@bytedance.com)"
157.90.182.25 - - [15/Nov/2023:06:09:49 +0100] "GET /znia-ceramic-flowerpot-yellow-ocher-p-60828.html HTTP/1.0" 200 80545 "-" "Mozilla/5.0 (compatible; BLEXBot/1.0; +http://webmeup-crawler.com/)"
157.90.182.25 - - [15/Nov/2023:06:09:57 +0100] "GET /zodiac-black-women-shirt-p-30803.html HTTP/1.0" 200 81739 "-" "Mozilla/5.0 (compatible; BLEXBot/1.0; +http://webmeup-crawler.com/)"
157.90.182.25 - - [15/Nov/2023:06:10:06 +0100] "GET /zodiac-black-women-shirt-p-30804.html HTTP/1.0" 200 81739 "-" "Mozilla/5.0 (compatible; BLEXBot/1.0; +http://webmeup-crawler.com/)"
47.128.46.215 - - [15/Nov/2023:06:10:07 +0100] "GET /gund-plush-prince-p-44584.html HTTP/1.0" 200 77447 "-" "Mozilla/5.0 (Linux; Android 5.0) AppleWebKit/537.36 (KHTML, like Gecko) Mobile Safari/537.36 (compatible; Bytespider; spider-feedback@bytedance.com)"
47.128.46.215 - - [15/Nov/2023:06:10:10 +0100] "GET /swfobject.js HTTP/1.0" 404 1308 "http://www.wonder-geek.com/gund-plush-prince-p-44584.html" "Mozilla/5.0 (Linux; Android 5.0) AppleWebKit/537.36 (KHTML, like Gecko) Mobile Safari/537.36 (compatible; Bytespider; spider-feedback@bytedance.com)"
47.128.46.215 - - [15/Nov/2023:06:10:15 +0100] "GET /highslide/graphics/outlines/drop-shadow.png HTTP/1.0" 200 277 "http://www.wonder-geek.com/gund-plush-prince-p-44584.html" "Mozilla/5.0 (Linux; Android 5.0) AppleWebKit/537.36 (KHTML, like Gecko) Mobile Safari/537.36 (compatible; Bytespider; spider-feedback@bytedance.com)"
47.128.46.215 - - [15/Nov/2023:06:10:15 +0100] "GET /highslide/graphics/zoomout.cur HTTP/1.0" 200 614 "http://www.wonder-geek.com/gund-plush-prince-p-44584.html" "Mozilla/5.0 (Linux; Android 5.0) AppleWebKit/537.36 (KHTML, like Gecko) Mobile Safari/537.36 (compatible; Bytespider; spider-feedback@bytedance.com)"
157.90.182.25 - - [15/Nov/2023:06:10:13 +0100] "GET /zodiac-black-women-shirt-p-30805.html HTTP/1.0" 200 81739 "-" "Mozilla/5.0 (compatible; BLEXBot/1.0; +http://webmeup-crawler.com/)"
157.90.182.25 - - [15/Nov/2023:06:10:22 +0100] "GET /zodiac-black-women-shirt-p-30806.html HTTP/1.0" 200 81739 "-" "Mozilla/5.0 (compatible; BLEXBot/1.0; +http://webmeup-crawler.com/)"
54.36.148.195 - - [15/Nov/2023:06:10:26 +0100] "GET /weapon-mtal-keyring-pistol-maverick-p-31988.html HTTP/1.0" 200 79916 "-" "Mozilla/5.0 (compatible; AhrefsBot/7.0; +http://ahrefs.com/robot/)"
157.90.182.25 - - [15/Nov/2023:06:10:30 +0100] "GET /zodiac-black-women-shirt-p-30807.html HTTP/1.0" 200 81739 "-" "Mozilla/5.0 (compatible; BLEXBot/1.0; +http://webmeup-crawler.com/)"
216.244.66.242 - - [15/Nov/2023:06:10:31 +0100] "GET /barbecue-and-aperitif-c-12_254.html HTTP/1.0" 301 96793 "-" "Mozilla/5.0 (compatible; DotBot/1.2; +https://opensiteexplorer.org/dotbot; help@moz.com)"
47.128.41.212 - - [15/Nov/2023:06:10:37 +0100] "GET /cbkration-toiletry-p-41412.html HTTP/1.0" 200 77455 "-" "Mozilla/5.0 (Linux; Android 5.0) AppleWebKit/537.36 (KHTML, like Gecko) Mobile Safari/537.36 (compatible; Bytespider; spider-feedback@bytedance.com)"
47.128.41.212 - - [15/Nov/2023:06:10:39 +0100] "GET /swfobject.js HTTP/1.0" 404 1308 "http://www.wonder-geek.com/cbkration-toiletry-p-41412.html" "Mozilla/5.0 (Linux; Android 5.0) AppleWebKit/537.36 (KHTML, like Gecko) Mobile Safari/537.36 (compatible; Bytespider; spider-feedback@bytedance.com)"
157.90.182.25 - - [15/Nov/2023:06:10:38 +0100] "GET /zodiac-black-women-shirt-p-30808.html HTTP/1.0" 200 81741 "-" "Mozilla/5.0 (compatible; BLEXBot/1.0; +http://webmeup-crawler.com/)"
47.128.41.212 - - [15/Nov/2023:06:10:45 +0100] "GET /highslide/graphics/outlines/drop-shadow.png HTTP/1.0" 200 277 "http://www.wonder-geek.com/cbkration-toiletry-p-41412.html" "Mozilla/5.0 (Linux; Android 5.0) AppleWebKit/537.36 (KHTML, like Gecko) Mobile Safari/537.36 (compatible; Bytespider; spider-feedback@bytedance.com)"
47.128.41.212 - - [15/Nov/2023:06:10:45 +0100] "GET /highslide/graphics/zoomout.cur HTTP/1.0" 200 614 "http://www.wonder-geek.com/cbkration-toiletry-p-41412.html" "Mozilla/5.0 (Linux; Android 5.0) AppleWebKit/537.36 (KHTML, like Gecko) Mobile Safari/537.36 (compatible; Bytespider; spider-feedback@bytedance.com)"
157.90.182.25 - - [15/Nov/2023:06:10:46 +0100] "GET /zodiac-black-women-shirt-p-30809.html HTTP/1.0" 200 81739 "-" "Mozilla/5.0 (compatible; BLEXBot/1.0; +http://webmeup-crawler.com/)"
157.90.182.25 - - [15/Nov/2023:06:10:54 +0100] "GET /zodiac-black-women-shirt-p-30810.html HTTP/1.0" 200 81741 "-" "Mozilla/5.0 (compatible; BLEXBot/1.0; +http://webmeup-crawler.com/)"
157.90.182.25 - - [15/Nov/2023:06:11:02 +0100] "GET /zodiac-black-women-shirt-p-30811.html HTTP/1.0" 200 81743 "-" "Mozilla/5.0 (compatible; BLEXBot/1.0; +http://webmeup-crawler.com/)"
47.128.62.157 - - [15/Nov/2023:06:11:05 +0100] "GET /tortoise-in-carved-resin-patinated-gilt-13-cm-p-44711.html HTTP/1.0" 301 77708 "-" "Mozilla/5.0 (Linux; Android 5.0) AppleWebKit/537.36 (KHTML, like Gecko) Mobile Safari/537.36 (compatible; Bytespider; spider-feedback@bytedance.com)"
47.128.62.157 - - [15/Nov/2023:06:11:07 +0100] "GET /tortoise-carved-resin-patinated-gilt-p-44711.html HTTP/1.0" 200 77605 "-" "Mozilla/5.0 (Linux; Android 5.0) AppleWebKit/537.36 (KHTML, like Gecko) Mobile Safari/537.36 (compatible; Bytespider; spider-feedback@bytedance.com)"
47.128.62.157 - - [15/Nov/2023:06:11:08 +0100] "GET /swfobject.js HTTP/1.0" 404 1308 "http://www.wonder-geek.com/tortoise-carved-resin-patinated-gilt-p-44711.html" "Mozilla/5.0 (Linux; Android 5.0) AppleWebKit/537.36 (KHTML, like Gecko) Mobile Safari/537.36 (compatible; Bytespider; spider-feedback@bytedance.com)"
157.90.182.25 - - [15/Nov/2023:06:11:09 +0100] "GET /zodiac-black-women-shirt-p-30812.html HTTP/1.0" 200 81737 "-" "Mozilla/5.0 (compatible; BLEXBot/1.0; +http://webmeup-crawler.com/)"
8.218.254.250 - - [15/Nov/2023:06:11:12 +0100] "GET /images/mini_prod/CADRE-BAROQUE-NOIR-MONSTER.jpg HTTP/1.0" 200 282 "-" "Mozilla/5.0 (X11; Ubuntu; Linux x86_64; rv:72.0) Gecko/20100101 Firefox/72.0"
47.128.62.157 - - [15/Nov/2023:06:11:15 +0100] "GET /highslide/graphics/outlines/drop-shadow.png HTTP/1.0" 200 277 "http://www.wonder-geek.com/tortoise-carved-resin-patinated-gilt-p-44711.html" "Mozilla/5.0 (Linux; Android 5.0) AppleWebKit/537.36 (KHTML, like Gecko) Mobile Safari/537.36 (compatible; Bytespider; spider-feedback@bytedance.com)"
47.128.62.157 - - [15/Nov/2023:06:11:15 +0100] "GET /highslide/graphics/zoomout.cur HTTP/1.0" 200 614 "http://www.wonder-geek.com/tortoise-carved-resin-patinated-gilt-p-44711.html" "Mozilla/5.0 (Linux; Android 5.0) AppleWebKit/537.36 (KHTML, like Gecko) Mobile Safari/537.36 (compatible; Bytespider; spider-feedback@bytedance.com)"
47.76.57.30 - - [15/Nov/2023:06:11:15 +0100] "GET /images/mini_prod/4036113102986.jpg HTTP/1.0" 200 269 "-" "Mozilla/5.0 (X11; Ubuntu; Linux x86_64; rv:72.0) Gecko/20100101 Firefox/72.0"
157.90.182.25 - - [15/Nov/2023:06:11:17 +0100] "GET /zodiac-black-women-shirt-p-30813.html HTTP/1.0" 200 81737 "-" "Mozilla/5.0 (compatible; BLEXBot/1.0; +http://webmeup-crawler.com/)"
203.185.130.166 - - [15/Nov/2023:06:11:24 +0100] "GET /images/mini_prod/3453131139168.jpg HTTP/1.0" 200 269 "-" "Mozilla/5.0 (X11; Ubuntu; Linux x86_64; rv:72.0) Gecko/20100101 Firefox/72.0"
157.90.182.25 - - [15/Nov/2023:06:11:26 +0100] "GET /zodiac-white-women-shirt-p-30777.html HTTP/1.0" 200 81770 "-" "Mozilla/5.0 (compatible; BLEXBot/1.0; +http://webmeup-crawler.com/)"
54.36.148.38 - - [15/Nov/2023:06:11:29 +0100] "GET /metal-lamp-black-p-48266.html HTTP/1.0" 200 80345 "-" "Mozilla/5.0 (compatible; AhrefsBot/7.0; +http://ahrefs.com/robot/)"
66.249.65.170 - - [15/Nov/2023:06:11:33 +0100] "GET /robots.txt HTTP/1.0" 301 531 "-" "Mozilla/5.0 (compatible; Googlebot/2.1; +http://www.google.com/bot.html)"
66.249.74.99 - - [15/Nov/2023:06:11:33 +0100] "GET /robots.txt HTTP/1.0" 200 245 "-" "Mozilla/5.0 (compatible; Googlebot/2.1; +http://www.google.com/bot.html)"
66.249.65.169 - - [15/Nov/2023:06:11:34 +0100] "GET /strawberry-shortcake-shirt-years-p-22027.html HTTP/1.0" 301 601 "-" "Mozilla/5.0 (Linux; Android 6.0.1; Nexus 5X Build/MMB29P) AppleWebKit/537.36 (KHTML, like Gecko) Chrome/119.0.6045.123 Mobile Safari/537.36 (compatible; Googlebot/2.1; +http://www.google.com/bot.html)"
66.249.74.99 - - [15/Nov/2023:06:11:34 +0100] "GET /strawberry-shortcake-shirt-years-p-22027.html HTTP/1.0" 301 77450 "-" "Mozilla/5.0 (Linux; Android 6.0.1; Nexus 5X Build/MMB29P) AppleWebKit/537.36 (KHTML, like Gecko) Chrome/119.0.6045.123 Mobile Safari/537.36 (compatible; Googlebot/2.1; +http://www.google.com/bot.html)"
157.90.182.25 - - [15/Nov/2023:06:11:34 +0100] "GET /zodiac-white-women-shirt-p-30792.html HTTP/1.0" 200 81770 "-" "Mozilla/5.0 (compatible; BLEXBot/1.0; +http://webmeup-crawler.com/)"
66.249.74.98 - - [15/Nov/2023:06:11:36 +0100] "GET /-p-22027.html HTTP/1.0" 200 77383 "-" "Mozilla/5.0 (Linux; Android 6.0.1; Nexus 5X Build/MMB29P) AppleWebKit/537.36 (KHTML, like Gecko) Chrome/119.0.6045.123 Mobile Safari/537.36 (compatible; Googlebot/2.1; +http://www.google.com/bot.html)"
47.128.25.8 - - [15/Nov/2023:06:11:36 +0100] "GET /industrial-chandelier-patinated-metal-p-38630.html HTTP/1.0" 200 77527 "-" "Mozilla/5.0 (Linux; Android 5.0) AppleWebKit/537.36 (KHTML, like Gecko) Mobile Safari/537.36 (compatible; Bytespider; spider-feedback@bytedance.com)"
47.128.25.8 - - [15/Nov/2023:06:11:38 +0100] "GET /swfobject.js HTTP/1.0" 404 1308 "http://www.wonder-geek.com/industrial-chandelier-patinated-metal-p-38630.html" "Mozilla/5.0 (Linux; Android 5.0) AppleWebKit/537.36 (KHTML, like Gecko) Mobile Safari/537.36 (compatible; Bytespider; spider-feedback@bytedance.com)"
157.90.182.25 - - [15/Nov/2023:06:11:41 +0100] "GET /zodiac-white-women-shirt-p-30793.html HTTP/1.0" 200 81769 "-" "Mozilla/5.0 (compatible; BLEXBot/1.0; +http://webmeup-crawler.com/)"
47.76.57.30 - - [15/Nov/2023:06:11:44 +0100] "GET /images/mini_prod/8422535842405.jpg HTTP/1.0" 200 269 "-" "Mozilla/5.0 (X11; Ubuntu; Linux x86_64; rv:72.0) Gecko/20100101 Firefox/72.0"
47.128.25.8 - - [15/Nov/2023:06:11:46 +0100] "GET /highslide/graphics/outlines/drop-shadow.png HTTP/1.0" 200 277 "http://www.wonder-geek.com/industrial-chandelier-patinated-metal-p-38630.html" "Mozilla/5.0 (Linux; Android 5.0) AppleWebKit/537.36 (KHTML, like Gecko) Mobile Safari/537.36 (compatible; Bytespider; spider-feedback@bytedance.com)"
47.128.25.8 - - [15/Nov/2023:06:11:46 +0100] "GET /highslide/graphics/zoomout.cur HTTP/1.0" 200 614 "http://www.wonder-geek.com/industrial-chandelier-patinated-metal-p-38630.html" "Mozilla/5.0 (Linux; Android 5.0) AppleWebKit/537.36 (KHTML, like Gecko) Mobile Safari/537.36 (compatible; Bytespider; spider-feedback@bytedance.com)"
157.90.182.25 - - [15/Nov/2023:06:11:50 +0100] "GET /zodiac-white-women-shirt-p-30794.html HTTP/1.0" 200 81769 "-" "Mozilla/5.0 (compatible; BLEXBot/1.0; +http://webmeup-crawler.com/)"
157.90.182.25 - - [15/Nov/2023:06:11:58 +0100] "GET /zodiac-white-women-shirt-p-30795.html HTTP/1.0" 200 81770 "-" "Mozilla/5.0 (compatible; BLEXBot/1.0; +http://webmeup-crawler.com/)"
54.36.148.12 - - [15/Nov/2023:06:12:02 +0100] "GET /bires-adult-apron-p-42607.html HTTP/1.0" 200 79724 "-" "Mozilla/5.0 (compatible; AhrefsBot/7.0; +http://ahrefs.com/robot/)"
47.128.57.232 - - [15/Nov/2023:06:12:03 +0100] "GET /annabelle-bedclothes-p-55164.html HTTP/1.0" 200 77459 "-" "Mozilla/5.0 (Linux; Android 5.0) AppleWebKit/537.36 (KHTML, like Gecko) Mobile Safari/537.36 (compatible; Bytespider; spider-feedback@bytedance.com)"
47.128.57.232 - - [15/Nov/2023:06:12:07 +0100] "GET /swfobject.js HTTP/1.0" 404 1308 "http://www.wonder-geek.com/annabelle-bedclothes-p-55164.html" "Mozilla/5.0 (Linux; Android 5.0) AppleWebKit/537.36 (KHTML, like Gecko) Mobile Safari/537.36 (compatible; Bytespider; spider-feedback@bytedance.com)"
157.90.182.25 - - [15/Nov/2023:06:12:06 +0100] "GET /zodiac-white-women-shirt-p-30796.html HTTP/1.0" 200 81741 "-" "Mozilla/5.0 (compatible; BLEXBot/1.0; +http://webmeup-crawler.com/)"
47.128.57.232 - - [15/Nov/2023:06:12:09 +0100] "GET /highslide/graphics/outlines/drop-shadow.png HTTP/1.0" 200 277 "http://www.wonder-geek.com/annabelle-bedclothes-p-55164.html" "Mozilla/5.0 (Linux; Android 5.0) AppleWebKit/537.36 (KHTML, like Gecko) Mobile Safari/537.36 (compatible; Bytespider; spider-feedback@bytedance.com)"
47.128.57.232 - - [15/Nov/2023:06:12:09 +0100] "GET /highslide/graphics/zoomout.cur HTTP/1.0" 200 614 "http://www.wonder-geek.com/annabelle-bedclothes-p-55164.html" "Mozilla/5.0 (Linux; Android 5.0) AppleWebKit/537.36 (KHTML, like Gecko) Mobile Safari/537.36 (compatible; Bytespider; spider-feedback@bytedance.com)"
157.90.182.25 - - [15/Nov/2023:06:12:10 +0100] "GET /zodiac-white-women-shirt-p-30797.html HTTP/1.0" 200 81770 "-" "Mozilla/5.0 (compatible; BLEXBot/1.0; +http://webmeup-crawler.com/)"
157.90.182.25 - - [15/Nov/2023:06:12:16 +0100] "GET /zodiac-white-women-shirt-p-30798.html HTTP/1.0" 200 81768 "-" "Mozilla/5.0 (compatible; BLEXBot/1.0; +http://webmeup-crawler.com/)"
157.90.182.25 - - [15/Nov/2023:06:12:22 +0100] "GET /zodiac-white-women-shirt-p-30799.html HTTP/1.0" 200 81768 "-" "Mozilla/5.0 (compatible; BLEXBot/1.0; +http://webmeup-crawler.com/)"
51.68.224.127 - - [15/Nov/2023:06:12:29 +0100] "GET /adminweb/export_orders_xml.php?token=256de2z6edz6ed2z6DFSFsed2zed6zeDSFDSGdzedezfzf&maxorders=10&orderstart=1&status=14&start_date=2018-10-01 HTTP/1.0" 200 285 "-" "GesCom CharlotteBoutik Serveur"
157.90.182.25 - - [15/Nov/2023:06:12:28 +0100] "GET /zodiac-white-women-shirt-p-30800.html HTTP/1.0" 200 81772 "-" "Mozilla/5.0 (compatible; BLEXBot/1.0; +http://webmeup-crawler.com/)"
51.68.224.127 - - [15/Nov/2023:06:12:29 +0100] "GET /adminweb/export_orders_xml.php?token=256de2z6edz6ed2z6DFSFsed2zed6zeDSFDSGdzedezfzf&maxorders=10&orderstart=1&status=6&start_date=2018-10-01 HTTP/1.0" 200 33939 "-" "GesCom CharlotteBoutik Serveur"
157.90.182.25 - - [15/Nov/2023:06:12:35 +0100] "GET /zodiac-white-women-shirt-p-30801.html HTTP/1.0" 200 81772 "-" "Mozilla/5.0 (compatible; BLEXBot/1.0; +http://webmeup-crawler.com/)"
47.128.30.7 - - [15/Nov/2023:06:12:37 +0100] "GET /ring-flower-of-life-brass-silver-colour-p-44682.html HTTP/1.0" 301 77450 "-" "Mozilla/5.0 (Linux; Android 5.0) AppleWebKit/537.36 (KHTML, like Gecko) Mobile Safari/537.36 (compatible; Bytespider; spider-feedback@bytedance.com)"
54.36.148.58 - - [15/Nov/2023:06:12:38 +0100] "GET /magnet-citron-p-40120.html HTTP/1.0" 200 79755 "-" "Mozilla/5.0 (compatible; AhrefsBot/7.0; +http://ahrefs.com/robot/)"
47.128.30.7 - - [15/Nov/2023:06:12:39 +0100] "GET /-p-44682.html HTTP/1.0" 200 77383 "-" "Mozilla/5.0 (Linux; Android 5.0) AppleWebKit/537.36 (KHTML, like Gecko) Mobile Safari/537.36 (compatible; Bytespider; spider-feedback@bytedance.com)"
47.128.30.7 - - [15/Nov/2023:06:12:41 +0100] "GET /swfobject.js HTTP/1.0" 404 1308 "http://www.wonder-geek.com/-p-44682.html" "Mozilla/5.0 (Linux; Android 5.0) AppleWebKit/537.36 (KHTML, like Gecko) Mobile Safari/537.36 (compatible; Bytespider; spider-feedback@bytedance.com)"
157.90.182.25 - - [15/Nov/2023:06:12:41 +0100] "GET /zodiac-white-women-shirt-p-30802.html HTTP/1.0" 200 81774 "-" "Mozilla/5.0 (compatible; BLEXBot/1.0; +http://webmeup-crawler.com/)"
47.128.30.7 - - [15/Nov/2023:06:12:45 +0100] "GET /highslide/graphics/outlines/drop-shadow.png HTTP/1.0" 200 277 "http://www.wonder-geek.com/-p-44682.html" "Mozilla/5.0 (Linux; Android 5.0) AppleWebKit/537.36 (KHTML, like Gecko) Mobile Safari/537.36 (compatible; Bytespider; spider-feedback@bytedance.com)"
47.128.30.7 - - [15/Nov/2023:06:12:45 +0100] "GET /highslide/graphics/zoomout.cur HTTP/1.0" 200 614 "http://www.wonder-geek.com/-p-44682.html" "Mozilla/5.0 (Linux; Android 5.0) AppleWebKit/537.36 (KHTML, like Gecko) Mobile Safari/537.36 (compatible; Bytespider; spider-feedback@bytedance.com)"
157.90.182.25 - - [15/Nov/2023:06:12:46 +0100] "GET /zodiacal-clock-cbkreation-p-28581.html HTTP/1.0" 200 79747 "-" "Mozilla/5.0 (compatible; BLEXBot/1.0; +http://webmeup-crawler.com/)"
