178.150.14.250 - - [17/Nov/2023:07:21:17 +0100] "GET /tapas-pitcher-sangria-p-37402.html HTTP/1.0" 200 77551 "-" "Mozilla/5.0 (compatible; MJ12bot/v1.4.8; http://mj12bot.com/)"
178.150.14.250 - - [17/Nov/2023:07:21:23 +0100] "GET /taurus-metal-rests-flat-p-43890.html HTTP/1.0" 200 79829 "-" "Mozilla/5.0 (compatible; MJ12bot/v1.4.8; http://mj12bot.com/)"
47.128.39.34 - - [17/Nov/2023:07:21:26 +0100] "GET /office-items/black-shell-samsung-c-97_100_117.html HTTP/1.0" 301 76480 "-" "Mozilla/5.0 (Linux; Android 5.0) AppleWebKit/537.36 (KHTML, like Gecko) Mobile Safari/537.36 (compatible; Bytespider; spider-feedback@bytedance.com)"
47.128.39.34 - - [17/Nov/2023:07:21:28 +0100] "GET /-c-117.html HTTP/1.0" 200 76164 "-" "Mozilla/5.0 (Linux; Android 5.0) AppleWebKit/537.36 (KHTML, like Gecko) Mobile Safari/537.36 (compatible; Bytespider; spider-feedback@bytedance.com)"
47.128.39.34 - - [17/Nov/2023:07:21:30 +0100] "GET /swfobject.js HTTP/1.0" 404 1308 "http://www.wonder-geek.com/-c-117.html" "Mozilla/5.0 (Linux; Android 5.0) AppleWebKit/537.36 (KHTML, like Gecko) Mobile Safari/537.36 (compatible; Bytespider; spider-feedback@bytedance.com)"
178.150.14.250 - - [17/Nov/2023:07:21:30 +0100] "GET /taxi-door-mirror-67-60-cm-p-44444.html HTTP/1.0" 301 77648 "-" "Mozilla/5.0 (compatible; MJ12bot/v1.4.8; http://mj12bot.com/)"
47.128.39.34 - - [17/Nov/2023:07:21:34 +0100] "GET /highslide/graphics/outlines/drop-shadow.png HTTP/1.0" 200 277 "http://www.wonder-geek.com/-c-117.html" "Mozilla/5.0 (Linux; Android 5.0) AppleWebKit/537.36 (KHTML, like Gecko) Mobile Safari/537.36 (compatible; Bytespider; spider-feedback@bytedance.com)"
47.128.39.34 - - [17/Nov/2023:07:21:34 +0100] "GET /highslide/graphics/zoomout.cur HTTP/1.0" 200 614 "http://www.wonder-geek.com/-c-117.html" "Mozilla/5.0 (Linux; Android 5.0) AppleWebKit/537.36 (KHTML, like Gecko) Mobile Safari/537.36 (compatible; Bytespider; spider-feedback@bytedance.com)"
178.150.14.250 - - [17/Nov/2023:07:21:34 +0100] "GET /taxi-door-mirror-p-44444.html HTTP/1.0" 200 77565 "-" "Mozilla/5.0 (compatible; MJ12bot/v1.4.8; http://mj12bot.com/)"
178.150.14.250 - - [17/Nov/2023:07:21:38 +0100] "GET /taxi-door-mirror-p-44444.html HTTP/1.0" 200 77565 "-" "Mozilla/5.0 (compatible; MJ12bot/v1.4.8; http://mj12bot.com/)"
178.150.14.250 - - [17/Nov/2023:07:21:42 +0100] "GET /tealight-holders-and-candle-holders-c-13_230.html?page=1 HTTP/1.0" 301 99518 "-" "Mozilla/5.0 (compatible; MJ12bot/v1.4.8; http://mj12bot.com/)"
47.128.39.236 - - [17/Nov/2023:07:21:44 +0100] "GET /figurines-sonny-angel-c-292_293.html?page=2 HTTP/1.0" 200 90569 "-" "Mozilla/5.0 (compatible; Bytespider; spider-feedback@bytedance.com) AppleWebKit/537.36 (KHTML, like Gecko) Chrome/70.0.0.0 Safari/537.36"
47.128.39.236 - - [17/Nov/2023:07:21:46 +0100] "GET /swfobject.js HTTP/1.0" 404 1308 "http://www.wonder-geek.com/figurines-sonny-angel-c-292_293.html?page=2" "Mozilla/5.0 (compatible; Bytespider; spider-feedback@bytedance.com) AppleWebKit/537.36 (KHTML, like Gecko) Chrome/70.0.0.0 Safari/537.36"
54.36.149.51 - - [17/Nov/2023:07:21:45 +0100] "GET /schott-backpack-army-navy-p-44881.html HTTP/1.0" 200 81013 "-" "Mozilla/5.0 (compatible; AhrefsBot/7.0; +http://ahrefs.com/robot/)"
47.128.39.236 - - [17/Nov/2023:07:21:48 +0100] "GET /js/jquery.min.js HTTP/1.0" 404 1308 "http://www.wonder-geek.com/figurines-sonny-angel-c-292_293.html?page=2" "Mozilla/5.0 (compatible; Bytespider; spider-feedback@bytedance.com) AppleWebKit/537.36 (KHTML, like Gecko) Chrome/70.0.0.0 Safari/537.36"
178.150.14.250 - - [17/Nov/2023:07:21:46 +0100] "GET /tealight-holders-candle-holders-c-230.html?page=1 HTTP/1.0" 301 99408 "-" "Mozilla/5.0 (compatible; MJ12bot/v1.4.8; http://mj12bot.com/)"
47.128.39.236 - - [17/Nov/2023:07:21:48 +0100] "GET /highslide/graphics/outlines/drop-shadow.png HTTP/1.0" 200 277 "http://www.wonder-geek.com/figurines-sonny-angel-c-292_293.html?page=2" "Mozilla/5.0 (compatible; Bytespider; spider-feedback@bytedance.com) AppleWebKit/537.36 (KHTML, like Gecko) Chrome/70.0.0.0 Safari/537.36"
47.128.39.236 - - [17/Nov/2023:07:21:48 +0100] "GET /highslide/graphics/zoomout.cur HTTP/1.0" 200 614 "http://www.wonder-geek.com/figurines-sonny-angel-c-292_293.html?page=2" "Mozilla/5.0 (compatible; Bytespider; spider-feedback@bytedance.com) AppleWebKit/537.36 (KHTML, like Gecko) Chrome/70.0.0.0 Safari/537.36"
194.247.173.99 - - [17/Nov/2023:07:21:50 +0100] "GET /robots.txt HTTP/1.0" 200 245 "-" "Mozilla/5.0 (compatible; MJ12bot/v1.4.8; http://mj12bot.com/)"
178.150.14.250 - - [17/Nov/2023:07:21:51 +0100] "GET /tealight-holders-candle-holders-c-231_230.html?page=1 HTTP/1.0" 200 99436 "-" "Mozilla/5.0 (compatible; MJ12bot/v1.4.8; http://mj12bot.com/)"
85.208.96.200 - - [17/Nov/2023:07:21:51 +0100] "GET /cars-small-satchel-p-19688.html HTTP/1.0" 200 77539 "-" "Mozilla/5.0 (compatible; SemrushBot/7~bl; +http://www.semrush.com/bot.html)"
194.247.173.99 - - [17/Nov/2023:07:21:52 +0100] "GET /support-metal-bottle-hunter-p-34494.html HTTP/1.0" 200 80152 "-" "Mozilla/5.0 (compatible; MJ12bot/v1.4.8; http://mj12bot.com/)"
178.150.14.250 - - [17/Nov/2023:07:21:57 +0100] "GET /tealight-holders-and-candle-holders-c-13_230.html?page=5 HTTP/1.0" 301 89163 "-" "Mozilla/5.0 (compatible; MJ12bot/v1.4.8; http://mj12bot.com/)"
178.150.14.250 - - [17/Nov/2023:07:22:01 +0100] "GET /tealight-holders-candle-holders-c-230.html?page=5 HTTP/1.0" 301 89053 "-" "Mozilla/5.0 (compatible; MJ12bot/v1.4.8; http://mj12bot.com/)"
129.226.159.231 - - [17/Nov/2023:07:22:05 +0100] "GET /images/mini_prod/8482013122047.jpg HTTP/1.0" 200 269 "-" "Mozilla/5.0 (Windows NT 10.0; Win64; x64) AppleWebKit/537.36 (KHTML, like Gecko) Chrome/103.0.0.0 Safari/537.36"
178.150.14.250 - - [17/Nov/2023:07:22:05 +0100] "GET /tealight-holders-candle-holders-c-231_230.html?page=5 HTTP/1.0" 200 89081 "-" "Mozilla/5.0 (compatible; MJ12bot/v1.4.8; http://mj12bot.com/)"
178.150.14.250 - - [17/Nov/2023:07:22:10 +0100] "GET /tealight-holders-and-candle-holders-c-231_230.html?page=1 HTTP/1.0" 301 99539 "-" "Mozilla/5.0 (compatible; MJ12bot/v1.4.8; http://mj12bot.com/)"
178.150.14.250 - - [17/Nov/2023:07:22:14 +0100] "GET /tealight-holders-candle-holders-c-230.html?page=1 HTTP/1.0" 301 99408 "-" "Mozilla/5.0 (compatible; MJ12bot/v1.4.8; http://mj12bot.com/)"
178.150.14.250 - - [17/Nov/2023:07:22:18 +0100] "GET /tealight-holders-candle-holders-c-231_230.html?page=1 HTTP/1.0" 200 99436 "-" "Mozilla/5.0 (compatible; MJ12bot/v1.4.8; http://mj12bot.com/)"
178.150.14.250 - - [17/Nov/2023:07:22:24 +0100] "GET /tealight-holders-and-candle-holders-c-231_230.html?page=2 HTTP/1.0" 301 99993 "-" "Mozilla/5.0 (compatible; MJ12bot/v1.4.8; http://mj12bot.com/)"
178.150.14.250 - - [17/Nov/2023:07:22:28 +0100] "GET /tealight-holders-candle-holders-c-230.html?page=2 HTTP/1.0" 301 99862 "-" "Mozilla/5.0 (compatible; MJ12bot/v1.4.8; http://mj12bot.com/)"
47.128.39.241 - - [17/Nov/2023:07:22:31 +0100] "GET /silver-wall-mirror-p-53690.html HTTP/1.0" 200 77539 "-" "Mozilla/5.0 (Linux; Android 5.0) AppleWebKit/537.36 (KHTML, like Gecko) Mobile Safari/537.36 (compatible; Bytespider; spider-feedback@bytedance.com)"
47.128.39.241 - - [17/Nov/2023:07:22:33 +0100] "GET /swfobject.js HTTP/1.0" 404 1308 "http://www.wonder-geek.com/silver-wall-mirror-p-53690.html" "Mozilla/5.0 (Linux; Android 5.0) AppleWebKit/537.36 (KHTML, like Gecko) Mobile Safari/537.36 (compatible; Bytespider; spider-feedback@bytedance.com)"
178.150.14.250 - - [17/Nov/2023:07:22:31 +0100] "GET /tealight-holders-candle-holders-c-231_230.html?page=2 HTTP/1.0" 200 99890 "-" "Mozilla/5.0 (compatible; MJ12bot/v1.4.8; http://mj12bot.com/)"
85.208.96.210 - - [17/Nov/2023:07:22:38 +0100] "GET /-p-48137.html HTTP/1.0" 200 77477 "-" "Mozilla/5.0 (compatible; SemrushBot/7~bl; +http://www.semrush.com/bot.html)"
54.36.149.15 - - [17/Nov/2023:07:22:37 +0100] "GET /bonheur-stickers-p-39317.html HTTP/1.0" 200 79896 "-" "Mozilla/5.0 (compatible; AhrefsBot/7.0; +http://ahrefs.com/robot/)"
47.128.39.241 - - [17/Nov/2023:07:22:40 +0100] "GET /highslide/graphics/outlines/drop-shadow.png HTTP/1.0" 200 277 "http://www.wonder-geek.com/silver-wall-mirror-p-53690.html" "Mozilla/5.0 (Linux; Android 5.0) AppleWebKit/537.36 (KHTML, like Gecko) Mobile Safari/537.36 (compatible; Bytespider; spider-feedback@bytedance.com)"
47.128.39.241 - - [17/Nov/2023:07:22:40 +0100] "GET /highslide/graphics/zoomout.cur HTTP/1.0" 200 614 "http://www.wonder-geek.com/silver-wall-mirror-p-53690.html" "Mozilla/5.0 (Linux; Android 5.0) AppleWebKit/537.36 (KHTML, like Gecko) Mobile Safari/537.36 (compatible; Bytespider; spider-feedback@bytedance.com)"
178.150.14.250 - - [17/Nov/2023:07:22:38 +0100] "GET /tealight-holders-and-candle-holders-c-231_230.html?page=3 HTTP/1.0" 301 99264 "-" "Mozilla/5.0 (compatible; MJ12bot/v1.4.8; http://mj12bot.com/)"
178.150.14.250 - - [17/Nov/2023:07:22:44 +0100] "GET /tealight-holders-candle-holders-c-230.html?page=3 HTTP/1.0" 301 99133 "-" "Mozilla/5.0 (compatible; MJ12bot/v1.4.8; http://mj12bot.com/)"
178.150.14.250 - - [17/Nov/2023:07:22:48 +0100] "GET /tealight-holders-candle-holders-c-231_230.html?page=3 HTTP/1.0" 200 99161 "-" "Mozilla/5.0 (compatible; MJ12bot/v1.4.8; http://mj12bot.com/)"
185.191.171.7 - - [17/Nov/2023:07:22:49 +0100] "GET /london-union-jack-cbkreation-p-13411.html HTTP/1.0" 200 79894 "-" "Mozilla/5.0 (compatible; SemrushBot/7~bl; +http://www.semrush.com/bot.html)"
178.150.14.250 - - [17/Nov/2023:07:22:53 +0100] "GET /tealight-holders-and-candle-holders-c-231_230.html?page=4 HTTP/1.0" 301 99102 "-" "Mozilla/5.0 (compatible; MJ12bot/v1.4.8; http://mj12bot.com/)"
47.128.39.228 - - [17/Nov/2023:07:22:54 +0100] "GET /-p-41595.html HTTP/1.0" 200 77477 "-" "Mozilla/5.0 (Linux; Android 5.0) AppleWebKit/537.36 (KHTML, like Gecko) Mobile Safari/537.36 (compatible; Bytespider; spider-feedback@bytedance.com)"
47.128.39.228 - - [17/Nov/2023:07:22:58 +0100] "GET /swfobject.js HTTP/1.0" 404 1308 "http://www.wonder-geek.com/-p-41595.html" "Mozilla/5.0 (Linux; Android 5.0) AppleWebKit/537.36 (KHTML, like Gecko) Mobile Safari/537.36 (compatible; Bytespider; spider-feedback@bytedance.com)"
178.150.14.250 - - [17/Nov/2023:07:22:58 +0100] "GET /tealight-holders-candle-holders-c-230.html?page=4 HTTP/1.0" 301 98971 "-" "Mozilla/5.0 (compatible; MJ12bot/v1.4.8; http://mj12bot.com/)"
47.128.51.160 - - [17/Nov/2023:07:23:00 +0100] "GET /black-shell-samsung-with-personalized-picture-p-16359.html HTTP/1.0" 200 80563 "-" "Mozilla/5.0 (Linux; Android 5.0) AppleWebKit/537.36 (KHTML, like Gecko) Mobile Safari/537.36 (compatible; Bytespider; spider-feedback@bytedance.com)"
47.128.39.228 - - [17/Nov/2023:07:23:01 +0100] "GET /highslide/graphics/zoomout.cur HTTP/1.0" 200 614 "http://www.wonder-geek.com/-p-41595.html" "Mozilla/5.0 (Linux; Android 5.0) AppleWebKit/537.36 (KHTML, like Gecko) Mobile Safari/537.36 (compatible; Bytespider; spider-feedback@bytedance.com)"
47.128.39.228 - - [17/Nov/2023:07:23:01 +0100] "GET /highslide/graphics/outlines/drop-shadow.png HTTP/1.0" 200 277 "http://www.wonder-geek.com/-p-41595.html" "Mozilla/5.0 (Linux; Android 5.0) AppleWebKit/537.36 (KHTML, like Gecko) Mobile Safari/537.36 (compatible; Bytespider; spider-feedback@bytedance.com)"
47.128.51.160 - - [17/Nov/2023:07:23:02 +0100] "GET /swfobject.js HTTP/1.0" 404 1308 "http://www.wonder-geek.com/black-shell-samsung-with-personalized-picture-p-16359.html" "Mozilla/5.0 (Linux; Android 5.0) AppleWebKit/537.36 (KHTML, like Gecko) Mobile Safari/537.36 (compatible; Bytespider; spider-feedback@bytedance.com)"
178.150.14.250 - - [17/Nov/2023:07:23:03 +0100] "GET /tealight-holders-candle-holders-c-231_230.html?page=4 HTTP/1.0" 200 98999 "-" "Mozilla/5.0 (compatible; MJ12bot/v1.4.8; http://mj12bot.com/)"
47.128.51.160 - - [17/Nov/2023:07:23:05 +0100] "GET /highslide/graphics/zoomin.cur HTTP/1.0" 200 614 "http://www.wonder-geek.com/templates/Pixame_v1/stylesheet.css" "Mozilla/5.0 (Linux; Android 5.0) AppleWebKit/537.36 (KHTML, like Gecko) Mobile Safari/537.36 (compatible; Bytespider; spider-feedback@bytedance.com)"
47.128.51.160 - - [17/Nov/2023:07:23:05 +0100] "GET /highslide/graphics/outlines/drop-shadow.png HTTP/1.0" 200 277 "http://www.wonder-geek.com/black-shell-samsung-with-personalized-picture-p-16359.html" "Mozilla/5.0 (Linux; Android 5.0) AppleWebKit/537.36 (KHTML, like Gecko) Mobile Safari/537.36 (compatible; Bytespider; spider-feedback@bytedance.com)"
47.128.51.160 - - [17/Nov/2023:07:23:05 +0100] "GET /highslide/graphics/zoomout.cur HTTP/1.0" 200 614 "http://www.wonder-geek.com/black-shell-samsung-with-personalized-picture-p-16359.html" "Mozilla/5.0 (Linux; Android 5.0) AppleWebKit/537.36 (KHTML, like Gecko) Mobile Safari/537.36 (compatible; Bytespider; spider-feedback@bytedance.com)"
47.128.51.160 - - [17/Nov/2023:07:23:05 +0100] "GET /images/MISES-EN-SITUATION-09.jpg HTTP/1.0" 200 267 "http://www.wonder-geek.com/black-shell-samsung-with-personalized-picture-p-16359.html" "Mozilla/5.0 (Linux; Android 5.0) AppleWebKit/537.36 (KHTML, like Gecko) Mobile Safari/537.36 (compatible; Bytespider; spider-feedback@bytedance.com)"
178.150.14.250 - - [17/Nov/2023:07:23:07 +0100] "GET /tealight-holders-and-candle-holders-c-231_230.html?page=5 HTTP/1.0" 301 89184 "-" "Mozilla/5.0 (compatible; MJ12bot/v1.4.8; http://mj12bot.com/)"
178.150.14.250 - - [17/Nov/2023:07:23:11 +0100] "GET /tealight-holders-candle-holders-c-230.html?page=5 HTTP/1.0" 301 89053 "-" "Mozilla/5.0 (compatible; MJ12bot/v1.4.8; http://mj12bot.com/)"
178.150.14.250 - - [17/Nov/2023:07:23:17 +0100] "GET /tealight-holders-candle-holders-c-231_230.html?page=5 HTTP/1.0" 200 89081 "-" "Mozilla/5.0 (compatible; MJ12bot/v1.4.8; http://mj12bot.com/)"
178.150.14.250 - - [17/Nov/2023:07:23:22 +0100] "GET /tealight-holders-and-candle-holders-c-231_230.html?page=6 HTTP/1.0" 301 89184 "-" "Mozilla/5.0 (compatible; MJ12bot/v1.4.8; http://mj12bot.com/)"
85.208.96.210 - - [17/Nov/2023:07:23:25 +0100] "GET /-c-292_327.html?page=1 HTTP/1.0" 200 97084 "-" "Mozilla/5.0 (compatible; SemrushBot/7~bl; +http://www.semrush.com/bot.html)"
178.150.14.250 - - [17/Nov/2023:07:23:26 +0100] "GET /tealight-holders-candle-holders-c-230.html?page=6 HTTP/1.0" 301 89053 "-" "Mozilla/5.0 (compatible; MJ12bot/v1.4.8; http://mj12bot.com/)"
178.150.14.250 - - [17/Nov/2023:07:23:32 +0100] "GET /tealight-holders-candle-holders-c-231_230.html?page=6 HTTP/1.0" 200 89081 "-" "Mozilla/5.0 (compatible; MJ12bot/v1.4.8; http://mj12bot.com/)"
85.208.96.202 - - [17/Nov/2023:07:23:35 +0100] "GET /glass-cutting-board-cbkreation-p-51306.html HTTP/1.0" 200 79909 "-" "Mozilla/5.0 (compatible; SemrushBot/7~bl; +http://www.semrush.com/bot.html)"
178.150.14.250 - - [17/Nov/2023:07:23:35 +0100] "GET /tealight-holders-candle-holders-c-230.html?page=1 HTTP/1.0" 301 99408 "-" "Mozilla/5.0 (compatible; MJ12bot/v1.4.8; http://mj12bot.com/)"
54.36.149.74 - - [17/Nov/2023:07:23:36 +0100] "GET /decorative-wooden-plate-chiens-bienvenus-blue-p-61172.html HTTP/1.0" 200 80886 "-" "Mozilla/5.0 (compatible; AhrefsBot/7.0; +http://ahrefs.com/robot/)"
178.150.14.250 - - [17/Nov/2023:07:23:39 +0100] "GET /tealight-holders-candle-holders-c-231_230.html?page=1 HTTP/1.0" 200 99436 "-" "Mozilla/5.0 (compatible; MJ12bot/v1.4.8; http://mj12bot.com/)"
178.150.14.250 - - [17/Nov/2023:07:23:44 +0100] "GET /tealight-holders-candle-holders-c-230.html?page=5 HTTP/1.0" 301 89053 "-" "Mozilla/5.0 (compatible; MJ12bot/v1.4.8; http://mj12bot.com/)"
43.130.29.45 - - [17/Nov/2023:07:23:50 +0100] "GET /images/mini_prod/4006891659569.jpg HTTP/1.0" 200 269 "-" "Mozilla/5.0 (X11; Ubuntu; Linux x86_64; rv:72.0) Gecko/20100101 Firefox/72.0"
47.128.56.94 - - [17/Nov/2023:07:23:49 +0100] "GET /tea-for-one-mandala-p-44264.html HTTP/1.0" 301 77597 "-" "Mozilla/5.0 (Linux; Android 5.0) AppleWebKit/537.36 (KHTML, like Gecko) Mobile Safari/537.36 (compatible; Bytespider; spider-feedback@bytedance.com)"
178.150.14.250 - - [17/Nov/2023:07:23:49 +0100] "GET /tealight-holders-candle-holders-c-231_230.html?page=5 HTTP/1.0" 200 89081 "-" "Mozilla/5.0 (compatible; MJ12bot/v1.4.8; http://mj12bot.com/)"
47.128.56.94 - - [17/Nov/2023:07:23:51 +0100] "GET /mandala-p-44264.html HTTP/1.0" 200 77523 "-" "Mozilla/5.0 (Linux; Android 5.0) AppleWebKit/537.36 (KHTML, like Gecko) Mobile Safari/537.36 (compatible; Bytespider; spider-feedback@bytedance.com)"
47.128.56.94 - - [17/Nov/2023:07:23:53 +0100] "GET /swfobject.js HTTP/1.0" 404 1308 "http://www.wonder-geek.com/mandala-p-44264.html" "Mozilla/5.0 (Linux; Android 5.0) AppleWebKit/537.36 (KHTML, like Gecko) Mobile Safari/537.36 (compatible; Bytespider; spider-feedback@bytedance.com)"
178.150.14.250 - - [17/Nov/2023:07:23:54 +0100] "GET /tealight-holders-candle-holders-c-231_230.html?page=1 HTTP/1.0" 200 99436 "-" "Mozilla/5.0 (compatible; MJ12bot/v1.4.8; http://mj12bot.com/)"
178.150.14.250 - - [17/Nov/2023:07:24:00 +0100] "GET /tealight-holders-candle-holders-c-231_230.html?page=5 HTTP/1.0" 200 89081 "-" "Mozilla/5.0 (compatible; MJ12bot/v1.4.8; http://mj12bot.com/)"
85.208.96.208 - - [17/Nov/2023:07:24:05 +0100] "GET /klimt-candle-holders-p-53529.html HTTP/1.0" 200 80751 "-" "Mozilla/5.0 (compatible; SemrushBot/7~bl; +http://www.semrush.com/bot.html)"
178.150.14.250 - - [17/Nov/2023:07:24:07 +0100] "GET /tealights-sweet-apple-treat-p-42643.html HTTP/1.0" 200 80591 "-" "Mozilla/5.0 (compatible; MJ12bot/v1.4.8; http://mj12bot.com/)"
178.150.14.250 - - [17/Nov/2023:07:24:12 +0100] "GET /tealights-violet-moon-p-42641.html HTTP/1.0" 200 80541 "-" "Mozilla/5.0 (compatible; MJ12bot/v1.4.8; http://mj12bot.com/)"
185.191.171.13 - - [17/Nov/2023:07:24:17 +0100] "GET /geishas-mouse-cbkreation-p-23467.html HTTP/1.0" 200 79852 "-" "Mozilla/5.0 (compatible; SemrushBot/7~bl; +http://www.semrush.com/bot.html)"
178.150.14.250 - - [17/Nov/2023:07:24:19 +0100] "GET /terrestrial-globes-bookend-with-marble-base-p-56913.html HTTP/1.0" 200 77639 "-" "Mozilla/5.0 (compatible; MJ12bot/v1.4.8; http://mj12bot.com/)"
178.150.14.250 - - [17/Nov/2023:07:24:24 +0100] "GET /the-lion-king-bedclothes-140-200-cm-p-49666.html HTTP/1.0" 301 77544 "-" "Mozilla/5.0 (compatible; MJ12bot/v1.4.8; http://mj12bot.com/)"
85.208.96.198 - - [17/Nov/2023:07:24:25 +0100] "GET /-p-27029.html HTTP/1.0" 200 77477 "-" "Mozilla/5.0 (compatible; SemrushBot/7~bl; +http://www.semrush.com/bot.html)"
47.128.48.41 - - [17/Nov/2023:07:24:25 +0100] "GET /tone-dark-blue-linen-chair-cushion-p-60645.html HTTP/1.0" 200 80642 "-" "Mozilla/5.0 (Linux; Android 5.0) AppleWebKit/537.36 (KHTML, like Gecko) Mobile Safari/537.36 (compatible; Bytespider; spider-feedback@bytedance.com)"
47.128.48.41 - - [17/Nov/2023:07:24:28 +0100] "GET /js/jquery.jqzoom.js HTTP/1.0" 200 259 "http://www.wonder-geek.com/tone-dark-blue-linen-chair-cushion-p-60645.html" "Mozilla/5.0 (Linux; Android 5.0) AppleWebKit/537.36 (KHTML, like Gecko) Mobile Safari/537.36 (compatible; Bytespider; spider-feedback@bytedance.com)"
47.128.48.41 - - [17/Nov/2023:07:24:28 +0100] "GET /templates/Pixame_v1/stylesheet.css HTTP/1.0" 200 267 "http://www.wonder-geek.com/tone-dark-blue-linen-chair-cushion-p-60645.html" "Mozilla/5.0 (Linux; Android 5.0) AppleWebKit/537.36 (KHTML, like Gecko) Mobile Safari/537.36 (compatible; Bytespider; spider-feedback@bytedance.com)"
47.128.48.41 - - [17/Nov/2023:07:24:28 +0100] "GET /mondial_relay/js/jquery-1.3.2.min.js HTTP/1.0" 200 276 "http://www.wonder-geek.com/tone-dark-blue-linen-chair-cushion-p-60645.html" "Mozilla/5.0 (Linux; Android 5.0) AppleWebKit/537.36 (KHTML, like Gecko) Mobile Safari/537.36 (compatible; Bytespider; spider-feedback@bytedance.com)"
47.128.48.41 - - [17/Nov/2023:07:24:28 +0100] "GET /swfobject.js HTTP/1.0" 404 1308 "http://www.wonder-geek.com/tone-dark-blue-linen-chair-cushion-p-60645.html" "Mozilla/5.0 (Linux; Android 5.0) AppleWebKit/537.36 (KHTML, like Gecko) Mobile Safari/537.36 (compatible; Bytespider; spider-feedback@bytedance.com)"
178.150.14.250 - - [17/Nov/2023:07:24:30 +0100] "GET /-p-49666.html HTTP/1.0" 200 77477 "-" "Mozilla/5.0 (compatible; MJ12bot/v1.4.8; http://mj12bot.com/)"
47.128.48.41 - - [17/Nov/2023:07:24:34 +0100] "GET /swfobject.js HTTP/1.0" 404 1308 "http://www.wonder-geek.com/tone-dark-blue-linen-chair-cushion-p-60645.html" "Mozilla/5.0 (Linux; Android 5.0) AppleWebKit/537.36 (KHTML, like Gecko) Mobile Safari/537.36 (compatible; Bytespider; spider-feedback@bytedance.com)"
47.128.48.41 - - [17/Nov/2023:07:24:34 +0100] "GET /templates/Pixame_v1/images/buttons/english/button_in_cart.gif HTTP/1.0" 200 295 "http://www.wonder-geek.com/tone-dark-blue-linen-chair-cushion-p-60645.html" "Mozilla/5.0 (Linux; Android 5.0) AppleWebKit/537.36 (KHTML, like Gecko) Mobile Safari/537.36 (compatible; Bytespider; spider-feedback@bytedance.com)"
47.128.48.41 - - [17/Nov/2023:07:24:34 +0100] "GET /highslide/graphics/zoomin.cur HTTP/1.0" 200 614 "http://www.wonder-geek.com/templates/Pixame_v1/stylesheet.css" "Mozilla/5.0 (Linux; Android 5.0) AppleWebKit/537.36 (KHTML, like Gecko) Mobile Safari/537.36 (compatible; Bytespider; spider-feedback@bytedance.com)"
47.128.48.41 - - [17/Nov/2023:07:24:34 +0100] "GET /images/big_prod_1/3665269293333B.jpg HTTP/1.0" 200 271 "http://www.wonder-geek.com/tone-dark-blue-linen-chair-cushion-p-60645.html" "Mozilla/5.0 (Linux; Android 5.0) AppleWebKit/537.36 (KHTML, like Gecko) Mobile Safari/537.36 (compatible; Bytespider; spider-feedback@bytedance.com)"
178.150.14.250 - - [17/Nov/2023:07:24:33 +0100] "GET /tinkerbell-parka-p-31261.html HTTP/1.0" 200 81033 "-" "Mozilla/5.0 (compatible; MJ12bot/v1.4.8; http://mj12bot.com/)"
185.191.171.11 - - [17/Nov/2023:07:24:35 +0100] "GET /panda-women-black-shirt-p-31235.html HTTP/1.0" 200 77567 "-" "Mozilla/5.0 (compatible; SemrushBot/7~bl; +http://www.semrush.com/bot.html)"
178.150.14.250 - - [17/Nov/2023:07:24:37 +0100] "GET /tinkerbell-parma-tee-shirt-p-30855.html HTTP/1.0" 301 77544 "-" "Mozilla/5.0 (compatible; MJ12bot/v1.4.8; http://mj12bot.com/)"
178.150.14.250 - - [17/Nov/2023:07:24:40 +0100] "GET /-p-30855.html HTTP/1.0" 200 77477 "-" "Mozilla/5.0 (compatible; MJ12bot/v1.4.8; http://mj12bot.com/)"
202.239.4.164 - - [17/Nov/2023:07:24:40 +0100] "GET /heart-home-friendly-gift-candles-p-61120.html HTTP/1.0" 200 81436 "-" "Mozilla/5.0 (compatible; Y!J-WSC/1.0; +https://yahoo.jp/3BSZgF)"
47.128.41.7 - - [17/Nov/2023:07:24:42 +0100] "GET /adhesive-roll-carbon-p-55686.html HTTP/1.0" 200 80940 "-" "Mozilla/5.0 (Linux; Android 5.0) AppleWebKit/537.36 (KHTML, like Gecko) Mobile Safari/537.36 (compatible; Bytespider; spider-feedback@bytedance.com)"
47.128.41.7 - - [17/Nov/2023:07:24:44 +0100] "GET /swfobject.js HTTP/1.0" 404 1308 "http://www.wonder-geek.com/adhesive-roll-carbon-p-55686.html" "Mozilla/5.0 (Linux; Android 5.0) AppleWebKit/537.36 (KHTML, like Gecko) Mobile Safari/537.36 (compatible; Bytespider; spider-feedback@bytedance.com)"
47.128.41.7 - - [17/Nov/2023:07:24:45 +0100] "GET /swfobject.js HTTP/1.0" 404 1308 "http://www.wonder-geek.com/adhesive-roll-carbon-p-55686.html" "Mozilla/5.0 (Linux; Android 5.0) AppleWebKit/537.36 (KHTML, like Gecko) Mobile Safari/537.36 (compatible; Bytespider; spider-feedback@bytedance.com)"
178.150.14.250 - - [17/Nov/2023:07:24:44 +0100] "GET /tinkerbell-polar-blanket-p-31994.html HTTP/1.0" 301 77544 "-" "Mozilla/5.0 (compatible; MJ12bot/v1.4.8; http://mj12bot.com/)"
124.156.200.17 - - [17/Nov/2023:07:24:48 +0100] "GET /images/big_prod_2/045544950015c.jpg HTTP/1.0" 200 270 "-" "Mozilla/5.0 (Windows NT 10.0; Win64; x64) AppleWebKit/537.36 (KHTML, like Gecko) Chrome/103.0.0.0 Safari/537.36"
178.150.14.250 - - [17/Nov/2023:07:24:48 +0100] "GET /-p-31994.html HTTP/1.0" 200 77477 "-" "Mozilla/5.0 (compatible; MJ12bot/v1.4.8; http://mj12bot.com/)"
47.128.41.7 - - [17/Nov/2023:07:24:50 +0100] "GET /highslide/graphics/zoomin.cur HTTP/1.0" 200 614 "http://www.wonder-geek.com/templates/Pixame_v1/stylesheet.css" "Mozilla/5.0 (Linux; Android 5.0) AppleWebKit/537.36 (KHTML, like Gecko) Mobile Safari/537.36 (compatible; Bytespider; spider-feedback@bytedance.com)"
47.128.41.7 - - [17/Nov/2023:07:24:50 +0100] "GET /images/big_prod_1/3700281650266a.jpg HTTP/1.0" 200 271 "http://www.wonder-geek.com/adhesive-roll-carbon-p-55686.html" "Mozilla/5.0 (Linux; Android 5.0) AppleWebKit/537.36 (KHTML, like Gecko) Mobile Safari/537.36 (compatible; Bytespider; spider-feedback@bytedance.com)"
47.128.41.7 - - [17/Nov/2023:07:24:50 +0100] "GET /images/big_prod_2/3700281650266b.jpg HTTP/1.0" 200 271 "http://www.wonder-geek.com/adhesive-roll-carbon-p-55686.html" "Mozilla/5.0 (Linux; Android 5.0) AppleWebKit/537.36 (KHTML, like Gecko) Mobile Safari/537.36 (compatible; Bytespider; spider-feedback@bytedance.com)"
178.150.14.250 - - [17/Nov/2023:07:24:51 +0100] "GET /tinkerbell-stationery-p-4492.html HTTP/1.0" 200 79959 "-" "Mozilla/5.0 (compatible; MJ12bot/v1.4.8; http://mj12bot.com/)"
47.128.48.41 - - [17/Nov/2023:07:24:57 +0100] "GET /highslide/graphics/outlines/drop-shadow.png HTTP/1.0" 200 277 "http://www.wonder-geek.com/tone-dark-blue-linen-chair-cushion-p-60645.html" "Mozilla/5.0 (Linux; Android 5.0) AppleWebKit/537.36 (KHTML, like Gecko) Mobile Safari/537.36 (compatible; Bytespider; spider-feedback@bytedance.com)"
47.128.48.41 - - [17/Nov/2023:07:24:57 +0100] "GET /highslide/graphics/zoomout.cur HTTP/1.0" 200 614 "http://www.wonder-geek.com/tone-dark-blue-linen-chair-cushion-p-60645.html" "Mozilla/5.0 (Linux; Android 5.0) AppleWebKit/537.36 (KHTML, like Gecko) Mobile Safari/537.36 (compatible; Bytespider; spider-feedback@bytedance.com)"
178.150.14.250 - - [17/Nov/2023:07:24:55 +0100] "GET /tinkerbell-towel-p-13088.html HTTP/1.0" 301 77544 "-" "Mozilla/5.0 (compatible; MJ12bot/v1.4.8; http://mj12bot.com/)"
47.128.48.41 - - [17/Nov/2023:07:24:58 +0100] "GET /images/big_prod/3665269293333.jpg HTTP/1.0" 200 268 "http://www.wonder-geek.com/tone-dark-blue-linen-chair-cushion-p-60645.html" "Mozilla/5.0 (Linux; Android 5.0) AppleWebKit/537.36 (KHTML, like Gecko) Mobile Safari/537.36 (compatible; Bytespider; spider-feedback@bytedance.com)"
47.128.41.7 - - [17/Nov/2023:07:24:58 +0100] "GET /highslide/graphics/outlines/drop-shadow.png HTTP/1.0" 200 277 "http://www.wonder-geek.com/adhesive-roll-carbon-p-55686.html" "Mozilla/5.0 (Linux; Android 5.0) AppleWebKit/537.36 (KHTML, like Gecko) Mobile Safari/537.36 (compatible; Bytespider; spider-feedback@bytedance.com)"
47.128.41.7 - - [17/Nov/2023:07:24:58 +0100] "GET /highslide/graphics/zoomout.cur HTTP/1.0" 200 614 "http://www.wonder-geek.com/adhesive-roll-carbon-p-55686.html" "Mozilla/5.0 (Linux; Android 5.0) AppleWebKit/537.36 (KHTML, like Gecko) Mobile Safari/537.36 (compatible; Bytespider; spider-feedback@bytedance.com)"
47.128.41.7 - - [17/Nov/2023:07:24:58 +0100] "GET /images/big_prod/3700281650266A.jpg HTTP/1.0" 200 269 "http://www.wonder-geek.com/adhesive-roll-carbon-p-55686.html" "Mozilla/5.0 (Linux; Android 5.0) AppleWebKit/537.36 (KHTML, like Gecko) Mobile Safari/537.36 (compatible; Bytespider; spider-feedback@bytedance.com)"
185.191.171.5 - - [17/Nov/2023:07:24:59 +0100] "GET /paris-placemat-p-39555.html HTTP/1.0" 200 77523 "-" "Mozilla/5.0 (compatible; SemrushBot/7~bl; +http://www.semrush.com/bot.html)"
178.150.14.250 - - [17/Nov/2023:07:24:59 +0100] "GET /-p-13088.html HTTP/1.0" 200 77477 "-" "Mozilla/5.0 (compatible; MJ12bot/v1.4.8; http://mj12bot.com/)"
54.36.148.242 - - [17/Nov/2023:07:25:00 +0100] "GET /book-lamp-real-wood-color-walnut-size-p-54336.html HTTP/1.0" 200 81618 "-" "Mozilla/5.0 (compatible; AhrefsBot/7.0; +http://ahrefs.com/robot/)"
3.224.220.101 - - [17/Nov/2023:07:25:00 +0100] "GET /accessories-c-3.html HTTP/1.0" 200 100228 "-" "Mozilla/5.0 (Macintosh; Intel Mac OS X 10_10_1) AppleWebKit/600.2.5 (KHTML, like Gecko) Version/8.0.2 Safari/600.2.5 (Amazonbot/0.1; +https://developer.amazon.com/support/amazonbot)"
178.150.14.250 - - [17/Nov/2023:07:25:02 +0100] "GET /tinkerbell-under-pull-p-31132.html HTTP/1.0" 301 77544 "-" "Mozilla/5.0 (compatible; MJ12bot/v1.4.8; http://mj12bot.com/)"
23.22.35.162 - - [17/Nov/2023:07:25:05 +0100] "GET /suitcase-lunch-lunch-c-12_64.html HTTP/1.0" 200 88622 "-" "Mozilla/5.0 (Macintosh; Intel Mac OS X 10_10_1) AppleWebKit/600.2.5 (KHTML, like Gecko) Version/8.0.2 Safari/600.2.5 (Amazonbot/0.1; +https://developer.amazon.com/support/amazonbot)"
178.150.14.250 - - [17/Nov/2023:07:25:07 +0100] "GET /-p-31132.html HTTP/1.0" 200 77477 "-" "Mozilla/5.0 (compatible; MJ12bot/v1.4.8; http://mj12bot.com/)"
23.22.35.162 - - [17/Nov/2023:07:25:07 +0100] "GET /door-plate-bedroom-p-54956.html HTTP/1.0" 200 80450 "-" "Mozilla/5.0 (Macintosh; Intel Mac OS X 10_10_1) AppleWebKit/600.2.5 (KHTML, like Gecko) Version/8.0.2 Safari/600.2.5 (Amazonbot/0.1; +https://developer.amazon.com/support/amazonbot)"
43.153.38.220 - - [17/Nov/2023:07:25:09 +0100] "GET /images/mini_prod/8904245400088.jpg HTTP/1.0" 200 269 "-" "Mozilla/5.0 (X11; Ubuntu; Linux x86_64; rv:72.0) Gecko/20100101 Firefox/72.0"
178.150.14.250 - - [17/Nov/2023:07:25:11 +0100] "GET /tinkerbell-white-tee-shirt-p-30853.html HTTP/1.0" 301 77544 "-" "Mozilla/5.0 (compatible; MJ12bot/v1.4.8; http://mj12bot.com/)"
178.150.14.250 - - [17/Nov/2023:07:25:14 +0100] "GET /-p-30853.html HTTP/1.0" 200 77477 "-" "Mozilla/5.0 (compatible; MJ12bot/v1.4.8; http://mj12bot.com/)"
3.224.220.101 - - [17/Nov/2023:07:25:15 +0100] "GET /-i-17.html HTTP/1.0" 200 106634 "-" "Mozilla/5.0 (Macintosh; Intel Mac OS X 10_10_1) AppleWebKit/600.2.5 (KHTML, like Gecko) Version/8.0.2 Safari/600.2.5 (Amazonbot/0.1; +https://developer.amazon.com/support/amazonbot)"
85.208.96.195 - - [17/Nov/2023:07:25:17 +0100] "GET /elephant-lamp-changing-color-p-48758.html HTTP/1.0" 200 77591 "-" "Mozilla/5.0 (compatible; SemrushBot/7~bl; +http://www.semrush.com/bot.html)"
178.150.14.250 - - [17/Nov/2023:07:25:18 +0100] "GET /tinkerbell-yellow-tee-shirt-p-30854.html HTTP/1.0" 301 77544 "-" "Mozilla/5.0 (compatible; MJ12bot/v1.4.8; http://mj12bot.com/)"
85.208.96.207 - - [17/Nov/2023:07:25:20 +0100] "GET /-p-51796.html HTTP/1.0" 200 77477 "-" "Mozilla/5.0 (compatible; SemrushBot/7~bl; +http://www.semrush.com/bot.html)"
47.128.59.86 - - [17/Nov/2023:07:25:23 +0100] "GET /retro-wooden-photo-frame-36-cm-p-42194.html HTTP/1.0" 301 80116 "-" "Mozilla/5.0 (Linux; Android 5.0) AppleWebKit/537.36 (KHTML, like Gecko) Mobile Safari/537.36 (compatible; Bytespider; spider-feedback@bytedance.com)"
47.128.56.94 - - [17/Nov/2023:07:25:23 +0100] "GET /tea-for-one-mandala-p-44264.html HTTP/1.0" 301 77597 "-" "Mozilla/5.0 (Linux; Android 5.0) AppleWebKit/537.36 (KHTML, like Gecko) Mobile Safari/537.36 (compatible; Bytespider; spider-feedback@bytedance.com)"
178.150.14.250 - - [17/Nov/2023:07:25:23 +0100] "GET /-p-30854.html HTTP/1.0" 200 77477 "-" "Mozilla/5.0 (compatible; MJ12bot/v1.4.8; http://mj12bot.com/)"
47.128.59.86 - - [17/Nov/2023:07:25:25 +0100] "GET /retro-wooden-photo-frame-p-42194.html HTTP/1.0" 200 80025 "-" "Mozilla/5.0 (Linux; Android 5.0) AppleWebKit/537.36 (KHTML, like Gecko) Mobile Safari/537.36 (compatible; Bytespider; spider-feedback@bytedance.com)"
47.128.56.94 - - [17/Nov/2023:07:25:25 +0100] "GET /mandala-p-44264.html HTTP/1.0" 200 77523 "-" "Mozilla/5.0 (Linux; Android 5.0) AppleWebKit/537.36 (KHTML, like Gecko) Mobile Safari/537.36 (compatible; Bytespider; spider-feedback@bytedance.com)"
47.128.59.86 - - [17/Nov/2023:07:25:27 +0100] "GET /swfobject.js HTTP/1.0" 404 1308 "http://www.wonder-geek.com/retro-wooden-photo-frame-p-42194.html" "Mozilla/5.0 (Linux; Android 5.0) AppleWebKit/537.36 (KHTML, like Gecko) Mobile Safari/537.36 (compatible; Bytespider; spider-feedback@bytedance.com)"
178.150.14.250 - - [17/Nov/2023:07:25:29 +0100] "GET /tinted-candle-gold-color-p-48933.html HTTP/1.0" 200 77563 "-" "Mozilla/5.0 (compatible; MJ12bot/v1.4.8; http://mj12bot.com/)"
185.191.171.16 - - [17/Nov/2023:07:25:34 +0100] "GET /-p-41205.html HTTP/1.0" 200 77477 "-" "Mozilla/5.0 (compatible; SemrushBot/7~bl; +http://www.semrush.com/bot.html)"
47.128.57.74 - - [17/Nov/2023:07:25:34 +0100] "GET /luminous-earth-globe-decoration-p-58452.html HTTP/1.0" 200 77595 "-" "Mozilla/5.0 (Linux; Android 5.0) AppleWebKit/537.36 (KHTML, like Gecko) Mobile Safari/537.36 (compatible; Bytespider; spider-feedback@bytedance.com)"
47.128.57.74 - - [17/Nov/2023:07:25:36 +0100] "GET /swfobject.js HTTP/1.0" 404 1308 "http://www.wonder-geek.com/luminous-earth-globe-decoration-p-58452.html" "Mozilla/5.0 (Linux; Android 5.0) AppleWebKit/537.36 (KHTML, like Gecko) Mobile Safari/537.36 (compatible; Bytespider; spider-feedback@bytedance.com)"
178.150.14.250 - - [17/Nov/2023:07:25:35 +0100] "GET /tinted-candle-in-the-mass-apple-green-color-p-48931.html HTTP/1.0" 301 77692 "-" "Mozilla/5.0 (compatible; MJ12bot/v1.4.8; http://mj12bot.com/)"
47.128.57.74 - - [17/Nov/2023:07:25:39 +0100] "GET /highslide/graphics/zoomout.cur HTTP/1.0" 200 614 "http://www.wonder-geek.com/luminous-earth-globe-decoration-p-58452.html" "Mozilla/5.0 (Linux; Android 5.0) AppleWebKit/537.36 (KHTML, like Gecko) Mobile Safari/537.36 (compatible; Bytespider; spider-feedback@bytedance.com)"
47.128.57.74 - - [17/Nov/2023:07:25:39 +0100] "GET /highslide/graphics/outlines/drop-shadow.png HTTP/1.0" 200 277 "http://www.wonder-geek.com/luminous-earth-globe-decoration-p-58452.html" "Mozilla/5.0 (Linux; Android 5.0) AppleWebKit/537.36 (KHTML, like Gecko) Mobile Safari/537.36 (compatible; Bytespider; spider-feedback@bytedance.com)"
178.150.14.250 - - [17/Nov/2023:07:25:39 +0100] "GET /tinted-candle-mass-apple-green-color-p-48931.html HTTP/1.0" 200 77589 "-" "Mozilla/5.0 (compatible; MJ12bot/v1.4.8; http://mj12bot.com/)"
47.128.59.86 - - [17/Nov/2023:07:25:42 +0100] "GET /swfobject.js HTTP/1.0" 404 1308 "http://www.wonder-geek.com/retro-wooden-photo-frame-p-42194.html" "Mozilla/5.0 (Linux; Android 5.0) AppleWebKit/537.36 (KHTML, like Gecko) Mobile Safari/537.36 (compatible; Bytespider; spider-feedback@bytedance.com)"
47.128.59.86 - - [17/Nov/2023:07:25:42 +0100] "GET /highslide/graphics/zoomin.cur HTTP/1.0" 200 614 "http://www.wonder-geek.com/templates/Pixame_v1/stylesheet.css" "Mozilla/5.0 (Linux; Android 5.0) AppleWebKit/537.36 (KHTML, like Gecko) Mobile Safari/537.36 (compatible; Bytespider; spider-feedback@bytedance.com)"
178.150.14.250 - - [17/Nov/2023:07:25:43 +0100] "GET /tinted-candle-in-the-mass-beige-p-48917.html HTTP/1.0" 301 77656 "-" "Mozilla/5.0 (compatible; MJ12bot/v1.4.8; http://mj12bot.com/)"
178.150.14.250 - - [17/Nov/2023:07:25:48 +0100] "GET /tinted-candle-mass-beige-p-48917.html HTTP/1.0" 200 77565 "-" "Mozilla/5.0 (compatible; MJ12bot/v1.4.8; http://mj12bot.com/)"
185.191.171.7 - - [17/Nov/2023:07:25:50 +0100] "GET /trays-c-12_159.html?page=13 HTTP/1.0" 200 85368 "-" "Mozilla/5.0 (compatible; SemrushBot/7~bl; +http://www.semrush.com/bot.html)"
178.150.14.250 - - [17/Nov/2023:07:25:53 +0100] "GET /tinted-candle-in-the-mass-black-color-p-48929.html HTTP/1.0" 301 77674 "-" "Mozilla/5.0 (compatible; MJ12bot/v1.4.8; http://mj12bot.com/)"
178.150.14.250 - - [17/Nov/2023:07:25:57 +0100] "GET /tinted-candle-mass-black-color-p-48929.html HTTP/1.0" 200 77577 "-" "Mozilla/5.0 (compatible; MJ12bot/v1.4.8; http://mj12bot.com/)"
47.128.26.218 - - [17/Nov/2023:07:25:59 +0100] "GET /wooden-dish-p-49168.html HTTP/1.0" 200 77535 "-" "Mozilla/5.0 (Linux; Android 5.0) AppleWebKit/537.36 (KHTML, like Gecko) Mobile Safari/537.36 (compatible; Bytespider; spider-feedback@bytedance.com)"
54.36.148.26 - - [17/Nov/2023:07:26:00 +0100] "GET /volkwagen-blue-power-bank-3000mah-p-35061.html HTTP/1.0" 200 82592 "-" "Mozilla/5.0 (compatible; AhrefsBot/7.0; +http://ahrefs.com/robot/)"
178.150.14.250 - - [17/Nov/2023:07:26:00 +0100] "GET /tinted-candle-in-the-mass-blue-color-p-48924.html HTTP/1.0" 301 77671 "-" "Mozilla/5.0 (compatible; MJ12bot/v1.4.8; http://mj12bot.com/)"
47.128.26.218 - - [17/Nov/2023:07:26:02 +0100] "GET /swfobject.js HTTP/1.0" 404 1308 "http://www.wonder-geek.com/wooden-dish-p-49168.html" "Mozilla/5.0 (Linux; Android 5.0) AppleWebKit/537.36 (KHTML, like Gecko) Mobile Safari/537.36 (compatible; Bytespider; spider-feedback@bytedance.com)"
47.128.26.218 - - [17/Nov/2023:07:26:05 +0100] "GET /highslide/graphics/zoomout.cur HTTP/1.0" 200 614 "http://www.wonder-geek.com/wooden-dish-p-49168.html" "Mozilla/5.0 (Linux; Android 5.0) AppleWebKit/537.36 (KHTML, like Gecko) Mobile Safari/537.36 (compatible; Bytespider; spider-feedback@bytedance.com)"
47.128.26.218 - - [17/Nov/2023:07:26:05 +0100] "GET /highslide/graphics/outlines/drop-shadow.png HTTP/1.0" 200 277 "http://www.wonder-geek.com/wooden-dish-p-49168.html" "Mozilla/5.0 (Linux; Android 5.0) AppleWebKit/537.36 (KHTML, like Gecko) Mobile Safari/537.36 (compatible; Bytespider; spider-feedback@bytedance.com)"
178.150.14.250 - - [17/Nov/2023:07:26:04 +0100] "GET /tinted-candle-mass-blue-color-p-48924.html HTTP/1.0" 200 77575 "-" "Mozilla/5.0 (compatible; MJ12bot/v1.4.8; http://mj12bot.com/)"
178.150.14.250 - - [17/Nov/2023:07:26:10 +0100] "GET /tinted-candle-in-the-mass-brown-color-p-48923.html HTTP/1.0" 301 77674 "-" "Mozilla/5.0 (compatible; MJ12bot/v1.4.8; http://mj12bot.com/)"
178.150.14.250 - - [17/Nov/2023:07:26:15 +0100] "GET /tinted-candle-mass-brown-color-p-48923.html HTTP/1.0" 200 77577 "-" "Mozilla/5.0 (compatible; MJ12bot/v1.4.8; http://mj12bot.com/)"
178.150.14.250 - - [17/Nov/2023:07:26:22 +0100] "GET /tinted-candle-in-the-mass-burgundy-p-48918.html HTTP/1.0" 301 77665 "-" "Mozilla/5.0 (compatible; MJ12bot/v1.4.8; http://mj12bot.com/)"
47.128.53.112 - - [17/Nov/2023:07:26:22 +0100] "GET /retro-sugar-tin-box-p-40719.html HTTP/1.0" 301 77544 "-" "Mozilla/5.0 (Linux; Android 5.0) AppleWebKit/537.36 (KHTML, like Gecko) Mobile Safari/537.36 (compatible; Bytespider; spider-feedback@bytedance.com)"
47.128.53.112 - - [17/Nov/2023:07:26:24 +0100] "GET /-p-40719.html HTTP/1.0" 200 77477 "-" "Mozilla/5.0 (Linux; Android 5.0) AppleWebKit/537.36 (KHTML, like Gecko) Mobile Safari/537.36 (compatible; Bytespider; spider-feedback@bytedance.com)"
47.128.53.112 - - [17/Nov/2023:07:26:26 +0100] "GET /swfobject.js HTTP/1.0" 404 1308 "http://www.wonder-geek.com/-p-40719.html" "Mozilla/5.0 (Linux; Android 5.0) AppleWebKit/537.36 (KHTML, like Gecko) Mobile Safari/537.36 (compatible; Bytespider; spider-feedback@bytedance.com)"
52.167.144.139 - - [17/Nov/2023:07:26:26 +0100] "GET /zippo-harley-davidson-brushed-steel-p-61037.html HTTP/1.0" 200 80894 "-" "Mozilla/5.0 AppleWebKit/537.36 (KHTML, like Gecko; compatible; bingbot/2.0; +http://www.bing.com/bingbot.htm) Chrome/116.0.1938.76 Safari/537.36"
178.150.14.250 - - [17/Nov/2023:07:26:26 +0100] "GET /tinted-candle-mass-burgundy-p-48918.html HTTP/1.0" 200 77571 "-" "Mozilla/5.0 (compatible; MJ12bot/v1.4.8; http://mj12bot.com/)"
47.128.53.112 - - [17/Nov/2023:07:26:29 +0100] "GET /highslide/graphics/outlines/drop-shadow.png HTTP/1.0" 200 277 "http://www.wonder-geek.com/-p-40719.html" "Mozilla/5.0 (Linux; Android 5.0) AppleWebKit/537.36 (KHTML, like Gecko) Mobile Safari/537.36 (compatible; Bytespider; spider-feedback@bytedance.com)"
47.128.53.112 - - [17/Nov/2023:07:26:29 +0100] "GET /highslide/graphics/zoomout.cur HTTP/1.0" 200 614 "http://www.wonder-geek.com/-p-40719.html" "Mozilla/5.0 (Linux; Android 5.0) AppleWebKit/537.36 (KHTML, like Gecko) Mobile Safari/537.36 (compatible; Bytespider; spider-feedback@bytedance.com)"
178.150.14.250 - - [17/Nov/2023:07:26:30 +0100] "GET /tinted-candle-in-the-mass-dark-blue-color-p-48926.html HTTP/1.0" 301 77686 "-" "Mozilla/5.0 (compatible; MJ12bot/v1.4.8; http://mj12bot.com/)"
178.150.14.250 - - [17/Nov/2023:07:26:33 +0100] "GET /tinted-candle-mass-dark-blue-color-p-48926.html HTTP/1.0" 200 77585 "-" "Mozilla/5.0 (compatible; MJ12bot/v1.4.8; http://mj12bot.com/)"
185.191.171.2 - - [17/Nov/2023:07:26:37 +0100] "GET /mirror-c-13_133.html?page=7 HTTP/1.0" 200 95984 "-" "Mozilla/5.0 (compatible; SemrushBot/7~bl; +http://www.semrush.com/bot.html)"
178.150.14.250 - - [17/Nov/2023:07:26:38 +0100] "GET /tinted-candle-in-the-mass-dark-green-p-48920.html HTTP/1.0" 301 77671 "-" "Mozilla/5.0 (compatible; MJ12bot/v1.4.8; http://mj12bot.com/)"
178.150.14.250 - - [17/Nov/2023:07:26:42 +0100] "GET /tinted-candle-mass-dark-green-p-48920.html HTTP/1.0" 200 77575 "-" "Mozilla/5.0 (compatible; MJ12bot/v1.4.8; http://mj12bot.com/)"
111.225.149.120 - - [17/Nov/2023:07:26:44 +0100] "GET /ballerina-statue-collection-body-talk-p-40677.html HTTP/1.0" 200 80755 "-" "Mozilla/5.0 (Linux; Android 5.0) AppleWebKit/537.36 (KHTML, like Gecko) Mobile Safari/537.36 (compatible; Bytespider; https://zhanzhang.toutiao.com/)"
111.225.149.109 - - [17/Nov/2023:07:26:47 +0100] "GET /swfobject.js HTTP/1.0" 404 1308 "http://www.wonder-geek.com/ballerina-statue-collection-body-talk-p-40677.html" "Mozilla/5.0 (Linux; Android 5.0) AppleWebKit/537.36 (KHTML, like Gecko) Mobile Safari/537.36 (compatible; Bytespider; https://zhanzhang.toutiao.com/)"
178.150.14.250 - - [17/Nov/2023:07:26:46 +0100] "GET /tinted-candle-in-the-mass-gold-color-p-48933.html HTTP/1.0" 301 77654 "-" "Mozilla/5.0 (compatible; MJ12bot/v1.4.8; http://mj12bot.com/)"
111.225.149.115 - - [17/Nov/2023:07:26:50 +0100] "GET /images/big_prod_1/8717202557615a.jpg HTTP/1.0" 200 271 "http://www.wonder-geek.com/ballerina-statue-collection-body-talk-p-40677.html" "Mozilla/5.0 (Linux; Android 5.0) AppleWebKit/537.36 (KHTML, like Gecko) Mobile Safari/537.36 (compatible; Bytespider; https://zhanzhang.toutiao.com/)"
111.225.149.110 - - [17/Nov/2023:07:26:50 +0100] "GET /highslide/graphics/zoomout.cur HTTP/1.0" 200 614 "http://www.wonder-geek.com/ballerina-statue-collection-body-talk-p-40677.html" "Mozilla/5.0 (Linux; Android 5.0) AppleWebKit/537.36 (KHTML, like Gecko) Mobile Safari/537.36 (compatible; Bytespider; https://zhanzhang.toutiao.com/)"
111.225.149.106 - - [17/Nov/2023:07:26:51 +0100] "GET /images/big_prod/8717202557615.jpg HTTP/1.0" 200 268 "http://www.wonder-geek.com/ballerina-statue-collection-body-talk-p-40677.html" "Mozilla/5.0 (Linux; Android 5.0) AppleWebKit/537.36 (KHTML, like Gecko) Mobile Safari/537.36 (compatible; Bytespider; https://zhanzhang.toutiao.com/)"
178.150.14.250 - - [17/Nov/2023:07:26:49 +0100] "GET /tinted-candle-gold-color-p-48933.html HTTP/1.0" 200 77563 "-" "Mozilla/5.0 (compatible; MJ12bot/v1.4.8; http://mj12bot.com/)"
47.128.53.156 - - [17/Nov/2023:07:26:50 +0100] "GET /corsica-metal-plate-p-52529.html HTTP/1.0" 200 77543 "-" "Mozilla/5.0 (Linux; Android 5.0) AppleWebKit/537.36 (KHTML, like Gecko) Mobile Safari/537.36 (compatible; Bytespider; spider-feedback@bytedance.com)"
47.128.53.156 - - [17/Nov/2023:07:26:51 +0100] "GET /swfobject.js HTTP/1.0" 404 1308 "http://www.wonder-geek.com/corsica-metal-plate-p-52529.html" "Mozilla/5.0 (Linux; Android 5.0) AppleWebKit/537.36 (KHTML, like Gecko) Mobile Safari/537.36 (compatible; Bytespider; spider-feedback@bytedance.com)"
54.36.148.33 - - [17/Nov/2023:07:26:50 +0100] "GET /emmie-phone-cover-iphone-p-15948.html HTTP/1.0" 200 80574 "-" "Mozilla/5.0 (compatible; AhrefsBot/7.0; +http://ahrefs.com/robot/)"
101.32.242.201 - - [17/Nov/2023:07:26:54 +0100] "GET /images/mini_prod/3418170317052.jpg HTTP/1.0" 200 269 "-" "Mozilla/5.0 (Windows NT 10.0; Win64; x64) AppleWebKit/537.36 (KHTML, like Gecko) Chrome/103.0.0.0 Safari/537.36"
178.150.14.250 - - [17/Nov/2023:07:26:54 +0100] "GET /tinted-candle-in-the-mass-grey-color-p-48927.html HTTP/1.0" 301 77671 "-" "Mozilla/5.0 (compatible; MJ12bot/v1.4.8; http://mj12bot.com/)"
47.128.53.156 - - [17/Nov/2023:07:26:57 +0100] "GET /highslide/graphics/zoomout.cur HTTP/1.0" 200 614 "http://www.wonder-geek.com/corsica-metal-plate-p-52529.html" "Mozilla/5.0 (Linux; Android 5.0) AppleWebKit/537.36 (KHTML, like Gecko) Mobile Safari/537.36 (compatible; Bytespider; spider-feedback@bytedance.com)"
47.128.53.156 - - [17/Nov/2023:07:26:57 +0100] "GET /highslide/graphics/outlines/drop-shadow.png HTTP/1.0" 200 277 "http://www.wonder-geek.com/corsica-metal-plate-p-52529.html" "Mozilla/5.0 (Linux; Android 5.0) AppleWebKit/537.36 (KHTML, like Gecko) Mobile Safari/537.36 (compatible; Bytespider; spider-feedback@bytedance.com)"
178.150.14.250 - - [17/Nov/2023:07:26:58 +0100] "GET /tinted-candle-mass-grey-color-p-48927.html HTTP/1.0" 200 77575 "-" "Mozilla/5.0 (compatible; MJ12bot/v1.4.8; http://mj12bot.com/)"
43.128.73.248 - - [17/Nov/2023:07:27:02 +0100] "GET /images/mini_prod/5411217332207.jpg HTTP/1.0" 200 269 "-" "Mozilla/5.0 (Windows NT 10.0; Win64; x64) AppleWebKit/537.36 (KHTML, like Gecko) Chrome/103.0.0.0 Safari/537.36"
178.150.14.250 - - [17/Nov/2023:07:27:02 +0100] "GET /tinted-candle-in-the-mass-honey-color-p-48914.html HTTP/1.0" 301 77674 "-" "Mozilla/5.0 (compatible; MJ12bot/v1.4.8; http://mj12bot.com/)"
85.208.96.212 - - [17/Nov/2023:07:27:05 +0100] "GET /maleficent-dragon-figurine-romero-britto-p-39118.html HTTP/1.0" 200 77633 "-" "Mozilla/5.0 (compatible; SemrushBot/7~bl; +http://www.semrush.com/bot.html)"
43.153.41.115 - - [17/Nov/2023:07:27:08 +0100] "GET /images/mini_prod/3700516211415B.jpg HTTP/1.0" 200 270 "-" "Mozilla/5.0 (X11; Ubuntu; Linux x86_64; rv:72.0) Gecko/20100101 Firefox/72.0"
178.150.14.250 - - [17/Nov/2023:07:27:08 +0100] "GET /tinted-candle-mass-honey-color-p-48914.html HTTP/1.0" 200 77577 "-" "Mozilla/5.0 (compatible; MJ12bot/v1.4.8; http://mj12bot.com/)"
178.150.14.250 - - [17/Nov/2023:07:27:13 +0100] "GET /tinted-candle-in-the-mass-ivory-color-p-48915.html HTTP/1.0" 301 80154 "-" "Mozilla/5.0 (compatible; MJ12bot/v1.4.8; http://mj12bot.com/)"
178.150.14.250 - - [17/Nov/2023:07:27:16 +0100] "GET /tinted-candle-mass-ivory-color-p-48915.html HTTP/1.0" 200 80057 "-" "Mozilla/5.0 (compatible; MJ12bot/v1.4.8; http://mj12bot.com/)"
47.128.53.197 - - [17/Nov/2023:07:27:19 +0100] "GET /frankie-stein-monster-high-p-17501.html HTTP/1.0" 200 80613 "-" "Mozilla/5.0 (Linux; Android 5.0) AppleWebKit/537.36 (KHTML, like Gecko) Mobile Safari/537.36 (compatible; Bytespider; spider-feedback@bytedance.com)"
47.128.53.197 - - [17/Nov/2023:07:27:21 +0100] "GET /swfobject.js HTTP/1.0" 404 1308 "http://www.wonder-geek.com/frankie-stein-monster-high-p-17501.html" "Mozilla/5.0 (Linux; Android 5.0) AppleWebKit/537.36 (KHTML, like Gecko) Mobile Safari/537.36 (compatible; Bytespider; spider-feedback@bytedance.com)"
178.150.14.250 - - [17/Nov/2023:07:27:21 +0100] "GET /tinted-candle-in-the-mass-light-blue-color-p-48925.html HTTP/1.0" 301 77689 "-" "Mozilla/5.0 (compatible; MJ12bot/v1.4.8; http://mj12bot.com/)"
47.128.53.197 - - [17/Nov/2023:07:27:26 +0100] "GET /highslide/graphics/zoomin.cur HTTP/1.0" 200 614 "http://www.wonder-geek.com/templates/Pixame_v1/stylesheet.css" "Mozilla/5.0 (Linux; Android 5.0) AppleWebKit/537.36 (KHTML, like Gecko) Mobile Safari/537.36 (compatible; Bytespider; spider-feedback@bytedance.com)"
47.128.53.197 - - [17/Nov/2023:07:27:26 +0100] "GET /images/big_prod_1/6953270923965B.jpg HTTP/1.0" 200 271 "http://www.wonder-geek.com/frankie-stein-monster-high-p-17501.html" "Mozilla/5.0 (Linux; Android 5.0) AppleWebKit/537.36 (KHTML, like Gecko) Mobile Safari/537.36 (compatible; Bytespider; spider-feedback@bytedance.com)"
178.150.14.250 - - [17/Nov/2023:07:27:25 +0100] "GET /tinted-candle-mass-light-blue-color-p-48925.html HTTP/1.0" 200 77587 "-" "Mozilla/5.0 (compatible; MJ12bot/v1.4.8; http://mj12bot.com/)"
178.150.14.250 - - [17/Nov/2023:07:27:30 +0100] "GET /tinted-candle-in-the-mass-ocher-color-p-48916.html HTTP/1.0" 301 77674 "-" "Mozilla/5.0 (compatible; MJ12bot/v1.4.8; http://mj12bot.com/)"
178.150.14.250 - - [17/Nov/2023:07:27:34 +0100] "GET /tinted-candle-mass-ocher-color-p-48916.html HTTP/1.0" 200 77577 "-" "Mozilla/5.0 (compatible; MJ12bot/v1.4.8; http://mj12bot.com/)"
185.191.171.2 - - [17/Nov/2023:07:27:34 +0100] "GET /hello-kitty-hair-ornements-p-13568.html HTTP/1.0" 200 77625 "-" "Mozilla/5.0 (compatible; SemrushBot/7~bl; +http://www.semrush.com/bot.html)"
211.140.23.130 - - [17/Nov/2023:07:27:35 +0100] "GET /images/GormitiBassa.jpg HTTP/1.0" 200 258 "-" "Mozilla/5.0 (Windows NT 10.0; WOW64) AppleWebKit/537.36 (KHTML, like Gecko) Chrome/90.0.4430.212 Safari/537.36"
178.150.14.250 - - [17/Nov/2023:07:27:37 +0100] "GET /tinted-candle-in-the-mass-pink-color-p-48928.html HTTP/1.0" 301 77671 "-" "Mozilla/5.0 (compatible; MJ12bot/v1.4.8; http://mj12bot.com/)"
178.150.14.250 - - [17/Nov/2023:07:27:41 +0100] "GET /tinted-candle-mass-pink-color-p-48928.html HTTP/1.0" 200 77575 "-" "Mozilla/5.0 (compatible; MJ12bot/v1.4.8; http://mj12bot.com/)"
178.150.14.250 - - [17/Nov/2023:07:27:46 +0100] "GET /tinted-candle-in-the-mass-red-p-48912.html HTTP/1.0" 301 77638 "-" "Mozilla/5.0 (compatible; MJ12bot/v1.4.8; http://mj12bot.com/)"
47.128.42.68 - - [17/Nov/2023:07:27:47 +0100] "GET /hello-kitty-victoria-casal-couture-white-watch-p-20140.html HTTP/1.0" 200 80227 "-" "Mozilla/5.0 (Linux; Android 5.0) AppleWebKit/537.36 (KHTML, like Gecko) Mobile Safari/537.36 (compatible; Bytespider; spider-feedback@bytedance.com)"
47.128.42.68 - - [17/Nov/2023:07:27:49 +0100] "GET /swfobject.js HTTP/1.0" 404 1308 "http://www.wonder-geek.com/hello-kitty-victoria-casal-couture-white-watch-p-20140.html" "Mozilla/5.0 (Linux; Android 5.0) AppleWebKit/537.36 (KHTML, like Gecko) Mobile Safari/537.36 (compatible; Bytespider; spider-feedback@bytedance.com)"
178.150.14.250 - - [17/Nov/2023:07:27:49 +0100] "GET /tinted-candle-mass-p-48912.html HTTP/1.0" 200 77553 "-" "Mozilla/5.0 (compatible; MJ12bot/v1.4.8; http://mj12bot.com/)"
47.128.42.68 - - [17/Nov/2023:07:27:52 +0100] "GET /highslide/graphics/zoomin.cur HTTP/1.0" 200 614 "http://www.wonder-geek.com/templates/Pixame_v1/stylesheet.css" "Mozilla/5.0 (Linux; Android 5.0) AppleWebKit/537.36 (KHTML, like Gecko) Mobile Safari/537.36 (compatible; Bytespider; spider-feedback@bytedance.com)"
47.128.42.68 - - [17/Nov/2023:07:27:52 +0100] "GET /highslide/graphics/outlines/drop-shadow.png HTTP/1.0" 200 277 "http://www.wonder-geek.com/hello-kitty-victoria-casal-couture-white-watch-p-20140.html" "Mozilla/5.0 (Linux; Android 5.0) AppleWebKit/537.36 (KHTML, like Gecko) Mobile Safari/537.36 (compatible; Bytespider; spider-feedback@bytedance.com)"
