85.208.96.193 - - [17/Nov/2023:06:21:56 +0100] "GET /earrings-rock-crystal-amethyst-flower-life-p-49361.html HTTP/1.0" 200 80001 "-" "Mozilla/5.0 (compatible; SemrushBot/7~bl; +http://www.semrush.com/bot.html)"
195.191.219.130 - - [17/Nov/2023:06:21:57 +0100] "GET /-p-17030.html HTTP/1.0" 200 77477 "-" "Mozilla/5.0 (compatible; MJ12bot/v1.4.8; http://mj12bot.com/)"
178.150.14.250 - - [17/Nov/2023:06:21:57 +0100] "GET /jellyfish-glass-paperweight-black-p-60837.html HTTP/1.0" 200 80595 "-" "Mozilla/5.0 (compatible; MJ12bot/v1.4.8; http://mj12bot.com/)"
178.150.14.250 - - [17/Nov/2023:06:21:59 +0100] "GET /-p-13273.html HTTP/1.0" 200 77477 "-" "Mozilla/5.0 (compatible; MJ12bot/v1.4.8; http://mj12bot.com/)"
195.191.219.130 - - [17/Nov/2023:06:22:00 +0100] "GET /-p-17224.html HTTP/1.0" 200 77477 "-" "Mozilla/5.0 (compatible; MJ12bot/v1.4.8; http://mj12bot.com/)"
195.191.219.130 - - [17/Nov/2023:06:22:03 +0100] "GET /-p-17228.html HTTP/1.0" 200 77477 "-" "Mozilla/5.0 (compatible; MJ12bot/v1.4.8; http://mj12bot.com/)"
218.188.41.122 - - [17/Nov/2023:06:22:04 +0100] "GET /-p-24895.html HTTP/1.0" 200 77477 "-" "Mozilla/5.0 (compatible; MJ12bot/v1.4.8; http://mj12bot.com/)"
195.191.219.130 - - [17/Nov/2023:06:22:06 +0100] "GET /-p-17290.html HTTP/1.0" 200 77477 "-" "Mozilla/5.0 (compatible; MJ12bot/v1.4.8; http://mj12bot.com/)"
178.150.14.250 - - [17/Nov/2023:06:22:09 +0100] "GET /jellyfish-glass-paperweight-p-60838.html HTTP/1.0" 200 79903 "-" "Mozilla/5.0 (compatible; MJ12bot/v1.4.8; http://mj12bot.com/)"
195.191.219.130 - - [17/Nov/2023:06:22:09 +0100] "GET /-p-18118.html HTTP/1.0" 200 77477 "-" "Mozilla/5.0 (compatible; MJ12bot/v1.4.8; http://mj12bot.com/)"
195.191.219.130 - - [17/Nov/2023:06:22:12 +0100] "GET /-p-18119.html HTTP/1.0" 200 77477 "-" "Mozilla/5.0 (compatible; MJ12bot/v1.4.8; http://mj12bot.com/)"
195.191.219.130 - - [17/Nov/2023:06:22:15 +0100] "GET /-p-18120.html HTTP/1.0" 200 77477 "-" "Mozilla/5.0 (compatible; MJ12bot/v1.4.8; http://mj12bot.com/)"
218.188.41.122 - - [17/Nov/2023:06:22:16 +0100] "GET /turtle-clock-by-allen-p-28294.html HTTP/1.0" 301 77544 "-" "Mozilla/5.0 (compatible; MJ12bot/v1.4.8; http://mj12bot.com/)"
178.150.14.250 - - [17/Nov/2023:06:22:17 +0100] "GET /kakemono-abecedaire-wooden-animals-p-58850.html HTTP/1.0" 301 80650 "-" "Mozilla/5.0 (compatible; MJ12bot/v1.4.8; http://mj12bot.com/)"
195.191.219.130 - - [17/Nov/2023:06:22:18 +0100] "GET /-p-18388.html HTTP/1.0" 200 77477 "-" "Mozilla/5.0 (compatible; MJ12bot/v1.4.8; http://mj12bot.com/)"
51.68.224.127 - - [17/Nov/2023:06:22:21 +0100] "GET /adminweb/export_orders_xml.php?token=256de2z6edz6ed2z6DFSFsed2zed6zeDSFDSGdzedezfzf&maxorders=10&orderstart=1&status=14&start_date=2018-10-01 HTTP/1.0" 200 285 "-" "GesCom CharlotteBoutik Serveur"
51.68.224.127 - - [17/Nov/2023:06:22:21 +0100] "GET /adminweb/export_orders_xml.php?token=256de2z6edz6ed2z6DFSFsed2zed6zeDSFDSGdzedezfzf&maxorders=10&orderstart=1&status=6&start_date=2018-10-01 HTTP/1.0" 200 33939 "-" "GesCom CharlotteBoutik Serveur"
195.191.219.130 - - [17/Nov/2023:06:22:22 +0100] "GET /-p-18615.html HTTP/1.0" 200 77477 "-" "Mozilla/5.0 (compatible; MJ12bot/v1.4.8; http://mj12bot.com/)"
124.156.200.17 - - [17/Nov/2023:06:22:24 +0100] "GET /images/mini_prod/3384371051029.jpg HTTP/1.0" 200 269 "-" "Mozilla/5.0 (Windows NT 10.0; Win64; x64) AppleWebKit/537.36 (KHTML, like Gecko) Chrome/103.0.0.0 Safari/537.36"
178.150.14.250 - - [17/Nov/2023:06:22:24 +0100] "GET /kakemono-alphabet-wooden-animals-p-58850.html HTTP/1.0" 200 80551 "-" "Mozilla/5.0 (compatible; MJ12bot/v1.4.8; http://mj12bot.com/)"
195.191.219.130 - - [17/Nov/2023:06:22:25 +0100] "GET /-p-18616.html HTTP/1.0" 200 77477 "-" "Mozilla/5.0 (compatible; MJ12bot/v1.4.8; http://mj12bot.com/)"
218.188.41.122 - - [17/Nov/2023:06:22:25 +0100] "GET /-p-28294.html HTTP/1.0" 200 77477 "-" "Mozilla/5.0 (compatible; MJ12bot/v1.4.8; http://mj12bot.com/)"
195.191.219.130 - - [17/Nov/2023:06:22:28 +0100] "GET /-p-18617.html HTTP/1.0" 200 77477 "-" "Mozilla/5.0 (compatible; MJ12bot/v1.4.8; http://mj12bot.com/)"
185.191.171.17 - - [17/Nov/2023:06:22:31 +0100] "GET /candle-hours-baked-apple-p-38119.html HTTP/1.0" 200 77581 "-" "Mozilla/5.0 (compatible; SemrushBot/7~bl; +http://www.semrush.com/bot.html)"
195.191.219.130 - - [17/Nov/2023:06:22:32 +0100] "GET /-p-18618.html HTTP/1.0" 200 77477 "-" "Mozilla/5.0 (compatible; MJ12bot/v1.4.8; http://mj12bot.com/)"
3.224.220.101 - - [17/Nov/2023:06:22:32 +0100] "GET /-c-95_346.html HTTP/1.0" 200 76345 "-" "Mozilla/5.0 (Macintosh; Intel Mac OS X 10_10_1) AppleWebKit/600.2.5 (KHTML, like Gecko) Version/8.0.2 Safari/600.2.5 (Amazonbot/0.1; +https://developer.amazon.com/support/amazonbot)"
3.224.220.101 - - [17/Nov/2023:06:22:34 +0100] "GET /-c-95_315.html HTTP/1.0" 200 76345 "-" "Mozilla/5.0 (Macintosh; Intel Mac OS X 10_10_1) AppleWebKit/600.2.5 (KHTML, like Gecko) Version/8.0.2 Safari/600.2.5 (Amazonbot/0.1; +https://developer.amazon.com/support/amazonbot)"
195.191.219.130 - - [17/Nov/2023:06:22:35 +0100] "GET /-p-18710.html HTTP/1.0" 200 77477 "-" "Mozilla/5.0 (compatible; MJ12bot/v1.4.8; http://mj12bot.com/)"
218.188.41.122 - - [17/Nov/2023:06:22:36 +0100] "GET /turtles-ninja-glass-p-21404.html HTTP/1.0" 301 77544 "-" "Mozilla/5.0 (compatible; MJ12bot/v1.4.8; http://mj12bot.com/)"
195.191.219.130 - - [17/Nov/2023:06:22:39 +0100] "GET /-p-18812.html HTTP/1.0" 200 77477 "-" "Mozilla/5.0 (compatible; MJ12bot/v1.4.8; http://mj12bot.com/)"
178.150.14.250 - - [17/Nov/2023:06:22:39 +0100] "GET /kakemono-alphabet-wooden-animals-p-58850.html HTTP/1.0" 200 80551 "-" "Mozilla/5.0 (compatible; MJ12bot/v1.4.8; http://mj12bot.com/)"
195.191.219.130 - - [17/Nov/2023:06:22:42 +0100] "GET /-p-18964.html HTTP/1.0" 200 77477 "-" "Mozilla/5.0 (compatible; MJ12bot/v1.4.8; http://mj12bot.com/)"
54.36.148.164 - - [17/Nov/2023:06:22:45 +0100] "GET /figurine-princesse-jasmine-couture-force-p-54052.html HTTP/1.0" 200 81874 "-" "Mozilla/5.0 (compatible; AhrefsBot/7.0; +http://ahrefs.com/robot/)"
195.191.219.130 - - [17/Nov/2023:06:22:46 +0100] "GET /-p-19336.html HTTP/1.0" 200 77477 "-" "Mozilla/5.0 (compatible; MJ12bot/v1.4.8; http://mj12bot.com/)"
218.188.41.122 - - [17/Nov/2023:06:22:46 +0100] "GET /-p-21404.html HTTP/1.0" 200 77477 "-" "Mozilla/5.0 (compatible; MJ12bot/v1.4.8; http://mj12bot.com/)"
195.191.219.130 - - [17/Nov/2023:06:22:49 +0100] "GET /-p-19718.html HTTP/1.0" 200 77477 "-" "Mozilla/5.0 (compatible; MJ12bot/v1.4.8; http://mj12bot.com/)"
43.128.73.248 - - [17/Nov/2023:06:22:51 +0100] "GET /images/mini_prod/1384010202777.jpg HTTP/1.0" 200 269 "-" "Mozilla/5.0 (Windows NT 10.0; Win64; x64) AppleWebKit/537.36 (KHTML, like Gecko) Chrome/103.0.0.0 Safari/537.36"
178.150.14.250 - - [17/Nov/2023:06:22:50 +0100] "GET /kitten-ball-yarn-porcelain-kiub-collection-p-60832.html HTTP/1.0" 200 81035 "-" "Mozilla/5.0 (compatible; MJ12bot/v1.4.8; http://mj12bot.com/)"
218.188.41.122 - - [17/Nov/2023:06:22:51 +0100] "GET /turtles-ninja-glass-p-21407.html HTTP/1.0" 200 80490 "-" "Mozilla/5.0 (compatible; MJ12bot/v1.4.8; http://mj12bot.com/)"
195.191.219.130 - - [17/Nov/2023:06:22:52 +0100] "GET /-p-20269.html HTTP/1.0" 200 77477 "-" "Mozilla/5.0 (compatible; MJ12bot/v1.4.8; http://mj12bot.com/)"
185.191.171.2 - - [17/Nov/2023:06:22:53 +0100] "GET /soft-rechargeable-silicone-night-light-p-61165.html HTTP/1.0" 200 82251 "-" "Mozilla/5.0 (compatible; SemrushBot/7~bl; +http://www.semrush.com/bot.html)"
195.191.219.130 - - [17/Nov/2023:06:22:55 +0100] "GET /-p-20371.html HTTP/1.0" 200 77477 "-" "Mozilla/5.0 (compatible; MJ12bot/v1.4.8; http://mj12bot.com/)"
195.191.219.130 - - [17/Nov/2023:06:22:58 +0100] "GET /-p-20381.html HTTP/1.0" 200 77477 "-" "Mozilla/5.0 (compatible; MJ12bot/v1.4.8; http://mj12bot.com/)"
195.191.219.130 - - [17/Nov/2023:06:23:02 +0100] "GET /-p-20399.html HTTP/1.0" 200 77477 "-" "Mozilla/5.0 (compatible; MJ12bot/v1.4.8; http://mj12bot.com/)"
218.188.41.122 - - [17/Nov/2023:06:23:02 +0100] "GET /turtles-ninja-glass-p-21408.html HTTP/1.0" 200 80489 "-" "Mozilla/5.0 (compatible; MJ12bot/v1.4.8; http://mj12bot.com/)"
178.150.14.250 - - [17/Nov/2023:06:23:02 +0100] "GET /large-bamboo-vase-in-resin-34-cm-p-44984.html HTTP/1.0" 301 77667 "-" "Mozilla/5.0 (compatible; MJ12bot/v1.4.8; http://mj12bot.com/)"
195.191.219.130 - - [17/Nov/2023:06:23:05 +0100] "GET /-p-20400.html HTTP/1.0" 200 77477 "-" "Mozilla/5.0 (compatible; MJ12bot/v1.4.8; http://mj12bot.com/)"
195.191.219.130 - - [17/Nov/2023:06:23:08 +0100] "GET /-p-20421.html HTTP/1.0" 200 77477 "-" "Mozilla/5.0 (compatible; MJ12bot/v1.4.8; http://mj12bot.com/)"
185.191.171.6 - - [17/Nov/2023:06:23:11 +0100] "GET /elsa-disney-frozen-secret-collection-p-29097.html HTTP/1.0" 200 80138 "-" "Mozilla/5.0 (compatible; SemrushBot/7~bl; +http://www.semrush.com/bot.html)"
195.191.219.130 - - [17/Nov/2023:06:23:12 +0100] "GET /-p-20424.html HTTP/1.0" 200 77477 "-" "Mozilla/5.0 (compatible; MJ12bot/v1.4.8; http://mj12bot.com/)"
178.150.14.250 - - [17/Nov/2023:06:23:13 +0100] "GET /large-bamboo-vase-resin-p-44984.html HTTP/1.0" 200 77577 "-" "Mozilla/5.0 (compatible; MJ12bot/v1.4.8; http://mj12bot.com/)"
218.188.41.122 - - [17/Nov/2023:06:23:13 +0100] "GET /turtles-ninja-glass-p-21409.html HTTP/1.0" 200 80490 "-" "Mozilla/5.0 (compatible; MJ12bot/v1.4.8; http://mj12bot.com/)"
195.191.219.130 - - [17/Nov/2023:06:23:16 +0100] "GET /-p-20426.html HTTP/1.0" 200 77477 "-" "Mozilla/5.0 (compatible; MJ12bot/v1.4.8; http://mj12bot.com/)"
195.191.219.130 - - [17/Nov/2023:06:23:19 +0100] "GET /-p-20430.html HTTP/1.0" 200 77477 "-" "Mozilla/5.0 (compatible; MJ12bot/v1.4.8; http://mj12bot.com/)"
185.191.171.11 - - [17/Nov/2023:06:23:20 +0100] "GET /small-orange-money-p-54834.html HTTP/1.0" 200 77555 "-" "Mozilla/5.0 (compatible; SemrushBot/7~bl; +http://www.semrush.com/bot.html)"
195.191.219.130 - - [17/Nov/2023:06:23:23 +0100] "GET /-p-20434.html HTTP/1.0" 200 77477 "-" "Mozilla/5.0 (compatible; MJ12bot/v1.4.8; http://mj12bot.com/)"
185.191.171.15 - - [17/Nov/2023:06:23:24 +0100] "GET /violetta-apron-chef-p-29524.html HTTP/1.0" 200 79979 "-" "Mozilla/5.0 (compatible; SemrushBot/7~bl; +http://www.semrush.com/bot.html)"
178.150.14.250 - - [17/Nov/2023:06:23:25 +0100] "GET /large-bamboo-vase-resin-p-44984.html HTTP/1.0" 200 77577 "-" "Mozilla/5.0 (compatible; MJ12bot/v1.4.8; http://mj12bot.com/)"
195.191.219.130 - - [17/Nov/2023:06:23:26 +0100] "GET /-p-20872.html HTTP/1.0" 200 77477 "-" "Mozilla/5.0 (compatible; MJ12bot/v1.4.8; http://mj12bot.com/)"
218.188.41.122 - - [17/Nov/2023:06:23:27 +0100] "GET /tv-mire-tray-p-24901.html HTTP/1.0" 301 77544 "-" "Mozilla/5.0 (compatible; MJ12bot/v1.4.8; http://mj12bot.com/)"
85.208.96.203 - - [17/Nov/2023:06:23:27 +0100] "GET /magnet-winking-tassen-made-germany-p-56783.html HTTP/1.0" 200 80895 "-" "Mozilla/5.0 (compatible; SemrushBot/7~bl; +http://www.semrush.com/bot.html)"
195.191.219.130 - - [17/Nov/2023:06:23:29 +0100] "GET /-p-20980.html HTTP/1.0" 200 77477 "-" "Mozilla/5.0 (compatible; MJ12bot/v1.4.8; http://mj12bot.com/)"
178.150.14.250 - - [17/Nov/2023:06:23:29 +0100] "GET /large-candle-bloom-p-49926.html HTTP/1.0" 200 77559 "-" "Mozilla/5.0 (compatible; MJ12bot/v1.4.8; http://mj12bot.com/)"
195.191.219.130 - - [17/Nov/2023:06:23:32 +0100] "GET /-p-21404.html HTTP/1.0" 200 77477 "-" "Mozilla/5.0 (compatible; MJ12bot/v1.4.8; http://mj12bot.com/)"
195.191.219.130 - - [17/Nov/2023:06:23:35 +0100] "GET /-p-21889.html HTTP/1.0" 200 77477 "-" "Mozilla/5.0 (compatible; MJ12bot/v1.4.8; http://mj12bot.com/)"
195.191.219.130 - - [17/Nov/2023:06:23:38 +0100] "GET /-p-22303.html HTTP/1.0" 200 77477 "-" "Mozilla/5.0 (compatible; MJ12bot/v1.4.8; http://mj12bot.com/)"
218.188.41.122 - - [17/Nov/2023:06:23:38 +0100] "GET /-p-24901.html HTTP/1.0" 200 77477 "-" "Mozilla/5.0 (compatible; MJ12bot/v1.4.8; http://mj12bot.com/)"
178.150.14.250 - - [17/Nov/2023:06:23:39 +0100] "GET /large-candle-spicy-mandarin-p-49927.html HTTP/1.0" 200 77577 "-" "Mozilla/5.0 (compatible; MJ12bot/v1.4.8; http://mj12bot.com/)"
185.191.171.13 - - [17/Nov/2023:06:23:39 +0100] "GET /-p-39361.html HTTP/1.0" 200 77477 "-" "Mozilla/5.0 (compatible; SemrushBot/7~bl; +http://www.semrush.com/bot.html)"
195.191.219.130 - - [17/Nov/2023:06:23:41 +0100] "GET /-p-22752.html HTTP/1.0" 200 77477 "-" "Mozilla/5.0 (compatible; MJ12bot/v1.4.8; http://mj12bot.com/)"
195.191.219.130 - - [17/Nov/2023:06:23:44 +0100] "GET /-p-23045.html HTTP/1.0" 200 77477 "-" "Mozilla/5.0 (compatible; MJ12bot/v1.4.8; http://mj12bot.com/)"
195.191.219.130 - - [17/Nov/2023:06:23:47 +0100] "GET /-p-23046.html HTTP/1.0" 200 77477 "-" "Mozilla/5.0 (compatible; MJ12bot/v1.4.8; http://mj12bot.com/)"
185.191.171.9 - - [17/Nov/2023:06:23:47 +0100] "GET /toucan-plastic-night-light-p-50826.html HTTP/1.0" 200 77571 "-" "Mozilla/5.0 (compatible; SemrushBot/7~bl; +http://www.semrush.com/bot.html)"
218.188.41.122 - - [17/Nov/2023:06:23:47 +0100] "GET /tweety-acrylic-glasses-p-14834.html HTTP/1.0" 301 77544 "-" "Mozilla/5.0 (compatible; MJ12bot/v1.4.8; http://mj12bot.com/)"
195.191.219.130 - - [17/Nov/2023:06:23:50 +0100] "GET /-p-23085.html HTTP/1.0" 200 77477 "-" "Mozilla/5.0 (compatible; MJ12bot/v1.4.8; http://mj12bot.com/)"
178.150.14.250 - - [17/Nov/2023:06:23:50 +0100] "GET /large-jar-candle-oud-bloom-p-49926.html HTTP/1.0" 301 77644 "-" "Mozilla/5.0 (compatible; MJ12bot/v1.4.8; http://mj12bot.com/)"
195.191.219.130 - - [17/Nov/2023:06:23:54 +0100] "GET /-p-24126.html HTTP/1.0" 200 77477 "-" "Mozilla/5.0 (compatible; MJ12bot/v1.4.8; http://mj12bot.com/)"
218.188.41.122 - - [17/Nov/2023:06:23:57 +0100] "GET /-p-14834.html HTTP/1.0" 200 77477 "-" "Mozilla/5.0 (compatible; MJ12bot/v1.4.8; http://mj12bot.com/)"
195.191.219.130 - - [17/Nov/2023:06:23:57 +0100] "GET /-p-24697.html HTTP/1.0" 200 77477 "-" "Mozilla/5.0 (compatible; MJ12bot/v1.4.8; http://mj12bot.com/)"
178.150.14.250 - - [17/Nov/2023:06:24:00 +0100] "GET /large-candle-bloom-p-49926.html HTTP/1.0" 200 77559 "-" "Mozilla/5.0 (compatible; MJ12bot/v1.4.8; http://mj12bot.com/)"
195.191.219.130 - - [17/Nov/2023:06:24:00 +0100] "GET /-p-24895.html HTTP/1.0" 200 77477 "-" "Mozilla/5.0 (compatible; MJ12bot/v1.4.8; http://mj12bot.com/)"
85.208.96.196 - - [17/Nov/2023:06:24:01 +0100] "GET /pirate-skull-ashtray-p-49213.html HTTP/1.0" 200 77551 "-" "Mozilla/5.0 (compatible; SemrushBot/7~bl; +http://www.semrush.com/bot.html)"
195.191.219.130 - - [17/Nov/2023:06:24:03 +0100] "GET /-p-24901.html HTTP/1.0" 200 77477 "-" "Mozilla/5.0 (compatible; MJ12bot/v1.4.8; http://mj12bot.com/)"
85.208.96.196 - - [17/Nov/2023:06:24:05 +0100] "GET /black-ceramic-face-lamp-p-54849.html HTTP/1.0" 200 77571 "-" "Mozilla/5.0 (compatible; SemrushBot/7~bl; +http://www.semrush.com/bot.html)"
195.191.219.130 - - [17/Nov/2023:06:24:06 +0100] "GET /-p-25156.html HTTP/1.0" 200 77477 "-" "Mozilla/5.0 (compatible; MJ12bot/v1.4.8; http://mj12bot.com/)"
218.188.41.122 - - [17/Nov/2023:06:24:08 +0100] "GET /tweety-alarm-clock-p-5099.html HTTP/1.0" 200 77537 "-" "Mozilla/5.0 (compatible; MJ12bot/v1.4.8; http://mj12bot.com/)"
195.191.219.130 - - [17/Nov/2023:06:24:09 +0100] "GET /-p-25225.html HTTP/1.0" 200 77477 "-" "Mozilla/5.0 (compatible; MJ12bot/v1.4.8; http://mj12bot.com/)"
85.208.96.202 - - [17/Nov/2023:06:24:08 +0100] "GET /mtal-signs-c-13_130.html?page=3 HTTP/1.0" 200 101031 "-" "Mozilla/5.0 (compatible; SemrushBot/7~bl; +http://www.semrush.com/bot.html)"
195.191.219.130 - - [17/Nov/2023:06:24:12 +0100] "GET /-p-25227.html HTTP/1.0" 200 77477 "-" "Mozilla/5.0 (compatible; MJ12bot/v1.4.8; http://mj12bot.com/)"
195.191.219.130 - - [17/Nov/2023:06:24:15 +0100] "GET /-p-25511.html HTTP/1.0" 200 77477 "-" "Mozilla/5.0 (compatible; MJ12bot/v1.4.8; http://mj12bot.com/)"
178.150.14.250 - - [17/Nov/2023:06:24:16 +0100] "GET /large-jar-candle-spicy-mandarin-p-49927.html HTTP/1.0" 301 77671 "-" "Mozilla/5.0 (compatible; MJ12bot/v1.4.8; http://mj12bot.com/)"
195.191.219.130 - - [17/Nov/2023:06:24:19 +0100] "GET /-p-25514.html HTTP/1.0" 200 77477 "-" "Mozilla/5.0 (compatible; MJ12bot/v1.4.8; http://mj12bot.com/)"
218.188.41.122 - - [17/Nov/2023:06:24:19 +0100] "GET /tweety-alarm-clock-p-5100.html HTTP/1.0" 301 77541 "-" "Mozilla/5.0 (compatible; MJ12bot/v1.4.8; http://mj12bot.com/)"
195.191.219.130 - - [17/Nov/2023:06:24:21 +0100] "GET /-p-25527.html HTTP/1.0" 200 77477 "-" "Mozilla/5.0 (compatible; MJ12bot/v1.4.8; http://mj12bot.com/)"
195.191.219.130 - - [17/Nov/2023:06:24:25 +0100] "GET /-p-25584.html HTTP/1.0" 200 77477 "-" "Mozilla/5.0 (compatible; MJ12bot/v1.4.8; http://mj12bot.com/)"
178.150.14.250 - - [17/Nov/2023:06:24:25 +0100] "GET /large-candle-spicy-mandarin-p-49927.html HTTP/1.0" 200 77577 "-" "Mozilla/5.0 (compatible; MJ12bot/v1.4.8; http://mj12bot.com/)"
218.188.41.122 - - [17/Nov/2023:06:24:27 +0100] "GET /-p-5100.html HTTP/1.0" 200 77475 "-" "Mozilla/5.0 (compatible; MJ12bot/v1.4.8; http://mj12bot.com/)"
195.191.219.130 - - [17/Nov/2023:06:24:28 +0100] "GET /-p-25996.html HTTP/1.0" 200 77477 "-" "Mozilla/5.0 (compatible; MJ12bot/v1.4.8; http://mj12bot.com/)"
195.191.219.130 - - [17/Nov/2023:06:24:31 +0100] "GET /-p-26165.html HTTP/1.0" 200 77477 "-" "Mozilla/5.0 (compatible; MJ12bot/v1.4.8; http://mj12bot.com/)"
195.191.219.130 - - [17/Nov/2023:06:24:34 +0100] "GET /-p-26327.html HTTP/1.0" 200 77477 "-" "Mozilla/5.0 (compatible; MJ12bot/v1.4.8; http://mj12bot.com/)"
185.191.171.6 - - [17/Nov/2023:06:24:37 +0100] "GET /plush-keeleco-friendly-p-61147.html?action=add_product HTTP/1.0" 302 476 "-" "Mozilla/5.0 (compatible; SemrushBot/7~bl; +http://www.semrush.com/bot.html)"
218.188.41.122 - - [17/Nov/2023:06:24:36 +0100] "GET /tweety-alarm-clock-p-5201.html HTTP/1.0" 301 77541 "-" "Mozilla/5.0 (compatible; MJ12bot/v1.4.8; http://mj12bot.com/)"
54.36.148.131 - - [17/Nov/2023:06:24:37 +0100] "GET /white-grey-moroccan-ashtray-p-52623.html HTTP/1.0" 200 80449 "-" "Mozilla/5.0 (compatible; AhrefsBot/7.0; +http://ahrefs.com/robot/)"
195.191.219.130 - - [17/Nov/2023:06:24:38 +0100] "GET /-p-26619.html HTTP/1.0" 200 77477 "-" "Mozilla/5.0 (compatible; MJ12bot/v1.4.8; http://mj12bot.com/)"
178.150.14.250 - - [17/Nov/2023:06:24:38 +0100] "GET /large-metal-plate-light-arrow-p-47993.html HTTP/1.0" 301 77544 "-" "Mozilla/5.0 (compatible; MJ12bot/v1.4.8; http://mj12bot.com/)"
202.239.4.149 - - [17/Nov/2023:06:24:41 +0100] "GET /suitcaselittle-suitcase-trolley-c-31_79.html HTTP/1.0" 200 83168 "-" "Mozilla/5.0 (compatible; Y!J-WSC/1.0; +https://yahoo.jp/3BSZgF)"
195.191.219.130 - - [17/Nov/2023:06:24:41 +0100] "GET /-p-26620.html HTTP/1.0" 200 77477 "-" "Mozilla/5.0 (compatible; MJ12bot/v1.4.8; http://mj12bot.com/)"
218.188.41.122 - - [17/Nov/2023:06:24:44 +0100] "GET /-p-5201.html HTTP/1.0" 200 77475 "-" "Mozilla/5.0 (compatible; MJ12bot/v1.4.8; http://mj12bot.com/)"
195.191.219.130 - - [17/Nov/2023:06:24:44 +0100] "GET /-p-26794.html HTTP/1.0" 200 77477 "-" "Mozilla/5.0 (compatible; MJ12bot/v1.4.8; http://mj12bot.com/)"
178.150.14.250 - - [17/Nov/2023:06:24:45 +0100] "GET /-p-47993.html HTTP/1.0" 200 77477 "-" "Mozilla/5.0 (compatible; MJ12bot/v1.4.8; http://mj12bot.com/)"
195.191.219.130 - - [17/Nov/2023:06:24:47 +0100] "GET /-p-26944.html HTTP/1.0" 200 77477 "-" "Mozilla/5.0 (compatible; MJ12bot/v1.4.8; http://mj12bot.com/)"
195.191.219.130 - - [17/Nov/2023:06:24:51 +0100] "GET /-p-27259.html HTTP/1.0" 200 77477 "-" "Mozilla/5.0 (compatible; MJ12bot/v1.4.8; http://mj12bot.com/)"
218.188.41.122 - - [17/Nov/2023:06:24:53 +0100] "GET /tweety-bow-figurine-p-42740.html HTTP/1.0" 301 77609 "-" "Mozilla/5.0 (compatible; MJ12bot/v1.4.8; http://mj12bot.com/)"
195.191.219.130 - - [17/Nov/2023:06:24:54 +0100] "GET /-p-2742.html HTTP/1.0" 200 77475 "-" "Mozilla/5.0 (compatible; MJ12bot/v1.4.8; http://mj12bot.com/)"
195.191.219.130 - - [17/Nov/2023:06:24:57 +0100] "GET /-p-27640.html HTTP/1.0" 200 77477 "-" "Mozilla/5.0 (compatible; MJ12bot/v1.4.8; http://mj12bot.com/)"
178.150.14.250 - - [17/Nov/2023:06:24:57 +0100] "GET /las-vegas-casino-metal-wall-decoration-80-cm-p-44438.html HTTP/1.0" 301 77769 "-" "Mozilla/5.0 (compatible; MJ12bot/v1.4.8; http://mj12bot.com/)"
47.76.57.30 - - [17/Nov/2023:06:25:01 +0100] "GET /images/mini_prod/8433933112687.jpg HTTP/1.0" 200 269 "-" "Mozilla/5.0 (X11; Ubuntu; Linux x86_64; rv:72.0) Gecko/20100101 Firefox/72.0"
195.191.219.130 - - [17/Nov/2023:06:25:00 +0100] "GET /-p-27642.html HTTP/1.0" 200 77477 "-" "Mozilla/5.0 (compatible; MJ12bot/v1.4.8; http://mj12bot.com/)"
218.188.41.122 - - [17/Nov/2023:06:25:02 +0100] "GET /tweety-figurine-p-42740.html HTTP/1.0" 200 77527 "-" "Mozilla/5.0 (compatible; MJ12bot/v1.4.8; http://mj12bot.com/)"
178.150.14.250 - - [17/Nov/2023:06:25:03 +0100] "GET /vegas-casino-metal-wall-decoration-p-44438.html HTTP/1.0" 200 77668 "-" "Mozilla/5.0 (compatible; MJ12bot/v1.4.8; http://mj12bot.com/)"
195.191.219.130 - - [17/Nov/2023:06:25:04 +0100] "GET /-p-27664.html HTTP/1.0" 200 77477 "-" "Mozilla/5.0 (compatible; MJ12bot/v1.4.8; http://mj12bot.com/)"
195.191.219.130 - - [17/Nov/2023:06:25:07 +0100] "GET /-p-27665.html HTTP/1.0" 200 77477 "-" "Mozilla/5.0 (compatible; MJ12bot/v1.4.8; http://mj12bot.com/)"
195.191.219.130 - - [17/Nov/2023:06:25:10 +0100] "GET /-p-27667.html HTTP/1.0" 200 77477 "-" "Mozilla/5.0 (compatible; MJ12bot/v1.4.8; http://mj12bot.com/)"
218.188.41.122 - - [17/Nov/2023:06:25:11 +0100] "GET /tweety-figurine-p-42740.html HTTP/1.0" 200 77527 "-" "Mozilla/5.0 (compatible; MJ12bot/v1.4.8; http://mj12bot.com/)"
195.191.219.130 - - [17/Nov/2023:06:25:13 +0100] "GET /-p-27934.html HTTP/1.0" 200 77477 "-" "Mozilla/5.0 (compatible; MJ12bot/v1.4.8; http://mj12bot.com/)"
185.191.171.13 - - [17/Nov/2023:06:25:13 +0100] "GET /yellow-sandstone-lamp-p-58965.html HTTP/1.0" 200 77571 "-" "Mozilla/5.0 (compatible; SemrushBot/7~bl; +http://www.semrush.com/bot.html)"
178.150.14.250 - - [17/Nov/2023:06:25:16 +0100] "GET /lion-king-bedclothes-p-49666.html HTTP/1.0" 301 77544 "-" "Mozilla/5.0 (compatible; MJ12bot/v1.4.8; http://mj12bot.com/)"
195.191.219.130 - - [17/Nov/2023:06:25:16 +0100] "GET /-p-28120.html HTTP/1.0" 200 77477 "-" "Mozilla/5.0 (compatible; MJ12bot/v1.4.8; http://mj12bot.com/)"
218.188.41.122 - - [17/Nov/2023:06:25:17 +0100] "GET /tweety-gift-package-money-box-p-24160.html HTTP/1.0" 301 79981 "-" "Mozilla/5.0 (compatible; MJ12bot/v1.4.8; http://mj12bot.com/)"
178.150.14.250 - - [17/Nov/2023:06:25:20 +0100] "GET /-p-49666.html HTTP/1.0" 200 77477 "-" "Mozilla/5.0 (compatible; MJ12bot/v1.4.8; http://mj12bot.com/)"
195.191.219.130 - - [17/Nov/2023:06:25:20 +0100] "GET /-p-28292.html HTTP/1.0" 200 77477 "-" "Mozilla/5.0 (compatible; MJ12bot/v1.4.8; http://mj12bot.com/)"
185.191.171.10 - - [17/Nov/2023:06:25:22 +0100] "GET /collectible-figurines-decorative-c-13_135.html?page=71 HTTP/1.0" 200 95408 "-" "Mozilla/5.0 (compatible; SemrushBot/7~bl; +http://www.semrush.com/bot.html)"
195.191.219.130 - - [17/Nov/2023:06:25:23 +0100] "GET /-p-28294.html HTTP/1.0" 200 77477 "-" "Mozilla/5.0 (compatible; MJ12bot/v1.4.8; http://mj12bot.com/)"
195.191.219.130 - - [17/Nov/2023:06:25:26 +0100] "GET /-p-28497.html HTTP/1.0" 200 77477 "-" "Mozilla/5.0 (compatible; MJ12bot/v1.4.8; http://mj12bot.com/)"
178.150.14.250 - - [17/Nov/2023:06:25:28 +0100] "GET /little-prince-pocket-warmer-p-59047.html HTTP/1.0" 200 81036 "-" "Mozilla/5.0 (compatible; MJ12bot/v1.4.8; http://mj12bot.com/)"
195.191.219.130 - - [17/Nov/2023:06:25:29 +0100] "GET /-p-29505.html HTTP/1.0" 200 77477 "-" "Mozilla/5.0 (compatible; MJ12bot/v1.4.8; http://mj12bot.com/)"
218.188.41.122 - - [17/Nov/2023:06:25:30 +0100] "GET /tweety-gift-package-money-p-24160.html HTTP/1.0" 200 79889 "-" "Mozilla/5.0 (compatible; MJ12bot/v1.4.8; http://mj12bot.com/)"
195.191.219.130 - - [17/Nov/2023:06:25:32 +0100] "GET /-p-29506.html HTTP/1.0" 200 77477 "-" "Mozilla/5.0 (compatible; MJ12bot/v1.4.8; http://mj12bot.com/)"
195.191.219.130 - - [17/Nov/2023:06:25:36 +0100] "GET /-p-30036.html HTTP/1.0" 200 77477 "-" "Mozilla/5.0 (compatible; MJ12bot/v1.4.8; http://mj12bot.com/)"
178.150.14.250 - - [17/Nov/2023:06:25:37 +0100] "GET /luggages-schoolbags-leather-shop/suitcaselittle-suitcase-trolley/spiderman-suitcase-p-20872.html HTTP/1.0" 301 77544 "-" "Mozilla/5.0 (compatible; MJ12bot/v1.4.8; http://mj12bot.com/)"
195.191.219.130 - - [17/Nov/2023:06:25:39 +0100] "GET /-p-30063.html HTTP/1.0" 200 77477 "-" "Mozilla/5.0 (compatible; MJ12bot/v1.4.8; http://mj12bot.com/)"
218.188.41.122 - - [17/Nov/2023:06:25:40 +0100] "GET /tweety-gift-package-money-p-24160.html HTTP/1.0" 200 79889 "-" "Mozilla/5.0 (compatible; MJ12bot/v1.4.8; http://mj12bot.com/)"
195.191.219.130 - - [17/Nov/2023:06:25:42 +0100] "GET /-p-30381.html HTTP/1.0" 200 77477 "-" "Mozilla/5.0 (compatible; MJ12bot/v1.4.8; http://mj12bot.com/)"
178.150.14.250 - - [17/Nov/2023:06:25:44 +0100] "GET /-p-20872.html HTTP/1.0" 200 77477 "-" "Mozilla/5.0 (compatible; MJ12bot/v1.4.8; http://mj12bot.com/)"
195.191.219.130 - - [17/Nov/2023:06:25:45 +0100] "GET /-p-30853.html HTTP/1.0" 200 77477 "-" "Mozilla/5.0 (compatible; MJ12bot/v1.4.8; http://mj12bot.com/)"
195.191.219.130 - - [17/Nov/2023:06:25:49 +0100] "GET /-p-30854.html HTTP/1.0" 200 77477 "-" "Mozilla/5.0 (compatible; MJ12bot/v1.4.8; http://mj12bot.com/)"
218.188.41.122 - - [17/Nov/2023:06:25:50 +0100] "GET /tweety-guitar-figurine-p-42739.html HTTP/1.0" 200 77541 "-" "Mozilla/5.0 (compatible; MJ12bot/v1.4.8; http://mj12bot.com/)"
195.191.219.130 - - [17/Nov/2023:06:25:51 +0100] "GET /-p-30855.html HTTP/1.0" 200 77477 "-" "Mozilla/5.0 (compatible; MJ12bot/v1.4.8; http://mj12bot.com/)"
52.70.240.171 - - [17/Nov/2023:06:25:54 +0100] "GET /-c-95_324.html HTTP/1.0" 200 76345 "-" "Mozilla/5.0 (Macintosh; Intel Mac OS X 10_10_1) AppleWebKit/600.2.5 (KHTML, like Gecko) Version/8.0.2 Safari/600.2.5 (Amazonbot/0.1; +https://developer.amazon.com/support/amazonbot)"
195.191.219.130 - - [17/Nov/2023:06:25:55 +0100] "GET /-p-31020.html HTTP/1.0" 200 77477 "-" "Mozilla/5.0 (compatible; MJ12bot/v1.4.8; http://mj12bot.com/)"
178.150.14.250 - - [17/Nov/2023:06:25:55 +0100] "GET /magnet-tour-de-france-p-51687.html HTTP/1.0" 301 79885 "-" "Mozilla/5.0 (compatible; MJ12bot/v1.4.8; http://mj12bot.com/)"
52.70.240.171 - - [17/Nov/2023:06:25:57 +0100] "GET /-c-95_306.html HTTP/1.0" 200 76345 "-" "Mozilla/5.0 (Macintosh; Intel Mac OS X 10_10_1) AppleWebKit/600.2.5 (KHTML, like Gecko) Version/8.0.2 Safari/600.2.5 (Amazonbot/0.1; +https://developer.amazon.com/support/amazonbot)"
195.191.219.130 - - [17/Nov/2023:06:25:58 +0100] "GET /-p-31021.html HTTP/1.0" 200 77477 "-" "Mozilla/5.0 (compatible; MJ12bot/v1.4.8; http://mj12bot.com/)"
195.191.219.130 - - [17/Nov/2023:06:26:01 +0100] "GET /-p-31132.html HTTP/1.0" 200 77477 "-" "Mozilla/5.0 (compatible; MJ12bot/v1.4.8; http://mj12bot.com/)"
52.70.240.171 - - [17/Nov/2023:06:26:01 +0100] "GET /underwear-c-2_38.html HTTP/1.0" 200 82773 "-" "Mozilla/5.0 (Macintosh; Intel Mac OS X 10_10_1) AppleWebKit/600.2.5 (KHTML, like Gecko) Version/8.0.2 Safari/600.2.5 (Amazonbot/0.1; +https://developer.amazon.com/support/amazonbot)"
218.188.41.122 - - [17/Nov/2023:06:26:01 +0100] "GET /tweety-karate-resin-figurine-p-42865.html HTTP/1.0" 200 79969 "-" "Mozilla/5.0 (compatible; MJ12bot/v1.4.8; http://mj12bot.com/)"
195.191.219.130 - - [17/Nov/2023:06:26:04 +0100] "GET /-p-31511.html HTTP/1.0" 200 77477 "-" "Mozilla/5.0 (compatible; MJ12bot/v1.4.8; http://mj12bot.com/)"
178.150.14.250 - - [17/Nov/2023:06:26:04 +0100] "GET /magnet-tour-france-p-51687.html HTTP/1.0" 200 79800 "-" "Mozilla/5.0 (compatible; MJ12bot/v1.4.8; http://mj12bot.com/)"
195.191.219.130 - - [17/Nov/2023:06:26:07 +0100] "GET /-p-31897.html HTTP/1.0" 200 77477 "-" "Mozilla/5.0 (compatible; MJ12bot/v1.4.8; http://mj12bot.com/)"
195.191.219.130 - - [17/Nov/2023:06:26:10 +0100] "GET /-p-31994.html HTTP/1.0" 200 77477 "-" "Mozilla/5.0 (compatible; MJ12bot/v1.4.8; http://mj12bot.com/)"
218.188.41.122 - - [17/Nov/2023:06:26:11 +0100] "GET /tweety-liberty-resin-figurine-p-28120.html HTTP/1.0" 301 77544 "-" "Mozilla/5.0 (compatible; MJ12bot/v1.4.8; http://mj12bot.com/)"
178.150.14.250 - - [17/Nov/2023:06:26:10 +0100] "GET /magnet-tour-france-p-51687.html HTTP/1.0" 200 79800 "-" "Mozilla/5.0 (compatible; MJ12bot/v1.4.8; http://mj12bot.com/)"
195.191.219.130 - - [17/Nov/2023:06:26:13 +0100] "GET /-p-32160.html HTTP/1.0" 200 77477 "-" "Mozilla/5.0 (compatible; MJ12bot/v1.4.8; http://mj12bot.com/)"
218.188.41.122 - - [17/Nov/2023:06:26:15 +0100] "GET /-p-28120.html HTTP/1.0" 200 77477 "-" "Mozilla/5.0 (compatible; MJ12bot/v1.4.8; http://mj12bot.com/)"
195.191.219.130 - - [17/Nov/2023:06:26:16 +0100] "GET /-p-32511.html HTTP/1.0" 200 77477 "-" "Mozilla/5.0 (compatible; MJ12bot/v1.4.8; http://mj12bot.com/)"
85.208.96.208 - - [17/Nov/2023:06:26:16 +0100] "GET /-p-46141.html HTTP/1.0" 200 77477 "-" "Mozilla/5.0 (compatible; SemrushBot/7~bl; +http://www.semrush.com/bot.html)"
54.36.148.75 - - [17/Nov/2023:06:26:18 +0100] "GET /jasmin-trivet-p-37927.html HTTP/1.0" 200 79769 "-" "Mozilla/5.0 (compatible; AhrefsBot/7.0; +http://ahrefs.com/robot/)"
195.191.219.130 - - [17/Nov/2023:06:26:19 +0100] "GET /-p-33160.html HTTP/1.0" 200 77477 "-" "Mozilla/5.0 (compatible; MJ12bot/v1.4.8; http://mj12bot.com/)"
85.208.96.203 - - [17/Nov/2023:06:26:19 +0100] "GET /flowers-ceramic-lamp-p-58734.html HTTP/1.0" 200 81060 "-" "Mozilla/5.0 (compatible; SemrushBot/7~bl; +http://www.semrush.com/bot.html)"
178.150.14.250 - - [17/Nov/2023:06:26:20 +0100] "GET /mandala-grey-clock-30-cm-p-44978.html HTTP/1.0" 301 77544 "-" "Mozilla/5.0 (compatible; MJ12bot/v1.4.8; http://mj12bot.com/)"
195.191.219.130 - - [17/Nov/2023:06:26:22 +0100] "GET /-p-33176.html HTTP/1.0" 200 77477 "-" "Mozilla/5.0 (compatible; MJ12bot/v1.4.8; http://mj12bot.com/)"
218.188.41.122 - - [17/Nov/2023:06:26:24 +0100] "GET /tweety-love-money-box-p-34081.html HTTP/1.0" 301 79956 "-" "Mozilla/5.0 (compatible; MJ12bot/v1.4.8; http://mj12bot.com/)"
85.208.96.205 - - [17/Nov/2023:06:26:25 +0100] "GET /-p-49986.html HTTP/1.0" 200 77477 "-" "Mozilla/5.0 (compatible; SemrushBot/7~bl; +http://www.semrush.com/bot.html)"
195.191.219.130 - - [17/Nov/2023:06:26:26 +0100] "GET /-p-33960.html HTTP/1.0" 200 77477 "-" "Mozilla/5.0 (compatible; MJ12bot/v1.4.8; http://mj12bot.com/)"
178.150.14.250 - - [17/Nov/2023:06:26:29 +0100] "GET /-p-44978.html HTTP/1.0" 200 77477 "-" "Mozilla/5.0 (compatible; MJ12bot/v1.4.8; http://mj12bot.com/)"
195.191.219.130 - - [17/Nov/2023:06:26:29 +0100] "GET /-p-34495.html HTTP/1.0" 200 77477 "-" "Mozilla/5.0 (compatible; MJ12bot/v1.4.8; http://mj12bot.com/)"
195.191.219.130 - - [17/Nov/2023:06:26:32 +0100] "GET /-p-34531.html HTTP/1.0" 200 77477 "-" "Mozilla/5.0 (compatible; MJ12bot/v1.4.8; http://mj12bot.com/)"
85.208.96.201 - - [17/Nov/2023:06:26:35 +0100] "GET /jungle-round-side-table-p-50193.html HTTP/1.0" 200 77545 "-" "Mozilla/5.0 (compatible; SemrushBot/7~bl; +http://www.semrush.com/bot.html)"
195.191.219.130 - - [17/Nov/2023:06:26:35 +0100] "GET /-p-35291.html HTTP/1.0" 200 77477 "-" "Mozilla/5.0 (compatible; MJ12bot/v1.4.8; http://mj12bot.com/)"
178.150.14.250 - - [17/Nov/2023:06:26:36 +0100] "GET /mandala-grey-clock-p-44978.html HTTP/1.0" 301 77544 "-" "Mozilla/5.0 (compatible; MJ12bot/v1.4.8; http://mj12bot.com/)"
218.188.41.122 - - [17/Nov/2023:06:26:37 +0100] "GET /tweety-love-money-p-34081.html HTTP/1.0" 200 79872 "-" "Mozilla/5.0 (compatible; MJ12bot/v1.4.8; http://mj12bot.com/)"
195.191.219.130 - - [17/Nov/2023:06:26:38 +0100] "GET /-p-35935.html HTTP/1.0" 200 77477 "-" "Mozilla/5.0 (compatible; MJ12bot/v1.4.8; http://mj12bot.com/)"
195.191.219.130 - - [17/Nov/2023:06:26:42 +0100] "GET /-p-36111.html HTTP/1.0" 200 77477 "-" "Mozilla/5.0 (compatible; MJ12bot/v1.4.8; http://mj12bot.com/)"
85.208.96.205 - - [17/Nov/2023:06:26:44 +0100] "GET /japan-rags-pencil-case-p-26252.html HTTP/1.0" 200 79832 "-" "Mozilla/5.0 (compatible; SemrushBot/7~bl; +http://www.semrush.com/bot.html)"
195.191.219.130 - - [17/Nov/2023:06:26:45 +0100] "GET /-p-36316.html HTTP/1.0" 200 77477 "-" "Mozilla/5.0 (compatible; MJ12bot/v1.4.8; http://mj12bot.com/)"
178.150.14.250 - - [17/Nov/2023:06:26:45 +0100] "GET /-p-44978.html HTTP/1.0" 200 77477 "-" "Mozilla/5.0 (compatible; MJ12bot/v1.4.8; http://mj12bot.com/)"
185.191.171.11 - - [17/Nov/2023:06:26:48 +0100] "GET /resin-statue-little-monk-yellow-dress-p-51510.html HTTP/1.0" 200 77621 "-" "Mozilla/5.0 (compatible; SemrushBot/7~bl; +http://www.semrush.com/bot.html)"
195.191.219.130 - - [17/Nov/2023:06:26:48 +0100] "GET /-p-36390.html HTTP/1.0" 200 77477 "-" "Mozilla/5.0 (compatible; MJ12bot/v1.4.8; http://mj12bot.com/)"
218.188.41.122 - - [17/Nov/2023:06:26:49 +0100] "GET /tweety-love-money-p-34081.html HTTP/1.0" 200 79872 "-" "Mozilla/5.0 (compatible; MJ12bot/v1.4.8; http://mj12bot.com/)"
195.191.219.130 - - [17/Nov/2023:06:26:51 +0100] "GET /-p-36488.html HTTP/1.0" 200 77477 "-" "Mozilla/5.0 (compatible; MJ12bot/v1.4.8; http://mj12bot.com/)"
178.150.14.250 - - [17/Nov/2023:06:26:53 +0100] "GET /mandala-white-clock-30-cm-p-44977.html HTTP/1.0" 301 77544 "-" "Mozilla/5.0 (compatible; MJ12bot/v1.4.8; http://mj12bot.com/)"
195.191.219.130 - - [17/Nov/2023:06:26:54 +0100] "GET /-p-36579.html HTTP/1.0" 200 77477 "-" "Mozilla/5.0 (compatible; MJ12bot/v1.4.8; http://mj12bot.com/)"
85.208.96.195 - - [17/Nov/2023:06:26:55 +0100] "GET /suspension-monkey-with-cable-p-50804.html HTTP/1.0" 200 77591 "-" "Mozilla/5.0 (compatible; SemrushBot/7~bl; +http://www.semrush.com/bot.html)"
195.234.109.80 - - [17/Nov/2023:06:26:58 +0100] "GET /images/med_prod/3609810031395.jpg HTTP/1.0" 200 268 "-" "Photon/1.0"
195.191.219.130 - - [17/Nov/2023:06:26:57 +0100] "GET /-p-36887.html HTTP/1.0" 200 77477 "-" "Mozilla/5.0 (compatible; MJ12bot/v1.4.8; http://mj12bot.com/)"
195.191.219.130 - - [17/Nov/2023:06:27:00 +0100] "GET /-p-37462.html HTTP/1.0" 200 77477 "-" "Mozilla/5.0 (compatible; MJ12bot/v1.4.8; http://mj12bot.com/)"
195.191.219.130 - - [17/Nov/2023:06:27:03 +0100] "GET /-p-40102.html HTTP/1.0" 200 77477 "-" "Mozilla/5.0 (compatible; MJ12bot/v1.4.8; http://mj12bot.com/)"
218.188.41.122 - - [17/Nov/2023:06:27:05 +0100] "GET /tweety-money-box-p-8589.html HTTP/1.0" 301 77599 "-" "Mozilla/5.0 (compatible; MJ12bot/v1.4.8; http://mj12bot.com/)"
195.191.219.130 - - [17/Nov/2023:06:27:06 +0100] "GET /-p-40974.html HTTP/1.0" 200 77477 "-" "Mozilla/5.0 (compatible; MJ12bot/v1.4.8; http://mj12bot.com/)"
178.150.14.250 - - [17/Nov/2023:06:27:06 +0100] "GET /-p-44977.html HTTP/1.0" 200 77477 "-" "Mozilla/5.0 (compatible; MJ12bot/v1.4.8; http://mj12bot.com/)"
195.191.219.130 - - [17/Nov/2023:06:27:09 +0100] "GET /-p-42026.html HTTP/1.0" 200 77477 "-" "Mozilla/5.0 (compatible; MJ12bot/v1.4.8; http://mj12bot.com/)"
43.153.193.226 - - [17/Nov/2023:06:27:11 +0100] "GET /images/mini_prod/4036113101224.jpg HTTP/1.0" 200 269 "-" "Mozilla/5.0 (Windows NT 10.0; Win64; x64) AppleWebKit/537.36 (KHTML, like Gecko) Chrome/103.0.0.0 Safari/537.36"
195.191.219.130 - - [17/Nov/2023:06:27:13 +0100] "GET /-p-42061.html HTTP/1.0" 200 77477 "-" "Mozilla/5.0 (compatible; MJ12bot/v1.4.8; http://mj12bot.com/)"
218.188.41.122 - - [17/Nov/2023:06:27:13 +0100] "GET /tweety-money-p-8589.html HTTP/1.0" 200 77521 "-" "Mozilla/5.0 (compatible; MJ12bot/v1.4.8; http://mj12bot.com/)"
178.150.14.250 - - [17/Nov/2023:06:27:14 +0100] "GET /mandala-white-clock-p-44977.html HTTP/1.0" 301 77544 "-" "Mozilla/5.0 (compatible; MJ12bot/v1.4.8; http://mj12bot.com/)"
195.191.219.130 - - [17/Nov/2023:06:27:16 +0100] "GET /-p-43871.html HTTP/1.0" 200 77477 "-" "Mozilla/5.0 (compatible; MJ12bot/v1.4.8; http://mj12bot.com/)"
195.191.219.130 - - [17/Nov/2023:06:27:18 +0100] "GET /-p-44412.html HTTP/1.0" 200 77477 "-" "Mozilla/5.0 (compatible; MJ12bot/v1.4.8; http://mj12bot.com/)"
195.191.219.130 - - [17/Nov/2023:06:27:22 +0100] "GET /-p-44977.html HTTP/1.0" 200 77477 "-" "Mozilla/5.0 (compatible; MJ12bot/v1.4.8; http://mj12bot.com/)"
195.191.219.130 - - [17/Nov/2023:06:27:25 +0100] "GET /-p-44978.html HTTP/1.0" 200 77477 "-" "Mozilla/5.0 (compatible; MJ12bot/v1.4.8; http://mj12bot.com/)"
218.188.41.122 - - [17/Nov/2023:06:27:25 +0100] "GET /tweety-money-p-8589.html HTTP/1.0" 200 77521 "-" "Mozilla/5.0 (compatible; MJ12bot/v1.4.8; http://mj12bot.com/)"
178.150.14.250 - - [17/Nov/2023:06:27:27 +0100] "GET /-p-44977.html HTTP/1.0" 200 77477 "-" "Mozilla/5.0 (compatible; MJ12bot/v1.4.8; http://mj12bot.com/)"
195.191.219.130 - - [17/Nov/2023:06:27:28 +0100] "GET /-p-46358.html HTTP/1.0" 200 77477 "-" "Mozilla/5.0 (compatible; MJ12bot/v1.4.8; http://mj12bot.com/)"
195.191.219.130 - - [17/Nov/2023:06:27:31 +0100] "GET /-p-47993.html HTTP/1.0" 200 77477 "-" "Mozilla/5.0 (compatible; MJ12bot/v1.4.8; http://mj12bot.com/)"
195.191.219.130 - - [17/Nov/2023:06:27:34 +0100] "GET /-p-48027.html HTTP/1.0" 200 77477 "-" "Mozilla/5.0 (compatible; MJ12bot/v1.4.8; http://mj12bot.com/)"
216.244.66.242 - - [17/Nov/2023:06:27:35 +0100] "GET /amazon-love-tote-bag-macaws-p-50283.html HTTP/1.0" 301 81001 "-" "Mozilla/5.0 (compatible; DotBot/1.2; +https://opensiteexplorer.org/dotbot; help@moz.com)"
178.150.14.250 - - [17/Nov/2023:06:27:35 +0100] "GET /maxi-glass-cookie-box-p-45628.html HTTP/1.0" 301 79907 "-" "Mozilla/5.0 (compatible; MJ12bot/v1.4.8; http://mj12bot.com/)"
218.188.41.122 - - [17/Nov/2023:06:27:36 +0100] "GET /tweety-tennis-figurine-p-35358.html HTTP/1.0" 200 79921 "-" "Mozilla/5.0 (compatible; MJ12bot/v1.4.8; http://mj12bot.com/)"
195.191.219.130 - - [17/Nov/2023:06:27:37 +0100] "GET /-p-49100.html HTTP/1.0" 200 77477 "-" "Mozilla/5.0 (compatible; MJ12bot/v1.4.8; http://mj12bot.com/)"
195.191.219.130 - - [17/Nov/2023:06:27:40 +0100] "GET /-p-49666.html HTTP/1.0" 200 77477 "-" "Mozilla/5.0 (compatible; MJ12bot/v1.4.8; http://mj12bot.com/)"
195.191.219.130 - - [17/Nov/2023:06:27:43 +0100] "GET /-p-5100.html HTTP/1.0" 200 77475 "-" "Mozilla/5.0 (compatible; MJ12bot/v1.4.8; http://mj12bot.com/)"
178.150.14.250 - - [17/Nov/2023:06:27:45 +0100] "GET /maxi-glass-cookie-p-45628.html HTTP/1.0" 200 79823 "-" "Mozilla/5.0 (compatible; MJ12bot/v1.4.8; http://mj12bot.com/)"
195.191.219.130 - - [17/Nov/2023:06:27:47 +0100] "GET /-p-5201.html HTTP/1.0" 200 77475 "-" "Mozilla/5.0 (compatible; MJ12bot/v1.4.8; http://mj12bot.com/)"
54.36.148.46 - - [17/Nov/2023:06:27:47 +0100] "GET /american-diner-p-19042.html HTTP/1.0" 200 79786 "-" "Mozilla/5.0 (compatible; AhrefsBot/7.0; +http://ahrefs.com/robot/)"
216.244.66.242 - - [17/Nov/2023:06:27:48 +0100] "GET /cats-hanging-panel-46-35-cm-p-40443.html HTTP/1.0" 301 77646 "-" "Mozilla/5.0 (compatible; DotBot/1.2; +https://opensiteexplorer.org/dotbot; help@moz.com)"
195.191.219.130 - - [17/Nov/2023:06:27:49 +0100] "GET /-p-52973.html HTTP/1.0" 200 77477 "-" "Mozilla/5.0 (compatible; MJ12bot/v1.4.8; http://mj12bot.com/)"
218.188.41.122 - - [17/Nov/2023:06:27:50 +0100] "GET /typewriter-pendulum-clock-by-michelle-allen-p-53180.html HTTP/1.0" 301 77740 "-" "Mozilla/5.0 (compatible; MJ12bot/v1.4.8; http://mj12bot.com/)"
195.191.219.130 - - [17/Nov/2023:06:27:52 +0100] "GET /-p-54618.html HTTP/1.0" 200 77477 "-" "Mozilla/5.0 (compatible; MJ12bot/v1.4.8; http://mj12bot.com/)"
178.150.14.250 - - [17/Nov/2023:06:27:53 +0100] "GET /maxi-glass-cookie-p-45628.html HTTP/1.0" 200 79823 "-" "Mozilla/5.0 (compatible; MJ12bot/v1.4.8; http://mj12bot.com/)"
3.224.220.101 - - [17/Nov/2023:06:27:54 +0100] "GET /pitchers-drink-dispensers-c-12_243.html HTTP/1.0" 200 97000 "-" "Mozilla/5.0 (Macintosh; Intel Mac OS X 10_10_1) AppleWebKit/600.2.5 (KHTML, like Gecko) Version/8.0.2 Safari/600.2.5 (Amazonbot/0.1; +https://developer.amazon.com/support/amazonbot)"
195.191.219.130 - - [17/Nov/2023:06:27:55 +0100] "GET /-p-54686.html HTTP/1.0" 200 77477 "-" "Mozilla/5.0 (compatible; MJ12bot/v1.4.8; http://mj12bot.com/)"
85.208.96.195 - - [17/Nov/2023:06:27:56 +0100] "GET /keyrings-c-31_52.html?page=9 HTTP/1.0" 200 101434 "-" "Mozilla/5.0 (compatible; SemrushBot/7~bl; +http://www.semrush.com/bot.html)"
195.191.219.130 - - [17/Nov/2023:06:27:58 +0100] "GET /-p-6521.html HTTP/1.0" 200 77475 "-" "Mozilla/5.0 (compatible; MJ12bot/v1.4.8; http://mj12bot.com/)"
216.244.66.242 - - [17/Nov/2023:06:27:59 +0100] "GET /dr-doom-figure-p-23420.html HTTP/1.0" 301 77544 "-" "Mozilla/5.0 (compatible; DotBot/1.2; +https://opensiteexplorer.org/dotbot; help@moz.com)"
195.191.219.130 - - [17/Nov/2023:06:28:01 +0100] "GET /black-gold-ciment-flower-p-60825.html HTTP/1.0" 200 80644 "-" "Mozilla/5.0 (compatible; MJ12bot/v1.4.8; http://mj12bot.com/)"
40.77.167.235 - - [17/Nov/2023:06:28:01 +0100] "GET /cushions-floor-cushions-cushion-covers-c-11_71.html HTTP/1.0" 200 99494 "-" "Mozilla/5.0 AppleWebKit/537.36 (KHTML, like Gecko; compatible; bingbot/2.0; +http://www.bing.com/bingbot.htm) Chrome/116.0.1938.76 Safari/537.36"
218.188.41.122 - - [17/Nov/2023:06:28:03 +0100] "GET /typewriter-pendulum-clock-michelle-allen-p-53180.html HTTP/1.0" 200 77633 "-" "Mozilla/5.0 (compatible; MJ12bot/v1.4.8; http://mj12bot.com/)"
178.150.14.250 - - [17/Nov/2023:06:28:04 +0100] "GET /melt-calming-aloe-p-43772.html HTTP/1.0" 200 77547 "-" "Mozilla/5.0 (compatible; MJ12bot/v1.4.8; http://mj12bot.com/)"
195.191.219.130 - - [17/Nov/2023:06:28:04 +0100] "GET /black-gold-ciment-flower-p-60826.html HTTP/1.0" 200 80675 "-" "Mozilla/5.0 (compatible; MJ12bot/v1.4.8; http://mj12bot.com/)"
216.244.66.242 - - [17/Nov/2023:06:28:08 +0100] "GET /bolster-case-45-185-cm-green-p-43668.html HTTP/1.0" 301 77636 "-" "Mozilla/5.0 (compatible; DotBot/1.2; +https://opensiteexplorer.org/dotbot; help@moz.com)"
195.191.219.130 - - [17/Nov/2023:06:28:08 +0100] "GET /bookend-faces-p-60201.html HTTP/1.0" 200 77519 "-" "Mozilla/5.0 (compatible; MJ12bot/v1.4.8; http://mj12bot.com/)"
195.191.219.130 - - [17/Nov/2023:06:28:11 +0100] "GET /candle-hours-beige-p-42094.html HTTP/1.0" 200 80097 "-" "Mozilla/5.0 (compatible; MJ12bot/v1.4.8; http://mj12bot.com/)"
195.191.219.130 - - [17/Nov/2023:06:28:14 +0100] "GET /cars-metal-clock-p-12527.html HTTP/1.0" 200 79803 "-" "Mozilla/5.0 (compatible; MJ12bot/v1.4.8; http://mj12bot.com/)"
218.188.41.122 - - [17/Nov/2023:06:28:15 +0100] "GET /typewriter-pendulum-clock-michelle-allen-p-53180.html HTTP/1.0" 200 77633 "-" "Mozilla/5.0 (compatible; MJ12bot/v1.4.8; http://mj12bot.com/)"
195.191.219.130 - - [17/Nov/2023:06:28:18 +0100] "GET /celia-ceramic-flowerpot-brown-p-60829.html HTTP/1.0" 200 80564 "-" "Mozilla/5.0 (compatible; MJ12bot/v1.4.8; http://mj12bot.com/)"
52.70.240.171 - - [17/Nov/2023:06:28:18 +0100] "GET /trunks-c-13_208.html HTTP/1.0" 200 89112 "-" "Mozilla/5.0 (Macintosh; Intel Mac OS X 10_10_1) AppleWebKit/600.2.5 (KHTML, like Gecko) Version/8.0.2 Safari/600.2.5 (Amazonbot/0.1; +https://developer.amazon.com/support/amazonbot)"
23.22.35.162 - - [17/Nov/2023:06:28:19 +0100] "GET /underwear-c-2_38.html HTTP/1.0" 200 82773 "-" "Mozilla/5.0 (Macintosh; Intel Mac OS X 10_10_1) AppleWebKit/600.2.5 (KHTML, like Gecko) Version/8.0.2 Safari/600.2.5 (Amazonbot/0.1; +https://developer.amazon.com/support/amazonbot)"
178.150.14.250 - - [17/Nov/2023:06:28:21 +0100] "GET /melt-guardian-angel-p-43774.html HTTP/1.0" 200 77581 "-" "Mozilla/5.0 (compatible; MJ12bot/v1.4.8; http://mj12bot.com/)"
216.244.66.242 - - [17/Nov/2023:06:28:21 +0100] "GET /curtain-eyelets-goa-navy-blue-140-240-cm-p-42532.html HTTP/1.0" 301 77693 "-" "Mozilla/5.0 (compatible; DotBot/1.2; +https://opensiteexplorer.org/dotbot; help@moz.com)"
195.191.219.130 - - [17/Nov/2023:06:28:21 +0100] "GET /cement-tile-coasters-p-53109.html HTTP/1.0" 200 79838 "-" "Mozilla/5.0 (compatible; MJ12bot/v1.4.8; http://mj12bot.com/)"
3.224.220.101 - - [17/Nov/2023:06:28:23 +0100] "GET /coasters-c-12_157.html HTTP/1.0" 200 99389 "-" "Mozilla/5.0 (Macintosh; Intel Mac OS X 10_10_1) AppleWebKit/600.2.5 (KHTML, like Gecko) Version/8.0.2 Safari/600.2.5 (Amazonbot/0.1; +https://developer.amazon.com/support/amazonbot)"
195.191.219.130 - - [17/Nov/2023:06:28:24 +0100] "GET /cement-tile-coasters-p-53113.html HTTP/1.0" 200 79838 "-" "Mozilla/5.0 (compatible; MJ12bot/v1.4.8; http://mj12bot.com/)"
218.188.41.122 - - [17/Nov/2023:06:28:26 +0100] "GET /ultrasonic-aromatic-diffuser-vita-p-57380.html HTTP/1.0" 200 81130 "-" "Mozilla/5.0 (compatible; MJ12bot/v1.4.8; http://mj12bot.com/)"
23.22.35.162 - - [17/Nov/2023:06:28:26 +0100] "GET /vase-soliflore-c-13_232.html HTTP/1.0" 200 97054 "-" "Mozilla/5.0 (Macintosh; Intel Mac OS X 10_10_1) AppleWebKit/600.2.5 (KHTML, like Gecko) Version/8.0.2 Safari/600.2.5 (Amazonbot/0.1; +https://developer.amazon.com/support/amazonbot)"
195.191.219.130 - - [17/Nov/2023:06:28:27 +0100] "GET /ceramic-lamp-dark-grey-p-60823.html HTTP/1.0" 200 80994 "-" "Mozilla/5.0 (compatible; MJ12bot/v1.4.8; http://mj12bot.com/)"
178.150.14.250 - - [17/Nov/2023:06:28:28 +0100] "GET /metal-clock-projector-p-47983.html HTTP/1.0" 200 77559 "-" "Mozilla/5.0 (compatible; MJ12bot/v1.4.8; http://mj12bot.com/)"
85.208.96.196 - - [17/Nov/2023:06:28:27 +0100] "GET /laundry-basket-apron-alex-clark-p-61348.html HTTP/1.0" 200 80206 "-" "Mozilla/5.0 (compatible; SemrushBot/7~bl; +http://www.semrush.com/bot.html)"
195.191.219.130 - - [17/Nov/2023:06:28:30 +0100] "GET /ceramic-lamp-grey-p-60821.html HTTP/1.0" 200 80939 "-" "Mozilla/5.0 (compatible; MJ12bot/v1.4.8; http://mj12bot.com/)"
216.244.66.242 - - [17/Nov/2023:06:28:32 +0100] "GET /curtain-eyelets-orylia-140-260-cm-p-43611.html HTTP/1.0" 301 77656 "-" "Mozilla/5.0 (compatible; DotBot/1.2; +https://opensiteexplorer.org/dotbot; help@moz.com)"
195.191.219.130 - - [17/Nov/2023:06:28:34 +0100] "GET /ceramic-lamp-white-p-60822.html HTTP/1.0" 200 80950 "-" "Mozilla/5.0 (compatible; MJ12bot/v1.4.8; http://mj12bot.com/)"
195.191.219.130 - - [17/Nov/2023:06:28:37 +0100] "GET /chakras-wall-stickers-p-60161.html HTTP/1.0" 200 80618 "-" "Mozilla/5.0 (compatible; MJ12bot/v1.4.8; http://mj12bot.com/)"
178.150.14.250 - - [17/Nov/2023:06:28:38 +0100] "GET /metal-deco-support-coffee-pods-45-30-cm-p-43988.html HTTP/1.0" 301 77748 "-" "Mozilla/5.0 (compatible; MJ12bot/v1.4.8; http://mj12bot.com/)"
218.188.41.122 - - [17/Nov/2023:06:28:39 +0100] "GET /unicorn-plush-gold-and-white-20-cm-p-49624.html HTTP/1.0" 301 80080 "-" "Mozilla/5.0 (compatible; MJ12bot/v1.4.8; http://mj12bot.com/)"
195.191.219.130 - - [17/Nov/2023:06:28:40 +0100] "GET /clock-cbkreation-p-24368.html HTTP/1.0" 200 77529 "-" "Mozilla/5.0 (compatible; MJ12bot/v1.4.8; http://mj12bot.com/)"
195.191.219.130 - - [17/Nov/2023:06:28:43 +0100] "GET /clock-cbkreation-p-24371.html HTTP/1.0" 200 79929 "-" "Mozilla/5.0 (compatible; MJ12bot/v1.4.8; http://mj12bot.com/)"
52.70.240.171 - - [17/Nov/2023:06:28:44 +0100] "GET /ottomans-storage-ottomans-c-13_209.html HTTP/1.0" 200 92669 "-" "Mozilla/5.0 (Macintosh; Intel Mac OS X 10_10_1) AppleWebKit/600.2.5 (KHTML, like Gecko) Version/8.0.2 Safari/600.2.5 (Amazonbot/0.1; +https://developer.amazon.com/support/amazonbot)"
195.191.219.130 - - [17/Nov/2023:06:28:47 +0100] "GET /clock-p-8114.html HTTP/1.0" 200 77511 "-" "Mozilla/5.0 (compatible; MJ12bot/v1.4.8; http://mj12bot.com/)"
195.191.219.130 - - [17/Nov/2023:06:28:50 +0100] "GET /embossed-hanging-plaque-p-60153.html HTTP/1.0" 200 80464 "-" "Mozilla/5.0 (compatible; MJ12bot/v1.4.8; http://mj12bot.com/)"
218.188.41.122 - - [17/Nov/2023:06:28:51 +0100] "GET /unicorn-plush-gold-white-p-49624.html HTTP/1.0" 200 79989 "-" "Mozilla/5.0 (compatible; MJ12bot/v1.4.8; http://mj12bot.com/)"
178.150.14.250 - - [17/Nov/2023:06:28:52 +0100] "GET /metal-deco-support-coffee-pods-p-43988.html HTTP/1.0" 200 77651 "-" "Mozilla/5.0 (compatible; MJ12bot/v1.4.8; http://mj12bot.com/)"
195.191.219.130 - - [17/Nov/2023:06:28:53 +0100] "GET /embossed-hanging-plaque-p-60154.html HTTP/1.0" 200 80466 "-" "Mozilla/5.0 (compatible; MJ12bot/v1.4.8; http://mj12bot.com/)"
195.191.219.130 - - [17/Nov/2023:06:28:56 +0100] "GET /glass-dolphin-paperweight-black-white-p-60843.html HTTP/1.0" 200 80678 "-" "Mozilla/5.0 (compatible; MJ12bot/v1.4.8; http://mj12bot.com/)"
178.150.14.250 - - [17/Nov/2023:06:28:59 +0100] "GET /metal-deco-support-coffee-pods-p-43988.html HTTP/1.0" 200 77651 "-" "Mozilla/5.0 (compatible; MJ12bot/v1.4.8; http://mj12bot.com/)"
195.191.219.130 - - [17/Nov/2023:06:29:00 +0100] "GET /glass-dolphin-paperweight-black-white-p-60844.html HTTP/1.0" 200 80681 "-" "Mozilla/5.0 (compatible; MJ12bot/v1.4.8; http://mj12bot.com/)"
218.188.41.122 - - [17/Nov/2023:06:29:02 +0100] "GET /unicorn-plush-gold-white-p-49624.html HTTP/1.0" 200 79989 "-" "Mozilla/5.0 (compatible; MJ12bot/v1.4.8; http://mj12bot.com/)"
185.191.171.12 - - [17/Nov/2023:06:29:03 +0100] "GET /handmade-incense-holder-p-60310.html HTTP/1.0" 200 80891 "-" "Mozilla/5.0 (compatible; SemrushBot/7~bl; +http://www.semrush.com/bot.html)"
195.191.219.130 - - [17/Nov/2023:06:29:03 +0100] "GET /glasses-p-44953.html HTTP/1.0" 200 79781 "-" "Mozilla/5.0 (compatible; MJ12bot/v1.4.8; http://mj12bot.com/)"
195.191.219.130 - - [17/Nov/2023:06:29:06 +0100] "GET /indoor-buddha-fountain-27-cm-p-51728.html HTTP/1.0" 301 77656 "-" "Mozilla/5.0 (compatible; MJ12bot/v1.4.8; http://mj12bot.com/)"
85.208.96.198 - - [17/Nov/2023:06:29:09 +0100] "GET /gold-buddha-statue-mango-wood-with-candle-holder-place-p-46380.html HTTP/1.0" 200 77701 "-" "Mozilla/5.0 (compatible; SemrushBot/7~bl; +http://www.semrush.com/bot.html)"
195.191.219.130 - - [17/Nov/2023:06:29:09 +0100] "GET /indoor-buddha-fountain-p-51728.html HTTP/1.0" 200 77567 "-" "Mozilla/5.0 (compatible; MJ12bot/v1.4.8; http://mj12bot.com/)"
218.188.41.122 - - [17/Nov/2023:06:29:12 +0100] "GET /urban-life-flaccid-p-27934.html HTTP/1.0" 301 77544 "-" "Mozilla/5.0 (compatible; MJ12bot/v1.4.8; http://mj12bot.com/)"
195.191.219.130 - - [17/Nov/2023:06:29:12 +0100] "GET /indoor-buddha-fountain-p-51728.html HTTP/1.0" 200 77567 "-" "Mozilla/5.0 (compatible; MJ12bot/v1.4.8; http://mj12bot.com/)"
178.150.14.250 - - [17/Nov/2023:06:29:13 +0100] "GET /microfibre-base-cover-light-brown-p-47979.html HTTP/1.0" 200 77609 "-" "Mozilla/5.0 (compatible; MJ12bot/v1.4.8; http://mj12bot.com/)"
