5.255.231.144 - - [17/Nov/2023:06:53:30 +0100] "GET /mouse-cbkreation-p-20057.html HTTP/1.0" 200 79783 "-" "Mozilla/5.0 (compatible; YandexBot/3.0; +http://yandex.com/bots)"
3.224.220.101 - - [17/Nov/2023:06:53:21 +0100] "GET /-c-95_321.html HTTP/1.0" 500 66243 "-" "Mozilla/5.0 (Macintosh; Intel Mac OS X 10_10_1) AppleWebKit/600.2.5 (KHTML, like Gecko) Version/8.0.2 Safari/600.2.5 (Amazonbot/0.1; +https://developer.amazon.com/support/amazonbot)"
218.188.41.122 - - [17/Nov/2023:06:53:32 +0100] "GET /zenda-table-lamp-silver-p-54595.html HTTP/1.0" 200 80614 "-" "Mozilla/5.0 (compatible; MJ12bot/v1.4.8; http://mj12bot.com/)"
23.22.35.162 - - [17/Nov/2023:06:53:26 +0100] "GET /cushion-covers-c-11_71_284.html HTTP/1.0" 200 95998 "-" "Mozilla/5.0 (Macintosh; Intel Mac OS X 10_10_1) AppleWebKit/600.2.5 (KHTML, like Gecko) Version/8.0.2 Safari/600.2.5 (Amazonbot/0.1; +https://developer.amazon.com/support/amazonbot)"
54.36.149.103 - - [17/Nov/2023:06:53:40 +0100] "GET /chair-cushion-reversible-beige-p-38941.html HTTP/1.0" 200 80672 "-" "Mozilla/5.0 (compatible; AhrefsBot/7.0; +http://ahrefs.com/robot/)"
23.22.35.162 - - [17/Nov/2023:06:53:29 +0100] "GET /bedding-protection-c-11_192.html HTTP/1.0" 200 97514 "-" "Mozilla/5.0 (Macintosh; Intel Mac OS X 10_10_1) AppleWebKit/600.2.5 (KHTML, like Gecko) Version/8.0.2 Safari/600.2.5 (Amazonbot/0.1; +https://developer.amazon.com/support/amazonbot)"
178.150.14.250 - - [17/Nov/2023:06:53:36 +0100] "GET /scented-candles-and-novenas-c-231_227.html?page=10 HTTP/1.0" 301 100705 "-" "Mozilla/5.0 (compatible; MJ12bot/v1.4.8; http://mj12bot.com/)"
178.150.14.250 - - [17/Nov/2023:06:53:46 +0100] "GET /scented-candles-novenas-c-227.html?page=10 HTTP/1.0" 301 100578 "-" "Mozilla/5.0 (compatible; MJ12bot/v1.4.8; http://mj12bot.com/)"
185.191.171.13 - - [17/Nov/2023:06:53:55 +0100] "GET /russian-dolls-money-cbkreation-p-18744.html HTTP/1.0" 200 79960 "-" "Mozilla/5.0 (compatible; SemrushBot/7~bl; +http://www.semrush.com/bot.html)"
66.249.66.205 - - [17/Nov/2023:06:53:57 +0100] "GET /led-dinosaur-nightlight-p-53121.html HTTP/1.0" 301 81101 "-" "Mozilla/5.0 (Linux; Android 6.0.1; Nexus 5X Build/MMB29P) AppleWebKit/537.36 (KHTML, like Gecko) Chrome/119.0.6045.123 Mobile Safari/537.36 (compatible; Googlebot/2.1; +http://www.google.com/bot.html)"
85.208.96.195 - - [17/Nov/2023:06:53:59 +0100] "GET /-p-34614.html HTTP/1.0" 200 77477 "-" "Mozilla/5.0 (compatible; SemrushBot/7~bl; +http://www.semrush.com/bot.html)"
66.249.66.205 - - [17/Nov/2023:06:54:00 +0100] "GET /dinosaur-nightlight-p-53121.html HTTP/1.0" 200 81015 "-" "Mozilla/5.0 (Linux; Android 6.0.1; Nexus 5X Build/MMB29P) AppleWebKit/537.36 (KHTML, like Gecko) Chrome/119.0.6045.123 Mobile Safari/537.36 (compatible; Googlebot/2.1; +http://www.google.com/bot.html)"
178.150.14.250 - - [17/Nov/2023:06:53:55 +0100] "GET /scented-candles-novenas-c-231_227.html?page=10 HTTP/1.0" 200 100609 "-" "Mozilla/5.0 (compatible; MJ12bot/v1.4.8; http://mj12bot.com/)"
185.191.171.12 - - [17/Nov/2023:06:54:07 +0100] "GET /blackout-curtain-black-p-52247.html HTTP/1.0" 200 77559 "-" "Mozilla/5.0 (compatible; SemrushBot/7~bl; +http://www.semrush.com/bot.html)"
178.150.14.250 - - [17/Nov/2023:06:54:16 +0100] "GET /scented-candles-and-novenas-c-231_227.html?page=11 HTTP/1.0" 301 101243 "-" "Mozilla/5.0 (compatible; MJ12bot/v1.4.8; http://mj12bot.com/)"
178.150.14.250 - - [17/Nov/2023:06:54:25 +0100] "GET /scented-candles-novenas-c-227.html?page=11 HTTP/1.0" 301 101116 "-" "Mozilla/5.0 (compatible; MJ12bot/v1.4.8; http://mj12bot.com/)"
85.208.96.202 - - [17/Nov/2023:06:54:21 +0100] "GET /household-linen-c-11.html?page=39 HTTP/1.0" 200 99433 "-" "Mozilla/5.0 (compatible; SemrushBot/7~bl; +http://www.semrush.com/bot.html)"
54.36.148.93 - - [17/Nov/2023:06:54:38 +0100] "GET /statuette-saint-mickal-bronze-color-p-59300.html HTTP/1.0" 200 81452 "-" "Mozilla/5.0 (compatible; AhrefsBot/7.0; +http://ahrefs.com/robot/)"
213.244.248.43 - - [17/Nov/2023:06:54:42 +0100] "GET /images/mini_prod/8003990585313.jpg HTTP/1.0" 200 269 "-" "Mozilla/5.0 (X11; Ubuntu; Linux x86_64; rv:72.0) Gecko/20100101 Firefox/72.0 (compatible; mozilla/5.0 (macintosh; intel mac os x 10_12_6) applewebkit/602.4.8 (khtml, like gecko) version/10.0.3 safari/602.4.8; +https://github.com/rom1504/img2dataset)"
178.150.14.250 - - [17/Nov/2023:06:54:32 +0100] "GET /scented-candles-novenas-c-231_227.html?page=11 HTTP/1.0" 200 101147 "-" "Mozilla/5.0 (compatible; MJ12bot/v1.4.8; http://mj12bot.com/)"
52.167.144.235 - - [17/Nov/2023:06:54:47 +0100] "GET /images/8003990628133.jpg HTTP/1.0" 200 259 "-" "Mozilla/5.0 AppleWebKit/537.36 (KHTML, like Gecko; compatible; bingbot/2.0; +http://www.bing.com/bingbot.htm) Chrome/116.0.1938.76 Safari/537.36"
185.191.171.12 - - [17/Nov/2023:06:54:53 +0100] "GET /-p-34781.html HTTP/1.0" 200 77477 "-" "Mozilla/5.0 (compatible; SemrushBot/7~bl; +http://www.semrush.com/bot.html)"
203.185.130.166 - - [17/Nov/2023:06:54:58 +0100] "GET /images/mini_prod/8422089800302.jpg HTTP/1.0" 200 269 "-" "Mozilla/5.0 (X11; Ubuntu; Linux x86_64; rv:72.0) Gecko/20100101 Firefox/72.0"
85.208.96.205 - - [17/Nov/2023:06:54:57 +0100] "GET /flower-fairies-jewelry-p-53246.html HTTP/1.0" 200 77563 "-" "Mozilla/5.0 (compatible; SemrushBot/7~bl; +http://www.semrush.com/bot.html)"
178.150.14.250 - - [17/Nov/2023:06:54:54 +0100] "GET /scented-candles-and-novenas-c-231_227.html?page=12 HTTP/1.0" 301 101379 "-" "Mozilla/5.0 (compatible; MJ12bot/v1.4.8; http://mj12bot.com/)"
178.150.14.250 - - [17/Nov/2023:06:55:03 +0100] "GET /scented-candles-novenas-c-227.html?page=12 HTTP/1.0" 301 101252 "-" "Mozilla/5.0 (compatible; MJ12bot/v1.4.8; http://mj12bot.com/)"
185.191.171.3 - - [17/Nov/2023:06:55:23 +0100] "GET /pinky-perky-coaster-alex-clark-p-61238.html?action=add_product HTTP/1.0" 302 476 "-" "Mozilla/5.0 (compatible; SemrushBot/7~bl; +http://www.semrush.com/bot.html)"
51.68.224.127 - - [17/Nov/2023:06:55:25 +0100] "GET /adminweb/export_orders_xml.php?token=256de2z6edz6ed2z6DFSFsed2zed6zeDSFDSGdzedezfzf&maxorders=10&orderstart=1&status=14&start_date=2018-10-01 HTTP/1.0" 200 285 "-" "GesCom CharlotteBoutik Serveur"
178.150.14.250 - - [17/Nov/2023:06:55:14 +0100] "GET /scented-candles-novenas-c-231_227.html?page=12 HTTP/1.0" 200 101283 "-" "Mozilla/5.0 (compatible; MJ12bot/v1.4.8; http://mj12bot.com/)"
51.68.224.127 - - [17/Nov/2023:06:55:25 +0100] "GET /adminweb/export_orders_xml.php?token=256de2z6edz6ed2z6DFSFsed2zed6zeDSFDSGdzedezfzf&maxorders=10&orderstart=1&status=6&start_date=2018-10-01 HTTP/1.0" 200 33939 "-" "GesCom CharlotteBoutik Serveur"
43.134.111.67 - - [17/Nov/2023:06:55:34 +0100] "GET /images/mini_prod/1384010184738.jpg HTTP/1.0" 200 269 "-" "Mozilla/5.0 (Windows NT 10.0; Win64; x64) AppleWebKit/537.36 (KHTML, like Gecko) Chrome/103.0.0.0 Safari/537.36"
85.208.96.196 - - [17/Nov/2023:06:55:37 +0100] "GET /flag-stool-p-17570.html HTTP/1.0" 200 77542 "-" "Mozilla/5.0 (compatible; SemrushBot/7~bl; +http://www.semrush.com/bot.html)"
178.150.14.250 - - [17/Nov/2023:06:55:31 +0100] "GET /scented-candles-novenas-c-227.html?page=10 HTTP/1.0" 301 100578 "-" "Mozilla/5.0 (compatible; MJ12bot/v1.4.8; http://mj12bot.com/)"
178.150.14.250 - - [17/Nov/2023:06:55:42 +0100] "GET /scented-candles-novenas-c-231_227.html?page=10 HTTP/1.0" 200 100609 "-" "Mozilla/5.0 (compatible; MJ12bot/v1.4.8; http://mj12bot.com/)"
52.70.240.171 - - [17/Nov/2023:06:55:51 +0100] "GET /underwear-c-2_38.html HTTP/1.0" 200 82773 "-" "Mozilla/5.0 (Macintosh; Intel Mac OS X 10_10_1) AppleWebKit/600.2.5 (KHTML, like Gecko) Version/8.0.2 Safari/600.2.5 (Amazonbot/0.1; +https://developer.amazon.com/support/amazonbot)"
23.22.35.162 - - [17/Nov/2023:06:55:40 +0100] "GET /water-bottles-sport-bottles-c-12_161.html HTTP/1.0" 200 100689 "-" "Mozilla/5.0 (Macintosh; Intel Mac OS X 10_10_1) AppleWebKit/600.2.5 (KHTML, like Gecko) Version/8.0.2 Safari/600.2.5 (Amazonbot/0.1; +https://developer.amazon.com/support/amazonbot)"
185.191.171.9 - - [17/Nov/2023:06:55:45 +0100] "GET /boxes-storage-c-13_150.html?page=20 HTTP/1.0" 200 96978 "-" "Mozilla/5.0 (compatible; SemrushBot/7~bl; +http://www.semrush.com/bot.html)"
52.70.240.171 - - [17/Nov/2023:06:55:59 +0100] "GET /wastebasket-c-129_184.html HTTP/1.0" 200 85808 "-" "Mozilla/5.0 (Macintosh; Intel Mac OS X 10_10_1) AppleWebKit/600.2.5 (KHTML, like Gecko) Version/8.0.2 Safari/600.2.5 (Amazonbot/0.1; +https://developer.amazon.com/support/amazonbot)"
85.208.96.198 - - [17/Nov/2023:06:56:06 +0100] "GET /-p-46699.html HTTP/1.0" 200 77477 "-" "Mozilla/5.0 (compatible; SemrushBot/7~bl; +http://www.semrush.com/bot.html)"
185.191.171.6 - - [17/Nov/2023:06:56:10 +0100] "GET /cinderella-holiday-decorative-elements-large-wall-sticker-p-22532.html HTTP/1.0" 200 80464 "-" "Mozilla/5.0 (compatible; SemrushBot/7~bl; +http://www.semrush.com/bot.html)"
3.224.220.101 - - [17/Nov/2023:06:56:01 +0100] "GET /hair-accessories-c-3_205.html HTTP/1.0" 200 94529 "-" "Mozilla/5.0 (Macintosh; Intel Mac OS X 10_10_1) AppleWebKit/600.2.5 (KHTML, like Gecko) Version/8.0.2 Safari/600.2.5 (Amazonbot/0.1; +https://developer.amazon.com/support/amazonbot)"
54.36.148.97 - - [17/Nov/2023:06:56:10 +0100] "GET /serve-coffee-cutting-board-p-35941.html HTTP/1.0" 200 79873 "-" "Mozilla/5.0 (compatible; AhrefsBot/7.0; +http://ahrefs.com/robot/)"
23.22.35.162 - - [17/Nov/2023:06:55:55 +0100] "GET /curtains-lace-curtains-c-11_69.html HTTP/1.0" 200 96856 "-" "Mozilla/5.0 (Macintosh; Intel Mac OS X 10_10_1) AppleWebKit/600.2.5 (KHTML, like Gecko) Version/8.0.2 Safari/600.2.5 (Amazonbot/0.1; +https://developer.amazon.com/support/amazonbot)"
178.150.14.250 - - [17/Nov/2023:06:56:01 +0100] "GET /scented-candles-novenas-c-227.html?page=11 HTTP/1.0" 301 101116 "-" "Mozilla/5.0 (compatible; MJ12bot/v1.4.8; http://mj12bot.com/)"
52.70.240.171 - - [17/Nov/2023:06:55:52 +0100] "GET /chimes-suspensions-c-13_241.html HTTP/1.0" 500 66401 "-" "Mozilla/5.0 (Macintosh; Intel Mac OS X 10_10_1) AppleWebKit/600.2.5 (KHTML, like Gecko) Version/8.0.2 Safari/600.2.5 (Amazonbot/0.1; +https://developer.amazon.com/support/amazonbot)"
85.208.96.201 - - [17/Nov/2023:06:56:14 +0100] "GET /-p-15671.html HTTP/1.0" 200 77477 "-" "Mozilla/5.0 (compatible; SemrushBot/7~bl; +http://www.semrush.com/bot.html)"
85.208.96.197 - - [17/Nov/2023:06:56:20 +0100] "GET /isothermic-stainless-steel-bottle-corsica-cbkreation-p-51912.html HTTP/1.0" 200 80785 "-" "Mozilla/5.0 (compatible; SemrushBot/7~bl; +http://www.semrush.com/bot.html)"
178.150.14.250 - - [17/Nov/2023:06:56:10 +0100] "GET /scented-candles-novenas-c-231_227.html?page=11 HTTP/1.0" 200 101147 "-" "Mozilla/5.0 (compatible; MJ12bot/v1.4.8; http://mj12bot.com/)"
43.135.170.242 - - [17/Nov/2023:06:56:30 +0100] "GET /images/mini_prod/3700276265598.jpg HTTP/1.0" 404 1308 "-" "Mozilla/5.0 (X11; Ubuntu; Linux x86_64; rv:72.0) Gecko/20100101 Firefox/72.0"
43.130.36.131 - - [17/Nov/2023:06:56:31 +0100] "GET /images/mini_prod/3700276265598.jpg HTTP/1.0" 404 1308 "-" "Mozilla/5.0 (X11; Ubuntu; Linux x86_64; rv:72.0) Gecko/20100101 Firefox/72.0"
210.217.95.253 - - [17/Nov/2023:06:56:33 +0100] "GET /images/mini_prod/3585190668607.jpg HTTP/1.0" 200 269 "-" "Mozilla/5.0 (X11; Ubuntu; Linux x86_64; rv:72.0) Gecko/20100101 Firefox/72.0"
178.150.14.250 - - [17/Nov/2023:06:56:28 +0100] "GET /scented-candles-novenas-c-231_227.html?page=10 HTTP/1.0" 200 100609 "-" "Mozilla/5.0 (compatible; MJ12bot/v1.4.8; http://mj12bot.com/)"
178.150.14.250 - - [17/Nov/2023:06:56:48 +0100] "GET /scented-candles-novenas-c-231_227.html?page=11 HTTP/1.0" 200 101147 "-" "Mozilla/5.0 (compatible; MJ12bot/v1.4.8; http://mj12bot.com/)"
52.167.144.235 - - [17/Nov/2023:06:56:57 +0100] "GET /swimwear-c-2_35.html HTTP/1.0" 200 97092 "-" "Mozilla/5.0 AppleWebKit/537.36 (KHTML, like Gecko; compatible; bingbot/2.0; +http://www.bing.com/bingbot.htm) Chrome/116.0.1938.76 Safari/537.36"
85.208.96.200 - - [17/Nov/2023:06:57:05 +0100] "GET /isothermic-stainless-steel-bottle-taurus-cbkreation-p-51041.html HTTP/1.0" 200 80110 "-" "Mozilla/5.0 (compatible; SemrushBot/7~bl; +http://www.semrush.com/bot.html)"
178.150.14.250 - - [17/Nov/2023:06:57:05 +0100] "GET /scented-candles-novenas-c-231_227.html?page=21 HTTP/1.0" 200 96597 "-" "Mozilla/5.0 (compatible; MJ12bot/v1.4.8; http://mj12bot.com/)"
178.150.14.250 - - [17/Nov/2023:06:57:23 +0100] "GET /scented-votive-chakra-candles-p-55100.html HTTP/1.0" 200 83481 "-" "Mozilla/5.0 (compatible; MJ12bot/v1.4.8; http://mj12bot.com/)"
85.208.96.208 - - [17/Nov/2023:06:57:25 +0100] "GET /popcorn-maker-p-45372.html HTTP/1.0" 200 77533 "-" "Mozilla/5.0 (compatible; SemrushBot/7~bl; +http://www.semrush.com/bot.html)"
54.36.148.99 - - [17/Nov/2023:06:57:28 +0100] "GET /rigid-glasses-cats-p-53839.html HTTP/1.0" 200 79931 "-" "Mozilla/5.0 (compatible; AhrefsBot/7.0; +http://ahrefs.com/robot/)"
178.150.14.250 - - [17/Nov/2023:06:57:31 +0100] "GET /schott-backpack-college-navy-p-44958.html HTTP/1.0" 200 80939 "-" "Mozilla/5.0 (compatible; MJ12bot/v1.4.8; http://mj12bot.com/)"
185.191.171.2 - - [17/Nov/2023:06:57:36 +0100] "GET /specials.php?page=62 HTTP/1.0" 200 111272 "-" "Mozilla/5.0 (compatible; SemrushBot/7~bl; +http://www.semrush.com/bot.html)"
178.150.14.250 - - [17/Nov/2023:06:57:43 +0100] "GET /sea-shells-wall-sticker-p-36398.html HTTP/1.0" 301 79998 "-" "Mozilla/5.0 (compatible; MJ12bot/v1.4.8; http://mj12bot.com/)"
85.208.96.194 - - [17/Nov/2023:06:57:42 +0100] "GET /difference-accessoriess-c-12_59.html?page=3 HTTP/1.0" 200 84150 "-" "Mozilla/5.0 (compatible; SemrushBot/7~bl; +http://www.semrush.com/bot.html)"
178.150.14.250 - - [17/Nov/2023:06:57:51 +0100] "GET /shells-wall-sticker-p-36398.html HTTP/1.0" 200 79912 "-" "Mozilla/5.0 (compatible; MJ12bot/v1.4.8; http://mj12bot.com/)"
178.150.14.250 - - [17/Nov/2023:06:58:03 +0100] "GET /seahorse-figurine-albasia-p-58083.html HTTP/1.0" 200 77573 "-" "Mozilla/5.0 (compatible; MJ12bot/v1.4.8; http://mj12bot.com/)"
185.191.171.4 - - [17/Nov/2023:06:58:06 +0100] "GET /wall-decoration-mappemonde-p-49967.html HTTP/1.0" 200 80498 "-" "Mozilla/5.0 (compatible; SemrushBot/7~bl; +http://www.semrush.com/bot.html)"
178.150.14.250 - - [17/Nov/2023:06:58:17 +0100] "GET /selenite-pyramid-p-46312.html HTTP/1.0" 200 79893 "-" "Mozilla/5.0 (compatible; MJ12bot/v1.4.8; http://mj12bot.com/)"
54.36.148.235 - - [17/Nov/2023:06:58:17 +0100] "GET /vintage-alarm-clock-p-38262.html HTTP/1.0" 200 79903 "-" "Mozilla/5.0 (compatible; AhrefsBot/7.0; +http://ahrefs.com/robot/)"
85.208.96.196 - - [17/Nov/2023:06:58:18 +0100] "GET /scent-heart-home-true-enchantment-p-53876.html HTTP/1.0" 200 80701 "-" "Mozilla/5.0 (compatible; SemrushBot/7~bl; +http://www.semrush.com/bot.html)"
54.36.149.97 - - [17/Nov/2023:06:58:21 +0100] "GET /images/big_prod/7601020000150.jpg HTTP/1.0" 200 268 "-" "Mozilla/5.0 (compatible; AhrefsBot/7.0; +http://ahrefs.com/robot/)"
85.208.96.206 - - [17/Nov/2023:06:58:23 +0100] "GET /ohara-koson-silhouette-ceramic-vase-irises-p-55058.html HTTP/1.0" 200 80891 "-" "Mozilla/5.0 (compatible; SemrushBot/7~bl; +http://www.semrush.com/bot.html)"
178.150.14.250 - - [17/Nov/2023:06:58:27 +0100] "GET /senteurs-moroccan-ashtray-p-47859.html HTTP/1.0" 200 79814 "-" "Mozilla/5.0 (compatible; MJ12bot/v1.4.8; http://mj12bot.com/)"
185.191.171.5 - - [17/Nov/2023:06:58:28 +0100] "GET /lyon-isothermic-stainless-steel-bottle-cbkreation-p-50976.html HTTP/1.0" 200 80081 "-" "Mozilla/5.0 (compatible; SemrushBot/7~bl; +http://www.semrush.com/bot.html)"
178.150.14.250 - - [17/Nov/2023:06:58:37 +0100] "GET /sequined-african-elephant-statue-p-59224.html HTTP/1.0" 200 80936 "-" "Mozilla/5.0 (compatible; MJ12bot/v1.4.8; http://mj12bot.com/)"
178.150.14.250 - - [17/Nov/2023:06:58:48 +0100] "GET /serve-coffee-cutting-board-p-35941.html HTTP/1.0" 200 79873 "-" "Mozilla/5.0 (compatible; MJ12bot/v1.4.8; http://mj12bot.com/)"
178.150.14.250 - - [17/Nov/2023:06:58:57 +0100] "GET /set-heros-super-megaforce-red-ranger-p-35291.html HTTP/1.0" 301 77544 "-" "Mozilla/5.0 (compatible; MJ12bot/v1.4.8; http://mj12bot.com/)"
178.150.14.250 - - [17/Nov/2023:06:59:06 +0100] "GET /-p-35291.html HTTP/1.0" 200 77477 "-" "Mozilla/5.0 (compatible; MJ12bot/v1.4.8; http://mj12bot.com/)"
178.150.14.250 - - [17/Nov/2023:06:59:16 +0100] "GET /set-of-cement-tile-coasters-p-53109.html HTTP/1.0" 301 79925 "-" "Mozilla/5.0 (compatible; MJ12bot/v1.4.8; http://mj12bot.com/)"
54.36.148.75 - - [17/Nov/2023:06:59:20 +0100] "GET /ceramic-cork-trivet-cement-tiles-p-53064.html HTTP/1.0" 200 79970 "-" "Mozilla/5.0 (compatible; AhrefsBot/7.0; +http://ahrefs.com/robot/)"
185.191.171.11 - - [17/Nov/2023:06:59:20 +0100] "GET /lentil-case-p-47534.html HTTP/1.0" 200 80439 "-" "Mozilla/5.0 (compatible; SemrushBot/7~bl; +http://www.semrush.com/bot.html)"
43.134.27.109 - - [17/Nov/2023:06:59:25 +0100] "GET /images/mini_prod/8904245400088.jpg HTTP/1.0" 200 269 "-" "Mozilla/5.0 (Windows NT 10.0; Win64; x64) AppleWebKit/537.36 (KHTML, like Gecko) Chrome/103.0.0.0 Safari/537.36"
178.150.14.250 - - [17/Nov/2023:06:59:25 +0100] "GET /cement-tile-coasters-p-53109.html HTTP/1.0" 200 79838 "-" "Mozilla/5.0 (compatible; MJ12bot/v1.4.8; http://mj12bot.com/)"
54.36.149.103 - - [17/Nov/2023:06:59:30 +0100] "GET /images/big_prod/8422033225311.jpg HTTP/1.0" 200 268 "-" "Mozilla/5.0 (compatible; AhrefsBot/7.0; +http://ahrefs.com/robot/)"
178.150.14.250 - - [17/Nov/2023:06:59:38 +0100] "GET /set-of-cement-tile-coasters-p-53113.html HTTP/1.0" 301 79925 "-" "Mozilla/5.0 (compatible; MJ12bot/v1.4.8; http://mj12bot.com/)"
178.150.14.250 - - [17/Nov/2023:06:59:46 +0100] "GET /cement-tile-coasters-p-53113.html HTTP/1.0" 200 79838 "-" "Mozilla/5.0 (compatible; MJ12bot/v1.4.8; http://mj12bot.com/)"
185.191.171.10 - - [17/Nov/2023:06:59:50 +0100] "GET /-p-45574.html HTTP/1.0" 200 77477 "-" "Mozilla/5.0 (compatible; SemrushBot/7~bl; +http://www.semrush.com/bot.html)"
178.150.14.250 - - [17/Nov/2023:06:59:53 +0100] "GET /set-of-coaster-retro-p-42026.html HTTP/1.0" 301 77544 "-" "Mozilla/5.0 (compatible; MJ12bot/v1.4.8; http://mj12bot.com/)"
178.150.14.250 - - [17/Nov/2023:06:59:59 +0100] "GET /-p-42026.html HTTP/1.0" 200 77477 "-" "Mozilla/5.0 (compatible; MJ12bot/v1.4.8; http://mj12bot.com/)"
178.150.14.250 - - [17/Nov/2023:07:00:07 +0100] "GET /set-of-glasses-fff-p-44953.html HTTP/1.0" 301 79855 "-" "Mozilla/5.0 (compatible; MJ12bot/v1.4.8; http://mj12bot.com/)"
87.250.224.249 - - [17/Nov/2023:07:00:14 +0100] "GET /-p-28806.html HTTP/1.0" 200 77477 "-" "Mozilla/5.0 (compatible; YandexBot/3.0; +http://yandex.com/bots)"
178.150.14.250 - - [17/Nov/2023:07:00:20 +0100] "GET /glasses-p-44953.html HTTP/1.0" 200 79781 "-" "Mozilla/5.0 (compatible; MJ12bot/v1.4.8; http://mj12bot.com/)"
85.208.96.193 - - [17/Nov/2023:06:59:54 +0100] "GET /home-decoration-c-13.html?page=128 HTTP/1.0" 200 99971 "-" "Mozilla/5.0 (compatible; SemrushBot/7~bl; +http://www.semrush.com/bot.html)"
101.32.239.6 - - [17/Nov/2023:07:00:27 +0100] "GET /images/mini_prod/1399984264294.jpg HTTP/1.0" 200 269 "-" "Mozilla/5.0 (Windows NT 10.0; Win64; x64) AppleWebKit/537.36 (KHTML, like Gecko) Chrome/103.0.0.0 Safari/537.36"
185.191.171.2 - - [17/Nov/2023:07:00:26 +0100] "GET /stitch-waterball-collection-p-53512.html HTTP/1.0" 200 80394 "-" "Mozilla/5.0 (compatible; SemrushBot/7~bl; +http://www.semrush.com/bot.html)"
47.76.57.30 - - [17/Nov/2023:07:00:32 +0100] "GET /images/mini_prod/4036113162157.jpg HTTP/1.0" 404 1308 "-" "Mozilla/5.0 (X11; Ubuntu; Linux x86_64; rv:72.0) Gecko/20100101 Firefox/72.0"
178.150.14.250 - - [17/Nov/2023:07:00:31 +0100] "GET /set-of-rectangular-kitchen-linen-of-cotton-60-40-cm-p-45480.html HTTP/1.0" 301 77740 "-" "Mozilla/5.0 (compatible; MJ12bot/v1.4.8; http://mj12bot.com/)"
185.191.171.11 - - [17/Nov/2023:07:00:32 +0100] "GET /vanity-case-laissez-lucie-faire-zeke-p-49027.html HTTP/1.0" 200 77601 "-" "Mozilla/5.0 (compatible; SemrushBot/7~bl; +http://www.semrush.com/bot.html)"
178.150.14.250 - - [17/Nov/2023:07:00:37 +0100] "GET /rectangular-kitchen-linen-cotton-p-45480.html HTTP/1.0" 200 77641 "-" "Mozilla/5.0 (compatible; MJ12bot/v1.4.8; http://mj12bot.com/)"
85.208.96.210 - - [17/Nov/2023:07:00:37 +0100] "GET /suspension-bear-with-cable-p-52761.html HTTP/1.0" 200 77599 "-" "Mozilla/5.0 (compatible; SemrushBot/7~bl; +http://www.semrush.com/bot.html)"
178.150.14.250 - - [17/Nov/2023:07:00:48 +0100] "GET /set-of-square-coasters-with-personalized-pictures-p-16333.html HTTP/1.0" 301 80643 "-" "Mozilla/5.0 (compatible; MJ12bot/v1.4.8; http://mj12bot.com/)"
178.150.14.250 - - [17/Nov/2023:07:00:57 +0100] "GET /square-coasters-with-personalized-pictures-p-16333.html HTTP/1.0" 200 80534 "-" "Mozilla/5.0 (compatible; MJ12bot/v1.4.8; http://mj12bot.com/)"
54.36.148.46 - - [17/Nov/2023:07:00:58 +0100] "GET /branch-birds-stickers-p-36141.html HTTP/1.0" 200 80558 "-" "Mozilla/5.0 (compatible; AhrefsBot/7.0; +http://ahrefs.com/robot/)"
185.191.171.13 - - [17/Nov/2023:07:01:03 +0100] "GET /love-cats-saucer-p-45922.html HTTP/1.0" 200 77551 "-" "Mozilla/5.0 (compatible; SemrushBot/7~bl; +http://www.semrush.com/bot.html)"
178.150.14.250 - - [17/Nov/2023:07:01:06 +0100] "GET /set-of-stackable-cups-russian-dolls-p-28497.html HTTP/1.0" 301 77544 "-" "Mozilla/5.0 (compatible; MJ12bot/v1.4.8; http://mj12bot.com/)"
178.150.14.250 - - [17/Nov/2023:07:01:12 +0100] "GET /-p-28497.html HTTP/1.0" 200 77477 "-" "Mozilla/5.0 (compatible; MJ12bot/v1.4.8; http://mj12bot.com/)"
85.208.96.199 - - [17/Nov/2023:07:01:12 +0100] "GET /stone-labradorite-grams-p-46591.html HTTP/1.0" 200 77581 "-" "Mozilla/5.0 (compatible; SemrushBot/7~bl; +http://www.semrush.com/bot.html)"
178.150.14.250 - - [17/Nov/2023:07:01:19 +0100] "GET /set-of-sticks-of-modeling-clay-by-play-doh-p-21534.html HTTP/1.0" 301 77544 "-" "Mozilla/5.0 (compatible; MJ12bot/v1.4.8; http://mj12bot.com/)"
178.150.14.250 - - [17/Nov/2023:07:01:26 +0100] "GET /-p-21534.html HTTP/1.0" 200 77477 "-" "Mozilla/5.0 (compatible; MJ12bot/v1.4.8; http://mj12bot.com/)"
43.134.175.66 - - [17/Nov/2023:07:01:32 +0100] "GET /images/mini_prod/4007176121023.jpg HTTP/1.0" 200 269 "-" "Mozilla/5.0 (Windows NT 10.0; Win64; x64) AppleWebKit/537.36 (KHTML, like Gecko) Chrome/103.0.0.0 Safari/537.36"
178.150.14.250 - - [17/Nov/2023:07:01:34 +0100] "GET /set-of-tropicole-glasses-p-47787.html HTTP/1.0" 301 77637 "-" "Mozilla/5.0 (compatible; MJ12bot/v1.4.8; http://mj12bot.com/)"
178.150.14.250 - - [17/Nov/2023:07:01:40 +0100] "GET /tropicole-glasses-p-47787.html HTTP/1.0" 200 77553 "-" "Mozilla/5.0 (compatible; MJ12bot/v1.4.8; http://mj12bot.com/)"
85.208.96.206 - - [17/Nov/2023:07:01:36 +0100] "GET /figurines-statuettes-statues-decoration-collection-c-292.html?page=37 HTTP/1.0" 200 101954 "-" "Mozilla/5.0 (compatible; SemrushBot/7~bl; +http://www.semrush.com/bot.html)"
178.150.14.250 - - [17/Nov/2023:07:01:46 +0100] "GET /set-of-wwe-raw-small-reels-p-13883.html HTTP/1.0" 301 77544 "-" "Mozilla/5.0 (compatible; MJ12bot/v1.4.8; http://mj12bot.com/)"
52.167.144.175 - - [17/Nov/2023:07:01:34 +0100] "GET /mugs-mazagrans-c-12_57.html HTTP/1.0" 200 101677 "-" "Mozilla/5.0 AppleWebKit/537.36 (KHTML, like Gecko; compatible; bingbot/2.0; +http://www.bing.com/bingbot.htm) Chrome/116.0.1938.76 Safari/537.36"
52.70.240.171 - - [17/Nov/2023:07:01:38 +0100] "GET /butter-dish-c-12_222.html HTTP/1.0" 200 89650 "-" "Mozilla/5.0 (Macintosh; Intel Mac OS X 10_10_1) AppleWebKit/600.2.5 (KHTML, like Gecko) Version/8.0.2 Safari/600.2.5 (Amazonbot/0.1; +https://developer.amazon.com/support/amazonbot)"
170.106.184.225 - - [17/Nov/2023:07:01:53 +0100] "GET /images/mini_prod/4007176122563.jpg HTTP/1.0" 200 269 "-" "Mozilla/5.0 (X11; Ubuntu; Linux x86_64; rv:72.0) Gecko/20100101 Firefox/72.0"
47.128.60.91 - - [17/Nov/2023:07:01:53 +0100] "GET /wooden-dish-p-49168.html HTTP/1.0" 200 77535 "-" "Mozilla/5.0 (compatible; Bytespider; spider-feedback@bytedance.com) AppleWebKit/537.36 (KHTML, like Gecko) Chrome/70.0.0.0 Safari/537.36"
178.150.14.250 - - [17/Nov/2023:07:01:54 +0100] "GET /-p-13883.html HTTP/1.0" 200 77477 "-" "Mozilla/5.0 (compatible; MJ12bot/v1.4.8; http://mj12bot.com/)"
47.128.60.91 - - [17/Nov/2023:07:01:57 +0100] "GET /swfobject.js HTTP/1.0" 404 1308 "http://www.wonder-geek.com/wooden-dish-p-49168.html" "Mozilla/5.0 (compatible; Bytespider; spider-feedback@bytedance.com) AppleWebKit/537.36 (KHTML, like Gecko) Chrome/70.0.0.0 Safari/537.36"
52.70.240.171 - - [17/Nov/2023:07:01:37 +0100] "GET /decorations-c-13_89.html HTTP/1.0" 500 66341 "-" "Mozilla/5.0 (Macintosh; Intel Mac OS X 10_10_1) AppleWebKit/600.2.5 (KHTML, like Gecko) Version/8.0.2 Safari/600.2.5 (Amazonbot/0.1; +https://developer.amazon.com/support/amazonbot)"
47.128.60.91 - - [17/Nov/2023:07:02:00 +0100] "GET /highslide/graphics/outlines/drop-shadow.png HTTP/1.0" 200 277 "http://www.wonder-geek.com/wooden-dish-p-49168.html" "Mozilla/5.0 (compatible; Bytespider; spider-feedback@bytedance.com) AppleWebKit/537.36 (KHTML, like Gecko) Chrome/70.0.0.0 Safari/537.36"
47.128.60.91 - - [17/Nov/2023:07:02:00 +0100] "GET /highslide/graphics/zoomout.cur HTTP/1.0" 200 614 "http://www.wonder-geek.com/wooden-dish-p-49168.html" "Mozilla/5.0 (compatible; Bytespider; spider-feedback@bytedance.com) AppleWebKit/537.36 (KHTML, like Gecko) Chrome/70.0.0.0 Safari/537.36"
85.208.96.198 - - [17/Nov/2023:07:02:02 +0100] "GET /michelle-allen-designs-p-36958.html HTTP/1.0" 200 77589 "-" "Mozilla/5.0 (compatible; SemrushBot/7~bl; +http://www.semrush.com/bot.html)"
178.150.14.250 - - [17/Nov/2023:07:02:05 +0100] "GET /shells-wall-sticker-p-36398.html HTTP/1.0" 200 79912 "-" "Mozilla/5.0 (compatible; MJ12bot/v1.4.8; http://mj12bot.com/)"
85.208.96.208 - - [17/Nov/2023:07:02:10 +0100] "GET /mountain-bear-cotton-adult-apron-p-45550.html HTTP/1.0" 200 79916 "-" "Mozilla/5.0 (compatible; SemrushBot/7~bl; +http://www.semrush.com/bot.html)"
129.226.153.118 - - [17/Nov/2023:07:02:14 +0100] "GET /images/big_prod_3/d8719497610501.jpg HTTP/1.0" 200 271 "-" "Mozilla/5.0 (Windows NT 10.0; Win64; x64) AppleWebKit/537.36 (KHTML, like Gecko) Chrome/103.0.0.0 Safari/537.36"
178.150.14.250 - - [17/Nov/2023:07:02:16 +0100] "GET /silver-white-elephant-table-lamp-p-54618.html HTTP/1.0" 301 77544 "-" "Mozilla/5.0 (compatible; MJ12bot/v1.4.8; http://mj12bot.com/)"
178.150.14.250 - - [17/Nov/2023:07:02:22 +0100] "GET /-p-54618.html HTTP/1.0" 200 77477 "-" "Mozilla/5.0 (compatible; MJ12bot/v1.4.8; http://mj12bot.com/)"
47.128.63.21 - - [17/Nov/2023:07:02:23 +0100] "GET /sonny-angel-jeju-island-limited-edition-figure-p-59608.html HTTP/1.0" 200 77651 "-" "Mozilla/5.0 (compatible; Bytespider; spider-feedback@bytedance.com) AppleWebKit/537.36 (KHTML, like Gecko) Chrome/70.0.0.0 Safari/537.36"
47.128.63.21 - - [17/Nov/2023:07:02:26 +0100] "GET /swfobject.js HTTP/1.0" 404 1308 "http://www.wonder-geek.com/sonny-angel-jeju-island-limited-edition-figure-p-59608.html" "Mozilla/5.0 (compatible; Bytespider; spider-feedback@bytedance.com) AppleWebKit/537.36 (KHTML, like Gecko) Chrome/70.0.0.0 Safari/537.36"
185.191.171.18 - - [17/Nov/2023:07:02:26 +0100] "GET /-p-50927.html HTTP/1.0" 200 77477 "-" "Mozilla/5.0 (compatible; SemrushBot/7~bl; +http://www.semrush.com/bot.html)"
47.128.63.21 - - [17/Nov/2023:07:02:31 +0100] "GET /highslide/graphics/zoomout.cur HTTP/1.0" 200 614 "http://www.wonder-geek.com/sonny-angel-jeju-island-limited-edition-figure-p-59608.html" "Mozilla/5.0 (compatible; Bytespider; spider-feedback@bytedance.com) AppleWebKit/537.36 (KHTML, like Gecko) Chrome/70.0.0.0 Safari/537.36"
47.128.63.21 - - [17/Nov/2023:07:02:31 +0100] "GET /highslide/graphics/outlines/drop-shadow.png HTTP/1.0" 200 277 "http://www.wonder-geek.com/sonny-angel-jeju-island-limited-edition-figure-p-59608.html" "Mozilla/5.0 (compatible; Bytespider; spider-feedback@bytedance.com) AppleWebKit/537.36 (KHTML, like Gecko) Chrome/70.0.0.0 Safari/537.36"
178.150.14.250 - - [17/Nov/2023:07:02:30 +0100] "GET /skull-aviator-moneybox-p-28881.html HTTP/1.0" 200 77539 "-" "Mozilla/5.0 (compatible; MJ12bot/v1.4.8; http://mj12bot.com/)"
178.150.14.250 - - [17/Nov/2023:07:02:38 +0100] "GET /skull-biker-harley-davidson-lighter-p-49100.html HTTP/1.0" 301 77544 "-" "Mozilla/5.0 (compatible; MJ12bot/v1.4.8; http://mj12bot.com/)"
54.36.149.30 - - [17/Nov/2023:07:02:41 +0100] "GET /round-teak-bowl-p-56168.html HTTP/1.0" 200 80726 "-" "Mozilla/5.0 (compatible; AhrefsBot/7.0; +http://ahrefs.com/robot/)"
185.191.171.2 - - [17/Nov/2023:07:02:42 +0100] "GET /-p-51976.html HTTP/1.0" 200 77477 "-" "Mozilla/5.0 (compatible; SemrushBot/7~bl; +http://www.semrush.com/bot.html)"
178.150.14.250 - - [17/Nov/2023:07:02:44 +0100] "GET /-p-49100.html HTTP/1.0" 200 77477 "-" "Mozilla/5.0 (compatible; MJ12bot/v1.4.8; http://mj12bot.com/)"
185.191.171.2 - - [17/Nov/2023:07:02:46 +0100] "GET /resin-statuette-chinese-p-48706.html HTTP/1.0" 200 77559 "-" "Mozilla/5.0 (compatible; SemrushBot/7~bl; +http://www.semrush.com/bot.html)"
178.150.14.250 - - [17/Nov/2023:07:02:52 +0100] "GET /skull-black-leather-bracelet-p-38474.html HTTP/1.0" 200 79888 "-" "Mozilla/5.0 (compatible; MJ12bot/v1.4.8; http://mj12bot.com/)"
178.150.14.250 - - [17/Nov/2023:07:02:59 +0100] "GET /skull-black-leather-men-bracelet-p-38474.html HTTP/1.0" 301 79983 "-" "Mozilla/5.0 (compatible; MJ12bot/v1.4.8; http://mj12bot.com/)"
52.167.144.205 - - [17/Nov/2023:07:03:04 +0100] "GET /decorative-wooden-plate-dranger-sieste-cours-p-61180.html HTTP/1.0" 200 80979 "-" "Mozilla/5.0 AppleWebKit/537.36 (KHTML, like Gecko; compatible; bingbot/2.0; +http://www.bing.com/bingbot.htm) Chrome/116.0.1938.76 Safari/537.36"
178.150.14.250 - - [17/Nov/2023:07:03:06 +0100] "GET /skull-black-leather-bracelet-p-38474.html HTTP/1.0" 200 79888 "-" "Mozilla/5.0 (compatible; MJ12bot/v1.4.8; http://mj12bot.com/)"
8.218.254.250 - - [17/Nov/2023:07:03:12 +0100] "GET /images/mini_prod/8435333820759.jpg HTTP/1.0" 200 269 "-" "Mozilla/5.0 (X11; Ubuntu; Linux x86_64; rv:72.0) Gecko/20100101 Firefox/72.0"
178.150.14.250 - - [17/Nov/2023:07:03:12 +0100] "GET /skull-brown-leather-bracelet-p-38475.html HTTP/1.0" 200 79855 "-" "Mozilla/5.0 (compatible; MJ12bot/v1.4.8; http://mj12bot.com/)"
185.191.171.7 - - [17/Nov/2023:07:03:14 +0100] "GET /italy-flag-p-41520.html HTTP/1.0" 200 79855 "-" "Mozilla/5.0 (compatible; SemrushBot/7~bl; +http://www.semrush.com/bot.html)"
47.128.35.202 - - [17/Nov/2023:07:03:18 +0100] "GET /brown-resin-monkey-figurine-p-59371.html HTTP/1.0" 200 77575 "-" "Mozilla/5.0 (compatible; Bytespider; spider-feedback@bytedance.com) AppleWebKit/537.36 (KHTML, like Gecko) Chrome/70.0.0.0 Safari/537.36"
178.150.14.250 - - [17/Nov/2023:07:03:19 +0100] "GET /skull-brown-leather-men-bracelet-p-38475.html HTTP/1.0" 301 79950 "-" "Mozilla/5.0 (compatible; MJ12bot/v1.4.8; http://mj12bot.com/)"
47.128.35.202 - - [17/Nov/2023:07:03:23 +0100] "GET /swfobject.js HTTP/1.0" 404 1308 "http://www.wonder-geek.com/brown-resin-monkey-figurine-p-59371.html" "Mozilla/5.0 (compatible; Bytespider; spider-feedback@bytedance.com) AppleWebKit/537.36 (KHTML, like Gecko) Chrome/70.0.0.0 Safari/537.36"
8.218.254.250 - - [17/Nov/2023:07:03:24 +0100] "GET /images/mini_prod/1399984240168SPIDERMAN.jpg HTTP/1.0" 200 278 "-" "Mozilla/5.0 (X11; Ubuntu; Linux x86_64; rv:72.0) Gecko/20100101 Firefox/72.0"
47.128.35.202 - - [17/Nov/2023:07:03:29 +0100] "GET /highslide/graphics/outlines/drop-shadow.png HTTP/1.0" 200 277 "http://www.wonder-geek.com/brown-resin-monkey-figurine-p-59371.html" "Mozilla/5.0 (compatible; Bytespider; spider-feedback@bytedance.com) AppleWebKit/537.36 (KHTML, like Gecko) Chrome/70.0.0.0 Safari/537.36"
47.128.35.202 - - [17/Nov/2023:07:03:29 +0100] "GET /highslide/graphics/zoomout.cur HTTP/1.0" 200 614 "http://www.wonder-geek.com/brown-resin-monkey-figurine-p-59371.html" "Mozilla/5.0 (compatible; Bytespider; spider-feedback@bytedance.com) AppleWebKit/537.36 (KHTML, like Gecko) Chrome/70.0.0.0 Safari/537.36"
178.150.14.250 - - [17/Nov/2023:07:03:26 +0100] "GET /skull-brown-leather-bracelet-p-38475.html HTTP/1.0" 200 79855 "-" "Mozilla/5.0 (compatible; MJ12bot/v1.4.8; http://mj12bot.com/)"
185.191.171.4 - - [17/Nov/2023:07:03:31 +0100] "GET /polyresin-wood-toilet-brush-p-58291.html HTTP/1.0" 200 80571 "-" "Mozilla/5.0 (compatible; SemrushBot/7~bl; +http://www.semrush.com/bot.html)"
178.150.14.250 - - [17/Nov/2023:07:03:34 +0100] "GET /skull-crest-figure-p-34169.html HTTP/1.0" 200 77539 "-" "Mozilla/5.0 (compatible; MJ12bot/v1.4.8; http://mj12bot.com/)"
178.150.14.250 - - [17/Nov/2023:07:03:42 +0100] "GET /skull-sailor-figure-blue-p-34149.html HTTP/1.0" 200 77594 "-" "Mozilla/5.0 (compatible; MJ12bot/v1.4.8; http://mj12bot.com/)"
43.159.34.80 - - [17/Nov/2023:07:03:51 +0100] "GET /images/big_prod_1/housse-de-coussin-prelude-30x50-cm.jpg HTTP/1.0" 200 291 "-" "Mozilla/5.0 (Windows NT 10.0; Win64; x64) AppleWebKit/537.36 (KHTML, like Gecko) Chrome/103.0.0.0 Safari/537.36"
178.150.14.250 - - [17/Nov/2023:07:03:50 +0100] "GET /skull-with-figure-p-34496.html HTTP/1.0" 200 79929 "-" "Mozilla/5.0 (compatible; MJ12bot/v1.4.8; http://mj12bot.com/)"
85.208.96.204 - - [17/Nov/2023:07:03:51 +0100] "GET /decoration-three-buddhas-secret-happiness-p-46486.html HTTP/1.0" 200 77663 "-" "Mozilla/5.0 (compatible; SemrushBot/7~bl; +http://www.semrush.com/bot.html)"
47.128.25.89 - - [17/Nov/2023:07:03:56 +0100] "GET /swfobject.js HTTP/1.0" 404 1308 "http://www.wonder-geek.com/large-industrial-lamp-metal-bronze-p-48593.html" "Mozilla/5.0 (compatible; Bytespider; spider-feedback@bytedance.com) AppleWebKit/537.36 (KHTML, like Gecko) Chrome/70.0.0.0 Safari/537.36"
47.128.25.89 - - [17/Nov/2023:07:03:53 +0100] "GET /large-industrial-lamp-metal-bronze-p-48593.html HTTP/1.0" 200 80025 "-" "Mozilla/5.0 (compatible; Bytespider; spider-feedback@bytedance.com) AppleWebKit/537.36 (KHTML, like Gecko) Chrome/70.0.0.0 Safari/537.36"
85.208.96.200 - - [17/Nov/2023:07:03:57 +0100] "GET /tree-wooden-plate-p-45895.html HTTP/1.0" 200 80442 "-" "Mozilla/5.0 (compatible; SemrushBot/7~bl; +http://www.semrush.com/bot.html)"
178.150.14.250 - - [17/Nov/2023:07:03:58 +0100] "GET /skull-with-hat-figure-p-34496.html HTTP/1.0" 301 80013 "-" "Mozilla/5.0 (compatible; MJ12bot/v1.4.8; http://mj12bot.com/)"
47.128.25.89 - - [17/Nov/2023:07:04:02 +0100] "GET /highslide/graphics/zoomin.cur HTTP/1.0" 200 614 "http://www.wonder-geek.com/templates/Pixame_v1/stylesheet.css" "Mozilla/5.0 (compatible; Bytespider; spider-feedback@bytedance.com) AppleWebKit/537.36 (KHTML, like Gecko) Chrome/70.0.0.0 Safari/537.36"
47.128.25.89 - - [17/Nov/2023:07:04:02 +0100] "GET /highslide/graphics/zoomout.cur HTTP/1.0" 200 614 "http://www.wonder-geek.com/large-industrial-lamp-metal-bronze-p-48593.html" "Mozilla/5.0 (compatible; Bytespider; spider-feedback@bytedance.com) AppleWebKit/537.36 (KHTML, like Gecko) Chrome/70.0.0.0 Safari/537.36"
47.128.25.89 - - [17/Nov/2023:07:04:02 +0100] "GET /highslide/graphics/outlines/drop-shadow.png HTTP/1.0" 200 277 "http://www.wonder-geek.com/large-industrial-lamp-metal-bronze-p-48593.html" "Mozilla/5.0 (compatible; Bytespider; spider-feedback@bytedance.com) AppleWebKit/537.36 (KHTML, like Gecko) Chrome/70.0.0.0 Safari/537.36"
47.128.25.89 - - [17/Nov/2023:07:04:03 +0100] "GET /images/big_prod/8718317639104.jpg HTTP/1.0" 200 268 "http://www.wonder-geek.com/large-industrial-lamp-metal-bronze-p-48593.html" "Mozilla/5.0 (compatible; Bytespider; spider-feedback@bytedance.com) AppleWebKit/537.36 (KHTML, like Gecko) Chrome/70.0.0.0 Safari/537.36"
178.150.14.250 - - [17/Nov/2023:07:04:06 +0100] "GET /skull-with-figure-p-34496.html HTTP/1.0" 200 79929 "-" "Mozilla/5.0 (compatible; MJ12bot/v1.4.8; http://mj12bot.com/)"
178.150.14.250 - - [17/Nov/2023:07:04:14 +0100] "GET /skull-yellow-moneybox-p-34176.html HTTP/1.0" 200 77573 "-" "Mozilla/5.0 (compatible; MJ12bot/v1.4.8; http://mj12bot.com/)"
185.191.171.6 - - [17/Nov/2023:07:04:14 +0100] "GET /kimmi-junior-chlo-notebook-p-7426.html HTTP/1.0" 200 79878 "-" "Mozilla/5.0 (compatible; SemrushBot/7~bl; +http://www.semrush.com/bot.html)"
185.191.171.6 - - [17/Nov/2023:07:04:18 +0100] "GET /brass-compass-p-52854.html HTTP/1.0" 200 77519 "-" "Mozilla/5.0 (compatible; SemrushBot/7~bl; +http://www.semrush.com/bot.html)"
178.150.14.250 - - [17/Nov/2023:07:04:21 +0100] "GET /slater-small-ashtray-blue-p-47855.html HTTP/1.0" 200 79820 "-" "Mozilla/5.0 (compatible; MJ12bot/v1.4.8; http://mj12bot.com/)"
185.191.171.7 - - [17/Nov/2023:07:04:26 +0100] "GET /disney-traditions-shore-lady-tramp-60th-anniversary-p-31422.html HTTP/1.0" 200 81212 "-" "Mozilla/5.0 (compatible; SemrushBot/7~bl; +http://www.semrush.com/bot.html)"
178.150.14.250 - - [17/Nov/2023:07:04:29 +0100] "GET /sleepwear-c-2_42.html?page=1 HTTP/1.0" 301 76343 "-" "Mozilla/5.0 (compatible; MJ12bot/v1.4.8; http://mj12bot.com/)"
85.208.96.209 - - [17/Nov/2023:07:04:31 +0100] "GET /-p-38993.html HTTP/1.0" 200 77477 "-" "Mozilla/5.0 (compatible; SemrushBot/7~bl; +http://www.semrush.com/bot.html)"
47.128.34.47 - - [17/Nov/2023:07:04:33 +0100] "GET /tour-france-sport-p-50848.html HTTP/1.0" 200 81239 "-" "Mozilla/5.0 (compatible; Bytespider; spider-feedback@bytedance.com) AppleWebKit/537.36 (KHTML, like Gecko) Chrome/70.0.0.0 Safari/537.36"
178.150.14.250 - - [17/Nov/2023:07:04:37 +0100] "GET /-c-42.html?page=1 HTTP/1.0" 200 76174 "-" "Mozilla/5.0 (compatible; MJ12bot/v1.4.8; http://mj12bot.com/)"
202.239.4.224 - - [17/Nov/2023:07:04:40 +0100] "GET /wall-mirror-gold-patinated-resin-p-61138.html HTTP/1.0" 200 80644 "-" "Mozilla/5.0 (compatible; Y!J-WSC/1.0; +https://yahoo.jp/3BSZgF)"
185.191.171.6 - - [17/Nov/2023:07:04:42 +0100] "GET /gorjuss-dreamer-rectangular-keyring-p-25959.html HTTP/1.0" 200 80730 "-" "Mozilla/5.0 (compatible; SemrushBot/7~bl; +http://www.semrush.com/bot.html)"
178.150.14.250 - - [17/Nov/2023:07:04:45 +0100] "GET /sleepwear-c-2_42.html?page=2 HTTP/1.0" 301 76343 "-" "Mozilla/5.0 (compatible; MJ12bot/v1.4.8; http://mj12bot.com/)"
54.36.148.59 - - [17/Nov/2023:07:04:45 +0100] "GET /bracelet-amazonite-oval-beads-elastic-p-48645.html HTTP/1.0" 200 80055 "-" "Mozilla/5.0 (compatible; AhrefsBot/7.0; +http://ahrefs.com/robot/)"
178.150.14.250 - - [17/Nov/2023:07:04:52 +0100] "GET /-c-42.html?page=2 HTTP/1.0" 200 76174 "-" "Mozilla/5.0 (compatible; MJ12bot/v1.4.8; http://mj12bot.com/)"
119.13.112.109 - - [17/Nov/2023:07:05:01 +0100] "GET /images/big_prod_1/3503420099304b.jpg HTTP/1.0" 200 271 "-" "Mozilla/5.0 (X11; Ubuntu; Linux x86_64; rv:72.0) Gecko/20100101 Firefox/72.0"
178.150.14.250 - - [17/Nov/2023:07:04:59 +0100] "GET /sleepy-figure-collection-disney-tired-dwarf-p-23122.html HTTP/1.0" 200 80128 "-" "Mozilla/5.0 (compatible; MJ12bot/v1.4.8; http://mj12bot.com/)"
47.128.34.47 - - [17/Nov/2023:07:05:06 +0100] "GET /highslide/graphics/zoomin.cur HTTP/1.0" 200 614 "http://www.wonder-geek.com/templates/Pixame_v1/stylesheet.css" "Mozilla/5.0 (compatible; Bytespider; spider-feedback@bytedance.com) AppleWebKit/537.36 (KHTML, like Gecko) Chrome/70.0.0.0 Safari/537.36"
47.128.34.47 - - [17/Nov/2023:07:05:06 +0100] "GET /images/big_prod_1/3700516262707A.jpg HTTP/1.0" 200 271 "http://www.wonder-geek.com/tour-france-sport-p-50848.html" "Mozilla/5.0 (compatible; Bytespider; spider-feedback@bytedance.com) AppleWebKit/537.36 (KHTML, like Gecko) Chrome/70.0.0.0 Safari/537.36"
47.128.34.47 - - [17/Nov/2023:07:05:06 +0100] "GET /images/big_prod_3/3700516262707C.jpg HTTP/1.0" 200 271 "http://www.wonder-geek.com/tour-france-sport-p-50848.html" "Mozilla/5.0 (compatible; Bytespider; spider-feedback@bytedance.com) AppleWebKit/537.36 (KHTML, like Gecko) Chrome/70.0.0.0 Safari/537.36"
47.128.34.47 - - [17/Nov/2023:07:05:06 +0100] "GET /images/big_prod_4/3700516262707D.jpg HTTP/1.0" 200 271 "http://www.wonder-geek.com/tour-france-sport-p-50848.html" "Mozilla/5.0 (compatible; Bytespider; spider-feedback@bytedance.com) AppleWebKit/537.36 (KHTML, like Gecko) Chrome/70.0.0.0 Safari/537.36"
47.128.34.47 - - [17/Nov/2023:07:05:06 +0100] "GET /images/big_prod_2/3700516262707B.jpg HTTP/1.0" 200 271 "http://www.wonder-geek.com/tour-france-sport-p-50848.html" "Mozilla/5.0 (compatible; Bytespider; spider-feedback@bytedance.com) AppleWebKit/537.36 (KHTML, like Gecko) Chrome/70.0.0.0 Safari/537.36"
178.150.14.250 - - [17/Nov/2023:07:05:07 +0100] "GET /slipper-socks-wich-gripper-soles-27-28-p-25584.html HTTP/1.0" 301 77544 "-" "Mozilla/5.0 (compatible; MJ12bot/v1.4.8; http://mj12bot.com/)"
178.150.14.250 - - [17/Nov/2023:07:05:14 +0100] "GET /-p-25584.html HTTP/1.0" 200 77477 "-" "Mozilla/5.0 (compatible; MJ12bot/v1.4.8; http://mj12bot.com/)"
178.150.14.250 - - [17/Nov/2023:07:05:22 +0100] "GET /slipper-socks-wich-gripper-soles-27-30-p-25156.html HTTP/1.0" 301 77544 "-" "Mozilla/5.0 (compatible; MJ12bot/v1.4.8; http://mj12bot.com/)"
47.128.34.47 - - [17/Nov/2023:07:05:26 +0100] "GET /highslide/graphics/outlines/drop-shadow.png HTTP/1.0" 200 277 "http://www.wonder-geek.com/tour-france-sport-p-50848.html" "Mozilla/5.0 (compatible; Bytespider; spider-feedback@bytedance.com) AppleWebKit/537.36 (KHTML, like Gecko) Chrome/70.0.0.0 Safari/537.36"
47.128.34.47 - - [17/Nov/2023:07:05:27 +0100] "GET /highslide/graphics/zoomout.cur HTTP/1.0" 200 614 "http://www.wonder-geek.com/tour-france-sport-p-50848.html" "Mozilla/5.0 (compatible; Bytespider; spider-feedback@bytedance.com) AppleWebKit/537.36 (KHTML, like Gecko) Chrome/70.0.0.0 Safari/537.36"
47.128.34.47 - - [17/Nov/2023:07:05:27 +0100] "GET /images/big_prod/3700516262707.jpg HTTP/1.0" 200 268 "http://www.wonder-geek.com/tour-france-sport-p-50848.html" "Mozilla/5.0 (compatible; Bytespider; spider-feedback@bytedance.com) AppleWebKit/537.36 (KHTML, like Gecko) Chrome/70.0.0.0 Safari/537.36"
47.128.34.43 - - [17/Nov/2023:07:05:26 +0100] "GET /luminous-earth-globe-decoration-p-58452.html HTTP/1.0" 200 77595 "-" "Mozilla/5.0 (compatible; Bytespider; spider-feedback@bytedance.com) AppleWebKit/537.36 (KHTML, like Gecko) Chrome/70.0.0.0 Safari/537.36"
178.150.14.250 - - [17/Nov/2023:07:05:28 +0100] "GET /-p-25156.html HTTP/1.0" 200 77477 "-" "Mozilla/5.0 (compatible; MJ12bot/v1.4.8; http://mj12bot.com/)"
47.128.34.43 - - [17/Nov/2023:07:05:31 +0100] "GET /swfobject.js HTTP/1.0" 404 1308 "http://www.wonder-geek.com/luminous-earth-globe-decoration-p-58452.html" "Mozilla/5.0 (compatible; Bytespider; spider-feedback@bytedance.com) AppleWebKit/537.36 (KHTML, like Gecko) Chrome/70.0.0.0 Safari/537.36"
185.191.171.14 - - [17/Nov/2023:07:05:30 +0100] "GET /britto-elephant-limited-edition-numbered-statuette-p-46424.html HTTP/1.0" 200 77649 "-" "Mozilla/5.0 (compatible; SemrushBot/7~bl; +http://www.semrush.com/bot.html)"
47.128.34.43 - - [17/Nov/2023:07:05:35 +0100] "GET /highslide/graphics/outlines/drop-shadow.png HTTP/1.0" 200 277 "http://www.wonder-geek.com/luminous-earth-globe-decoration-p-58452.html" "Mozilla/5.0 (compatible; Bytespider; spider-feedback@bytedance.com) AppleWebKit/537.36 (KHTML, like Gecko) Chrome/70.0.0.0 Safari/537.36"
47.128.34.43 - - [17/Nov/2023:07:05:35 +0100] "GET /highslide/graphics/zoomout.cur HTTP/1.0" 200 614 "http://www.wonder-geek.com/luminous-earth-globe-decoration-p-58452.html" "Mozilla/5.0 (compatible; Bytespider; spider-feedback@bytedance.com) AppleWebKit/537.36 (KHTML, like Gecko) Chrome/70.0.0.0 Safari/537.36"
178.150.14.250 - - [17/Nov/2023:07:05:35 +0100] "GET /small-album-of-tattoos-top-model-p-21475.html HTTP/1.0" 301 77706 "-" "Mozilla/5.0 (compatible; MJ12bot/v1.4.8; http://mj12bot.com/)"
47.128.34.88 - - [17/Nov/2023:07:05:35 +0100] "GET /tone-dark-blue-linen-chair-cushion-p-60645.html HTTP/1.0" 200 80642 "-" "Mozilla/5.0 (compatible; Bytespider; spider-feedback@bytedance.com) AppleWebKit/537.36 (KHTML, like Gecko) Chrome/70.0.0.0 Safari/537.36"
47.128.34.88 - - [17/Nov/2023:07:05:40 +0100] "GET /swfobject.js HTTP/1.0" 404 1308 "http://www.wonder-geek.com/tone-dark-blue-linen-chair-cushion-p-60645.html" "Mozilla/5.0 (compatible; Bytespider; spider-feedback@bytedance.com) AppleWebKit/537.36 (KHTML, like Gecko) Chrome/70.0.0.0 Safari/537.36"
178.150.14.250 - - [17/Nov/2023:07:05:40 +0100] "GET /small-album-tattoos-model-p-21475.html HTTP/1.0" 200 77614 "-" "Mozilla/5.0 (compatible; MJ12bot/v1.4.8; http://mj12bot.com/)"
85.208.96.193 - - [17/Nov/2023:07:05:43 +0100] "GET /choupy-ceramic-solitary-teapot-p-54598.html HTTP/1.0" 200 77587 "-" "Mozilla/5.0 (compatible; SemrushBot/7~bl; +http://www.semrush.com/bot.html)"
178.150.14.250 - - [17/Nov/2023:07:05:47 +0100] "GET /small-album-tattoos-model-p-21475.html HTTP/1.0" 200 77614 "-" "Mozilla/5.0 (compatible; MJ12bot/v1.4.8; http://mj12bot.com/)"
47.128.34.88 - - [17/Nov/2023:07:05:51 +0100] "GET /highslide/graphics/zoomin.cur HTTP/1.0" 200 614 "http://www.wonder-geek.com/templates/Pixame_v1/stylesheet.css" "Mozilla/5.0 (compatible; Bytespider; spider-feedback@bytedance.com) AppleWebKit/537.36 (KHTML, like Gecko) Chrome/70.0.0.0 Safari/537.36"
47.128.34.88 - - [17/Nov/2023:07:05:51 +0100] "GET /images/big_prod_1/3665269293333B.jpg HTTP/1.0" 200 271 "http://www.wonder-geek.com/tone-dark-blue-linen-chair-cushion-p-60645.html" "Mozilla/5.0 (compatible; Bytespider; spider-feedback@bytedance.com) AppleWebKit/537.36 (KHTML, like Gecko) Chrome/70.0.0.0 Safari/537.36"
178.150.14.250 - - [17/Nov/2023:07:05:52 +0100] "GET /small-baby-teeth-brown-p-60181.html HTTP/1.0" 200 80714 "-" "Mozilla/5.0 (compatible; MJ12bot/v1.4.8; http://mj12bot.com/)"
47.128.63.17 - - [17/Nov/2023:07:05:53 +0100] "GET /sixtine-plaid-p-51300.html HTTP/1.0" 200 77551 "-" "Mozilla/5.0 (compatible; Bytespider; spider-feedback@bytedance.com) AppleWebKit/537.36 (KHTML, like Gecko) Chrome/70.0.0.0 Safari/537.36"
47.128.63.17 - - [17/Nov/2023:07:05:55 +0100] "GET /swfobject.js HTTP/1.0" 404 1308 "http://www.wonder-geek.com/sixtine-plaid-p-51300.html" "Mozilla/5.0 (compatible; Bytespider; spider-feedback@bytedance.com) AppleWebKit/537.36 (KHTML, like Gecko) Chrome/70.0.0.0 Safari/537.36"
178.150.14.250 - - [17/Nov/2023:07:05:57 +0100] "GET /small-baby-teeth-p-60171.html HTTP/1.0" 200 77547 "-" "Mozilla/5.0 (compatible; MJ12bot/v1.4.8; http://mj12bot.com/)"
47.128.63.17 - - [17/Nov/2023:07:05:59 +0100] "GET /highslide/graphics/outlines/drop-shadow.png HTTP/1.0" 200 277 "http://www.wonder-geek.com/sixtine-plaid-p-51300.html" "Mozilla/5.0 (compatible; Bytespider; spider-feedback@bytedance.com) AppleWebKit/537.36 (KHTML, like Gecko) Chrome/70.0.0.0 Safari/537.36"
47.128.63.17 - - [17/Nov/2023:07:05:59 +0100] "GET /highslide/graphics/zoomout.cur HTTP/1.0" 200 614 "http://www.wonder-geek.com/sixtine-plaid-p-51300.html" "Mozilla/5.0 (compatible; Bytespider; spider-feedback@bytedance.com) AppleWebKit/537.36 (KHTML, like Gecko) Chrome/70.0.0.0 Safari/537.36"
85.208.96.208 - - [17/Nov/2023:07:06:01 +0100] "GET /brown-elephant-statuette-with-white-patina-p-59227.html HTTP/1.0" 200 77651 "-" "Mozilla/5.0 (compatible; SemrushBot/7~bl; +http://www.semrush.com/bot.html)"
178.150.14.250 - - [17/Nov/2023:07:06:05 +0100] "GET /small-baby-teeth-p-60172.html HTTP/1.0" 200 77547 "-" "Mozilla/5.0 (compatible; MJ12bot/v1.4.8; http://mj12bot.com/)"
185.191.171.18 - - [17/Nov/2023:07:06:05 +0100] "GET /melt-calming-aloe-p-43772.html HTTP/1.0" 200 77547 "-" "Mozilla/5.0 (compatible; SemrushBot/7~bl; +http://www.semrush.com/bot.html)"
178.150.14.250 - - [17/Nov/2023:07:06:11 +0100] "GET /small-baby-teeth-p-60173.html HTTP/1.0" 200 79970 "-" "Mozilla/5.0 (compatible; MJ12bot/v1.4.8; http://mj12bot.com/)"
3.224.220.101 - - [17/Nov/2023:07:06:14 +0100] "GET /-c-95_366.html HTTP/1.0" 200 76345 "-" "Mozilla/5.0 (Macintosh; Intel Mac OS X 10_10_1) AppleWebKit/600.2.5 (KHTML, like Gecko) Version/8.0.2 Safari/600.2.5 (Amazonbot/0.1; +https://developer.amazon.com/support/amazonbot)"
47.128.34.43 - - [17/Nov/2023:07:06:15 +0100] "GET /hello-kitty-victoria-casal-couture-white-watch-p-20140.html HTTP/1.0" 200 80227 "-" "Mozilla/5.0 (compatible; Bytespider; spider-feedback@bytedance.com) AppleWebKit/537.36 (KHTML, like Gecko) Chrome/70.0.0.0 Safari/537.36"
47.128.34.43 - - [17/Nov/2023:07:06:18 +0100] "GET /swfobject.js HTTP/1.0" 404 1308 "http://www.wonder-geek.com/hello-kitty-victoria-casal-couture-white-watch-p-20140.html" "Mozilla/5.0 (compatible; Bytespider; spider-feedback@bytedance.com) AppleWebKit/537.36 (KHTML, like Gecko) Chrome/70.0.0.0 Safari/537.36"
47.128.34.88 - - [17/Nov/2023:07:06:19 +0100] "GET /highslide/graphics/zoomout.cur HTTP/1.0" 200 614 "http://www.wonder-geek.com/tone-dark-blue-linen-chair-cushion-p-60645.html" "Mozilla/5.0 (compatible; Bytespider; spider-feedback@bytedance.com) AppleWebKit/537.36 (KHTML, like Gecko) Chrome/70.0.0.0 Safari/537.36"
47.128.34.88 - - [17/Nov/2023:07:06:19 +0100] "GET /highslide/graphics/outlines/drop-shadow.png HTTP/1.0" 200 277 "http://www.wonder-geek.com/tone-dark-blue-linen-chair-cushion-p-60645.html" "Mozilla/5.0 (compatible; Bytespider; spider-feedback@bytedance.com) AppleWebKit/537.36 (KHTML, like Gecko) Chrome/70.0.0.0 Safari/537.36"
47.128.34.43 - - [17/Nov/2023:07:06:19 +0100] "GET /highslide/graphics/zoomin.cur HTTP/1.0" 200 614 "http://www.wonder-geek.com/templates/Pixame_v1/stylesheet.css" "Mozilla/5.0 (compatible; Bytespider; spider-feedback@bytedance.com) AppleWebKit/537.36 (KHTML, like Gecko) Chrome/70.0.0.0 Safari/537.36"
54.36.149.57 - - [17/Nov/2023:07:06:18 +0100] "GET /ceramic-cork-trivet-mandala-p-53068.html HTTP/1.0" 200 79936 "-" "Mozilla/5.0 (compatible; AhrefsBot/7.0; +http://ahrefs.com/robot/)"
52.70.240.171 - - [17/Nov/2023:07:06:18 +0100] "GET /trunks-c-13_208.html HTTP/1.0" 200 89112 "-" "Mozilla/5.0 (Macintosh; Intel Mac OS X 10_10_1) AppleWebKit/600.2.5 (KHTML, like Gecko) Version/8.0.2 Safari/600.2.5 (Amazonbot/0.1; +https://developer.amazon.com/support/amazonbot)"
178.150.14.250 - - [17/Nov/2023:07:06:18 +0100] "GET /small-baby-teeth-p-60175.html HTTP/1.0" 200 79970 "-" "Mozilla/5.0 (compatible; MJ12bot/v1.4.8; http://mj12bot.com/)"
3.224.220.101 - - [17/Nov/2023:07:06:19 +0100] "GET /purse-wallet-c-31_76.html HTTP/1.0" 200 97713 "-" "Mozilla/5.0 (Macintosh; Intel Mac OS X 10_10_1) AppleWebKit/600.2.5 (KHTML, like Gecko) Version/8.0.2 Safari/600.2.5 (Amazonbot/0.1; +https://developer.amazon.com/support/amazonbot)"
