218.188.41.122 - - [17/Nov/2023:06:40:54 +0100] "GET /vronse-body-talk-resin-statuette-naked-p-54716.html HTTP/1.0" 200 81110 "-" "Mozilla/5.0 (compatible; MJ12bot/v1.4.8; http://mj12bot.com/)"
218.188.41.122 - - [17/Nov/2023:06:40:59 +0100] "GET /wall-decoration-music-90-cm-p-43871.html HTTP/1.0" 301 77544 "-" "Mozilla/5.0 (compatible; MJ12bot/v1.4.8; http://mj12bot.com/)"
85.208.96.209 - - [17/Nov/2023:06:40:59 +0100] "GET /decorative-utility-hourglasses-c-13_331.html?page=2 HTTP/1.0" 200 92070 "-" "Mozilla/5.0 (compatible; SemrushBot/7~bl; +http://www.semrush.com/bot.html)"
178.150.14.250 - - [17/Nov/2023:06:41:05 +0100] "GET /savon-marseille-bath-soap-dish-p-36222.html HTTP/1.0" 200 80549 "-" "Mozilla/5.0 (compatible; MJ12bot/v1.4.8; http://mj12bot.com/)"
218.188.41.122 - - [17/Nov/2023:06:41:08 +0100] "GET /-p-43871.html HTTP/1.0" 200 77477 "-" "Mozilla/5.0 (compatible; MJ12bot/v1.4.8; http://mj12bot.com/)"
85.208.96.203 - - [17/Nov/2023:06:41:09 +0100] "GET /robots.txt HTTP/1.0" 200 245 "-" "Mozilla/5.0 (compatible; SemrushBot/7~bl; +http://www.semrush.com/bot.html)"
85.208.96.205 - - [17/Nov/2023:06:41:09 +0100] "GET /shaped-clock-p-38097.html HTTP/1.0" 200 77531 "-" "Mozilla/5.0 (compatible; SemrushBot/7~bl; +http://www.semrush.com/bot.html)"
85.208.96.205 - - [17/Nov/2023:06:41:13 +0100] "GET /furniture-knob-sold-individually-p-55701.html HTTP/1.0" 200 80820 "-" "Mozilla/5.0 (compatible; SemrushBot/7~bl; +http://www.semrush.com/bot.html)"
218.188.41.122 - - [17/Nov/2023:06:41:15 +0100] "GET /wall-decoration-music-p-43871.html HTTP/1.0" 301 77544 "-" "Mozilla/5.0 (compatible; MJ12bot/v1.4.8; http://mj12bot.com/)"
178.150.14.250 - - [17/Nov/2023:06:41:19 +0100] "GET /savonnette-provence-made-france-olive-perfume-p-40102.html HTTP/1.0" 301 77544 "-" "Mozilla/5.0 (compatible; MJ12bot/v1.4.8; http://mj12bot.com/)"
218.188.41.122 - - [17/Nov/2023:06:41:22 +0100] "GET /-p-43871.html HTTP/1.0" 200 77477 "-" "Mozilla/5.0 (compatible; MJ12bot/v1.4.8; http://mj12bot.com/)"
218.188.41.122 - - [17/Nov/2023:06:41:30 +0100] "GET /wall-decoration-sticker-birds-print-p-60165.html HTTP/1.0" 200 80762 "-" "Mozilla/5.0 (compatible; MJ12bot/v1.4.8; http://mj12bot.com/)"
178.150.14.250 - - [17/Nov/2023:06:41:35 +0100] "GET /-p-40102.html HTTP/1.0" 200 77477 "-" "Mozilla/5.0 (compatible; MJ12bot/v1.4.8; http://mj12bot.com/)"
218.188.41.122 - - [17/Nov/2023:06:41:39 +0100] "GET /wall-russian-doll-shirt-by-cbk-p-30063.html HTTP/1.0" 301 77544 "-" "Mozilla/5.0 (compatible; MJ12bot/v1.4.8; http://mj12bot.com/)"
178.150.14.250 - - [17/Nov/2023:06:41:45 +0100] "GET /savonnette-provence-made-in-france-olive-oil-perfume-p-40102.html HTTP/1.0" 301 77544 "-" "Mozilla/5.0 (compatible; MJ12bot/v1.4.8; http://mj12bot.com/)"
185.191.171.19 - - [17/Nov/2023:06:41:45 +0100] "GET /dishes-c-13_12.html?page=1 HTTP/1.0" 200 98455 "-" "Mozilla/5.0 (compatible; SemrushBot/7~bl; +http://www.semrush.com/bot.html)"
218.188.41.122 - - [17/Nov/2023:06:41:47 +0100] "GET /-p-30063.html HTTP/1.0" 200 77477 "-" "Mozilla/5.0 (compatible; MJ12bot/v1.4.8; http://mj12bot.com/)"
54.36.148.224 - - [17/Nov/2023:06:41:50 +0100] "GET /little-prince-tote-p-47143.html HTTP/1.0" 200 77555 "-" "Mozilla/5.0 (compatible; AhrefsBot/7.0; +http://ahrefs.com/robot/)"
178.150.14.250 - - [17/Nov/2023:06:41:55 +0100] "GET /-p-40102.html HTTP/1.0" 200 77477 "-" "Mozilla/5.0 (compatible; MJ12bot/v1.4.8; http://mj12bot.com/)"
218.188.41.122 - - [17/Nov/2023:06:41:56 +0100] "GET /wall-russian-doll-shirt-by-cbkreation-p-30063.html HTTP/1.0" 301 77544 "-" "Mozilla/5.0 (compatible; MJ12bot/v1.4.8; http://mj12bot.com/)"
178.150.14.250 - - [17/Nov/2023:06:42:05 +0100] "GET /scent-cup-heart-and-home-frosted-apple-spice-p-49936.html HTTP/1.0" 301 77734 "-" "Mozilla/5.0 (compatible; MJ12bot/v1.4.8; http://mj12bot.com/)"
218.188.41.122 - - [17/Nov/2023:06:42:04 +0100] "GET /-p-30063.html HTTP/1.0" 200 77477 "-" "Mozilla/5.0 (compatible; MJ12bot/v1.4.8; http://mj12bot.com/)"
218.188.41.122 - - [17/Nov/2023:06:42:14 +0100] "GET /waltz-statue-camille-claudel-p-55510.html HTTP/1.0" 200 80975 "-" "Mozilla/5.0 (compatible; MJ12bot/v1.4.8; http://mj12bot.com/)"
178.150.14.250 - - [17/Nov/2023:06:42:17 +0100] "GET /scent-heart-home-frosted-apple-spice-p-49936.html HTTP/1.0" 200 77631 "-" "Mozilla/5.0 (compatible; MJ12bot/v1.4.8; http://mj12bot.com/)"
218.188.41.122 - - [17/Nov/2023:06:42:23 +0100] "GET /waterdome-spirit-christmas-bear-p-31897.html HTTP/1.0" 301 77544 "-" "Mozilla/5.0 (compatible; MJ12bot/v1.4.8; http://mj12bot.com/)"
178.150.14.250 - - [17/Nov/2023:06:42:27 +0100] "GET /scent-cup-heart-and-home-oud-bloom-p-49929.html HTTP/1.0" 301 77672 "-" "Mozilla/5.0 (compatible; MJ12bot/v1.4.8; http://mj12bot.com/)"
85.208.96.211 - - [17/Nov/2023:06:42:30 +0100] "GET /home-decoration-c-13.html?page=164 HTTP/1.0" 200 89977 "-" "Mozilla/5.0 (compatible; SemrushBot/7~bl; +http://www.semrush.com/bot.html)"
218.188.41.122 - - [17/Nov/2023:06:42:32 +0100] "GET /-p-31897.html HTTP/1.0" 200 77477 "-" "Mozilla/5.0 (compatible; MJ12bot/v1.4.8; http://mj12bot.com/)"
185.191.171.15 - - [17/Nov/2023:06:42:34 +0100] "GET /towels-c-11_177.html?page=4 HTTP/1.0" 200 99614 "-" "Mozilla/5.0 (compatible; SemrushBot/7~bl; +http://www.semrush.com/bot.html)"
119.8.243.148 - - [17/Nov/2023:06:42:36 +0100] "GET /images/mini_prod/3457019604168.jpg HTTP/1.0" 200 269 "-" "Mozilla/5.0 (X11; Ubuntu; Linux x86_64; rv:72.0) Gecko/20100101 Firefox/72.0"
178.150.14.250 - - [17/Nov/2023:06:42:38 +0100] "GET /scent-heart-home-bloom-p-49929.html HTTP/1.0" 200 77583 "-" "Mozilla/5.0 (compatible; MJ12bot/v1.4.8; http://mj12bot.com/)"
185.191.171.13 - - [17/Nov/2023:06:42:39 +0100] "GET /figurine-rodin-hands-p-53590.html HTTP/1.0" 200 80598 "-" "Mozilla/5.0 (compatible; SemrushBot/7~bl; +http://www.semrush.com/bot.html)"
218.188.41.122 - - [17/Nov/2023:06:42:41 +0100] "GET /waterdome-spirit-of-christmas-bear-p-31897.html HTTP/1.0" 301 77544 "-" "Mozilla/5.0 (compatible; MJ12bot/v1.4.8; http://mj12bot.com/)"
185.191.171.15 - - [17/Nov/2023:06:42:42 +0100] "GET /bamboo-fiber-plant-cover-p-58259.html HTTP/1.0" 200 77563 "-" "Mozilla/5.0 (compatible; SemrushBot/7~bl; +http://www.semrush.com/bot.html)"
178.150.14.250 - - [17/Nov/2023:06:42:44 +0100] "GET /scent-heart-home-bloom-p-49929.html HTTP/1.0" 200 77583 "-" "Mozilla/5.0 (compatible; MJ12bot/v1.4.8; http://mj12bot.com/)"
218.188.41.122 - - [17/Nov/2023:06:42:48 +0100] "GET /-p-31897.html HTTP/1.0" 200 77477 "-" "Mozilla/5.0 (compatible; MJ12bot/v1.4.8; http://mj12bot.com/)"
178.150.14.250 - - [17/Nov/2023:06:42:52 +0100] "GET /scent-heart-home-frosted-apple-spice-p-49936.html HTTP/1.0" 200 77631 "-" "Mozilla/5.0 (compatible; MJ12bot/v1.4.8; http://mj12bot.com/)"
218.188.41.122 - - [17/Nov/2023:06:42:54 +0100] "GET /wave-surf-area-metal-plate-deco-p-35411.html HTTP/1.0" 200 77623 "-" "Mozilla/5.0 (compatible; MJ12bot/v1.4.8; http://mj12bot.com/)"
85.208.96.199 - - [17/Nov/2023:06:42:55 +0100] "GET /jute-p-56517.html HTTP/1.0" 200 77517 "-" "Mozilla/5.0 (compatible; SemrushBot/7~bl; +http://www.semrush.com/bot.html)"
178.150.14.250 - - [17/Nov/2023:06:43:01 +0100] "GET /scented-candles-and-novenas-c-13_227.html HTTP/1.0" 301 99537 "-" "Mozilla/5.0 (compatible; MJ12bot/v1.4.8; http://mj12bot.com/)"
218.188.41.122 - - [17/Nov/2023:06:43:02 +0100] "GET /wax-melt-calming-aloe-p-43772.html HTTP/1.0" 301 77631 "-" "Mozilla/5.0 (compatible; MJ12bot/v1.4.8; http://mj12bot.com/)"
43.134.169.162 - - [17/Nov/2023:06:43:08 +0100] "GET /images/mini_prod/8424346522637.jpg HTTP/1.0" 200 269 "-" "Mozilla/5.0 (Windows NT 10.0; Win64; x64) AppleWebKit/537.36 (KHTML, like Gecko) Chrome/103.0.0.0 Safari/537.36"
218.188.41.122 - - [17/Nov/2023:06:43:11 +0100] "GET /melt-calming-aloe-p-43772.html HTTP/1.0" 200 77547 "-" "Mozilla/5.0 (compatible; MJ12bot/v1.4.8; http://mj12bot.com/)"
178.150.14.250 - - [17/Nov/2023:06:43:11 +0100] "GET /scented-candles-novenas-c-227.html HTTP/1.0" 301 99442 "-" "Mozilla/5.0 (compatible; MJ12bot/v1.4.8; http://mj12bot.com/)"
185.191.171.13 - - [17/Nov/2023:06:43:13 +0100] "GET /-p-48601.html HTTP/1.0" 200 77477 "-" "Mozilla/5.0 (compatible; SemrushBot/7~bl; +http://www.semrush.com/bot.html)"
218.188.41.122 - - [17/Nov/2023:06:43:19 +0100] "GET /wax-melt-guardian-angel-p-43774.html HTTP/1.0" 301 77667 "-" "Mozilla/5.0 (compatible; MJ12bot/v1.4.8; http://mj12bot.com/)"
185.191.171.3 - - [17/Nov/2023:06:43:20 +0100] "GET /decorative-thermometer-metal-corsica-p-43597.html HTTP/1.0" 200 80005 "-" "Mozilla/5.0 (compatible; SemrushBot/7~bl; +http://www.semrush.com/bot.html)"
178.150.14.250 - - [17/Nov/2023:06:43:22 +0100] "GET /scented-candles-novenas-c-231_227.html HTTP/1.0" 200 99481 "-" "Mozilla/5.0 (compatible; MJ12bot/v1.4.8; http://mj12bot.com/)"
101.198.192.15 - - [17/Nov/2023:06:43:24 +0100] "GET /images/big_prod_2/028399270163b.jpg HTTP/1.0" 200 270 "-" "Mozilla/5.0 (X11; Ubuntu; Linux x86_64; rv:72.0) Gecko/20100101 Firefox/72.0"
218.188.41.122 - - [17/Nov/2023:06:43:27 +0100] "GET /melt-guardian-angel-p-43774.html HTTP/1.0" 200 77581 "-" "Mozilla/5.0 (compatible; MJ12bot/v1.4.8; http://mj12bot.com/)"
54.36.148.170 - - [17/Nov/2023:06:43:28 +0100] "GET /bracelet-amethyst-palo-santo-elastic-p-54110.html HTTP/1.0" 200 81325 "-" "Mozilla/5.0 (compatible; AhrefsBot/7.0; +http://ahrefs.com/robot/)"
218.188.41.122 - - [17/Nov/2023:06:43:33 +0100] "GET /we-can-do-it-clock-p-8114.html HTTP/1.0" 301 77582 "-" "Mozilla/5.0 (compatible; MJ12bot/v1.4.8; http://mj12bot.com/)"
178.150.14.250 - - [17/Nov/2023:06:43:33 +0100] "GET /scented-candles-and-novenas-c-13_227.html?page=10 HTTP/1.0" 301 100671 "-" "Mozilla/5.0 (compatible; MJ12bot/v1.4.8; http://mj12bot.com/)"
114.119.158.28 - - [17/Nov/2023:06:43:37 +0100] "GET /images/big_prod/8422026593007.jpg HTTP/1.0" 200 268 "-" "Mozilla/5.0 (Linux; Android 7.0;) AppleWebKit/537.36 (KHTML, like Gecko) Mobile Safari/537.36 (compatible; PetalBot;+https://webmaster.petalsearch.com/site/petalbot)"
218.188.41.122 - - [17/Nov/2023:06:43:39 +0100] "GET /clock-p-8114.html HTTP/1.0" 200 77511 "-" "Mozilla/5.0 (compatible; MJ12bot/v1.4.8; http://mj12bot.com/)"
178.150.14.250 - - [17/Nov/2023:06:43:42 +0100] "GET /scented-candles-novenas-c-227.html?page=10 HTTP/1.0" 301 100578 "-" "Mozilla/5.0 (compatible; MJ12bot/v1.4.8; http://mj12bot.com/)"
185.191.171.12 - - [17/Nov/2023:06:43:44 +0100] "GET /tweety-figurine-p-45061.html HTTP/1.0" 200 77527 "-" "Mozilla/5.0 (compatible; SemrushBot/7~bl; +http://www.semrush.com/bot.html)"
218.188.41.122 - - [17/Nov/2023:06:43:46 +0100] "GET /we-serve-coffee-cutting-board-p-35941.html HTTP/1.0" 301 79966 "-" "Mozilla/5.0 (compatible; MJ12bot/v1.4.8; http://mj12bot.com/)"
178.150.14.250 - - [17/Nov/2023:06:43:52 +0100] "GET /scented-candles-novenas-c-231_227.html?page=10 HTTP/1.0" 200 100609 "-" "Mozilla/5.0 (compatible; MJ12bot/v1.4.8; http://mj12bot.com/)"
218.188.41.122 - - [17/Nov/2023:06:43:53 +0100] "GET /serve-coffee-cutting-board-p-35941.html HTTP/1.0" 200 79873 "-" "Mozilla/5.0 (compatible; MJ12bot/v1.4.8; http://mj12bot.com/)"
85.208.96.193 - - [17/Nov/2023:06:43:54 +0100] "GET /polar-bear-small-round-magnet-p-31912.html HTTP/1.0" 200 79899 "-" "Mozilla/5.0 (compatible; SemrushBot/7~bl; +http://www.semrush.com/bot.html)"
218.188.41.122 - - [17/Nov/2023:06:44:04 +0100] "GET /welcome-paradise-wooden-wall-decoration-hang-p-42120.html HTTP/1.0" 200 80148 "-" "Mozilla/5.0 (compatible; MJ12bot/v1.4.8; http://mj12bot.com/)"
85.208.96.210 - - [17/Nov/2023:06:44:04 +0100] "GET /letter-wall-decor-sticker-gray-p-57778.html HTTP/1.0" 200 80712 "-" "Mozilla/5.0 (compatible; SemrushBot/7~bl; +http://www.semrush.com/bot.html)"
178.150.14.250 - - [17/Nov/2023:06:44:10 +0100] "GET /scented-candles-and-novenas-c-13_227.html?page=11 HTTP/1.0" 301 101207 "-" "Mozilla/5.0 (compatible; MJ12bot/v1.4.8; http://mj12bot.com/)"
218.188.41.122 - - [17/Nov/2023:06:44:11 +0100] "GET /welcome-to-paradise-wooden-wall-decoration-to-hang-p-42120.html HTTP/1.0" 301 80259 "-" "Mozilla/5.0 (compatible; MJ12bot/v1.4.8; http://mj12bot.com/)"
43.134.169.162 - - [17/Nov/2023:06:44:18 +0100] "GET /images/mini_prod/3453131130738.jpg HTTP/1.0" 200 269 "-" "Mozilla/5.0 (Windows NT 10.0; Win64; x64) AppleWebKit/537.36 (KHTML, like Gecko) Chrome/103.0.0.0 Safari/537.36"
178.150.14.250 - - [17/Nov/2023:06:44:19 +0100] "GET /scented-candles-novenas-c-227.html?page=11 HTTP/1.0" 301 101116 "-" "Mozilla/5.0 (compatible; MJ12bot/v1.4.8; http://mj12bot.com/)"
218.188.41.122 - - [17/Nov/2023:06:44:20 +0100] "GET /welcome-paradise-wooden-wall-decoration-hang-p-42120.html HTTP/1.0" 200 80148 "-" "Mozilla/5.0 (compatible; MJ12bot/v1.4.8; http://mj12bot.com/)"
43.159.34.80 - - [17/Nov/2023:06:44:23 +0100] "GET /images/mini_prod/3553560059751B.jpg HTTP/1.0" 200 270 "-" "Mozilla/5.0 (Windows NT 10.0; Win64; x64) AppleWebKit/537.36 (KHTML, like Gecko) Chrome/103.0.0.0 Safari/537.36"
178.150.14.250 - - [17/Nov/2023:06:44:27 +0100] "GET /scented-candles-novenas-c-231_227.html?page=11 HTTP/1.0" 200 101147 "-" "Mozilla/5.0 (compatible; MJ12bot/v1.4.8; http://mj12bot.com/)"
218.188.41.122 - - [17/Nov/2023:06:44:30 +0100] "GET /white-and-silver-horse-head-statue-p-34531.html HTTP/1.0" 301 77544 "-" "Mozilla/5.0 (compatible; MJ12bot/v1.4.8; http://mj12bot.com/)"
218.188.41.122 - - [17/Nov/2023:06:44:37 +0100] "GET /-p-34531.html HTTP/1.0" 200 77477 "-" "Mozilla/5.0 (compatible; MJ12bot/v1.4.8; http://mj12bot.com/)"
178.150.14.250 - - [17/Nov/2023:06:44:36 +0100] "GET /scented-candles-and-novenas-c-13_227.html?page=15 HTTP/1.0" 301 101397 "-" "Mozilla/5.0 (compatible; MJ12bot/v1.4.8; http://mj12bot.com/)"
43.134.44.141 - - [17/Nov/2023:06:44:42 +0100] "GET /images/mini_prod/1399984254240.jpg HTTP/1.0" 200 269 "-" "Mozilla/5.0 (Windows NT 10.0; Win64; x64) AppleWebKit/537.36 (KHTML, like Gecko) Chrome/103.0.0.0 Safari/537.36"
202.239.4.86 - - [17/Nov/2023:06:44:40 +0100] "GET /dogs-together-teapot-alex-clark-p-61244.html HTTP/1.0" 200 80796 "-" "Mozilla/5.0 (compatible; Y!J-WSC/1.0; +https://yahoo.jp/3BSZgF)"
202.239.4.208 - - [17/Nov/2023:06:44:45 +0100] "GET /swfobject.js HTTP/1.0" 404 1308 "http://www.wonder-geek.com/dogs-together-teapot-alex-clark-p-61244.html" "Mozilla/5.0 (Windows NT 10.0; Win64; x64) AppleWebKit/537.36 (KHTML, like Gecko; compatible; Y!J-WSC/1.0; +https://yahoo.jp/3BSZgF) Chrome/118.0.0.0 Safari/537.36"
218.188.41.122 - - [17/Nov/2023:06:44:47 +0100] "GET /white-ans-silver-horse-head-statue-p-34531.html HTTP/1.0" 301 77544 "-" "Mozilla/5.0 (compatible; MJ12bot/v1.4.8; http://mj12bot.com/)"
178.150.14.250 - - [17/Nov/2023:06:44:46 +0100] "GET /scented-candles-novenas-c-227.html?page=15 HTTP/1.0" 301 101306 "-" "Mozilla/5.0 (compatible; MJ12bot/v1.4.8; http://mj12bot.com/)"
8.218.254.250 - - [17/Nov/2023:06:44:50 +0100] "GET /images/mini_prod/5036278061066.jpg HTTP/1.0" 200 269 "-" "Mozilla/5.0 (X11; Ubuntu; Linux x86_64; rv:72.0) Gecko/20100101 Firefox/72.0"
54.36.148.96 - - [17/Nov/2023:06:44:53 +0100] "GET /enjoy-your-life-p-40462.html HTTP/1.0" 200 79780 "-" "Mozilla/5.0 (compatible; AhrefsBot/7.0; +http://ahrefs.com/robot/)"
178.150.14.250 - - [17/Nov/2023:06:44:53 +0100] "GET /scented-candles-novenas-c-231_227.html?page=15 HTTP/1.0" 200 101337 "-" "Mozilla/5.0 (compatible; MJ12bot/v1.4.8; http://mj12bot.com/)"
218.188.41.122 - - [17/Nov/2023:06:44:55 +0100] "GET /-p-34531.html HTTP/1.0" 200 77477 "-" "Mozilla/5.0 (compatible; MJ12bot/v1.4.8; http://mj12bot.com/)"
178.150.14.250 - - [17/Nov/2023:06:45:03 +0100] "GET /scented-candles-and-novenas-c-13_227.html?page=17 HTTP/1.0" 301 102053 "-" "Mozilla/5.0 (compatible; MJ12bot/v1.4.8; http://mj12bot.com/)"
218.188.41.122 - - [17/Nov/2023:06:45:06 +0100] "GET /white-bamboo-box-p-48027.html HTTP/1.0" 301 77544 "-" "Mozilla/5.0 (compatible; MJ12bot/v1.4.8; http://mj12bot.com/)"
85.208.96.205 - - [17/Nov/2023:06:45:11 +0100] "GET /heart-home-bamboo-spiced-apple-cinnamon-p-61060.html HTTP/1.0" 200 81035 "-" "Mozilla/5.0 (compatible; SemrushBot/7~bl; +http://www.semrush.com/bot.html)"
218.188.41.122 - - [17/Nov/2023:06:45:15 +0100] "GET /-p-48027.html HTTP/1.0" 200 77477 "-" "Mozilla/5.0 (compatible; MJ12bot/v1.4.8; http://mj12bot.com/)"
178.150.14.250 - - [17/Nov/2023:06:45:15 +0100] "GET /scented-candles-novenas-c-227.html?page=17 HTTP/1.0" 301 101962 "-" "Mozilla/5.0 (compatible; MJ12bot/v1.4.8; http://mj12bot.com/)"
185.191.171.15 - - [17/Nov/2023:06:45:17 +0100] "GET /duvet-cover-cotton-percale-threads-p-43840.html HTTP/1.0" 200 80133 "-" "Mozilla/5.0 (compatible; SemrushBot/7~bl; +http://www.semrush.com/bot.html)"
218.188.41.122 - - [17/Nov/2023:06:45:23 +0100] "GET /white-bamboo-p-48027.html HTTP/1.0" 301 77544 "-" "Mozilla/5.0 (compatible; MJ12bot/v1.4.8; http://mj12bot.com/)"
178.150.14.250 - - [17/Nov/2023:06:45:25 +0100] "GET /scented-candles-novenas-c-231_227.html?page=17 HTTP/1.0" 200 101993 "-" "Mozilla/5.0 (compatible; MJ12bot/v1.4.8; http://mj12bot.com/)"
218.188.41.122 - - [17/Nov/2023:06:45:30 +0100] "GET /-p-48027.html HTTP/1.0" 200 77477 "-" "Mozilla/5.0 (compatible; MJ12bot/v1.4.8; http://mj12bot.com/)"
43.128.68.201 - - [17/Nov/2023:06:45:34 +0100] "GET /images/mini_prod/8028501269865.jpg HTTP/1.0" 200 269 "-" "Mozilla/5.0 (Windows NT 10.0; Win64; x64) AppleWebKit/537.36 (KHTML, like Gecko) Chrome/103.0.0.0 Safari/537.36"
218.188.41.122 - - [17/Nov/2023:06:45:37 +0100] "GET /white-ceramic-espresso-cups-allen-designs-owls-p-56936.html HTTP/1.0" 200 80899 "-" "Mozilla/5.0 (compatible; MJ12bot/v1.4.8; http://mj12bot.com/)"
178.150.14.250 - - [17/Nov/2023:06:45:37 +0100] "GET /scented-candles-and-novenas-c-13_227.html?page=18 HTTP/1.0" 301 101448 "-" "Mozilla/5.0 (compatible; MJ12bot/v1.4.8; http://mj12bot.com/)"
85.208.96.204 - - [17/Nov/2023:06:45:40 +0100] "GET /bamboo-fiber-plant-cover-p-57471.html HTTP/1.0" 200 80509 "-" "Mozilla/5.0 (compatible; SemrushBot/7~bl; +http://www.semrush.com/bot.html)"
185.191.171.2 - - [17/Nov/2023:06:45:43 +0100] "GET /flower-life-large-cabas-p-39394.html HTTP/1.0" 200 77567 "-" "Mozilla/5.0 (compatible; SemrushBot/7~bl; +http://www.semrush.com/bot.html)"
218.188.41.122 - - [17/Nov/2023:06:45:45 +0100] "GET /white-ceramic-striped-flamingo-gift-p-56934.html HTTP/1.0" 200 81081 "-" "Mozilla/5.0 (compatible; MJ12bot/v1.4.8; http://mj12bot.com/)"
199.196.6.94 - - [17/Nov/2023:06:45:48 +0100] "GET /images/mini_prod/8435333849699.jpg HTTP/1.0" 200 269 "-" "Mozilla/5.0 (X11; Ubuntu; Linux x86_64; rv:72.0) Gecko/20100101 Firefox/72.0"
65.154.226.170 - - [17/Nov/2023:06:45:51 +0100] "GET /images/mini%5fprod/8435333849699.jpg HTTP/1.0" 200 269 "-" "Mozilla/5.0 (Windows NT 10.0) AppleWebKit/537.36 (KHTML, like Gecko) Chrome/106.0.0.0 Safari/537.36"
218.188.41.122 - - [17/Nov/2023:06:45:51 +0100] "GET /white-decorative-statue-p-31563.html HTTP/1.0" 200 79992 "-" "Mozilla/5.0 (compatible; MJ12bot/v1.4.8; http://mj12bot.com/)"
85.208.96.204 - - [17/Nov/2023:06:45:54 +0100] "GET /small-decorative-tray-ethnic-flower-p-50234.html HTTP/1.0" 200 77623 "-" "Mozilla/5.0 (compatible; SemrushBot/7~bl; +http://www.semrush.com/bot.html)"
178.150.14.250 - - [17/Nov/2023:06:45:47 +0100] "GET /scented-candles-novenas-c-227.html?page=18 HTTP/1.0" 301 101357 "-" "Mozilla/5.0 (compatible; MJ12bot/v1.4.8; http://mj12bot.com/)"
218.188.41.122 - - [17/Nov/2023:06:45:59 +0100] "GET /white-gold-ceramic-cover-p-59161.html HTTP/1.0" 200 80960 "-" "Mozilla/5.0 (compatible; MJ12bot/v1.4.8; http://mj12bot.com/)"
85.208.96.204 - - [17/Nov/2023:06:46:02 +0100] "GET /purse-leather-purse-navy-anchor-gray-p-47352.html HTTP/1.0" 200 80597 "-" "Mozilla/5.0 (compatible; SemrushBot/7~bl; +http://www.semrush.com/bot.html)"
218.188.41.122 - - [17/Nov/2023:06:46:06 +0100] "GET /white-kitchen-towel-50-70-cm-p-44412.html HTTP/1.0" 301 77544 "-" "Mozilla/5.0 (compatible; MJ12bot/v1.4.8; http://mj12bot.com/)"
178.150.14.250 - - [17/Nov/2023:06:45:59 +0100] "GET /scented-candles-novenas-c-231_227.html?page=18 HTTP/1.0" 200 101388 "-" "Mozilla/5.0 (compatible; MJ12bot/v1.4.8; http://mj12bot.com/)"
52.167.144.161 - - [17/Nov/2023:06:46:14 +0100] "GET /door-plate-bedroom-p-52417.html HTTP/1.0" 200 77555 "-" "Mozilla/5.0 AppleWebKit/537.36 (KHTML, like Gecko; compatible; bingbot/2.0; +http://www.bing.com/bingbot.htm) Chrome/116.0.1938.76 Safari/537.36"
218.188.41.122 - - [17/Nov/2023:06:46:14 +0100] "GET /-p-44412.html HTTP/1.0" 200 77477 "-" "Mozilla/5.0 (compatible; MJ12bot/v1.4.8; http://mj12bot.com/)"
185.191.171.13 - - [17/Nov/2023:06:46:18 +0100] "GET /jeans-pink-backpack-p-35995.html HTTP/1.0" 200 80755 "-" "Mozilla/5.0 (compatible; SemrushBot/7~bl; +http://www.semrush.com/bot.html)"
218.188.41.122 - - [17/Nov/2023:06:46:22 +0100] "GET /white-lampshade-p-55523.html HTTP/1.0" 200 77527 "-" "Mozilla/5.0 (compatible; MJ12bot/v1.4.8; http://mj12bot.com/)"
43.134.58.55 - - [17/Nov/2023:06:46:25 +0100] "GET /images/mini_prod/3453131145664.jpg HTTP/1.0" 200 269 "-" "Mozilla/5.0 (Windows NT 10.0; Win64; x64) AppleWebKit/537.36 (KHTML, like Gecko) Chrome/103.0.0.0 Safari/537.36"
218.188.41.122 - - [17/Nov/2023:06:46:31 +0100] "GET /white-monster-high-mug-p-24126.html HTTP/1.0" 301 77544 "-" "Mozilla/5.0 (compatible; MJ12bot/v1.4.8; http://mj12bot.com/)"
54.36.148.19 - - [17/Nov/2023:06:46:31 +0100] "GET /klimt-tote-p-51201.html HTTP/1.0" 200 79816 "-" "Mozilla/5.0 (compatible; AhrefsBot/7.0; +http://ahrefs.com/robot/)"
178.150.14.250 - - [17/Nov/2023:06:46:17 +0100] "GET /scented-candles-and-novenas-c-13_227.html?page=2 HTTP/1.0" 301 99498 "-" "Mozilla/5.0 (compatible; MJ12bot/v1.4.8; http://mj12bot.com/)"
54.36.149.59 - - [17/Nov/2023:06:46:37 +0100] "GET /images/big_prod/3453131151993.jpg HTTP/1.0" 200 268 "-" "Mozilla/5.0 (compatible; AhrefsBot/7.0; +http://ahrefs.com/robot/)"
218.188.41.122 - - [17/Nov/2023:06:46:40 +0100] "GET /-p-24126.html HTTP/1.0" 200 77477 "-" "Mozilla/5.0 (compatible; MJ12bot/v1.4.8; http://mj12bot.com/)"
52.167.144.220 - - [17/Nov/2023:06:46:32 +0100] "GET /mugs-mazagrans-c-12_57.html?page=15 HTTP/1.0" 200 102345 "-" "Mozilla/5.0 AppleWebKit/537.36 (KHTML, like Gecko; compatible; bingbot/2.0; +http://www.bing.com/bingbot.htm) Chrome/116.0.1938.76 Safari/537.36"
178.150.14.250 - - [17/Nov/2023:06:46:41 +0100] "GET /scented-candles-novenas-c-227.html?page=2 HTTP/1.0" 301 99405 "-" "Mozilla/5.0 (compatible; MJ12bot/v1.4.8; http://mj12bot.com/)"
218.188.41.122 - - [17/Nov/2023:06:46:49 +0100] "GET /white-owl-decorative-statue-p-31563.html HTTP/1.0" 301 80082 "-" "Mozilla/5.0 (compatible; MJ12bot/v1.4.8; http://mj12bot.com/)"
218.188.41.122 - - [17/Nov/2023:06:46:57 +0100] "GET /white-decorative-statue-p-31563.html HTTP/1.0" 200 79992 "-" "Mozilla/5.0 (compatible; MJ12bot/v1.4.8; http://mj12bot.com/)"
47.128.39.141 - - [17/Nov/2023:06:46:59 +0100] "GET /luggages-schoolbags-leather-shop/computer-bag/barbapapa-family-laptop-cover-p-17622.html HTTP/1.0" 301 77544 "-" "Mozilla/5.0 (Linux; Android 5.0) AppleWebKit/537.36 (KHTML, like Gecko) Mobile Safari/537.36 (compatible; Bytespider; spider-feedback@bytedance.com)"
47.128.39.141 - - [17/Nov/2023:06:47:02 +0100] "GET /-p-17622.html HTTP/1.0" 200 77477 "-" "Mozilla/5.0 (Linux; Android 5.0) AppleWebKit/537.36 (KHTML, like Gecko) Mobile Safari/537.36 (compatible; Bytespider; spider-feedback@bytedance.com)"
178.150.14.250 - - [17/Nov/2023:06:46:53 +0100] "GET /scented-candles-novenas-c-231_227.html?page=2 HTTP/1.0" 200 99437 "-" "Mozilla/5.0 (compatible; MJ12bot/v1.4.8; http://mj12bot.com/)"
47.128.39.141 - - [17/Nov/2023:06:47:05 +0100] "GET /js/jquery.js HTTP/1.0" 200 252 "http://www.wonder-geek.com/-p-17622.html" "Mozilla/5.0 (Linux; Android 5.0) AppleWebKit/537.36 (KHTML, like Gecko) Mobile Safari/537.36 (compatible; Bytespider; spider-feedback@bytedance.com)"
47.128.39.141 - - [17/Nov/2023:06:47:05 +0100] "GET /mondial_relay/js/jquery-1.3.2.min.js HTTP/1.0" 200 276 "http://www.wonder-geek.com/-p-17622.html" "Mozilla/5.0 (Linux; Android 5.0) AppleWebKit/537.36 (KHTML, like Gecko) Mobile Safari/537.36 (compatible; Bytespider; spider-feedback@bytedance.com)"
47.128.39.141 - - [17/Nov/2023:06:47:05 +0100] "GET /swfobject.js HTTP/1.0" 404 1308 "http://www.wonder-geek.com/-p-17622.html" "Mozilla/5.0 (Linux; Android 5.0) AppleWebKit/537.36 (KHTML, like Gecko) Mobile Safari/537.36 (compatible; Bytespider; spider-feedback@bytedance.com)"
47.128.39.141 - - [17/Nov/2023:06:47:06 +0100] "GET /swfobject.js HTTP/1.0" 404 1308 "http://www.wonder-geek.com/-p-17622.html" "Mozilla/5.0 (Linux; Android 5.0) AppleWebKit/537.36 (KHTML, like Gecko) Mobile Safari/537.36 (compatible; Bytespider; spider-feedback@bytedance.com)"
47.128.39.141 - - [17/Nov/2023:06:47:06 +0100] "GET /highslide/graphics/zoomout.cur HTTP/1.0" 200 614 "http://www.wonder-geek.com/-p-17622.html" "Mozilla/5.0 (Linux; Android 5.0) AppleWebKit/537.36 (KHTML, like Gecko) Mobile Safari/537.36 (compatible; Bytespider; spider-feedback@bytedance.com)"
47.128.39.141 - - [17/Nov/2023:06:47:06 +0100] "GET /highslide/graphics/outlines/drop-shadow.png HTTP/1.0" 200 277 "http://www.wonder-geek.com/-p-17622.html" "Mozilla/5.0 (Linux; Android 5.0) AppleWebKit/537.36 (KHTML, like Gecko) Mobile Safari/537.36 (compatible; Bytespider; spider-feedback@bytedance.com)"
218.188.41.122 - - [17/Nov/2023:06:47:04 +0100] "GET /white-owl-perfume-diffuser-small-default-aspect-p-36390.html HTTP/1.0" 301 77544 "-" "Mozilla/5.0 (compatible; MJ12bot/v1.4.8; http://mj12bot.com/)"
185.191.171.5 - - [17/Nov/2023:06:46:52 +0100] "GET /home-decoration-c-13.html?page=266 HTTP/1.0" 200 89977 "-" "Mozilla/5.0 (compatible; SemrushBot/7~bl; +http://www.semrush.com/bot.html)"
185.191.171.12 - - [17/Nov/2023:06:47:09 +0100] "GET /cotton-floor-cushion-curry-p-60767.html?action=add_product HTTP/1.0" 302 476 "-" "Mozilla/5.0 (compatible; SemrushBot/7~bl; +http://www.semrush.com/bot.html)"
161.168.138.211 - - [17/Nov/2023:06:47:10 +0100] "GET /images/mini_prod/3760054863347.jpg HTTP/1.0" 200 269 "-" "Mozilla/5.0 (X11; Ubuntu; Linux x86_64; rv:72.0) Gecko/20100101 Firefox/72.0"
185.191.171.12 - - [17/Nov/2023:06:47:11 +0100] "GET /little-prince-sugar-p-55414.html HTTP/1.0" 200 77559 "-" "Mozilla/5.0 (compatible; SemrushBot/7~bl; +http://www.semrush.com/bot.html)"
218.188.41.122 - - [17/Nov/2023:06:47:12 +0100] "GET /-p-36390.html HTTP/1.0" 200 77477 "-" "Mozilla/5.0 (compatible; MJ12bot/v1.4.8; http://mj12bot.com/)"
218.188.41.122 - - [17/Nov/2023:06:47:19 +0100] "GET /white-pen-marseille-colors-p-14943.html HTTP/1.0" 301 77544 "-" "Mozilla/5.0 (compatible; MJ12bot/v1.4.8; http://mj12bot.com/)"
185.191.171.8 - - [17/Nov/2023:06:47:27 +0100] "GET /plush-keeleco-friendly-p-55368.html HTTP/1.0" 200 77579 "-" "Mozilla/5.0 (compatible; SemrushBot/7~bl; +http://www.semrush.com/bot.html)"
43.153.103.131 - - [17/Nov/2023:06:47:31 +0100] "GET /images/mini_prod/3760054863347.jpg HTTP/1.0" 200 269 "-" "Mozilla/5.0 (X11; Ubuntu; Linux x86_64; rv:72.0) Gecko/20100101 Firefox/72.0"
178.150.14.250 - - [17/Nov/2023:06:47:12 +0100] "GET /scented-candles-and-novenas-c-13_227.html?page=3 HTTP/1.0" 301 100371 "-" "Mozilla/5.0 (compatible; MJ12bot/v1.4.8; http://mj12bot.com/)"
218.188.41.122 - - [17/Nov/2023:06:47:28 +0100] "GET /-p-14943.html HTTP/1.0" 200 77477 "-" "Mozilla/5.0 (compatible; MJ12bot/v1.4.8; http://mj12bot.com/)"
85.208.96.207 - - [17/Nov/2023:06:47:32 +0100] "GET /elephant-gold-table-lamp-p-52523.html HTTP/1.0" 200 77575 "-" "Mozilla/5.0 (compatible; SemrushBot/7~bl; +http://www.semrush.com/bot.html)"
3.224.220.101 - - [17/Nov/2023:06:47:24 +0100] "GET /towel-bath-towels-c-11_70.html HTTP/1.0" 200 94636 "-" "Mozilla/5.0 (Macintosh; Intel Mac OS X 10_10_1) AppleWebKit/600.2.5 (KHTML, like Gecko) Version/8.0.2 Safari/600.2.5 (Amazonbot/0.1; +https://developer.amazon.com/support/amazonbot)"
23.22.35.162 - - [17/Nov/2023:06:47:26 +0100] "GET /cake-molds-cube-molds-c-12_246.html HTTP/1.0" 200 90446 "-" "Mozilla/5.0 (Macintosh; Intel Mac OS X 10_10_1) AppleWebKit/600.2.5 (KHTML, like Gecko) Version/8.0.2 Safari/600.2.5 (Amazonbot/0.1; +https://developer.amazon.com/support/amazonbot)"
218.188.41.122 - - [17/Nov/2023:06:47:39 +0100] "GET /white-poodle-statue-decorative-p-33176.html HTTP/1.0" 301 77544 "-" "Mozilla/5.0 (compatible; MJ12bot/v1.4.8; http://mj12bot.com/)"
178.150.14.250 - - [17/Nov/2023:06:47:36 +0100] "GET /scented-candles-novenas-c-227.html?page=3 HTTP/1.0" 301 100278 "-" "Mozilla/5.0 (compatible; MJ12bot/v1.4.8; http://mj12bot.com/)"
54.36.148.48 - - [17/Nov/2023:06:47:43 +0100] "GET /chair-cushion-scratchs-blue-p-49314.html HTTP/1.0" 200 79966 "-" "Mozilla/5.0 (compatible; AhrefsBot/7.0; +http://ahrefs.com/robot/)"
218.188.41.122 - - [17/Nov/2023:06:47:46 +0100] "GET /-p-33176.html HTTP/1.0" 200 77477 "-" "Mozilla/5.0 (compatible; MJ12bot/v1.4.8; http://mj12bot.com/)"
218.188.41.122 - - [17/Nov/2023:06:47:56 +0100] "GET /white-rhinoceros-moneybox-p-40974.html HTTP/1.0" 301 77544 "-" "Mozilla/5.0 (compatible; MJ12bot/v1.4.8; http://mj12bot.com/)"
178.150.14.250 - - [17/Nov/2023:06:47:50 +0100] "GET /scented-candles-novenas-c-231_227.html?page=3 HTTP/1.0" 200 100310 "-" "Mozilla/5.0 (compatible; MJ12bot/v1.4.8; http://mj12bot.com/)"
218.188.41.122 - - [17/Nov/2023:06:48:07 +0100] "GET /-p-40974.html HTTP/1.0" 200 77477 "-" "Mozilla/5.0 (compatible; MJ12bot/v1.4.8; http://mj12bot.com/)"
185.191.171.19 - - [17/Nov/2023:06:48:08 +0100] "GET /provence-little-tray-p-44549.html HTTP/1.0" 200 79922 "-" "Mozilla/5.0 (compatible; SemrushBot/7~bl; +http://www.semrush.com/bot.html)"
218.188.41.122 - - [17/Nov/2023:06:48:17 +0100] "GET /white-sage-california-incense-p-48492.html HTTP/1.0" 200 79907 "-" "Mozilla/5.0 (compatible; MJ12bot/v1.4.8; http://mj12bot.com/)"
185.191.171.5 - - [17/Nov/2023:06:48:20 +0100] "GET /little-buddha-collection-keychain-p-53295.html HTTP/1.0" 200 79936 "-" "Mozilla/5.0 (compatible; SemrushBot/7~bl; +http://www.semrush.com/bot.html)"
216.244.66.242 - - [17/Nov/2023:06:48:25 +0100] "GET /robots.txt HTTP/1.0" 200 245 "-" "Mozilla/5.0 (compatible; DotBot/1.2; +https://opensiteexplorer.org/dotbot; help@moz.com)"
218.188.41.122 - - [17/Nov/2023:06:48:24 +0100] "GET /white-silver-horse-head-statue-p-34531.html HTTP/1.0" 301 77544 "-" "Mozilla/5.0 (compatible; MJ12bot/v1.4.8; http://mj12bot.com/)"
178.150.14.250 - - [17/Nov/2023:06:48:05 +0100] "GET /scented-candles-and-novenas-c-13_227.html?page=4 HTTP/1.0" 301 100812 "-" "Mozilla/5.0 (compatible; MJ12bot/v1.4.8; http://mj12bot.com/)"
43.134.59.161 - - [17/Nov/2023:06:48:33 +0100] "GET /images/mini_prod/3660173149899.jpg HTTP/1.0" 200 269 "-" "Mozilla/5.0 (Windows NT 10.0; Win64; x64) AppleWebKit/537.36 (KHTML, like Gecko) Chrome/103.0.0.0 Safari/537.36"
218.188.41.122 - - [17/Nov/2023:06:48:31 +0100] "GET /-p-34531.html HTTP/1.0" 200 77477 "-" "Mozilla/5.0 (compatible; MJ12bot/v1.4.8; http://mj12bot.com/)"
178.150.14.250 - - [17/Nov/2023:06:48:28 +0100] "GET /scented-candles-novenas-c-227.html?page=4 HTTP/1.0" 301 100719 "-" "Mozilla/5.0 (compatible; MJ12bot/v1.4.8; http://mj12bot.com/)"
54.36.149.29 - - [17/Nov/2023:06:48:37 +0100] "GET /retro-shoulder-bag-p-49818.html HTTP/1.0" 301 77622 "-" "Mozilla/5.0 (compatible; AhrefsBot/7.0; +http://ahrefs.com/robot/)"
218.188.41.122 - - [17/Nov/2023:06:48:39 +0100] "GET /white-squirrel-decorative-statue-p-31511.html HTTP/1.0" 301 77544 "-" "Mozilla/5.0 (compatible; MJ12bot/v1.4.8; http://mj12bot.com/)"
178.150.14.250 - - [17/Nov/2023:06:48:37 +0100] "GET /scented-candles-novenas-c-231_227.html?page=4 HTTP/1.0" 200 100751 "-" "Mozilla/5.0 (compatible; MJ12bot/v1.4.8; http://mj12bot.com/)"
218.188.41.122 - - [17/Nov/2023:06:48:48 +0100] "GET /-p-31511.html HTTP/1.0" 200 77477 "-" "Mozilla/5.0 (compatible; MJ12bot/v1.4.8; http://mj12bot.com/)"
8.218.254.250 - - [17/Nov/2023:06:48:58 +0100] "GET /images/mini_prod/3457010912309.jpg HTTP/1.0" 200 269 "-" "Mozilla/5.0 (X11; Ubuntu; Linux x86_64; rv:72.0) Gecko/20100101 Firefox/72.0"
218.188.41.122 - - [17/Nov/2023:06:48:58 +0100] "GET /white-toilet-brush-p-45525.html HTTP/1.0" 200 77539 "-" "Mozilla/5.0 (compatible; MJ12bot/v1.4.8; http://mj12bot.com/)"
43.134.174.26 - - [17/Nov/2023:06:49:04 +0100] "GET /images/mini_prod/DSCN7550.jpg HTTP/1.0" 200 264 "-" "Mozilla/5.0 (Windows NT 10.0; Win64; x64) AppleWebKit/537.36 (KHTML, like Gecko) Chrome/103.0.0.0 Safari/537.36"
43.153.65.154 - - [17/Nov/2023:06:49:07 +0100] "GET /images/mini_prod/3660173200040.jpg HTTP/1.0" 200 269 "-" "Mozilla/5.0 (X11; Ubuntu; Linux x86_64; rv:72.0) Gecko/20100101 Firefox/72.0"
218.188.41.122 - - [17/Nov/2023:06:49:06 +0100] "GET /wiccan-pagan-symbol-stones-black-agate-p-47024.html HTTP/1.0" 200 83781 "-" "Mozilla/5.0 (compatible; MJ12bot/v1.4.8; http://mj12bot.com/)"
178.150.14.250 - - [17/Nov/2023:06:48:58 +0100] "GET /scented-candles-and-novenas-c-13_227.html?page=5 HTTP/1.0" 301 100508 "-" "Mozilla/5.0 (compatible; MJ12bot/v1.4.8; http://mj12bot.com/)"
218.188.41.122 - - [17/Nov/2023:06:49:14 +0100] "GET /wick-ellipse-candle-heart-home-black-vanilla-p-56297.html HTTP/1.0" 200 77659 "-" "Mozilla/5.0 (compatible; MJ12bot/v1.4.8; http://mj12bot.com/)"
218.188.41.122 - - [17/Nov/2023:06:49:21 +0100] "GET /wicker-picnic-basket-with-dishes-for-p-42061.html HTTP/1.0" 301 77544 "-" "Mozilla/5.0 (compatible; MJ12bot/v1.4.8; http://mj12bot.com/)"
178.150.14.250 - - [17/Nov/2023:06:49:16 +0100] "GET /scented-candles-novenas-c-227.html?page=5 HTTP/1.0" 301 100415 "-" "Mozilla/5.0 (compatible; MJ12bot/v1.4.8; http://mj12bot.com/)"
54.36.148.114 - - [17/Nov/2023:06:49:27 +0100] "GET /silicone-case-iphone-happy-colors-pink-love-p-22378.html HTTP/1.0" 200 80074 "-" "Mozilla/5.0 (compatible; AhrefsBot/7.0; +http://ahrefs.com/robot/)"
218.188.41.122 - - [17/Nov/2023:06:49:29 +0100] "GET /-p-42061.html HTTP/1.0" 200 77477 "-" "Mozilla/5.0 (compatible; MJ12bot/v1.4.8; http://mj12bot.com/)"
85.208.96.199 - - [17/Nov/2023:06:49:30 +0100] "GET /vanua-cotton-basket-planter-p-58822.html HTTP/1.0" 200 80730 "-" "Mozilla/5.0 (compatible; SemrushBot/7~bl; +http://www.semrush.com/bot.html)"
52.146.58.236 - - [17/Nov/2023:06:49:36 +0100] "GET /images/big_prod/4542202662175NN.jpg HTTP/1.0" 200 270 "-" "DuckDuckBot/1.1; (+http://duckduckgo.com/duckduckbot.html)"
178.150.14.250 - - [17/Nov/2023:06:49:27 +0100] "GET /scented-candles-novenas-c-231_227.html?page=5 HTTP/1.0" 200 100447 "-" "Mozilla/5.0 (compatible; MJ12bot/v1.4.8; http://mj12bot.com/)"
218.188.41.122 - - [17/Nov/2023:06:49:39 +0100] "GET /window-sticker-plant-pots-p-53152.html HTTP/1.0" 200 80787 "-" "Mozilla/5.0 (compatible; MJ12bot/v1.4.8; http://mj12bot.com/)"
185.191.171.4 - - [17/Nov/2023:06:49:44 +0100] "GET /camargue-metal-rests-flat-p-47891.html HTTP/1.0" 200 79843 "-" "Mozilla/5.0 (compatible; SemrushBot/7~bl; +http://www.semrush.com/bot.html)"
218.188.41.122 - - [17/Nov/2023:06:49:47 +0100] "GET /wine-wooden-wall-decoration-hang-p-42123.html HTTP/1.0" 200 77623 "-" "Mozilla/5.0 (compatible; MJ12bot/v1.4.8; http://mj12bot.com/)"
218.188.41.122 - - [17/Nov/2023:06:49:53 +0100] "GET /wine-wooden-wall-decoration-to-hang-70-50-cm-p-42123.html HTTP/1.0" 301 77722 "-" "Mozilla/5.0 (compatible; MJ12bot/v1.4.8; http://mj12bot.com/)"
218.188.41.122 - - [17/Nov/2023:06:50:01 +0100] "GET /wine-wooden-wall-decoration-hang-p-42123.html HTTP/1.0" 200 77623 "-" "Mozilla/5.0 (compatible; MJ12bot/v1.4.8; http://mj12bot.com/)"
185.191.171.18 - - [17/Nov/2023:06:50:02 +0100] "GET /teapot-temps-p-45332.html HTTP/1.0" 200 77535 "-" "Mozilla/5.0 (compatible; SemrushBot/7~bl; +http://www.semrush.com/bot.html)"
178.150.14.250 - - [17/Nov/2023:06:49:49 +0100] "GET /scented-candles-and-novenas-c-13_227.html?page=6 HTTP/1.0" 301 100227 "-" "Mozilla/5.0 (compatible; MJ12bot/v1.4.8; http://mj12bot.com/)"
178.150.14.250 - - [17/Nov/2023:06:50:04 +0100] "GET /scented-candles-novenas-c-227.html?page=6 HTTP/1.0" 301 100134 "-" "Mozilla/5.0 (compatible; MJ12bot/v1.4.8; http://mj12bot.com/)"
185.191.171.2 - - [17/Nov/2023:06:50:12 +0100] "GET /-p-41834.html HTTP/1.0" 200 77477 "-" "Mozilla/5.0 (compatible; SemrushBot/7~bl; +http://www.semrush.com/bot.html)"
218.188.41.122 - - [17/Nov/2023:06:50:14 +0100] "GET /winnie-the-pooh-plush-by-britto-30-cm-p-24305.html HTTP/1.0" 301 77544 "-" "Mozilla/5.0 (compatible; MJ12bot/v1.4.8; http://mj12bot.com/)"
218.188.41.122 - - [17/Nov/2023:06:50:21 +0100] "GET /-p-24305.html HTTP/1.0" 200 77477 "-" "Mozilla/5.0 (compatible; MJ12bot/v1.4.8; http://mj12bot.com/)"
178.150.14.250 - - [17/Nov/2023:06:50:11 +0100] "GET /scented-candles-novenas-c-231_227.html?page=6 HTTP/1.0" 200 100166 "-" "Mozilla/5.0 (compatible; MJ12bot/v1.4.8; http://mj12bot.com/)"
185.191.171.8 - - [17/Nov/2023:06:50:20 +0100] "GET /golden-lucky-maneki-neko-p-34876.html HTTP/1.0" 200 80077 "-" "Mozilla/5.0 (compatible; SemrushBot/7~bl; +http://www.semrush.com/bot.html)"
218.188.41.122 - - [17/Nov/2023:06:50:29 +0100] "GET /winter-apples-fine-bone-china-p-56867.html HTTP/1.0" 200 80029 "-" "Mozilla/5.0 (compatible; MJ12bot/v1.4.8; http://mj12bot.com/)"
66.249.66.206 - - [17/Nov/2023:06:50:21 +0100] "GET /cellar-and-slicer-sausage-c-12_252.html HTTP/1.0" 301 85775 "-" "Mozilla/5.0 (Linux; Android 6.0.1; Nexus 5X Build/MMB29P) AppleWebKit/537.36 (KHTML, like Gecko) Chrome/119.0.6045.123 Mobile Safari/537.36 (compatible; Googlebot/2.1; +http://www.google.com/bot.html)"
66.249.66.205 - - [17/Nov/2023:06:50:33 +0100] "GET /cellar-slicer-sausage-c-252.html HTTP/1.0" 301 85677 "-" "Mozilla/5.0 (Linux; Android 6.0.1; Nexus 5X Build/MMB29P) AppleWebKit/537.36 (KHTML, like Gecko) Chrome/119.0.6045.123 Mobile Safari/537.36 (compatible; Googlebot/2.1; +http://www.google.com/bot.html)"
218.188.41.122 - - [17/Nov/2023:06:50:38 +0100] "GET /with-spoon-graphinks-p-56938.html HTTP/1.0" 200 80437 "-" "Mozilla/5.0 (compatible; MJ12bot/v1.4.8; http://mj12bot.com/)"
40.77.167.52 - - [17/Nov/2023:06:50:44 +0100] "GET /fuel-pump-clock-p-55134.html HTTP/1.0" 200 77527 "-" "Mozilla/5.0 AppleWebKit/537.36 (KHTML, like Gecko; compatible; bingbot/2.0; +http://www.bing.com/bingbot.htm) Chrome/116.0.1938.76 Safari/537.36"
218.188.41.122 - - [17/Nov/2023:06:50:45 +0100] "GET /with-spoon-jolie-provence-p-58121.html HTTP/1.0" 200 80694 "-" "Mozilla/5.0 (compatible; MJ12bot/v1.4.8; http://mj12bot.com/)"
66.249.66.205 - - [17/Nov/2023:06:50:37 +0100] "GET /cellar-slicer-sausage-c-12_252.html HTTP/1.0" 200 85689 "-" "Mozilla/5.0 (Linux; Android 6.0.1; Nexus 5X Build/MMB29P) AppleWebKit/537.36 (KHTML, like Gecko) Chrome/119.0.6045.123 Mobile Safari/537.36 (compatible; Googlebot/2.1; +http://www.google.com/bot.html)"
66.249.66.205 - - [17/Nov/2023:06:50:51 +0100] "GET /js/jquery.min.js HTTP/1.0" 404 1308 "http://www.wonder-geek.com/cellar-slicer-sausage-c-12_252.html" "Mozilla/5.0 (Linux; Android 6.0.1; Nexus 5X Build/MMB29P) AppleWebKit/537.36 (KHTML, like Gecko) Chrome/119.0.6045.123 Mobile Safari/537.36 (compatible; Googlebot/2.1; +http://www.google.com/bot.html)"
178.150.14.250 - - [17/Nov/2023:06:50:33 +0100] "GET /scented-candles-and-novenas-c-13_227.html?page=7 HTTP/1.0" 301 100217 "-" "Mozilla/5.0 (compatible; MJ12bot/v1.4.8; http://mj12bot.com/)"
85.208.96.201 - - [17/Nov/2023:06:50:53 +0100] "GET /-p-15772.html HTTP/1.0" 200 77477 "-" "Mozilla/5.0 (compatible; SemrushBot/7~bl; +http://www.semrush.com/bot.html)"
218.188.41.122 - - [17/Nov/2023:06:50:54 +0100] "GET /wooden-bottle-rack-p-54557.html HTTP/1.0" 200 77543 "-" "Mozilla/5.0 (compatible; MJ12bot/v1.4.8; http://mj12bot.com/)"
178.150.14.250 - - [17/Nov/2023:06:50:48 +0100] "GET /scented-candles-novenas-c-227.html?page=7 HTTP/1.0" 301 100124 "-" "Mozilla/5.0 (compatible; MJ12bot/v1.4.8; http://mj12bot.com/)"
85.208.96.193 - - [17/Nov/2023:06:50:57 +0100] "GET /menu-wooden-wall-decoration-hang-p-44739.html HTTP/1.0" 200 77629 "-" "Mozilla/5.0 (compatible; SemrushBot/7~bl; +http://www.semrush.com/bot.html)"
54.36.148.234 - - [17/Nov/2023:06:50:57 +0100] "GET /ceramic-cork-trivet-mandala-p-53069.html HTTP/1.0" 200 79936 "-" "Mozilla/5.0 (compatible; AhrefsBot/7.0; +http://ahrefs.com/robot/)"
54.36.148.66 - - [17/Nov/2023:06:51:01 +0100] "GET /images/big_prod/8422033225342.jpg HTTP/1.0" 200 268 "-" "Mozilla/5.0 (compatible; AhrefsBot/7.0; +http://ahrefs.com/robot/)"
218.188.41.122 - - [17/Nov/2023:06:51:03 +0100] "GET /wooden-support-for-keys-p-45489.html HTTP/1.0" 301 77637 "-" "Mozilla/5.0 (compatible; MJ12bot/v1.4.8; http://mj12bot.com/)"
178.150.14.250 - - [17/Nov/2023:06:50:56 +0100] "GET /scented-candles-novenas-c-231_227.html?page=7 HTTP/1.0" 200 100156 "-" "Mozilla/5.0 (compatible; MJ12bot/v1.4.8; http://mj12bot.com/)"
85.208.96.206 - - [17/Nov/2023:06:51:07 +0100] "GET /-p-42302.html HTTP/1.0" 200 77477 "-" "Mozilla/5.0 (compatible; SemrushBot/7~bl; +http://www.semrush.com/bot.html)"
218.188.41.122 - - [17/Nov/2023:06:51:10 +0100] "GET /wooden-support-keys-p-45489.html HTTP/1.0" 200 77551 "-" "Mozilla/5.0 (compatible; MJ12bot/v1.4.8; http://mj12bot.com/)"
66.249.68.2 - - [17/Nov/2023:06:51:14 +0100] "GET /with-spoon-graphinks-p-56938.html HTTP/1.0" 200 80437 "-" "Mozilla/5.0 (Linux; Android 6.0.1; Nexus 5X Build/MMB29P) AppleWebKit/537.36 (KHTML, like Gecko) Chrome/119.0.6045.123 Mobile Safari/537.36 (compatible; Googlebot/2.1; +http://www.google.com/bot.html)"
218.188.41.122 - - [17/Nov/2023:06:51:18 +0100] "GET /wooden-support-keys-p-45489.html HTTP/1.0" 200 77551 "-" "Mozilla/5.0 (compatible; MJ12bot/v1.4.8; http://mj12bot.com/)"
218.188.41.122 - - [17/Nov/2023:06:51:27 +0100] "GET /wooden-tray-metal-legs-p-49697.html HTTP/1.0" 200 77577 "-" "Mozilla/5.0 (compatible; MJ12bot/v1.4.8; http://mj12bot.com/)"
178.150.14.250 - - [17/Nov/2023:06:51:18 +0100] "GET /scented-candles-and-novenas-c-13_227.html?page=8 HTTP/1.0" 301 100155 "-" "Mozilla/5.0 (compatible; MJ12bot/v1.4.8; http://mj12bot.com/)"
218.188.41.122 - - [17/Nov/2023:06:51:37 +0100] "GET /wooden-tray-on-metal-legs-395-cm-p-49697.html HTTP/1.0" 301 77666 "-" "Mozilla/5.0 (compatible; MJ12bot/v1.4.8; http://mj12bot.com/)"
218.188.41.122 - - [17/Nov/2023:06:51:44 +0100] "GET /wooden-tray-metal-legs-p-49697.html HTTP/1.0" 200 77577 "-" "Mozilla/5.0 (compatible; MJ12bot/v1.4.8; http://mj12bot.com/)"
178.150.14.250 - - [17/Nov/2023:06:51:37 +0100] "GET /scented-candles-novenas-c-227.html?page=8 HTTP/1.0" 301 100062 "-" "Mozilla/5.0 (compatible; MJ12bot/v1.4.8; http://mj12bot.com/)"
185.191.171.18 - - [17/Nov/2023:06:51:40 +0100] "GET /luggages-schoolbags-leather-shop-c-31.html?page=40 HTTP/1.0" 200 101172 "-" "Mozilla/5.0 (compatible; SemrushBot/7~bl; +http://www.semrush.com/bot.html)"
218.188.41.122 - - [17/Nov/2023:06:51:53 +0100] "GET /wooden-tray-with-handles-40-cm-p-49701.html HTTP/1.0" 301 77666 "-" "Mozilla/5.0 (compatible; MJ12bot/v1.4.8; http://mj12bot.com/)"
178.150.14.250 - - [17/Nov/2023:06:51:46 +0100] "GET /scented-candles-novenas-c-231_227.html?page=8 HTTP/1.0" 200 100094 "-" "Mozilla/5.0 (compatible; MJ12bot/v1.4.8; http://mj12bot.com/)"
85.208.96.205 - - [17/Nov/2023:06:51:55 +0100] "GET /kenya-keychain-family-p-57391.html HTTP/1.0" 200 81422 "-" "Mozilla/5.0 (compatible; SemrushBot/7~bl; +http://www.semrush.com/bot.html)"
85.208.96.204 - - [17/Nov/2023:06:51:59 +0100] "GET /placemat-apptit-p-58055.html HTTP/1.0" 200 80478 "-" "Mozilla/5.0 (compatible; SemrushBot/7~bl; +http://www.semrush.com/bot.html)"
218.188.41.122 - - [17/Nov/2023:06:52:01 +0100] "GET /wooden-tray-with-handles-p-49701.html HTTP/1.0" 200 77575 "-" "Mozilla/5.0 (compatible; MJ12bot/v1.4.8; http://mj12bot.com/)"
185.191.171.6 - - [17/Nov/2023:06:52:03 +0100] "GET /teal-blue-adult-japenese-apron-p-45911.html HTTP/1.0" 200 80494 "-" "Mozilla/5.0 (compatible; SemrushBot/7~bl; +http://www.semrush.com/bot.html)"
85.208.96.205 - - [17/Nov/2023:06:52:09 +0100] "GET /polyvinyl-messenger-p-48746.html HTTP/1.0" 200 80003 "-" "Mozilla/5.0 (compatible; SemrushBot/7~bl; +http://www.semrush.com/bot.html)"
54.36.148.132 - - [17/Nov/2023:06:52:10 +0100] "GET /retro-glass-cutting-board-p-45915.html HTTP/1.0" 200 80203 "-" "Mozilla/5.0 (compatible; AhrefsBot/7.0; +http://ahrefs.com/robot/)"
218.188.41.122 - - [17/Nov/2023:06:52:11 +0100] "GET /wooden-tray-with-handles-p-49701.html HTTP/1.0" 200 77575 "-" "Mozilla/5.0 (compatible; MJ12bot/v1.4.8; http://mj12bot.com/)"
35.166.42.212 - - [17/Nov/2023:06:52:13 +0100] "GET /images/big_prod_2/bambou1.jpg HTTP/1.0" 200 264 "-" "Mozilla/5.0 (X11; Ubuntu; Linux x86_64; rv:72.0) Gecko/20100101 Firefox/72.0"
218.188.41.122 - - [17/Nov/2023:06:52:19 +0100] "GET /worry-stones-rock-crystal-p-44963.html HTTP/1.0" 200 77585 "-" "Mozilla/5.0 (compatible; MJ12bot/v1.4.8; http://mj12bot.com/)"
85.208.96.211 - - [17/Nov/2023:06:52:19 +0100] "GET /panther-with-wreath-flowers-statuette-p-50040.html HTTP/1.0" 200 77633 "-" "Mozilla/5.0 (compatible; SemrushBot/7~bl; +http://www.semrush.com/bot.html)"
218.188.41.122 - - [17/Nov/2023:06:52:28 +0100] "GET /worry-stones-rock-crystal-set-of-p-44963.html HTTP/1.0" 301 77677 "-" "Mozilla/5.0 (compatible; MJ12bot/v1.4.8; http://mj12bot.com/)"
178.150.14.250 - - [17/Nov/2023:06:52:08 +0100] "GET /scented-candles-and-novenas-c-13_227.html?page=9 HTTP/1.0" 301 100822 "-" "Mozilla/5.0 (compatible; MJ12bot/v1.4.8; http://mj12bot.com/)"
218.188.41.122 - - [17/Nov/2023:06:52:34 +0100] "GET /worry-stones-rock-crystal-p-44963.html HTTP/1.0" 200 77585 "-" "Mozilla/5.0 (compatible; MJ12bot/v1.4.8; http://mj12bot.com/)"
178.150.14.250 - - [17/Nov/2023:06:52:29 +0100] "GET /scented-candles-novenas-c-227.html?page=9 HTTP/1.0" 301 100729 "-" "Mozilla/5.0 (compatible; MJ12bot/v1.4.8; http://mj12bot.com/)"
218.188.41.122 - - [17/Nov/2023:06:52:40 +0100] "GET /yellow-apple-shaped-moneybox-p-36476.html HTTP/1.0" 200 77608 "-" "Mozilla/5.0 (compatible; MJ12bot/v1.4.8; http://mj12bot.com/)"
218.188.41.122 - - [17/Nov/2023:06:52:48 +0100] "GET /yellow-dog-suitcase-p-28648.html HTTP/1.0" 301 77637 "-" "Mozilla/5.0 (compatible; MJ12bot/v1.4.8; http://mj12bot.com/)"
178.150.14.250 - - [17/Nov/2023:06:52:40 +0100] "GET /scented-candles-novenas-c-231_227.html?page=9 HTTP/1.0" 200 100761 "-" "Mozilla/5.0 (compatible; MJ12bot/v1.4.8; http://mj12bot.com/)"
218.188.41.122 - - [17/Nov/2023:06:52:54 +0100] "GET /yellow-suitcase-p-28648.html HTTP/1.0" 200 77555 "-" "Mozilla/5.0 (compatible; MJ12bot/v1.4.8; http://mj12bot.com/)"
3.224.220.101 - - [17/Nov/2023:06:52:48 +0100] "GET /-c-95_362.html HTTP/1.0" 500 66243 "-" "Mozilla/5.0 (Macintosh; Intel Mac OS X 10_10_1) AppleWebKit/600.2.5 (KHTML, like Gecko) Version/8.0.2 Safari/600.2.5 (Amazonbot/0.1; +https://developer.amazon.com/support/amazonbot)"
43.156.32.143 - - [17/Nov/2023:06:53:04 +0100] "GET /images/mini_prod/8003990585306.jpg HTTP/1.0" 200 269 "-" "Mozilla/5.0 (Windows NT 10.0; Win64; x64) AppleWebKit/537.36 (KHTML, like Gecko) Chrome/103.0.0.0 Safari/537.36"
3.224.220.101 - - [17/Nov/2023:06:53:00 +0100] "GET /socks-c-1_141.html HTTP/1.0" 200 84841 "-" "Mozilla/5.0 (Macintosh; Intel Mac OS X 10_10_1) AppleWebKit/600.2.5 (KHTML, like Gecko) Version/8.0.2 Safari/600.2.5 (Amazonbot/0.1; +https://developer.amazon.com/support/amazonbot)"
218.188.41.122 - - [17/Nov/2023:06:53:04 +0100] "GET /yellow-kitchen-timer-clock-p-40588.html HTTP/1.0" 200 77557 "-" "Mozilla/5.0 (compatible; MJ12bot/v1.4.8; http://mj12bot.com/)"
3.224.220.101 - - [17/Nov/2023:06:52:55 +0100] "GET /-c-95_356.html HTTP/1.0" 500 66243 "-" "Mozilla/5.0 (Macintosh; Intel Mac OS X 10_10_1) AppleWebKit/600.2.5 (KHTML, like Gecko) Version/8.0.2 Safari/600.2.5 (Amazonbot/0.1; +https://developer.amazon.com/support/amazonbot)"
178.150.14.250 - - [17/Nov/2023:06:52:57 +0100] "GET /scented-candles-and-novenas-c-231_227.html?page=1 HTTP/1.0" 301 99587 "-" "Mozilla/5.0 (compatible; MJ12bot/v1.4.8; http://mj12bot.com/)"
52.70.240.171 - - [17/Nov/2023:06:53:02 +0100] "GET /plates-cups-c-12_58.html HTTP/1.0" 200 85425 "-" "Mozilla/5.0 (Macintosh; Intel Mac OS X 10_10_1) AppleWebKit/600.2.5 (KHTML, like Gecko) Version/8.0.2 Safari/600.2.5 (Amazonbot/0.1; +https://developer.amazon.com/support/amazonbot)"
218.188.41.122 - - [17/Nov/2023:06:53:14 +0100] "GET /yellow-suitcase-p-28648.html HTTP/1.0" 200 77555 "-" "Mozilla/5.0 (compatible; MJ12bot/v1.4.8; http://mj12bot.com/)"
23.22.35.162 - - [17/Nov/2023:06:53:03 +0100] "GET /polar-blankets-blankets-c-11_73.html HTTP/1.0" 200 97494 "-" "Mozilla/5.0 (Macintosh; Intel Mac OS X 10_10_1) AppleWebKit/600.2.5 (KHTML, like Gecko) Version/8.0.2 Safari/600.2.5 (Amazonbot/0.1; +https://developer.amazon.com/support/amazonbot)"
178.150.14.250 - - [17/Nov/2023:06:53:10 +0100] "GET /scented-candles-novenas-c-227.html?page=1 HTTP/1.0" 301 99460 "-" "Mozilla/5.0 (compatible; MJ12bot/v1.4.8; http://mj12bot.com/)"
218.188.41.122 - - [17/Nov/2023:06:53:23 +0100] "GET /yoga-lotus-anjali-mudra-statuette-p-51727.html HTTP/1.0" 200 77599 "-" "Mozilla/5.0 (compatible; MJ12bot/v1.4.8; http://mj12bot.com/)"
178.150.14.250 - - [17/Nov/2023:06:53:16 +0100] "GET /scented-candles-novenas-c-231_227.html?page=1 HTTP/1.0" 200 99492 "-" "Mozilla/5.0 (compatible; MJ12bot/v1.4.8; http://mj12bot.com/)"
23.22.35.162 - - [17/Nov/2023:06:53:24 +0100] "GET /set-c-2_34.html HTTP/1.0" 200 83797 "-" "Mozilla/5.0 (Macintosh; Intel Mac OS X 10_10_1) AppleWebKit/600.2.5 (KHTML, like Gecko) Version/8.0.2 Safari/600.2.5 (Amazonbot/0.1; +https://developer.amazon.com/support/amazonbot)"
52.70.240.171 - - [17/Nov/2023:06:53:06 +0100] "GET /bathroom-accessories-c-13_172.html HTTP/1.0" 500 66397 "-" "Mozilla/5.0 (Macintosh; Intel Mac OS X 10_10_1) AppleWebKit/600.2.5 (KHTML, like Gecko) Version/8.0.2 Safari/600.2.5 (Amazonbot/0.1; +https://developer.amazon.com/support/amazonbot)"
213.180.203.87 - - [17/Nov/2023:06:53:30 +0100] "GET /robots.txt HTTP/1.0" 200 245 "-" "Mozilla/5.0 (compatible; YandexBot/3.0; +http://yandex.com/bots)"
3.224.220.101 - - [17/Nov/2023:06:53:18 +0100] "GET /-c-95_302.html HTTP/1.0" 500 66243 "-" "Mozilla/5.0 (Macintosh; Intel Mac OS X 10_10_1) AppleWebKit/600.2.5 (KHTML, like Gecko) Version/8.0.2 Safari/600.2.5 (Amazonbot/0.1; +https://developer.amazon.com/support/amazonbot)"
