47.128.34.88 - - [17/Nov/2023:07:06:22 +0100] "GET /images/big_prod/3665269293333.jpg HTTP/1.0" 200 268 "http://www.wonder-geek.com/tone-dark-blue-linen-chair-cushion-p-60645.html" "Mozilla/5.0 (compatible; Bytespider; spider-feedback@bytedance.com) AppleWebKit/537.36 (KHTML, like Gecko) Chrome/70.0.0.0 Safari/537.36"
47.128.34.56 - - [17/Nov/2023:07:06:21 +0100] "GET /blue-white-cement-tile-round-placemat-p-57744.html HTTP/1.0" 200 80557 "-" "Mozilla/5.0 (compatible; Bytespider; spider-feedback@bytedance.com) AppleWebKit/537.36 (KHTML, like Gecko) Chrome/70.0.0.0 Safari/537.36"
207.46.13.116 - - [17/Nov/2023:07:06:19 +0100] "GET /disney-m-20.html HTTP/1.0" 200 97335 "-" "Mozilla/5.0 AppleWebKit/537.36 (KHTML, like Gecko; compatible; bingbot/2.0; +http://www.bing.com/bingbot.htm) Chrome/116.0.1938.76 Safari/537.36"
47.128.34.56 - - [17/Nov/2023:07:06:24 +0100] "GET /swfobject.js HTTP/1.0" 404 1308 "http://www.wonder-geek.com/blue-white-cement-tile-round-placemat-p-57744.html" "Mozilla/5.0 (compatible; Bytespider; spider-feedback@bytedance.com) AppleWebKit/537.36 (KHTML, like Gecko) Chrome/70.0.0.0 Safari/537.36"
3.224.220.101 - - [17/Nov/2023:07:06:23 +0100] "GET /sponge-stand-c-12_256.html HTTP/1.0" 200 85421 "-" "Mozilla/5.0 (Macintosh; Intel Mac OS X 10_10_1) AppleWebKit/600.2.5 (KHTML, like Gecko) Version/8.0.2 Safari/600.2.5 (Amazonbot/0.1; +https://developer.amazon.com/support/amazonbot)"
47.128.34.56 - - [17/Nov/2023:07:06:26 +0100] "GET /highslide/graphics/zoomin.cur HTTP/1.0" 200 614 "http://www.wonder-geek.com/templates/Pixame_v1/stylesheet.css" "Mozilla/5.0 (compatible; Bytespider; spider-feedback@bytedance.com) AppleWebKit/537.36 (KHTML, like Gecko) Chrome/70.0.0.0 Safari/537.36"
47.128.34.56 - - [17/Nov/2023:07:06:26 +0100] "GET /images/big_prod_1/3700281664089B.jpg HTTP/1.0" 200 271 "http://www.wonder-geek.com/blue-white-cement-tile-round-placemat-p-57744.html" "Mozilla/5.0 (compatible; Bytespider; spider-feedback@bytedance.com) AppleWebKit/537.36 (KHTML, like Gecko) Chrome/70.0.0.0 Safari/537.36"
52.70.240.171 - - [17/Nov/2023:07:06:25 +0100] "GET /paperweight-c-129_188.html HTTP/1.0" 200 98208 "-" "Mozilla/5.0 (Macintosh; Intel Mac OS X 10_10_1) AppleWebKit/600.2.5 (KHTML, like Gecko) Version/8.0.2 Safari/600.2.5 (Amazonbot/0.1; +https://developer.amazon.com/support/amazonbot)"
3.224.220.101 - - [17/Nov/2023:07:06:26 +0100] "GET /very-large-fountain-bouddha-resin-p-60816.html HTTP/1.0" 200 81064 "-" "Mozilla/5.0 (Macintosh; Intel Mac OS X 10_10_1) AppleWebKit/600.2.5 (KHTML, like Gecko) Version/8.0.2 Safari/600.2.5 (Amazonbot/0.1; +https://developer.amazon.com/support/amazonbot)"
185.191.171.12 - - [17/Nov/2023:07:06:29 +0100] "GET /paris-bath-soap-dish-p-34851.html HTTP/1.0" 200 79841 "-" "Mozilla/5.0 (compatible; SemrushBot/7~bl; +http://www.semrush.com/bot.html)"
178.150.14.250 - - [17/Nov/2023:07:06:29 +0100] "GET /small-baby-teeth-p-60183.html HTTP/1.0" 200 80540 "-" "Mozilla/5.0 (compatible; MJ12bot/v1.4.8; http://mj12bot.com/)"
47.128.34.43 - - [17/Nov/2023:07:06:33 +0100] "GET /highslide/graphics/outlines/drop-shadow.png HTTP/1.0" 200 277 "http://www.wonder-geek.com/hello-kitty-victoria-casal-couture-white-watch-p-20140.html" "Mozilla/5.0 (compatible; Bytespider; spider-feedback@bytedance.com) AppleWebKit/537.36 (KHTML, like Gecko) Chrome/70.0.0.0 Safari/537.36"
47.128.34.43 - - [17/Nov/2023:07:06:33 +0100] "GET /highslide/graphics/zoomout.cur HTTP/1.0" 200 614 "http://www.wonder-geek.com/hello-kitty-victoria-casal-couture-white-watch-p-20140.html" "Mozilla/5.0 (compatible; Bytespider; spider-feedback@bytedance.com) AppleWebKit/537.36 (KHTML, like Gecko) Chrome/70.0.0.0 Safari/537.36"
47.128.34.43 - - [17/Nov/2023:07:06:33 +0100] "GET /images/3281643376302.jpg HTTP/1.0" 200 259 "http://www.wonder-geek.com/hello-kitty-victoria-casal-couture-white-watch-p-20140.html" "Mozilla/5.0 (compatible; Bytespider; spider-feedback@bytedance.com) AppleWebKit/537.36 (KHTML, like Gecko) Chrome/70.0.0.0 Safari/537.36"
178.150.14.250 - - [17/Nov/2023:07:06:36 +0100] "GET /small-baby-teeth-p-60184.html HTTP/1.0" 200 80538 "-" "Mozilla/5.0 (compatible; MJ12bot/v1.4.8; http://mj12bot.com/)"
185.191.171.16 - - [17/Nov/2023:07:06:42 +0100] "GET /stitch-figure-collection-romero-britto-p-51468.html HTTP/1.0" 200 77625 "-" "Mozilla/5.0 (compatible; SemrushBot/7~bl; +http://www.semrush.com/bot.html)"
178.150.14.250 - - [17/Nov/2023:07:06:44 +0100] "GET /small-baby-teeth-p-60186.html HTTP/1.0" 200 77547 "-" "Mozilla/5.0 (compatible; MJ12bot/v1.4.8; http://mj12bot.com/)"
216.244.66.242 - - [17/Nov/2023:07:06:51 +0100] "GET /water-and-outdoor-games-c-4_143.html HTTP/1.0" 301 99012 "-" "Mozilla/5.0 (compatible; DotBot/1.2; +https://opensiteexplorer.org/dotbot; help@moz.com)"
178.150.14.250 - - [17/Nov/2023:07:06:51 +0100] "GET /small-baby-teeth-p-60188.html HTTP/1.0" 200 79937 "-" "Mozilla/5.0 (compatible; MJ12bot/v1.4.8; http://mj12bot.com/)"
47.128.34.56 - - [17/Nov/2023:07:06:56 +0100] "GET /highslide/graphics/outlines/drop-shadow.png HTTP/1.0" 200 277 "http://www.wonder-geek.com/blue-white-cement-tile-round-placemat-p-57744.html" "Mozilla/5.0 (compatible; Bytespider; spider-feedback@bytedance.com) AppleWebKit/537.36 (KHTML, like Gecko) Chrome/70.0.0.0 Safari/537.36"
47.128.34.56 - - [17/Nov/2023:07:06:56 +0100] "GET /highslide/graphics/zoomout.cur HTTP/1.0" 200 614 "http://www.wonder-geek.com/blue-white-cement-tile-round-placemat-p-57744.html" "Mozilla/5.0 (compatible; Bytespider; spider-feedback@bytedance.com) AppleWebKit/537.36 (KHTML, like Gecko) Chrome/70.0.0.0 Safari/537.36"
47.128.34.56 - - [17/Nov/2023:07:06:56 +0100] "GET /images/big_prod/3700281664089A.jpg HTTP/1.0" 200 269 "http://www.wonder-geek.com/blue-white-cement-tile-round-placemat-p-57744.html" "Mozilla/5.0 (compatible; Bytespider; spider-feedback@bytedance.com) AppleWebKit/537.36 (KHTML, like Gecko) Chrome/70.0.0.0 Safari/537.36"
47.128.34.144 - - [17/Nov/2023:07:06:55 +0100] "GET /-p-29490.html HTTP/1.0" 200 77477 "-" "Mozilla/5.0 (compatible; Bytespider; spider-feedback@bytedance.com) AppleWebKit/537.36 (KHTML, like Gecko) Chrome/70.0.0.0 Safari/537.36"
47.128.34.144 - - [17/Nov/2023:07:06:57 +0100] "GET /swfobject.js HTTP/1.0" 404 1308 "http://www.wonder-geek.com/-p-29490.html" "Mozilla/5.0 (compatible; Bytespider; spider-feedback@bytedance.com) AppleWebKit/537.36 (KHTML, like Gecko) Chrome/70.0.0.0 Safari/537.36"
178.150.14.250 - - [17/Nov/2023:07:06:58 +0100] "GET /small-baby-teeth-p-60189.html HTTP/1.0" 200 80538 "-" "Mozilla/5.0 (compatible; MJ12bot/v1.4.8; http://mj12bot.com/)"
47.128.34.144 - - [17/Nov/2023:07:07:00 +0100] "GET /highslide/graphics/zoomout.cur HTTP/1.0" 200 614 "http://www.wonder-geek.com/-p-29490.html" "Mozilla/5.0 (compatible; Bytespider; spider-feedback@bytedance.com) AppleWebKit/537.36 (KHTML, like Gecko) Chrome/70.0.0.0 Safari/537.36"
47.128.34.144 - - [17/Nov/2023:07:07:00 +0100] "GET /highslide/graphics/outlines/drop-shadow.png HTTP/1.0" 200 277 "http://www.wonder-geek.com/-p-29490.html" "Mozilla/5.0 (compatible; Bytespider; spider-feedback@bytedance.com) AppleWebKit/537.36 (KHTML, like Gecko) Chrome/70.0.0.0 Safari/537.36"
178.150.14.250 - - [17/Nov/2023:07:07:05 +0100] "GET /small-baby-teeth-p-60200.html HTTP/1.0" 200 79940 "-" "Mozilla/5.0 (compatible; MJ12bot/v1.4.8; http://mj12bot.com/)"
178.150.14.250 - - [17/Nov/2023:07:07:08 +0100] "GET /small-bamboo-cup-humming-bird-p-49581.html HTTP/1.0" 301 77641 "-" "Mozilla/5.0 (compatible; MJ12bot/v1.4.8; http://mj12bot.com/)"
185.191.171.7 - - [17/Nov/2023:07:07:12 +0100] "GET /round-fringed-p-53785.html HTTP/1.0" 200 77539 "-" "Mozilla/5.0 (compatible; SemrushBot/7~bl; +http://www.semrush.com/bot.html)"
178.150.14.250 - - [17/Nov/2023:07:07:14 +0100] "GET /small-bamboo-humming-bird-p-49581.html HTTP/1.0" 200 77549 "-" "Mozilla/5.0 (compatible; MJ12bot/v1.4.8; http://mj12bot.com/)"
178.150.14.250 - - [17/Nov/2023:07:07:20 +0100] "GET /small-bamboo-humming-bird-p-49581.html HTTP/1.0" 200 77549 "-" "Mozilla/5.0 (compatible; MJ12bot/v1.4.8; http://mj12bot.com/)"
185.191.171.15 - - [17/Nov/2023:07:07:24 +0100] "GET /luminous-ultrasonic-diffuser-essential-oils-p-51007.html HTTP/1.0" 200 77645 "-" "Mozilla/5.0 (compatible; SemrushBot/7~bl; +http://www.semrush.com/bot.html)"
178.150.14.250 - - [17/Nov/2023:07:07:27 +0100] "GET /small-bamboo-table-lamp-white-shade-p-54582.html HTTP/1.0" 200 77615 "-" "Mozilla/5.0 (compatible; MJ12bot/v1.4.8; http://mj12bot.com/)"
54.36.148.222 - - [17/Nov/2023:07:07:28 +0100] "GET /sonny-angel-animals-series-figure-version-p-47270.html HTTP/1.0" 200 82152 "-" "Mozilla/5.0 (compatible; AhrefsBot/7.0; +http://ahrefs.com/robot/)"
47.128.21.58 - - [17/Nov/2023:07:07:29 +0100] "GET /model-fantasy-dolphin-p-38397.html HTTP/1.0" 200 77567 "-" "Mozilla/5.0 (compatible; Bytespider; spider-feedback@bytedance.com) AppleWebKit/537.36 (KHTML, like Gecko) Chrome/70.0.0.0 Safari/537.36"
47.128.21.58 - - [17/Nov/2023:07:07:31 +0100] "GET /swfobject.js HTTP/1.0" 404 1308 "http://www.wonder-geek.com/model-fantasy-dolphin-p-38397.html" "Mozilla/5.0 (compatible; Bytespider; spider-feedback@bytedance.com) AppleWebKit/537.36 (KHTML, like Gecko) Chrome/70.0.0.0 Safari/537.36"
47.128.21.58 - - [17/Nov/2023:07:07:31 +0100] "GET /swfobject.js HTTP/1.0" 404 1308 "http://www.wonder-geek.com/model-fantasy-dolphin-p-38397.html" "Mozilla/5.0 (compatible; Bytespider; spider-feedback@bytedance.com) AppleWebKit/537.36 (KHTML, like Gecko) Chrome/70.0.0.0 Safari/537.36"
47.128.21.58 - - [17/Nov/2023:07:07:34 +0100] "GET /highslide/graphics/outlines/drop-shadow.png HTTP/1.0" 200 277 "http://www.wonder-geek.com/model-fantasy-dolphin-p-38397.html" "Mozilla/5.0 (compatible; Bytespider; spider-feedback@bytedance.com) AppleWebKit/537.36 (KHTML, like Gecko) Chrome/70.0.0.0 Safari/537.36"
47.128.21.58 - - [17/Nov/2023:07:07:34 +0100] "GET /highslide/graphics/zoomout.cur HTTP/1.0" 200 614 "http://www.wonder-geek.com/model-fantasy-dolphin-p-38397.html" "Mozilla/5.0 (compatible; Bytespider; spider-feedback@bytedance.com) AppleWebKit/537.36 (KHTML, like Gecko) Chrome/70.0.0.0 Safari/537.36"
178.150.14.250 - - [17/Nov/2023:07:07:35 +0100] "GET /small-bamboo-table-lamp-white-shade-p-54583.html HTTP/1.0" 200 77615 "-" "Mozilla/5.0 (compatible; MJ12bot/v1.4.8; http://mj12bot.com/)"
178.150.14.250 - - [17/Nov/2023:07:07:40 +0100] "GET /small-candle-guardian-angel-p-57840.html HTTP/1.0" 200 81202 "-" "Mozilla/5.0 (compatible; MJ12bot/v1.4.8; http://mj12bot.com/)"
178.150.14.250 - - [17/Nov/2023:07:07:46 +0100] "GET /small-croco-money-p-56883.html HTTP/1.0" 200 80617 "-" "Mozilla/5.0 (compatible; MJ12bot/v1.4.8; http://mj12bot.com/)"
203.185.130.166 - - [17/Nov/2023:07:07:48 +0100] "GET /images/mini_prod/1399984248355.jpg HTTP/1.0" 200 269 "-" "Mozilla/5.0 (X11; Ubuntu; Linux x86_64; rv:72.0) Gecko/20100101 Firefox/72.0"
178.150.14.250 - - [17/Nov/2023:07:07:52 +0100] "GET /small-patinated-gold-turtle-statuette-p-56914.html HTTP/1.0" 200 77615 "-" "Mozilla/5.0 (compatible; MJ12bot/v1.4.8; http://mj12bot.com/)"
47.128.58.164 - - [17/Nov/2023:07:07:52 +0100] "GET /frankie-stein-monster-high-p-17501.html HTTP/1.0" 200 80613 "-" "Mozilla/5.0 (compatible; Bytespider; spider-feedback@bytedance.com) AppleWebKit/537.36 (KHTML, like Gecko) Chrome/70.0.0.0 Safari/537.36"
47.128.58.164 - - [17/Nov/2023:07:07:54 +0100] "GET /swfobject.js HTTP/1.0" 404 1308 "http://www.wonder-geek.com/frankie-stein-monster-high-p-17501.html" "Mozilla/5.0 (compatible; Bytespider; spider-feedback@bytedance.com) AppleWebKit/537.36 (KHTML, like Gecko) Chrome/70.0.0.0 Safari/537.36"
85.208.96.193 - - [17/Nov/2023:07:07:57 +0100] "GET /clocks-c-13_67.html?page=17 HTTP/1.0" 200 94883 "-" "Mozilla/5.0 (compatible; SemrushBot/7~bl; +http://www.semrush.com/bot.html)"
178.150.14.250 - - [17/Nov/2023:07:07:58 +0100] "GET /smasha-ballz-brainz-plush-p-25053.html HTTP/1.0" 301 77544 "-" "Mozilla/5.0 (compatible; MJ12bot/v1.4.8; http://mj12bot.com/)"
47.128.58.164 - - [17/Nov/2023:07:08:01 +0100] "GET /highslide/graphics/zoomin.cur HTTP/1.0" 200 614 "http://www.wonder-geek.com/templates/Pixame_v1/stylesheet.css" "Mozilla/5.0 (compatible; Bytespider; spider-feedback@bytedance.com) AppleWebKit/537.36 (KHTML, like Gecko) Chrome/70.0.0.0 Safari/537.36"
47.128.58.164 - - [17/Nov/2023:07:08:01 +0100] "GET /images/big_prod_1/6953270923965B.jpg HTTP/1.0" 200 271 "http://www.wonder-geek.com/frankie-stein-monster-high-p-17501.html" "Mozilla/5.0 (compatible; Bytespider; spider-feedback@bytedance.com) AppleWebKit/537.36 (KHTML, like Gecko) Chrome/70.0.0.0 Safari/537.36"
178.150.14.250 - - [17/Nov/2023:07:08:04 +0100] "GET /-p-25053.html HTTP/1.0" 200 77477 "-" "Mozilla/5.0 (compatible; MJ12bot/v1.4.8; http://mj12bot.com/)"
185.191.171.19 - - [17/Nov/2023:07:08:08 +0100] "GET /vespa-sports-khaki-p-32644.html HTTP/1.0" 200 80271 "-" "Mozilla/5.0 (compatible; SemrushBot/7~bl; +http://www.semrush.com/bot.html)"
178.150.14.250 - - [17/Nov/2023:07:08:10 +0100] "GET /smasha-ballz-mandroid-plush-p-25055.html HTTP/1.0" 301 77544 "-" "Mozilla/5.0 (compatible; MJ12bot/v1.4.8; http://mj12bot.com/)"
17.241.75.254 - - [17/Nov/2023:07:08:11 +0100] "GET /mappemonde-trunks-p-56779.html HTTP/1.0" 200 81150 "-" "Mozilla/5.0 (Macintosh; Intel Mac OS X 10_15_5) AppleWebKit/605.1.15 (KHTML, like Gecko) Version/13.1.1 Safari/605.1.15 (Applebot/0.1; +http://www.apple.com/go/applebot)"
178.150.14.250 - - [17/Nov/2023:07:08:15 +0100] "GET /-p-25055.html HTTP/1.0" 200 77477 "-" "Mozilla/5.0 (compatible; MJ12bot/v1.4.8; http://mj12bot.com/)"
178.150.14.250 - - [17/Nov/2023:07:08:22 +0100] "GET /smasha-ballz-phara-oohh-plush-p-25054.html HTTP/1.0" 301 77544 "-" "Mozilla/5.0 (compatible; MJ12bot/v1.4.8; http://mj12bot.com/)"
185.191.171.19 - - [17/Nov/2023:07:08:25 +0100] "GET /kitchen-supports-p-44485.html HTTP/1.0" 200 80028 "-" "Mozilla/5.0 (compatible; SemrushBot/7~bl; +http://www.semrush.com/bot.html)"
178.150.14.250 - - [17/Nov/2023:07:08:28 +0100] "GET /-p-25054.html HTTP/1.0" 200 77477 "-" "Mozilla/5.0 (compatible; MJ12bot/v1.4.8; http://mj12bot.com/)"
47.128.58.164 - - [17/Nov/2023:07:08:31 +0100] "GET /highslide/graphics/outlines/drop-shadow.png HTTP/1.0" 200 277 "http://www.wonder-geek.com/frankie-stein-monster-high-p-17501.html" "Mozilla/5.0 (compatible; Bytespider; spider-feedback@bytedance.com) AppleWebKit/537.36 (KHTML, like Gecko) Chrome/70.0.0.0 Safari/537.36"
47.128.58.164 - - [17/Nov/2023:07:08:32 +0100] "GET /highslide/graphics/zoomout.cur HTTP/1.0" 200 614 "http://www.wonder-geek.com/frankie-stein-monster-high-p-17501.html" "Mozilla/5.0 (compatible; Bytespider; spider-feedback@bytedance.com) AppleWebKit/537.36 (KHTML, like Gecko) Chrome/70.0.0.0 Safari/537.36"
47.128.58.164 - - [17/Nov/2023:07:08:32 +0100] "GET /images/big_prod/6953270923965A.jpg HTTP/1.0" 200 269 "http://www.wonder-geek.com/frankie-stein-monster-high-p-17501.html" "Mozilla/5.0 (compatible; Bytespider; spider-feedback@bytedance.com) AppleWebKit/537.36 (KHTML, like Gecko) Chrome/70.0.0.0 Safari/537.36"
185.191.171.7 - - [17/Nov/2023:07:08:33 +0100] "GET /heart-home-friendly-stick-diffuser-geranium-wood-p-59873.html HTTP/1.0" 200 81133 "-" "Mozilla/5.0 (compatible; SemrushBot/7~bl; +http://www.semrush.com/bot.html)"
47.128.48.193 - - [17/Nov/2023:07:08:35 +0100] "GET /polar-blanket-light-grey-130-160-cm-p-43663.html HTTP/1.0" 301 77544 "-" "Mozilla/5.0 (compatible; Bytespider; spider-feedback@bytedance.com) AppleWebKit/537.36 (KHTML, like Gecko) Chrome/70.0.0.0 Safari/537.36"
178.150.14.250 - - [17/Nov/2023:07:08:35 +0100] "GET /smiski-figure-series-museum-note-there-single-figure-p-56722.html HTTP/1.0" 200 81194 "-" "Mozilla/5.0 (compatible; MJ12bot/v1.4.8; http://mj12bot.com/)"
47.128.48.193 - - [17/Nov/2023:07:08:37 +0100] "GET /-p-43663.html HTTP/1.0" 200 77477 "-" "Mozilla/5.0 (compatible; Bytespider; spider-feedback@bytedance.com) AppleWebKit/537.36 (KHTML, like Gecko) Chrome/70.0.0.0 Safari/537.36"
47.128.48.193 - - [17/Nov/2023:07:08:39 +0100] "GET /swfobject.js HTTP/1.0" 404 1308 "http://www.wonder-geek.com/-p-43663.html" "Mozilla/5.0 (compatible; Bytespider; spider-feedback@bytedance.com) AppleWebKit/537.36 (KHTML, like Gecko) Chrome/70.0.0.0 Safari/537.36"
178.150.14.250 - - [17/Nov/2023:07:08:42 +0100] "GET /smiski-figure-series-note-there-is-single-figure-p-36111.html HTTP/1.0" 301 77544 "-" "Mozilla/5.0 (compatible; MJ12bot/v1.4.8; http://mj12bot.com/)"
185.191.171.17 - - [17/Nov/2023:07:08:44 +0100] "GET /unicorn-pocket-warmer-p-56141.html HTTP/1.0" 200 80724 "-" "Mozilla/5.0 (compatible; SemrushBot/7~bl; +http://www.semrush.com/bot.html)"
178.150.14.250 - - [17/Nov/2023:07:08:48 +0100] "GET /-p-36111.html HTTP/1.0" 200 77477 "-" "Mozilla/5.0 (compatible; MJ12bot/v1.4.8; http://mj12bot.com/)"
54.36.148.139 - - [17/Nov/2023:07:08:49 +0100] "GET /large-stamps-winnie-pooh-p-16093.html HTTP/1.0" 200 80195 "-" "Mozilla/5.0 (compatible; AhrefsBot/7.0; +http://ahrefs.com/robot/)"
47.128.48.193 - - [17/Nov/2023:07:08:53 +0100] "GET /highslide/graphics/zoomout.cur HTTP/1.0" 200 614 "http://www.wonder-geek.com/-p-43663.html" "Mozilla/5.0 (compatible; Bytespider; spider-feedback@bytedance.com) AppleWebKit/537.36 (KHTML, like Gecko) Chrome/70.0.0.0 Safari/537.36"
47.128.48.193 - - [17/Nov/2023:07:08:53 +0100] "GET /highslide/graphics/outlines/drop-shadow.png HTTP/1.0" 200 277 "http://www.wonder-geek.com/-p-43663.html" "Mozilla/5.0 (compatible; Bytespider; spider-feedback@bytedance.com) AppleWebKit/537.36 (KHTML, like Gecko) Chrome/70.0.0.0 Safari/537.36"
111.225.148.116 - - [17/Nov/2023:07:08:51 +0100] "GET /ballerina-statue-collection-body-talk-p-46761.html HTTP/1.0" 200 80755 "-" "Mozilla/5.0 (Linux; Android 5.0) AppleWebKit/537.36 (KHTML, like Gecko) Mobile Safari/537.36 (compatible; Bytespider; https://zhanzhang.toutiao.com/)"
111.225.148.109 - - [17/Nov/2023:07:08:54 +0100] "GET /swfobject.js HTTP/1.0" 404 1308 "http://www.wonder-geek.com/ballerina-statue-collection-body-talk-p-46761.html" "Mozilla/5.0 (Linux; Android 5.0) AppleWebKit/537.36 (KHTML, like Gecko) Mobile Safari/537.36 (compatible; Bytespider; https://zhanzhang.toutiao.com/)"
111.225.148.120 - - [17/Nov/2023:07:08:55 +0100] "GET /images/big_prod_1/8718375755075N.jpg HTTP/1.0" 200 271 "http://www.wonder-geek.com/ballerina-statue-collection-body-talk-p-46761.html" "Mozilla/5.0 (Linux; Android 5.0) AppleWebKit/537.36 (KHTML, like Gecko) Mobile Safari/537.36 (compatible; Bytespider; https://zhanzhang.toutiao.com/)"
111.225.148.102 - - [17/Nov/2023:07:08:56 +0100] "GET /images/big_prod/8718375755075.jpg HTTP/1.0" 200 268 "http://www.wonder-geek.com/ballerina-statue-collection-body-talk-p-46761.html" "Mozilla/5.0 (Linux; Android 5.0) AppleWebKit/537.36 (KHTML, like Gecko) Mobile Safari/537.36 (compatible; Bytespider; https://zhanzhang.toutiao.com/)"
111.225.148.112 - - [17/Nov/2023:07:08:56 +0100] "GET /highslide/graphics/zoomout.cur HTTP/1.0" 200 614 "http://www.wonder-geek.com/ballerina-statue-collection-body-talk-p-46761.html" "Mozilla/5.0 (Linux; Android 5.0) AppleWebKit/537.36 (KHTML, like Gecko) Mobile Safari/537.36 (compatible; Bytespider; https://zhanzhang.toutiao.com/)"
47.128.40.114 - - [17/Nov/2023:07:08:55 +0100] "GET /retro-sugar-tin-box-p-40719.html HTTP/1.0" 301 77544 "-" "Mozilla/5.0 (compatible; Bytespider; spider-feedback@bytedance.com) AppleWebKit/537.36 (KHTML, like Gecko) Chrome/70.0.0.0 Safari/537.36"
178.150.14.250 - - [17/Nov/2023:07:08:56 +0100] "GET /smiski-figure-series-note-there-is-single-figure-p-37897.html HTTP/1.0" 301 77781 "-" "Mozilla/5.0 (compatible; MJ12bot/v1.4.8; http://mj12bot.com/)"
47.128.40.114 - - [17/Nov/2023:07:08:57 +0100] "GET /-p-40719.html HTTP/1.0" 200 77477 "-" "Mozilla/5.0 (compatible; Bytespider; spider-feedback@bytedance.com) AppleWebKit/537.36 (KHTML, like Gecko) Chrome/70.0.0.0 Safari/537.36"
47.128.40.114 - - [17/Nov/2023:07:08:59 +0100] "GET /swfobject.js HTTP/1.0" 404 1308 "http://www.wonder-geek.com/-p-40719.html" "Mozilla/5.0 (compatible; Bytespider; spider-feedback@bytedance.com) AppleWebKit/537.36 (KHTML, like Gecko) Chrome/70.0.0.0 Safari/537.36"
47.128.40.114 - - [17/Nov/2023:07:09:04 +0100] "GET /highslide/graphics/zoomout.cur HTTP/1.0" 200 614 "http://www.wonder-geek.com/-p-40719.html" "Mozilla/5.0 (compatible; Bytespider; spider-feedback@bytedance.com) AppleWebKit/537.36 (KHTML, like Gecko) Chrome/70.0.0.0 Safari/537.36"
47.128.40.114 - - [17/Nov/2023:07:09:04 +0100] "GET /highslide/graphics/outlines/drop-shadow.png HTTP/1.0" 200 277 "http://www.wonder-geek.com/-p-40719.html" "Mozilla/5.0 (compatible; Bytespider; spider-feedback@bytedance.com) AppleWebKit/537.36 (KHTML, like Gecko) Chrome/70.0.0.0 Safari/537.36"
178.150.14.250 - - [17/Nov/2023:07:09:03 +0100] "GET /smiski-figure-series-note-there-single-figure-p-37897.html HTTP/1.0" 200 77669 "-" "Mozilla/5.0 (compatible; MJ12bot/v1.4.8; http://mj12bot.com/)"
178.150.14.250 - - [17/Nov/2023:07:09:08 +0100] "GET /smiski-figure-series-note-there-single-figure-p-37897.html HTTP/1.0" 200 77669 "-" "Mozilla/5.0 (compatible; MJ12bot/v1.4.8; http://mj12bot.com/)"
47.128.34.43 - - [17/Nov/2023:07:09:17 +0100] "GET /long-skeleton-hoodie-p-35436.html HTTP/1.0" 301 77544 "-" "Mozilla/5.0 (compatible; Bytespider; spider-feedback@bytedance.com) AppleWebKit/537.36 (KHTML, like Gecko) Chrome/70.0.0.0 Safari/537.36"
94.56.103.180 - - [17/Nov/2023:07:09:18 +0100] "GET /images/mini_prod/4260082930749.jpg HTTP/1.0" 200 269 "-" "Mozilla/5.0 (X11; Ubuntu; Linux x86_64; rv:72.0) Gecko/20100101 Firefox/72.0"
47.128.34.43 - - [17/Nov/2023:07:09:19 +0100] "GET /-p-35436.html HTTP/1.0" 200 77477 "-" "Mozilla/5.0 (compatible; Bytespider; spider-feedback@bytedance.com) AppleWebKit/537.36 (KHTML, like Gecko) Chrome/70.0.0.0 Safari/537.36"
47.128.34.43 - - [17/Nov/2023:07:09:22 +0100] "GET /js/jquery.js HTTP/1.0" 200 252 "http://www.wonder-geek.com/-p-35436.html" "Mozilla/5.0 (compatible; Bytespider; spider-feedback@bytedance.com) AppleWebKit/537.36 (KHTML, like Gecko) Chrome/70.0.0.0 Safari/537.36"
47.128.34.43 - - [17/Nov/2023:07:09:22 +0100] "GET /swfobject.js HTTP/1.0" 404 1308 "http://www.wonder-geek.com/-p-35436.html" "Mozilla/5.0 (compatible; Bytespider; spider-feedback@bytedance.com) AppleWebKit/537.36 (KHTML, like Gecko) Chrome/70.0.0.0 Safari/537.36"
66.249.66.207 - - [17/Nov/2023:07:09:22 +0100] "GET /velocycle-isothermic-stainless-steel-bottle-p-54536.html HTTP/1.0" 200 77639 "-" "Mozilla/5.0 (Linux; Android 6.0.1; Nexus 5X Build/MMB29P) AppleWebKit/537.36 (KHTML, like Gecko) Chrome/119.0.6045.159 Mobile Safari/537.36 (compatible; Googlebot/2.1; +http://www.google.com/bot.html)"
178.150.14.250 - - [17/Nov/2023:07:09:23 +0100] "GET /soap-dish-paris-eau-de-parfum-p-37461.html HTTP/1.0" 301 77662 "-" "Mozilla/5.0 (compatible; MJ12bot/v1.4.8; http://mj12bot.com/)"
47.128.34.43 - - [17/Nov/2023:07:09:30 +0100] "GET /swfobject.js HTTP/1.0" 404 1308 "http://www.wonder-geek.com/-p-35436.html" "Mozilla/5.0 (compatible; Bytespider; spider-feedback@bytedance.com) AppleWebKit/537.36 (KHTML, like Gecko) Chrome/70.0.0.0 Safari/537.36"
178.150.14.250 - - [17/Nov/2023:07:09:31 +0100] "GET /soap-dish-paris-parfum-p-37461.html HTTP/1.0" 200 77573 "-" "Mozilla/5.0 (compatible; MJ12bot/v1.4.8; http://mj12bot.com/)"
117.192.42.48 - - [17/Nov/2023:07:09:37 +0100] "GET /images/mini_prod/5051276225647.jpg HTTP/1.0" 200 269 "-" "Mozilla/5.0 (X11; Ubuntu; Linux x86_64; rv:72.0) Gecko/20100101 Firefox/72.0"
178.150.14.250 - - [17/Nov/2023:07:09:40 +0100] "GET /soap-dish-paris-parfum-p-37461.html HTTP/1.0" 200 77573 "-" "Mozilla/5.0 (compatible; MJ12bot/v1.4.8; http://mj12bot.com/)"
47.128.34.43 - - [17/Nov/2023:07:09:46 +0100] "GET /highslide/graphics/zoomout.cur HTTP/1.0" 200 614 "http://www.wonder-geek.com/-p-35436.html" "Mozilla/5.0 (compatible; Bytespider; spider-feedback@bytedance.com) AppleWebKit/537.36 (KHTML, like Gecko) Chrome/70.0.0.0 Safari/537.36"
47.128.34.43 - - [17/Nov/2023:07:09:46 +0100] "GET /highslide/graphics/outlines/drop-shadow.png HTTP/1.0" 200 277 "http://www.wonder-geek.com/-p-35436.html" "Mozilla/5.0 (compatible; Bytespider; spider-feedback@bytedance.com) AppleWebKit/537.36 (KHTML, like Gecko) Chrome/70.0.0.0 Safari/537.36"
178.150.14.250 - - [17/Nov/2023:07:09:49 +0100] "GET /soap-dispenser-paris-eau-de-parfum-p-37462.html HTTP/1.0" 301 77544 "-" "Mozilla/5.0 (compatible; MJ12bot/v1.4.8; http://mj12bot.com/)"
47.128.56.247 - - [17/Nov/2023:07:09:51 +0100] "GET /retro-wooden-photo-frame-36-cm-p-42194.html HTTP/1.0" 301 80116 "-" "Mozilla/5.0 (compatible; Bytespider; spider-feedback@bytedance.com) AppleWebKit/537.36 (KHTML, like Gecko) Chrome/70.0.0.0 Safari/537.36"
47.128.56.247 - - [17/Nov/2023:07:09:53 +0100] "GET /retro-wooden-photo-frame-p-42194.html HTTP/1.0" 200 80025 "-" "Mozilla/5.0 (compatible; Bytespider; spider-feedback@bytedance.com) AppleWebKit/537.36 (KHTML, like Gecko) Chrome/70.0.0.0 Safari/537.36"
47.128.56.247 - - [17/Nov/2023:07:09:57 +0100] "GET /swfobject.js HTTP/1.0" 404 1308 "http://www.wonder-geek.com/retro-wooden-photo-frame-p-42194.html" "Mozilla/5.0 (compatible; Bytespider; spider-feedback@bytedance.com) AppleWebKit/537.36 (KHTML, like Gecko) Chrome/70.0.0.0 Safari/537.36"
85.208.96.199 - - [17/Nov/2023:07:09:56 +0100] "GET /statuette-jesus-christ-sacred-heart-inside-outside-p-48904.html HTTP/1.0" 200 80917 "-" "Mozilla/5.0 (compatible; SemrushBot/7~bl; +http://www.semrush.com/bot.html)"
178.150.14.250 - - [17/Nov/2023:07:09:57 +0100] "GET /-p-37462.html HTTP/1.0" 200 77477 "-" "Mozilla/5.0 (compatible; MJ12bot/v1.4.8; http://mj12bot.com/)"
47.128.56.247 - - [17/Nov/2023:07:10:01 +0100] "GET /highslide/graphics/zoomin.cur HTTP/1.0" 200 614 "http://www.wonder-geek.com/templates/Pixame_v1/stylesheet.css" "Mozilla/5.0 (compatible; Bytespider; spider-feedback@bytedance.com) AppleWebKit/537.36 (KHTML, like Gecko) Chrome/70.0.0.0 Safari/537.36"
43.134.98.140 - - [17/Nov/2023:07:10:01 +0100] "GET /images/mini_prod/1384010206959.jpg HTTP/1.0" 200 269 "-" "Mozilla/5.0 (Windows NT 10.0; Win64; x64) AppleWebKit/537.36 (KHTML, like Gecko) Chrome/103.0.0.0 Safari/537.36"
47.128.56.247 - - [17/Nov/2023:07:10:02 +0100] "GET /highslide/graphics/zoomout.cur HTTP/1.0" 200 614 "http://www.wonder-geek.com/retro-wooden-photo-frame-p-42194.html" "Mozilla/5.0 (compatible; Bytespider; spider-feedback@bytedance.com) AppleWebKit/537.36 (KHTML, like Gecko) Chrome/70.0.0.0 Safari/537.36"
47.128.56.247 - - [17/Nov/2023:07:10:02 +0100] "GET /highslide/graphics/outlines/drop-shadow.png HTTP/1.0" 200 277 "http://www.wonder-geek.com/retro-wooden-photo-frame-p-42194.html" "Mozilla/5.0 (compatible; Bytespider; spider-feedback@bytedance.com) AppleWebKit/537.36 (KHTML, like Gecko) Chrome/70.0.0.0 Safari/537.36"
185.191.171.6 - - [17/Nov/2023:07:10:01 +0100] "GET /letter-wall-decor-sticker-gray-p-57781.html HTTP/1.0" 200 80712 "-" "Mozilla/5.0 (compatible; SemrushBot/7~bl; +http://www.semrush.com/bot.html)"
47.128.56.247 - - [17/Nov/2023:07:10:04 +0100] "GET /images/big_prod/8717318115488.jpg HTTP/1.0" 200 268 "http://www.wonder-geek.com/retro-wooden-photo-frame-p-42194.html" "Mozilla/5.0 (compatible; Bytespider; spider-feedback@bytedance.com) AppleWebKit/537.36 (KHTML, like Gecko) Chrome/70.0.0.0 Safari/537.36"
178.150.14.250 - - [17/Nov/2023:07:10:03 +0100] "GET /soap-olive-cube-cotton-flower-100-grs-p-37478.html HTTP/1.0" 301 77699 "-" "Mozilla/5.0 (compatible; MJ12bot/v1.4.8; http://mj12bot.com/)"
185.191.171.4 - - [17/Nov/2023:07:10:06 +0100] "GET /duvet-cover-cotton-percale-threads-p-48211.html HTTP/1.0" 200 80134 "-" "Mozilla/5.0 (compatible; SemrushBot/7~bl; +http://www.semrush.com/bot.html)"
85.208.96.202 - - [17/Nov/2023:07:10:09 +0100] "GET /deco-statuette-with-rhinestones-p-50491.html HTTP/1.0" 200 77613 "-" "Mozilla/5.0 (compatible; SemrushBot/7~bl; +http://www.semrush.com/bot.html)"
178.150.14.250 - - [17/Nov/2023:07:10:11 +0100] "GET /soap-olive-cube-cotton-flower-p-37478.html HTTP/1.0" 200 77603 "-" "Mozilla/5.0 (compatible; MJ12bot/v1.4.8; http://mj12bot.com/)"
54.36.149.98 - - [17/Nov/2023:07:10:12 +0100] "GET /coasters-cbkreation-p-41303.html HTTP/1.0" 200 79825 "-" "Mozilla/5.0 (compatible; AhrefsBot/7.0; +http://ahrefs.com/robot/)"
178.150.14.250 - - [17/Nov/2023:07:10:19 +0100] "GET /soap-olive-cube-cotton-flower-p-37478.html HTTP/1.0" 200 77603 "-" "Mozilla/5.0 (compatible; MJ12bot/v1.4.8; http://mj12bot.com/)"
85.208.96.201 - - [17/Nov/2023:07:10:24 +0100] "GET /robots.txt HTTP/1.0" 200 245 "-" "Mozilla/5.0 (compatible; SemrushBot/7~bl; +http://www.semrush.com/bot.html)"
185.191.171.4 - - [17/Nov/2023:07:10:24 +0100] "GET /placemat-desk-kiub-p-60031.html HTTP/1.0" 200 80561 "-" "Mozilla/5.0 (compatible; SemrushBot/7~bl; +http://www.semrush.com/bot.html)"
178.150.14.250 - - [17/Nov/2023:07:10:29 +0100] "GET /soap-olive-cube-olivier-100-grs-p-37477.html HTTP/1.0" 301 77669 "-" "Mozilla/5.0 (compatible; MJ12bot/v1.4.8; http://mj12bot.com/)"
185.191.171.6 - - [17/Nov/2023:07:10:29 +0100] "GET /-p-30580.html HTTP/1.0" 200 77477 "-" "Mozilla/5.0 (compatible; SemrushBot/7~bl; +http://www.semrush.com/bot.html)"
178.150.14.250 - - [17/Nov/2023:07:10:34 +0100] "GET /soap-olive-cube-olivier-p-37477.html HTTP/1.0" 200 77579 "-" "Mozilla/5.0 (compatible; MJ12bot/v1.4.8; http://mj12bot.com/)"
47.128.16.252 - - [17/Nov/2023:07:10:37 +0100] "GET /silver-wall-mirror-p-53690.html HTTP/1.0" 200 77539 "-" "Mozilla/5.0 (compatible; Bytespider; spider-feedback@bytedance.com) AppleWebKit/537.36 (KHTML, like Gecko) Chrome/70.0.0.0 Safari/537.36"
47.128.16.252 - - [17/Nov/2023:07:10:40 +0100] "GET /swfobject.js HTTP/1.0" 404 1308 "http://www.wonder-geek.com/silver-wall-mirror-p-53690.html" "Mozilla/5.0 (compatible; Bytespider; spider-feedback@bytedance.com) AppleWebKit/537.36 (KHTML, like Gecko) Chrome/70.0.0.0 Safari/537.36"
85.208.96.202 - - [17/Nov/2023:07:10:41 +0100] "GET /high-school-musical-scarf-p-22254.html HTTP/1.0" 200 80031 "-" "Mozilla/5.0 (compatible; SemrushBot/7~bl; +http://www.semrush.com/bot.html)"
178.150.14.250 - - [17/Nov/2023:07:10:42 +0100] "GET /soap-olive-cube-olivier-p-37477.html HTTP/1.0" 200 77579 "-" "Mozilla/5.0 (compatible; MJ12bot/v1.4.8; http://mj12bot.com/)"
47.128.47.185 - - [17/Nov/2023:07:10:45 +0100] "GET /insulated-bottle-planet-p-58205.html HTTP/1.0" 200 80769 "-" "Mozilla/5.0 (compatible; Bytespider; spider-feedback@bytedance.com) AppleWebKit/537.36 (KHTML, like Gecko) Chrome/70.0.0.0 Safari/537.36"
47.128.47.185 - - [17/Nov/2023:07:10:47 +0100] "GET /swfobject.js HTTP/1.0" 404 1308 "http://www.wonder-geek.com/insulated-bottle-planet-p-58205.html" "Mozilla/5.0 (compatible; Bytespider; spider-feedback@bytedance.com) AppleWebKit/537.36 (KHTML, like Gecko) Chrome/70.0.0.0 Safari/537.36"
17.241.219.107 - - [17/Nov/2023:07:10:46 +0100] "GET /photo-frames-memo-clips-c-13_132.html HTTP/1.0" 200 97722 "-" "Mozilla/5.0 (Macintosh; Intel Mac OS X 10_15_5) AppleWebKit/605.1.15 (KHTML, like Gecko) Version/13.1.1 Safari/605.1.15 (Applebot/0.1; +http://www.apple.com/go/applebot)"
178.150.14.250 - - [17/Nov/2023:07:10:47 +0100] "GET /sonic-mousepad-p-15391.html HTTP/1.0" 301 77544 "-" "Mozilla/5.0 (compatible; MJ12bot/v1.4.8; http://mj12bot.com/)"
178.150.14.250 - - [17/Nov/2023:07:10:52 +0100] "GET /-p-15391.html HTTP/1.0" 200 77477 "-" "Mozilla/5.0 (compatible; MJ12bot/v1.4.8; http://mj12bot.com/)"
47.128.47.185 - - [17/Nov/2023:07:10:54 +0100] "GET /highslide/graphics/zoomin.cur HTTP/1.0" 200 614 "http://www.wonder-geek.com/templates/Pixame_v1/stylesheet.css" "Mozilla/5.0 (compatible; Bytespider; spider-feedback@bytedance.com) AppleWebKit/537.36 (KHTML, like Gecko) Chrome/70.0.0.0 Safari/537.36"
47.128.47.185 - - [17/Nov/2023:07:10:55 +0100] "GET /images/big_prod_1/8053806018733B.jpg HTTP/1.0" 200 271 "http://www.wonder-geek.com/insulated-bottle-planet-p-58205.html" "Mozilla/5.0 (compatible; Bytespider; spider-feedback@bytedance.com) AppleWebKit/537.36 (KHTML, like Gecko) Chrome/70.0.0.0 Safari/537.36"
47.128.47.185 - - [17/Nov/2023:07:10:57 +0100] "GET /highslide/graphics/zoomout.cur HTTP/1.0" 200 614 "http://www.wonder-geek.com/insulated-bottle-planet-p-58205.html" "Mozilla/5.0 (compatible; Bytespider; spider-feedback@bytedance.com) AppleWebKit/537.36 (KHTML, like Gecko) Chrome/70.0.0.0 Safari/537.36"
47.128.47.185 - - [17/Nov/2023:07:10:57 +0100] "GET /highslide/graphics/outlines/drop-shadow.png HTTP/1.0" 200 277 "http://www.wonder-geek.com/insulated-bottle-planet-p-58205.html" "Mozilla/5.0 (compatible; Bytespider; spider-feedback@bytedance.com) AppleWebKit/537.36 (KHTML, like Gecko) Chrome/70.0.0.0 Safari/537.36"
47.128.47.185 - - [17/Nov/2023:07:10:58 +0100] "GET /images/big_prod/8053806018733A.jpg HTTP/1.0" 200 269 "http://www.wonder-geek.com/insulated-bottle-planet-p-58205.html" "Mozilla/5.0 (compatible; Bytespider; spider-feedback@bytedance.com) AppleWebKit/537.36 (KHTML, like Gecko) Chrome/70.0.0.0 Safari/537.36"
47.128.16.252 - - [17/Nov/2023:07:11:00 +0100] "GET /swfobject.js HTTP/1.0" 404 1308 "http://www.wonder-geek.com/silver-wall-mirror-p-53690.html" "Mozilla/5.0 (compatible; Bytespider; spider-feedback@bytedance.com) AppleWebKit/537.36 (KHTML, like Gecko) Chrome/70.0.0.0 Safari/537.36"
178.150.14.250 - - [17/Nov/2023:07:10:59 +0100] "GET /sonic-mousepad-p-16005.html HTTP/1.0" 301 77544 "-" "Mozilla/5.0 (compatible; MJ12bot/v1.4.8; http://mj12bot.com/)"
47.128.16.252 - - [17/Nov/2023:07:11:04 +0100] "GET /highslide/graphics/outlines/drop-shadow.png HTTP/1.0" 200 277 "http://www.wonder-geek.com/silver-wall-mirror-p-53690.html" "Mozilla/5.0 (compatible; Bytespider; spider-feedback@bytedance.com) AppleWebKit/537.36 (KHTML, like Gecko) Chrome/70.0.0.0 Safari/537.36"
47.128.16.252 - - [17/Nov/2023:07:11:04 +0100] "GET /highslide/graphics/zoomout.cur HTTP/1.0" 200 614 "http://www.wonder-geek.com/silver-wall-mirror-p-53690.html" "Mozilla/5.0 (compatible; Bytespider; spider-feedback@bytedance.com) AppleWebKit/537.36 (KHTML, like Gecko) Chrome/70.0.0.0 Safari/537.36"
3.224.220.101 - - [17/Nov/2023:07:11:03 +0100] "GET /musical-c-13_150_149.html HTTP/1.0" 200 98422 "-" "Mozilla/5.0 (Macintosh; Intel Mac OS X 10_10_1) AppleWebKit/600.2.5 (KHTML, like Gecko) Version/8.0.2 Safari/600.2.5 (Amazonbot/0.1; +https://developer.amazon.com/support/amazonbot)"
178.150.14.250 - - [17/Nov/2023:07:11:04 +0100] "GET /-p-16005.html HTTP/1.0" 200 77477 "-" "Mozilla/5.0 (compatible; MJ12bot/v1.4.8; http://mj12bot.com/)"
8.218.254.250 - - [17/Nov/2023:07:11:09 +0100] "GET /images/mini_prod/TROR663048.jpg HTTP/1.0" 200 266 "-" "Mozilla/5.0 (X11; Ubuntu; Linux x86_64; rv:72.0) Gecko/20100101 Firefox/72.0"
178.150.14.250 - - [17/Nov/2023:07:11:19 +0100] "GET /sonny-angel-animal-series-p-27667.html HTTP/1.0" 301 77544 "-" "Mozilla/5.0 (compatible; MJ12bot/v1.4.8; http://mj12bot.com/)"
178.150.14.250 - - [17/Nov/2023:07:11:24 +0100] "GET /-p-27667.html HTTP/1.0" 200 77477 "-" "Mozilla/5.0 (compatible; MJ12bot/v1.4.8; http://mj12bot.com/)"
178.150.14.250 - - [17/Nov/2023:07:11:32 +0100] "GET /sonny-angel-figure-11th-anniversary-p-31427.html HTTP/1.0" 200 77611 "-" "Mozilla/5.0 (compatible; MJ12bot/v1.4.8; http://mj12bot.com/)"
178.150.14.250 - - [17/Nov/2023:07:11:37 +0100] "GET /sonny-angel-figure-12th-anniversary-p-36107.html HTTP/1.0" 200 77611 "-" "Mozilla/5.0 (compatible; MJ12bot/v1.4.8; http://mj12bot.com/)"
178.150.14.250 - - [17/Nov/2023:07:11:42 +0100] "GET /sonny-angel-figure-series-hawaii-beach-p-30967.html HTTP/1.0" 200 77623 "-" "Mozilla/5.0 (compatible; MJ12bot/v1.4.8; http://mj12bot.com/)"
51.68.224.127 - - [17/Nov/2023:07:11:48 +0100] "GET /adminweb/export_orders_xml.php?token=256de2z6edz6ed2z6DFSFsed2zed6zeDSFDSGdzedezfzf&maxorders=10&orderstart=1&status=14&start_date=2018-10-01 HTTP/1.0" 200 285 "-" "GesCom CharlotteBoutik Serveur"
51.68.224.127 - - [17/Nov/2023:07:11:48 +0100] "GET /adminweb/export_orders_xml.php?token=256de2z6edz6ed2z6DFSFsed2zed6zeDSFDSGdzedezfzf&maxorders=10&orderstart=1&status=6&start_date=2018-10-01 HTTP/1.0" 200 33939 "-" "GesCom CharlotteBoutik Serveur"
178.150.14.250 - - [17/Nov/2023:07:11:52 +0100] "GET /sonny-angel-flowers-series-p-27664.html HTTP/1.0" 301 77544 "-" "Mozilla/5.0 (compatible; MJ12bot/v1.4.8; http://mj12bot.com/)"
54.36.149.44 - - [17/Nov/2023:07:11:54 +0100] "GET /support-metal-bottle-long-live-newlyweds-p-45838.html HTTP/1.0" 200 80086 "-" "Mozilla/5.0 (compatible; AhrefsBot/7.0; +http://ahrefs.com/robot/)"
85.208.96.198 - - [17/Nov/2023:07:11:54 +0100] "GET /jute-p-56515.html HTTP/1.0" 200 80700 "-" "Mozilla/5.0 (compatible; SemrushBot/7~bl; +http://www.semrush.com/bot.html)"
178.150.14.250 - - [17/Nov/2023:07:11:59 +0100] "GET /-p-27664.html HTTP/1.0" 200 77477 "-" "Mozilla/5.0 (compatible; MJ12bot/v1.4.8; http://mj12bot.com/)"
178.150.14.250 - - [17/Nov/2023:07:12:05 +0100] "GET /sonny-angel-fruit-series-p-27665.html HTTP/1.0" 301 77544 "-" "Mozilla/5.0 (compatible; MJ12bot/v1.4.8; http://mj12bot.com/)"
43.134.58.55 - - [17/Nov/2023:07:12:08 +0100] "GET /images/mini_prod/1186747042592.jpg HTTP/1.0" 200 269 "-" "Mozilla/5.0 (Windows NT 10.0; Win64; x64) AppleWebKit/537.36 (KHTML, like Gecko) Chrome/103.0.0.0 Safari/537.36"
85.208.96.200 - - [17/Nov/2023:07:12:10 +0100] "GET /tetsubin-blue-teapot-japanese-liter-p-47382.html HTTP/1.0" 200 77615 "-" "Mozilla/5.0 (compatible; SemrushBot/7~bl; +http://www.semrush.com/bot.html)"
178.150.14.250 - - [17/Nov/2023:07:12:10 +0100] "GET /-p-27665.html HTTP/1.0" 200 77477 "-" "Mozilla/5.0 (compatible; MJ12bot/v1.4.8; http://mj12bot.com/)"
178.150.14.250 - - [17/Nov/2023:07:12:15 +0100] "GET /spiderman-articulate-figurine-p-27711.html HTTP/1.0" 301 77544 "-" "Mozilla/5.0 (compatible; MJ12bot/v1.4.8; http://mj12bot.com/)"
85.208.96.205 - - [17/Nov/2023:07:12:17 +0100] "GET /mani-lucky-p-46152.html HTTP/1.0" 200 77554 "-" "Mozilla/5.0 (compatible; SemrushBot/7~bl; +http://www.semrush.com/bot.html)"
47.128.19.144 - - [17/Nov/2023:07:12:18 +0100] "GET /japanese-style-cast-iron-teapot-liter-p-59973.html HTTP/1.0" 200 80406 "-" "Mozilla/5.0 (compatible; Bytespider; spider-feedback@bytedance.com) AppleWebKit/537.36 (KHTML, like Gecko) Chrome/70.0.0.0 Safari/537.36"
47.128.19.144 - - [17/Nov/2023:07:12:20 +0100] "GET /swfobject.js HTTP/1.0" 404 1308 "http://www.wonder-geek.com/japanese-style-cast-iron-teapot-liter-p-59973.html" "Mozilla/5.0 (compatible; Bytespider; spider-feedback@bytedance.com) AppleWebKit/537.36 (KHTML, like Gecko) Chrome/70.0.0.0 Safari/537.36"
47.128.19.144 - - [17/Nov/2023:07:12:19 +0100] "GET /black-shell-samsung-with-personalized-picture-p-16359.html HTTP/1.0" 200 80563 "-" "Mozilla/5.0 (compatible; Bytespider; spider-feedback@bytedance.com) AppleWebKit/537.36 (KHTML, like Gecko) Chrome/70.0.0.0 Safari/537.36"
85.208.96.198 - - [17/Nov/2023:07:12:20 +0100] "GET /table-bell-pour-bire-sonnez-p-58130.html HTTP/1.0" 200 80454 "-" "Mozilla/5.0 (compatible; SemrushBot/7~bl; +http://www.semrush.com/bot.html)"
178.150.14.250 - - [17/Nov/2023:07:12:20 +0100] "GET /-p-27711.html HTTP/1.0" 200 77477 "-" "Mozilla/5.0 (compatible; MJ12bot/v1.4.8; http://mj12bot.com/)"
47.128.19.144 - - [17/Nov/2023:07:12:24 +0100] "GET /highslide/graphics/zoomin.cur HTTP/1.0" 200 614 "http://www.wonder-geek.com/templates/Pixame_v1/stylesheet.css" "Mozilla/5.0 (compatible; Bytespider; spider-feedback@bytedance.com) AppleWebKit/537.36 (KHTML, like Gecko) Chrome/70.0.0.0 Safari/537.36"
47.128.19.144 - - [17/Nov/2023:07:12:24 +0100] "GET /highslide/graphics/outlines/drop-shadow.png HTTP/1.0" 200 277 "http://www.wonder-geek.com/japanese-style-cast-iron-teapot-liter-p-59973.html" "Mozilla/5.0 (compatible; Bytespider; spider-feedback@bytedance.com) AppleWebKit/537.36 (KHTML, like Gecko) Chrome/70.0.0.0 Safari/537.36"
47.128.19.144 - - [17/Nov/2023:07:12:24 +0100] "GET /highslide/graphics/zoomout.cur HTTP/1.0" 200 614 "http://www.wonder-geek.com/japanese-style-cast-iron-teapot-liter-p-59973.html" "Mozilla/5.0 (compatible; Bytespider; spider-feedback@bytedance.com) AppleWebKit/537.36 (KHTML, like Gecko) Chrome/70.0.0.0 Safari/537.36"
47.128.19.144 - - [17/Nov/2023:07:12:25 +0100] "GET /images/big_prod/8433933243282.jpg HTTP/1.0" 200 268 "http://www.wonder-geek.com/japanese-style-cast-iron-teapot-liter-p-59973.html" "Mozilla/5.0 (compatible; Bytespider; spider-feedback@bytedance.com) AppleWebKit/537.36 (KHTML, like Gecko) Chrome/70.0.0.0 Safari/537.36"
47.128.19.144 - - [17/Nov/2023:07:12:25 +0100] "GET /swfobject.js HTTP/1.0" 404 1308 "http://www.wonder-geek.com/black-shell-samsung-with-personalized-picture-p-16359.html" "Mozilla/5.0 (compatible; Bytespider; spider-feedback@bytedance.com) AppleWebKit/537.36 (KHTML, like Gecko) Chrome/70.0.0.0 Safari/537.36"
178.150.14.250 - - [17/Nov/2023:07:12:26 +0100] "GET /spiderman-coat-rack-p-18812.html HTTP/1.0" 301 77544 "-" "Mozilla/5.0 (compatible; MJ12bot/v1.4.8; http://mj12bot.com/)"
47.128.19.144 - - [17/Nov/2023:07:12:30 +0100] "GET /highslide/graphics/zoomin.cur HTTP/1.0" 200 614 "http://www.wonder-geek.com/templates/Pixame_v1/stylesheet.css" "Mozilla/5.0 (compatible; Bytespider; spider-feedback@bytedance.com) AppleWebKit/537.36 (KHTML, like Gecko) Chrome/70.0.0.0 Safari/537.36"
47.128.19.144 - - [17/Nov/2023:07:12:32 +0100] "GET /highslide/graphics/outlines/drop-shadow.png HTTP/1.0" 200 277 "http://www.wonder-geek.com/black-shell-samsung-with-personalized-picture-p-16359.html" "Mozilla/5.0 (compatible; Bytespider; spider-feedback@bytedance.com) AppleWebKit/537.36 (KHTML, like Gecko) Chrome/70.0.0.0 Safari/537.36"
47.128.19.144 - - [17/Nov/2023:07:12:32 +0100] "GET /highslide/graphics/zoomout.cur HTTP/1.0" 200 614 "http://www.wonder-geek.com/black-shell-samsung-with-personalized-picture-p-16359.html" "Mozilla/5.0 (compatible; Bytespider; spider-feedback@bytedance.com) AppleWebKit/537.36 (KHTML, like Gecko) Chrome/70.0.0.0 Safari/537.36"
178.150.14.250 - - [17/Nov/2023:07:12:32 +0100] "GET /-p-18812.html HTTP/1.0" 200 77477 "-" "Mozilla/5.0 (compatible; MJ12bot/v1.4.8; http://mj12bot.com/)"
47.128.19.144 - - [17/Nov/2023:07:12:35 +0100] "GET /images/MISES-EN-SITUATION-09.jpg HTTP/1.0" 200 267 "http://www.wonder-geek.com/black-shell-samsung-with-personalized-picture-p-16359.html" "Mozilla/5.0 (compatible; Bytespider; spider-feedback@bytedance.com) AppleWebKit/537.36 (KHTML, like Gecko) Chrome/70.0.0.0 Safari/537.36"
47.128.32.88 - - [17/Nov/2023:07:12:34 +0100] "GET /eeyore-melancholy-bloom-glitter-globe-collection-p-20276.html HTTP/1.0" 200 77665 "-" "Mozilla/5.0 (compatible; Bytespider; spider-feedback@bytedance.com) AppleWebKit/537.36 (KHTML, like Gecko) Chrome/70.0.0.0 Safari/537.36"
47.128.32.88 - - [17/Nov/2023:07:12:37 +0100] "GET /swfobject.js HTTP/1.0" 404 1308 "http://www.wonder-geek.com/eeyore-melancholy-bloom-glitter-globe-collection-p-20276.html" "Mozilla/5.0 (compatible; Bytespider; spider-feedback@bytedance.com) AppleWebKit/537.36 (KHTML, like Gecko) Chrome/70.0.0.0 Safari/537.36"
47.128.57.224 - - [17/Nov/2023:07:12:37 +0100] "GET /swfobject.js HTTP/1.0" 404 1308 "http://www.wonder-geek.com/luggages-schoolbags-leather-shop-c-31.html?page=37" "Mozilla/5.0 (compatible; Bytespider; spider-feedback@bytedance.com) AppleWebKit/537.36 (KHTML, like Gecko) Chrome/70.0.0.0 Safari/537.36"
47.128.57.224 - - [17/Nov/2023:07:12:35 +0100] "GET /luggages-schoolbags-leather-shop-c-31.html?page=37 HTTP/1.0" 200 100416 "-" "Mozilla/5.0 (compatible; Bytespider; spider-feedback@bytedance.com) AppleWebKit/537.36 (KHTML, like Gecko) Chrome/70.0.0.0 Safari/537.36"
47.128.32.88 - - [17/Nov/2023:07:12:38 +0100] "GET /swfobject.js HTTP/1.0" 404 1308 "http://www.wonder-geek.com/eeyore-melancholy-bloom-glitter-globe-collection-p-20276.html" "Mozilla/5.0 (compatible; Bytespider; spider-feedback@bytedance.com) AppleWebKit/537.36 (KHTML, like Gecko) Chrome/70.0.0.0 Safari/537.36"
178.150.14.250 - - [17/Nov/2023:07:12:37 +0100] "GET /spiderman-electro-spider-strike-p-25295.html HTTP/1.0" 301 77544 "-" "Mozilla/5.0 (compatible; MJ12bot/v1.4.8; http://mj12bot.com/)"
47.128.32.88 - - [17/Nov/2023:07:12:41 +0100] "GET /highslide/graphics/outlines/drop-shadow.png HTTP/1.0" 200 277 "http://www.wonder-geek.com/eeyore-melancholy-bloom-glitter-globe-collection-p-20276.html" "Mozilla/5.0 (compatible; Bytespider; spider-feedback@bytedance.com) AppleWebKit/537.36 (KHTML, like Gecko) Chrome/70.0.0.0 Safari/537.36"
47.128.32.88 - - [17/Nov/2023:07:12:41 +0100] "GET /highslide/graphics/zoomout.cur HTTP/1.0" 200 614 "http://www.wonder-geek.com/eeyore-melancholy-bloom-glitter-globe-collection-p-20276.html" "Mozilla/5.0 (compatible; Bytespider; spider-feedback@bytedance.com) AppleWebKit/537.36 (KHTML, like Gecko) Chrome/70.0.0.0 Safari/537.36"
85.208.96.203 - - [17/Nov/2023:07:12:42 +0100] "GET /chicken-oven-glove-p-61255.html?action=add_product HTTP/1.0" 302 476 "-" "Mozilla/5.0 (compatible; SemrushBot/7~bl; +http://www.semrush.com/bot.html)"
47.128.57.224 - - [17/Nov/2023:07:12:43 +0100] "GET /js/jquery.masonry.min.js HTTP/1.0" 200 264 "http://www.wonder-geek.com/luggages-schoolbags-leather-shop-c-31.html?page=37" "Mozilla/5.0 (compatible; Bytespider; spider-feedback@bytedance.com) AppleWebKit/537.36 (KHTML, like Gecko) Chrome/70.0.0.0 Safari/537.36"
47.128.57.224 - - [17/Nov/2023:07:12:43 +0100] "GET /js/jquery.min.js HTTP/1.0" 404 1308 "http://www.wonder-geek.com/luggages-schoolbags-leather-shop-c-31.html?page=37" "Mozilla/5.0 (compatible; Bytespider; spider-feedback@bytedance.com) AppleWebKit/537.36 (KHTML, like Gecko) Chrome/70.0.0.0 Safari/537.36"
47.128.57.224 - - [17/Nov/2023:07:12:44 +0100] "GET /highslide/graphics/outlines/drop-shadow.png HTTP/1.0" 200 277 "http://www.wonder-geek.com/luggages-schoolbags-leather-shop-c-31.html?page=37" "Mozilla/5.0 (compatible; Bytespider; spider-feedback@bytedance.com) AppleWebKit/537.36 (KHTML, like Gecko) Chrome/70.0.0.0 Safari/537.36"
47.128.57.224 - - [17/Nov/2023:07:12:44 +0100] "GET /highslide/graphics/zoomout.cur HTTP/1.0" 200 614 "http://www.wonder-geek.com/luggages-schoolbags-leather-shop-c-31.html?page=37" "Mozilla/5.0 (compatible; Bytespider; spider-feedback@bytedance.com) AppleWebKit/537.36 (KHTML, like Gecko) Chrome/70.0.0.0 Safari/537.36"
207.46.13.116 - - [17/Nov/2023:07:12:42 +0100] "GET /cushions-c-11_71.html HTTP/1.0" 301 99596 "-" "Mozilla/5.0 AppleWebKit/537.36 (KHTML, like Gecko; compatible; bingbot/2.0; +http://www.bing.com/bingbot.htm) Chrome/116.0.1938.76 Safari/537.36"
178.150.14.250 - - [17/Nov/2023:07:12:44 +0100] "GET /-p-25295.html HTTP/1.0" 200 77477 "-" "Mozilla/5.0 (compatible; MJ12bot/v1.4.8; http://mj12bot.com/)"
85.208.96.194 - - [17/Nov/2023:07:12:48 +0100] "GET /decoration-hedgehog-beige-resin-p-45435.html HTTP/1.0" 200 77597 "-" "Mozilla/5.0 (compatible; SemrushBot/7~bl; +http://www.semrush.com/bot.html)"
178.150.14.250 - - [17/Nov/2023:07:12:55 +0100] "GET /spiderman-marvel-kids-school-bag-p-36488.html HTTP/1.0" 301 77544 "-" "Mozilla/5.0 (compatible; MJ12bot/v1.4.8; http://mj12bot.com/)"
178.150.14.250 - - [17/Nov/2023:07:13:01 +0100] "GET /-p-36488.html HTTP/1.0" 200 77477 "-" "Mozilla/5.0 (compatible; MJ12bot/v1.4.8; http://mj12bot.com/)"
178.150.14.250 - - [17/Nov/2023:07:13:08 +0100] "GET /spiderman-marvel-light-p-33160.html HTTP/1.0" 301 77544 "-" "Mozilla/5.0 (compatible; MJ12bot/v1.4.8; http://mj12bot.com/)"
178.150.14.250 - - [17/Nov/2023:07:13:12 +0100] "GET /-p-33160.html HTTP/1.0" 200 77477 "-" "Mozilla/5.0 (compatible; MJ12bot/v1.4.8; http://mj12bot.com/)"
178.150.14.250 - - [17/Nov/2023:07:13:17 +0100] "GET /spiderman-marvel-light-up-led-p-33160.html HTTP/1.0" 301 77544 "-" "Mozilla/5.0 (compatible; MJ12bot/v1.4.8; http://mj12bot.com/)"
17.241.227.227 - - [17/Nov/2023:07:13:24 +0100] "GET /-p-11931.html HTTP/1.0" 200 77477 "-" "Mozilla/5.0 (Macintosh; Intel Mac OS X 10_15_5) AppleWebKit/605.1.15 (KHTML, like Gecko) Version/13.1.1 Safari/605.1.15 (Applebot/0.1; +http://www.apple.com/go/applebot)"
47.128.60.249 - - [17/Nov/2023:07:13:25 +0100] "GET /wooden-boxes-storage-c-13_150_220.html?page=5 HTTP/1.0" 200 90067 "-" "Mozilla/5.0 (compatible; Bytespider; spider-feedback@bytedance.com) AppleWebKit/537.36 (KHTML, like Gecko) Chrome/70.0.0.0 Safari/537.36"
47.128.60.249 - - [17/Nov/2023:07:13:28 +0100] "GET /swfobject.js HTTP/1.0" 404 1308 "http://www.wonder-geek.com/wooden-boxes-storage-c-13_150_220.html?page=5" "Mozilla/5.0 (compatible; Bytespider; spider-feedback@bytedance.com) AppleWebKit/537.36 (KHTML, like Gecko) Chrome/70.0.0.0 Safari/537.36"
178.150.14.250 - - [17/Nov/2023:07:13:26 +0100] "GET /-p-33160.html HTTP/1.0" 200 77477 "-" "Mozilla/5.0 (compatible; MJ12bot/v1.4.8; http://mj12bot.com/)"
47.128.60.249 - - [17/Nov/2023:07:13:34 +0100] "GET /js/jquery.min.js HTTP/1.0" 404 1308 "http://www.wonder-geek.com/wooden-boxes-storage-c-13_150_220.html?page=5" "Mozilla/5.0 (compatible; Bytespider; spider-feedback@bytedance.com) AppleWebKit/537.36 (KHTML, like Gecko) Chrome/70.0.0.0 Safari/537.36"
178.150.14.250 - - [17/Nov/2023:07:13:34 +0100] "GET /spiderman-marvel-small-box-p-26794.html HTTP/1.0" 301 77544 "-" "Mozilla/5.0 (compatible; MJ12bot/v1.4.8; http://mj12bot.com/)"
178.150.14.250 - - [17/Nov/2023:07:13:39 +0100] "GET /-p-26794.html HTTP/1.0" 200 77477 "-" "Mozilla/5.0 (compatible; MJ12bot/v1.4.8; http://mj12bot.com/)"
178.150.14.250 - - [17/Nov/2023:07:13:44 +0100] "GET /spiderman-mug-p-29505.html HTTP/1.0" 301 77544 "-" "Mozilla/5.0 (compatible; MJ12bot/v1.4.8; http://mj12bot.com/)"
54.36.148.102 - - [17/Nov/2023:07:13:44 +0100] "GET /olive-ceramic-p-54507.html HTTP/1.0" 200 79777 "-" "Mozilla/5.0 (compatible; AhrefsBot/7.0; +http://ahrefs.com/robot/)"
54.36.149.88 - - [17/Nov/2023:07:13:47 +0100] "GET /images/big_prod/3503420099953.jpg HTTP/1.0" 200 268 "-" "Mozilla/5.0 (compatible; AhrefsBot/7.0; +http://ahrefs.com/robot/)"
185.191.171.19 - - [17/Nov/2023:07:13:46 +0100] "GET /-p-41680.html HTTP/1.0" 200 77477 "-" "Mozilla/5.0 (compatible; SemrushBot/7~bl; +http://www.semrush.com/bot.html)"
