195.191.219.130 - - [17/Nov/2023:06:14:26 +0100] "GET /-p-13585.html HTTP/1.0" 200 77477 "-" "Mozilla/5.0 (compatible; MJ12bot/v1.4.8; http://mj12bot.com/)"
178.150.14.250 - - [17/Nov/2023:06:14:29 +0100] "GET /robots.txt HTTP/1.0" 200 245 "-" "Mozilla/5.0 (compatible; MJ12bot/v1.4.8; http://mj12bot.com/)"
195.191.219.130 - - [17/Nov/2023:06:14:29 +0100] "GET /-p-13589.html HTTP/1.0" 200 77477 "-" "Mozilla/5.0 (compatible; MJ12bot/v1.4.8; http://mj12bot.com/)"
195.191.219.130 - - [17/Nov/2023:06:14:32 +0100] "GET /-p-13590.html HTTP/1.0" 200 77477 "-" "Mozilla/5.0 (compatible; MJ12bot/v1.4.8; http://mj12bot.com/)"
185.191.171.7 - - [17/Nov/2023:06:14:33 +0100] "GET /dishes-c-12.html?page=27 HTTP/1.0" 200 98506 "-" "Mozilla/5.0 (compatible; SemrushBot/7~bl; +http://www.semrush.com/bot.html)"
178.150.14.250 - - [17/Nov/2023:06:14:33 +0100] "GET /-c-42.html?page=1 HTTP/1.0" 200 76174 "-" "Mozilla/5.0 (compatible; MJ12bot/v1.4.8; http://mj12bot.com/)"
195.191.219.130 - - [17/Nov/2023:06:14:36 +0100] "GET /-p-13602.html HTTP/1.0" 200 77477 "-" "Mozilla/5.0 (compatible; MJ12bot/v1.4.8; http://mj12bot.com/)"
218.188.41.122 - - [17/Nov/2023:06:14:35 +0100] "GET /tinted-candle-mass-salmon-color-p-48921.html HTTP/1.0" 200 77579 "-" "Mozilla/5.0 (compatible; MJ12bot/v1.4.8; http://mj12bot.com/)"
85.208.96.212 - - [17/Nov/2023:06:14:37 +0100] "GET /-p-34415.html HTTP/1.0" 200 77477 "-" "Mozilla/5.0 (compatible; SemrushBot/7~bl; +http://www.semrush.com/bot.html)"
195.191.219.130 - - [17/Nov/2023:06:14:38 +0100] "GET /-p-13605.html HTTP/1.0" 200 77477 "-" "Mozilla/5.0 (compatible; MJ12bot/v1.4.8; http://mj12bot.com/)"
195.191.219.130 - - [17/Nov/2023:06:14:41 +0100] "GET /-p-13606.html HTTP/1.0" 200 77477 "-" "Mozilla/5.0 (compatible; MJ12bot/v1.4.8; http://mj12bot.com/)"
178.150.14.250 - - [17/Nov/2023:06:14:42 +0100] "GET /-c-42.html?page=2 HTTP/1.0" 200 76174 "-" "Mozilla/5.0 (compatible; MJ12bot/v1.4.8; http://mj12bot.com/)"
195.191.219.130 - - [17/Nov/2023:06:14:45 +0100] "GET /-p-13607.html HTTP/1.0" 200 77477 "-" "Mozilla/5.0 (compatible; MJ12bot/v1.4.8; http://mj12bot.com/)"
17.241.75.172 - - [17/Nov/2023:06:14:46 +0100] "GET /batman-polar-blanket-p-31997.html HTTP/1.0" 200 77547 "-" "Mozilla/5.0 (Macintosh; Intel Mac OS X 10_15_5) AppleWebKit/605.1.15 (KHTML, like Gecko) Version/13.1.1 Safari/605.1.15 (Applebot/0.1; +http://www.apple.com/go/applebot)"
178.150.14.250 - - [17/Nov/2023:06:14:47 +0100] "GET /-p-1191.html HTTP/1.0" 200 77475 "-" "Mozilla/5.0 (compatible; MJ12bot/v1.4.8; http://mj12bot.com/)"
54.36.149.82 - - [17/Nov/2023:06:14:47 +0100] "GET /japanese-style-cast-iron-teapot-liter-p-59967.html HTTP/1.0" 200 81055 "-" "Mozilla/5.0 (compatible; AhrefsBot/7.0; +http://ahrefs.com/robot/)"
195.191.219.130 - - [17/Nov/2023:06:14:48 +0100] "GET /-p-13609.html HTTP/1.0" 200 77477 "-" "Mozilla/5.0 (compatible; MJ12bot/v1.4.8; http://mj12bot.com/)"
195.191.219.130 - - [17/Nov/2023:06:14:52 +0100] "GET /-p-13610.html HTTP/1.0" 200 77477 "-" "Mozilla/5.0 (compatible; MJ12bot/v1.4.8; http://mj12bot.com/)"
178.150.14.250 - - [17/Nov/2023:06:14:54 +0100] "GET /-p-11928.html HTTP/1.0" 200 77477 "-" "Mozilla/5.0 (compatible; MJ12bot/v1.4.8; http://mj12bot.com/)"
195.191.219.130 - - [17/Nov/2023:06:14:55 +0100] "GET /-p-13611.html HTTP/1.0" 200 77477 "-" "Mozilla/5.0 (compatible; MJ12bot/v1.4.8; http://mj12bot.com/)"
218.188.41.122 - - [17/Nov/2023:06:14:57 +0100] "GET /tinted-candle-mass-white-p-48919.html HTTP/1.0" 200 77565 "-" "Mozilla/5.0 (compatible; MJ12bot/v1.4.8; http://mj12bot.com/)"
195.191.219.130 - - [17/Nov/2023:06:14:58 +0100] "GET /-p-13613.html HTTP/1.0" 200 77477 "-" "Mozilla/5.0 (compatible; MJ12bot/v1.4.8; http://mj12bot.com/)"
195.191.219.130 - - [17/Nov/2023:06:15:01 +0100] "GET /-p-13639.html HTTP/1.0" 200 77477 "-" "Mozilla/5.0 (compatible; MJ12bot/v1.4.8; http://mj12bot.com/)"
178.150.14.250 - - [17/Nov/2023:06:15:03 +0100] "GET /-p-11929.html HTTP/1.0" 200 77477 "-" "Mozilla/5.0 (compatible; MJ12bot/v1.4.8; http://mj12bot.com/)"
195.191.219.130 - - [17/Nov/2023:06:15:05 +0100] "GET /-p-1365.html HTTP/1.0" 200 77475 "-" "Mozilla/5.0 (compatible; MJ12bot/v1.4.8; http://mj12bot.com/)"
195.191.219.130 - - [17/Nov/2023:06:15:08 +0100] "GET /-p-13656.html HTTP/1.0" 200 77477 "-" "Mozilla/5.0 (compatible; MJ12bot/v1.4.8; http://mj12bot.com/)"
218.188.41.122 - - [17/Nov/2023:06:15:09 +0100] "GET /titeuf-foam-wall-stickers-p-4569.html HTTP/1.0" 200 77591 "-" "Mozilla/5.0 (compatible; MJ12bot/v1.4.8; http://mj12bot.com/)"
195.191.219.130 - - [17/Nov/2023:06:15:12 +0100] "GET /-p-13659.html HTTP/1.0" 200 77477 "-" "Mozilla/5.0 (compatible; MJ12bot/v1.4.8; http://mj12bot.com/)"
178.150.14.250 - - [17/Nov/2023:06:15:12 +0100] "GET /-p-11933.html HTTP/1.0" 200 77477 "-" "Mozilla/5.0 (compatible; MJ12bot/v1.4.8; http://mj12bot.com/)"
195.191.219.130 - - [17/Nov/2023:06:15:15 +0100] "GET /-p-1366.html HTTP/1.0" 200 77475 "-" "Mozilla/5.0 (compatible; MJ12bot/v1.4.8; http://mj12bot.com/)"
218.188.41.122 - - [17/Nov/2023:06:15:17 +0100] "GET /toilet-brush-p-45522.html HTTP/1.0" 200 77515 "-" "Mozilla/5.0 (compatible; MJ12bot/v1.4.8; http://mj12bot.com/)"
195.191.219.130 - - [17/Nov/2023:06:15:19 +0100] "GET /-p-13661.html HTTP/1.0" 200 77477 "-" "Mozilla/5.0 (compatible; MJ12bot/v1.4.8; http://mj12bot.com/)"
178.150.14.250 - - [17/Nov/2023:06:15:20 +0100] "GET /-p-11951.html HTTP/1.0" 200 77477 "-" "Mozilla/5.0 (compatible; MJ12bot/v1.4.8; http://mj12bot.com/)"
43.153.193.226 - - [17/Nov/2023:06:15:23 +0100] "GET /images/mini_prod/3661443603141.jpg HTTP/1.0" 200 269 "-" "Mozilla/5.0 (Windows NT 10.0; Win64; x64) AppleWebKit/537.36 (KHTML, like Gecko) Chrome/103.0.0.0 Safari/537.36"
195.191.219.130 - - [17/Nov/2023:06:15:23 +0100] "GET /-p-13664.html HTTP/1.0" 200 77477 "-" "Mozilla/5.0 (compatible; MJ12bot/v1.4.8; http://mj12bot.com/)"
218.188.41.122 - - [17/Nov/2023:06:15:24 +0100] "GET /tooth-glass-paris-eau-de-parfum-p-37460.html HTTP/1.0" 301 80013 "-" "Mozilla/5.0 (compatible; MJ12bot/v1.4.8; http://mj12bot.com/)"
178.150.14.250 - - [17/Nov/2023:06:15:26 +0100] "GET /-p-1196.html HTTP/1.0" 200 77475 "-" "Mozilla/5.0 (compatible; MJ12bot/v1.4.8; http://mj12bot.com/)"
195.191.219.130 - - [17/Nov/2023:06:15:26 +0100] "GET /-p-13669.html HTTP/1.0" 200 77477 "-" "Mozilla/5.0 (compatible; MJ12bot/v1.4.8; http://mj12bot.com/)"
185.191.171.6 - - [17/Nov/2023:06:15:28 +0100] "GET /magnet-relief-little-prince-exupery-p-49210.html HTTP/1.0" 200 80617 "-" "Mozilla/5.0 (compatible; SemrushBot/7~bl; +http://www.semrush.com/bot.html)"
195.191.219.130 - - [17/Nov/2023:06:15:29 +0100] "GET /-p-1367.html HTTP/1.0" 200 77475 "-" "Mozilla/5.0 (compatible; MJ12bot/v1.4.8; http://mj12bot.com/)"
178.150.14.250 - - [17/Nov/2023:06:15:33 +0100] "GET /-p-12003.html HTTP/1.0" 200 77477 "-" "Mozilla/5.0 (compatible; MJ12bot/v1.4.8; http://mj12bot.com/)"
195.191.219.130 - - [17/Nov/2023:06:15:33 +0100] "GET /-p-13671.html HTTP/1.0" 200 77477 "-" "Mozilla/5.0 (compatible; MJ12bot/v1.4.8; http://mj12bot.com/)"
218.188.41.122 - - [17/Nov/2023:06:15:33 +0100] "GET /tooth-glass-paris-parfum-p-37460.html HTTP/1.0" 200 79922 "-" "Mozilla/5.0 (compatible; MJ12bot/v1.4.8; http://mj12bot.com/)"
195.191.219.130 - - [17/Nov/2023:06:15:36 +0100] "GET /-p-13688.html HTTP/1.0" 200 77477 "-" "Mozilla/5.0 (compatible; MJ12bot/v1.4.8; http://mj12bot.com/)"
85.208.96.203 - - [17/Nov/2023:06:15:39 +0100] "GET /-p-39576.html HTTP/1.0" 200 77477 "-" "Mozilla/5.0 (compatible; SemrushBot/7~bl; +http://www.semrush.com/bot.html)"
195.191.219.130 - - [17/Nov/2023:06:15:40 +0100] "GET /-p-13849.html HTTP/1.0" 200 77477 "-" "Mozilla/5.0 (compatible; MJ12bot/v1.4.8; http://mj12bot.com/)"
40.77.167.7 - - [17/Nov/2023:06:15:41 +0100] "GET /scent-heart-home-ocean-sapphire-p-51071.html HTTP/1.0" 200 80369 "-" "Mozilla/5.0 AppleWebKit/537.36 (KHTML, like Gecko; compatible; bingbot/2.0; +http://www.bing.com/bingbot.htm) Chrome/116.0.1938.76 Safari/537.36"
43.134.127.63 - - [17/Nov/2023:06:15:43 +0100] "GET /images/mini_prod/070209_191201_PEEL_gnVzFs.jpg HTTP/1.0" 200 281 "-" "Mozilla/5.0 (Windows NT 10.0; Win64; x64) AppleWebKit/537.36 (KHTML, like Gecko) Chrome/103.0.0.0 Safari/537.36"
178.150.14.250 - - [17/Nov/2023:06:15:42 +0100] "GET /-p-12016.html HTTP/1.0" 200 77477 "-" "Mozilla/5.0 (compatible; MJ12bot/v1.4.8; http://mj12bot.com/)"
218.188.41.122 - - [17/Nov/2023:06:15:43 +0100] "GET /tooth-glass-paris-parfum-p-37460.html HTTP/1.0" 200 79922 "-" "Mozilla/5.0 (compatible; MJ12bot/v1.4.8; http://mj12bot.com/)"
195.191.219.130 - - [17/Nov/2023:06:15:43 +0100] "GET /-p-13875.html HTTP/1.0" 200 77477 "-" "Mozilla/5.0 (compatible; MJ12bot/v1.4.8; http://mj12bot.com/)"
195.191.219.130 - - [17/Nov/2023:06:15:46 +0100] "GET /-p-13883.html HTTP/1.0" 200 77477 "-" "Mozilla/5.0 (compatible; MJ12bot/v1.4.8; http://mj12bot.com/)"
195.191.219.130 - - [17/Nov/2023:06:15:49 +0100] "GET /-p-13899.html HTTP/1.0" 200 77477 "-" "Mozilla/5.0 (compatible; MJ12bot/v1.4.8; http://mj12bot.com/)"
195.191.219.130 - - [17/Nov/2023:06:15:52 +0100] "GET /-p-13902.html HTTP/1.0" 200 77477 "-" "Mozilla/5.0 (compatible; MJ12bot/v1.4.8; http://mj12bot.com/)"
218.188.41.122 - - [17/Nov/2023:06:15:53 +0100] "GET /toothbrush-holder-for-girl-p-24910.html HTTP/1.0" 301 77544 "-" "Mozilla/5.0 (compatible; MJ12bot/v1.4.8; http://mj12bot.com/)"
178.150.14.250 - - [17/Nov/2023:06:15:55 +0100] "GET /-p-12018.html HTTP/1.0" 200 77477 "-" "Mozilla/5.0 (compatible; MJ12bot/v1.4.8; http://mj12bot.com/)"
195.191.219.130 - - [17/Nov/2023:06:15:56 +0100] "GET /-p-13903.html HTTP/1.0" 200 77477 "-" "Mozilla/5.0 (compatible; MJ12bot/v1.4.8; http://mj12bot.com/)"
185.191.171.3 - - [17/Nov/2023:06:15:57 +0100] "GET /-p-37721.html HTTP/1.0" 200 77477 "-" "Mozilla/5.0 (compatible; SemrushBot/7~bl; +http://www.semrush.com/bot.html)"
195.191.219.130 - - [17/Nov/2023:06:15:59 +0100] "GET /-p-13904.html HTTP/1.0" 200 77477 "-" "Mozilla/5.0 (compatible; MJ12bot/v1.4.8; http://mj12bot.com/)"
85.208.96.212 - - [17/Nov/2023:06:16:00 +0100] "GET /adhesive-roll-wood-p-53555.html HTTP/1.0" 200 80695 "-" "Mozilla/5.0 (compatible; SemrushBot/7~bl; +http://www.semrush.com/bot.html)"
178.150.14.250 - - [17/Nov/2023:06:16:01 +0100] "GET /-p-12022.html HTTP/1.0" 200 77477 "-" "Mozilla/5.0 (compatible; MJ12bot/v1.4.8; http://mj12bot.com/)"
195.191.219.130 - - [17/Nov/2023:06:16:02 +0100] "GET /-p-13905.html HTTP/1.0" 200 77477 "-" "Mozilla/5.0 (compatible; MJ12bot/v1.4.8; http://mj12bot.com/)"
218.188.41.122 - - [17/Nov/2023:06:16:03 +0100] "GET /-p-24910.html HTTP/1.0" 200 77477 "-" "Mozilla/5.0 (compatible; MJ12bot/v1.4.8; http://mj12bot.com/)"
85.208.96.206 - - [17/Nov/2023:06:16:04 +0100] "GET /harley-davidson-eagle-zippo-lighter-p-27292.html HTTP/1.0" 200 80403 "-" "Mozilla/5.0 (compatible; SemrushBot/7~bl; +http://www.semrush.com/bot.html)"
195.191.219.130 - - [17/Nov/2023:06:16:05 +0100] "GET /-p-13906.html HTTP/1.0" 200 77477 "-" "Mozilla/5.0 (compatible; MJ12bot/v1.4.8; http://mj12bot.com/)"
195.191.219.130 - - [17/Nov/2023:06:16:08 +0100] "GET /-p-13908.html HTTP/1.0" 200 77477 "-" "Mozilla/5.0 (compatible; MJ12bot/v1.4.8; http://mj12bot.com/)"
178.150.14.250 - - [17/Nov/2023:06:16:08 +0100] "GET /-p-12024.html HTTP/1.0" 200 77477 "-" "Mozilla/5.0 (compatible; MJ12bot/v1.4.8; http://mj12bot.com/)"
195.191.219.130 - - [17/Nov/2023:06:16:11 +0100] "GET /-p-13909.html HTTP/1.0" 200 77477 "-" "Mozilla/5.0 (compatible; MJ12bot/v1.4.8; http://mj12bot.com/)"
218.188.41.122 - - [17/Nov/2023:06:16:13 +0100] "GET /top-model-fantasy-cat-brush-p-33976.html HTTP/1.0" 301 77544 "-" "Mozilla/5.0 (compatible; MJ12bot/v1.4.8; http://mj12bot.com/)"
195.191.219.130 - - [17/Nov/2023:06:16:14 +0100] "GET /-p-13910.html HTTP/1.0" 200 77477 "-" "Mozilla/5.0 (compatible; MJ12bot/v1.4.8; http://mj12bot.com/)"
85.208.96.209 - - [17/Nov/2023:06:16:16 +0100] "GET /minnie-mouse-travel-journal-p-26052.html HTTP/1.0" 200 79987 "-" "Mozilla/5.0 (compatible; SemrushBot/7~bl; +http://www.semrush.com/bot.html)"
43.156.250.197 - - [17/Nov/2023:06:16:18 +0100] "GET /images/mini_prod/3565750148312.jpg HTTP/1.0" 200 269 "-" "Mozilla/5.0 (Windows NT 10.0; Win64; x64) AppleWebKit/537.36 (KHTML, like Gecko) Chrome/103.0.0.0 Safari/537.36"
195.191.219.130 - - [17/Nov/2023:06:16:17 +0100] "GET /-p-13911.html HTTP/1.0" 200 77477 "-" "Mozilla/5.0 (compatible; MJ12bot/v1.4.8; http://mj12bot.com/)"
178.150.14.250 - - [17/Nov/2023:06:16:20 +0100] "GET /-p-12031.html HTTP/1.0" 200 77477 "-" "Mozilla/5.0 (compatible; MJ12bot/v1.4.8; http://mj12bot.com/)"
195.191.219.130 - - [17/Nov/2023:06:16:21 +0100] "GET /-p-13912.html HTTP/1.0" 200 77477 "-" "Mozilla/5.0 (compatible; MJ12bot/v1.4.8; http://mj12bot.com/)"
218.188.41.122 - - [17/Nov/2023:06:16:21 +0100] "GET /-p-33976.html HTTP/1.0" 200 77477 "-" "Mozilla/5.0 (compatible; MJ12bot/v1.4.8; http://mj12bot.com/)"
195.191.219.130 - - [17/Nov/2023:06:16:24 +0100] "GET /-p-13913.html HTTP/1.0" 200 77477 "-" "Mozilla/5.0 (compatible; MJ12bot/v1.4.8; http://mj12bot.com/)"
178.150.14.250 - - [17/Nov/2023:06:16:24 +0100] "GET /-p-1206.html HTTP/1.0" 200 77475 "-" "Mozilla/5.0 (compatible; MJ12bot/v1.4.8; http://mj12bot.com/)"
195.191.219.130 - - [17/Nov/2023:06:16:27 +0100] "GET /-p-13927.html HTTP/1.0" 200 77477 "-" "Mozilla/5.0 (compatible; MJ12bot/v1.4.8; http://mj12bot.com/)"
54.36.148.12 - - [17/Nov/2023:06:16:28 +0100] "GET /mango-board-p-47439.html HTTP/1.0" 200 77545 "-" "Mozilla/5.0 (compatible; AhrefsBot/7.0; +http://ahrefs.com/robot/)"
195.191.219.130 - - [17/Nov/2023:06:16:30 +0100] "GET /-p-1400.html HTTP/1.0" 200 77475 "-" "Mozilla/5.0 (compatible; MJ12bot/v1.4.8; http://mj12bot.com/)"
218.188.41.122 - - [17/Nov/2023:06:16:33 +0100] "GET /top-model-fantasy-fawn-brush-p-33977.html HTTP/1.0" 301 77544 "-" "Mozilla/5.0 (compatible; MJ12bot/v1.4.8; http://mj12bot.com/)"
195.191.219.130 - - [17/Nov/2023:06:16:33 +0100] "GET /-p-14004.html HTTP/1.0" 200 77477 "-" "Mozilla/5.0 (compatible; MJ12bot/v1.4.8; http://mj12bot.com/)"
195.191.219.130 - - [17/Nov/2023:06:16:36 +0100] "GET /-p-1402.html HTTP/1.0" 200 77475 "-" "Mozilla/5.0 (compatible; MJ12bot/v1.4.8; http://mj12bot.com/)"
178.150.14.250 - - [17/Nov/2023:06:16:36 +0100] "GET /-p-12234.html HTTP/1.0" 200 77477 "-" "Mozilla/5.0 (compatible; MJ12bot/v1.4.8; http://mj12bot.com/)"
195.191.219.130 - - [17/Nov/2023:06:16:39 +0100] "GET /-p-1403.html HTTP/1.0" 200 77475 "-" "Mozilla/5.0 (compatible; MJ12bot/v1.4.8; http://mj12bot.com/)"
195.191.219.130 - - [17/Nov/2023:06:16:42 +0100] "GET /-p-14032.html HTTP/1.0" 200 77477 "-" "Mozilla/5.0 (compatible; MJ12bot/v1.4.8; http://mj12bot.com/)"
218.188.41.122 - - [17/Nov/2023:06:16:43 +0100] "GET /-p-33977.html HTTP/1.0" 200 77477 "-" "Mozilla/5.0 (compatible; MJ12bot/v1.4.8; http://mj12bot.com/)"
195.191.219.130 - - [17/Nov/2023:06:16:45 +0100] "GET /-p-14034.html HTTP/1.0" 200 77477 "-" "Mozilla/5.0 (compatible; MJ12bot/v1.4.8; http://mj12bot.com/)"
178.150.14.250 - - [17/Nov/2023:06:16:46 +0100] "GET /-p-12247.html HTTP/1.0" 200 77477 "-" "Mozilla/5.0 (compatible; MJ12bot/v1.4.8; http://mj12bot.com/)"
195.191.219.130 - - [17/Nov/2023:06:16:48 +0100] "GET /-p-14036.html HTTP/1.0" 200 77477 "-" "Mozilla/5.0 (compatible; MJ12bot/v1.4.8; http://mj12bot.com/)"
218.188.41.122 - - [17/Nov/2023:06:16:51 +0100] "GET /top-model-fantasy-unicorn-brush-p-33975.html HTTP/1.0" 301 77709 "-" "Mozilla/5.0 (compatible; MJ12bot/v1.4.8; http://mj12bot.com/)"
195.191.219.130 - - [17/Nov/2023:06:16:51 +0100] "GET /-p-14037.html HTTP/1.0" 200 77477 "-" "Mozilla/5.0 (compatible; MJ12bot/v1.4.8; http://mj12bot.com/)"
178.150.14.250 - - [17/Nov/2023:06:16:54 +0100] "GET /-p-12519.html HTTP/1.0" 200 77477 "-" "Mozilla/5.0 (compatible; MJ12bot/v1.4.8; http://mj12bot.com/)"
195.191.219.130 - - [17/Nov/2023:06:16:55 +0100] "GET /-p-1404.html HTTP/1.0" 200 77475 "-" "Mozilla/5.0 (compatible; MJ12bot/v1.4.8; http://mj12bot.com/)"
43.134.105.37 - - [17/Nov/2023:06:16:58 +0100] "GET /images/mini_prod/1186747043179.jpg HTTP/1.0" 200 269 "-" "Mozilla/5.0 (Windows NT 10.0; Win64; x64) AppleWebKit/537.36 (KHTML, like Gecko) Chrome/103.0.0.0 Safari/537.36"
195.191.219.130 - - [17/Nov/2023:06:16:58 +0100] "GET /-p-14041.html HTTP/1.0" 200 77477 "-" "Mozilla/5.0 (compatible; MJ12bot/v1.4.8; http://mj12bot.com/)"
178.150.14.250 - - [17/Nov/2023:06:16:59 +0100] "GET /-p-12601.html HTTP/1.0" 200 77477 "-" "Mozilla/5.0 (compatible; MJ12bot/v1.4.8; http://mj12bot.com/)"
195.191.219.130 - - [17/Nov/2023:06:17:01 +0100] "GET /-p-14044.html HTTP/1.0" 200 77477 "-" "Mozilla/5.0 (compatible; MJ12bot/v1.4.8; http://mj12bot.com/)"
218.188.41.122 - - [17/Nov/2023:06:17:02 +0100] "GET /model-fantasy-unicorn-brush-p-33975.html HTTP/1.0" 200 77615 "-" "Mozilla/5.0 (compatible; MJ12bot/v1.4.8; http://mj12bot.com/)"
185.191.171.5 - - [17/Nov/2023:06:17:02 +0100] "GET /marvel-avengers-large-backpack-p-30759.html HTTP/1.0" 200 77587 "-" "Mozilla/5.0 (compatible; SemrushBot/7~bl; +http://www.semrush.com/bot.html)"
195.191.219.130 - - [17/Nov/2023:06:17:04 +0100] "GET /-p-14045.html HTTP/1.0" 200 77477 "-" "Mozilla/5.0 (compatible; MJ12bot/v1.4.8; http://mj12bot.com/)"
195.191.219.130 - - [17/Nov/2023:06:17:08 +0100] "GET /-p-14062.html HTTP/1.0" 200 77477 "-" "Mozilla/5.0 (compatible; MJ12bot/v1.4.8; http://mj12bot.com/)"
218.188.41.122 - - [17/Nov/2023:06:17:10 +0100] "GET /totem-resin-skeletons-hear-p-42772.html HTTP/1.0" 200 77634 "-" "Mozilla/5.0 (compatible; MJ12bot/v1.4.8; http://mj12bot.com/)"
178.150.14.250 - - [17/Nov/2023:06:17:10 +0100] "GET /-p-12616.html HTTP/1.0" 200 77477 "-" "Mozilla/5.0 (compatible; MJ12bot/v1.4.8; http://mj12bot.com/)"
195.191.219.130 - - [17/Nov/2023:06:17:11 +0100] "GET /-p-1408.html HTTP/1.0" 200 77475 "-" "Mozilla/5.0 (compatible; MJ12bot/v1.4.8; http://mj12bot.com/)"
85.208.96.206 - - [17/Nov/2023:06:17:13 +0100] "GET /wallet-c-31_237.html HTTP/1.0" 200 98239 "-" "Mozilla/5.0 (compatible; SemrushBot/7~bl; +http://www.semrush.com/bot.html)"
195.191.219.130 - - [17/Nov/2023:06:17:15 +0100] "GET /-p-14086.html HTTP/1.0" 200 77477 "-" "Mozilla/5.0 (compatible; MJ12bot/v1.4.8; http://mj12bot.com/)"
85.208.96.207 - - [17/Nov/2023:06:17:16 +0100] "GET /barbamama-birth-barbabib-p-16320.html HTTP/1.0" 200 80071 "-" "Mozilla/5.0 (compatible; SemrushBot/7~bl; +http://www.semrush.com/bot.html)"
178.150.14.250 - - [17/Nov/2023:06:17:18 +0100] "GET /-p-12645.html HTTP/1.0" 200 77477 "-" "Mozilla/5.0 (compatible; MJ12bot/v1.4.8; http://mj12bot.com/)"
195.191.219.130 - - [17/Nov/2023:06:17:18 +0100] "GET /-p-14088.html HTTP/1.0" 200 77477 "-" "Mozilla/5.0 (compatible; MJ12bot/v1.4.8; http://mj12bot.com/)"
218.188.41.122 - - [17/Nov/2023:06:17:18 +0100] "GET /totem-resin-skeletons-say-see-hear-p-42772.html HTTP/1.0" 301 77727 "-" "Mozilla/5.0 (compatible; MJ12bot/v1.4.8; http://mj12bot.com/)"
195.191.219.130 - - [17/Nov/2023:06:17:21 +0100] "GET /-p-1410.html HTTP/1.0" 200 77475 "-" "Mozilla/5.0 (compatible; MJ12bot/v1.4.8; http://mj12bot.com/)"
195.191.219.130 - - [17/Nov/2023:06:17:24 +0100] "GET /-p-14106.html HTTP/1.0" 200 77477 "-" "Mozilla/5.0 (compatible; MJ12bot/v1.4.8; http://mj12bot.com/)"
218.188.41.122 - - [17/Nov/2023:06:17:27 +0100] "GET /totem-resin-skeletons-hear-p-42772.html HTTP/1.0" 200 77634 "-" "Mozilla/5.0 (compatible; MJ12bot/v1.4.8; http://mj12bot.com/)"
195.191.219.130 - - [17/Nov/2023:06:17:27 +0100] "GET /-p-14125.html HTTP/1.0" 200 77477 "-" "Mozilla/5.0 (compatible; MJ12bot/v1.4.8; http://mj12bot.com/)"
178.150.14.250 - - [17/Nov/2023:06:17:28 +0100] "GET /-p-12685.html HTTP/1.0" 200 77477 "-" "Mozilla/5.0 (compatible; MJ12bot/v1.4.8; http://mj12bot.com/)"
195.191.219.130 - - [17/Nov/2023:06:17:31 +0100] "GET /-p-1413.html HTTP/1.0" 200 77475 "-" "Mozilla/5.0 (compatible; MJ12bot/v1.4.8; http://mj12bot.com/)"
178.150.14.250 - - [17/Nov/2023:06:17:33 +0100] "GET /-p-12728.html HTTP/1.0" 200 77477 "-" "Mozilla/5.0 (compatible; MJ12bot/v1.4.8; http://mj12bot.com/)"
195.191.219.130 - - [17/Nov/2023:06:17:34 +0100] "GET /-p-14204.html HTTP/1.0" 200 77477 "-" "Mozilla/5.0 (compatible; MJ12bot/v1.4.8; http://mj12bot.com/)"
195.191.219.130 - - [17/Nov/2023:06:17:37 +0100] "GET /-p-14205.html HTTP/1.0" 200 77477 "-" "Mozilla/5.0 (compatible; MJ12bot/v1.4.8; http://mj12bot.com/)"
218.188.41.122 - - [17/Nov/2023:06:17:37 +0100] "GET /toucan-money-box-12-cm-red-p-47936.html HTTP/1.0" 301 77637 "-" "Mozilla/5.0 (compatible; MJ12bot/v1.4.8; http://mj12bot.com/)"
195.191.219.130 - - [17/Nov/2023:06:17:40 +0100] "GET /-p-14206.html HTTP/1.0" 200 77477 "-" "Mozilla/5.0 (compatible; MJ12bot/v1.4.8; http://mj12bot.com/)"
40.77.167.7 - - [17/Nov/2023:06:17:39 +0100] "GET /barbapapa-m-7.html HTTP/1.0" 200 97813 "-" "Mozilla/5.0 AppleWebKit/537.36 (KHTML, like Gecko; compatible; bingbot/2.0; +http://www.bing.com/bingbot.htm) Chrome/116.0.1938.76 Safari/537.36"
195.191.219.130 - - [17/Nov/2023:06:17:43 +0100] "GET /-p-14208.html HTTP/1.0" 200 77477 "-" "Mozilla/5.0 (compatible; MJ12bot/v1.4.8; http://mj12bot.com/)"
218.188.41.122 - - [17/Nov/2023:06:17:46 +0100] "GET /toucan-money-p-47936.html HTTP/1.0" 200 77558 "-" "Mozilla/5.0 (compatible; MJ12bot/v1.4.8; http://mj12bot.com/)"
195.191.219.130 - - [17/Nov/2023:06:17:46 +0100] "GET /-p-14211.html HTTP/1.0" 200 77477 "-" "Mozilla/5.0 (compatible; MJ12bot/v1.4.8; http://mj12bot.com/)"
178.150.14.250 - - [17/Nov/2023:06:17:48 +0100] "GET /-p-12751.html HTTP/1.0" 200 77477 "-" "Mozilla/5.0 (compatible; MJ12bot/v1.4.8; http://mj12bot.com/)"
195.191.219.130 - - [17/Nov/2023:06:17:50 +0100] "GET /-p-14212.html HTTP/1.0" 200 77477 "-" "Mozilla/5.0 (compatible; MJ12bot/v1.4.8; http://mj12bot.com/)"
195.191.219.130 - - [17/Nov/2023:06:17:53 +0100] "GET /-p-14213.html HTTP/1.0" 200 77477 "-" "Mozilla/5.0 (compatible; MJ12bot/v1.4.8; http://mj12bot.com/)"
218.188.41.122 - - [17/Nov/2023:06:17:56 +0100] "GET /toucan-money-p-47936.html HTTP/1.0" 200 77558 "-" "Mozilla/5.0 (compatible; MJ12bot/v1.4.8; http://mj12bot.com/)"
195.191.219.130 - - [17/Nov/2023:06:17:56 +0100] "GET /-p-14218.html HTTP/1.0" 200 77477 "-" "Mozilla/5.0 (compatible; MJ12bot/v1.4.8; http://mj12bot.com/)"
178.150.14.250 - - [17/Nov/2023:06:17:57 +0100] "GET /-p-12776.html HTTP/1.0" 200 77477 "-" "Mozilla/5.0 (compatible; MJ12bot/v1.4.8; http://mj12bot.com/)"
195.191.219.130 - - [17/Nov/2023:06:17:59 +0100] "GET /-p-14221.html HTTP/1.0" 200 77477 "-" "Mozilla/5.0 (compatible; MJ12bot/v1.4.8; http://mj12bot.com/)"
3.80.254.140 - - [17/Nov/2023:06:18:03 +0100] "GET /robots.txt HTTP/1.0" 200 245 "-" "ClaudeBot"
195.191.219.130 - - [17/Nov/2023:06:18:03 +0100] "GET /-p-14222.html HTTP/1.0" 200 77477 "-" "Mozilla/5.0 (compatible; MJ12bot/v1.4.8; http://mj12bot.com/)"
3.224.220.101 - - [17/Nov/2023:06:18:03 +0100] "GET /mattress-cover-c-11_197.html HTTP/1.0" 200 83787 "-" "Mozilla/5.0 (Macintosh; Intel Mac OS X 10_10_1) AppleWebKit/600.2.5 (KHTML, like Gecko) Version/8.0.2 Safari/600.2.5 (Amazonbot/0.1; +https://developer.amazon.com/support/amazonbot)"
195.191.219.130 - - [17/Nov/2023:06:18:06 +0100] "GET /-p-14226.html HTTP/1.0" 200 77477 "-" "Mozilla/5.0 (compatible; MJ12bot/v1.4.8; http://mj12bot.com/)"
178.150.14.250 - - [17/Nov/2023:06:18:06 +0100] "GET /-p-12837.html HTTP/1.0" 200 77477 "-" "Mozilla/5.0 (compatible; MJ12bot/v1.4.8; http://mj12bot.com/)"
185.191.171.3 - - [17/Nov/2023:06:18:08 +0100] "GET /decorative-wooden-plate-habite-chez-chien-blue-p-61156.html?action=add_product HTTP/1.0" 302 476 "-" "Mozilla/5.0 (compatible; SemrushBot/7~bl; +http://www.semrush.com/bot.html)"
52.70.240.171 - - [17/Nov/2023:06:18:07 +0100] "GET /metal-boxes-storage-c-13_150_218.html HTTP/1.0" 200 96856 "-" "Mozilla/5.0 (Macintosh; Intel Mac OS X 10_10_1) AppleWebKit/600.2.5 (KHTML, like Gecko) Version/8.0.2 Safari/600.2.5 (Amazonbot/0.1; +https://developer.amazon.com/support/amazonbot)"
218.188.41.122 - - [17/Nov/2023:06:18:07 +0100] "GET /towel-dispenser-c-12_225.html?page=1 HTTP/1.0" 200 93568 "-" "Mozilla/5.0 (compatible; MJ12bot/v1.4.8; http://mj12bot.com/)"
195.191.219.130 - - [17/Nov/2023:06:18:09 +0100] "GET /-p-14230.html HTTP/1.0" 200 77477 "-" "Mozilla/5.0 (compatible; MJ12bot/v1.4.8; http://mj12bot.com/)"
54.36.149.1 - - [17/Nov/2023:06:18:11 +0100] "GET /support-metal-bottle-eiffel-tower-p-45667.html HTTP/1.0" 200 79998 "-" "Mozilla/5.0 (compatible; AhrefsBot/7.0; +http://ahrefs.com/robot/)"
195.191.219.130 - - [17/Nov/2023:06:18:12 +0100] "GET /-p-14231.html HTTP/1.0" 200 77477 "-" "Mozilla/5.0 (compatible; MJ12bot/v1.4.8; http://mj12bot.com/)"
54.36.148.74 - - [17/Nov/2023:06:18:14 +0100] "GET /images/big_prod/3503420161087.jpg HTTP/1.0" 200 268 "-" "Mozilla/5.0 (compatible; AhrefsBot/7.0; +http://ahrefs.com/robot/)"
178.150.14.250 - - [17/Nov/2023:06:18:15 +0100] "GET /-p-1284.html HTTP/1.0" 200 77475 "-" "Mozilla/5.0 (compatible; MJ12bot/v1.4.8; http://mj12bot.com/)"
185.191.171.5 - - [17/Nov/2023:06:18:15 +0100] "GET /princess-frog-peel-stick-wall-decals-p-22525.html HTTP/1.0" 200 80061 "-" "Mozilla/5.0 (compatible; SemrushBot/7~bl; +http://www.semrush.com/bot.html)"
195.191.219.130 - - [17/Nov/2023:06:18:15 +0100] "GET /-p-14233.html HTTP/1.0" 200 77477 "-" "Mozilla/5.0 (compatible; MJ12bot/v1.4.8; http://mj12bot.com/)"
3.80.254.140 - - [17/Nov/2023:06:18:17 +0100] "GET /letter-wall-decor-sticker-gray-p-57782.html HTTP/1.0" 200 80711 "-" "ClaudeBot"
218.188.41.122 - - [17/Nov/2023:06:18:17 +0100] "GET /towel-dispenser-c-12_225.html?page=2 HTTP/1.0" 200 93568 "-" "Mozilla/5.0 (compatible; MJ12bot/v1.4.8; http://mj12bot.com/)"
195.191.219.130 - - [17/Nov/2023:06:18:18 +0100] "GET /-p-14234.html HTTP/1.0" 200 77477 "-" "Mozilla/5.0 (compatible; MJ12bot/v1.4.8; http://mj12bot.com/)"
195.191.219.130 - - [17/Nov/2023:06:18:21 +0100] "GET /-p-14236.html HTTP/1.0" 200 77477 "-" "Mozilla/5.0 (compatible; MJ12bot/v1.4.8; http://mj12bot.com/)"
178.150.14.250 - - [17/Nov/2023:06:18:22 +0100] "GET /-p-12907.html HTTP/1.0" 200 77477 "-" "Mozilla/5.0 (compatible; MJ12bot/v1.4.8; http://mj12bot.com/)"
195.191.219.130 - - [17/Nov/2023:06:18:24 +0100] "GET /-p-14237.html HTTP/1.0" 200 77477 "-" "Mozilla/5.0 (compatible; MJ12bot/v1.4.8; http://mj12bot.com/)"
85.208.96.209 - - [17/Nov/2023:06:18:26 +0100] "GET /marley-zippo-lighter-p-57595.html HTTP/1.0" 200 80911 "-" "Mozilla/5.0 (compatible; SemrushBot/7~bl; +http://www.semrush.com/bot.html)"
195.191.219.130 - - [17/Nov/2023:06:18:28 +0100] "GET /-p-14238.html HTTP/1.0" 200 77477 "-" "Mozilla/5.0 (compatible; MJ12bot/v1.4.8; http://mj12bot.com/)"
218.188.41.122 - - [17/Nov/2023:06:18:28 +0100] "GET /tower-chess-piece-copper-p-45485.html HTTP/1.0" 200 77563 "-" "Mozilla/5.0 (compatible; MJ12bot/v1.4.8; http://mj12bot.com/)"
195.191.219.130 - - [17/Nov/2023:06:18:31 +0100] "GET /-p-14239.html HTTP/1.0" 200 77477 "-" "Mozilla/5.0 (compatible; MJ12bot/v1.4.8; http://mj12bot.com/)"
178.150.14.250 - - [17/Nov/2023:06:18:31 +0100] "GET /-p-12925.html HTTP/1.0" 200 77477 "-" "Mozilla/5.0 (compatible; MJ12bot/v1.4.8; http://mj12bot.com/)"
195.191.219.130 - - [17/Nov/2023:06:18:34 +0100] "GET /-p-14240.html HTTP/1.0" 200 77477 "-" "Mozilla/5.0 (compatible; MJ12bot/v1.4.8; http://mj12bot.com/)"
218.188.41.122 - - [17/Nov/2023:06:18:37 +0100] "GET /tower-silver-decorative-chess-piece-p-53100.html HTTP/1.0" 200 77607 "-" "Mozilla/5.0 (compatible; MJ12bot/v1.4.8; http://mj12bot.com/)"
195.191.219.130 - - [17/Nov/2023:06:18:38 +0100] "GET /-p-14241.html HTTP/1.0" 200 77477 "-" "Mozilla/5.0 (compatible; MJ12bot/v1.4.8; http://mj12bot.com/)"
178.150.14.250 - - [17/Nov/2023:06:18:38 +0100] "GET /-p-12931.html HTTP/1.0" 200 77477 "-" "Mozilla/5.0 (compatible; MJ12bot/v1.4.8; http://mj12bot.com/)"
40.77.167.52 - - [17/Nov/2023:06:18:39 +0100] "GET /backpacks-c-31_77.html HTTP/1.0" 200 100568 "-" "Mozilla/5.0 AppleWebKit/537.36 (KHTML, like Gecko; compatible; bingbot/2.0; +http://www.bing.com/bingbot.htm) Chrome/116.0.1938.76 Safari/537.36"
195.191.219.130 - - [17/Nov/2023:06:18:41 +0100] "GET /-p-14242.html HTTP/1.0" 200 77477 "-" "Mozilla/5.0 (compatible; MJ12bot/v1.4.8; http://mj12bot.com/)"
195.191.219.130 - - [17/Nov/2023:06:18:44 +0100] "GET /-p-14243.html HTTP/1.0" 200 77477 "-" "Mozilla/5.0 (compatible; MJ12bot/v1.4.8; http://mj12bot.com/)"
195.191.219.130 - - [17/Nov/2023:06:18:47 +0100] "GET /-p-14245.html HTTP/1.0" 200 77477 "-" "Mozilla/5.0 (compatible; MJ12bot/v1.4.8; http://mj12bot.com/)"
85.208.96.201 - - [17/Nov/2023:06:18:48 +0100] "GET /-p-36869.html HTTP/1.0" 200 77477 "-" "Mozilla/5.0 (compatible; SemrushBot/7~bl; +http://www.semrush.com/bot.html)"
178.150.14.250 - - [17/Nov/2023:06:18:49 +0100] "GET /-p-12939.html HTTP/1.0" 200 77477 "-" "Mozilla/5.0 (compatible; MJ12bot/v1.4.8; http://mj12bot.com/)"
218.188.41.122 - - [17/Nov/2023:06:18:49 +0100] "GET /treasure-dive-scrooge-mcduck-figurine-p-50888.html HTTP/1.0" 200 81280 "-" "Mozilla/5.0 (compatible; MJ12bot/v1.4.8; http://mj12bot.com/)"
195.191.219.130 - - [17/Nov/2023:06:18:51 +0100] "GET /-p-14246.html HTTP/1.0" 200 77477 "-" "Mozilla/5.0 (compatible; MJ12bot/v1.4.8; http://mj12bot.com/)"
195.191.219.130 - - [17/Nov/2023:06:18:54 +0100] "GET /-p-14247.html HTTP/1.0" 200 77477 "-" "Mozilla/5.0 (compatible; MJ12bot/v1.4.8; http://mj12bot.com/)"
178.150.14.250 - - [17/Nov/2023:06:18:54 +0100] "GET /-p-12944.html HTTP/1.0" 200 77477 "-" "Mozilla/5.0 (compatible; MJ12bot/v1.4.8; http://mj12bot.com/)"
195.191.219.130 - - [17/Nov/2023:06:18:57 +0100] "GET /-p-14249.html HTTP/1.0" 200 77477 "-" "Mozilla/5.0 (compatible; MJ12bot/v1.4.8; http://mj12bot.com/)"
218.188.41.122 - - [17/Nov/2023:06:19:00 +0100] "GET /triumph-thermometer-p-40034.html HTTP/1.0" 200 77543 "-" "Mozilla/5.0 (compatible; MJ12bot/v1.4.8; http://mj12bot.com/)"
195.191.219.130 - - [17/Nov/2023:06:19:00 +0100] "GET /-p-14250.html HTTP/1.0" 200 77477 "-" "Mozilla/5.0 (compatible; MJ12bot/v1.4.8; http://mj12bot.com/)"
178.150.14.250 - - [17/Nov/2023:06:19:03 +0100] "GET /-p-12970.html HTTP/1.0" 200 77477 "-" "Mozilla/5.0 (compatible; MJ12bot/v1.4.8; http://mj12bot.com/)"
195.191.219.130 - - [17/Nov/2023:06:19:03 +0100] "GET /-p-14264.html HTTP/1.0" 200 77477 "-" "Mozilla/5.0 (compatible; MJ12bot/v1.4.8; http://mj12bot.com/)"
195.191.219.130 - - [17/Nov/2023:06:19:07 +0100] "GET /-p-14282.html HTTP/1.0" 200 77477 "-" "Mozilla/5.0 (compatible; MJ12bot/v1.4.8; http://mj12bot.com/)"
178.150.14.250 - - [17/Nov/2023:06:19:09 +0100] "GET /-p-12980.html HTTP/1.0" 200 77477 "-" "Mozilla/5.0 (compatible; MJ12bot/v1.4.8; http://mj12bot.com/)"
195.191.219.130 - - [17/Nov/2023:06:19:10 +0100] "GET /-p-14284.html HTTP/1.0" 200 77477 "-" "Mozilla/5.0 (compatible; MJ12bot/v1.4.8; http://mj12bot.com/)"
218.188.41.122 - - [17/Nov/2023:06:19:10 +0100] "GET /tropical-home-tray-41-29-cm-p-45515.html HTTP/1.0" 301 77676 "-" "Mozilla/5.0 (compatible; MJ12bot/v1.4.8; http://mj12bot.com/)"
195.191.219.130 - - [17/Nov/2023:06:19:13 +0100] "GET /-p-14287.html HTTP/1.0" 200 77477 "-" "Mozilla/5.0 (compatible; MJ12bot/v1.4.8; http://mj12bot.com/)"
195.191.219.130 - - [17/Nov/2023:06:19:16 +0100] "GET /-p-14288.html HTTP/1.0" 200 77477 "-" "Mozilla/5.0 (compatible; MJ12bot/v1.4.8; http://mj12bot.com/)"
85.208.96.201 - - [17/Nov/2023:06:19:17 +0100] "GET /-p-53714.html HTTP/1.0" 200 77477 "-" "Mozilla/5.0 (compatible; SemrushBot/7~bl; +http://www.semrush.com/bot.html)"
43.134.190.29 - - [17/Nov/2023:06:19:19 +0100] "GET /images/mini_prod/3560600303255.jpg HTTP/1.0" 200 269 "-" "Mozilla/5.0 (Windows NT 10.0; Win64; x64) AppleWebKit/537.36 (KHTML, like Gecko) Chrome/103.0.0.0 Safari/537.36"
195.191.219.130 - - [17/Nov/2023:06:19:19 +0100] "GET /-p-14289.html HTTP/1.0" 200 77477 "-" "Mozilla/5.0 (compatible; MJ12bot/v1.4.8; http://mj12bot.com/)"
178.150.14.250 - - [17/Nov/2023:06:19:20 +0100] "GET /-p-12983.html HTTP/1.0" 200 77477 "-" "Mozilla/5.0 (compatible; MJ12bot/v1.4.8; http://mj12bot.com/)"
218.188.41.122 - - [17/Nov/2023:06:19:20 +0100] "GET /tropical-home-tray-p-45515.html HTTP/1.0" 200 77591 "-" "Mozilla/5.0 (compatible; MJ12bot/v1.4.8; http://mj12bot.com/)"
195.191.219.130 - - [17/Nov/2023:06:19:22 +0100] "GET /-p-1437.html HTTP/1.0" 200 77475 "-" "Mozilla/5.0 (compatible; MJ12bot/v1.4.8; http://mj12bot.com/)"
195.191.219.130 - - [17/Nov/2023:06:19:25 +0100] "GET /-p-14438.html HTTP/1.0" 200 77477 "-" "Mozilla/5.0 (compatible; MJ12bot/v1.4.8; http://mj12bot.com/)"
178.150.14.250 - - [17/Nov/2023:06:19:26 +0100] "GET /-p-12984.html HTTP/1.0" 200 77477 "-" "Mozilla/5.0 (compatible; MJ12bot/v1.4.8; http://mj12bot.com/)"
185.191.171.7 - - [17/Nov/2023:06:19:27 +0100] "GET /-p-55533.html HTTP/1.0" 200 77477 "-" "Mozilla/5.0 (compatible; SemrushBot/7~bl; +http://www.semrush.com/bot.html)"
195.191.219.130 - - [17/Nov/2023:06:19:28 +0100] "GET /-p-14460.html HTTP/1.0" 200 77477 "-" "Mozilla/5.0 (compatible; MJ12bot/v1.4.8; http://mj12bot.com/)"
218.188.41.122 - - [17/Nov/2023:06:19:30 +0100] "GET /tropical-home-tray-p-45515.html HTTP/1.0" 200 77591 "-" "Mozilla/5.0 (compatible; MJ12bot/v1.4.8; http://mj12bot.com/)"
185.191.171.18 - - [17/Nov/2023:06:19:30 +0100] "GET /retro-pink-eyeglass-case-p-30013.html HTTP/1.0" 200 79902 "-" "Mozilla/5.0 (compatible; SemrushBot/7~bl; +http://www.semrush.com/bot.html)"
195.191.219.130 - - [17/Nov/2023:06:19:31 +0100] "GET /-p-14463.html HTTP/1.0" 200 77477 "-" "Mozilla/5.0 (compatible; MJ12bot/v1.4.8; http://mj12bot.com/)"
195.191.219.130 - - [17/Nov/2023:06:19:34 +0100] "GET /-p-14464.html HTTP/1.0" 200 77477 "-" "Mozilla/5.0 (compatible; MJ12bot/v1.4.8; http://mj12bot.com/)"
178.150.14.250 - - [17/Nov/2023:06:19:35 +0100] "GET /-p-12987.html HTTP/1.0" 200 77477 "-" "Mozilla/5.0 (compatible; MJ12bot/v1.4.8; http://mj12bot.com/)"
85.208.96.196 - - [17/Nov/2023:06:19:36 +0100] "GET /-p-24388.html HTTP/1.0" 200 77477 "-" "Mozilla/5.0 (compatible; SemrushBot/7~bl; +http://www.semrush.com/bot.html)"
195.191.219.130 - - [17/Nov/2023:06:19:38 +0100] "GET /-p-14478.html HTTP/1.0" 200 77477 "-" "Mozilla/5.0 (compatible; MJ12bot/v1.4.8; http://mj12bot.com/)"
85.208.96.199 - - [17/Nov/2023:06:19:39 +0100] "GET /pill-provence-p-54011.html HTTP/1.0" 200 80525 "-" "Mozilla/5.0 (compatible; SemrushBot/7~bl; +http://www.semrush.com/bot.html)"
195.191.219.130 - - [17/Nov/2023:06:19:41 +0100] "GET /-p-14528.html HTTP/1.0" 200 77477 "-" "Mozilla/5.0 (compatible; MJ12bot/v1.4.8; http://mj12bot.com/)"
218.188.41.122 - - [17/Nov/2023:06:19:41 +0100] "GET /tropical-paradise-surfboard-wooden-wall-decoration-p-35367.html HTTP/1.0" 200 77667 "-" "Mozilla/5.0 (compatible; MJ12bot/v1.4.8; http://mj12bot.com/)"
195.191.219.130 - - [17/Nov/2023:06:19:44 +0100] "GET /-p-14572.html HTTP/1.0" 200 77477 "-" "Mozilla/5.0 (compatible; MJ12bot/v1.4.8; http://mj12bot.com/)"
178.150.14.250 - - [17/Nov/2023:06:19:46 +0100] "GET /-p-12988.html HTTP/1.0" 200 77477 "-" "Mozilla/5.0 (compatible; MJ12bot/v1.4.8; http://mj12bot.com/)"
195.191.219.130 - - [17/Nov/2023:06:19:48 +0100] "GET /-p-14580.html HTTP/1.0" 200 77477 "-" "Mozilla/5.0 (compatible; MJ12bot/v1.4.8; http://mj12bot.com/)"
195.191.219.130 - - [17/Nov/2023:06:19:51 +0100] "GET /-p-14648.html HTTP/1.0" 200 77477 "-" "Mozilla/5.0 (compatible; MJ12bot/v1.4.8; http://mj12bot.com/)"
218.188.41.122 - - [17/Nov/2023:06:19:51 +0100] "GET /tropical-underwater-poster-p-28292.html HTTP/1.0" 301 77544 "-" "Mozilla/5.0 (compatible; MJ12bot/v1.4.8; http://mj12bot.com/)"
3.224.220.101 - - [17/Nov/2023:06:19:52 +0100] "GET /fairy-lights-c-86_279.html HTTP/1.0" 200 93241 "-" "Mozilla/5.0 (Macintosh; Intel Mac OS X 10_10_1) AppleWebKit/600.2.5 (KHTML, like Gecko) Version/8.0.2 Safari/600.2.5 (Amazonbot/0.1; +https://developer.amazon.com/support/amazonbot)"
178.150.14.250 - - [17/Nov/2023:06:19:52 +0100] "GET /-p-13023.html HTTP/1.0" 200 77477 "-" "Mozilla/5.0 (compatible; MJ12bot/v1.4.8; http://mj12bot.com/)"
195.191.219.130 - - [17/Nov/2023:06:19:54 +0100] "GET /-p-14660.html HTTP/1.0" 200 77477 "-" "Mozilla/5.0 (compatible; MJ12bot/v1.4.8; http://mj12bot.com/)"
54.36.149.32 - - [17/Nov/2023:06:19:55 +0100] "GET /tour-france-p-53978.html HTTP/1.0" 200 79760 "-" "Mozilla/5.0 (compatible; AhrefsBot/7.0; +http://ahrefs.com/robot/)"
23.22.35.162 - - [17/Nov/2023:06:19:55 +0100] "GET /scented-candles-novenas-c-231_227.html HTTP/1.0" 200 99481 "-" "Mozilla/5.0 (Macintosh; Intel Mac OS X 10_10_1) AppleWebKit/600.2.5 (KHTML, like Gecko) Version/8.0.2 Safari/600.2.5 (Amazonbot/0.1; +https://developer.amazon.com/support/amazonbot)"
195.191.219.130 - - [17/Nov/2023:06:19:57 +0100] "GET /-p-14667.html HTTP/1.0" 200 77477 "-" "Mozilla/5.0 (compatible; MJ12bot/v1.4.8; http://mj12bot.com/)"
178.150.14.250 - - [17/Nov/2023:06:19:58 +0100] "GET /-p-13060.html HTTP/1.0" 200 77477 "-" "Mozilla/5.0 (compatible; MJ12bot/v1.4.8; http://mj12bot.com/)"
195.191.219.130 - - [17/Nov/2023:06:20:01 +0100] "GET /-p-14671.html HTTP/1.0" 200 77477 "-" "Mozilla/5.0 (compatible; MJ12bot/v1.4.8; http://mj12bot.com/)"
195.191.219.130 - - [17/Nov/2023:06:20:03 +0100] "GET /-p-14716.html HTTP/1.0" 200 77477 "-" "Mozilla/5.0 (compatible; MJ12bot/v1.4.8; http://mj12bot.com/)"
185.191.171.3 - - [17/Nov/2023:06:20:03 +0100] "GET /home-decoration-c-13.html?page=110 HTTP/1.0" 200 100032 "-" "Mozilla/5.0 (compatible; SemrushBot/7~bl; +http://www.semrush.com/bot.html)"
218.188.41.122 - - [17/Nov/2023:06:20:05 +0100] "GET /-p-28292.html HTTP/1.0" 200 77477 "-" "Mozilla/5.0 (compatible; MJ12bot/v1.4.8; http://mj12bot.com/)"
178.150.14.250 - - [17/Nov/2023:06:20:05 +0100] "GET /-p-13062.html HTTP/1.0" 200 77477 "-" "Mozilla/5.0 (compatible; MJ12bot/v1.4.8; http://mj12bot.com/)"
195.191.219.130 - - [17/Nov/2023:06:20:07 +0100] "GET /-p-14717.html HTTP/1.0" 200 77477 "-" "Mozilla/5.0 (compatible; MJ12bot/v1.4.8; http://mj12bot.com/)"
195.191.219.130 - - [17/Nov/2023:06:20:10 +0100] "GET /-p-14718.html HTTP/1.0" 200 77477 "-" "Mozilla/5.0 (compatible; MJ12bot/v1.4.8; http://mj12bot.com/)"
195.191.219.130 - - [17/Nov/2023:06:20:13 +0100] "GET /-p-14719.html HTTP/1.0" 200 77477 "-" "Mozilla/5.0 (compatible; MJ12bot/v1.4.8; http://mj12bot.com/)"
178.150.14.250 - - [17/Nov/2023:06:20:16 +0100] "GET /-p-13088.html HTTP/1.0" 200 77477 "-" "Mozilla/5.0 (compatible; MJ12bot/v1.4.8; http://mj12bot.com/)"
195.191.219.130 - - [17/Nov/2023:06:20:16 +0100] "GET /-p-14745.html HTTP/1.0" 200 77477 "-" "Mozilla/5.0 (compatible; MJ12bot/v1.4.8; http://mj12bot.com/)"
218.188.41.122 - - [17/Nov/2023:06:20:16 +0100] "GET /tropicole-glasses-p-47787.html HTTP/1.0" 200 77553 "-" "Mozilla/5.0 (compatible; MJ12bot/v1.4.8; http://mj12bot.com/)"
195.191.219.130 - - [17/Nov/2023:06:20:19 +0100] "GET /-p-14758.html HTTP/1.0" 200 77477 "-" "Mozilla/5.0 (compatible; MJ12bot/v1.4.8; http://mj12bot.com/)"
185.191.171.13 - - [17/Nov/2023:06:20:20 +0100] "GET /water-p-58470.html HTTP/1.0" 200 80471 "-" "Mozilla/5.0 (compatible; SemrushBot/7~bl; +http://www.semrush.com/bot.html)"
195.191.219.130 - - [17/Nov/2023:06:20:22 +0100] "GET /-p-14767.html HTTP/1.0" 200 77477 "-" "Mozilla/5.0 (compatible; MJ12bot/v1.4.8; http://mj12bot.com/)"
178.150.14.250 - - [17/Nov/2023:06:20:23 +0100] "GET /-p-13107.html HTTP/1.0" 200 77477 "-" "Mozilla/5.0 (compatible; MJ12bot/v1.4.8; http://mj12bot.com/)"
66.249.66.205 - - [17/Nov/2023:06:20:25 +0100] "GET /ceramic-home-sweet-home-incense-burner-p-59624.html HTTP/1.0" 200 80752 "-" "Mozilla/5.0 (Linux; Android 6.0.1; Nexus 5X Build/MMB29P) AppleWebKit/537.36 (KHTML, like Gecko) Chrome/119.0.6045.123 Mobile Safari/537.36 (compatible; Googlebot/2.1; +http://www.google.com/bot.html)"
195.191.219.130 - - [17/Nov/2023:06:20:25 +0100] "GET /-p-14770.html HTTP/1.0" 200 77477 "-" "Mozilla/5.0 (compatible; MJ12bot/v1.4.8; http://mj12bot.com/)"
218.188.41.122 - - [17/Nov/2023:06:20:27 +0100] "GET /trudi-elephant-paul-soft-p-16214.html HTTP/1.0" 200 79994 "-" "Mozilla/5.0 (compatible; MJ12bot/v1.4.8; http://mj12bot.com/)"
195.191.219.130 - - [17/Nov/2023:06:20:28 +0100] "GET /-p-14776.html HTTP/1.0" 200 77477 "-" "Mozilla/5.0 (compatible; MJ12bot/v1.4.8; http://mj12bot.com/)"
178.150.14.250 - - [17/Nov/2023:06:20:29 +0100] "GET /-p-13108.html HTTP/1.0" 200 77477 "-" "Mozilla/5.0 (compatible; MJ12bot/v1.4.8; http://mj12bot.com/)"
195.191.219.130 - - [17/Nov/2023:06:20:32 +0100] "GET /-p-14778.html HTTP/1.0" 200 77477 "-" "Mozilla/5.0 (compatible; MJ12bot/v1.4.8; http://mj12bot.com/)"
195.191.219.130 - - [17/Nov/2023:06:20:35 +0100] "GET /-p-14779.html HTTP/1.0" 200 77477 "-" "Mozilla/5.0 (compatible; MJ12bot/v1.4.8; http://mj12bot.com/)"
195.191.219.130 - - [17/Nov/2023:06:20:38 +0100] "GET /-p-14800.html HTTP/1.0" 200 77477 "-" "Mozilla/5.0 (compatible; MJ12bot/v1.4.8; http://mj12bot.com/)"
218.188.41.122 - - [17/Nov/2023:06:20:38 +0100] "GET /trudi-elephant-paul-soft-toy-28-cm-p-16214.html HTTP/1.0" 301 80085 "-" "Mozilla/5.0 (compatible; MJ12bot/v1.4.8; http://mj12bot.com/)"
195.191.219.130 - - [17/Nov/2023:06:20:41 +0100] "GET /-p-14834.html HTTP/1.0" 200 77477 "-" "Mozilla/5.0 (compatible; MJ12bot/v1.4.8; http://mj12bot.com/)"
178.150.14.250 - - [17/Nov/2023:06:20:42 +0100] "GET /-p-13117.html HTTP/1.0" 200 77477 "-" "Mozilla/5.0 (compatible; MJ12bot/v1.4.8; http://mj12bot.com/)"
195.191.219.130 - - [17/Nov/2023:06:20:44 +0100] "GET /-p-14838.html HTTP/1.0" 200 77477 "-" "Mozilla/5.0 (compatible; MJ12bot/v1.4.8; http://mj12bot.com/)"
195.191.219.130 - - [17/Nov/2023:06:20:47 +0100] "GET /-p-14889.html HTTP/1.0" 200 77477 "-" "Mozilla/5.0 (compatible; MJ12bot/v1.4.8; http://mj12bot.com/)"
43.134.58.45 - - [17/Nov/2023:06:20:48 +0100] "GET /images/mini_prod/1399984241882.jpg HTTP/1.0" 200 269 "-" "Mozilla/5.0 (Windows NT 10.0; Win64; x64) AppleWebKit/537.36 (KHTML, like Gecko) Chrome/103.0.0.0 Safari/537.36"
218.188.41.122 - - [17/Nov/2023:06:20:48 +0100] "GET /trudi-elephant-paul-soft-p-16214.html HTTP/1.0" 200 79994 "-" "Mozilla/5.0 (compatible; MJ12bot/v1.4.8; http://mj12bot.com/)"
195.191.219.130 - - [17/Nov/2023:06:20:50 +0100] "GET /-p-14890.html HTTP/1.0" 200 77477 "-" "Mozilla/5.0 (compatible; MJ12bot/v1.4.8; http://mj12bot.com/)"
195.191.219.130 - - [17/Nov/2023:06:20:53 +0100] "GET /-p-14910.html HTTP/1.0" 200 77477 "-" "Mozilla/5.0 (compatible; MJ12bot/v1.4.8; http://mj12bot.com/)"
178.150.14.250 - - [17/Nov/2023:06:20:55 +0100] "GET /-p-13119.html HTTP/1.0" 200 77477 "-" "Mozilla/5.0 (compatible; MJ12bot/v1.4.8; http://mj12bot.com/)"
185.191.171.13 - - [17/Nov/2023:06:20:56 +0100] "GET /donna-wilson-limited-edition-sonny-angel-creatures-figure-p-59604.html HTTP/1.0" 200 77695 "-" "Mozilla/5.0 (compatible; SemrushBot/7~bl; +http://www.semrush.com/bot.html)"
195.191.219.130 - - [17/Nov/2023:06:20:56 +0100] "GET /-p-14943.html HTTP/1.0" 200 77477 "-" "Mozilla/5.0 (compatible; MJ12bot/v1.4.8; http://mj12bot.com/)"
218.188.41.122 - - [17/Nov/2023:06:20:57 +0100] "GET /tulip-white-table-lamp-p-52973.html HTTP/1.0" 301 77544 "-" "Mozilla/5.0 (compatible; MJ12bot/v1.4.8; http://mj12bot.com/)"
195.191.219.130 - - [17/Nov/2023:06:20:59 +0100] "GET /-p-14951.html HTTP/1.0" 200 77477 "-" "Mozilla/5.0 (compatible; MJ12bot/v1.4.8; http://mj12bot.com/)"
52.70.240.171 - - [17/Nov/2023:06:21:01 +0100] "GET /-i-17.html HTTP/1.0" 200 106634 "-" "Mozilla/5.0 (Macintosh; Intel Mac OS X 10_10_1) AppleWebKit/600.2.5 (KHTML, like Gecko) Version/8.0.2 Safari/600.2.5 (Amazonbot/0.1; +https://developer.amazon.com/support/amazonbot)"
178.150.14.250 - - [17/Nov/2023:06:21:01 +0100] "GET /-p-13120.html HTTP/1.0" 200 77477 "-" "Mozilla/5.0 (compatible; MJ12bot/v1.4.8; http://mj12bot.com/)"
195.191.219.130 - - [17/Nov/2023:06:21:03 +0100] "GET /-p-14961.html HTTP/1.0" 200 77477 "-" "Mozilla/5.0 (compatible; MJ12bot/v1.4.8; http://mj12bot.com/)"
178.150.14.250 - - [17/Nov/2023:06:21:05 +0100] "GET /robots.txt HTTP/1.0" 200 245 "-" "Mozilla/5.0 (compatible; MJ12bot/v1.4.8; http://mj12bot.com/)"
195.191.219.130 - - [17/Nov/2023:06:21:06 +0100] "GET /-p-14977.html HTTP/1.0" 200 77477 "-" "Mozilla/5.0 (compatible; MJ12bot/v1.4.8; http://mj12bot.com/)"
218.188.41.122 - - [17/Nov/2023:06:21:07 +0100] "GET /-p-52973.html HTTP/1.0" 200 77477 "-" "Mozilla/5.0 (compatible; MJ12bot/v1.4.8; http://mj12bot.com/)"
52.70.240.171 - - [17/Nov/2023:06:21:07 +0100] "GET /fragrances-ambiance-c-231.html HTTP/1.0" 200 99218 "-" "Mozilla/5.0 (Macintosh; Intel Mac OS X 10_10_1) AppleWebKit/600.2.5 (KHTML, like Gecko) Version/8.0.2 Safari/600.2.5 (Amazonbot/0.1; +https://developer.amazon.com/support/amazonbot)"
85.208.96.204 - - [17/Nov/2023:06:21:08 +0100] "GET /-p-49696.html HTTP/1.0" 200 77477 "-" "Mozilla/5.0 (compatible; SemrushBot/7~bl; +http://www.semrush.com/bot.html)"
40.64.105.247 - - [17/Nov/2023:06:21:10 +0100] "GET /images/big_prod_1/8424001320646B.jpg HTTP/1.0" 200 271 "-" "DuckDuckBot/1.1; (+http://duckduckgo.com/duckduckbot.html)"
178.150.14.250 - - [17/Nov/2023:06:21:09 +0100] "GET /-p-13204.html HTTP/1.0" 200 77477 "-" "Mozilla/5.0 (compatible; MJ12bot/v1.4.8; http://mj12bot.com/)"
195.191.219.130 - - [17/Nov/2023:06:21:10 +0100] "GET /-p-14978.html HTTP/1.0" 200 77477 "-" "Mozilla/5.0 (compatible; MJ12bot/v1.4.8; http://mj12bot.com/)"
54.36.148.70 - - [17/Nov/2023:06:21:11 +0100] "GET /jeans-union-jack-pencil-case-p-36006.html HTTP/1.0" 200 79968 "-" "Mozilla/5.0 (compatible; AhrefsBot/7.0; +http://ahrefs.com/robot/)"
54.36.148.44 - - [17/Nov/2023:06:21:13 +0100] "GET /images/big_prod/8435306298851.jpg HTTP/1.0" 200 268 "-" "Mozilla/5.0 (compatible; AhrefsBot/7.0; +http://ahrefs.com/robot/)"
195.191.219.130 - - [17/Nov/2023:06:21:13 +0100] "GET /-p-15024.html HTTP/1.0" 200 77477 "-" "Mozilla/5.0 (compatible; MJ12bot/v1.4.8; http://mj12bot.com/)"
178.150.14.250 - - [17/Nov/2023:06:21:13 +0100] "GET /japanese-style-cast-iron-teapot-liter-p-59196.html HTTP/1.0" 200 81206 "-" "Mozilla/5.0 (compatible; MJ12bot/v1.4.8; http://mj12bot.com/)"
195.191.219.130 - - [17/Nov/2023:06:21:16 +0100] "GET /-p-15264.html HTTP/1.0" 200 77477 "-" "Mozilla/5.0 (compatible; MJ12bot/v1.4.8; http://mj12bot.com/)"
178.150.14.250 - - [17/Nov/2023:06:21:18 +0100] "GET /-p-13218.html HTTP/1.0" 200 77477 "-" "Mozilla/5.0 (compatible; MJ12bot/v1.4.8; http://mj12bot.com/)"
218.188.41.122 - - [17/Nov/2023:06:21:18 +0100] "GET /turbine-metal-clock-p-46356.html HTTP/1.0" 200 80499 "-" "Mozilla/5.0 (compatible; MJ12bot/v1.4.8; http://mj12bot.com/)"
195.191.219.130 - - [17/Nov/2023:06:21:19 +0100] "GET /-p-15378.html HTTP/1.0" 200 77477 "-" "Mozilla/5.0 (compatible; MJ12bot/v1.4.8; http://mj12bot.com/)"
195.191.219.130 - - [17/Nov/2023:06:21:22 +0100] "GET /-p-15391.html HTTP/1.0" 200 77477 "-" "Mozilla/5.0 (compatible; MJ12bot/v1.4.8; http://mj12bot.com/)"
195.191.219.130 - - [17/Nov/2023:06:21:25 +0100] "GET /-p-15477.html HTTP/1.0" 200 77477 "-" "Mozilla/5.0 (compatible; MJ12bot/v1.4.8; http://mj12bot.com/)"
178.150.14.250 - - [17/Nov/2023:06:21:27 +0100] "GET /japanese-type-cast-iron-teapot-liter-small-bowls-p-59197.html HTTP/1.0" 200 81751 "-" "Mozilla/5.0 (compatible; MJ12bot/v1.4.8; http://mj12bot.com/)"
178.150.14.250 - - [17/Nov/2023:06:21:28 +0100] "GET /-p-13231.html HTTP/1.0" 200 77477 "-" "Mozilla/5.0 (compatible; MJ12bot/v1.4.8; http://mj12bot.com/)"
195.191.219.130 - - [17/Nov/2023:06:21:28 +0100] "GET /-p-15669.html HTTP/1.0" 200 77477 "-" "Mozilla/5.0 (compatible; MJ12bot/v1.4.8; http://mj12bot.com/)"
218.188.41.122 - - [17/Nov/2023:06:21:30 +0100] "GET /turbine-metal-clock-p-46358.html HTTP/1.0" 301 77544 "-" "Mozilla/5.0 (compatible; MJ12bot/v1.4.8; http://mj12bot.com/)"
195.191.219.130 - - [17/Nov/2023:06:21:32 +0100] "GET /-p-15670.html HTTP/1.0" 200 77477 "-" "Mozilla/5.0 (compatible; MJ12bot/v1.4.8; http://mj12bot.com/)"
178.150.14.250 - - [17/Nov/2023:06:21:33 +0100] "GET /-p-13233.html HTTP/1.0" 200 77477 "-" "Mozilla/5.0 (compatible; MJ12bot/v1.4.8; http://mj12bot.com/)"
195.191.219.130 - - [17/Nov/2023:06:21:34 +0100] "GET /-p-15999.html HTTP/1.0" 200 77477 "-" "Mozilla/5.0 (compatible; MJ12bot/v1.4.8; http://mj12bot.com/)"
195.191.219.130 - - [17/Nov/2023:06:21:38 +0100] "GET /-p-16005.html HTTP/1.0" 200 77477 "-" "Mozilla/5.0 (compatible; MJ12bot/v1.4.8; http://mj12bot.com/)"
178.150.14.250 - - [17/Nov/2023:06:21:39 +0100] "GET /je-ne-vieillis-pas-adult-apron-p-53178.html HTTP/1.0" 301 79885 "-" "Mozilla/5.0 (compatible; MJ12bot/v1.4.8; http://mj12bot.com/)"
195.191.219.130 - - [17/Nov/2023:06:21:41 +0100] "GET /-p-16011.html HTTP/1.0" 200 77477 "-" "Mozilla/5.0 (compatible; MJ12bot/v1.4.8; http://mj12bot.com/)"
218.188.41.122 - - [17/Nov/2023:06:21:41 +0100] "GET /-p-46358.html HTTP/1.0" 200 77477 "-" "Mozilla/5.0 (compatible; MJ12bot/v1.4.8; http://mj12bot.com/)"
178.150.14.250 - - [17/Nov/2023:06:21:42 +0100] "GET /-p-13234.html HTTP/1.0" 200 77477 "-" "Mozilla/5.0 (compatible; MJ12bot/v1.4.8; http://mj12bot.com/)"
195.191.219.130 - - [17/Nov/2023:06:21:44 +0100] "GET /-p-16018.html HTTP/1.0" 200 77477 "-" "Mozilla/5.0 (compatible; MJ12bot/v1.4.8; http://mj12bot.com/)"
195.191.219.130 - - [17/Nov/2023:06:21:47 +0100] "GET /-p-16482.html HTTP/1.0" 200 77477 "-" "Mozilla/5.0 (compatible; MJ12bot/v1.4.8; http://mj12bot.com/)"
178.150.14.250 - - [17/Nov/2023:06:21:48 +0100] "GET /vieillis-adult-apron-p-53178.html HTTP/1.0" 200 79798 "-" "Mozilla/5.0 (compatible; MJ12bot/v1.4.8; http://mj12bot.com/)"
178.150.14.250 - - [17/Nov/2023:06:21:49 +0100] "GET /-p-13236.html HTTP/1.0" 200 77477 "-" "Mozilla/5.0 (compatible; MJ12bot/v1.4.8; http://mj12bot.com/)"
40.77.167.136 - - [17/Nov/2023:06:21:52 +0100] "GET /images/5414629126112.jpg HTTP/1.0" 200 259 "-" "Mozilla/5.0 AppleWebKit/537.36 (KHTML, like Gecko; compatible; bingbot/2.0; +http://www.bing.com/bingbot.htm) Chrome/116.0.1938.76 Safari/537.36"
195.191.219.130 - - [17/Nov/2023:06:21:50 +0100] "GET /-p-16778.html HTTP/1.0" 200 77477 "-" "Mozilla/5.0 (compatible; MJ12bot/v1.4.8; http://mj12bot.com/)"
195.191.219.130 - - [17/Nov/2023:06:21:53 +0100] "GET /-p-16801.html HTTP/1.0" 200 77477 "-" "Mozilla/5.0 (compatible; MJ12bot/v1.4.8; http://mj12bot.com/)"
218.188.41.122 - - [17/Nov/2023:06:21:54 +0100] "GET /turn-table-recorder-p-24895.html HTTP/1.0" 301 77544 "-" "Mozilla/5.0 (compatible; MJ12bot/v1.4.8; http://mj12bot.com/)"
