195.191.219.130 - - [17/Nov/2023:06:29:15 +0100] "GET /isothermic-stainless-steel-bottle-sagittarius-by-cbkreation-p-51034.html HTTP/1.0" 301 80268 "-" "Mozilla/5.0 (compatible; MJ12bot/v1.4.8; http://mj12bot.com/)"
195.191.219.130 - - [17/Nov/2023:06:29:18 +0100] "GET /isothermic-stainless-steel-bottle-sagittarius-cbkreation-p-51034.html HTTP/1.0" 200 80145 "-" "Mozilla/5.0 (compatible; MJ12bot/v1.4.8; http://mj12bot.com/)"
218.188.41.122 - - [17/Nov/2023:06:29:21 +0100] "GET /-p-27934.html HTTP/1.0" 200 77477 "-" "Mozilla/5.0 (compatible; MJ12bot/v1.4.8; http://mj12bot.com/)"
195.191.219.130 - - [17/Nov/2023:06:29:22 +0100] "GET /isothermic-stainless-steel-bottle-sagittarius-cbkreation-p-51034.html HTTP/1.0" 200 80145 "-" "Mozilla/5.0 (compatible; MJ12bot/v1.4.8; http://mj12bot.com/)"
178.150.14.250 - - [17/Nov/2023:06:29:24 +0100] "GET /microfibre-bed-base-cover-140-190-cm-light-brown-p-47979.html HTTP/1.0" 301 77709 "-" "Mozilla/5.0 (compatible; MJ12bot/v1.4.8; http://mj12bot.com/)"
54.36.148.180 - - [17/Nov/2023:06:29:24 +0100] "GET /happy-colors-phone-cover-iphone-p-18969.html HTTP/1.0" 200 82617 "-" "Mozilla/5.0 (compatible; AhrefsBot/7.0; +http://ahrefs.com/robot/)"
195.191.219.130 - - [17/Nov/2023:06:29:25 +0100] "GET /isothermic-stainless-steel-bottle-taurus-by-cbkreation-p-51041.html HTTP/1.0" 301 80228 "-" "Mozilla/5.0 (compatible; MJ12bot/v1.4.8; http://mj12bot.com/)"
195.191.219.130 - - [17/Nov/2023:06:29:28 +0100] "GET /isothermic-stainless-steel-bottle-taurus-cbkreation-p-51041.html HTTP/1.0" 200 80110 "-" "Mozilla/5.0 (compatible; MJ12bot/v1.4.8; http://mj12bot.com/)"
54.36.148.237 - - [17/Nov/2023:06:29:29 +0100] "GET /images/3661443613164.jpg HTTP/1.0" 200 259 "-" "Mozilla/5.0 (compatible; AhrefsBot/7.0; +http://ahrefs.com/robot/)"
218.188.41.122 - - [17/Nov/2023:06:29:31 +0100] "GET /urban-life-flask-p-27934.html HTTP/1.0" 301 77544 "-" "Mozilla/5.0 (compatible; MJ12bot/v1.4.8; http://mj12bot.com/)"
195.191.219.130 - - [17/Nov/2023:06:29:31 +0100] "GET /isothermic-stainless-steel-bottle-taurus-cbkreation-p-51041.html HTTP/1.0" 200 80110 "-" "Mozilla/5.0 (compatible; MJ12bot/v1.4.8; http://mj12bot.com/)"
85.208.96.205 - - [17/Nov/2023:06:29:32 +0100] "GET /eden-pillowcase-rose-p-60008.html HTTP/1.0" 200 81244 "-" "Mozilla/5.0 (compatible; SemrushBot/7~bl; +http://www.semrush.com/bot.html)"
195.191.219.130 - - [17/Nov/2023:06:29:34 +0100] "GET /jamaca-floor-standing-ashtray-p-10955.html HTTP/1.0" 301 77544 "-" "Mozilla/5.0 (compatible; MJ12bot/v1.4.8; http://mj12bot.com/)"
178.150.14.250 - - [17/Nov/2023:06:29:34 +0100] "GET /microfibre-base-cover-light-brown-p-47979.html HTTP/1.0" 200 77609 "-" "Mozilla/5.0 (compatible; MJ12bot/v1.4.8; http://mj12bot.com/)"
85.208.96.209 - - [17/Nov/2023:06:29:35 +0100] "GET /statue-samurai-horseback-resin-p-58875.html HTTP/1.0" 200 80904 "-" "Mozilla/5.0 (compatible; SemrushBot/7~bl; +http://www.semrush.com/bot.html)"
195.191.219.130 - - [17/Nov/2023:06:29:37 +0100] "GET /-p-10955.html HTTP/1.0" 200 77477 "-" "Mozilla/5.0 (compatible; MJ12bot/v1.4.8; http://mj12bot.com/)"
195.191.219.130 - - [17/Nov/2023:06:29:41 +0100] "GET /japan-alarm-clock-by-cbkreation-p-24998.html HTTP/1.0" 301 80030 "-" "Mozilla/5.0 (compatible; MJ12bot/v1.4.8; http://mj12bot.com/)"
218.188.41.122 - - [17/Nov/2023:06:29:43 +0100] "GET /-p-27934.html HTTP/1.0" 200 77477 "-" "Mozilla/5.0 (compatible; MJ12bot/v1.4.8; http://mj12bot.com/)"
178.150.14.250 - - [17/Nov/2023:06:29:43 +0100] "GET /mini-rectangular-kitten-tray-p-60849.html HTTP/1.0" 200 80565 "-" "Mozilla/5.0 (compatible; MJ12bot/v1.4.8; http://mj12bot.com/)"
195.191.219.130 - - [17/Nov/2023:06:29:44 +0100] "GET /japan-alarm-clock-cbkreation-p-24998.html HTTP/1.0" 200 79935 "-" "Mozilla/5.0 (compatible; MJ12bot/v1.4.8; http://mj12bot.com/)"
195.191.219.130 - - [17/Nov/2023:06:29:47 +0100] "GET /japan-clock-by-cbkreation-p-24686.html HTTP/1.0" 301 80042 "-" "Mozilla/5.0 (compatible; MJ12bot/v1.4.8; http://mj12bot.com/)"
195.191.219.130 - - [17/Nov/2023:06:29:50 +0100] "GET /japan-clock-cbkreation-p-24686.html HTTP/1.0" 200 79953 "-" "Mozilla/5.0 (compatible; MJ12bot/v1.4.8; http://mj12bot.com/)"
218.188.41.122 - - [17/Nov/2023:06:29:54 +0100] "GET /urss-adult-cap-by-cbk-p-29959.html HTTP/1.0" 301 77639 "-" "Mozilla/5.0 (compatible; MJ12bot/v1.4.8; http://mj12bot.com/)"
195.191.219.130 - - [17/Nov/2023:06:29:54 +0100] "GET /japan-clock-cbkreation-p-24686.html HTTP/1.0" 200 79953 "-" "Mozilla/5.0 (compatible; MJ12bot/v1.4.8; http://mj12bot.com/)"
178.150.14.250 - - [17/Nov/2023:06:29:56 +0100] "GET /mini-rectangular-kitten-tray-p-60850.html HTTP/1.0" 200 80566 "-" "Mozilla/5.0 (compatible; MJ12bot/v1.4.8; http://mj12bot.com/)"
218.188.41.122 - - [17/Nov/2023:06:30:04 +0100] "GET /urss-adult-cbkreation-p-29959.html HTTP/1.0" 200 77551 "-" "Mozilla/5.0 (compatible; MJ12bot/v1.4.8; http://mj12bot.com/)"
23.22.35.162 - - [17/Nov/2023:06:30:03 +0100] "GET / HTTP/1.0" 200 158965 "-" "Mozilla/5.0 (Macintosh; Intel Mac OS X 10_10_1) AppleWebKit/600.2.5 (KHTML, like Gecko) Version/8.0.2 Safari/600.2.5 (Amazonbot/0.1; +https://developer.amazon.com/support/amazonbot)"
178.150.14.250 - - [17/Nov/2023:06:30:07 +0100] "GET /mini-rectangular-kitten-tray-p-60852.html HTTP/1.0" 200 80565 "-" "Mozilla/5.0 (compatible; MJ12bot/v1.4.8; http://mj12bot.com/)"
3.224.220.101 - - [17/Nov/2023:06:30:08 +0100] "GET /-c-95_350.html HTTP/1.0" 200 76345 "-" "Mozilla/5.0 (Macintosh; Intel Mac OS X 10_10_1) AppleWebKit/600.2.5 (KHTML, like Gecko) Version/8.0.2 Safari/600.2.5 (Amazonbot/0.1; +https://developer.amazon.com/support/amazonbot)"
3.224.220.101 - - [17/Nov/2023:06:30:09 +0100] "GET /-c-95_342.html HTTP/1.0" 200 76345 "-" "Mozilla/5.0 (Macintosh; Intel Mac OS X 10_10_1) AppleWebKit/600.2.5 (KHTML, like Gecko) Version/8.0.2 Safari/600.2.5 (Amazonbot/0.1; +https://developer.amazon.com/support/amazonbot)"
185.191.171.7 - - [17/Nov/2023:06:30:11 +0100] "GET /coconut-fibers-doormat-pink-home-p-56982.html HTTP/1.0" 200 80811 "-" "Mozilla/5.0 (compatible; SemrushBot/7~bl; +http://www.semrush.com/bot.html)"
23.22.35.162 - - [17/Nov/2023:06:30:11 +0100] "GET /bookend-c-13_202.html HTTP/1.0" 200 96704 "-" "Mozilla/5.0 (Macintosh; Intel Mac OS X 10_10_1) AppleWebKit/600.2.5 (KHTML, like Gecko) Version/8.0.2 Safari/600.2.5 (Amazonbot/0.1; +https://developer.amazon.com/support/amazonbot)"
85.208.96.201 - - [17/Nov/2023:06:30:14 +0100] "GET /grumpy-figure-collection-romero-britto-p-13949.html HTTP/1.0" 200 77625 "-" "Mozilla/5.0 (compatible; SemrushBot/7~bl; +http://www.semrush.com/bot.html)"
218.188.41.122 - - [17/Nov/2023:06:30:16 +0100] "GET /urss-adult-cap-by-cbkreation-p-29959.html HTTP/1.0" 301 77639 "-" "Mozilla/5.0 (compatible; MJ12bot/v1.4.8; http://mj12bot.com/)"
178.150.14.250 - - [17/Nov/2023:06:30:17 +0100] "GET /mini-rectangular-kitten-tray-p-60853.html HTTP/1.0" 200 80565 "-" "Mozilla/5.0 (compatible; MJ12bot/v1.4.8; http://mj12bot.com/)"
185.191.171.6 - - [17/Nov/2023:06:30:22 +0100] "GET /-p-48621.html HTTP/1.0" 200 77477 "-" "Mozilla/5.0 (compatible; SemrushBot/7~bl; +http://www.semrush.com/bot.html)"
43.156.32.143 - - [17/Nov/2023:06:30:25 +0100] "GET /images/med_prod/3438100361511.jpg HTTP/1.0" 200 268 "-" "Mozilla/5.0 (Windows NT 10.0; Win64; x64) AppleWebKit/537.36 (KHTML, like Gecko) Chrome/103.0.0.0 Safari/537.36"
218.188.41.122 - - [17/Nov/2023:06:30:24 +0100] "GET /urss-adult-cbkreation-p-29959.html HTTP/1.0" 200 77551 "-" "Mozilla/5.0 (compatible; MJ12bot/v1.4.8; http://mj12bot.com/)"
178.150.14.250 - - [17/Nov/2023:06:30:25 +0100] "GET /model-fantasy-unicorn-brush-p-33975.html HTTP/1.0" 200 77615 "-" "Mozilla/5.0 (compatible; MJ12bot/v1.4.8; http://mj12bot.com/)"
218.188.41.122 - - [17/Nov/2023:06:30:34 +0100] "GET /urss-adult-cbkreation-p-29959.html HTTP/1.0" 200 77551 "-" "Mozilla/5.0 (compatible; MJ12bot/v1.4.8; http://mj12bot.com/)"
178.150.14.250 - - [17/Nov/2023:06:30:36 +0100] "GET /mouse-cbkreation-p-20057.html HTTP/1.0" 200 79783 "-" "Mozilla/5.0 (compatible; MJ12bot/v1.4.8; http://mj12bot.com/)"
85.208.96.200 - - [17/Nov/2023:06:30:37 +0100] "GET /klimt-little-tray-p-51679.html HTTP/1.0" 200 79864 "-" "Mozilla/5.0 (compatible; SemrushBot/7~bl; +http://www.semrush.com/bot.html)"
54.36.148.190 - - [17/Nov/2023:06:30:41 +0100] "GET /-c-95_323.html HTTP/1.0" 200 76345 "-" "Mozilla/5.0 (compatible; AhrefsBot/7.0; +http://ahrefs.com/robot/)"
218.188.41.122 - - [17/Nov/2023:06:30:49 +0100] "GET /urss-clock-by-cbkreation-p-24369.html HTTP/1.0" 301 77631 "-" "Mozilla/5.0 (compatible; MJ12bot/v1.4.8; http://mj12bot.com/)"
178.150.14.250 - - [17/Nov/2023:06:30:50 +0100] "GET /old-metal-clock-projector-p-47983.html HTTP/1.0" 301 77647 "-" "Mozilla/5.0 (compatible; MJ12bot/v1.4.8; http://mj12bot.com/)"
185.191.171.4 - - [17/Nov/2023:06:30:52 +0100] "GET /fashioned-biscuit-p-38661.html HTTP/1.0" 200 79889 "-" "Mozilla/5.0 (compatible; SemrushBot/7~bl; +http://www.semrush.com/bot.html)"
185.191.171.4 - - [17/Nov/2023:06:30:55 +0100] "GET /metal-plate-black-white-photo-elvis-presley-army-p-49188.html HTTP/1.0" 200 80101 "-" "Mozilla/5.0 (compatible; SemrushBot/7~bl; +http://www.semrush.com/bot.html)"
178.150.14.250 - - [17/Nov/2023:06:30:56 +0100] "GET /metal-clock-projector-p-47983.html HTTP/1.0" 200 77559 "-" "Mozilla/5.0 (compatible; MJ12bot/v1.4.8; http://mj12bot.com/)"
218.188.41.122 - - [17/Nov/2023:06:30:58 +0100] "GET /urss-clock-cbkreation-p-24369.html HTTP/1.0" 200 77543 "-" "Mozilla/5.0 (compatible; MJ12bot/v1.4.8; http://mj12bot.com/)"
178.150.14.250 - - [17/Nov/2023:06:31:07 +0100] "GET /paperweight-glass-flower-p-59154.html HTTP/1.0" 200 80687 "-" "Mozilla/5.0 (compatible; MJ12bot/v1.4.8; http://mj12bot.com/)"
218.188.41.122 - - [17/Nov/2023:06:31:10 +0100] "GET /urss-mouse-cbkreation-p-13992.html HTTP/1.0" 200 80422 "-" "Mozilla/5.0 (compatible; MJ12bot/v1.4.8; http://mj12bot.com/)"
85.208.96.199 - - [17/Nov/2023:06:31:18 +0100] "GET /kimmi-junior-round-pencil-case-p-19909.html HTTP/1.0" 200 82026 "-" "Mozilla/5.0 (compatible; SemrushBot/7~bl; +http://www.semrush.com/bot.html)"
218.188.41.122 - - [17/Nov/2023:06:31:22 +0100] "GET /urss-mouse-pad-by-cbkreation-p-13992.html HTTP/1.0" 301 80510 "-" "Mozilla/5.0 (compatible; MJ12bot/v1.4.8; http://mj12bot.com/)"
178.150.14.250 - - [17/Nov/2023:06:31:23 +0100] "GET /paperweight-paperweight-glass-flower-glass-p-59154.html HTTP/1.0" 301 80778 "-" "Mozilla/5.0 (compatible; MJ12bot/v1.4.8; http://mj12bot.com/)"
3.224.220.101 - - [17/Nov/2023:06:31:32 +0100] "GET /tablecloths-c-11_176.html HTTP/1.0" 200 98293 "-" "Mozilla/5.0 (Macintosh; Intel Mac OS X 10_10_1) AppleWebKit/600.2.5 (KHTML, like Gecko) Version/8.0.2 Safari/600.2.5 (Amazonbot/0.1; +https://developer.amazon.com/support/amazonbot)"
178.150.14.250 - - [17/Nov/2023:06:31:33 +0100] "GET /paperweight-glass-flower-p-59154.html HTTP/1.0" 200 80687 "-" "Mozilla/5.0 (compatible; MJ12bot/v1.4.8; http://mj12bot.com/)"
218.188.41.122 - - [17/Nov/2023:06:31:35 +0100] "GET /urss-mouse-cbkreation-p-13992.html HTTP/1.0" 200 80422 "-" "Mozilla/5.0 (compatible; MJ12bot/v1.4.8; http://mj12bot.com/)"
54.36.148.254 - - [17/Nov/2023:06:31:41 +0100] "GET /marseille-metal-tray-p-47149.html HTTP/1.0" 200 77565 "-" "Mozilla/5.0 (compatible; AhrefsBot/7.0; +http://ahrefs.com/robot/)"
218.188.41.122 - - [17/Nov/2023:06:31:44 +0100] "GET /us-cars-metal-clock-p-12527.html HTTP/1.0" 301 79886 "-" "Mozilla/5.0 (compatible; MJ12bot/v1.4.8; http://mj12bot.com/)"
178.150.14.250 - - [17/Nov/2023:06:31:47 +0100] "GET /paperweight-paperweight-golden-heart-glass-p-60842.html HTTP/1.0" 200 80052 "-" "Mozilla/5.0 (compatible; MJ12bot/v1.4.8; http://mj12bot.com/)"
3.224.220.101 - - [17/Nov/2023:06:31:57 +0100] "GET /bread-bags-c-11_179.html HTTP/1.0" 200 88724 "-" "Mozilla/5.0 (Macintosh; Intel Mac OS X 10_10_1) AppleWebKit/600.2.5 (KHTML, like Gecko) Version/8.0.2 Safari/600.2.5 (Amazonbot/0.1; +https://developer.amazon.com/support/amazonbot)"
178.150.14.250 - - [17/Nov/2023:06:31:57 +0100] "GET /paperweight-paperweight-heart-glass-p-60841.html HTTP/1.0" 200 80027 "-" "Mozilla/5.0 (compatible; MJ12bot/v1.4.8; http://mj12bot.com/)"
218.188.41.122 - - [17/Nov/2023:06:31:58 +0100] "GET /cars-metal-clock-p-12527.html HTTP/1.0" 200 79803 "-" "Mozilla/5.0 (compatible; MJ12bot/v1.4.8; http://mj12bot.com/)"
3.224.220.101 - - [17/Nov/2023:06:31:59 +0100] "GET /duvet-cover-c-11_195.html HTTP/1.0" 200 98619 "-" "Mozilla/5.0 (Macintosh; Intel Mac OS X 10_10_1) AppleWebKit/600.2.5 (KHTML, like Gecko) Version/8.0.2 Safari/600.2.5 (Amazonbot/0.1; +https://developer.amazon.com/support/amazonbot)"
3.224.220.101 - - [17/Nov/2023:06:32:01 +0100] "GET /shirts-sweatshirts-women-c-53_55.html HTTP/1.0" 200 99577 "-" "Mozilla/5.0 (Macintosh; Intel Mac OS X 10_10_1) AppleWebKit/600.2.5 (KHTML, like Gecko) Version/8.0.2 Safari/600.2.5 (Amazonbot/0.1; +https://developer.amazon.com/support/amazonbot)"
178.150.14.250 - - [17/Nov/2023:06:32:07 +0100] "GET /parrot-figurine-in-pottery-23-cm-p-44980.html HTTP/1.0" 301 77667 "-" "Mozilla/5.0 (compatible; MJ12bot/v1.4.8; http://mj12bot.com/)"
218.188.41.122 - - [17/Nov/2023:06:32:11 +0100] "GET /us-clock-by-cbkreation-p-24368.html HTTP/1.0" 301 77612 "-" "Mozilla/5.0 (compatible; MJ12bot/v1.4.8; http://mj12bot.com/)"
218.188.41.122 - - [17/Nov/2023:06:32:17 +0100] "GET /clock-cbkreation-p-24368.html HTTP/1.0" 200 77529 "-" "Mozilla/5.0 (compatible; MJ12bot/v1.4.8; http://mj12bot.com/)"
178.150.14.250 - - [17/Nov/2023:06:32:18 +0100] "GET /parrot-figurine-pottery-p-44980.html HTTP/1.0" 200 77577 "-" "Mozilla/5.0 (compatible; MJ12bot/v1.4.8; http://mj12bot.com/)"
178.150.14.250 - - [17/Nov/2023:06:32:30 +0100] "GET /parrot-figurine-in-pottery-26-cm-p-44979.html HTTP/1.0" 301 80087 "-" "Mozilla/5.0 (compatible; MJ12bot/v1.4.8; http://mj12bot.com/)"
218.188.41.122 - - [17/Nov/2023:06:32:30 +0100] "GET /us-clock-by-cbkreation-p-24371.html HTTP/1.0" 301 80012 "-" "Mozilla/5.0 (compatible; MJ12bot/v1.4.8; http://mj12bot.com/)"
218.188.41.122 - - [17/Nov/2023:06:32:37 +0100] "GET /clock-cbkreation-p-24371.html HTTP/1.0" 200 79929 "-" "Mozilla/5.0 (compatible; MJ12bot/v1.4.8; http://mj12bot.com/)"
185.191.171.15 - - [17/Nov/2023:06:32:37 +0100] "GET /monkey-lamp-golden-resin-p-60073.html HTTP/1.0" 200 80836 "-" "Mozilla/5.0 (compatible; SemrushBot/7~bl; +http://www.semrush.com/bot.html)"
178.150.14.250 - - [17/Nov/2023:06:32:37 +0100] "GET /parrot-figurine-pottery-p-44979.html HTTP/1.0" 200 79997 "-" "Mozilla/5.0 (compatible; MJ12bot/v1.4.8; http://mj12bot.com/)"
218.188.41.122 - - [17/Nov/2023:06:32:45 +0100] "GET /us-road-66-pencil-pot-p-29755.html HTTP/1.0" 301 77544 "-" "Mozilla/5.0 (compatible; MJ12bot/v1.4.8; http://mj12bot.com/)"
178.150.14.250 - - [17/Nov/2023:06:32:47 +0100] "GET /parrot-figurine-pottery-p-44979.html HTTP/1.0" 200 79997 "-" "Mozilla/5.0 (compatible; MJ12bot/v1.4.8; http://mj12bot.com/)"
218.188.41.122 - - [17/Nov/2023:06:32:54 +0100] "GET /-p-29755.html HTTP/1.0" 200 77477 "-" "Mozilla/5.0 (compatible; MJ12bot/v1.4.8; http://mj12bot.com/)"
161.168.138.211 - - [17/Nov/2023:06:32:58 +0100] "GET /images/mini_prod/524352[2].jpg HTTP/1.0" 200 265 "-" "Mozilla/5.0 (X11; Ubuntu; Linux x86_64; rv:72.0) Gecko/20100101 Firefox/72.0"
178.150.14.250 - - [17/Nov/2023:06:32:57 +0100] "GET /parrot-figurine-pottery-p-44980.html HTTP/1.0" 200 77577 "-" "Mozilla/5.0 (compatible; MJ12bot/v1.4.8; http://mj12bot.com/)"
218.188.41.122 - - [17/Nov/2023:06:33:05 +0100] "GET /us-route-66-gazoline-floor-standing-ashtray-p-16801.html HTTP/1.0" 301 77544 "-" "Mozilla/5.0 (compatible; MJ12bot/v1.4.8; http://mj12bot.com/)"
178.150.14.250 - - [17/Nov/2023:06:33:07 +0100] "GET /powder-candle-bougie-autrement-glitter-gold-p-53088.html HTTP/1.0" 200 81605 "-" "Mozilla/5.0 (compatible; MJ12bot/v1.4.8; http://mj12bot.com/)"
54.36.148.92 - - [17/Nov/2023:06:33:07 +0100] "GET /sacred-heart-jesus-aromatika-incense-sticks-p-47133.html HTTP/1.0" 200 80030 "-" "Mozilla/5.0 (compatible; AhrefsBot/7.0; +http://ahrefs.com/robot/)"
218.188.41.122 - - [17/Nov/2023:06:33:15 +0100] "GET /-p-16801.html HTTP/1.0" 200 77477 "-" "Mozilla/5.0 (compatible; MJ12bot/v1.4.8; http://mj12bot.com/)"
178.150.14.250 - - [17/Nov/2023:06:33:17 +0100] "GET /powder-candle-bougie-autrement-star-blue-p-53076.html HTTP/1.0" 200 81331 "-" "Mozilla/5.0 (compatible; MJ12bot/v1.4.8; http://mj12bot.com/)"
185.191.171.13 - - [17/Nov/2023:06:33:26 +0100] "GET /door-bottom-cushion-maison-p-60757.html?action=add_product HTTP/1.0" 302 476 "-" "Mozilla/5.0 (compatible; SemrushBot/7~bl; +http://www.semrush.com/bot.html)"
218.188.41.122 - - [17/Nov/2023:06:33:27 +0100] "GET /us-route-66-main-street-small-metal-plate-p-12519.html HTTP/1.0" 301 77544 "-" "Mozilla/5.0 (compatible; MJ12bot/v1.4.8; http://mj12bot.com/)"
178.150.14.250 - - [17/Nov/2023:06:33:29 +0100] "GET /prayer-candle-novena-p-44463.html HTTP/1.0" 200 81366 "-" "Mozilla/5.0 (compatible; MJ12bot/v1.4.8; http://mj12bot.com/)"
85.208.96.199 - - [17/Nov/2023:06:33:29 +0100] "GET /jewels-beauty-accessories-c-3_29.html?page=4 HTTP/1.0" 200 88953 "-" "Mozilla/5.0 (compatible; SemrushBot/7~bl; +http://www.semrush.com/bot.html)"
85.208.96.203 - - [17/Nov/2023:06:33:33 +0100] "GET /decorations-c-13_89.html?page=4 HTTP/1.0" 200 89435 "-" "Mozilla/5.0 (compatible; SemrushBot/7~bl; +http://www.semrush.com/bot.html)"
218.188.41.122 - - [17/Nov/2023:06:33:39 +0100] "GET /-p-12519.html HTTP/1.0" 200 77477 "-" "Mozilla/5.0 (compatible; MJ12bot/v1.4.8; http://mj12bot.com/)"
178.150.14.250 - - [17/Nov/2023:06:33:42 +0100] "GET /purple-jellyfish-glass-paperweight-p-59152.html HTTP/1.0" 200 77619 "-" "Mozilla/5.0 (compatible; MJ12bot/v1.4.8; http://mj12bot.com/)"
218.188.41.122 - - [17/Nov/2023:06:33:52 +0100] "GET /us-route-66-pencil-pot-p-29755.html HTTP/1.0" 301 77544 "-" "Mozilla/5.0 (compatible; MJ12bot/v1.4.8; http://mj12bot.com/)"
85.208.96.200 - - [17/Nov/2023:06:33:52 +0100] "GET /collectible-figurines-decorative-c-13_135.html?page=76 HTTP/1.0" 200 95408 "-" "Mozilla/5.0 (compatible; SemrushBot/7~bl; +http://www.semrush.com/bot.html)"
178.150.14.250 - - [17/Nov/2023:06:33:54 +0100] "GET /rectangular-cats-butterflies-tray-p-60856.html HTTP/1.0" 200 80708 "-" "Mozilla/5.0 (compatible; MJ12bot/v1.4.8; http://mj12bot.com/)"
85.208.96.201 - - [17/Nov/2023:06:33:56 +0100] "GET /isothermic-stainless-steel-bottle-flower-life-cbkreation-p-60748.html?action=add_product HTTP/1.0" 302 476 "-" "Mozilla/5.0 (compatible; SemrushBot/7~bl; +http://www.semrush.com/bot.html)"
218.188.41.122 - - [17/Nov/2023:06:33:58 +0100] "GET /-p-29755.html HTTP/1.0" 200 77477 "-" "Mozilla/5.0 (compatible; MJ12bot/v1.4.8; http://mj12bot.com/)"
54.36.149.44 - - [17/Nov/2023:06:33:59 +0100] "GET /bracelet-tourmaline-quartz-p-48655.html HTTP/1.0" 200 80206 "-" "Mozilla/5.0 (compatible; AhrefsBot/7.0; +http://ahrefs.com/robot/)"
54.36.148.225 - - [17/Nov/2023:06:34:02 +0100] "GET /images/big_prod/8719172837469.jpg HTTP/1.0" 200 268 "-" "Mozilla/5.0 (compatible; AhrefsBot/7.0; +http://ahrefs.com/robot/)"
178.150.14.250 - - [17/Nov/2023:06:34:04 +0100] "GET /rectangular-kitchen-linen-cotton-p-45480.html HTTP/1.0" 200 77641 "-" "Mozilla/5.0 (compatible; MJ12bot/v1.4.8; http://mj12bot.com/)"
218.188.41.122 - - [17/Nov/2023:06:34:09 +0100] "GET /us-route-66-photo-frame-p-23041.html HTTP/1.0" 301 77631 "-" "Mozilla/5.0 (compatible; MJ12bot/v1.4.8; http://mj12bot.com/)"
178.150.14.250 - - [17/Nov/2023:06:34:11 +0100] "GET /rectangular-kitten-tray-p-60854.html HTTP/1.0" 200 80570 "-" "Mozilla/5.0 (compatible; MJ12bot/v1.4.8; http://mj12bot.com/)"
43.134.59.161 - - [17/Nov/2023:06:34:15 +0100] "GET /images/mini_prod/3520071393056.jpg HTTP/1.0" 200 269 "-" "Mozilla/5.0 (Windows NT 10.0; Win64; x64) AppleWebKit/537.36 (KHTML, like Gecko) Chrome/103.0.0.0 Safari/537.36"
185.191.171.6 - - [17/Nov/2023:06:34:19 +0100] "GET /isothermic-stainless-steel-bottle-cuba-cbkreation-p-60716.html?action=add_product HTTP/1.0" 302 476 "-" "Mozilla/5.0 (compatible; SemrushBot/7~bl; +http://www.semrush.com/bot.html)"
218.188.41.122 - - [17/Nov/2023:06:34:19 +0100] "GET /route-photo-frame-p-23041.html HTTP/1.0" 200 77547 "-" "Mozilla/5.0 (compatible; MJ12bot/v1.4.8; http://mj12bot.com/)"
178.150.14.250 - - [17/Nov/2023:06:34:25 +0100] "GET /rectangular-kitten-tray-p-60855.html HTTP/1.0" 200 80570 "-" "Mozilla/5.0 (compatible; MJ12bot/v1.4.8; http://mj12bot.com/)"
218.188.41.122 - - [17/Nov/2023:06:34:29 +0100] "GET /us-route-66-photo-frame-p-23045.html HTTP/1.0" 301 77544 "-" "Mozilla/5.0 (compatible; MJ12bot/v1.4.8; http://mj12bot.com/)"
85.208.96.200 - - [17/Nov/2023:06:34:29 +0100] "GET /door-plate-bedroom-p-54956.html HTTP/1.0" 200 80450 "-" "Mozilla/5.0 (compatible; SemrushBot/7~bl; +http://www.semrush.com/bot.html)"
178.150.14.250 - - [17/Nov/2023:06:34:31 +0100] "GET /route-main-street-small-metal-plate-p-12519.html HTTP/1.0" 301 77544 "-" "Mozilla/5.0 (compatible; MJ12bot/v1.4.8; http://mj12bot.com/)"
85.208.96.199 - - [17/Nov/2023:06:34:32 +0100] "GET /pink-salt-pepper-p-34480.html HTTP/1.0" 200 79897 "-" "Mozilla/5.0 (compatible; SemrushBot/7~bl; +http://www.semrush.com/bot.html)"
218.188.41.122 - - [17/Nov/2023:06:34:38 +0100] "GET /-p-23045.html HTTP/1.0" 200 77477 "-" "Mozilla/5.0 (compatible; MJ12bot/v1.4.8; http://mj12bot.com/)"
178.150.14.250 - - [17/Nov/2023:06:34:40 +0100] "GET /-p-12519.html HTTP/1.0" 200 77477 "-" "Mozilla/5.0 (compatible; MJ12bot/v1.4.8; http://mj12bot.com/)"
43.134.60.180 - - [17/Nov/2023:06:34:43 +0100] "GET /images/mini_prod/MISES-EN-SITUATION-14.jpg HTTP/1.0" 200 277 "-" "Mozilla/5.0 (Windows NT 10.0; Win64; x64) AppleWebKit/537.36 (KHTML, like Gecko) Chrome/103.0.0.0 Safari/537.36"
161.168.138.211 - - [17/Nov/2023:06:34:47 +0100] "GET /images/mini_prod/3700276274620.jpg HTTP/1.0" 200 269 "-" "Mozilla/5.0 (X11; Ubuntu; Linux x86_64; rv:72.0) Gecko/20100101 Firefox/72.0"
218.188.41.122 - - [17/Nov/2023:06:34:47 +0100] "GET /us-route-66-picture-frame-p-13927.html HTTP/1.0" 301 77544 "-" "Mozilla/5.0 (compatible; MJ12bot/v1.4.8; http://mj12bot.com/)"
101.32.242.201 - - [17/Nov/2023:06:34:49 +0100] "GET /images/mini_prod/3553560083466.jpg HTTP/1.0" 200 269 "-" "Mozilla/5.0 (Windows NT 10.0; Win64; x64) AppleWebKit/537.36 (KHTML, like Gecko) Chrome/103.0.0.0 Safari/537.36"
85.208.96.203 - - [17/Nov/2023:06:34:49 +0100] "GET /-p-26825.html HTTP/1.0" 200 77477 "-" "Mozilla/5.0 (compatible; SemrushBot/7~bl; +http://www.semrush.com/bot.html)"
178.150.14.250 - - [17/Nov/2023:06:34:52 +0100] "GET /route-photo-frame-p-23041.html HTTP/1.0" 200 77547 "-" "Mozilla/5.0 (compatible; MJ12bot/v1.4.8; http://mj12bot.com/)"
85.208.96.193 - - [17/Nov/2023:06:34:57 +0100] "GET /kitchen-towel-dark-blue-p-54116.html HTTP/1.0" 200 79864 "-" "Mozilla/5.0 (compatible; SemrushBot/7~bl; +http://www.semrush.com/bot.html)"
54.36.148.79 - - [17/Nov/2023:06:34:57 +0100] "GET /cars-backpack-p-10776.html HTTP/1.0" 200 79966 "-" "Mozilla/5.0 (compatible; AhrefsBot/7.0; +http://ahrefs.com/robot/)"
218.188.41.122 - - [17/Nov/2023:06:34:58 +0100] "GET /-p-13927.html HTTP/1.0" 200 77477 "-" "Mozilla/5.0 (compatible; MJ12bot/v1.4.8; http://mj12bot.com/)"
178.150.14.250 - - [17/Nov/2023:06:35:01 +0100] "GET /route-picture-frame-p-23043.html HTTP/1.0" 200 79930 "-" "Mozilla/5.0 (compatible; MJ12bot/v1.4.8; http://mj12bot.com/)"
185.191.171.11 - - [17/Nov/2023:06:35:02 +0100] "GET /laissez-lucie-faire-large-make-roberto-p-49006.html HTTP/1.0" 200 77617 "-" "Mozilla/5.0 (compatible; SemrushBot/7~bl; +http://www.semrush.com/bot.html)"
178.150.14.250 - - [17/Nov/2023:06:35:06 +0100] "GET /russian-doll-blue-figure-cm-p-27616.html HTTP/1.0" 301 80072 "-" "Mozilla/5.0 (compatible; MJ12bot/v1.4.8; http://mj12bot.com/)"
218.188.41.122 - - [17/Nov/2023:06:35:07 +0100] "GET /us-route-66-picture-frame-p-23043.html HTTP/1.0" 301 80016 "-" "Mozilla/5.0 (compatible; MJ12bot/v1.4.8; http://mj12bot.com/)"
178.150.14.250 - - [17/Nov/2023:06:35:15 +0100] "GET /russian-doll-blue-figure-p-27616.html HTTP/1.0" 200 79981 "-" "Mozilla/5.0 (compatible; MJ12bot/v1.4.8; http://mj12bot.com/)"
43.153.35.113 - - [17/Nov/2023:06:35:21 +0100] "GET /images/mini_prod/3281099993733.jpg HTTP/1.0" 200 269 "-" "Mozilla/5.0 (X11; Ubuntu; Linux x86_64; rv:72.0) Gecko/20100101 Firefox/72.0"
218.188.41.122 - - [17/Nov/2023:06:35:20 +0100] "GET /route-picture-frame-p-23043.html HTTP/1.0" 200 79930 "-" "Mozilla/5.0 (compatible; MJ12bot/v1.4.8; http://mj12bot.com/)"
178.150.14.250 - - [17/Nov/2023:06:35:22 +0100] "GET /russian-doll-blue-figure-p-27616.html HTTP/1.0" 200 79981 "-" "Mozilla/5.0 (compatible; MJ12bot/v1.4.8; http://mj12bot.com/)"
85.208.96.194 - - [17/Nov/2023:06:35:24 +0100] "GET /luggages-schoolbags-leather-shop-c-31.html?page=85 HTTP/1.0" 200 92589 "-" "Mozilla/5.0 (compatible; SemrushBot/7~bl; +http://www.semrush.com/bot.html)"
178.150.14.250 - - [17/Nov/2023:06:35:31 +0100] "GET /russian-doll-cover-for-samsung-s4-cbkreation-p-27012.html HTTP/1.0" 301 77544 "-" "Mozilla/5.0 (compatible; MJ12bot/v1.4.8; http://mj12bot.com/)"
218.188.41.122 - - [17/Nov/2023:06:35:34 +0100] "GET /us-route-66-picture-frame-p-23046.html HTTP/1.0" 301 77544 "-" "Mozilla/5.0 (compatible; MJ12bot/v1.4.8; http://mj12bot.com/)"
178.150.14.250 - - [17/Nov/2023:06:35:39 +0100] "GET /-p-27012.html HTTP/1.0" 200 77477 "-" "Mozilla/5.0 (compatible; MJ12bot/v1.4.8; http://mj12bot.com/)"
178.150.14.250 - - [17/Nov/2023:06:35:44 +0100] "GET /russian-doll-cover-for-samsung-s4-cbkreation-p-27013.html HTTP/1.0" 301 77544 "-" "Mozilla/5.0 (compatible; MJ12bot/v1.4.8; http://mj12bot.com/)"
218.188.41.122 - - [17/Nov/2023:06:35:44 +0100] "GET /-p-23046.html HTTP/1.0" 200 77477 "-" "Mozilla/5.0 (compatible; MJ12bot/v1.4.8; http://mj12bot.com/)"
85.208.96.195 - - [17/Nov/2023:06:35:49 +0100] "GET /coca-cola-round-pencil-case-p-12394.html HTTP/1.0" 200 79875 "-" "Mozilla/5.0 (compatible; SemrushBot/7~bl; +http://www.semrush.com/bot.html)"
178.150.14.250 - - [17/Nov/2023:06:35:52 +0100] "GET /-p-27013.html HTTP/1.0" 200 77477 "-" "Mozilla/5.0 (compatible; MJ12bot/v1.4.8; http://mj12bot.com/)"
218.188.41.122 - - [17/Nov/2023:06:35:56 +0100] "GET /usa-flag-polar-plaid-p-36887.html HTTP/1.0" 301 77544 "-" "Mozilla/5.0 (compatible; MJ12bot/v1.4.8; http://mj12bot.com/)"
178.150.14.250 - - [17/Nov/2023:06:35:58 +0100] "GET /russian-doll-cover-for-samsung-s4-p-27012.html HTTP/1.0" 301 77544 "-" "Mozilla/5.0 (compatible; MJ12bot/v1.4.8; http://mj12bot.com/)"
198.54.130.155 - - [17/Nov/2023:06:36:00 +0100] "GET / HTTP/1.0" 200 158449 "-" "Mozilla/5.0 (Windows NT 6.1; Trident/7.0; ATT-IE11; rv:11.0) like Gecko"
218.188.41.122 - - [17/Nov/2023:06:36:03 +0100] "GET /-p-36887.html HTTP/1.0" 200 77477 "-" "Mozilla/5.0 (compatible; MJ12bot/v1.4.8; http://mj12bot.com/)"
178.150.14.250 - - [17/Nov/2023:06:36:05 +0100] "GET /-p-27012.html HTTP/1.0" 200 77477 "-" "Mozilla/5.0 (compatible; MJ12bot/v1.4.8; http://mj12bot.com/)"
218.188.41.122 - - [17/Nov/2023:06:36:13 +0100] "GET /usa-grey-flag-eyelets-curtain-p-36579.html HTTP/1.0" 301 77544 "-" "Mozilla/5.0 (compatible; MJ12bot/v1.4.8; http://mj12bot.com/)"
54.36.148.191 - - [17/Nov/2023:06:36:13 +0100] "GET /water-bottle-children-p-60000.html HTTP/1.0" 200 80552 "-" "Mozilla/5.0 (compatible; AhrefsBot/7.0; +http://ahrefs.com/robot/)"
54.36.149.93 - - [17/Nov/2023:06:36:16 +0100] "GET /images/big_prod_1/3700281684148B.jpg HTTP/1.0" 200 271 "-" "Mozilla/5.0 (compatible; AhrefsBot/7.0; +http://ahrefs.com/robot/)"
178.150.14.250 - - [17/Nov/2023:06:36:16 +0100] "GET /russian-doll-cover-for-samsung-s4-p-27013.html HTTP/1.0" 301 77544 "-" "Mozilla/5.0 (compatible; MJ12bot/v1.4.8; http://mj12bot.com/)"
85.208.96.202 - - [17/Nov/2023:06:36:20 +0100] "GET /kimmidoll-doll-mieko-p-49806.html HTTP/1.0" 200 77547 "-" "Mozilla/5.0 (compatible; SemrushBot/7~bl; +http://www.semrush.com/bot.html)"
218.188.41.122 - - [17/Nov/2023:06:36:24 +0100] "GET /-p-36579.html HTTP/1.0" 200 77477 "-" "Mozilla/5.0 (compatible; MJ12bot/v1.4.8; http://mj12bot.com/)"
178.150.14.250 - - [17/Nov/2023:06:36:28 +0100] "GET /-p-27013.html HTTP/1.0" 200 77477 "-" "Mozilla/5.0 (compatible; MJ12bot/v1.4.8; http://mj12bot.com/)"
218.188.41.122 - - [17/Nov/2023:06:36:35 +0100] "GET /usa-mouse-pad-cbkreation-p-20057.html HTTP/1.0" 301 79866 "-" "Mozilla/5.0 (compatible; MJ12bot/v1.4.8; http://mj12bot.com/)"
178.150.14.250 - - [17/Nov/2023:06:36:35 +0100] "GET /russian-doll-cover-samsung-cbkreation-p-27012.html HTTP/1.0" 301 77544 "-" "Mozilla/5.0 (compatible; MJ12bot/v1.4.8; http://mj12bot.com/)"
85.208.96.201 - - [17/Nov/2023:06:36:36 +0100] "GET /bamboo-fiber-plant-cover-p-51945.html HTTP/1.0" 200 77563 "-" "Mozilla/5.0 (compatible; SemrushBot/7~bl; +http://www.semrush.com/bot.html)"
43.153.60.218 - - [17/Nov/2023:06:36:40 +0100] "GET /images/mini_prod/1399984241813.jpg HTTP/1.0" 200 269 "-" "Mozilla/5.0 (X11; Ubuntu; Linux x86_64; rv:72.0) Gecko/20100101 Firefox/72.0"
178.150.14.250 - - [17/Nov/2023:06:36:45 +0100] "GET /-p-27012.html HTTP/1.0" 200 77477 "-" "Mozilla/5.0 (compatible; MJ12bot/v1.4.8; http://mj12bot.com/)"
218.188.41.122 - - [17/Nov/2023:06:36:46 +0100] "GET /mouse-cbkreation-p-20057.html HTTP/1.0" 200 79783 "-" "Mozilla/5.0 (compatible; MJ12bot/v1.4.8; http://mj12bot.com/)"
178.150.14.250 - - [17/Nov/2023:06:36:53 +0100] "GET /russian-doll-cover-samsung-cbkreation-p-27013.html HTTP/1.0" 301 77544 "-" "Mozilla/5.0 (compatible; MJ12bot/v1.4.8; http://mj12bot.com/)"
218.188.41.122 - - [17/Nov/2023:06:36:54 +0100] "GET /valdrome-bed-set-240-220-cm-p-43964.html HTTP/1.0" 301 80640 "-" "Mozilla/5.0 (compatible; MJ12bot/v1.4.8; http://mj12bot.com/)"
213.244.248.49 - - [17/Nov/2023:06:36:58 +0100] "GET /images/med_prod/1384010178201.jpg HTTP/1.0" 200 268 "-" "Mozilla/5.0 (X11; Ubuntu; Linux x86_64; rv:72.0) Gecko/20100101 Firefox/72.0 (compatible; mozilla/5.0 (windows nt 6.1; win64; x64) applewebkit/537.36 (khtml, like gecko) chrome/58.0.3029.110 safari/537.3; +https://github.com/rom1504/img2dataset)"
178.150.14.250 - - [17/Nov/2023:06:36:59 +0100] "GET /-p-27013.html HTTP/1.0" 200 77477 "-" "Mozilla/5.0 (compatible; MJ12bot/v1.4.8; http://mj12bot.com/)"
218.188.41.122 - - [17/Nov/2023:06:37:01 +0100] "GET /valdrome-p-43964.html HTTP/1.0" 200 80565 "-" "Mozilla/5.0 (compatible; MJ12bot/v1.4.8; http://mj12bot.com/)"
178.150.14.250 - - [17/Nov/2023:06:37:07 +0100] "GET /sam-the-fireman-little-backpack-p-30381.html HTTP/1.0" 301 77544 "-" "Mozilla/5.0 (compatible; MJ12bot/v1.4.8; http://mj12bot.com/)"
218.188.41.122 - - [17/Nov/2023:06:37:11 +0100] "GET /valdrome-colombe-bed-set-260-240-cm-p-43965.html HTTP/1.0" 301 80704 "-" "Mozilla/5.0 (compatible; MJ12bot/v1.4.8; http://mj12bot.com/)"
178.150.14.250 - - [17/Nov/2023:06:37:13 +0100] "GET /-p-30381.html HTTP/1.0" 200 77477 "-" "Mozilla/5.0 (compatible; MJ12bot/v1.4.8; http://mj12bot.com/)"
218.188.41.122 - - [17/Nov/2023:06:37:20 +0100] "GET /valdrome-colombe-p-43965.html HTTP/1.0" 200 80621 "-" "Mozilla/5.0 (compatible; MJ12bot/v1.4.8; http://mj12bot.com/)"
185.191.171.10 - - [17/Nov/2023:06:37:21 +0100] "GET /paris-metal-keychain-p-23493.html HTTP/1.0" 200 81367 "-" "Mozilla/5.0 (compatible; SemrushBot/7~bl; +http://www.semrush.com/bot.html)"
85.208.96.203 - - [17/Nov/2023:06:37:26 +0100] "GET /norton-motorcycle-metal-plate-deco-p-41072.html HTTP/1.0" 200 80001 "-" "Mozilla/5.0 (compatible; SemrushBot/7~bl; +http://www.semrush.com/bot.html)"
178.150.14.250 - - [17/Nov/2023:06:37:27 +0100] "GET /sandro-botticelli-candle-holders-p-48787.html HTTP/1.0" 200 81089 "-" "Mozilla/5.0 (compatible; MJ12bot/v1.4.8; http://mj12bot.com/)"
218.188.41.122 - - [17/Nov/2023:06:37:32 +0100] "GET /valdrome-colombe-p-43965.html HTTP/1.0" 200 80621 "-" "Mozilla/5.0 (compatible; MJ12bot/v1.4.8; http://mj12bot.com/)"
178.150.14.250 - - [17/Nov/2023:06:37:34 +0100] "GET /santa-claus-by-plane-statuette-p-32160.html HTTP/1.0" 301 77544 "-" "Mozilla/5.0 (compatible; MJ12bot/v1.4.8; http://mj12bot.com/)"
178.150.14.250 - - [17/Nov/2023:06:37:44 +0100] "GET /-p-32160.html HTTP/1.0" 200 77477 "-" "Mozilla/5.0 (compatible; MJ12bot/v1.4.8; http://mj12bot.com/)"
54.36.148.20 - - [17/Nov/2023:06:37:47 +0100] "GET /stormtrooper-star-wars-isothermic-stainless-steel-bottle-p-56371.html HTTP/1.0" 200 81059 "-" "Mozilla/5.0 (compatible; AhrefsBot/7.0; +http://ahrefs.com/robot/)"
54.36.148.13 - - [17/Nov/2023:06:37:50 +0100] "GET /images/big_prod/4029811460199.jpg HTTP/1.0" 200 268 "-" "Mozilla/5.0 (compatible; AhrefsBot/7.0; +http://ahrefs.com/robot/)"
218.188.41.122 - - [17/Nov/2023:06:37:49 +0100] "GET /valdrome-emeraude-bed-set-240-220-cm-p-43959.html HTTP/1.0" 301 80109 "-" "Mozilla/5.0 (compatible; MJ12bot/v1.4.8; http://mj12bot.com/)"
178.150.14.250 - - [17/Nov/2023:06:37:51 +0100] "GET /sarah-clock-p-8112.html HTTP/1.0" 301 77541 "-" "Mozilla/5.0 (compatible; MJ12bot/v1.4.8; http://mj12bot.com/)"
85.208.96.203 - - [17/Nov/2023:06:37:52 +0100] "GET /-p-47238.html HTTP/1.0" 200 77477 "-" "Mozilla/5.0 (compatible; SemrushBot/7~bl; +http://www.semrush.com/bot.html)"
218.188.41.122 - - [17/Nov/2023:06:37:54 +0100] "GET /valdrome-emeraude-p-43959.html HTTP/1.0" 200 80025 "-" "Mozilla/5.0 (compatible; MJ12bot/v1.4.8; http://mj12bot.com/)"
178.150.14.250 - - [17/Nov/2023:06:38:00 +0100] "GET /-p-8112.html HTTP/1.0" 200 77475 "-" "Mozilla/5.0 (compatible; MJ12bot/v1.4.8; http://mj12bot.com/)"
85.208.96.195 - - [17/Nov/2023:06:38:03 +0100] "GET /boho-canvas-frame-wild-p-39218.html HTTP/1.0" 200 80616 "-" "Mozilla/5.0 (compatible; SemrushBot/7~bl; +http://www.semrush.com/bot.html)"
218.188.41.122 - - [17/Nov/2023:06:38:05 +0100] "GET /valdrome-emeraude-p-43959.html HTTP/1.0" 200 80025 "-" "Mozilla/5.0 (compatible; MJ12bot/v1.4.8; http://mj12bot.com/)"
178.150.14.250 - - [17/Nov/2023:06:38:07 +0100] "GET /sarah-kay-clock-p-8112.html HTTP/1.0" 301 77541 "-" "Mozilla/5.0 (compatible; MJ12bot/v1.4.8; http://mj12bot.com/)"
35.166.42.212 - - [17/Nov/2023:06:38:12 +0100] "GET /images/big_prod_1/5051276388762b.jpg HTTP/1.0" 200 271 "-" "Mozilla/5.0 (X11; Ubuntu; Linux x86_64; rv:72.0) Gecko/20100101 Firefox/72.0"
218.188.41.122 - - [17/Nov/2023:06:38:13 +0100] "GET /valdrome-kalian-napkin-made-france-p-43970.html HTTP/1.0" 200 80642 "-" "Mozilla/5.0 (compatible; MJ12bot/v1.4.8; http://mj12bot.com/)"
178.150.14.250 - - [17/Nov/2023:06:38:14 +0100] "GET /-p-8112.html HTTP/1.0" 200 77475 "-" "Mozilla/5.0 (compatible; MJ12bot/v1.4.8; http://mj12bot.com/)"
85.208.96.205 - - [17/Nov/2023:06:38:15 +0100] "GET /large-sandstone-vase-p-52300.html HTTP/1.0" 200 77559 "-" "Mozilla/5.0 (compatible; SemrushBot/7~bl; +http://www.semrush.com/bot.html)"
185.191.171.14 - - [17/Nov/2023:06:38:22 +0100] "GET /gros-mots-money-p-58691.html HTTP/1.0" 200 77535 "-" "Mozilla/5.0 (compatible; SemrushBot/7~bl; +http://www.semrush.com/bot.html)"
218.188.41.122 - - [17/Nov/2023:06:38:24 +0100] "GET /valdrome-kalian-napkin-made-in-france-p-43970.html HTTP/1.0" 301 80743 "-" "Mozilla/5.0 (compatible; MJ12bot/v1.4.8; http://mj12bot.com/)"
178.150.14.250 - - [17/Nov/2023:06:38:26 +0100] "GET /sarah-kay-pair-of-socks-27-30-p-25996.html HTTP/1.0" 301 77544 "-" "Mozilla/5.0 (compatible; MJ12bot/v1.4.8; http://mj12bot.com/)"
218.188.41.122 - - [17/Nov/2023:06:38:33 +0100] "GET /valdrome-kalian-napkin-made-france-p-43970.html HTTP/1.0" 200 80642 "-" "Mozilla/5.0 (compatible; MJ12bot/v1.4.8; http://mj12bot.com/)"
85.208.96.211 - - [17/Nov/2023:06:38:34 +0100] "GET /cement-tile-stickers-p-51628.html HTTP/1.0" 200 80773 "-" "Mozilla/5.0 (compatible; SemrushBot/7~bl; +http://www.semrush.com/bot.html)"
51.68.224.127 - - [17/Nov/2023:06:38:37 +0100] "GET /adminweb/export_orders_xml.php?token=256de2z6edz6ed2z6DFSFsed2zed6zeDSFDSGdzedezfzf&maxorders=10&orderstart=1&status=14&start_date=2018-10-01 HTTP/1.0" 200 285 "-" "GesCom CharlotteBoutik Serveur"
51.68.224.127 - - [17/Nov/2023:06:38:37 +0100] "GET /adminweb/export_orders_xml.php?token=256de2z6edz6ed2z6DFSFsed2zed6zeDSFDSGdzedezfzf&maxorders=10&orderstart=1&status=6&start_date=2018-10-01 HTTP/1.0" 200 33939 "-" "GesCom CharlotteBoutik Serveur"
185.191.171.10 - - [17/Nov/2023:06:38:37 +0100] "GET /touch-magic-sorcerer-mickey-figurine-p-58165.html HTTP/1.0" 200 80978 "-" "Mozilla/5.0 (compatible; SemrushBot/7~bl; +http://www.semrush.com/bot.html)"
178.150.14.250 - - [17/Nov/2023:06:38:37 +0100] "GET /-p-25996.html HTTP/1.0" 200 77477 "-" "Mozilla/5.0 (compatible; MJ12bot/v1.4.8; http://mj12bot.com/)"
218.188.41.122 - - [17/Nov/2023:06:38:42 +0100] "GET /valdrome-p-43964.html HTTP/1.0" 200 80565 "-" "Mozilla/5.0 (compatible; MJ12bot/v1.4.8; http://mj12bot.com/)"
185.191.171.8 - - [17/Nov/2023:06:38:49 +0100] "GET /moroccan-ashtray-p-40815.html HTTP/1.0" 200 77531 "-" "Mozilla/5.0 (compatible; SemrushBot/7~bl; +http://www.semrush.com/bot.html)"
218.188.41.122 - - [17/Nov/2023:06:38:50 +0100] "GET /vanity-bag-printed-running-horses-p-35450.html HTTP/1.0" 301 82398 "-" "Mozilla/5.0 (compatible; MJ12bot/v1.4.8; http://mj12bot.com/)"
178.150.14.250 - - [17/Nov/2023:06:38:52 +0100] "GET /sarah-kay-pairs-of-bobby-socks-size-27-30-p-25511.html HTTP/1.0" 301 77544 "-" "Mozilla/5.0 (compatible; MJ12bot/v1.4.8; http://mj12bot.com/)"
185.191.171.11 - - [17/Nov/2023:06:38:53 +0100] "GET /natsuki-kimmidoll-necklace-swarovski-p-15878.html HTTP/1.0" 200 77648 "-" "Mozilla/5.0 (compatible; SemrushBot/7~bl; +http://www.semrush.com/bot.html)"
218.188.41.122 - - [17/Nov/2023:06:38:57 +0100] "GET /vanity-printed-running-horses-p-35450.html HTTP/1.0" 200 82302 "-" "Mozilla/5.0 (compatible; MJ12bot/v1.4.8; http://mj12bot.com/)"
52.167.144.232 - - [17/Nov/2023:06:39:02 +0100] "GET /images/big_prod/8433933152645.jpg HTTP/1.0" 200 268 "-" "Mozilla/5.0 (Windows NT 6.1; WOW64) AppleWebKit/534+ (KHTML, like Gecko) BingPreview/1.0b"
178.150.14.250 - - [17/Nov/2023:06:39:01 +0100] "GET /-p-25511.html HTTP/1.0" 200 77477 "-" "Mozilla/5.0 (compatible; MJ12bot/v1.4.8; http://mj12bot.com/)"
85.208.96.195 - - [17/Nov/2023:06:39:04 +0100] "GET /golden-table-lamp-p-58986.html HTTP/1.0" 200 80566 "-" "Mozilla/5.0 (compatible; SemrushBot/7~bl; +http://www.semrush.com/bot.html)"
54.36.148.248 - - [17/Nov/2023:06:39:04 +0100] "GET /dubout-cats-cosmetic-p-32251.html HTTP/1.0" 200 79928 "-" "Mozilla/5.0 (compatible; AhrefsBot/7.0; +http://ahrefs.com/robot/)"
54.36.149.95 - - [17/Nov/2023:06:39:06 +0100] "GET /images/med_prod/1384010177365.jpg HTTP/1.0" 200 268 "-" "Mozilla/5.0 (compatible; AhrefsBot/7.0; +http://ahrefs.com/robot/)"
218.188.41.122 - - [17/Nov/2023:06:39:07 +0100] "GET /vanity-case-of-mirabelle-mergirl-collection-p-19336.html HTTP/1.0" 301 77544 "-" "Mozilla/5.0 (compatible; MJ12bot/v1.4.8; http://mj12bot.com/)"
178.150.14.250 - - [17/Nov/2023:06:39:08 +0100] "GET /sarah-kay-pairs-of-bobby-socks-size-31-34-p-25514.html HTTP/1.0" 301 77544 "-" "Mozilla/5.0 (compatible; MJ12bot/v1.4.8; http://mj12bot.com/)"
85.208.96.201 - - [17/Nov/2023:06:39:16 +0100] "GET /-p-42291.html HTTP/1.0" 200 77477 "-" "Mozilla/5.0 (compatible; SemrushBot/7~bl; +http://www.semrush.com/bot.html)"
218.188.41.122 - - [17/Nov/2023:06:39:16 +0100] "GET /-p-19336.html HTTP/1.0" 200 77477 "-" "Mozilla/5.0 (compatible; MJ12bot/v1.4.8; http://mj12bot.com/)"
178.150.14.250 - - [17/Nov/2023:06:39:16 +0100] "GET /-p-25514.html HTTP/1.0" 200 77477 "-" "Mozilla/5.0 (compatible; MJ12bot/v1.4.8; http://mj12bot.com/)"
218.188.41.122 - - [17/Nov/2023:06:39:27 +0100] "GET /vanity-printed-running-horses-p-35450.html HTTP/1.0" 200 82302 "-" "Mozilla/5.0 (compatible; MJ12bot/v1.4.8; http://mj12bot.com/)"
194.208.56.238 - - [17/Nov/2023:06:39:28 +0100] "GET /jane-crowther-black-p-53852.html HTTP/1.0" 200 77581 "-" "Mozilla/5.0 (Linux; Android 10; K) AppleWebKit/537.36 (KHTML, like Gecko) Chrome/119.0.0.0 Mobile Safari/537.36"
194.208.56.238 - - [17/Nov/2023:06:39:30 +0100] "GET /templates/Pixame_v1/stylesheet.css HTTP/1.0" 200 267 "http://www.wonder-geek.com/jane-crowther-black-p-53852.html" "Mozilla/5.0 (Linux; Android 10; K) AppleWebKit/537.36 (KHTML, like Gecko) Chrome/119.0.0.0 Mobile Safari/537.36"
194.208.56.238 - - [17/Nov/2023:06:39:30 +0100] "GET /highslide/highslide.js HTTP/1.0" 200 262 "http://www.wonder-geek.com/jane-crowther-black-p-53852.html" "Mozilla/5.0 (Linux; Android 10; K) AppleWebKit/537.36 (KHTML, like Gecko) Chrome/119.0.0.0 Mobile Safari/537.36"
194.208.56.238 - - [17/Nov/2023:06:39:30 +0100] "GET /js/jquery.js HTTP/1.0" 200 252 "http://www.wonder-geek.com/jane-crowther-black-p-53852.html" "Mozilla/5.0 (Linux; Android 10; K) AppleWebKit/537.36 (KHTML, like Gecko) Chrome/119.0.0.0 Mobile Safari/537.36"
194.208.56.238 - - [17/Nov/2023:06:39:30 +0100] "GET /js/jquery.jqzoom.js HTTP/1.0" 200 259 "http://www.wonder-geek.com/jane-crowther-black-p-53852.html" "Mozilla/5.0 (Linux; Android 10; K) AppleWebKit/537.36 (KHTML, like Gecko) Chrome/119.0.0.0 Mobile Safari/537.36"
194.208.56.238 - - [17/Nov/2023:06:39:30 +0100] "GET /mondial_relay/js/jquery-1.3.2.min.js HTTP/1.0" 200 276 "http://www.wonder-geek.com/jane-crowther-black-p-53852.html" "Mozilla/5.0 (Linux; Android 10; K) AppleWebKit/537.36 (KHTML, like Gecko) Chrome/119.0.0.0 Mobile Safari/537.36"
194.208.56.238 - - [17/Nov/2023:06:39:30 +0100] "GET /templates/Pixame_v1/images/icon_accueil2.png HTTP/1.0" 200 278 "http://www.wonder-geek.com/jane-crowther-black-p-53852.html" "Mozilla/5.0 (Linux; Android 10; K) AppleWebKit/537.36 (KHTML, like Gecko) Chrome/119.0.0.0 Mobile Safari/537.36"
194.208.56.238 - - [17/Nov/2023:06:39:30 +0100] "GET /swfobject.js HTTP/1.0" 404 1308 "http://www.wonder-geek.com/jane-crowther-black-p-53852.html" "Mozilla/5.0 (Linux; Android 10; K) AppleWebKit/537.36 (KHTML, like Gecko) Chrome/119.0.0.0 Mobile Safari/537.36"
194.208.56.238 - - [17/Nov/2023:06:39:30 +0100] "GET /templates/Pixame_v1/images/infobox/pixel_trans.gif HTTP/1.0" 200 328 "http://www.wonder-geek.com/jane-crowther-black-p-53852.html" "Mozilla/5.0 (Linux; Android 10; K) AppleWebKit/537.36 (KHTML, like Gecko) Chrome/119.0.0.0 Mobile Safari/537.36"
194.208.56.238 - - [17/Nov/2023:06:39:30 +0100] "GET /images/pixel_trans.gif HTTP/1.0" 200 328 "http://www.wonder-geek.com/jane-crowther-black-p-53852.html" "Mozilla/5.0 (Linux; Android 10; K) AppleWebKit/537.36 (KHTML, like Gecko) Chrome/119.0.0.0 Mobile Safari/537.36"
194.208.56.238 - - [17/Nov/2023:06:39:30 +0100] "GET /templates/Pixame_v1/images/pixel_trans.gif HTTP/1.0" 200 328 "http://www.wonder-geek.com/jane-crowther-black-p-53852.html" "Mozilla/5.0 (Linux; Android 10; K) AppleWebKit/537.36 (KHTML, like Gecko) Chrome/119.0.0.0 Mobile Safari/537.36"
194.208.56.238 - - [17/Nov/2023:06:39:30 +0100] "GET /templates/Pixame_v1/images/buttons/english/button_continue.gif HTTP/1.0" 200 1264 "http://www.wonder-geek.com/jane-crowther-black-p-53852.html" "Mozilla/5.0 (Linux; Android 10; K) AppleWebKit/537.36 (KHTML, like Gecko) Chrome/119.0.0.0 Mobile Safari/537.36"
194.208.56.238 - - [17/Nov/2023:06:39:30 +0100] "GET /templates/Pixame_v1/images/nav.png HTTP/1.0" 200 268 "http://www.wonder-geek.com/templates/Pixame_v1/stylesheet.css" "Mozilla/5.0 (Linux; Android 10; K) AppleWebKit/537.36 (KHTML, like Gecko) Chrome/119.0.0.0 Mobile Safari/537.36"
194.208.56.238 - - [17/Nov/2023:06:39:30 +0100] "GET /templates/Pixame_v1/images/Bottom_texture.jpg HTTP/1.0" 200 280 "http://www.wonder-geek.com/templates/Pixame_v1/stylesheet.css" "Mozilla/5.0 (Linux; Android 10; K) AppleWebKit/537.36 (KHTML, like Gecko) Chrome/119.0.0.0 Mobile Safari/537.36"
194.208.56.238 - - [17/Nov/2023:06:39:30 +0100] "GET /templates/Pixame_v1/images/Middle_texture.jpg HTTP/1.0" 200 280 "http://www.wonder-geek.com/templates/Pixame_v1/stylesheet.css" "Mozilla/5.0 (Linux; Android 10; K) AppleWebKit/537.36 (KHTML, like Gecko) Chrome/119.0.0.0 Mobile Safari/537.36"
194.208.56.238 - - [17/Nov/2023:06:39:30 +0100] "GET /templates/Pixame_v1/images/header.png HTTP/1.0" 200 271 "http://www.wonder-geek.com/templates/Pixame_v1/stylesheet.css" "Mozilla/5.0 (Linux; Android 10; K) AppleWebKit/537.36 (KHTML, like Gecko) Chrome/119.0.0.0 Mobile Safari/537.36"
194.208.56.238 - - [17/Nov/2023:06:39:30 +0100] "GET /design/productsenstock.png HTTP/1.0" 200 260 "http://www.wonder-geek.com/templates/Pixame_v1/stylesheet.css" "Mozilla/5.0 (Linux; Android 10; K) AppleWebKit/537.36 (KHTML, like Gecko) Chrome/119.0.0.0 Mobile Safari/537.36"
194.208.56.238 - - [17/Nov/2023:06:39:30 +0100] "GET /templates/Pixame_v1/images/header-object.png HTTP/1.0" 200 278 "http://www.wonder-geek.com/templates/Pixame_v1/stylesheet.css" "Mozilla/5.0 (Linux; Android 10; K) AppleWebKit/537.36 (KHTML, like Gecko) Chrome/119.0.0.0 Mobile Safari/537.36"
194.208.56.238 - - [17/Nov/2023:06:39:30 +0100] "GET /templates/Pixame_v1/images/infobox/infobox_footer_middle.gif HTTP/1.0" 200 357 "http://www.wonder-geek.com/jane-crowther-black-p-53852.html" "Mozilla/5.0 (Linux; Android 10; K) AppleWebKit/537.36 (KHTML, like Gecko) Chrome/119.0.0.0 Mobile Safari/537.36"
194.208.56.238 - - [17/Nov/2023:06:39:31 +0100] "GET /highslide/graphics/outlines/drop-shadow.png HTTP/1.0" 200 277 "http://www.wonder-geek.com/jane-crowther-black-p-53852.html" "Mozilla/5.0 (Linux; Android 10; K) AppleWebKit/537.36 (KHTML, like Gecko) Chrome/119.0.0.0 Mobile Safari/537.36"
194.208.56.238 - - [17/Nov/2023:06:39:31 +0100] "GET /highslide/graphics/zoomout.cur HTTP/1.0" 200 614 "http://www.wonder-geek.com/jane-crowther-black-p-53852.html" "Mozilla/5.0 (Linux; Android 10; K) AppleWebKit/537.36 (KHTML, like Gecko) Chrome/119.0.0.0 Mobile Safari/537.36"
194.208.56.238 - - [17/Nov/2023:06:39:31 +0100] "GET /highslide/graphics/loader.white.gif HTTP/1.0" 200 960 "http://www.wonder-geek.com/templates/Pixame_v1/stylesheet.css" "Mozilla/5.0 (Linux; Android 10; K) AppleWebKit/537.36 (KHTML, like Gecko) Chrome/119.0.0.0 Mobile Safari/537.36"
194.208.56.238 - - [17/Nov/2023:06:39:31 +0100] "GET /favicon.ico HTTP/1.0" 200 260 "http://www.wonder-geek.com/jane-crowther-black-p-53852.html" "Mozilla/5.0 (Linux; Android 10; K) AppleWebKit/537.36 (KHTML, like Gecko) Chrome/119.0.0.0 Mobile Safari/537.36"
178.150.14.250 - - [17/Nov/2023:06:39:33 +0100] "GET /sarah-kay-pairs-of-socks-23-26-p-25527.html HTTP/1.0" 301 77544 "-" "Mozilla/5.0 (compatible; MJ12bot/v1.4.8; http://mj12bot.com/)"
218.188.41.122 - - [17/Nov/2023:06:39:36 +0100] "GET /vegas-casino-metal-wall-decoration-p-44438.html HTTP/1.0" 200 77668 "-" "Mozilla/5.0 (compatible; MJ12bot/v1.4.8; http://mj12bot.com/)"
178.150.14.250 - - [17/Nov/2023:06:39:42 +0100] "GET /-p-25527.html HTTP/1.0" 200 77477 "-" "Mozilla/5.0 (compatible; MJ12bot/v1.4.8; http://mj12bot.com/)"
218.188.41.122 - - [17/Nov/2023:06:39:47 +0100] "GET /vieillis-adult-apron-p-53178.html HTTP/1.0" 200 79798 "-" "Mozilla/5.0 (compatible; MJ12bot/v1.4.8; http://mj12bot.com/)"
178.150.14.250 - - [17/Nov/2023:06:39:50 +0100] "GET /sardines-metal-clock-p-47910.html HTTP/1.0" 301 77544 "-" "Mozilla/5.0 (compatible; MJ12bot/v1.4.8; http://mj12bot.com/)"
218.188.41.122 - - [17/Nov/2023:06:39:54 +0100] "GET /violetta-calendar-year-2015-p-27259.html HTTP/1.0" 301 77544 "-" "Mozilla/5.0 (compatible; MJ12bot/v1.4.8; http://mj12bot.com/)"
178.150.14.250 - - [17/Nov/2023:06:39:59 +0100] "GET /-p-47910.html HTTP/1.0" 200 77477 "-" "Mozilla/5.0 (compatible; MJ12bot/v1.4.8; http://mj12bot.com/)"
218.188.41.122 - - [17/Nov/2023:06:40:00 +0100] "GET /-p-27259.html HTTP/1.0" 200 77477 "-" "Mozilla/5.0 (compatible; MJ12bot/v1.4.8; http://mj12bot.com/)"
218.188.41.122 - - [17/Nov/2023:06:40:07 +0100] "GET /vive-paris-spiral-notebook-p-20223.html HTTP/1.0" 200 77571 "-" "Mozilla/5.0 (compatible; MJ12bot/v1.4.8; http://mj12bot.com/)"
43.153.38.220 - - [17/Nov/2023:06:40:11 +0100] "GET /images/mini_prod/8422089196078A.jpg HTTP/1.0" 200 270 "-" "Mozilla/5.0 (X11; Ubuntu; Linux x86_64; rv:72.0) Gecko/20100101 Firefox/72.0"
178.150.14.250 - - [17/Nov/2023:06:40:14 +0100] "GET /saturday-night-fever-mug-p-3999.html HTTP/1.0" 301 80683 "-" "Mozilla/5.0 (compatible; MJ12bot/v1.4.8; http://mj12bot.com/)"
218.188.41.122 - - [17/Nov/2023:06:40:17 +0100] "GET /volkswagen-blue-small-bag-24-cm-p-33960.html HTTP/1.0" 301 77544 "-" "Mozilla/5.0 (compatible; MJ12bot/v1.4.8; http://mj12bot.com/)"
178.150.14.250 - - [17/Nov/2023:06:40:20 +0100] "GET /saturday-night-fever-p-3999.html HTTP/1.0" 200 80597 "-" "Mozilla/5.0 (compatible; MJ12bot/v1.4.8; http://mj12bot.com/)"
218.188.41.122 - - [17/Nov/2023:06:40:26 +0100] "GET /-p-33960.html HTTP/1.0" 200 77477 "-" "Mozilla/5.0 (compatible; MJ12bot/v1.4.8; http://mj12bot.com/)"
178.150.14.250 - - [17/Nov/2023:06:40:30 +0100] "GET /saturday-night-fever-p-3999.html HTTP/1.0" 200 80597 "-" "Mozilla/5.0 (compatible; MJ12bot/v1.4.8; http://mj12bot.com/)"
218.188.41.122 - - [17/Nov/2023:06:40:34 +0100] "GET /votive-candle-damask-rose-arabian-jasmine-p-46866.html HTTP/1.0" 200 77643 "-" "Mozilla/5.0 (compatible; MJ12bot/v1.4.8; http://mj12bot.com/)"
178.150.14.250 - - [17/Nov/2023:06:40:37 +0100] "GET /saucer-pastry-kitten-p-60846.html HTTP/1.0" 200 80487 "-" "Mozilla/5.0 (compatible; MJ12bot/v1.4.8; http://mj12bot.com/)"
54.36.149.102 - - [17/Nov/2023:06:40:38 +0100] "GET /decorative-wooden-plate-habite-chez-chien-blue-p-61157.html HTTP/1.0" 200 80963 "-" "Mozilla/5.0 (compatible; AhrefsBot/7.0; +http://ahrefs.com/robot/)"
218.188.41.122 - - [17/Nov/2023:06:40:43 +0100] "GET /votive-candle-hours-simply-p-55375.html HTTP/1.0" 200 81021 "-" "Mozilla/5.0 (compatible; MJ12bot/v1.4.8; http://mj12bot.com/)"
178.150.14.250 - - [17/Nov/2023:06:40:45 +0100] "GET /savon-de-marseille-bath-soap-dish-p-36222.html HTTP/1.0" 301 80646 "-" "Mozilla/5.0 (compatible; MJ12bot/v1.4.8; http://mj12bot.com/)"
178.150.14.250 - - [17/Nov/2023:06:40:53 +0100] "GET /savon-marseille-bath-soap-dish-p-36222.html HTTP/1.0" 200 80549 "-" "Mozilla/5.0 (compatible; MJ12bot/v1.4.8; http://mj12bot.com/)"
185.191.171.18 - - [17/Nov/2023:06:40:54 +0100] "GET /-p-19464.html HTTP/1.0" 200 77477 "-" "Mozilla/5.0 (compatible; SemrushBot/7~bl; +http://www.semrush.com/bot.html)"
