47.128.60.249 - - [17/Nov/2023:07:13:49 +0100] "GET /highslide/graphics/outlines/drop-shadow.png HTTP/1.0" 200 277 "http://www.wonder-geek.com/wooden-boxes-storage-c-13_150_220.html?page=5" "Mozilla/5.0 (compatible; Bytespider; spider-feedback@bytedance.com) AppleWebKit/537.36 (KHTML, like Gecko) Chrome/70.0.0.0 Safari/537.36"
47.128.60.249 - - [17/Nov/2023:07:13:49 +0100] "GET /highslide/graphics/zoomout.cur HTTP/1.0" 200 614 "http://www.wonder-geek.com/wooden-boxes-storage-c-13_150_220.html?page=5" "Mozilla/5.0 (compatible; Bytespider; spider-feedback@bytedance.com) AppleWebKit/537.36 (KHTML, like Gecko) Chrome/70.0.0.0 Safari/537.36"
178.150.14.250 - - [17/Nov/2023:07:13:49 +0100] "GET /-p-29505.html HTTP/1.0" 200 77477 "-" "Mozilla/5.0 (compatible; MJ12bot/v1.4.8; http://mj12bot.com/)"
178.150.14.250 - - [17/Nov/2023:07:13:55 +0100] "GET /spiderman-mug-p-29506.html HTTP/1.0" 301 77544 "-" "Mozilla/5.0 (compatible; MJ12bot/v1.4.8; http://mj12bot.com/)"
47.128.18.137 - - [17/Nov/2023:07:14:00 +0100] "GET /-p-17146.html HTTP/1.0" 200 77477 "-" "Mozilla/5.0 (compatible; Bytespider; spider-feedback@bytedance.com) AppleWebKit/537.36 (KHTML, like Gecko) Chrome/70.0.0.0 Safari/537.36"
47.128.18.137 - - [17/Nov/2023:07:14:02 +0100] "GET /js/jquery.jqzoom.js HTTP/1.0" 200 259 "http://www.wonder-geek.com/-p-17146.html" "Mozilla/5.0 (compatible; Bytespider; spider-feedback@bytedance.com) AppleWebKit/537.36 (KHTML, like Gecko) Chrome/70.0.0.0 Safari/537.36"
47.128.18.137 - - [17/Nov/2023:07:14:02 +0100] "GET /swfobject.js HTTP/1.0" 404 1308 "http://www.wonder-geek.com/-p-17146.html" "Mozilla/5.0 (compatible; Bytespider; spider-feedback@bytedance.com) AppleWebKit/537.36 (KHTML, like Gecko) Chrome/70.0.0.0 Safari/537.36"
178.150.14.250 - - [17/Nov/2023:07:14:02 +0100] "GET /-p-29506.html HTTP/1.0" 200 77477 "-" "Mozilla/5.0 (compatible; MJ12bot/v1.4.8; http://mj12bot.com/)"
47.128.18.137 - - [17/Nov/2023:07:14:03 +0100] "GET /swfobject.js HTTP/1.0" 404 1308 "http://www.wonder-geek.com/-p-17146.html" "Mozilla/5.0 (compatible; Bytespider; spider-feedback@bytedance.com) AppleWebKit/537.36 (KHTML, like Gecko) Chrome/70.0.0.0 Safari/537.36"
47.128.18.137 - - [17/Nov/2023:07:14:07 +0100] "GET /highslide/graphics/zoomout.cur HTTP/1.0" 200 614 "http://www.wonder-geek.com/-p-17146.html" "Mozilla/5.0 (compatible; Bytespider; spider-feedback@bytedance.com) AppleWebKit/537.36 (KHTML, like Gecko) Chrome/70.0.0.0 Safari/537.36"
47.128.18.137 - - [17/Nov/2023:07:14:07 +0100] "GET /highslide/graphics/outlines/drop-shadow.png HTTP/1.0" 200 277 "http://www.wonder-geek.com/-p-17146.html" "Mozilla/5.0 (compatible; Bytespider; spider-feedback@bytedance.com) AppleWebKit/537.36 (KHTML, like Gecko) Chrome/70.0.0.0 Safari/537.36"
178.150.14.250 - - [17/Nov/2023:07:14:10 +0100] "GET /spiderman-p-29505.html HTTP/1.0" 301 77544 "-" "Mozilla/5.0 (compatible; MJ12bot/v1.4.8; http://mj12bot.com/)"
216.244.66.242 - - [17/Nov/2023:07:14:12 +0100] "GET /ananas-white-table-lamp-p-54297.html HTTP/1.0" 200 77559 "-" "Mozilla/5.0 (compatible; DotBot/1.2; +https://opensiteexplorer.org/dotbot; help@moz.com)"
85.208.96.204 - - [17/Nov/2023:07:14:20 +0100] "GET /-p-35514.html HTTP/1.0" 200 77477 "-" "Mozilla/5.0 (compatible; SemrushBot/7~bl; +http://www.semrush.com/bot.html)"
178.150.14.250 - - [17/Nov/2023:07:14:21 +0100] "GET /-p-29505.html HTTP/1.0" 200 77477 "-" "Mozilla/5.0 (compatible; MJ12bot/v1.4.8; http://mj12bot.com/)"
101.198.192.11 - - [17/Nov/2023:07:14:25 +0100] "GET /images/mini_prod/1384010205105.jpg HTTP/1.0" 200 269 "-" "Mozilla/5.0 (X11; Ubuntu; Linux x86_64; rv:72.0) Gecko/20100101 Firefox/72.0"
178.150.14.250 - - [17/Nov/2023:07:14:28 +0100] "GET /spiderman-p-29506.html HTTP/1.0" 301 77544 "-" "Mozilla/5.0 (compatible; MJ12bot/v1.4.8; http://mj12bot.com/)"
47.128.33.221 - - [17/Nov/2023:07:14:33 +0100] "GET /-p-41595.html HTTP/1.0" 200 77477 "-" "Mozilla/5.0 (compatible; Bytespider; spider-feedback@bytedance.com) AppleWebKit/537.36 (KHTML, like Gecko) Chrome/70.0.0.0 Safari/537.36"
178.150.14.250 - - [17/Nov/2023:07:14:33 +0100] "GET /-p-29506.html HTTP/1.0" 200 77477 "-" "Mozilla/5.0 (compatible; MJ12bot/v1.4.8; http://mj12bot.com/)"
47.128.33.221 - - [17/Nov/2023:07:14:36 +0100] "GET /swfobject.js HTTP/1.0" 404 1308 "http://www.wonder-geek.com/-p-41595.html" "Mozilla/5.0 (compatible; Bytespider; spider-feedback@bytedance.com) AppleWebKit/537.36 (KHTML, like Gecko) Chrome/70.0.0.0 Safari/537.36"
185.191.171.19 - - [17/Nov/2023:07:14:34 +0100] "GET /vanity-beauty-bags-c-31_78.html?page=1 HTTP/1.0" 200 87517 "-" "Mozilla/5.0 (compatible; SemrushBot/7~bl; +http://www.semrush.com/bot.html)"
178.150.14.250 - - [17/Nov/2023:07:14:38 +0100] "GET /spiderman-small-box-p-26794.html HTTP/1.0" 301 77544 "-" "Mozilla/5.0 (compatible; MJ12bot/v1.4.8; http://mj12bot.com/)"
185.191.171.19 - - [17/Nov/2023:07:14:38 +0100] "GET /cement-tile-stickers-gray-brown-p-43008.html HTTP/1.0" 200 80905 "-" "Mozilla/5.0 (compatible; SemrushBot/7~bl; +http://www.semrush.com/bot.html)"
216.244.66.242 - - [17/Nov/2023:07:14:40 +0100] "GET /cotton-floor-cushion-45-cm-albertine-p-51078.html HTTP/1.0" 301 77544 "-" "Mozilla/5.0 (compatible; DotBot/1.2; +https://opensiteexplorer.org/dotbot; help@moz.com)"
178.150.14.250 - - [17/Nov/2023:07:14:41 +0100] "GET /-p-26794.html HTTP/1.0" 200 77477 "-" "Mozilla/5.0 (compatible; MJ12bot/v1.4.8; http://mj12bot.com/)"
185.191.171.11 - - [17/Nov/2023:07:14:42 +0100] "GET /justitia-thmis-statue-p-40907.html HTTP/1.0" 200 77565 "-" "Mozilla/5.0 (compatible; SemrushBot/7~bl; +http://www.semrush.com/bot.html)"
47.128.28.124 - - [17/Nov/2023:07:14:46 +0100] "GET /-p-48941.html HTTP/1.0" 200 77477 "-" "Mozilla/5.0 (compatible; Bytespider; spider-feedback@bytedance.com) AppleWebKit/537.36 (KHTML, like Gecko) Chrome/70.0.0.0 Safari/537.36"
47.128.28.124 - - [17/Nov/2023:07:14:48 +0100] "GET /swfobject.js HTTP/1.0" 404 1308 "http://www.wonder-geek.com/-p-48941.html" "Mozilla/5.0 (compatible; Bytespider; spider-feedback@bytedance.com) AppleWebKit/537.36 (KHTML, like Gecko) Chrome/70.0.0.0 Safari/537.36"
178.150.14.250 - - [17/Nov/2023:07:14:47 +0100] "GET /spiderman-small-p-26794.html HTTP/1.0" 301 77544 "-" "Mozilla/5.0 (compatible; MJ12bot/v1.4.8; http://mj12bot.com/)"
85.208.96.202 - - [17/Nov/2023:07:14:49 +0100] "GET /himalayan-salt-basket-lamp-flower-life-approx-p-59720.html HTTP/1.0" 200 82098 "-" "Mozilla/5.0 (compatible; SemrushBot/7~bl; +http://www.semrush.com/bot.html)"
47.128.33.221 - - [17/Nov/2023:07:14:51 +0100] "GET /swfobject.js HTTP/1.0" 404 1308 "http://www.wonder-geek.com/-p-41595.html" "Mozilla/5.0 (compatible; Bytespider; spider-feedback@bytedance.com) AppleWebKit/537.36 (KHTML, like Gecko) Chrome/70.0.0.0 Safari/537.36"
178.150.14.250 - - [17/Nov/2023:07:14:51 +0100] "GET /-p-26794.html HTTP/1.0" 200 77477 "-" "Mozilla/5.0 (compatible; MJ12bot/v1.4.8; http://mj12bot.com/)"
47.128.28.124 - - [17/Nov/2023:07:14:54 +0100] "GET /highslide/graphics/outlines/drop-shadow.png HTTP/1.0" 200 277 "http://www.wonder-geek.com/-p-48941.html" "Mozilla/5.0 (compatible; Bytespider; spider-feedback@bytedance.com) AppleWebKit/537.36 (KHTML, like Gecko) Chrome/70.0.0.0 Safari/537.36"
47.128.28.124 - - [17/Nov/2023:07:14:54 +0100] "GET /highslide/graphics/zoomout.cur HTTP/1.0" 200 614 "http://www.wonder-geek.com/-p-48941.html" "Mozilla/5.0 (compatible; Bytespider; spider-feedback@bytedance.com) AppleWebKit/537.36 (KHTML, like Gecko) Chrome/70.0.0.0 Safari/537.36"
178.150.14.250 - - [17/Nov/2023:07:14:56 +0100] "GET /spiderman-velvet-pajama-p-32511.html HTTP/1.0" 301 77544 "-" "Mozilla/5.0 (compatible; MJ12bot/v1.4.8; http://mj12bot.com/)"
178.150.14.250 - - [17/Nov/2023:07:15:01 +0100] "GET /-p-32511.html HTTP/1.0" 200 77477 "-" "Mozilla/5.0 (compatible; MJ12bot/v1.4.8; http://mj12bot.com/)"
54.36.148.185 - - [17/Nov/2023:07:15:03 +0100] "GET /mexican-food-p-19041.html HTTP/1.0" 200 80344 "-" "Mozilla/5.0 (compatible; AhrefsBot/7.0; +http://ahrefs.com/robot/)"
178.150.14.250 - - [17/Nov/2023:07:15:07 +0100] "GET /spongebob-3d-poster-p-6521.html HTTP/1.0" 301 77541 "-" "Mozilla/5.0 (compatible; MJ12bot/v1.4.8; http://mj12bot.com/)"
47.128.53.16 - - [17/Nov/2023:07:15:11 +0100] "GET /bookend-golden-cats-p-44632.html HTTP/1.0" 200 77543 "-" "Mozilla/5.0 (compatible; Bytespider; spider-feedback@bytedance.com) AppleWebKit/537.36 (KHTML, like Gecko) Chrome/70.0.0.0 Safari/537.36"
47.128.53.16 - - [17/Nov/2023:07:15:14 +0100] "GET /swfobject.js HTTP/1.0" 404 1308 "http://www.wonder-geek.com/bookend-golden-cats-p-44632.html" "Mozilla/5.0 (compatible; Bytespider; spider-feedback@bytedance.com) AppleWebKit/537.36 (KHTML, like Gecko) Chrome/70.0.0.0 Safari/537.36"
178.150.14.250 - - [17/Nov/2023:07:15:14 +0100] "GET /-p-6521.html HTTP/1.0" 200 77475 "-" "Mozilla/5.0 (compatible; MJ12bot/v1.4.8; http://mj12bot.com/)"
47.128.53.16 - - [17/Nov/2023:07:15:20 +0100] "GET /highslide/graphics/zoomout.cur HTTP/1.0" 200 614 "http://www.wonder-geek.com/bookend-golden-cats-p-44632.html" "Mozilla/5.0 (compatible; Bytespider; spider-feedback@bytedance.com) AppleWebKit/537.36 (KHTML, like Gecko) Chrome/70.0.0.0 Safari/537.36"
47.128.53.16 - - [17/Nov/2023:07:15:20 +0100] "GET /highslide/graphics/outlines/drop-shadow.png HTTP/1.0" 200 277 "http://www.wonder-geek.com/bookend-golden-cats-p-44632.html" "Mozilla/5.0 (compatible; Bytespider; spider-feedback@bytedance.com) AppleWebKit/537.36 (KHTML, like Gecko) Chrome/70.0.0.0 Safari/537.36"
178.150.14.250 - - [17/Nov/2023:07:15:19 +0100] "GET /spongebob-coin-purse-p-9121.html HTTP/1.0" 301 77541 "-" "Mozilla/5.0 (compatible; MJ12bot/v1.4.8; http://mj12bot.com/)"
178.150.14.250 - - [17/Nov/2023:07:15:23 +0100] "GET /-p-9121.html HTTP/1.0" 200 77475 "-" "Mozilla/5.0 (compatible; MJ12bot/v1.4.8; http://mj12bot.com/)"
185.191.171.11 - - [17/Nov/2023:07:15:23 +0100] "GET /wooden-storage-boxes-p-56509.html HTTP/1.0" 200 80817 "-" "Mozilla/5.0 (compatible; SemrushBot/7~bl; +http://www.semrush.com/bot.html)"
178.150.14.250 - - [17/Nov/2023:07:15:27 +0100] "GET /spongebob-figure-p-15669.html HTTP/1.0" 301 77544 "-" "Mozilla/5.0 (compatible; MJ12bot/v1.4.8; http://mj12bot.com/)"
178.150.14.250 - - [17/Nov/2023:07:15:33 +0100] "GET /-p-15669.html HTTP/1.0" 200 77477 "-" "Mozilla/5.0 (compatible; MJ12bot/v1.4.8; http://mj12bot.com/)"
47.128.49.167 - - [17/Nov/2023:07:15:36 +0100] "GET /office-items/black-shell-samsung-c-97_100_117.html HTTP/1.0" 301 76480 "-" "Mozilla/5.0 (compatible; Bytespider; spider-feedback@bytedance.com) AppleWebKit/537.36 (KHTML, like Gecko) Chrome/70.0.0.0 Safari/537.36"
47.128.49.167 - - [17/Nov/2023:07:15:38 +0100] "GET /-c-117.html HTTP/1.0" 200 76164 "-" "Mozilla/5.0 (compatible; Bytespider; spider-feedback@bytedance.com) AppleWebKit/537.36 (KHTML, like Gecko) Chrome/70.0.0.0 Safari/537.36"
47.128.49.167 - - [17/Nov/2023:07:15:40 +0100] "GET /swfobject.js HTTP/1.0" 404 1308 "http://www.wonder-geek.com/-c-117.html" "Mozilla/5.0 (compatible; Bytespider; spider-feedback@bytedance.com) AppleWebKit/537.36 (KHTML, like Gecko) Chrome/70.0.0.0 Safari/537.36"
203.185.130.166 - - [17/Nov/2023:07:15:41 +0100] "GET /images/mini_prod/5027417019895.jpg HTTP/1.0" 200 269 "-" "Mozilla/5.0 (X11; Ubuntu; Linux x86_64; rv:72.0) Gecko/20100101 Firefox/72.0"
178.150.14.250 - - [17/Nov/2023:07:15:40 +0100] "GET /spongebob-figure-p-15670.html HTTP/1.0" 301 77544 "-" "Mozilla/5.0 (compatible; MJ12bot/v1.4.8; http://mj12bot.com/)"
47.128.49.167 - - [17/Nov/2023:07:15:45 +0100] "GET /highslide/graphics/outlines/drop-shadow.png HTTP/1.0" 200 277 "http://www.wonder-geek.com/-c-117.html" "Mozilla/5.0 (compatible; Bytespider; spider-feedback@bytedance.com) AppleWebKit/537.36 (KHTML, like Gecko) Chrome/70.0.0.0 Safari/537.36"
47.128.49.167 - - [17/Nov/2023:07:15:45 +0100] "GET /highslide/graphics/zoomout.cur HTTP/1.0" 200 614 "http://www.wonder-geek.com/-c-117.html" "Mozilla/5.0 (compatible; Bytespider; spider-feedback@bytedance.com) AppleWebKit/537.36 (KHTML, like Gecko) Chrome/70.0.0.0 Safari/537.36"
178.150.14.250 - - [17/Nov/2023:07:15:46 +0100] "GET /-p-15670.html HTTP/1.0" 200 77477 "-" "Mozilla/5.0 (compatible; MJ12bot/v1.4.8; http://mj12bot.com/)"
54.36.148.52 - - [17/Nov/2023:07:15:50 +0100] "GET /large-candle-hours-fresh-linen-p-53887.html HTTP/1.0" 200 81246 "-" "Mozilla/5.0 (compatible; AhrefsBot/7.0; +http://ahrefs.com/robot/)"
178.150.14.250 - - [17/Nov/2023:07:15:51 +0100] "GET /spongebob-funny-wallet-p-9135.html HTTP/1.0" 301 77541 "-" "Mozilla/5.0 (compatible; MJ12bot/v1.4.8; http://mj12bot.com/)"
178.150.14.250 - - [17/Nov/2023:07:15:56 +0100] "GET /-p-9135.html HTTP/1.0" 200 77475 "-" "Mozilla/5.0 (compatible; MJ12bot/v1.4.8; http://mj12bot.com/)"
47.128.44.217 - - [17/Nov/2023:07:16:00 +0100] "GET /lilac-kitchen-towel-50-70-cm-p-44422.html HTTP/1.0" 301 79924 "-" "Mozilla/5.0 (compatible; Bytespider; spider-feedback@bytedance.com) AppleWebKit/537.36 (KHTML, like Gecko) Chrome/70.0.0.0 Safari/537.36"
178.150.14.250 - - [17/Nov/2023:07:16:02 +0100] "GET /spongebob-poster-p-6521.html HTTP/1.0" 301 77541 "-" "Mozilla/5.0 (compatible; MJ12bot/v1.4.8; http://mj12bot.com/)"
47.128.44.217 - - [17/Nov/2023:07:16:02 +0100] "GET /lilac-kitchen-towel-p-44422.html HTTP/1.0" 200 79838 "-" "Mozilla/5.0 (compatible; Bytespider; spider-feedback@bytedance.com) AppleWebKit/537.36 (KHTML, like Gecko) Chrome/70.0.0.0 Safari/537.36"
47.128.44.217 - - [17/Nov/2023:07:16:04 +0100] "GET /swfobject.js HTTP/1.0" 404 1308 "http://www.wonder-geek.com/lilac-kitchen-towel-p-44422.html" "Mozilla/5.0 (compatible; Bytespider; spider-feedback@bytedance.com) AppleWebKit/537.36 (KHTML, like Gecko) Chrome/70.0.0.0 Safari/537.36"
47.128.44.217 - - [17/Nov/2023:07:16:07 +0100] "GET /highslide/graphics/zoomin.cur HTTP/1.0" 200 614 "http://www.wonder-geek.com/templates/Pixame_v1/stylesheet.css" "Mozilla/5.0 (compatible; Bytespider; spider-feedback@bytedance.com) AppleWebKit/537.36 (KHTML, like Gecko) Chrome/70.0.0.0 Safari/537.36"
47.128.44.217 - - [17/Nov/2023:07:16:07 +0100] "GET /highslide/graphics/outlines/drop-shadow.png HTTP/1.0" 200 277 "http://www.wonder-geek.com/lilac-kitchen-towel-p-44422.html" "Mozilla/5.0 (compatible; Bytespider; spider-feedback@bytedance.com) AppleWebKit/537.36 (KHTML, like Gecko) Chrome/70.0.0.0 Safari/537.36"
47.128.44.217 - - [17/Nov/2023:07:16:07 +0100] "GET /highslide/graphics/zoomout.cur HTTP/1.0" 200 614 "http://www.wonder-geek.com/lilac-kitchen-towel-p-44422.html" "Mozilla/5.0 (compatible; Bytespider; spider-feedback@bytedance.com) AppleWebKit/537.36 (KHTML, like Gecko) Chrome/70.0.0.0 Safari/537.36"
47.128.44.217 - - [17/Nov/2023:07:16:07 +0100] "GET /images/big_prod/3574642577741.jpg HTTP/1.0" 200 268 "http://www.wonder-geek.com/lilac-kitchen-towel-p-44422.html" "Mozilla/5.0 (compatible; Bytespider; spider-feedback@bytedance.com) AppleWebKit/537.36 (KHTML, like Gecko) Chrome/70.0.0.0 Safari/537.36"
178.150.14.250 - - [17/Nov/2023:07:16:08 +0100] "GET /-p-6521.html HTTP/1.0" 200 77475 "-" "Mozilla/5.0 (compatible; MJ12bot/v1.4.8; http://mj12bot.com/)"
178.150.14.250 - - [17/Nov/2023:07:16:13 +0100] "GET /spray-mist-refillable-water-p-30036.html HTTP/1.0" 301 77544 "-" "Mozilla/5.0 (compatible; MJ12bot/v1.4.8; http://mj12bot.com/)"
178.150.14.250 - - [17/Nov/2023:07:16:18 +0100] "GET /-p-30036.html HTTP/1.0" 200 77477 "-" "Mozilla/5.0 (compatible; MJ12bot/v1.4.8; http://mj12bot.com/)"
85.208.96.196 - - [17/Nov/2023:07:16:20 +0100] "GET /purple-monster-piggy-bank-spring-p-28124.html HTTP/1.0" 200 80627 "-" "Mozilla/5.0 (compatible; SemrushBot/7~bl; +http://www.semrush.com/bot.html)"
178.150.14.250 - - [17/Nov/2023:07:16:22 +0100] "GET /springy-oven-glove-p-54605.html HTTP/1.0" 200 79848 "-" "Mozilla/5.0 (compatible; MJ12bot/v1.4.8; http://mj12bot.com/)"
178.150.14.250 - - [17/Nov/2023:07:16:27 +0100] "GET /square-coasters-with-personalized-pictures-p-16333.html HTTP/1.0" 200 80534 "-" "Mozilla/5.0 (compatible; MJ12bot/v1.4.8; http://mj12bot.com/)"
178.150.14.250 - - [17/Nov/2023:07:16:32 +0100] "GET /star-wars-captain-phasma-poster-p-36316.html HTTP/1.0" 301 77544 "-" "Mozilla/5.0 (compatible; MJ12bot/v1.4.8; http://mj12bot.com/)"
47.128.29.34 - - [17/Nov/2023:07:16:36 +0100] "GET /tea-for-one-mandala-p-44264.html HTTP/1.0" 301 77597 "-" "Mozilla/5.0 (compatible; Bytespider; spider-feedback@bytedance.com) AppleWebKit/537.36 (KHTML, like Gecko) Chrome/70.0.0.0 Safari/537.36"
185.191.171.17 - - [17/Nov/2023:07:16:36 +0100] "GET /jasmin-chandelier-p-31364.html HTTP/1.0" 200 77543 "-" "Mozilla/5.0 (compatible; SemrushBot/7~bl; +http://www.semrush.com/bot.html)"
47.128.29.34 - - [17/Nov/2023:07:16:38 +0100] "GET /mandala-p-44264.html HTTP/1.0" 200 77523 "-" "Mozilla/5.0 (compatible; Bytespider; spider-feedback@bytedance.com) AppleWebKit/537.36 (KHTML, like Gecko) Chrome/70.0.0.0 Safari/537.36"
178.150.14.250 - - [17/Nov/2023:07:16:37 +0100] "GET /-p-36316.html HTTP/1.0" 200 77477 "-" "Mozilla/5.0 (compatible; MJ12bot/v1.4.8; http://mj12bot.com/)"
47.128.29.34 - - [17/Nov/2023:07:16:40 +0100] "GET /swfobject.js HTTP/1.0" 404 1308 "http://www.wonder-geek.com/mandala-p-44264.html" "Mozilla/5.0 (compatible; Bytespider; spider-feedback@bytedance.com) AppleWebKit/537.36 (KHTML, like Gecko) Chrome/70.0.0.0 Safari/537.36"
114.119.146.15 - - [17/Nov/2023:07:16:46 +0100] "GET /images/big_prod_1/8433933159651B.jpg HTTP/1.0" 200 271 "-" "Mozilla/5.0 (Linux; Android 7.0;) AppleWebKit/537.36 (KHTML, like Gecko) Mobile Safari/537.36 (compatible; PetalBot;+https://webmaster.petalsearch.com/site/petalbot)"
47.128.29.34 - - [17/Nov/2023:07:16:46 +0100] "GET /highslide/graphics/outlines/drop-shadow.png HTTP/1.0" 200 277 "http://www.wonder-geek.com/mandala-p-44264.html" "Mozilla/5.0 (compatible; Bytespider; spider-feedback@bytedance.com) AppleWebKit/537.36 (KHTML, like Gecko) Chrome/70.0.0.0 Safari/537.36"
47.128.29.34 - - [17/Nov/2023:07:16:46 +0100] "GET /highslide/graphics/zoomout.cur HTTP/1.0" 200 614 "http://www.wonder-geek.com/mandala-p-44264.html" "Mozilla/5.0 (compatible; Bytespider; spider-feedback@bytedance.com) AppleWebKit/537.36 (KHTML, like Gecko) Chrome/70.0.0.0 Safari/537.36"
185.191.171.15 - - [17/Nov/2023:07:16:46 +0100] "GET /eccentric-zebra-p-41833.html HTTP/1.0" 200 79905 "-" "Mozilla/5.0 (compatible; SemrushBot/7~bl; +http://www.semrush.com/bot.html)"
178.150.14.250 - - [17/Nov/2023:07:16:46 +0100] "GET /station-metal-plate-p-28013.html HTTP/1.0" 301 77544 "-" "Mozilla/5.0 (compatible; MJ12bot/v1.4.8; http://mj12bot.com/)"
203.185.130.166 - - [17/Nov/2023:07:16:49 +0100] "GET /images/mini_prod/3609810065185.jpg HTTP/1.0" 404 1308 "-" "Mozilla/5.0 (X11; Ubuntu; Linux x86_64; rv:72.0) Gecko/20100101 Firefox/72.0"
47.128.62.134 - - [17/Nov/2023:07:16:52 +0100] "GET /little-toiletry-bag-p-43400.html HTTP/1.0" 301 77617 "-" "Mozilla/5.0 (compatible; Bytespider; spider-feedback@bytedance.com) AppleWebKit/537.36 (KHTML, like Gecko) Chrome/70.0.0.0 Safari/537.36"
47.128.62.134 - - [17/Nov/2023:07:16:54 +0100] "GET /little-toiletry-p-43400.html HTTP/1.0" 200 77535 "-" "Mozilla/5.0 (compatible; Bytespider; spider-feedback@bytedance.com) AppleWebKit/537.36 (KHTML, like Gecko) Chrome/70.0.0.0 Safari/537.36"
178.150.14.250 - - [17/Nov/2023:07:16:54 +0100] "GET /-p-28013.html HTTP/1.0" 200 77477 "-" "Mozilla/5.0 (compatible; MJ12bot/v1.4.8; http://mj12bot.com/)"
52.167.144.203 - - [17/Nov/2023:07:16:59 +0100] "GET /images/big_prod_2/6000971c.jpg HTTP/1.0" 200 265 "-" "Mozilla/5.0 (Windows NT 6.1; WOW64) AppleWebKit/534+ (KHTML, like Gecko) BingPreview/1.0b"
178.150.14.250 - - [17/Nov/2023:07:17:00 +0100] "GET /statue-p-42284.html HTTP/1.0" 301 77544 "-" "Mozilla/5.0 (compatible; MJ12bot/v1.4.8; http://mj12bot.com/)"
178.150.14.250 - - [17/Nov/2023:07:17:05 +0100] "GET /-p-42284.html HTTP/1.0" 200 77477 "-" "Mozilla/5.0 (compatible; MJ12bot/v1.4.8; http://mj12bot.com/)"
85.208.96.204 - - [17/Nov/2023:07:17:09 +0100] "GET /bamboo-fiber-plant-cover-p-57456.html HTTP/1.0" 200 77563 "-" "Mozilla/5.0 (compatible; SemrushBot/7~bl; +http://www.semrush.com/bot.html)"
54.36.148.177 - - [17/Nov/2023:07:17:08 +0100] "GET /mirror-blue-combi-peace-love-p-42126.html HTTP/1.0" 200 79882 "-" "Mozilla/5.0 (compatible; AhrefsBot/7.0; +http://ahrefs.com/robot/)"
178.150.14.250 - - [17/Nov/2023:07:17:10 +0100] "GET /sticks-modeling-clay-play-p-21534.html HTTP/1.0" 301 77544 "-" "Mozilla/5.0 (compatible; MJ12bot/v1.4.8; http://mj12bot.com/)"
178.150.14.250 - - [17/Nov/2023:07:17:17 +0100] "GET /-p-21534.html HTTP/1.0" 200 77477 "-" "Mozilla/5.0 (compatible; MJ12bot/v1.4.8; http://mj12bot.com/)"
178.150.14.250 - - [17/Nov/2023:07:17:22 +0100] "GET /stone-carnelian-200-210-grams-p-46577.html HTTP/1.0" 301 81431 "-" "Mozilla/5.0 (compatible; MJ12bot/v1.4.8; http://mj12bot.com/)"
47.128.30.102 - - [17/Nov/2023:07:17:26 +0100] "GET /green-perfume-diffuser-p-35889.html HTTP/1.0" 200 79954 "-" "Mozilla/5.0 (compatible; Bytespider; spider-feedback@bytedance.com) AppleWebKit/537.36 (KHTML, like Gecko) Chrome/70.0.0.0 Safari/537.36"
178.150.14.250 - - [17/Nov/2023:07:17:28 +0100] "GET /stone-carnelian-grams-p-46577.html HTTP/1.0" 200 81343 "-" "Mozilla/5.0 (compatible; MJ12bot/v1.4.8; http://mj12bot.com/)"
47.128.30.102 - - [17/Nov/2023:07:17:30 +0100] "GET /swfobject.js HTTP/1.0" 404 1308 "http://www.wonder-geek.com/green-perfume-diffuser-p-35889.html" "Mozilla/5.0 (compatible; Bytespider; spider-feedback@bytedance.com) AppleWebKit/537.36 (KHTML, like Gecko) Chrome/70.0.0.0 Safari/537.36"
178.150.14.250 - - [17/Nov/2023:07:17:32 +0100] "GET /stone-carnelian-grams-p-46577.html HTTP/1.0" 200 81343 "-" "Mozilla/5.0 (compatible; MJ12bot/v1.4.8; http://mj12bot.com/)"
47.128.30.102 - - [17/Nov/2023:07:17:37 +0100] "GET /highslide/graphics/zoomin.cur HTTP/1.0" 200 614 "http://www.wonder-geek.com/templates/Pixame_v1/stylesheet.css" "Mozilla/5.0 (compatible; Bytespider; spider-feedback@bytedance.com) AppleWebKit/537.36 (KHTML, like Gecko) Chrome/70.0.0.0 Safari/537.36"
178.150.14.250 - - [17/Nov/2023:07:17:37 +0100] "GET /strawberry-shortcake-long-sleeve-shirt-p-31020.html HTTP/1.0" 301 77544 "-" "Mozilla/5.0 (compatible; MJ12bot/v1.4.8; http://mj12bot.com/)"
47.128.30.102 - - [17/Nov/2023:07:17:40 +0100] "GET /highslide/graphics/outlines/drop-shadow.png HTTP/1.0" 200 277 "http://www.wonder-geek.com/green-perfume-diffuser-p-35889.html" "Mozilla/5.0 (compatible; Bytespider; spider-feedback@bytedance.com) AppleWebKit/537.36 (KHTML, like Gecko) Chrome/70.0.0.0 Safari/537.36"
47.128.30.102 - - [17/Nov/2023:07:17:40 +0100] "GET /highslide/graphics/zoomout.cur HTTP/1.0" 200 614 "http://www.wonder-geek.com/green-perfume-diffuser-p-35889.html" "Mozilla/5.0 (compatible; Bytespider; spider-feedback@bytedance.com) AppleWebKit/537.36 (KHTML, like Gecko) Chrome/70.0.0.0 Safari/537.36"
178.150.14.250 - - [17/Nov/2023:07:17:41 +0100] "GET /-p-31020.html HTTP/1.0" 200 77477 "-" "Mozilla/5.0 (compatible; MJ12bot/v1.4.8; http://mj12bot.com/)"
178.150.14.250 - - [17/Nov/2023:07:17:45 +0100] "GET /strawberry-shortcake-long-sleeve-shirt-p-31021.html HTTP/1.0" 301 77544 "-" "Mozilla/5.0 (compatible; MJ12bot/v1.4.8; http://mj12bot.com/)"
178.150.14.250 - - [17/Nov/2023:07:17:50 +0100] "GET /-p-31021.html HTTP/1.0" 200 77477 "-" "Mozilla/5.0 (compatible; MJ12bot/v1.4.8; http://mj12bot.com/)"
178.150.14.250 - - [17/Nov/2023:07:17:57 +0100] "GET /summertime-mini-rectangular-tray-p-56860.html HTTP/1.0" 200 77599 "-" "Mozilla/5.0 (compatible; MJ12bot/v1.4.8; http://mj12bot.com/)"
85.208.96.209 - - [17/Nov/2023:07:17:58 +0100] "GET /wooden-cellar-p-60441.html HTTP/1.0" 200 80648 "-" "Mozilla/5.0 (compatible; SemrushBot/7~bl; +http://www.semrush.com/bot.html)"
178.150.14.250 - - [17/Nov/2023:07:18:01 +0100] "GET /superset-playmobil-vet-clinic-p-21327.html HTTP/1.0" 301 77544 "-" "Mozilla/5.0 (compatible; MJ12bot/v1.4.8; http://mj12bot.com/)"
114.119.139.104 - - [17/Nov/2023:07:18:06 +0100] "GET /adhesive-roll-cement-tiles-p-52217.html HTTP/1.0" 200 80775 "http://www.wonder-geek.com/wall-sticker-c-13_187.html?page=7" "Mozilla/5.0 (Linux; Android 7.0;) AppleWebKit/537.36 (KHTML, like Gecko) Mobile Safari/537.36 (compatible; PetalBot;+https://webmaster.petalsearch.com/site/petalbot)"
47.128.62.134 - - [17/Nov/2023:07:18:08 +0100] "GET /little-toiletry-bag-p-43400.html HTTP/1.0" 301 77617 "-" "Mozilla/5.0 (compatible; Bytespider; spider-feedback@bytedance.com) AppleWebKit/537.36 (KHTML, like Gecko) Chrome/70.0.0.0 Safari/537.36"
47.128.62.134 - - [17/Nov/2023:07:18:09 +0100] "GET /little-toiletry-p-43400.html HTTP/1.0" 200 77535 "-" "Mozilla/5.0 (compatible; Bytespider; spider-feedback@bytedance.com) AppleWebKit/537.36 (KHTML, like Gecko) Chrome/70.0.0.0 Safari/537.36"
178.150.14.250 - - [17/Nov/2023:07:18:13 +0100] "GET /-p-21327.html HTTP/1.0" 200 77477 "-" "Mozilla/5.0 (compatible; MJ12bot/v1.4.8; http://mj12bot.com/)"
47.128.62.118 - - [17/Nov/2023:07:18:14 +0100] "GET /decorative-vase-of-indian-inspiration-21-cm-p-41523.html HTTP/1.0" 301 80985 "-" "Mozilla/5.0 (compatible; Bytespider; spider-feedback@bytedance.com) AppleWebKit/537.36 (KHTML, like Gecko) Chrome/70.0.0.0 Safari/537.36"
185.191.171.3 - - [17/Nov/2023:07:18:14 +0100] "GET /-p-46750.html HTTP/1.0" 200 77477 "-" "Mozilla/5.0 (compatible; SemrushBot/7~bl; +http://www.semrush.com/bot.html)"
47.128.62.118 - - [17/Nov/2023:07:18:15 +0100] "GET /decorative-vase-indian-inspiration-p-41523.html HTTP/1.0" 200 80884 "-" "Mozilla/5.0 (compatible; Bytespider; spider-feedback@bytedance.com) AppleWebKit/537.36 (KHTML, like Gecko) Chrome/70.0.0.0 Safari/537.36"
47.128.62.118 - - [17/Nov/2023:07:18:18 +0100] "GET /swfobject.js HTTP/1.0" 404 1308 "http://www.wonder-geek.com/decorative-vase-indian-inspiration-p-41523.html" "Mozilla/5.0 (compatible; Bytespider; spider-feedback@bytedance.com) AppleWebKit/537.36 (KHTML, like Gecko) Chrome/70.0.0.0 Safari/537.36"
85.208.96.203 - - [17/Nov/2023:07:18:18 +0100] "GET /monkey-statue-resin-p-47991.html HTTP/1.0" 200 77543 "-" "Mozilla/5.0 (compatible; SemrushBot/7~bl; +http://www.semrush.com/bot.html)"
54.36.148.127 - - [17/Nov/2023:07:18:18 +0100] "GET /mugs-saucers-chouettes-michelle-allen-p-56941.html HTTP/1.0" 200 81152 "-" "Mozilla/5.0 (compatible; AhrefsBot/7.0; +http://ahrefs.com/robot/)"
178.150.14.250 - - [17/Nov/2023:07:18:19 +0100] "GET /support-metal-bottle-fireman-p-37407.html HTTP/1.0" 200 77591 "-" "Mozilla/5.0 (compatible; MJ12bot/v1.4.8; http://mj12bot.com/)"
54.36.148.114 - - [17/Nov/2023:07:18:22 +0100] "GET /images/big_prod_2/3453131158237C.jpg HTTP/1.0" 200 271 "-" "Mozilla/5.0 (compatible; AhrefsBot/7.0; +http://ahrefs.com/robot/)"
47.128.62.118 - - [17/Nov/2023:07:18:23 +0100] "GET /highslide/graphics/zoomin.cur HTTP/1.0" 200 614 "http://www.wonder-geek.com/templates/Pixame_v1/stylesheet.css" "Mozilla/5.0 (compatible; Bytespider; spider-feedback@bytedance.com) AppleWebKit/537.36 (KHTML, like Gecko) Chrome/70.0.0.0 Safari/537.36"
47.128.62.118 - - [17/Nov/2023:07:18:23 +0100] "GET /images/big_prod_1/3700276234013NC.jpg HTTP/1.0" 200 272 "http://www.wonder-geek.com/decorative-vase-indian-inspiration-p-41523.html" "Mozilla/5.0 (compatible; Bytespider; spider-feedback@bytedance.com) AppleWebKit/537.36 (KHTML, like Gecko) Chrome/70.0.0.0 Safari/537.36"
47.128.62.121 - - [17/Nov/2023:07:18:22 +0100] "GET /ylang-ylang-aromatika-incense-sticks-p-59286.html HTTP/1.0" 200 80612 "-" "Mozilla/5.0 (compatible; Bytespider; spider-feedback@bytedance.com) AppleWebKit/537.36 (KHTML, like Gecko) Chrome/70.0.0.0 Safari/537.36"
47.128.62.121 - - [17/Nov/2023:07:18:24 +0100] "GET /highslide/highslide.js HTTP/1.0" 200 262 "http://www.wonder-geek.com/ylang-ylang-aromatika-incense-sticks-p-59286.html" "Mozilla/5.0 (compatible; Bytespider; spider-feedback@bytedance.com) AppleWebKit/537.36 (KHTML, like Gecko) Chrome/70.0.0.0 Safari/537.36"
47.128.62.121 - - [17/Nov/2023:07:18:24 +0100] "GET /swfobject.js HTTP/1.0" 404 1308 "http://www.wonder-geek.com/ylang-ylang-aromatika-incense-sticks-p-59286.html" "Mozilla/5.0 (compatible; Bytespider; spider-feedback@bytedance.com) AppleWebKit/537.36 (KHTML, like Gecko) Chrome/70.0.0.0 Safari/537.36"
47.128.62.118 - - [17/Nov/2023:07:18:24 +0100] "GET /images/big_prod_2/D3700276234013N.jpg HTTP/1.0" 200 272 "http://www.wonder-geek.com/decorative-vase-indian-inspiration-p-41523.html" "Mozilla/5.0 (compatible; Bytespider; spider-feedback@bytedance.com) AppleWebKit/537.36 (KHTML, like Gecko) Chrome/70.0.0.0 Safari/537.36"
47.128.62.121 - - [17/Nov/2023:07:18:25 +0100] "GET /swfobject.js HTTP/1.0" 404 1308 "http://www.wonder-geek.com/ylang-ylang-aromatika-incense-sticks-p-59286.html" "Mozilla/5.0 (compatible; Bytespider; spider-feedback@bytedance.com) AppleWebKit/537.36 (KHTML, like Gecko) Chrome/70.0.0.0 Safari/537.36"
178.150.14.250 - - [17/Nov/2023:07:18:25 +0100] "GET /support-metal-bottle-fisherman-p-34495.html HTTP/1.0" 301 77544 "-" "Mozilla/5.0 (compatible; MJ12bot/v1.4.8; http://mj12bot.com/)"
47.128.62.121 - - [17/Nov/2023:07:18:29 +0100] "GET /highslide/graphics/zoomin.cur HTTP/1.0" 200 614 "http://www.wonder-geek.com/templates/Pixame_v1/stylesheet.css" "Mozilla/5.0 (compatible; Bytespider; spider-feedback@bytedance.com) AppleWebKit/537.36 (KHTML, like Gecko) Chrome/70.0.0.0 Safari/537.36"
47.128.62.121 - - [17/Nov/2023:07:18:29 +0100] "GET /images/big_prod_1/batonencens.jpg HTTP/1.0" 200 268 "http://www.wonder-geek.com/ylang-ylang-aromatika-incense-sticks-p-59286.html" "Mozilla/5.0 (compatible; Bytespider; spider-feedback@bytedance.com) AppleWebKit/537.36 (KHTML, like Gecko) Chrome/70.0.0.0 Safari/537.36"
185.191.171.11 - - [17/Nov/2023:07:18:29 +0100] "GET /little-buddha-collection-statuette-blue-p-50231.html HTTP/1.0" 200 77613 "-" "Mozilla/5.0 (compatible; SemrushBot/7~bl; +http://www.semrush.com/bot.html)"
178.150.14.250 - - [17/Nov/2023:07:18:29 +0100] "GET /-p-34495.html HTTP/1.0" 200 77477 "-" "Mozilla/5.0 (compatible; MJ12bot/v1.4.8; http://mj12bot.com/)"
85.208.96.209 - - [17/Nov/2023:07:18:32 +0100] "GET /home-decoration-c-13.html?page=177 HTTP/1.0" 200 89977 "-" "Mozilla/5.0 (compatible; SemrushBot/7~bl; +http://www.semrush.com/bot.html)"
178.150.14.250 - - [17/Nov/2023:07:18:34 +0100] "GET /support-metal-bottle-fisherman-p-47942.html HTTP/1.0" 200 77636 "-" "Mozilla/5.0 (compatible; MJ12bot/v1.4.8; http://mj12bot.com/)"
47.128.62.121 - - [17/Nov/2023:07:18:38 +0100] "GET /highslide/graphics/zoomout.cur HTTP/1.0" 200 614 "http://www.wonder-geek.com/ylang-ylang-aromatika-incense-sticks-p-59286.html" "Mozilla/5.0 (compatible; Bytespider; spider-feedback@bytedance.com) AppleWebKit/537.36 (KHTML, like Gecko) Chrome/70.0.0.0 Safari/537.36"
47.128.62.121 - - [17/Nov/2023:07:18:38 +0100] "GET /highslide/graphics/outlines/drop-shadow.png HTTP/1.0" 200 277 "http://www.wonder-geek.com/ylang-ylang-aromatika-incense-sticks-p-59286.html" "Mozilla/5.0 (compatible; Bytespider; spider-feedback@bytedance.com) AppleWebKit/537.36 (KHTML, like Gecko) Chrome/70.0.0.0 Safari/537.36"
47.128.62.121 - - [17/Nov/2023:07:18:38 +0100] "GET /images/big_prod/3700344876633.jpg HTTP/1.0" 200 268 "http://www.wonder-geek.com/ylang-ylang-aromatika-incense-sticks-p-59286.html" "Mozilla/5.0 (compatible; Bytespider; spider-feedback@bytedance.com) AppleWebKit/537.36 (KHTML, like Gecko) Chrome/70.0.0.0 Safari/537.36"
47.128.62.118 - - [17/Nov/2023:07:18:39 +0100] "GET /highslide/graphics/zoomout.cur HTTP/1.0" 200 614 "http://www.wonder-geek.com/decorative-vase-indian-inspiration-p-41523.html" "Mozilla/5.0 (compatible; Bytespider; spider-feedback@bytedance.com) AppleWebKit/537.36 (KHTML, like Gecko) Chrome/70.0.0.0 Safari/537.36"
47.128.62.118 - - [17/Nov/2023:07:18:39 +0100] "GET /highslide/graphics/outlines/drop-shadow.png HTTP/1.0" 200 277 "http://www.wonder-geek.com/decorative-vase-indian-inspiration-p-41523.html" "Mozilla/5.0 (compatible; Bytespider; spider-feedback@bytedance.com) AppleWebKit/537.36 (KHTML, like Gecko) Chrome/70.0.0.0 Safari/537.36"
47.128.62.118 - - [17/Nov/2023:07:18:39 +0100] "GET /images/big_prod/3700276234013NB.jpg HTTP/1.0" 200 270 "http://www.wonder-geek.com/decorative-vase-indian-inspiration-p-41523.html" "Mozilla/5.0 (compatible; Bytespider; spider-feedback@bytedance.com) AppleWebKit/537.36 (KHTML, like Gecko) Chrome/70.0.0.0 Safari/537.36"
178.150.14.250 - - [17/Nov/2023:07:18:39 +0100] "GET /support-metal-bottle-golfer-p-37637.html HTTP/1.0" 200 77587 "-" "Mozilla/5.0 (compatible; MJ12bot/v1.4.8; http://mj12bot.com/)"
178.150.14.250 - - [17/Nov/2023:07:18:43 +0100] "GET /support-metal-bottle-hairdresser-p-45490.html HTTP/1.0" 200 77646 "-" "Mozilla/5.0 (compatible; MJ12bot/v1.4.8; http://mj12bot.com/)"
210.217.95.253 - - [17/Nov/2023:07:18:45 +0100] "GET /images/mini_prod/3660173163628.jpg HTTP/1.0" 200 269 "-" "Mozilla/5.0 (X11; Ubuntu; Linux x86_64; rv:72.0) Gecko/20100101 Firefox/72.0"
178.150.14.250 - - [17/Nov/2023:07:18:48 +0100] "GET /support-metal-bottle-p-34483.html HTTP/1.0" 200 77575 "-" "Mozilla/5.0 (compatible; MJ12bot/v1.4.8; http://mj12bot.com/)"
185.191.171.8 - - [17/Nov/2023:07:18:50 +0100] "GET /-p-18690.html HTTP/1.0" 200 77477 "-" "Mozilla/5.0 (compatible; SemrushBot/7~bl; +http://www.semrush.com/bot.html)"
178.150.14.250 - - [17/Nov/2023:07:18:53 +0100] "GET /support-metal-bottle-the-fireman-p-37407.html HTTP/1.0" 301 77686 "-" "Mozilla/5.0 (compatible; MJ12bot/v1.4.8; http://mj12bot.com/)"
178.150.14.250 - - [17/Nov/2023:07:18:58 +0100] "GET /support-metal-bottle-fireman-p-37407.html HTTP/1.0" 200 77591 "-" "Mozilla/5.0 (compatible; MJ12bot/v1.4.8; http://mj12bot.com/)"
178.150.14.250 - - [17/Nov/2023:07:19:03 +0100] "GET /support-metal-bottle-the-fisherman-p-34495.html HTTP/1.0" 301 77544 "-" "Mozilla/5.0 (compatible; MJ12bot/v1.4.8; http://mj12bot.com/)"
47.128.22.86 - - [17/Nov/2023:07:19:06 +0100] "GET /adhesive-roll-carbon-p-55686.html HTTP/1.0" 200 80940 "-" "Mozilla/5.0 (compatible; Bytespider; spider-feedback@bytedance.com) AppleWebKit/537.36 (KHTML, like Gecko) Chrome/70.0.0.0 Safari/537.36"
47.128.22.86 - - [17/Nov/2023:07:19:08 +0100] "GET /swfobject.js HTTP/1.0" 404 1308 "http://www.wonder-geek.com/adhesive-roll-carbon-p-55686.html" "Mozilla/5.0 (compatible; Bytespider; spider-feedback@bytedance.com) AppleWebKit/537.36 (KHTML, like Gecko) Chrome/70.0.0.0 Safari/537.36"
85.208.96.211 - - [17/Nov/2023:07:19:07 +0100] "GET /holiday-moneybox-p-55012.html HTTP/1.0" 200 77539 "-" "Mozilla/5.0 (compatible; SemrushBot/7~bl; +http://www.semrush.com/bot.html)"
178.150.14.250 - - [17/Nov/2023:07:19:08 +0100] "GET /-p-34495.html HTTP/1.0" 200 77477 "-" "Mozilla/5.0 (compatible; MJ12bot/v1.4.8; http://mj12bot.com/)"
178.150.14.250 - - [17/Nov/2023:07:19:12 +0100] "GET /support-metal-bottle-the-fisherman-p-47942.html HTTP/1.0" 301 77733 "-" "Mozilla/5.0 (compatible; MJ12bot/v1.4.8; http://mj12bot.com/)"
47.128.22.86 - - [17/Nov/2023:07:19:16 +0100] "GET /highslide/graphics/zoomin.cur HTTP/1.0" 200 614 "http://www.wonder-geek.com/templates/Pixame_v1/stylesheet.css" "Mozilla/5.0 (compatible; Bytespider; spider-feedback@bytedance.com) AppleWebKit/537.36 (KHTML, like Gecko) Chrome/70.0.0.0 Safari/537.36"
47.128.22.86 - - [17/Nov/2023:07:19:16 +0100] "GET /images/big_prod_2/3700281650266b.jpg HTTP/1.0" 200 271 "http://www.wonder-geek.com/adhesive-roll-carbon-p-55686.html" "Mozilla/5.0 (compatible; Bytespider; spider-feedback@bytedance.com) AppleWebKit/537.36 (KHTML, like Gecko) Chrome/70.0.0.0 Safari/537.36"
47.128.22.86 - - [17/Nov/2023:07:19:16 +0100] "GET /images/big_prod_1/3700281650266a.jpg HTTP/1.0" 200 271 "http://www.wonder-geek.com/adhesive-roll-carbon-p-55686.html" "Mozilla/5.0 (compatible; Bytespider; spider-feedback@bytedance.com) AppleWebKit/537.36 (KHTML, like Gecko) Chrome/70.0.0.0 Safari/537.36"
178.150.14.250 - - [17/Nov/2023:07:19:17 +0100] "GET /support-metal-bottle-fisherman-p-47942.html HTTP/1.0" 200 77636 "-" "Mozilla/5.0 (compatible; MJ12bot/v1.4.8; http://mj12bot.com/)"
54.36.148.214 - - [17/Nov/2023:07:19:17 +0100] "GET /toucans-porcelain-bowl-p-44482.html HTTP/1.0" 200 79838 "-" "Mozilla/5.0 (compatible; AhrefsBot/7.0; +http://ahrefs.com/robot/)"
178.150.14.250 - - [17/Nov/2023:07:19:20 +0100] "GET /support-metal-bottle-the-golfer-p-37637.html HTTP/1.0" 301 77681 "-" "Mozilla/5.0 (compatible; MJ12bot/v1.4.8; http://mj12bot.com/)"
47.128.61.207 - - [17/Nov/2023:07:19:23 +0100] "GET /corsica-metal-plate-p-52529.html HTTP/1.0" 200 77543 "-" "Mozilla/5.0 (compatible; Bytespider; spider-feedback@bytedance.com) AppleWebKit/537.36 (KHTML, like Gecko) Chrome/70.0.0.0 Safari/537.36"
47.128.22.86 - - [17/Nov/2023:07:19:25 +0100] "GET /highslide/graphics/outlines/drop-shadow.png HTTP/1.0" 200 277 "http://www.wonder-geek.com/adhesive-roll-carbon-p-55686.html" "Mozilla/5.0 (compatible; Bytespider; spider-feedback@bytedance.com) AppleWebKit/537.36 (KHTML, like Gecko) Chrome/70.0.0.0 Safari/537.36"
47.128.22.86 - - [17/Nov/2023:07:19:25 +0100] "GET /highslide/graphics/zoomout.cur HTTP/1.0" 200 614 "http://www.wonder-geek.com/adhesive-roll-carbon-p-55686.html" "Mozilla/5.0 (compatible; Bytespider; spider-feedback@bytedance.com) AppleWebKit/537.36 (KHTML, like Gecko) Chrome/70.0.0.0 Safari/537.36"
47.128.22.86 - - [17/Nov/2023:07:19:26 +0100] "GET /images/big_prod/3700281650266A.jpg HTTP/1.0" 200 269 "http://www.wonder-geek.com/adhesive-roll-carbon-p-55686.html" "Mozilla/5.0 (compatible; Bytespider; spider-feedback@bytedance.com) AppleWebKit/537.36 (KHTML, like Gecko) Chrome/70.0.0.0 Safari/537.36"
47.128.61.207 - - [17/Nov/2023:07:19:27 +0100] "GET /swfobject.js HTTP/1.0" 404 1308 "http://www.wonder-geek.com/corsica-metal-plate-p-52529.html" "Mozilla/5.0 (compatible; Bytespider; spider-feedback@bytedance.com) AppleWebKit/537.36 (KHTML, like Gecko) Chrome/70.0.0.0 Safari/537.36"
178.150.14.250 - - [17/Nov/2023:07:19:25 +0100] "GET /support-metal-bottle-golfer-p-37637.html HTTP/1.0" 200 77587 "-" "Mozilla/5.0 (compatible; MJ12bot/v1.4.8; http://mj12bot.com/)"
114.119.136.34 - - [17/Nov/2023:07:19:29 +0100] "GET /%20images/big_prod/8445146675002.jpg HTTP/1.0" 404 1308 "http://www.wonder-geek.com/porcelain-bowl-turquoise-p-60981.html" "Mozilla/5.0 (Linux; Android 7.0;) AppleWebKit/537.36 (KHTML, like Gecko) Mobile Safari/537.36 (compatible; PetalBot;+https://webmaster.petalsearch.com/site/petalbot)"
178.150.14.250 - - [17/Nov/2023:07:19:33 +0100] "GET /support-metal-bottle-the-hairdresser-p-45490.html HTTP/1.0" 301 77745 "-" "Mozilla/5.0 (compatible; MJ12bot/v1.4.8; http://mj12bot.com/)"
47.128.61.207 - - [17/Nov/2023:07:19:35 +0100] "GET /highslide/graphics/outlines/drop-shadow.png HTTP/1.0" 200 277 "http://www.wonder-geek.com/corsica-metal-plate-p-52529.html" "Mozilla/5.0 (compatible; Bytespider; spider-feedback@bytedance.com) AppleWebKit/537.36 (KHTML, like Gecko) Chrome/70.0.0.0 Safari/537.36"
47.128.61.207 - - [17/Nov/2023:07:19:35 +0100] "GET /highslide/graphics/zoomout.cur HTTP/1.0" 200 614 "http://www.wonder-geek.com/corsica-metal-plate-p-52529.html" "Mozilla/5.0 (compatible; Bytespider; spider-feedback@bytedance.com) AppleWebKit/537.36 (KHTML, like Gecko) Chrome/70.0.0.0 Safari/537.36"
178.150.14.250 - - [17/Nov/2023:07:19:38 +0100] "GET /support-metal-bottle-hairdresser-p-45490.html HTTP/1.0" 200 77646 "-" "Mozilla/5.0 (compatible; MJ12bot/v1.4.8; http://mj12bot.com/)"
47.76.57.30 - - [17/Nov/2023:07:19:44 +0100] "GET /images/mini_prod/8001011164707.jpg HTTP/1.0" 200 269 "-" "Mozilla/5.0 (X11; Ubuntu; Linux x86_64; rv:72.0) Gecko/20100101 Firefox/72.0"
52.167.144.203 - - [17/Nov/2023:07:19:45 +0100] "GET /images/1341689709792.jpg HTTP/1.0" 200 259 "-" "Mozilla/5.0 AppleWebKit/537.36 (KHTML, like Gecko; compatible; bingbot/2.0; +http://www.bing.com/bingbot.htm) Chrome/116.0.1938.76 Safari/537.36"
178.150.14.250 - - [17/Nov/2023:07:19:46 +0100] "GET /support-metal-bottle-the-hunter-and-his-dog-p-34494.html HTTP/1.0" 301 80246 "-" "Mozilla/5.0 (compatible; MJ12bot/v1.4.8; http://mj12bot.com/)"
178.150.14.250 - - [17/Nov/2023:07:19:51 +0100] "GET /support-metal-bottle-hunter-p-34494.html HTTP/1.0" 200 80152 "-" "Mozilla/5.0 (compatible; MJ12bot/v1.4.8; http://mj12bot.com/)"
178.150.14.250 - - [17/Nov/2023:07:19:55 +0100] "GET /support-metal-bottle-the-old-car-p-34483.html HTTP/1.0" 301 77662 "-" "Mozilla/5.0 (compatible; MJ12bot/v1.4.8; http://mj12bot.com/)"
207.46.13.128 - - [17/Nov/2023:07:19:57 +0100] "GET /luggages-schoolbags-leather-shop/backpacks/emily-the-strange-backpack-p-14550.html HTTP/1.0" 301 77544 "-" "Mozilla/5.0 AppleWebKit/537.36 (KHTML, like Gecko; compatible; bingbot/2.0; +http://www.bing.com/bingbot.htm) Chrome/116.0.1938.76 Safari/537.36"
192.0.114.116 - - [17/Nov/2023:07:19:59 +0100] "GET /images/big_prod/3609810048249.jpg HTTP/1.0" 200 268 "-" "Photon/1.0"
178.150.14.250 - - [17/Nov/2023:07:19:59 +0100] "GET /support-metal-bottle-p-34483.html HTTP/1.0" 200 77575 "-" "Mozilla/5.0 (compatible; MJ12bot/v1.4.8; http://mj12bot.com/)"
178.150.14.250 - - [17/Nov/2023:07:20:04 +0100] "GET /support-metal-bottle-the-red-old-car-p-35935.html HTTP/1.0" 301 77544 "-" "Mozilla/5.0 (compatible; MJ12bot/v1.4.8; http://mj12bot.com/)"
54.36.148.147 - - [17/Nov/2023:07:20:06 +0100] "GET /motor-ottoman-storage-p-47385.html HTTP/1.0" 200 79983 "-" "Mozilla/5.0 (compatible; AhrefsBot/7.0; +http://ahrefs.com/robot/)"
54.36.149.95 - - [17/Nov/2023:07:20:08 +0100] "GET /images/big_prod/8422017867018.jpg HTTP/1.0" 200 268 "-" "Mozilla/5.0 (compatible; AhrefsBot/7.0; +http://ahrefs.com/robot/)"
47.128.22.63 - - [17/Nov/2023:07:20:06 +0100] "GET /bistrot-au-rendez-vous-des-amis-cotton-potholder-21-cm-p-41492.html HTTP/1.0" 301 77765 "-" "Mozilla/5.0 (compatible; Bytespider; spider-feedback@bytedance.com) AppleWebKit/537.36 (KHTML, like Gecko) Chrome/70.0.0.0 Safari/537.36"
178.150.14.250 - - [17/Nov/2023:07:20:08 +0100] "GET /-p-35935.html HTTP/1.0" 200 77477 "-" "Mozilla/5.0 (compatible; MJ12bot/v1.4.8; http://mj12bot.com/)"
47.128.22.63 - - [17/Nov/2023:07:20:08 +0100] "GET /bistrot-rendez-vous-amis-cotton-potholder-p-41492.html HTTP/1.0" 200 77657 "-" "Mozilla/5.0 (compatible; Bytespider; spider-feedback@bytedance.com) AppleWebKit/537.36 (KHTML, like Gecko) Chrome/70.0.0.0 Safari/537.36"
47.128.22.63 - - [17/Nov/2023:07:20:11 +0100] "GET /swfobject.js HTTP/1.0" 404 1308 "http://www.wonder-geek.com/bistrot-rendez-vous-amis-cotton-potholder-p-41492.html" "Mozilla/5.0 (compatible; Bytespider; spider-feedback@bytedance.com) AppleWebKit/537.36 (KHTML, like Gecko) Chrome/70.0.0.0 Safari/537.36"
178.150.14.250 - - [17/Nov/2023:07:20:13 +0100] "GET /surfboard-ceramic-magnet-10-cm-p-42050.html HTTP/1.0" 301 77666 "-" "Mozilla/5.0 (compatible; MJ12bot/v1.4.8; http://mj12bot.com/)"
195.191.219.132 - - [17/Nov/2023:07:20:15 +0100] "GET /robots.txt HTTP/1.0" 200 245 "-" "Mozilla/5.0 (compatible; MJ12bot/v1.4.8; http://mj12bot.com/)"
47.128.22.63 - - [17/Nov/2023:07:20:17 +0100] "GET /highslide/graphics/zoomout.cur HTTP/1.0" 200 614 "http://www.wonder-geek.com/bistrot-rendez-vous-amis-cotton-potholder-p-41492.html" "Mozilla/5.0 (compatible; Bytespider; spider-feedback@bytedance.com) AppleWebKit/537.36 (KHTML, like Gecko) Chrome/70.0.0.0 Safari/537.36"
47.128.22.63 - - [17/Nov/2023:07:20:17 +0100] "GET /highslide/graphics/outlines/drop-shadow.png HTTP/1.0" 200 277 "http://www.wonder-geek.com/bistrot-rendez-vous-amis-cotton-potholder-p-41492.html" "Mozilla/5.0 (compatible; Bytespider; spider-feedback@bytedance.com) AppleWebKit/537.36 (KHTML, like Gecko) Chrome/70.0.0.0 Safari/537.36"
178.150.14.250 - - [17/Nov/2023:07:20:17 +0100] "GET /surfboard-ceramic-magnet-p-42050.html HTTP/1.0" 200 77575 "-" "Mozilla/5.0 (compatible; MJ12bot/v1.4.8; http://mj12bot.com/)"
85.208.96.204 - - [17/Nov/2023:07:20:18 +0100] "GET /stone-black-moonstone-grams-p-46626.html HTTP/1.0" 200 77563 "-" "Mozilla/5.0 (compatible; SemrushBot/7~bl; +http://www.semrush.com/bot.html)"
195.191.219.132 - - [17/Nov/2023:07:20:17 +0100] "GET / HTTP/1.0" 200 158540 "-" "Mozilla/5.0 (compatible; MJ12bot/v1.4.8; http://mj12bot.com/)"
178.150.14.250 - - [17/Nov/2023:07:20:21 +0100] "GET /surfboard-ceramic-magnet-10-cm-p-42051.html HTTP/1.0" 301 77666 "-" "Mozilla/5.0 (compatible; MJ12bot/v1.4.8; http://mj12bot.com/)"
85.208.96.200 - - [17/Nov/2023:07:20:21 +0100] "GET /barbecue-apron-torchon-manique-adult-p-48108.html HTTP/1.0" 200 80645 "-" "Mozilla/5.0 (compatible; SemrushBot/7~bl; +http://www.semrush.com/bot.html)"
178.150.14.250 - - [17/Nov/2023:07:20:26 +0100] "GET /surfboard-ceramic-magnet-p-42051.html HTTP/1.0" 200 77575 "-" "Mozilla/5.0 (compatible; MJ12bot/v1.4.8; http://mj12bot.com/)"
178.150.14.250 - - [17/Nov/2023:07:20:30 +0100] "GET /surfboard-ceramic-magnet-10-cm-p-42055.html HTTP/1.0" 301 80861 "-" "Mozilla/5.0 (compatible; MJ12bot/v1.4.8; http://mj12bot.com/)"
178.150.14.250 - - [17/Nov/2023:07:20:35 +0100] "GET /surfboard-ceramic-magnet-p-42055.html HTTP/1.0" 200 80770 "-" "Mozilla/5.0 (compatible; MJ12bot/v1.4.8; http://mj12bot.com/)"
178.150.14.250 - - [17/Nov/2023:07:20:40 +0100] "GET /surfboard-ceramic-magnet-p-42050.html HTTP/1.0" 200 77575 "-" "Mozilla/5.0 (compatible; MJ12bot/v1.4.8; http://mj12bot.com/)"
178.150.14.250 - - [17/Nov/2023:07:20:44 +0100] "GET /surfboard-ceramic-magnet-p-42051.html HTTP/1.0" 200 77575 "-" "Mozilla/5.0 (compatible; MJ12bot/v1.4.8; http://mj12bot.com/)"
52.70.240.171 - - [17/Nov/2023:07:20:45 +0100] "GET /-c-95_338.html HTTP/1.0" 200 76345 "-" "Mozilla/5.0 (Macintosh; Intel Mac OS X 10_10_1) AppleWebKit/600.2.5 (KHTML, like Gecko) Version/8.0.2 Safari/600.2.5 (Amazonbot/0.1; +https://developer.amazon.com/support/amazonbot)"
52.167.144.203 - - [17/Nov/2023:07:20:46 +0100] "GET /alarms-clocks-c-13_65.html?page=4 HTTP/1.0" 200 87142 "-" "Mozilla/5.0 AppleWebKit/537.36 (KHTML, like Gecko; compatible; bingbot/2.0; +http://www.bing.com/bingbot.htm) Chrome/116.0.1938.76 Safari/537.36"
3.224.220.101 - - [17/Nov/2023:07:20:46 +0100] "GET /-c-95_362.html HTTP/1.0" 200 76345 "-" "Mozilla/5.0 (Macintosh; Intel Mac OS X 10_10_1) AppleWebKit/600.2.5 (KHTML, like Gecko) Version/8.0.2 Safari/600.2.5 (Amazonbot/0.1; +https://developer.amazon.com/support/amazonbot)"
178.150.14.250 - - [17/Nov/2023:07:20:47 +0100] "GET /surfboard-ceramic-magnet-p-42055.html HTTP/1.0" 200 80770 "-" "Mozilla/5.0 (compatible; MJ12bot/v1.4.8; http://mj12bot.com/)"
3.224.220.101 - - [17/Nov/2023:07:20:50 +0100] "GET /-c-95_314.html HTTP/1.0" 200 76345 "-" "Mozilla/5.0 (Macintosh; Intel Mac OS X 10_10_1) AppleWebKit/600.2.5 (KHTML, like Gecko) Version/8.0.2 Safari/600.2.5 (Amazonbot/0.1; +https://developer.amazon.com/support/amazonbot)"
3.224.220.101 - - [17/Nov/2023:07:20:51 +0100] "GET /-c-95_341.html HTTP/1.0" 200 76345 "-" "Mozilla/5.0 (Macintosh; Intel Mac OS X 10_10_1) AppleWebKit/600.2.5 (KHTML, like Gecko) Version/8.0.2 Safari/600.2.5 (Amazonbot/0.1; +https://developer.amazon.com/support/amazonbot)"
185.191.171.18 - - [17/Nov/2023:07:20:53 +0100] "GET /adult-apron-gaston-collection-p-52676.html HTTP/1.0" 200 79879 "-" "Mozilla/5.0 (compatible; SemrushBot/7~bl; +http://www.semrush.com/bot.html)"
178.150.14.250 - - [17/Nov/2023:07:20:54 +0100] "GET /surfboard-wooden-wall-decoration-p-55518.html HTTP/1.0" 200 77617 "-" "Mozilla/5.0 (compatible; MJ12bot/v1.4.8; http://mj12bot.com/)"
85.208.96.208 - - [17/Nov/2023:07:20:58 +0100] "GET /oiler-vinegar-metal-basket-p-45617.html HTTP/1.0" 200 77625 "-" "Mozilla/5.0 (compatible; SemrushBot/7~bl; +http://www.semrush.com/bot.html)"
178.150.14.250 - - [17/Nov/2023:07:20:59 +0100] "GET /table-clock-moto-guzzi-p-17082.html HTTP/1.0" 301 77544 "-" "Mozilla/5.0 (compatible; MJ12bot/v1.4.8; http://mj12bot.com/)"
54.36.148.70 - - [17/Nov/2023:07:21:00 +0100] "GET /incense-stick-holder-p-53902.html HTTP/1.0" 200 80515 "-" "Mozilla/5.0 (compatible; AhrefsBot/7.0; +http://ahrefs.com/robot/)"
178.150.14.250 - - [17/Nov/2023:07:21:02 +0100] "GET /-p-17082.html HTTP/1.0" 200 77477 "-" "Mozilla/5.0 (compatible; MJ12bot/v1.4.8; http://mj12bot.com/)"
178.150.14.250 - - [17/Nov/2023:07:21:07 +0100] "GET /table-lamp-monkey-gold-white-p-54686.html HTTP/1.0" 301 77544 "-" "Mozilla/5.0 (compatible; MJ12bot/v1.4.8; http://mj12bot.com/)"
47.128.54.191 - - [17/Nov/2023:07:21:10 +0100] "GET /polar-blanket-light-grey-130-160-cm-p-43663.html HTTP/1.0" 301 77544 "-" "Mozilla/5.0 (Linux; Android 5.0) AppleWebKit/537.36 (KHTML, like Gecko) Mobile Safari/537.36 (compatible; Bytespider; spider-feedback@bytedance.com)"
178.150.14.250 - - [17/Nov/2023:07:21:12 +0100] "GET /-p-54686.html HTTP/1.0" 200 77477 "-" "Mozilla/5.0 (compatible; MJ12bot/v1.4.8; http://mj12bot.com/)"
47.128.54.191 - - [17/Nov/2023:07:21:12 +0100] "GET /-p-43663.html HTTP/1.0" 200 77477 "-" "Mozilla/5.0 (Linux; Android 5.0) AppleWebKit/537.36 (KHTML, like Gecko) Mobile Safari/537.36 (compatible; Bytespider; spider-feedback@bytedance.com)"
47.128.54.191 - - [17/Nov/2023:07:21:14 +0100] "GET /swfobject.js HTTP/1.0" 404 1308 "http://www.wonder-geek.com/-p-43663.html" "Mozilla/5.0 (Linux; Android 5.0) AppleWebKit/537.36 (KHTML, like Gecko) Mobile Safari/537.36 (compatible; Bytespider; spider-feedback@bytedance.com)"
47.128.54.191 - - [17/Nov/2023:07:21:14 +0100] "GET /swfobject.js HTTP/1.0" 404 1308 "http://www.wonder-geek.com/-p-43663.html" "Mozilla/5.0 (Linux; Android 5.0) AppleWebKit/537.36 (KHTML, like Gecko) Mobile Safari/537.36 (compatible; Bytespider; spider-feedback@bytedance.com)"
47.128.54.191 - - [17/Nov/2023:07:21:16 +0100] "GET /highslide/graphics/outlines/drop-shadow.png HTTP/1.0" 200 277 "http://www.wonder-geek.com/-p-43663.html" "Mozilla/5.0 (Linux; Android 5.0) AppleWebKit/537.36 (KHTML, like Gecko) Mobile Safari/537.36 (compatible; Bytespider; spider-feedback@bytedance.com)"
47.128.54.191 - - [17/Nov/2023:07:21:16 +0100] "GET /highslide/graphics/zoomout.cur HTTP/1.0" 200 614 "http://www.wonder-geek.com/-p-43663.html" "Mozilla/5.0 (Linux; Android 5.0) AppleWebKit/537.36 (KHTML, like Gecko) Mobile Safari/537.36 (compatible; Bytespider; spider-feedback@bytedance.com)"
