185.229.119.130 - - [24/Dec/2023:05:42:12 +0100] "GET /linen-of-bed-c-11_68.html?page=12 HTTP/1.0" 301 90469 "-" "Mozilla/5.0 (compatible; MJ12bot/v1.4.8; http://mj12bot.com/)"
34.76.224.74 - - [24/Dec/2023:05:42:13 +0100] "GET /candy-cloud-notepad-bubblegum-p-49835.html HTTP/1.0" 200 83685 "-" "Mozilla/5.0 (compatible; VelenPublicWebCrawler/1.0; +https://velen.io)"
34.76.224.74 - - [24/Dec/2023:05:42:17 +0100] "GET /candy-cloud-notepad-bella-p-49841.html HTTP/1.0" 200 83674 "-" "Mozilla/5.0 (compatible; VelenPublicWebCrawler/1.0; +https://velen.io)"
34.76.224.74 - - [24/Dec/2023:05:42:20 +0100] "GET /candy-cloud-notepad-jazzy-p-49832.html HTTP/1.0" 200 83665 "-" "Mozilla/5.0 (compatible; VelenPublicWebCrawler/1.0; +https://velen.io)"
34.76.224.74 - - [24/Dec/2023:05:42:24 +0100] "GET /candy-cloud-notepad-daisy-p-49836.html HTTP/1.0" 200 83663 "-" "Mozilla/5.0 (compatible; VelenPublicWebCrawler/1.0; +https://velen.io)"
185.229.119.130 - - [24/Dec/2023:05:42:26 +0100] "GET /linen-c-68.html?page=12 HTTP/1.0" 301 90350 "-" "Mozilla/5.0 (compatible; MJ12bot/v1.4.8; http://mj12bot.com/)"
54.36.148.64 - - [24/Dec/2023:05:42:27 +0100] "GET /fitted-sheet-turquoise-160-200-cm-p-36582.html HTTP/1.0" 301 81456 "-" "Mozilla/5.0 (compatible; AhrefsBot/7.0; +http://ahrefs.com/robot/)"
54.36.148.43 - - [24/Dec/2023:05:42:27 +0100] "GET /parfum-provence-soap-dish-p-47698.html HTTP/1.0" 200 83641 "-" "Mozilla/5.0 (compatible; AhrefsBot/7.0; +http://ahrefs.com/robot/)"
34.76.224.74 - - [24/Dec/2023:05:42:27 +0100] "GET /candy-cloud-notepad-daisy-p-49842.html HTTP/1.0" 200 83674 "-" "Mozilla/5.0 (compatible; VelenPublicWebCrawler/1.0; +https://velen.io)"
34.76.224.74 - - [24/Dec/2023:05:42:31 +0100] "GET /candy-cloud-notepad-dasha-p-49837.html HTTP/1.0" 200 83665 "-" "Mozilla/5.0 (compatible; VelenPublicWebCrawler/1.0; +https://velen.io)"
34.76.224.74 - - [24/Dec/2023:05:42:35 +0100] "GET /candy-cloud-notepad-dasha-p-49838.html HTTP/1.0" 200 83674 "-" "Mozilla/5.0 (compatible; VelenPublicWebCrawler/1.0; +https://velen.io)"
34.76.224.74 - - [24/Dec/2023:05:42:39 +0100] "GET /candy-cloud-notepad-candy-p-49833.html HTTP/1.0" 200 83665 "-" "Mozilla/5.0 (compatible; VelenPublicWebCrawler/1.0; +https://velen.io)"
185.229.119.130 - - [24/Dec/2023:05:42:42 +0100] "GET /linen-c-11_68.html?page=12 HTTP/1.0" 200 90392 "-" "Mozilla/5.0 (compatible; MJ12bot/v1.4.8; http://mj12bot.com/)"
34.76.224.74 - - [24/Dec/2023:05:42:43 +0100] "GET /candy-cloud-notepad-candy-p-49840.html HTTP/1.0" 200 83674 "-" "Mozilla/5.0 (compatible; VelenPublicWebCrawler/1.0; +https://velen.io)"
34.76.224.74 - - [24/Dec/2023:05:42:46 +0100] "GET /kori-kumi-small-notepad-p-30497.html HTTP/1.0" 200 83669 "-" "Mozilla/5.0 (compatible; VelenPublicWebCrawler/1.0; +https://velen.io)"
34.76.224.74 - - [24/Dec/2023:05:42:50 +0100] "GET /candy-cloud-notepad-jazzy-p-49839.html HTTP/1.0" 200 83674 "-" "Mozilla/5.0 (compatible; VelenPublicWebCrawler/1.0; +https://velen.io)"
34.76.224.74 - - [24/Dec/2023:05:42:53 +0100] "GET /sonny-angel-mini-stickers-p-19428.html HTTP/1.0" 200 83736 "-" "Mozilla/5.0 (compatible; VelenPublicWebCrawler/1.0; +https://velen.io)"
34.76.224.74 - - [24/Dec/2023:05:42:57 +0100] "GET /horses-stickers-p-19586.html HTTP/1.0" 200 83615 "-" "Mozilla/5.0 (compatible; VelenPublicWebCrawler/1.0; +https://velen.io)"
34.76.224.74 - - [24/Dec/2023:05:43:00 +0100] "GET /mini-stickers-animals-p-22597.html HTTP/1.0" 200 84252 "-" "Mozilla/5.0 (compatible; VelenPublicWebCrawler/1.0; +https://velen.io)"
34.76.224.74 - - [24/Dec/2023:05:43:04 +0100] "GET /pusheen-sticker-sheet-p-42602.html HTTP/1.0" 200 83871 "-" "Mozilla/5.0 (compatible; VelenPublicWebCrawler/1.0; +https://velen.io)"
34.76.224.74 - - [24/Dec/2023:05:43:07 +0100] "GET /pusheen-sticker-sheet-pastel-p-42603.html HTTP/1.0" 200 83912 "-" "Mozilla/5.0 (compatible; VelenPublicWebCrawler/1.0; +https://velen.io)"
185.229.119.130 - - [24/Dec/2023:05:43:08 +0100] "GET /linen-of-bed-c-11_68.html?page=13 HTTP/1.0" 301 90469 "-" "Mozilla/5.0 (compatible; MJ12bot/v1.4.8; http://mj12bot.com/)"
34.76.224.74 - - [24/Dec/2023:05:43:11 +0100] "GET /rebecca-bonbon-credit-card-sticker-p-8818.html HTTP/1.0" 200 83817 "-" "Mozilla/5.0 (compatible; VelenPublicWebCrawler/1.0; +https://velen.io)"
34.76.224.74 - - [24/Dec/2023:05:43:14 +0100] "GET /horses-stickers-p-19589.html HTTP/1.0" 200 83615 "-" "Mozilla/5.0 (compatible; VelenPublicWebCrawler/1.0; +https://velen.io)"
54.36.148.194 - - [24/Dec/2023:05:43:15 +0100] "GET /iphone-black-shell-with-personalized-picture-p-16338.html HTTP/1.0" 200 84354 "-" "Mozilla/5.0 (compatible; AhrefsBot/7.0; +http://ahrefs.com/robot/)"
34.76.224.74 - - [24/Dec/2023:05:43:18 +0100] "GET /horses-stickers-p-19590.html HTTP/1.0" 200 83614 "-" "Mozilla/5.0 (compatible; VelenPublicWebCrawler/1.0; +https://velen.io)"
185.229.119.130 - - [24/Dec/2023:05:43:18 +0100] "GET /linen-c-68.html?page=13 HTTP/1.0" 301 90350 "-" "Mozilla/5.0 (compatible; MJ12bot/v1.4.8; http://mj12bot.com/)"
34.76.224.74 - - [24/Dec/2023:05:43:21 +0100] "GET /saint-seiya-stickers-p-15397.html HTTP/1.0" 200 83567 "-" "Mozilla/5.0 (compatible; VelenPublicWebCrawler/1.0; +https://velen.io)"
34.76.224.74 - - [24/Dec/2023:05:43:24 +0100] "GET /window-sticker-flower-life-gold-p-44278.html HTTP/1.0" 200 83710 "-" "Mozilla/5.0 (compatible; VelenPublicWebCrawler/1.0; +https://velen.io)"
34.76.224.74 - - [24/Dec/2023:05:43:27 +0100] "GET /window-sticker-flower-life-p-60803.html HTTP/1.0" 200 84281 "-" "Mozilla/5.0 (compatible; VelenPublicWebCrawler/1.0; +https://velen.io)"
216.244.66.242 - - [24/Dec/2023:05:43:29 +0100] "GET /robots.txt HTTP/1.0" 200 245 "-" "Mozilla/5.0 (compatible; DotBot/1.2; +https://opensiteexplorer.org/dotbot; help@moz.com)"
34.76.224.74 - - [24/Dec/2023:05:43:30 +0100] "GET /rebecca-bonbon-credit-card-sticker-p-8821.html HTTP/1.0" 200 83817 "-" "Mozilla/5.0 (compatible; VelenPublicWebCrawler/1.0; +https://velen.io)"
34.76.224.74 - - [24/Dec/2023:05:43:34 +0100] "GET /experts-mousepad-p-18072.html HTTP/1.0" 200 83757 "-" "Mozilla/5.0 (compatible; VelenPublicWebCrawler/1.0; +https://velen.io)"
34.76.224.74 - - [24/Dec/2023:05:43:37 +0100] "GET /jamaica-mouse-p-19552.html HTTP/1.0" 200 83665 "-" "Mozilla/5.0 (compatible; VelenPublicWebCrawler/1.0; +https://velen.io)"
34.76.224.74 - - [24/Dec/2023:05:43:40 +0100] "GET /love-pucca-mouse-p-2419.html HTTP/1.0" 200 83755 "-" "Mozilla/5.0 (compatible; VelenPublicWebCrawler/1.0; +https://velen.io)"
34.76.224.74 - - [24/Dec/2023:05:43:44 +0100] "GET /pucca-funny-love-mouse-p-2463.html HTTP/1.0" 200 83804 "-" "Mozilla/5.0 (compatible; VelenPublicWebCrawler/1.0; +https://velen.io)"
185.229.119.130 - - [24/Dec/2023:05:43:44 +0100] "GET /linen-c-11_68.html?page=13 HTTP/1.0" 200 90392 "-" "Mozilla/5.0 (compatible; MJ12bot/v1.4.8; http://mj12bot.com/)"
34.76.224.74 - - [24/Dec/2023:05:43:47 +0100] "GET /jamaica-mouse-p-19554.html HTTP/1.0" 200 83665 "-" "Mozilla/5.0 (compatible; VelenPublicWebCrawler/1.0; +https://velen.io)"
34.76.224.74 - - [24/Dec/2023:05:43:50 +0100] "GET /transformers-optimus-prime-mousepad-p-18071.html HTTP/1.0" 200 83861 "-" "Mozilla/5.0 (compatible; VelenPublicWebCrawler/1.0; +https://velen.io)"
34.76.224.74 - - [24/Dec/2023:05:43:53 +0100] "GET /street-fighter-mousepad-p-16003.html HTTP/1.0" 200 83765 "-" "Mozilla/5.0 (compatible; VelenPublicWebCrawler/1.0; +https://velen.io)"
34.76.224.74 - - [24/Dec/2023:05:43:56 +0100] "GET /little-pony-mousepad-p-16006.html HTTP/1.0" 200 83759 "-" "Mozilla/5.0 (compatible; VelenPublicWebCrawler/1.0; +https://velen.io)"
34.76.224.74 - - [24/Dec/2023:05:44:00 +0100] "GET /brasil-mouse-cbkreation-p-25986.html HTTP/1.0" 200 83632 "-" "Mozilla/5.0 (compatible; VelenPublicWebCrawler/1.0; +https://velen.io)"
34.76.224.74 - - [24/Dec/2023:05:44:03 +0100] "GET /cuba-mouse-cbkreation-p-29813.html HTTP/1.0" 200 83648 "-" "Mozilla/5.0 (compatible; VelenPublicWebCrawler/1.0; +https://velen.io)"
34.76.224.74 - - [24/Dec/2023:05:44:06 +0100] "GET /johnny-hallyday-mouse-p-10931.html HTTP/1.0" 200 84228 "-" "Mozilla/5.0 (compatible; VelenPublicWebCrawler/1.0; +https://velen.io)"
34.76.224.74 - - [24/Dec/2023:05:44:09 +0100] "GET /johnny-hallyday-mouse-p-10932.html HTTP/1.0" 200 84227 "-" "Mozilla/5.0 (compatible; VelenPublicWebCrawler/1.0; +https://velen.io)"
185.229.119.130 - - [24/Dec/2023:05:44:11 +0100] "GET /linen-of-bed-c-11_68.html?page=14 HTTP/1.0" 301 90469 "-" "Mozilla/5.0 (compatible; MJ12bot/v1.4.8; http://mj12bot.com/)"
34.76.224.74 - - [24/Dec/2023:05:44:12 +0100] "GET /johnny-hallyday-mouse-p-6833.html HTTP/1.0" 200 84215 "-" "Mozilla/5.0 (compatible; VelenPublicWebCrawler/1.0; +https://velen.io)"
34.76.224.74 - - [24/Dec/2023:05:44:16 +0100] "GET /johnny-hallyday-mouse-p-6834.html HTTP/1.0" 200 84215 "-" "Mozilla/5.0 (compatible; VelenPublicWebCrawler/1.0; +https://velen.io)"
54.36.148.220 - - [24/Dec/2023:05:44:16 +0100] "GET /dora-explorer-training-bottle-p-17160.html HTTP/1.0" 200 84028 "-" "Mozilla/5.0 (compatible; AhrefsBot/7.0; +http://ahrefs.com/robot/)"
34.76.224.74 - - [24/Dec/2023:05:44:19 +0100] "GET /johnny-hallyday-mouse-p-6835.html HTTP/1.0" 200 84230 "-" "Mozilla/5.0 (compatible; VelenPublicWebCrawler/1.0; +https://velen.io)"
34.76.224.74 - - [24/Dec/2023:05:44:22 +0100] "GET /johnny-hallyday-mouse-p-6836.html HTTP/1.0" 200 84215 "-" "Mozilla/5.0 (compatible; VelenPublicWebCrawler/1.0; +https://velen.io)"
34.76.224.74 - - [24/Dec/2023:05:44:26 +0100] "GET /nici-horses-mouse-p-9494.html HTTP/1.0" 200 83724 "-" "Mozilla/5.0 (compatible; VelenPublicWebCrawler/1.0; +https://velen.io)"
34.76.224.74 - - [24/Dec/2023:05:44:29 +0100] "GET /carlin-british-mouse-cbkreation-p-20740.html HTTP/1.0" 200 83716 "-" "Mozilla/5.0 (compatible; VelenPublicWebCrawler/1.0; +https://velen.io)"
34.76.224.74 - - [24/Dec/2023:05:44:32 +0100] "GET /horse-mouse-p-24680.html HTTP/1.0" 200 83503 "-" "Mozilla/5.0 (compatible; VelenPublicWebCrawler/1.0; +https://velen.io)"
34.76.224.74 - - [24/Dec/2023:05:44:35 +0100] "GET /calimero-mousepad-p-10929.html HTTP/1.0" 200 83580 "-" "Mozilla/5.0 (compatible; VelenPublicWebCrawler/1.0; +https://velen.io)"
185.229.119.130 - - [24/Dec/2023:05:44:38 +0100] "GET /linen-c-68.html?page=14 HTTP/1.0" 301 90350 "-" "Mozilla/5.0 (compatible; MJ12bot/v1.4.8; http://mj12bot.com/)"
40.77.167.152 - - [24/Dec/2023:05:44:39 +0100] "GET /decorative-wooden-plate-habite-chez-chien-blue-p-61157.html HTTP/1.0" 200 84749 "-" "Mozilla/5.0 AppleWebKit/537.36 (KHTML, like Gecko; compatible; bingbot/2.0; +http://www.bing.com/bingbot.htm) Chrome/116.0.1938.76 Safari/537.36"
34.76.224.74 - - [24/Dec/2023:05:44:39 +0100] "GET /glitters-black-p-53392.html HTTP/1.0" 200 83583 "-" "Mozilla/5.0 (compatible; VelenPublicWebCrawler/1.0; +https://velen.io)"
34.76.224.74 - - [24/Dec/2023:05:44:43 +0100] "GET /glitters-blue-p-53397.html HTTP/1.0" 200 83578 "-" "Mozilla/5.0 (compatible; VelenPublicWebCrawler/1.0; +https://velen.io)"
34.76.224.74 - - [24/Dec/2023:05:44:46 +0100] "GET /decoration-sunflowers-p-21334.html HTTP/1.0" 200 84090 "-" "Mozilla/5.0 (compatible; VelenPublicWebCrawler/1.0; +https://velen.io)"
34.76.224.74 - - [24/Dec/2023:05:44:50 +0100] "GET /decoration-hippos-p-21332.html HTTP/1.0" 200 84058 "-" "Mozilla/5.0 (compatible; VelenPublicWebCrawler/1.0; +https://velen.io)"
34.76.224.74 - - [24/Dec/2023:05:44:53 +0100] "GET /disney-princess-christmas-ball-filled-p-11525.html HTTP/1.0" 200 84167 "-" "Mozilla/5.0 (compatible; VelenPublicWebCrawler/1.0; +https://velen.io)"
34.76.224.74 - - [24/Dec/2023:05:44:56 +0100] "GET /chica-loca-invitation-p-17463.html HTTP/1.0" 200 83866 "-" "Mozilla/5.0 (compatible; VelenPublicWebCrawler/1.0; +https://velen.io)"
34.76.224.74 - - [24/Dec/2023:05:44:59 +0100] "GET /cars-ball-filled-p-11526.html HTTP/1.0" 200 84015 "-" "Mozilla/5.0 (compatible; VelenPublicWebCrawler/1.0; +https://velen.io)"
34.76.224.74 - - [24/Dec/2023:05:45:03 +0100] "GET /gormiti-stamp-p-6583.html HTTP/1.0" 200 83801 "-" "Mozilla/5.0 (compatible; VelenPublicWebCrawler/1.0; +https://velen.io)"
185.229.119.130 - - [24/Dec/2023:05:45:05 +0100] "GET /linen-c-11_68.html?page=14 HTTP/1.0" 200 90392 "-" "Mozilla/5.0 (compatible; MJ12bot/v1.4.8; http://mj12bot.com/)"
34.76.224.74 - - [24/Dec/2023:05:45:07 +0100] "GET /glitters-green-p-53396.html HTTP/1.0" 200 83584 "-" "Mozilla/5.0 (compatible; VelenPublicWebCrawler/1.0; +https://velen.io)"
34.76.224.74 - - [24/Dec/2023:05:45:11 +0100] "GET /glitters-p-53394.html HTTP/1.0" 200 83565 "-" "Mozilla/5.0 (compatible; VelenPublicWebCrawler/1.0; +https://velen.io)"
54.36.149.50 - - [24/Dec/2023:05:45:13 +0100] "GET /beer-glass-bottle-opener-p-53489.html HTTP/1.0" 200 84639 "-" "Mozilla/5.0 (compatible; AhrefsBot/7.0; +http://ahrefs.com/robot/)"
34.76.224.74 - - [24/Dec/2023:05:45:15 +0100] "GET /glitters-pink-p-53395.html HTTP/1.0" 200 83579 "-" "Mozilla/5.0 (compatible; VelenPublicWebCrawler/1.0; +https://velen.io)"
34.76.224.74 - - [24/Dec/2023:05:45:19 +0100] "GET /glitters-white-p-53393.html HTTP/1.0" 200 83584 "-" "Mozilla/5.0 (compatible; VelenPublicWebCrawler/1.0; +https://velen.io)"
34.76.224.74 - - [24/Dec/2023:05:45:22 +0100] "GET /girl-baby-shower-confetti-p-55933.html HTTP/1.0" 200 84780 "-" "Mozilla/5.0 (compatible; VelenPublicWebCrawler/1.0; +https://velen.io)"
34.76.224.74 - - [24/Dec/2023:05:45:26 +0100] "GET /avengers-stickers-p-31212.html HTTP/1.0" 200 83634 "-" "Mozilla/5.0 (compatible; VelenPublicWebCrawler/1.0; +https://velen.io)"
34.76.224.74 - - [24/Dec/2023:05:45:29 +0100] "GET /winnie-pooh-ball-filled-p-11522.html HTTP/1.0" 200 84093 "-" "Mozilla/5.0 (compatible; VelenPublicWebCrawler/1.0; +https://velen.io)"
34.76.224.74 - - [24/Dec/2023:05:45:33 +0100] "GET /miracle-tattoos-augmented-reality-p-30661.html HTTP/1.0" 200 84471 "-" "Mozilla/5.0 (compatible; VelenPublicWebCrawler/1.0; +https://velen.io)"
185.229.119.130 - - [24/Dec/2023:05:45:34 +0100] "GET /linen-of-bed-c-11_68.html?page=15 HTTP/1.0" 301 90469 "-" "Mozilla/5.0 (compatible; MJ12bot/v1.4.8; http://mj12bot.com/)"
34.76.224.74 - - [24/Dec/2023:05:45:36 +0100] "GET /horses-dreams-stickerbook-p-9606.html HTTP/1.0" 200 83683 "-" "Mozilla/5.0 (compatible; VelenPublicWebCrawler/1.0; +https://velen.io)"
17.241.219.151 - - [24/Dec/2023:05:45:38 +0100] "GET /cinderella-birthday-card-with-envelope-p-25265.html HTTP/1.0" 200 83722 "-" "Mozilla/5.0 (Macintosh; Intel Mac OS X 10_15_5) AppleWebKit/605.1.15 (KHTML, like Gecko) Version/13.1.1 Safari/605.1.15 (Applebot/0.1; +http://www.apple.com/go/applebot)"
34.76.224.74 - - [24/Dec/2023:05:45:39 +0100] "GET /star-wars-rebels-stickers-p-31214.html HTTP/1.0" 200 83699 "-" "Mozilla/5.0 (compatible; VelenPublicWebCrawler/1.0; +https://velen.io)"
34.76.224.74 - - [24/Dec/2023:05:45:43 +0100] "GET /miracle-tattoos-augmented-reality-p-30664.html HTTP/1.0" 200 84584 "-" "Mozilla/5.0 (compatible; VelenPublicWebCrawler/1.0; +https://velen.io)"
34.76.224.74 - - [24/Dec/2023:05:45:46 +0100] "GET /monster-high-creative-killer-phone-accessories-p-15914.html HTTP/1.0" 200 84958 "-" "Mozilla/5.0 (compatible; VelenPublicWebCrawler/1.0; +https://velen.io)"
34.76.224.74 - - [24/Dec/2023:05:45:49 +0100] "GET /mcstruffins-wastebasket-p-27777.html HTTP/1.0" 200 83669 "-" "Mozilla/5.0 (compatible; VelenPublicWebCrawler/1.0; +https://velen.io)"
34.76.224.74 - - [24/Dec/2023:05:45:53 +0100] "GET /mickey-wastebasket-p-31189.html HTTP/1.0" 200 83720 "-" "Mozilla/5.0 (compatible; VelenPublicWebCrawler/1.0; +https://velen.io)"
34.76.224.74 - - [24/Dec/2023:05:45:56 +0100] "GET /pedal-blue-p-52592.html HTTP/1.0" 200 84522 "-" "Mozilla/5.0 (compatible; VelenPublicWebCrawler/1.0; +https://velen.io)"
34.76.224.74 - - [24/Dec/2023:05:45:59 +0100] "GET /pedal-green-p-52588.html HTTP/1.0" 200 84723 "-" "Mozilla/5.0 (compatible; VelenPublicWebCrawler/1.0; +https://velen.io)"
185.229.119.130 - - [24/Dec/2023:05:46:01 +0100] "GET /linen-c-68.html?page=15 HTTP/1.0" 301 90350 "-" "Mozilla/5.0 (compatible; MJ12bot/v1.4.8; http://mj12bot.com/)"
34.76.224.74 - - [24/Dec/2023:05:46:02 +0100] "GET /pedal-pink-p-52591.html HTTP/1.0" 200 84496 "-" "Mozilla/5.0 (compatible; VelenPublicWebCrawler/1.0; +https://velen.io)"
34.76.224.74 - - [24/Dec/2023:05:46:05 +0100] "GET /mini-erasers-random-patterns-p-33549.html HTTP/1.0" 200 83826 "-" "Mozilla/5.0 (compatible; VelenPublicWebCrawler/1.0; +https://velen.io)"
54.36.149.5 - - [24/Dec/2023:05:46:06 +0100] "GET /fragrances-ambiance-c-231.html?page=2 HTTP/1.0" 200 104079 "-" "Mozilla/5.0 (compatible; AhrefsBot/7.0; +http://ahrefs.com/robot/)"
34.76.224.74 - - [24/Dec/2023:05:46:09 +0100] "GET /rubbers-p-13881.html HTTP/1.0" 200 84563 "-" "Mozilla/5.0 (compatible; VelenPublicWebCrawler/1.0; +https://velen.io)"
34.76.224.74 - - [24/Dec/2023:05:46:12 +0100] "GET /model-felt-yellow-p-20192.html HTTP/1.0" 200 83745 "-" "Mozilla/5.0 (compatible; VelenPublicWebCrawler/1.0; +https://velen.io)"
34.76.224.74 - - [24/Dec/2023:05:46:15 +0100] "GET /model-felt-orange-p-20193.html HTTP/1.0" 200 83745 "-" "Mozilla/5.0 (compatible; VelenPublicWebCrawler/1.0; +https://velen.io)"
34.76.224.74 - - [24/Dec/2023:05:46:18 +0100] "GET /eraser-friction-vehicle-monster-cars-p-34275.html HTTP/1.0" 200 92125 "-" "Mozilla/5.0 (compatible; VelenPublicWebCrawler/1.0; +https://velen.io)"
34.76.224.74 - - [24/Dec/2023:05:46:22 +0100] "GET /monster-high-p-18676.html HTTP/1.0" 200 83834 "-" "Mozilla/5.0 (compatible; VelenPublicWebCrawler/1.0; +https://velen.io)"
185.229.119.130 - - [24/Dec/2023:05:46:25 +0100] "GET /linen-c-11_68.html?page=15 HTTP/1.0" 200 90392 "-" "Mozilla/5.0 (compatible; MJ12bot/v1.4.8; http://mj12bot.com/)"
34.76.224.74 - - [24/Dec/2023:05:46:25 +0100] "GET /nici-adventure-wild-friends-pencils-gray-p-20582.html HTTP/1.0" 200 84445 "-" "Mozilla/5.0 (compatible; VelenPublicWebCrawler/1.0; +https://velen.io)"
34.76.224.74 - - [24/Dec/2023:05:46:29 +0100] "GET /nici-jolly-sheep-pencils-gray-p-20584.html HTTP/1.0" 200 83711 "-" "Mozilla/5.0 (compatible; VelenPublicWebCrawler/1.0; +https://velen.io)"
34.76.224.74 - - [24/Dec/2023:05:46:32 +0100] "GET /pencil-loola-ylvi-minimoomis-p-33974.html HTTP/1.0" 200 83773 "-" "Mozilla/5.0 (compatible; VelenPublicWebCrawler/1.0; +https://velen.io)"
34.76.224.74 - - [24/Dec/2023:05:46:35 +0100] "GET /erasers-delivered-model-depending-availability-p-33660.html HTTP/1.0" 200 83997 "-" "Mozilla/5.0 (compatible; VelenPublicWebCrawler/1.0; +https://velen.io)"
34.76.224.74 - - [24/Dec/2023:05:46:39 +0100] "GET /angry-birds-p-19142.html HTTP/1.0" 200 83775 "-" "Mozilla/5.0 (compatible; VelenPublicWebCrawler/1.0; +https://velen.io)"
34.76.224.74 - - [24/Dec/2023:05:46:42 +0100] "GET /angry-birds-light-figurine-p-19143.html HTTP/1.0" 200 83836 "-" "Mozilla/5.0 (compatible; VelenPublicWebCrawler/1.0; +https://velen.io)"
34.76.224.74 - - [24/Dec/2023:05:46:45 +0100] "GET /frankie-kimmidoll-love-p-21769.html HTTP/1.0" 200 88069 "-" "Mozilla/5.0 (compatible; VelenPublicWebCrawler/1.0; +https://velen.io)"
34.76.224.74 - - [24/Dec/2023:05:46:49 +0100] "GET /kimmidoll-love-p-21768.html HTTP/1.0" 200 88059 "-" "Mozilla/5.0 (compatible; VelenPublicWebCrawler/1.0; +https://velen.io)"
185.229.119.130 - - [24/Dec/2023:05:46:50 +0100] "GET /linen-of-bed-c-11_68.html?page=16 HTTP/1.0" 301 90469 "-" "Mozilla/5.0 (compatible; MJ12bot/v1.4.8; http://mj12bot.com/)"
34.76.224.74 - - [24/Dec/2023:05:46:52 +0100] "GET /nici-horse-club-pencils-gray-p-20583.html HTTP/1.0" 200 83704 "-" "Mozilla/5.0 (compatible; VelenPublicWebCrawler/1.0; +https://velen.io)"
34.76.224.74 - - [24/Dec/2023:05:46:56 +0100] "GET /miso-cute-kimmidoll-love-p-21767.html HTTP/1.0" 200 88085 "-" "Mozilla/5.0 (compatible; VelenPublicWebCrawler/1.0; +https://velen.io)"
54.36.148.88 - - [24/Dec/2023:05:46:58 +0100] "GET /paperweight-terrasse-soir-p-54229.html HTTP/1.0" 200 84593 "-" "Mozilla/5.0 (compatible; AhrefsBot/7.0; +http://ahrefs.com/robot/)"
34.76.224.74 - - [24/Dec/2023:05:46:59 +0100] "GET /nici-horse-club-stationery-p-20586.html HTTP/1.0" 200 83681 "-" "Mozilla/5.0 (compatible; VelenPublicWebCrawler/1.0; +https://velen.io)"
34.76.224.74 - - [24/Dec/2023:05:47:02 +0100] "GET /wooden-calavera-blue-p-19079.html HTTP/1.0" 200 84537 "-" "Mozilla/5.0 (compatible; VelenPublicWebCrawler/1.0; +https://velen.io)"
34.76.224.74 - - [24/Dec/2023:05:47:06 +0100] "GET /studio-pets-pouch-p-54364.html HTTP/1.0" 200 84225 "-" "Mozilla/5.0 (compatible; VelenPublicWebCrawler/1.0; +https://velen.io)"
34.76.224.74 - - [24/Dec/2023:05:47:09 +0100] "GET /kitten-glue-stick-p-40832.html HTTP/1.0" 200 83601 "-" "Mozilla/5.0 (compatible; VelenPublicWebCrawler/1.0; +https://velen.io)"
185.229.119.130 - - [24/Dec/2023:05:47:11 +0100] "GET /linen-c-68.html?page=16 HTTP/1.0" 301 90350 "-" "Mozilla/5.0 (compatible; MJ12bot/v1.4.8; http://mj12bot.com/)"
40.77.167.60 - - [24/Dec/2023:05:47:12 +0100] "GET /la-vie-ne-vaut-etre-vecue-money-box-p-47766.html HTTP/1.0" 301 81330 "-" "Mozilla/5.0 AppleWebKit/537.36 (KHTML, like Gecko; compatible; bingbot/2.0; +http://www.bing.com/bingbot.htm) Chrome/116.0.1938.76 Safari/537.36"
34.76.224.74 - - [24/Dec/2023:05:47:12 +0100] "GET /playmobil-rule-p-13387.html HTTP/1.0" 200 83542 "-" "Mozilla/5.0 (compatible; VelenPublicWebCrawler/1.0; +https://velen.io)"
34.76.224.74 - - [24/Dec/2023:05:47:17 +0100] "GET /playmobil-rule-p-13388.html HTTP/1.0" 200 83544 "-" "Mozilla/5.0 (compatible; VelenPublicWebCrawler/1.0; +https://velen.io)"
34.76.224.74 - - [24/Dec/2023:05:47:20 +0100] "GET /bookmark-lenticular-love-p-19150.html HTTP/1.0" 200 83791 "-" "Mozilla/5.0 (compatible; VelenPublicWebCrawler/1.0; +https://velen.io)"
34.76.224.74 - - [24/Dec/2023:05:47:24 +0100] "GET /bookmark-lenticular-p-19154.html HTTP/1.0" 200 83776 "-" "Mozilla/5.0 (compatible; VelenPublicWebCrawler/1.0; +https://velen.io)"
34.76.224.74 - - [24/Dec/2023:05:47:27 +0100] "GET /bookmark-lenticular-p-19156.html HTTP/1.0" 200 83776 "-" "Mozilla/5.0 (compatible; VelenPublicWebCrawler/1.0; +https://velen.io)"
34.76.224.74 - - [24/Dec/2023:05:47:30 +0100] "GET /bookmark-lenticular-puppies-p-19161.html HTTP/1.0" 200 83812 "-" "Mozilla/5.0 (compatible; VelenPublicWebCrawler/1.0; +https://velen.io)"
185.229.119.130 - - [24/Dec/2023:05:47:33 +0100] "GET /linen-c-11_68.html?page=16 HTTP/1.0" 200 90392 "-" "Mozilla/5.0 (compatible; MJ12bot/v1.4.8; http://mj12bot.com/)"
34.76.224.74 - - [24/Dec/2023:05:47:33 +0100] "GET /bookmark-lenticular-rabbit-p-19155.html HTTP/1.0" 200 83805 "-" "Mozilla/5.0 (compatible; VelenPublicWebCrawler/1.0; +https://velen.io)"
34.76.224.74 - - [24/Dec/2023:05:47:37 +0100] "GET /bookmark-lenticular-happy-birthday-p-19152.html HTTP/1.0" 200 83883 "-" "Mozilla/5.0 (compatible; VelenPublicWebCrawler/1.0; +https://velen.io)"
34.76.224.74 - - [24/Dec/2023:05:47:40 +0100] "GET /bookmark-lenticular-dolphins-p-19160.html HTTP/1.0" 200 83819 "-" "Mozilla/5.0 (compatible; VelenPublicWebCrawler/1.0; +https://velen.io)"
34.76.224.74 - - [24/Dec/2023:05:47:44 +0100] "GET /bookmark-lenticular-horses-p-19159.html HTTP/1.0" 200 83804 "-" "Mozilla/5.0 (compatible; VelenPublicWebCrawler/1.0; +https://velen.io)"
34.76.224.74 - - [24/Dec/2023:05:47:47 +0100] "GET /expanding-organiser-file-p-13894.html HTTP/1.0" 200 92706 "-" "Mozilla/5.0 (compatible; VelenPublicWebCrawler/1.0; +https://velen.io)"
34.76.224.74 - - [24/Dec/2023:05:47:50 +0100] "GET /nici-horse-club-scissors-p-22399.html HTTP/1.0" 200 83684 "-" "Mozilla/5.0 (compatible; VelenPublicWebCrawler/1.0; +https://velen.io)"
54.36.148.20 - - [24/Dec/2023:05:47:52 +0100] "GET /duvet-cover-cotton-percale-threads-p-52079.html HTTP/1.0" 200 83920 "-" "Mozilla/5.0 (compatible; AhrefsBot/7.0; +http://ahrefs.com/robot/)"
34.76.224.74 - - [24/Dec/2023:05:47:54 +0100] "GET /puppy-glue-stick-p-40831.html HTTP/1.0" 200 83593 "-" "Mozilla/5.0 (compatible; VelenPublicWebCrawler/1.0; +https://velen.io)"
34.76.224.74 - - [24/Dec/2023:05:47:57 +0100] "GET /rigid-gift-with-pretty-satin-p-60945.html HTTP/1.0" 200 84381 "-" "Mozilla/5.0 (compatible; VelenPublicWebCrawler/1.0; +https://velen.io)"
34.76.224.74 - - [24/Dec/2023:05:48:00 +0100] "GET /disney-planes-slate-p-27806.html HTTP/1.0" 200 83651 "-" "Mozilla/5.0 (compatible; VelenPublicWebCrawler/1.0; +https://velen.io)"
185.229.119.130 - - [24/Dec/2023:05:48:01 +0100] "GET /linen-of-bed-c-11_68.html?page=17 HTTP/1.0" 301 90469 "-" "Mozilla/5.0 (compatible; MJ12bot/v1.4.8; http://mj12bot.com/)"
34.76.224.74 - - [24/Dec/2023:05:48:04 +0100] "GET /disney-princess-slate-p-27809.html HTTP/1.0" 200 83667 "-" "Mozilla/5.0 (compatible; VelenPublicWebCrawler/1.0; +https://velen.io)"
34.76.224.74 - - [24/Dec/2023:05:48:08 +0100] "GET /metal-ruler-little-prince-p-58153.html HTTP/1.0" 200 84291 "-" "Mozilla/5.0 (compatible; VelenPublicWebCrawler/1.0; +https://velen.io)"
34.76.224.74 - - [24/Dec/2023:05:48:11 +0100] "GET /monster-high-stationery-p-20401.html HTTP/1.0" 200 83885 "-" "Mozilla/5.0 (compatible; VelenPublicWebCrawler/1.0; +https://velen.io)"
34.76.224.74 - - [24/Dec/2023:05:48:15 +0100] "GET /saddle-club-pieces-p-27691.html HTTP/1.0" 200 83815 "-" "Mozilla/5.0 (compatible; VelenPublicWebCrawler/1.0; +https://velen.io)"
185.229.119.130 - - [24/Dec/2023:05:48:18 +0100] "GET /linen-c-68.html?page=17 HTTP/1.0" 301 90350 "-" "Mozilla/5.0 (compatible; MJ12bot/v1.4.8; http://mj12bot.com/)"
34.76.224.74 - - [24/Dec/2023:05:48:19 +0100] "GET /saddle-club-pieces-puzzle-p-27690.html HTTP/1.0" 200 83859 "-" "Mozilla/5.0 (compatible; VelenPublicWebCrawler/1.0; +https://velen.io)"
34.76.224.74 - - [24/Dec/2023:05:48:22 +0100] "GET /plush-christmas-tree-decoration-p-49652.html HTTP/1.0" 200 83719 "-" "Mozilla/5.0 (compatible; VelenPublicWebCrawler/1.0; +https://velen.io)"
34.76.224.74 - - [24/Dec/2023:05:48:26 +0100] "GET /plush-christmas-tree-decoration-p-49653.html HTTP/1.0" 200 83719 "-" "Mozilla/5.0 (compatible; VelenPublicWebCrawler/1.0; +https://velen.io)"
34.76.224.74 - - [24/Dec/2023:05:48:29 +0100] "GET /snowman-decoration-p-49646.html HTTP/1.0" 200 83657 "-" "Mozilla/5.0 (compatible; VelenPublicWebCrawler/1.0; +https://velen.io)"
34.76.224.74 - - [24/Dec/2023:05:48:32 +0100] "GET /bear-decoration-p-56570.html HTTP/1.0" 200 84297 "-" "Mozilla/5.0 (compatible; VelenPublicWebCrawler/1.0; +https://velen.io)"
34.76.224.74 - - [24/Dec/2023:05:48:35 +0100] "GET /gund-mini-plush-beige-p-51581.html HTTP/1.0" 200 83766 "-" "Mozilla/5.0 (compatible; VelenPublicWebCrawler/1.0; +https://velen.io)"
34.76.224.74 - - [24/Dec/2023:05:48:38 +0100] "GET /gund-mini-horse-sound-plush-p-32795.html HTTP/1.0" 200 83721 "-" "Mozilla/5.0 (compatible; VelenPublicWebCrawler/1.0; +https://velen.io)"
185.229.119.130 - - [24/Dec/2023:05:48:41 +0100] "GET /linen-c-11_68.html?page=17 HTTP/1.0" 200 90392 "-" "Mozilla/5.0 (compatible; MJ12bot/v1.4.8; http://mj12bot.com/)"
34.76.224.74 - - [24/Dec/2023:05:48:42 +0100] "GET /plush-christmas-tree-decoration-p-49648.html HTTP/1.0" 200 83719 "-" "Mozilla/5.0 (compatible; VelenPublicWebCrawler/1.0; +https://velen.io)"
34.76.224.74 - - [24/Dec/2023:05:48:46 +0100] "GET /plush-christmas-tree-decoration-p-49649.html HTTP/1.0" 200 83719 "-" "Mozilla/5.0 (compatible; VelenPublicWebCrawler/1.0; +https://velen.io)"
40.77.167.64 - - [24/Dec/2023:05:48:48 +0100] "GET /shadoks-pencil-case-p-19626.html HTTP/1.0" 200 83757 "-" "Mozilla/5.0 AppleWebKit/537.36 (KHTML, like Gecko; compatible; bingbot/2.0; +http://www.bing.com/bingbot.htm) Chrome/116.0.1938.76 Safari/537.36"
54.36.148.78 - - [24/Dec/2023:05:48:48 +0100] "GET /zinc-kitchen-towel-p-44416.html HTTP/1.0" 200 83618 "-" "Mozilla/5.0 (compatible; AhrefsBot/7.0; +http://ahrefs.com/robot/)"
34.76.224.74 - - [24/Dec/2023:05:48:50 +0100] "GET /plush-christmas-tree-decoration-p-49650.html HTTP/1.0" 200 83719 "-" "Mozilla/5.0 (compatible; VelenPublicWebCrawler/1.0; +https://velen.io)"
34.76.224.74 - - [24/Dec/2023:05:48:53 +0100] "GET /plush-christmas-tree-decoration-p-49651.html HTTP/1.0" 200 83719 "-" "Mozilla/5.0 (compatible; VelenPublicWebCrawler/1.0; +https://velen.io)"
5.9.157.219 - - [24/Dec/2023:05:48:53 +0100] "GET /brass-lotus-carbon-incense-holder-p-42043.html HTTP/1.0" 200 83849 "-" "Mozilla/5.0 (Macintosh; Intel Mac OS X 10_15_7) AppleWebKit/537.36 (KHTML, like Gecko) Chrome/104.0.0.0 Safari/537.36"
34.76.224.74 - - [24/Dec/2023:05:48:56 +0100] "GET /heart-bear-decoration-p-56121.html HTTP/1.0" 200 83725 "-" "Mozilla/5.0 (compatible; VelenPublicWebCrawler/1.0; +https://velen.io)"
34.76.224.74 - - [24/Dec/2023:05:48:59 +0100] "GET /bear-decoration-p-41951.html HTTP/1.0" 200 83685 "-" "Mozilla/5.0 (compatible; VelenPublicWebCrawler/1.0; +https://velen.io)"
34.76.224.74 - - [24/Dec/2023:05:49:03 +0100] "GET /plush-tree-hanging-decorations-p-52655.html HTTP/1.0" 200 83701 "-" "Mozilla/5.0 (compatible; VelenPublicWebCrawler/1.0; +https://velen.io)"
40.77.167.60 - - [24/Dec/2023:05:49:02 +0100] "GET /shirts-sweatshirts-women-c-53_55.html HTTP/1.0" 200 103290 "-" "Mozilla/5.0 AppleWebKit/537.36 (KHTML, like Gecko; compatible; bingbot/2.0; +http://www.bing.com/bingbot.htm) Chrome/116.0.1938.76 Safari/537.36"
185.229.119.130 - - [24/Dec/2023:05:49:05 +0100] "GET /linen-of-bed-c-11_68.html?page=2 HTTP/1.0" 301 101954 "-" "Mozilla/5.0 (compatible; MJ12bot/v1.4.8; http://mj12bot.com/)"
34.76.224.74 - - [24/Dec/2023:05:49:06 +0100] "GET /plush-tree-hanging-decorations-p-56119.html HTTP/1.0" 200 84379 "-" "Mozilla/5.0 (compatible; VelenPublicWebCrawler/1.0; +https://velen.io)"
5.9.157.219 - - [24/Dec/2023:05:49:08 +0100] "GET /bulbs-c-86_287.html HTTP/1.0" 200 87343 "-" "Mozilla/5.0 (Macintosh; Intel Mac OS X 10_15_7) AppleWebKit/537.36 (KHTML, like Gecko) Chrome/104.0.0.0 Safari/537.36"
34.76.224.74 - - [24/Dec/2023:05:49:09 +0100] "GET /snowman-decoration-p-41953.html HTTP/1.0" 200 83709 "-" "Mozilla/5.0 (compatible; VelenPublicWebCrawler/1.0; +https://velen.io)"
34.76.224.74 - - [24/Dec/2023:05:49:13 +0100] "GET /small-plush-ball-tree-decoration-bear-p-56330.html HTTP/1.0" 200 84698 "-" "Mozilla/5.0 (compatible; VelenPublicWebCrawler/1.0; +https://velen.io)"
34.76.224.74 - - [24/Dec/2023:05:49:17 +0100] "GET /unicorn-plush-gold-white-p-49626.html HTTP/1.0" 200 83685 "-" "Mozilla/5.0 (compatible; VelenPublicWebCrawler/1.0; +https://velen.io)"
34.76.224.74 - - [24/Dec/2023:05:49:20 +0100] "GET /unicorn-plush-parma-white-p-47654.html HTTP/1.0" 200 83693 "-" "Mozilla/5.0 (compatible; VelenPublicWebCrawler/1.0; +https://velen.io)"
34.76.224.74 - - [24/Dec/2023:05:49:23 +0100] "GET /unicorn-plush-pink-white-p-47653.html HTTP/1.0" 200 83738 "-" "Mozilla/5.0 (compatible; VelenPublicWebCrawler/1.0; +https://velen.io)"
5.9.157.219 - - [24/Dec/2023:05:49:25 +0100] "GET /metallic-grey-handmade-incense-holder-p-60315.html HTTP/1.0" 500 66777 "-" "Mozilla/5.0 (Macintosh; Intel Mac OS X 10_15_7) AppleWebKit/537.36 (KHTML, like Gecko) Chrome/104.0.0.0 Safari/537.36"
34.76.224.74 - - [24/Dec/2023:05:49:27 +0100] "GET /small-plush-ball-tree-decoration-p-56329.html HTTP/1.0" 200 84682 "-" "Mozilla/5.0 (compatible; VelenPublicWebCrawler/1.0; +https://velen.io)"
34.76.224.74 - - [24/Dec/2023:05:49:30 +0100] "GET /pink-aquaducks-duck-bath-swims-quacks-p-34990.html HTTP/1.0" 200 84262 "-" "Mozilla/5.0 (compatible; VelenPublicWebCrawler/1.0; +https://velen.io)"
185.229.119.130 - - [24/Dec/2023:05:49:31 +0100] "GET /linen-c-68.html?page=2 HTTP/1.0" 301 101835 "-" "Mozilla/5.0 (compatible; MJ12bot/v1.4.8; http://mj12bot.com/)"
34.76.224.74 - - [24/Dec/2023:05:49:33 +0100] "GET /ultron-mask-p-32442.html HTTP/1.0" 200 83707 "-" "Mozilla/5.0 (compatible; VelenPublicWebCrawler/1.0; +https://velen.io)"
34.76.224.74 - - [24/Dec/2023:05:49:37 +0100] "GET /dameron-miniature-character-p-32466.html HTTP/1.0" 200 83869 "-" "Mozilla/5.0 (compatible; VelenPublicWebCrawler/1.0; +https://velen.io)"
34.76.224.74 - - [24/Dec/2023:05:49:40 +0100] "GET /fairy-accessories-p-27850.html HTTP/1.0" 200 83891 "-" "Mozilla/5.0 (compatible; VelenPublicWebCrawler/1.0; +https://velen.io)"
5.9.157.219 - - [24/Dec/2023:05:49:40 +0100] "GET /boutis-quilt-bedspread-c-11_194.html HTTP/1.0" 500 66421 "-" "Mozilla/5.0 (Macintosh; Intel Mac OS X 10_15_7) AppleWebKit/537.36 (KHTML, like Gecko) Chrome/104.0.0.0 Safari/537.36"
34.76.224.74 - - [24/Dec/2023:05:49:43 +0100] "GET /finn-miniature-character-p-32473.html HTTP/1.0" 200 83820 "-" "Mozilla/5.0 (compatible; VelenPublicWebCrawler/1.0; +https://velen.io)"
185.229.119.130 - - [24/Dec/2023:05:49:44 +0100] "GET /linen-c-11_68.html?page=2 HTTP/1.0" 200 101878 "-" "Mozilla/5.0 (compatible; MJ12bot/v1.4.8; http://mj12bot.com/)"
34.76.224.74 - - [24/Dec/2023:05:49:46 +0100] "GET /despicable-magnetic-board-p-32472.html HTTP/1.0" 200 83831 "-" "Mozilla/5.0 (compatible; VelenPublicWebCrawler/1.0; +https://velen.io)"
54.36.149.40 - - [24/Dec/2023:05:49:47 +0100] "GET /feng-shui-flower-life-champagne-coloured-p-53468.html HTTP/1.0" 200 85184 "-" "Mozilla/5.0 (compatible; AhrefsBot/7.0; +http://ahrefs.com/robot/)"
34.76.224.74 - - [24/Dec/2023:05:49:50 +0100] "GET /masha-bear-magnetic-board-p-32474.html HTTP/1.0" 200 83861 "-" "Mozilla/5.0 (compatible; VelenPublicWebCrawler/1.0; +https://velen.io)"
34.76.224.74 - - [24/Dec/2023:05:49:53 +0100] "GET /challenger-attack-products-p-29390.html HTTP/1.0" 200 83919 "-" "Mozilla/5.0 (compatible; VelenPublicWebCrawler/1.0; +https://velen.io)"
34.76.224.74 - - [24/Dec/2023:05:49:56 +0100] "GET /batman-joker-figures-p-27766.html HTTP/1.0" 200 83772 "-" "Mozilla/5.0 (compatible; VelenPublicWebCrawler/1.0; +https://velen.io)"
5.9.157.219 - - [24/Dec/2023:05:49:56 +0100] "GET /round-wooden-incense-stick-holder-p-60901.html HTTP/1.0" 200 84478 "-" "Mozilla/5.0 (Macintosh; Intel Mac OS X 10_15_7) AppleWebKit/537.36 (KHTML, like Gecko) Chrome/104.0.0.0 Safari/537.36"
34.76.224.74 - - [24/Dec/2023:05:49:59 +0100] "GET /barbapapa-wooden-p-16076.html HTTP/1.0" 200 83774 "-" "Mozilla/5.0 (compatible; VelenPublicWebCrawler/1.0; +https://velen.io)"
34.76.224.74 - - [24/Dec/2023:05:50:03 +0100] "GET /pick-venus-firefighter-p-46446.html HTTP/1.0" 200 83957 "-" "Mozilla/5.0 (compatible; VelenPublicWebCrawler/1.0; +https://velen.io)"
34.76.224.74 - - [24/Dec/2023:05:50:06 +0100] "GET /star-wars-vehicle-miniature-with-miniature-character-p-33427.html HTTP/1.0" 200 84060 "-" "Mozilla/5.0 (compatible; VelenPublicWebCrawler/1.0; +https://velen.io)"
34.76.224.74 - - [24/Dec/2023:05:50:09 +0100] "GET /mini-cooper-union-jack-figurine-p-28504.html HTTP/1.0" 200 87299 "-" "Mozilla/5.0 (compatible; VelenPublicWebCrawler/1.0; +https://velen.io)"
185.229.119.130 - - [24/Dec/2023:05:50:12 +0100] "GET /linen-of-bed-c-11_68.html?page=3 HTTP/1.0" 301 102195 "-" "Mozilla/5.0 (compatible; MJ12bot/v1.4.8; http://mj12bot.com/)"
34.76.224.74 - - [24/Dec/2023:05:50:12 +0100] "GET /fiat-nuova-p-27579.html HTTP/1.0" 200 83573 "-" "Mozilla/5.0 (compatible; VelenPublicWebCrawler/1.0; +https://velen.io)"
5.9.157.219 - - [24/Dec/2023:05:50:14 +0100] "GET /decorative-earth-globes-c-13_233.html HTTP/1.0" 500 66415 "-" "Mozilla/5.0 (Macintosh; Intel Mac OS X 10_15_7) AppleWebKit/537.36 (KHTML, like Gecko) Chrome/104.0.0.0 Safari/537.36"
34.76.224.74 - - [24/Dec/2023:05:50:16 +0100] "GET /harley-davidson-2004-dyna-super-glide-sport-p-30415.html HTTP/1.0" 200 83814 "-" "Mozilla/5.0 (compatible; VelenPublicWebCrawler/1.0; +https://velen.io)"
34.76.224.74 - - [24/Dec/2023:05:50:19 +0100] "GET /harley-davidson-2004-electa-glide-pickup-ford-super-duty-p-30396.html HTTP/1.0" 200 84123 "-" "Mozilla/5.0 (compatible; VelenPublicWebCrawler/1.0; +https://velen.io)"
34.76.224.74 - - [24/Dec/2023:05:50:22 +0100] "GET /mercedes-benz-p-27594.html HTTP/1.0" 200 83614 "-" "Mozilla/5.0 (compatible; VelenPublicWebCrawler/1.0; +https://velen.io)"
34.76.224.74 - - [24/Dec/2023:05:50:25 +0100] "GET /citron-miniature-vehicle-p-41830.html HTTP/1.0" 200 83670 "-" "Mozilla/5.0 (compatible; VelenPublicWebCrawler/1.0; +https://velen.io)"
185.229.119.130 - - [24/Dec/2023:05:50:26 +0100] "GET /linen-c-68.html?page=3 HTTP/1.0" 301 102076 "-" "Mozilla/5.0 (compatible; MJ12bot/v1.4.8; http://mj12bot.com/)"
34.76.224.74 - - [24/Dec/2023:05:50:29 +0100] "GET /charmmy-kitty-mattress-swimming-pool-p-5989.html HTTP/1.0" 200 83850 "-" "Mozilla/5.0 (compatible; VelenPublicWebCrawler/1.0; +https://velen.io)"
5.9.157.219 - - [24/Dec/2023:05:50:31 +0100] "GET /resin-stone-boxes-storage-c-13_150_84.html HTTP/1.0" 500 67944 "-" "Mozilla/5.0 (Macintosh; Intel Mac OS X 10_15_7) AppleWebKit/537.36 (KHTML, like Gecko) Chrome/104.0.0.0 Safari/537.36"
34.76.224.74 - - [24/Dec/2023:05:50:32 +0100] "GET /mini-cork-notes-dartboard-target-p-54990.html HTTP/1.0" 200 84319 "-" "Mozilla/5.0 (compatible; VelenPublicWebCrawler/1.0; +https://velen.io)"
52.167.144.140 - - [24/Dec/2023:05:50:32 +0100] "GET /green-japan-keyring-cbkreation-p-43243.html HTTP/1.0" 200 83757 "-" "Mozilla/5.0 AppleWebKit/537.36 (KHTML, like Gecko; compatible; bingbot/2.0; +http://www.bing.com/bingbot.htm) Chrome/116.0.1938.76 Safari/537.36"
34.76.224.74 - - [24/Dec/2023:05:50:35 +0100] "GET /spiderman-mattress-swimming-pool-p-14357.html HTTP/1.0" 200 84060 "-" "Mozilla/5.0 (compatible; VelenPublicWebCrawler/1.0; +https://velen.io)"
34.76.224.74 - - [24/Dec/2023:05:50:38 +0100] "GET /disney-princess-mattress-swimming-pool-p-19982.html HTTP/1.0" 200 84107 "-" "Mozilla/5.0 (compatible; VelenPublicWebCrawler/1.0; +https://velen.io)"
34.76.224.74 - - [24/Dec/2023:05:50:42 +0100] "GET /beyblade-mattress-swimming-pool-p-14358.html HTTP/1.0" 200 84079 "-" "Mozilla/5.0 (compatible; VelenPublicWebCrawler/1.0; +https://velen.io)"
54.36.149.19 - - [24/Dec/2023:05:50:43 +0100] "GET /home-decoration-c-13.html?page=59 HTTP/1.0" 200 103084 "-" "Mozilla/5.0 (compatible; AhrefsBot/7.0; +http://ahrefs.com/robot/)"
34.76.224.74 - - [24/Dec/2023:05:50:45 +0100] "GET /gormiti-bike-helmet-p-8327.html HTTP/1.0" 200 83788 "-" "Mozilla/5.0 (compatible; VelenPublicWebCrawler/1.0; +https://velen.io)"
5.9.157.219 - - [24/Dec/2023:05:50:46 +0100] "GET /trays-c-12_159.html HTTP/1.0" 500 66285 "-" "Mozilla/5.0 (Macintosh; Intel Mac OS X 10_15_7) AppleWebKit/537.36 (KHTML, like Gecko) Chrome/104.0.0.0 Safari/537.36"
185.229.119.130 - - [24/Dec/2023:05:50:48 +0100] "GET /linen-c-11_68.html?page=3 HTTP/1.0" 200 102119 "-" "Mozilla/5.0 (compatible; MJ12bot/v1.4.8; http://mj12bot.com/)"
34.76.224.74 - - [24/Dec/2023:05:50:48 +0100] "GET /nerf-darts-refill-elite-p-20346.html HTTP/1.0" 200 83798 "-" "Mozilla/5.0 (compatible; VelenPublicWebCrawler/1.0; +https://velen.io)"
34.76.224.74 - - [24/Dec/2023:05:50:53 +0100] "GET /star-wars-p-34886.html HTTP/1.0" 200 83787 "-" "Mozilla/5.0 (compatible; VelenPublicWebCrawler/1.0; +https://velen.io)"
34.76.224.74 - - [24/Dec/2023:05:50:56 +0100] "GET /star-wars-inflatable-swimming-ring-p-50680.html HTTP/1.0" 200 83788 "-" "Mozilla/5.0 (compatible; VelenPublicWebCrawler/1.0; +https://velen.io)"
34.76.224.74 - - [24/Dec/2023:05:50:59 +0100] "GET /strawberry-shortcake-mattress-swimming-pool-p-48756.html HTTP/1.0" 200 84137 "-" "Mozilla/5.0 (compatible; VelenPublicWebCrawler/1.0; +https://velen.io)"
34.76.224.74 - - [24/Dec/2023:05:51:02 +0100] "GET /cars-mattress-swimming-pool-p-19984.html HTTP/1.0" 200 84052 "-" "Mozilla/5.0 (compatible; VelenPublicWebCrawler/1.0; +https://velen.io)"
5.9.157.219 - - [24/Dec/2023:05:51:02 +0100] "GET /clocks-c-13_67.html HTTP/1.0" 500 66311 "-" "Mozilla/5.0 (Macintosh; Intel Mac OS X 10_15_7) AppleWebKit/537.36 (KHTML, like Gecko) Chrome/104.0.0.0 Safari/537.36"
34.76.224.74 - - [24/Dec/2023:05:51:06 +0100] "GET /beyblade-inflatable-boat-p-14361.html HTTP/1.0" 200 84023 "-" "Mozilla/5.0 (compatible; VelenPublicWebCrawler/1.0; +https://velen.io)"
185.229.119.130 - - [24/Dec/2023:05:51:06 +0100] "GET /linen-of-bed-c-11_68.html?page=4 HTTP/1.0" 301 102004 "-" "Mozilla/5.0 (compatible; MJ12bot/v1.4.8; http://mj12bot.com/)"
34.76.224.74 - - [24/Dec/2023:05:51:09 +0100] "GET /batman-black-shirt-p-29544.html HTTP/1.0" 200 84729 "-" "Mozilla/5.0 (compatible; VelenPublicWebCrawler/1.0; +https://velen.io)"
34.76.224.74 - - [24/Dec/2023:05:51:13 +0100] "GET /batman-shirt-p-29543.html HTTP/1.0" 200 84682 "-" "Mozilla/5.0 (compatible; VelenPublicWebCrawler/1.0; +https://velen.io)"
34.76.224.74 - - [24/Dec/2023:05:51:17 +0100] "GET /prince-persia-shirt-p-29595.html HTTP/1.0" 200 85057 "-" "Mozilla/5.0 (compatible; VelenPublicWebCrawler/1.0; +https://velen.io)"
5.9.157.219 - - [24/Dec/2023:05:51:18 +0100] "GET /plastic-boxes-storage-c-13_150_217.html HTTP/1.0" 500 66551 "-" "Mozilla/5.0 (Macintosh; Intel Mac OS X 10_15_7) AppleWebKit/537.36 (KHTML, like Gecko) Chrome/104.0.0.0 Safari/537.36"
34.76.224.74 - - [24/Dec/2023:05:51:20 +0100] "GET /hanna-barbera-black-shirt-p-29597.html HTTP/1.0" 200 85060 "-" "Mozilla/5.0 (compatible; VelenPublicWebCrawler/1.0; +https://velen.io)"
34.76.224.74 - - [24/Dec/2023:05:51:24 +0100] "GET /gaming-master-yoda-shirt-p-29575.html HTTP/1.0" 200 84817 "-" "Mozilla/5.0 (compatible; VelenPublicWebCrawler/1.0; +https://velen.io)"
34.76.224.74 - - [24/Dec/2023:05:51:28 +0100] "GET /dexter-shirt-p-29488.html HTTP/1.0" 200 85234 "-" "Mozilla/5.0 (compatible; VelenPublicWebCrawler/1.0; +https://velen.io)"
54.36.148.126 - - [24/Dec/2023:05:51:32 +0100] "GET /sticker-guitar-photo-frame-p-25041.html HTTP/1.0" 200 83878 "-" "Mozilla/5.0 (compatible; AhrefsBot/7.0; +http://ahrefs.com/robot/)"
185.229.119.130 - - [24/Dec/2023:05:51:32 +0100] "GET /linen-c-68.html?page=4 HTTP/1.0" 301 101885 "-" "Mozilla/5.0 (compatible; MJ12bot/v1.4.8; http://mj12bot.com/)"
34.76.224.74 - - [24/Dec/2023:05:51:32 +0100] "GET /love-peace-black-shirt-p-30149.html HTTP/1.0" 200 84838 "-" "Mozilla/5.0 (compatible; VelenPublicWebCrawler/1.0; +https://velen.io)"
34.76.224.74 - - [24/Dec/2023:05:51:37 +0100] "GET /love-peace-grey-shirt-p-30147.html HTTP/1.0" 200 85098 "-" "Mozilla/5.0 (compatible; VelenPublicWebCrawler/1.0; +https://velen.io)"
34.76.224.74 - - [24/Dec/2023:05:51:41 +0100] "GET /dexter-shirt-p-29489.html HTTP/1.0" 200 84699 "-" "Mozilla/5.0 (compatible; VelenPublicWebCrawler/1.0; +https://velen.io)"
34.76.224.74 - - [24/Dec/2023:05:51:45 +0100] "GET /love-peace-pink-shirt-p-30150.html HTTP/1.0" 200 85096 "-" "Mozilla/5.0 (compatible; VelenPublicWebCrawler/1.0; +https://velen.io)"
34.76.224.74 - - [24/Dec/2023:05:51:49 +0100] "GET /love-peace-purple-shirt-p-30152.html HTTP/1.0" 200 85392 "-" "Mozilla/5.0 (compatible; VelenPublicWebCrawler/1.0; +https://velen.io)"
185.229.119.130 - - [24/Dec/2023:05:51:51 +0100] "GET /linen-c-11_68.html?page=4 HTTP/1.0" 200 101928 "-" "Mozilla/5.0 (compatible; MJ12bot/v1.4.8; http://mj12bot.com/)"
34.76.224.74 - - [24/Dec/2023:05:51:53 +0100] "GET /donkey-kong-shirt-p-29598.html HTTP/1.0" 200 85013 "-" "Mozilla/5.0 (compatible; VelenPublicWebCrawler/1.0; +https://velen.io)"
34.76.224.74 - - [24/Dec/2023:05:51:58 +0100] "GET /simpsons-shirt-p-29593.html HTTP/1.0" 200 85004 "-" "Mozilla/5.0 (compatible; VelenPublicWebCrawler/1.0; +https://velen.io)"
34.76.224.74 - - [24/Dec/2023:05:52:02 +0100] "GET /domo-frankunstein-shirt-p-29504.html HTTP/1.0" 200 85065 "-" "Mozilla/5.0 (compatible; VelenPublicWebCrawler/1.0; +https://velen.io)"
34.76.224.74 - - [24/Dec/2023:05:52:05 +0100] "GET /nintendo-black-shirt-p-30195.html HTTP/1.0" 200 85026 "-" "Mozilla/5.0 (compatible; VelenPublicWebCrawler/1.0; +https://velen.io)"
34.76.224.74 - - [24/Dec/2023:05:52:09 +0100] "GET /nintendo-black-shirt-p-30196.html HTTP/1.0" 200 84756 "-" "Mozilla/5.0 (compatible; VelenPublicWebCrawler/1.0; +https://velen.io)"
34.76.224.74 - - [24/Dec/2023:05:52:13 +0100] "GET /london-union-jack-black-shirt-p-30145.html HTTP/1.0" 200 84860 "-" "Mozilla/5.0 (compatible; VelenPublicWebCrawler/1.0; +https://velen.io)"
34.76.224.74 - - [24/Dec/2023:05:52:17 +0100] "GET /mickael-want-back-shirt-p-29537.html HTTP/1.0" 200 85112 "-" "Mozilla/5.0 (compatible; VelenPublicWebCrawler/1.0; +https://velen.io)"
185.229.119.130 - - [24/Dec/2023:05:52:18 +0100] "GET /linen-of-bed-c-11_68.html?page=5 HTTP/1.0" 301 90467 "-" "Mozilla/5.0 (compatible; MJ12bot/v1.4.8; http://mj12bot.com/)"
34.76.224.74 - - [24/Dec/2023:05:52:20 +0100] "GET /mickael-white-shirt-p-30158.html HTTP/1.0" 200 84770 "-" "Mozilla/5.0 (compatible; VelenPublicWebCrawler/1.0; +https://velen.io)"
34.76.224.74 - - [24/Dec/2023:05:52:24 +0100] "GET /mickael-white-shirt-p-30159.html HTTP/1.0" 200 85039 "-" "Mozilla/5.0 (compatible; VelenPublicWebCrawler/1.0; +https://velen.io)"
54.36.149.27 - - [24/Dec/2023:05:52:27 +0100] "GET /ground-sheet-p-59895.html HTTP/1.0" 200 84596 "-" "Mozilla/5.0 (compatible; AhrefsBot/7.0; +http://ahrefs.com/robot/)"
34.76.224.74 - - [24/Dec/2023:05:52:28 +0100] "GET /betty-boop-glove-child-p-22126.html HTTP/1.0" 200 87938 "-" "Mozilla/5.0 (compatible; VelenPublicWebCrawler/1.0; +https://velen.io)"
185.229.119.130 - - [24/Dec/2023:05:52:30 +0100] "GET /linen-c-68.html?page=5 HTTP/1.0" 301 90348 "-" "Mozilla/5.0 (compatible; MJ12bot/v1.4.8; http://mj12bot.com/)"
34.76.224.74 - - [24/Dec/2023:05:52:32 +0100] "GET /pucca-tights-p-34658.html HTTP/1.0" 200 84659 "-" "Mozilla/5.0 (compatible; VelenPublicWebCrawler/1.0; +https://velen.io)"
34.76.224.74 - - [24/Dec/2023:05:52:35 +0100] "GET /strawberry-shortcake-tights-model-p-34656.html HTTP/1.0" 200 84834 "-" "Mozilla/5.0 (compatible; VelenPublicWebCrawler/1.0; +https://velen.io)"
34.76.224.74 - - [24/Dec/2023:05:52:39 +0100] "GET /strawberry-shortcake-tights-model-p-34662.html HTTP/1.0" 200 84862 "-" "Mozilla/5.0 (compatible; VelenPublicWebCrawler/1.0; +https://velen.io)"
34.76.224.74 - - [24/Dec/2023:05:52:44 +0100] "GET /strawberry-shortcake-years-p-22120.html HTTP/1.0" 200 83824 "-" "Mozilla/5.0 (compatible; VelenPublicWebCrawler/1.0; +https://velen.io)"
34.76.224.74 - - [24/Dec/2023:05:52:48 +0100] "GET /littlest-petshop-tights-p-31089.html HTTP/1.0" 200 85039 "-" "Mozilla/5.0 (compatible; VelenPublicWebCrawler/1.0; +https://velen.io)"
34.76.224.74 - - [24/Dec/2023:05:52:51 +0100] "GET /pucca-p-22263.html HTTP/1.0" 200 83626 "-" "Mozilla/5.0 (compatible; VelenPublicWebCrawler/1.0; +https://velen.io)"
34.76.224.74 - - [24/Dec/2023:05:52:56 +0100] "GET /disney-princess-rainwear-p-31243.html HTTP/1.0" 200 84787 "-" "Mozilla/5.0 (compatible; VelenPublicWebCrawler/1.0; +https://velen.io)"
34.76.224.74 - - [24/Dec/2023:05:52:59 +0100] "GET /thinkerbell-p-22160.html HTTP/1.0" 200 83770 "-" "Mozilla/5.0 (compatible; VelenPublicWebCrawler/1.0; +https://velen.io)"
34.76.224.74 - - [24/Dec/2023:05:53:03 +0100] "GET /pucca-p-22264.html HTTP/1.0" 200 83626 "-" "Mozilla/5.0 (compatible; VelenPublicWebCrawler/1.0; +https://velen.io)"
34.76.224.74 - - [24/Dec/2023:05:53:07 +0100] "GET /pucca-p-22265.html HTTP/1.0" 200 83649 "-" "Mozilla/5.0 (compatible; VelenPublicWebCrawler/1.0; +https://velen.io)"
34.76.224.74 - - [24/Dec/2023:05:53:11 +0100] "GET /pucca-p-22266.html HTTP/1.0" 200 83631 "-" "Mozilla/5.0 (compatible; VelenPublicWebCrawler/1.0; +https://velen.io)"
185.229.119.130 - - [24/Dec/2023:05:53:13 +0100] "GET /linen-c-11_68.html?page=5 HTTP/1.0" 200 90391 "-" "Mozilla/5.0 (compatible; MJ12bot/v1.4.8; http://mj12bot.com/)"
34.76.224.74 - - [24/Dec/2023:05:53:14 +0100] "GET /strawberry-shortcake-years-p-22143.html HTTP/1.0" 200 83766 "-" "Mozilla/5.0 (compatible; VelenPublicWebCrawler/1.0; +https://velen.io)"
34.76.224.74 - - [24/Dec/2023:05:53:20 +0100] "GET /strawberry-shortcake-years-p-22145.html HTTP/1.0" 200 83766 "-" "Mozilla/5.0 (compatible; VelenPublicWebCrawler/1.0; +https://velen.io)"
34.76.224.74 - - [24/Dec/2023:05:53:24 +0100] "GET /bratz-scarf-glove-p-22129.html HTTP/1.0" 200 83845 "-" "Mozilla/5.0 (compatible; VelenPublicWebCrawler/1.0; +https://velen.io)"
54.36.148.199 - - [24/Dec/2023:05:53:25 +0100] "GET /mtal-signs-c-13_130.html?page=11 HTTP/1.0" 200 103483 "-" "Mozilla/5.0 (compatible; AhrefsBot/7.0; +http://ahrefs.com/robot/)"
34.76.224.74 - - [24/Dec/2023:05:53:28 +0100] "GET /franklin-green-swimsuit-p-30241.html HTTP/1.0" 200 85329 "-" "Mozilla/5.0 (compatible; VelenPublicWebCrawler/1.0; +https://velen.io)"
34.76.224.74 - - [24/Dec/2023:05:53:33 +0100] "GET /franklin-purple-swimsuit-p-30244.html HTTP/1.0" 200 85618 "-" "Mozilla/5.0 (compatible; VelenPublicWebCrawler/1.0; +https://velen.io)"
34.76.224.74 - - [24/Dec/2023:05:53:37 +0100] "GET /strawberry-shortcake-years-p-22146.html HTTP/1.0" 200 83791 "-" "Mozilla/5.0 (compatible; VelenPublicWebCrawler/1.0; +https://velen.io)"
34.76.224.74 - - [24/Dec/2023:05:53:41 +0100] "GET /elvis-presley-black-shirt-p-29563.html HTTP/1.0" 200 85067 "-" "Mozilla/5.0 (compatible; VelenPublicWebCrawler/1.0; +https://velen.io)"
34.76.224.74 - - [24/Dec/2023:05:53:46 +0100] "GET /queen-union-jack-shirt-p-29592.html HTTP/1.0" 200 84034 "-" "Mozilla/5.0 (compatible; VelenPublicWebCrawler/1.0; +https://velen.io)"
185.229.119.130 - - [24/Dec/2023:05:53:47 +0100] "GET /linen-of-bed-c-11_68.html?page=6 HTTP/1.0" 301 90467 "-" "Mozilla/5.0 (compatible; MJ12bot/v1.4.8; http://mj12bot.com/)"
34.76.224.74 - - [24/Dec/2023:05:53:49 +0100] "GET /spongebob-names-shirt-p-29557.html HTTP/1.0" 200 85047 "-" "Mozilla/5.0 (compatible; VelenPublicWebCrawler/1.0; +https://velen.io)"
34.76.224.74 - - [24/Dec/2023:05:53:53 +0100] "GET /spongebob-shirt-p-29556.html HTTP/1.0" 200 84712 "-" "Mozilla/5.0 (compatible; VelenPublicWebCrawler/1.0; +https://velen.io)"
34.76.224.74 - - [24/Dec/2023:05:53:56 +0100] "GET /weenicons-talking-shirt-p-29585.html HTTP/1.0" 200 84867 "-" "Mozilla/5.0 (compatible; VelenPublicWebCrawler/1.0; +https://velen.io)"
34.76.224.74 - - [24/Dec/2023:05:54:00 +0100] "GET /weenicons-east-cost-shirt-p-29582.html HTTP/1.0" 200 85076 "-" "Mozilla/5.0 (compatible; VelenPublicWebCrawler/1.0; +https://velen.io)"
34.76.224.74 - - [24/Dec/2023:05:54:03 +0100] "GET /london-union-jack-shirt-p-29619.html HTTP/1.0" 200 84798 "-" "Mozilla/5.0 (compatible; VelenPublicWebCrawler/1.0; +https://velen.io)"
185.229.119.130 - - [24/Dec/2023:05:54:06 +0100] "GET /linen-c-68.html?page=6 HTTP/1.0" 301 90348 "-" "Mozilla/5.0 (compatible; MJ12bot/v1.4.8; http://mj12bot.com/)"
