34.76.224.74 - - [24/Dec/2023:05:31:34 +0100] "GET /gray-metal-zippo-cigarette-case-carabiner-clip-p-46843.html HTTP/1.0" 200 85096 "-" "Mozilla/5.0 (compatible; VelenPublicWebCrawler/1.0; +https://velen.io)"
34.76.224.74 - - [24/Dec/2023:05:31:37 +0100] "GET /zippo-tobacco-pouch-double-textured-leather-p-49094.html HTTP/1.0" 200 84926 "-" "Mozilla/5.0 (compatible; VelenPublicWebCrawler/1.0; +https://velen.io)"
34.76.224.74 - - [24/Dec/2023:05:31:40 +0100] "GET /zippo-tobacco-pouch-double-textured-leather-p-49095.html HTTP/1.0" 200 84683 "-" "Mozilla/5.0 (compatible; VelenPublicWebCrawler/1.0; +https://velen.io)"
84.46.255.143 - - [24/Dec/2023:05:31:41 +0100] "GET /-p-1905.html HTTP/1.0" 200 81261 "-" "Mozilla/5.0 (compatible; MJ12bot/v1.4.8; http://mj12bot.com/)"
54.36.149.1 - - [24/Dec/2023:05:31:41 +0100] "GET /curtain-eyelets-yellow-p-49126.html HTTP/1.0" 200 85958 "-" "Mozilla/5.0 (compatible; AhrefsBot/7.0; +http://ahrefs.com/robot/)"
34.76.224.74 - - [24/Dec/2023:05:31:44 +0100] "GET /zippo-candle-utility-lighter-p-61013.html HTTP/1.0" 200 84389 "-" "Mozilla/5.0 (compatible; VelenPublicWebCrawler/1.0; +https://velen.io)"
34.76.224.74 - - [24/Dec/2023:05:31:48 +0100] "GET /candle-lighter-with-flex-neck-zippo-flexible-neck-p-61012.html HTTP/1.0" 200 84594 "-" "Mozilla/5.0 (compatible; VelenPublicWebCrawler/1.0; +https://velen.io)"
34.76.224.74 - - [24/Dec/2023:05:31:51 +0100] "GET /ball-zippo-lighter-p-39534.html HTTP/1.0" 200 85921 "-" "Mozilla/5.0 (compatible; VelenPublicWebCrawler/1.0; +https://velen.io)"
34.76.224.74 - - [24/Dec/2023:05:31:54 +0100] "GET /fuzion-flying-eagle-zippo-lighter-p-41038.html HTTP/1.0" 200 85623 "-" "Mozilla/5.0 (compatible; VelenPublicWebCrawler/1.0; +https://velen.io)"
185.229.119.130 - - [24/Dec/2023:05:31:55 +0100] "GET /light-brown-fitted-sheet-p-41414.html HTTP/1.0" 200 83741 "-" "Mozilla/5.0 (compatible; MJ12bot/v1.4.8; http://mj12bot.com/)"
34.76.224.74 - - [24/Dec/2023:05:31:57 +0100] "GET /playboy-zippo-lighter-p-13392.html HTTP/1.0" 200 84060 "-" "Mozilla/5.0 (compatible; VelenPublicWebCrawler/1.0; +https://velen.io)"
34.76.224.74 - - [24/Dec/2023:05:32:01 +0100] "GET /zippo-harley-davidson-lighter-belt-case-p-56219.html HTTP/1.0" 200 85780 "-" "Mozilla/5.0 (compatible; VelenPublicWebCrawler/1.0; +https://velen.io)"
34.76.224.74 - - [24/Dec/2023:05:32:05 +0100] "GET /harley-davidson-zippo-lighter-p-30269.html HTTP/1.0" 200 84121 "-" "Mozilla/5.0 (compatible; VelenPublicWebCrawler/1.0; +https://velen.io)"
84.46.255.143 - - [24/Dec/2023:05:32:09 +0100] "GET /-p-19055.html HTTP/1.0" 200 81263 "-" "Mozilla/5.0 (compatible; MJ12bot/v1.4.8; http://mj12bot.com/)"
34.76.224.74 - - [24/Dec/2023:05:32:08 +0100] "GET /marley-zippo-lighter-p-29779.html HTTP/1.0" 200 84078 "-" "Mozilla/5.0 (compatible; VelenPublicWebCrawler/1.0; +https://velen.io)"
34.76.224.74 - - [24/Dec/2023:05:32:13 +0100] "GET /marley-zippo-lighter-p-57596.html HTTP/1.0" 200 84699 "-" "Mozilla/5.0 (compatible; VelenPublicWebCrawler/1.0; +https://velen.io)"
34.76.224.74 - - [24/Dec/2023:05:32:17 +0100] "GET /kimmidoll-brush-p-44111.html HTTP/1.0" 200 83614 "-" "Mozilla/5.0 (compatible; VelenPublicWebCrawler/1.0; +https://velen.io)"
185.229.119.130 - - [24/Dec/2023:05:32:19 +0100] "GET /light-garland-collection-canar-girly-p-39463.html HTTP/1.0" 200 84665 "-" "Mozilla/5.0 (compatible; MJ12bot/v1.4.8; http://mj12bot.com/)"
34.76.224.74 - - [24/Dec/2023:05:32:20 +0100] "GET /kimmidoll-brush-p-44814.html HTTP/1.0" 200 83614 "-" "Mozilla/5.0 (compatible; VelenPublicWebCrawler/1.0; +https://velen.io)"
34.76.224.74 - - [24/Dec/2023:05:32:24 +0100] "GET /kimmidoll-brush-p-44882.html HTTP/1.0" 200 83614 "-" "Mozilla/5.0 (compatible; VelenPublicWebCrawler/1.0; +https://velen.io)"
34.76.224.74 - - [24/Dec/2023:05:32:27 +0100] "GET /vive-paris-hairbrush-p-18965.html HTTP/1.0" 200 84411 "-" "Mozilla/5.0 (compatible; VelenPublicWebCrawler/1.0; +https://velen.io)"
34.76.224.74 - - [24/Dec/2023:05:32:30 +0100] "GET /vive-paris-hairbrush-p-20208.html HTTP/1.0" 200 83608 "-" "Mozilla/5.0 (compatible; VelenPublicWebCrawler/1.0; +https://velen.io)"
84.46.255.143 - - [24/Dec/2023:05:32:31 +0100] "GET /-p-19175.html HTTP/1.0" 200 81263 "-" "Mozilla/5.0 (compatible; MJ12bot/v1.4.8; http://mj12bot.com/)"
34.76.224.74 - - [24/Dec/2023:05:32:33 +0100] "GET /happy-colors-pink-hairbrush-p-22735.html HTTP/1.0" 200 83665 "-" "Mozilla/5.0 (compatible; VelenPublicWebCrawler/1.0; +https://velen.io)"
54.36.148.252 - - [24/Dec/2023:05:32:36 +0100] "GET /candy-cloud-notepad-candy-p-49840.html HTTP/1.0" 200 83674 "-" "Mozilla/5.0 (compatible; AhrefsBot/7.0; +http://ahrefs.com/robot/)"
34.76.224.74 - - [24/Dec/2023:05:32:37 +0100] "GET /mani-lucky-brush-p-44107.html HTTP/1.0" 200 83648 "-" "Mozilla/5.0 (compatible; VelenPublicWebCrawler/1.0; +https://velen.io)"
185.229.119.130 - - [24/Dec/2023:05:32:39 +0100] "GET /light-grey-fitted-sheet-160-200-30-cm-p-41413.html HTTP/1.0" 301 81475 "-" "Mozilla/5.0 (compatible; MJ12bot/v1.4.8; http://mj12bot.com/)"
34.76.224.74 - - [24/Dec/2023:05:32:40 +0100] "GET /mani-lucky-brush-p-44108.html HTTP/1.0" 200 83648 "-" "Mozilla/5.0 (compatible; VelenPublicWebCrawler/1.0; +https://velen.io)"
34.76.224.74 - - [24/Dec/2023:05:32:43 +0100] "GET /mani-lucky-brush-p-44109.html HTTP/1.0" 200 83648 "-" "Mozilla/5.0 (compatible; VelenPublicWebCrawler/1.0; +https://velen.io)"
34.76.224.74 - - [24/Dec/2023:05:32:47 +0100] "GET /mani-lucky-brush-p-44110.html HTTP/1.0" 200 83648 "-" "Mozilla/5.0 (compatible; VelenPublicWebCrawler/1.0; +https://velen.io)"
34.76.224.74 - - [24/Dec/2023:05:32:50 +0100] "GET /candy-cloud-hair-brush-bubblegum-p-49779.html HTTP/1.0" 200 83702 "-" "Mozilla/5.0 (compatible; VelenPublicWebCrawler/1.0; +https://velen.io)"
84.46.255.143 - - [24/Dec/2023:05:32:51 +0100] "GET /-p-19245.html HTTP/1.0" 200 81263 "-" "Mozilla/5.0 (compatible; MJ12bot/v1.4.8; http://mj12bot.com/)"
34.76.224.74 - - [24/Dec/2023:05:32:54 +0100] "GET /candy-cloud-hair-brush-bella-p-49780.html HTTP/1.0" 200 83684 "-" "Mozilla/5.0 (compatible; VelenPublicWebCrawler/1.0; +https://velen.io)"
185.229.119.130 - - [24/Dec/2023:05:32:54 +0100] "GET /light-grey-fitted-sheet-p-41413.html HTTP/1.0" 200 81385 "-" "Mozilla/5.0 (compatible; MJ12bot/v1.4.8; http://mj12bot.com/)"
34.76.224.74 - - [24/Dec/2023:05:32:57 +0100] "GET /candy-cloud-hair-brush-stardust-p-46651.html HTTP/1.0" 200 84318 "-" "Mozilla/5.0 (compatible; VelenPublicWebCrawler/1.0; +https://velen.io)"
34.76.224.74 - - [24/Dec/2023:05:33:00 +0100] "GET /candy-cloud-hair-brush-dasha-p-49778.html HTTP/1.0" 200 83682 "-" "Mozilla/5.0 (compatible; VelenPublicWebCrawler/1.0; +https://velen.io)"
34.76.224.74 - - [24/Dec/2023:05:33:04 +0100] "GET /candy-cloud-hair-brush-daisy-p-49777.html HTTP/1.0" 200 83682 "-" "Mozilla/5.0 (compatible; VelenPublicWebCrawler/1.0; +https://velen.io)"
34.76.224.74 - - [24/Dec/2023:05:33:07 +0100] "GET /little-black-moustache-ring-p-18693.html HTTP/1.0" 200 84869 "-" "Mozilla/5.0 (compatible; VelenPublicWebCrawler/1.0; +https://velen.io)"
34.76.224.74 - - [24/Dec/2023:05:33:11 +0100] "GET /little-orange-moustache-ring-p-18700.html HTTP/1.0" 200 84118 "-" "Mozilla/5.0 (compatible; VelenPublicWebCrawler/1.0; +https://velen.io)"
34.76.224.74 - - [24/Dec/2023:05:33:14 +0100] "GET /little-green-moustache-ring-p-18697.html HTTP/1.0" 200 84109 "-" "Mozilla/5.0 (compatible; VelenPublicWebCrawler/1.0; +https://velen.io)"
34.76.224.74 - - [24/Dec/2023:05:33:17 +0100] "GET /little-pink-moustache-ring-p-18694.html HTTP/1.0" 200 84727 "-" "Mozilla/5.0 (compatible; VelenPublicWebCrawler/1.0; +https://velen.io)"
58.227.158.22 - - [24/Dec/2023:05:33:19 +0100] "GET /images/mini_prod/8435333835166.jpg HTTP/1.0" 200 269 "-" "Mozilla/5.0 (X11; Ubuntu; Linux x86_64; rv:72.0) Gecko/20100101 Firefox/72.0"
185.229.119.130 - - [24/Dec/2023:05:33:20 +0100] "GET /light-grey-fitted-sheet-160-200-cm-p-39055.html HTTP/1.0" 301 81330 "-" "Mozilla/5.0 (compatible; MJ12bot/v1.4.8; http://mj12bot.com/)"
34.76.224.74 - - [24/Dec/2023:05:33:21 +0100] "GET /little-moustache-ring-p-18696.html HTTP/1.0" 200 84708 "-" "Mozilla/5.0 (compatible; VelenPublicWebCrawler/1.0; +https://velen.io)"
34.76.224.74 - - [24/Dec/2023:05:33:24 +0100] "GET /little-white-moustache-ring-p-18695.html HTTP/1.0" 200 84109 "-" "Mozilla/5.0 (compatible; VelenPublicWebCrawler/1.0; +https://velen.io)"
34.76.224.74 - - [24/Dec/2023:05:33:28 +0100] "GET /pink-moustache-ring-p-18247.html HTTP/1.0" 200 84045 "-" "Mozilla/5.0 (compatible; VelenPublicWebCrawler/1.0; +https://velen.io)"
84.46.255.143 - - [24/Dec/2023:05:33:28 +0100] "GET /-p-19303.html HTTP/1.0" 200 81263 "-" "Mozilla/5.0 (compatible; MJ12bot/v1.4.8; http://mj12bot.com/)"
34.76.224.74 - - [24/Dec/2023:05:33:31 +0100] "GET /orange-moustache-ring-p-18245.html HTTP/1.0" 200 84676 "-" "Mozilla/5.0 (compatible; VelenPublicWebCrawler/1.0; +https://velen.io)"
34.76.224.74 - - [24/Dec/2023:05:33:34 +0100] "GET /ring-flower-life-brass-copper-colour-p-44683.html HTTP/1.0" 200 83744 "-" "Mozilla/5.0 (compatible; VelenPublicWebCrawler/1.0; +https://velen.io)"
54.36.148.151 - - [24/Dec/2023:05:33:35 +0100] "GET /ceramic-salt-with-spoon-faustine-p-47873.html HTTP/1.0" 200 83690 "-" "Mozilla/5.0 (compatible; AhrefsBot/7.0; +http://ahrefs.com/robot/)"
34.76.224.74 - - [24/Dec/2023:05:33:38 +0100] "GET /little-yellow-moustache-ring-p-53467.html HTTP/1.0" 200 84118 "-" "Mozilla/5.0 (compatible; VelenPublicWebCrawler/1.0; +https://velen.io)"
185.229.119.130 - - [24/Dec/2023:05:33:38 +0100] "GET /-p-39055.html HTTP/1.0" 200 81263 "-" "Mozilla/5.0 (compatible; MJ12bot/v1.4.8; http://mj12bot.com/)"
34.76.224.74 - - [24/Dec/2023:05:33:41 +0100] "GET /moustache-ring-p-18244.html HTTP/1.0" 200 84048 "-" "Mozilla/5.0 (compatible; VelenPublicWebCrawler/1.0; +https://velen.io)"
84.46.255.143 - - [24/Dec/2023:05:33:43 +0100] "GET /-p-1938.html HTTP/1.0" 200 81261 "-" "Mozilla/5.0 (compatible; MJ12bot/v1.4.8; http://mj12bot.com/)"
34.76.224.74 - - [24/Dec/2023:05:33:44 +0100] "GET /white-moustache-ring-p-18243.html HTTP/1.0" 200 84054 "-" "Mozilla/5.0 (compatible; VelenPublicWebCrawler/1.0; +https://velen.io)"
34.76.224.74 - - [24/Dec/2023:05:33:47 +0100] "GET /brass-lapis-lazuli-adjustable-ring-p-57283.html HTTP/1.0" 200 84565 "-" "Mozilla/5.0 (compatible; VelenPublicWebCrawler/1.0; +https://velen.io)"
34.76.224.74 - - [24/Dec/2023:05:33:51 +0100] "GET /brass-rock-crystal-adjustable-ring-p-57282.html HTTP/1.0" 200 84565 "-" "Mozilla/5.0 (compatible; VelenPublicWebCrawler/1.0; +https://velen.io)"
34.76.224.74 - - [24/Dec/2023:05:33:54 +0100] "GET /earrings-flower-life-silver-with-amethyst-p-49029.html HTTP/1.0" 200 84525 "-" "Mozilla/5.0 (compatible; VelenPublicWebCrawler/1.0; +https://velen.io)"
34.76.224.74 - - [24/Dec/2023:05:33:58 +0100] "GET /orange-macaroon-ring-p-15338.html HTTP/1.0" 200 83662 "-" "Mozilla/5.0 (compatible; VelenPublicWebCrawler/1.0; +https://velen.io)"
84.46.255.143 - - [24/Dec/2023:05:34:00 +0100] "GET /-p-19389.html HTTP/1.0" 200 81263 "-" "Mozilla/5.0 (compatible; MJ12bot/v1.4.8; http://mj12bot.com/)"
185.229.119.130 - - [24/Dec/2023:05:34:01 +0100] "GET /light-grey-fitted-sheet-160-200-cm-p-41416.html HTTP/1.0" 301 81465 "-" "Mozilla/5.0 (compatible; MJ12bot/v1.4.8; http://mj12bot.com/)"
34.76.224.74 - - [24/Dec/2023:05:34:01 +0100] "GET /bowls-brice-niche-p-46831.html HTTP/1.0" 200 83470 "-" "Mozilla/5.0 (compatible; VelenPublicWebCrawler/1.0; +https://velen.io)"
34.76.224.74 - - [24/Dec/2023:05:34:06 +0100] "GET /bowl-p-31702.html HTTP/1.0" 200 83516 "-" "Mozilla/5.0 (compatible; VelenPublicWebCrawler/1.0; +https://velen.io)"
34.76.224.74 - - [24/Dec/2023:05:34:09 +0100] "GET /food-bowl-love-pets-p-31709.html HTTP/1.0" 200 83640 "-" "Mozilla/5.0 (compatible; VelenPublicWebCrawler/1.0; +https://velen.io)"
34.76.224.74 - - [24/Dec/2023:05:34:12 +0100] "GET /flin-p-49539.html HTTP/1.0" 200 83469 "-" "Mozilla/5.0 (compatible; VelenPublicWebCrawler/1.0; +https://velen.io)"
84.46.255.143 - - [24/Dec/2023:05:34:14 +0100] "GET /-p-19392.html HTTP/1.0" 200 81263 "-" "Mozilla/5.0 (compatible; MJ12bot/v1.4.8; http://mj12bot.com/)"
34.76.224.74 - - [24/Dec/2023:05:34:16 +0100] "GET /mdite-p-49538.html HTTP/1.0" 200 83489 "-" "Mozilla/5.0 (compatible; VelenPublicWebCrawler/1.0; +https://velen.io)"
34.76.224.74 - - [24/Dec/2023:05:34:19 +0100] "GET /pacha-p-49540.html HTTP/1.0" 200 83471 "-" "Mozilla/5.0 (compatible; VelenPublicWebCrawler/1.0; +https://velen.io)"
34.76.224.74 - - [24/Dec/2023:05:34:23 +0100] "GET /bowl-french-kiss-paris-p-37291.html HTTP/1.0" 200 83626 "-" "Mozilla/5.0 (compatible; VelenPublicWebCrawler/1.0; +https://velen.io)"
185.229.119.130 - - [24/Dec/2023:05:34:24 +0100] "GET /light-grey-fitted-sheet-p-41416.html HTTP/1.0" 200 81375 "-" "Mozilla/5.0 (compatible; MJ12bot/v1.4.8; http://mj12bot.com/)"
34.76.224.74 - - [24/Dec/2023:05:34:26 +0100] "GET /bowl-french-kiss-paris-p-37292.html HTTP/1.0" 200 83579 "-" "Mozilla/5.0 (compatible; VelenPublicWebCrawler/1.0; +https://velen.io)"
34.76.224.74 - - [24/Dec/2023:05:34:30 +0100] "GET /bowl-love-pets-p-31697.html HTTP/1.0" 200 83602 "-" "Mozilla/5.0 (compatible; VelenPublicWebCrawler/1.0; +https://velen.io)"
54.36.149.84 - - [24/Dec/2023:05:34:30 +0100] "GET /home-decoration-c-13.html?page=52 HTTP/1.0" 200 102980 "-" "Mozilla/5.0 (compatible; AhrefsBot/7.0; +http://ahrefs.com/robot/)"
84.46.255.143 - - [24/Dec/2023:05:34:33 +0100] "GET /-p-19393.html HTTP/1.0" 200 81263 "-" "Mozilla/5.0 (compatible; MJ12bot/v1.4.8; http://mj12bot.com/)"
34.76.224.74 - - [24/Dec/2023:05:34:33 +0100] "GET /bird-feeder-cement-p-45090.html HTTP/1.0" 200 83445 "-" "Mozilla/5.0 (compatible; VelenPublicWebCrawler/1.0; +https://velen.io)"
34.76.224.74 - - [24/Dec/2023:05:34:36 +0100] "GET /bowls-british-p-31522.html HTTP/1.0" 200 83532 "-" "Mozilla/5.0 (compatible; VelenPublicWebCrawler/1.0; +https://velen.io)"
34.76.224.74 - - [24/Dec/2023:05:34:40 +0100] "GET /suis-poil-p-49542.html HTTP/1.0" 200 83507 "-" "Mozilla/5.0 (compatible; VelenPublicWebCrawler/1.0; +https://velen.io)"
34.76.224.74 - - [24/Dec/2023:05:34:43 +0100] "GET /sweets-beige-p-31686.html HTTP/1.0" 200 83508 "-" "Mozilla/5.0 (compatible; VelenPublicWebCrawler/1.0; +https://velen.io)"
34.76.224.74 - - [24/Dec/2023:05:34:46 +0100] "GET /sweets-white-p-31689.html HTTP/1.0" 200 83508 "-" "Mozilla/5.0 (compatible; VelenPublicWebCrawler/1.0; +https://velen.io)"
34.76.224.74 - - [24/Dec/2023:05:34:50 +0100] "GET /wild-about-words-bowl-p-31970.html HTTP/1.0" 200 83507 "-" "Mozilla/5.0 (compatible; VelenPublicWebCrawler/1.0; +https://velen.io)"
84.46.255.143 - - [24/Dec/2023:05:34:53 +0100] "GET /-p-19394.html HTTP/1.0" 200 81263 "-" "Mozilla/5.0 (compatible; MJ12bot/v1.4.8; http://mj12bot.com/)"
34.76.224.74 - - [24/Dec/2023:05:34:53 +0100] "GET /food-storage-pets-beige-p-42184.html HTTP/1.0" 200 83547 "-" "Mozilla/5.0 (compatible; VelenPublicWebCrawler/1.0; +https://velen.io)"
34.76.224.74 - - [24/Dec/2023:05:34:57 +0100] "GET /gift-bowl-p-31526.html HTTP/1.0" 200 83750 "-" "Mozilla/5.0 (compatible; VelenPublicWebCrawler/1.0; +https://velen.io)"
34.76.224.74 - - [24/Dec/2023:05:35:00 +0100] "GET /gift-bowl-plaid-p-31525.html HTTP/1.0" 200 83930 "-" "Mozilla/5.0 (compatible; VelenPublicWebCrawler/1.0; +https://velen.io)"
185.229.119.130 - - [24/Dec/2023:05:35:01 +0100] "GET /light-grey-fitted-sheet-p-41413.html HTTP/1.0" 200 81385 "-" "Mozilla/5.0 (compatible; MJ12bot/v1.4.8; http://mj12bot.com/)"
34.76.224.74 - - [24/Dec/2023:05:35:03 +0100] "GET /great-bowls-table-p-31429.html HTTP/1.0" 200 83675 "-" "Mozilla/5.0 (compatible; VelenPublicWebCrawler/1.0; +https://velen.io)"
34.76.224.74 - - [24/Dec/2023:05:35:06 +0100] "GET /jasmin-small-p-32291.html HTTP/1.0" 200 83700 "-" "Mozilla/5.0 (compatible; VelenPublicWebCrawler/1.0; +https://velen.io)"
34.76.224.74 - - [24/Dec/2023:05:35:10 +0100] "GET /postcard-without-envelope-tassen-p-57441.html HTTP/1.0" 200 84363 "-" "Mozilla/5.0 (compatible; VelenPublicWebCrawler/1.0; +https://velen.io)"
84.46.255.143 - - [24/Dec/2023:05:35:11 +0100] "GET /-p-1940.html HTTP/1.0" 200 81261 "-" "Mozilla/5.0 (compatible; MJ12bot/v1.4.8; http://mj12bot.com/)"
34.76.224.74 - - [24/Dec/2023:05:35:13 +0100] "GET /postcard-without-envelope-tassen-p-57446.html HTTP/1.0" 200 84363 "-" "Mozilla/5.0 (compatible; VelenPublicWebCrawler/1.0; +https://velen.io)"
34.76.224.74 - - [24/Dec/2023:05:35:16 +0100] "GET /postcard-without-envelope-tassen-p-57448.html HTTP/1.0" 200 84363 "-" "Mozilla/5.0 (compatible; VelenPublicWebCrawler/1.0; +https://velen.io)"
34.76.224.74 - - [24/Dec/2023:05:35:20 +0100] "GET /postcard-without-envelope-tassen-p-57449.html HTTP/1.0" 200 84363 "-" "Mozilla/5.0 (compatible; VelenPublicWebCrawler/1.0; +https://velen.io)"
54.36.148.182 - - [24/Dec/2023:05:35:21 +0100] "GET /yoga-strap-ring-black-cotton-p-57361.html HTTP/1.0" 200 85014 "-" "Mozilla/5.0 (compatible; AhrefsBot/7.0; +http://ahrefs.com/robot/)"
34.76.224.74 - - [24/Dec/2023:05:35:23 +0100] "GET /postcard-without-envelope-tassen-p-57450.html HTTP/1.0" 200 84362 "-" "Mozilla/5.0 (compatible; VelenPublicWebCrawler/1.0; +https://velen.io)"
34.76.224.74 - - [24/Dec/2023:05:35:27 +0100] "GET /postcard-without-envelope-tassen-p-59679.html HTTP/1.0" 200 84362 "-" "Mozilla/5.0 (compatible; VelenPublicWebCrawler/1.0; +https://velen.io)"
34.76.224.74 - - [24/Dec/2023:05:35:30 +0100] "GET /postcard-without-envelope-tassen-p-59680.html HTTP/1.0" 200 84362 "-" "Mozilla/5.0 (compatible; VelenPublicWebCrawler/1.0; +https://velen.io)"
84.46.255.143 - - [24/Dec/2023:05:35:32 +0100] "GET /-p-19485.html HTTP/1.0" 200 81263 "-" "Mozilla/5.0 (compatible; MJ12bot/v1.4.8; http://mj12bot.com/)"
34.76.224.74 - - [24/Dec/2023:05:35:33 +0100] "GET /postcard-without-envelope-tassen-p-59681.html HTTP/1.0" 200 84362 "-" "Mozilla/5.0 (compatible; VelenPublicWebCrawler/1.0; +https://velen.io)"
185.229.119.130 - - [24/Dec/2023:05:35:35 +0100] "GET /light-grey-fitted-sheet-p-41416.html HTTP/1.0" 200 81375 "-" "Mozilla/5.0 (compatible; MJ12bot/v1.4.8; http://mj12bot.com/)"
34.76.224.74 - - [24/Dec/2023:05:35:36 +0100] "GET /postcard-without-envelope-tassen-p-59682.html HTTP/1.0" 200 84362 "-" "Mozilla/5.0 (compatible; VelenPublicWebCrawler/1.0; +https://velen.io)"
34.76.224.74 - - [24/Dec/2023:05:35:40 +0100] "GET /postcard-without-envelope-tassen-p-60795.html HTTP/1.0" 200 84576 "-" "Mozilla/5.0 (compatible; VelenPublicWebCrawler/1.0; +https://velen.io)"
34.76.224.74 - - [24/Dec/2023:05:35:43 +0100] "GET /postcard-without-envelope-tassen-p-60796.html HTTP/1.0" 200 84575 "-" "Mozilla/5.0 (compatible; VelenPublicWebCrawler/1.0; +https://velen.io)"
34.76.224.74 - - [24/Dec/2023:05:35:47 +0100] "GET /postcard-without-envelope-tassen-p-60797.html HTTP/1.0" 200 84362 "-" "Mozilla/5.0 (compatible; VelenPublicWebCrawler/1.0; +https://velen.io)"
84.46.255.143 - - [24/Dec/2023:05:35:48 +0100] "GET /-p-19543.html HTTP/1.0" 200 81263 "-" "Mozilla/5.0 (compatible; MJ12bot/v1.4.8; http://mj12bot.com/)"
34.76.224.74 - - [24/Dec/2023:05:35:51 +0100] "GET /postcard-without-envelope-tassen-p-60798.html HTTP/1.0" 200 84575 "-" "Mozilla/5.0 (compatible; VelenPublicWebCrawler/1.0; +https://velen.io)"
195.191.219.131 - - [24/Dec/2023:05:35:55 +0100] "GET /robots.txt HTTP/1.0" 301 531 "-" "Mozilla/5.0 (compatible; MJ12bot/v1.4.8; http://mj12bot.com/)"
34.76.224.74 - - [24/Dec/2023:05:35:54 +0100] "GET /postcard-without-envelope-tassen-p-60799.html HTTP/1.0" 200 84362 "-" "Mozilla/5.0 (compatible; VelenPublicWebCrawler/1.0; +https://velen.io)"
195.191.219.131 - - [24/Dec/2023:05:35:56 +0100] "GET /robots.txt HTTP/1.0" 200 245 "-" "Mozilla/5.0 (compatible; MJ12bot/v1.4.8; http://mj12bot.com/)"
195.191.219.131 - - [24/Dec/2023:05:35:58 +0100] "GET / HTTP/1.0" 301 511 "-" "Mozilla/5.0 (compatible; MJ12bot/v1.4.8; http://mj12bot.com/)"
34.76.224.74 - - [24/Dec/2023:05:35:58 +0100] "GET /postcard-without-envelope-tassen-p-60800.html HTTP/1.0" 200 84362 "-" "Mozilla/5.0 (compatible; VelenPublicWebCrawler/1.0; +https://velen.io)"
34.76.224.74 - - [24/Dec/2023:05:36:01 +0100] "GET /postcard-without-envelope-tassen-p-60801.html HTTP/1.0" 200 84362 "-" "Mozilla/5.0 (compatible; VelenPublicWebCrawler/1.0; +https://velen.io)"
195.191.219.131 - - [24/Dec/2023:05:36:01 +0100] "GET / HTTP/1.0" 200 161429 "-" "Mozilla/5.0 (compatible; MJ12bot/v1.4.8; http://mj12bot.com/)"
34.76.224.74 - - [24/Dec/2023:05:36:04 +0100] "GET /postcard-without-envelope-tassen-p-60802.html HTTP/1.0" 200 84362 "-" "Mozilla/5.0 (compatible; VelenPublicWebCrawler/1.0; +https://velen.io)"
185.229.119.130 - - [24/Dec/2023:05:36:06 +0100] "GET /light-turquoise-fitted-sheet-90-190-cm-p-39057.html HTTP/1.0" 301 81330 "-" "Mozilla/5.0 (compatible; MJ12bot/v1.4.8; http://mj12bot.com/)"
34.76.224.74 - - [24/Dec/2023:05:36:07 +0100] "GET /hello-kitty-victoria-casal-couture-orange-watch-p-20144.html HTTP/1.0" 200 84039 "-" "Mozilla/5.0 (compatible; VelenPublicWebCrawler/1.0; +https://velen.io)"
34.76.224.74 - - [24/Dec/2023:05:36:11 +0100] "GET /child-watch-spaceman-p-29221.html HTTP/1.0" 200 83641 "-" "Mozilla/5.0 (compatible; VelenPublicWebCrawler/1.0; +https://velen.io)"
34.76.224.74 - - [24/Dec/2023:05:36:14 +0100] "GET /apache-women-watch-blue-mandala-p-42981.html HTTP/1.0" 200 83814 "-" "Mozilla/5.0 (compatible; VelenPublicWebCrawler/1.0; +https://velen.io)"
54.36.149.32 - - [24/Dec/2023:05:36:14 +0100] "GET /corsica-paper-towel-dispenser-p-42332.html HTTP/1.0" 200 83647 "-" "Mozilla/5.0 (compatible; AhrefsBot/7.0; +http://ahrefs.com/robot/)"
84.46.255.143 - - [24/Dec/2023:05:36:15 +0100] "GET /-p-19569.html HTTP/1.0" 200 81263 "-" "Mozilla/5.0 (compatible; MJ12bot/v1.4.8; http://mj12bot.com/)"
34.76.224.74 - - [24/Dec/2023:05:36:17 +0100] "GET /apache-women-watch-pink-buffalo-head-p-42978.html HTTP/1.0" 200 83848 "-" "Mozilla/5.0 (compatible; VelenPublicWebCrawler/1.0; +https://velen.io)"
34.76.224.74 - - [24/Dec/2023:05:36:20 +0100] "GET /sprint-watch-p-22632.html HTTP/1.0" 200 83650 "-" "Mozilla/5.0 (compatible; VelenPublicWebCrawler/1.0; +https://velen.io)"
195.191.219.131 - - [24/Dec/2023:05:36:20 +0100] "GET / HTTP/1.0" 200 161559 "-" "Mozilla/5.0 (compatible; MJ12bot/v1.4.8; http://mj12bot.com/)"
34.76.224.74 - - [24/Dec/2023:05:36:24 +0100] "GET /despicable-minion-blue-watch-p-31604.html HTTP/1.0" 200 83892 "-" "Mozilla/5.0 (compatible; VelenPublicWebCrawler/1.0; +https://velen.io)"
34.76.224.74 - - [24/Dec/2023:05:36:27 +0100] "GET /hello-kitty-victoria-casal-couture-white-watch-p-20140.html HTTP/1.0" 200 84013 "-" "Mozilla/5.0 (compatible; VelenPublicWebCrawler/1.0; +https://velen.io)"
185.229.119.130 - - [24/Dec/2023:05:36:30 +0100] "GET /-p-39057.html HTTP/1.0" 200 81263 "-" "Mozilla/5.0 (compatible; MJ12bot/v1.4.8; http://mj12bot.com/)"
34.76.224.74 - - [24/Dec/2023:05:36:31 +0100] "GET /freegun-steel-watch-p-35083.html HTTP/1.0" 200 84163 "-" "Mozilla/5.0 (compatible; VelenPublicWebCrawler/1.0; +https://velen.io)"
84.46.255.143 - - [24/Dec/2023:05:36:32 +0100] "GET /-p-19571.html HTTP/1.0" 200 81263 "-" "Mozilla/5.0 (compatible; MJ12bot/v1.4.8; http://mj12bot.com/)"
34.76.224.74 - - [24/Dec/2023:05:36:34 +0100] "GET /fantasy-watch-women-fowers-p-49960.html HTTP/1.0" 200 84321 "-" "Mozilla/5.0 (compatible; VelenPublicWebCrawler/1.0; +https://velen.io)"
34.76.224.74 - - [24/Dec/2023:05:36:37 +0100] "GET /fantasy-watch-women-fowers-p-49961.html HTTP/1.0" 200 83704 "-" "Mozilla/5.0 (compatible; VelenPublicWebCrawler/1.0; +https://velen.io)"
34.76.224.74 - - [24/Dec/2023:05:36:40 +0100] "GET /fantasy-watch-women-fowers-p-49962.html HTTP/1.0" 200 83704 "-" "Mozilla/5.0 (compatible; VelenPublicWebCrawler/1.0; +https://velen.io)"
34.76.224.74 - - [24/Dec/2023:05:36:44 +0100] "GET /gift-watch-vespa-black-women-keychain-p-32663.html HTTP/1.0" 200 85151 "-" "Mozilla/5.0 (compatible; VelenPublicWebCrawler/1.0; +https://velen.io)"
84.46.255.143 - - [24/Dec/2023:05:36:47 +0100] "GET /-p-19572.html HTTP/1.0" 200 81263 "-" "Mozilla/5.0 (compatible; MJ12bot/v1.4.8; http://mj12bot.com/)"
34.76.224.74 - - [24/Dec/2023:05:36:47 +0100] "GET /educational-children-watch-goal-p-51494.html HTTP/1.0" 200 85039 "-" "Mozilla/5.0 (compatible; VelenPublicWebCrawler/1.0; +https://velen.io)"
185.229.119.130 - - [24/Dec/2023:05:36:47 +0100] "GET /lily-ladybird-lace-curtain-p-7917.html HTTP/1.0" 200 83627 "-" "Mozilla/5.0 (compatible; MJ12bot/v1.4.8; http://mj12bot.com/)"
34.76.224.74 - - [24/Dec/2023:05:36:50 +0100] "GET /mini-notebook-white-brown-horse-p-26211.html HTTP/1.0" 200 83715 "-" "Mozilla/5.0 (compatible; VelenPublicWebCrawler/1.0; +https://velen.io)"
40.77.167.36 - - [24/Dec/2023:05:36:52 +0100] "GET /duvet-cover-side-linen-side-washed-cotton-p-54391.html HTTP/1.0" 200 84514 "-" "Mozilla/5.0 AppleWebKit/537.36 (KHTML, like Gecko; compatible; bingbot/2.0; +http://www.bing.com/bingbot.htm) Chrome/116.0.1938.76 Safari/537.36"
34.76.224.74 - - [24/Dec/2023:05:36:53 +0100] "GET /kori-kumi-calendar-year-2017-p-36750.html HTTP/1.0" 200 83845 "-" "Mozilla/5.0 (compatible; VelenPublicWebCrawler/1.0; +https://velen.io)"
34.76.224.74 - - [24/Dec/2023:05:36:58 +0100] "GET /mirabelle-calendar-year-2016-p-31180.html HTTP/1.0" 200 83847 "-" "Mozilla/5.0 (compatible; VelenPublicWebCrawler/1.0; +https://velen.io)"
84.46.255.143 - - [24/Dec/2023:05:37:00 +0100] "GET /-p-19576.html HTTP/1.0" 200 81263 "-" "Mozilla/5.0 (compatible; MJ12bot/v1.4.8; http://mj12bot.com/)"
34.76.224.74 - - [24/Dec/2023:05:37:01 +0100] "GET /finding-dory-homework-notebooks-p-40846.html HTTP/1.0" 200 84007 "-" "Mozilla/5.0 (compatible; VelenPublicWebCrawler/1.0; +https://velen.io)"
34.76.224.74 - - [24/Dec/2023:05:37:05 +0100] "GET /mirabelle-calendar-year-2016-p-31182.html HTTP/1.0" 200 83845 "-" "Mozilla/5.0 (compatible; VelenPublicWebCrawler/1.0; +https://velen.io)"
54.36.148.151 - - [24/Dec/2023:05:37:07 +0100] "GET /incense-c-231_226.html?page=6 HTTP/1.0" 200 103216 "-" "Mozilla/5.0 (compatible; AhrefsBot/7.0; +http://ahrefs.com/robot/)"
34.76.224.74 - - [24/Dec/2023:05:37:08 +0100] "GET /mirabelle-calendar-year-2017-p-36748.html HTTP/1.0" 200 83851 "-" "Mozilla/5.0 (compatible; VelenPublicWebCrawler/1.0; +https://velen.io)"
185.229.119.130 - - [24/Dec/2023:05:37:11 +0100] "GET /lin-and-white-curtain-eyelets-verone-135-260-cm-p-38900.html HTTP/1.0" 301 81330 "-" "Mozilla/5.0 (compatible; MJ12bot/v1.4.8; http://mj12bot.com/)"
34.76.224.74 - - [24/Dec/2023:05:37:12 +0100] "GET /nici-love-cats-notebook-p-12299.html HTTP/1.0" 200 83720 "-" "Mozilla/5.0 (compatible; VelenPublicWebCrawler/1.0; +https://velen.io)"
34.76.224.74 - - [24/Dec/2023:05:37:15 +0100] "GET /calendar-yoga-2019-p-45282.html HTTP/1.0" 200 84577 "-" "Mozilla/5.0 (compatible; VelenPublicWebCrawler/1.0; +https://velen.io)"
34.76.224.74 - - [24/Dec/2023:05:37:18 +0100] "GET /gorjuss-gift-2020-family-calendar-p-49480.html HTTP/1.0" 200 85404 "-" "Mozilla/5.0 (compatible; VelenPublicWebCrawler/1.0; +https://velen.io)"
84.46.255.143 - - [24/Dec/2023:05:37:19 +0100] "GET /-p-19593.html HTTP/1.0" 200 81263 "-" "Mozilla/5.0 (compatible; MJ12bot/v1.4.8; http://mj12bot.com/)"
34.76.224.74 - - [24/Dec/2023:05:37:21 +0100] "GET /gorjuss-daily-planner-rainbow-heaven-p-49478.html HTTP/1.0" 200 85637 "-" "Mozilla/5.0 (compatible; VelenPublicWebCrawler/1.0; +https://velen.io)"
34.76.224.74 - - [24/Dec/2023:05:37:24 +0100] "GET /olympique-marseille-homework-notebooks-p-60550.html HTTP/1.0" 200 83957 "-" "Mozilla/5.0 (compatible; VelenPublicWebCrawler/1.0; +https://velen.io)"
185.229.119.130 - - [24/Dec/2023:05:37:26 +0100] "GET /-p-38900.html HTTP/1.0" 200 81263 "-" "Mozilla/5.0 (compatible; MJ12bot/v1.4.8; http://mj12bot.com/)"
34.76.224.74 - - [24/Dec/2023:05:37:28 +0100] "GET /paris-saint-germain-homework-notebooks-p-60549.html HTTP/1.0" 200 83939 "-" "Mozilla/5.0 (compatible; VelenPublicWebCrawler/1.0; +https://velen.io)"
34.76.224.74 - - [24/Dec/2023:05:37:31 +0100] "GET /despicable-homework-notebooks-p-35840.html HTTP/1.0" 200 84073 "-" "Mozilla/5.0 (compatible; VelenPublicWebCrawler/1.0; +https://velen.io)"
34.76.224.74 - - [24/Dec/2023:05:37:34 +0100] "GET /monaco-homework-notebooks-p-36936.html HTTP/1.0" 200 83852 "-" "Mozilla/5.0 (compatible; VelenPublicWebCrawler/1.0; +https://velen.io)"
34.76.224.74 - - [24/Dec/2023:05:37:38 +0100] "GET /calendar-2024-little-prince-p-60835.html HTTP/1.0" 200 84626 "-" "Mozilla/5.0 (compatible; VelenPublicWebCrawler/1.0; +https://velen.io)"
54.36.149.10 - - [24/Dec/2023:05:37:38 +0100] "GET /pin-up-small-steel-fridge-magnets-p-31631.html HTTP/1.0" 301 83884 "-" "Mozilla/5.0 (compatible; AhrefsBot/7.0; +http://ahrefs.com/robot/)"
84.46.255.143 - - [24/Dec/2023:05:37:40 +0100] "GET /-p-19595.html HTTP/1.0" 200 81263 "-" "Mozilla/5.0 (compatible; MJ12bot/v1.4.8; http://mj12bot.com/)"
34.76.224.74 - - [24/Dec/2023:05:37:41 +0100] "GET /chess-glass-p-50659.html HTTP/1.0" 200 84347 "-" "Mozilla/5.0 (compatible; VelenPublicWebCrawler/1.0; +https://velen.io)"
34.76.224.74 - - [24/Dec/2023:05:37:45 +0100] "GET /buster-figure-p-8557.html HTTP/1.0" 200 83661 "-" "Mozilla/5.0 (compatible; VelenPublicWebCrawler/1.0; +https://velen.io)"
34.76.224.74 - - [24/Dec/2023:05:37:48 +0100] "GET /handy-manny-figure-p-6922.html HTTP/1.0" 200 83676 "-" "Mozilla/5.0 (compatible; VelenPublicWebCrawler/1.0; +https://velen.io)"
185.229.119.130 - - [24/Dec/2023:05:37:50 +0100] "GET /linen-of-bed-c-11_68.html HTTP/1.0" 301 101810 "-" "Mozilla/5.0 (compatible; MJ12bot/v1.4.8; http://mj12bot.com/)"
34.76.224.74 - - [24/Dec/2023:05:37:51 +0100] "GET /cleo-nile-figure-p-22566.html HTTP/1.0" 200 83692 "-" "Mozilla/5.0 (compatible; VelenPublicWebCrawler/1.0; +https://velen.io)"
34.76.224.74 - - [24/Dec/2023:05:37:55 +0100] "GET /draculaura-figure-p-22564.html HTTP/1.0" 200 83669 "-" "Mozilla/5.0 (compatible; VelenPublicWebCrawler/1.0; +https://velen.io)"
3.238.222.83 - - [24/Dec/2023:05:37:57 +0100] "GET /images/big_prod_3/028399270163a.jpg HTTP/1.0" 200 270 "-" "Go-http-client/1.1"
34.76.224.74 - - [24/Dec/2023:05:37:58 +0100] "GET /peanuts-lucy-figure-p-11181.html HTTP/1.0" 200 83688 "-" "Mozilla/5.0 (compatible; VelenPublicWebCrawler/1.0; +https://velen.io)"
34.76.224.74 - - [24/Dec/2023:05:38:01 +0100] "GET /peanuts-linus-figure-p-11180.html HTTP/1.0" 200 83717 "-" "Mozilla/5.0 (compatible; VelenPublicWebCrawler/1.0; +https://velen.io)"
84.46.255.143 - - [24/Dec/2023:05:38:01 +0100] "GET /-p-19597.html HTTP/1.0" 200 81263 "-" "Mozilla/5.0 (compatible; MJ12bot/v1.4.8; http://mj12bot.com/)"
54.36.148.42 - - [24/Dec/2023:05:38:02 +0100] "GET /wick-ellipse-candle-heart-home-snow-angel-p-61072.html HTTP/1.0" 200 85243 "-" "Mozilla/5.0 (compatible; AhrefsBot/7.0; +http://ahrefs.com/robot/)"
34.76.224.74 - - [24/Dec/2023:05:38:04 +0100] "GET /hello-kitty-figure-p-2903.html HTTP/1.0" 200 83690 "-" "Mozilla/5.0 (compatible; VelenPublicWebCrawler/1.0; +https://velen.io)"
185.229.119.130 - - [24/Dec/2023:05:38:05 +0100] "GET /linen-c-68.html HTTP/1.0" 301 101691 "-" "Mozilla/5.0 (compatible; MJ12bot/v1.4.8; http://mj12bot.com/)"
34.76.224.74 - - [24/Dec/2023:05:38:07 +0100] "GET /daisy-duck-figure-p-2857.html HTTP/1.0" 200 83683 "-" "Mozilla/5.0 (compatible; VelenPublicWebCrawler/1.0; +https://velen.io)"
34.76.224.74 - - [24/Dec/2023:05:38:11 +0100] "GET /calamity-jane-figure-p-27318.html HTTP/1.0" 200 83730 "-" "Mozilla/5.0 (compatible; VelenPublicWebCrawler/1.0; +https://velen.io)"
34.76.224.74 - - [24/Dec/2023:05:38:14 +0100] "GET /frankie-stein-figure-p-22565.html HTTP/1.0" 200 83688 "-" "Mozilla/5.0 (compatible; VelenPublicWebCrawler/1.0; +https://velen.io)"
18.210.113.192 - - [24/Dec/2023:05:38:16 +0100] "GET /images/mini_prod/8003990606209.jpg HTTP/1.0" 200 269 "-" "Mozilla/5.0 (X11; Ubuntu; Linux x86_64; rv:72.0) Gecko/20100101 Firefox/72.0"
34.76.224.74 - - [24/Dec/2023:05:38:17 +0100] "GET /jake-never-land-pirates-jack-figure-p-27306.html HTTP/1.0" 200 83869 "-" "Mozilla/5.0 (compatible; VelenPublicWebCrawler/1.0; +https://velen.io)"
84.46.255.143 - - [24/Dec/2023:05:38:20 +0100] "GET /-p-19598.html HTTP/1.0" 200 81263 "-" "Mozilla/5.0 (compatible; MJ12bot/v1.4.8; http://mj12bot.com/)"
34.76.224.74 - - [24/Dec/2023:05:38:20 +0100] "GET /lagoona-blue-figure-p-22568.html HTTP/1.0" 200 83683 "-" "Mozilla/5.0 (compatible; VelenPublicWebCrawler/1.0; +https://velen.io)"
185.229.119.130 - - [24/Dec/2023:05:38:23 +0100] "GET /linen-c-11_68.html HTTP/1.0" 200 101741 "-" "Mozilla/5.0 (compatible; MJ12bot/v1.4.8; http://mj12bot.com/)"
34.76.224.74 - - [24/Dec/2023:05:38:24 +0100] "GET /princesse-sofia-book-figure-p-23410.html HTTP/1.0" 200 83825 "-" "Mozilla/5.0 (compatible; VelenPublicWebCrawler/1.0; +https://velen.io)"
51.68.224.127 - - [24/Dec/2023:05:38:27 +0100] "GET /adminweb/export_orders_xml.php?token=256de2z6edz6ed2z6DFSFsed2zed6zeDSFDSGdzedezfzf&maxorders=10&orderstart=1&status=14&start_date=2018-10-01 HTTP/1.0" 200 285 "-" "GesCom CharlotteBoutik Serveur"
34.76.224.74 - - [24/Dec/2023:05:38:27 +0100] "GET /spectra-vondergeist-figure-p-22567.html HTTP/1.0" 200 83730 "-" "Mozilla/5.0 (compatible; VelenPublicWebCrawler/1.0; +https://velen.io)"
51.68.224.127 - - [24/Dec/2023:05:38:28 +0100] "GET /adminweb/export_orders_xml.php?token=256de2z6edz6ed2z6DFSFsed2zed6zeDSFDSGdzedezfzf&maxorders=10&orderstart=1&status=6&start_date=2018-10-01 HTTP/1.0" 200 34422 "-" "GesCom CharlotteBoutik Serveur"
34.76.224.74 - - [24/Dec/2023:05:38:30 +0100] "GET /punisher-figure-p-23425.html HTTP/1.0" 200 83758 "-" "Mozilla/5.0 (compatible; VelenPublicWebCrawler/1.0; +https://velen.io)"
34.76.224.74 - - [24/Dec/2023:05:38:33 +0100] "GET /wolverine-figure-p-23421.html HTTP/1.0" 200 83716 "-" "Mozilla/5.0 (compatible; VelenPublicWebCrawler/1.0; +https://velen.io)"
34.76.224.74 - - [24/Dec/2023:05:38:37 +0100] "GET /winnie-pooh-pirate-figure-p-4716.html HTTP/1.0" 200 83777 "-" "Mozilla/5.0 (compatible; VelenPublicWebCrawler/1.0; +https://velen.io)"
34.76.224.74 - - [24/Dec/2023:05:38:40 +0100] "GET /story-prickles-figure-p-6754.html HTTP/1.0" 200 83765 "-" "Mozilla/5.0 (compatible; VelenPublicWebCrawler/1.0; +https://velen.io)"
84.46.255.143 - - [24/Dec/2023:05:38:41 +0100] "GET /-p-19599.html HTTP/1.0" 200 81263 "-" "Mozilla/5.0 (compatible; MJ12bot/v1.4.8; http://mj12bot.com/)"
34.76.224.74 - - [24/Dec/2023:05:38:43 +0100] "GET /star-wars-resistance-trooper-figure-p-34604.html HTTP/1.0" 200 83919 "-" "Mozilla/5.0 (compatible; VelenPublicWebCrawler/1.0; +https://velen.io)"
34.76.224.74 - - [24/Dec/2023:05:38:46 +0100] "GET /star-wars-dameron-figure-p-34608.html HTTP/1.0" 200 83855 "-" "Mozilla/5.0 (compatible; VelenPublicWebCrawler/1.0; +https://velen.io)"
185.229.119.130 - - [24/Dec/2023:05:38:46 +0100] "GET /linen-of-bed-c-11_68.html?page=1 HTTP/1.0" 301 101828 "-" "Mozilla/5.0 (compatible; MJ12bot/v1.4.8; http://mj12bot.com/)"
34.76.224.74 - - [24/Dec/2023:05:38:50 +0100] "GET /gormiti-swimming-armband-p-9112.html HTTP/1.0" 200 83790 "-" "Mozilla/5.0 (compatible; VelenPublicWebCrawler/1.0; +https://velen.io)"
34.76.224.74 - - [24/Dec/2023:05:38:53 +0100] "GET /minions-swimming-armband-p-35064.html HTTP/1.0" 200 83782 "-" "Mozilla/5.0 (compatible; VelenPublicWebCrawler/1.0; +https://velen.io)"
54.36.148.193 - - [24/Dec/2023:05:38:55 +0100] "GET /aluminum-peacock-decorative-statuette-p-60990.html HTTP/1.0" 200 83888 "-" "Mozilla/5.0 (compatible; AhrefsBot/7.0; +http://ahrefs.com/robot/)"
84.46.255.143 - - [24/Dec/2023:05:38:56 +0100] "GET /-p-19600.html HTTP/1.0" 200 81263 "-" "Mozilla/5.0 (compatible; MJ12bot/v1.4.8; http://mj12bot.com/)"
34.76.224.74 - - [24/Dec/2023:05:38:56 +0100] "GET /despicable-marbles-p-33480.html HTTP/1.0" 200 83800 "-" "Mozilla/5.0 (compatible; VelenPublicWebCrawler/1.0; +https://velen.io)"
216.228.125.130 - - [24/Dec/2023:05:38:59 +0100] "GET /images/mini_prod/3272760389849.jpg HTTP/1.0" 200 269 "-" "Mozilla/5.0 (X11; Ubuntu; Linux x86_64; rv:72.0) Gecko/20100101 Firefox/72.0"
34.76.224.74 - - [24/Dec/2023:05:39:00 +0100] "GET /maxi-marbles-cheetah-p-27837.html HTTP/1.0" 200 83764 "-" "Mozilla/5.0 (compatible; VelenPublicWebCrawler/1.0; +https://velen.io)"
34.76.224.74 - - [24/Dec/2023:05:39:03 +0100] "GET /elastic-loom-bands-p-26855.html HTTP/1.0" 200 83631 "-" "Mozilla/5.0 (compatible; VelenPublicWebCrawler/1.0; +https://velen.io)"
34.76.224.74 - - [24/Dec/2023:05:39:07 +0100] "GET /hello-kitty-swimming-ring-p-19971.html HTTP/1.0" 200 83750 "-" "Mozilla/5.0 (compatible; VelenPublicWebCrawler/1.0; +https://velen.io)"
185.229.119.130 - - [24/Dec/2023:05:39:08 +0100] "GET /linen-c-68.html?page=1 HTTP/1.0" 301 101709 "-" "Mozilla/5.0 (compatible; MJ12bot/v1.4.8; http://mj12bot.com/)"
34.76.224.74 - - [24/Dec/2023:05:39:10 +0100] "GET /strawberry-shortcake-swimming-ring-p-20718.html HTTP/1.0" 200 83814 "-" "Mozilla/5.0 (compatible; VelenPublicWebCrawler/1.0; +https://velen.io)"
34.76.224.74 - - [24/Dec/2023:05:39:13 +0100] "GET /charmmy-kitty-swimming-ring-p-5988.html HTTP/1.0" 200 83809 "-" "Mozilla/5.0 (compatible; VelenPublicWebCrawler/1.0; +https://velen.io)"
84.46.255.143 - - [24/Dec/2023:05:39:17 +0100] "GET /-p-19601.html HTTP/1.0" 200 81263 "-" "Mozilla/5.0 (compatible; MJ12bot/v1.4.8; http://mj12bot.com/)"
34.76.224.74 - - [24/Dec/2023:05:39:17 +0100] "GET /cars-swimming-ring-p-19973.html HTTP/1.0" 200 83702 "-" "Mozilla/5.0 (compatible; VelenPublicWebCrawler/1.0; +https://velen.io)"
34.76.224.74 - - [24/Dec/2023:05:39:20 +0100] "GET /glass-jellyfish-paperweight-p-52788.html HTTP/1.0" 200 83683 "-" "Mozilla/5.0 (compatible; VelenPublicWebCrawler/1.0; +https://velen.io)"
34.76.224.74 - - [24/Dec/2023:05:39:24 +0100] "GET /glass-jellyfish-paperweight-p-61288.html HTTP/1.0" 200 84298 "-" "Mozilla/5.0 (compatible; VelenPublicWebCrawler/1.0; +https://velen.io)"
34.76.224.74 - - [24/Dec/2023:05:39:27 +0100] "GET /glass-jellyfish-paperweight-p-61289.html HTTP/1.0" 200 84298 "-" "Mozilla/5.0 (compatible; VelenPublicWebCrawler/1.0; +https://velen.io)"
34.76.224.74 - - [24/Dec/2023:05:39:30 +0100] "GET /glass-jellyfish-paperweight-p-61290.html HTTP/1.0" 200 84298 "-" "Mozilla/5.0 (compatible; VelenPublicWebCrawler/1.0; +https://velen.io)"
185.229.119.130 - - [24/Dec/2023:05:39:30 +0100] "GET /linen-c-11_68.html?page=1 HTTP/1.0" 200 101752 "-" "Mozilla/5.0 (compatible; MJ12bot/v1.4.8; http://mj12bot.com/)"
84.46.255.143 - - [24/Dec/2023:05:39:32 +0100] "GET /-p-19608.html HTTP/1.0" 200 81263 "-" "Mozilla/5.0 (compatible; MJ12bot/v1.4.8; http://mj12bot.com/)"
34.76.224.74 - - [24/Dec/2023:05:39:33 +0100] "GET /glass-jellyfish-paperweight-p-61442.html HTTP/1.0" 200 83779 "-" "Mozilla/5.0 (compatible; VelenPublicWebCrawler/1.0; +https://velen.io)"
34.76.224.74 - - [24/Dec/2023:05:39:37 +0100] "GET /glass-dolphin-paperweight-black-white-p-60843.html HTTP/1.0" 200 84464 "-" "Mozilla/5.0 (compatible; VelenPublicWebCrawler/1.0; +https://velen.io)"
34.76.224.74 - - [24/Dec/2023:05:39:40 +0100] "GET /paperweight-awakening-kitten-ronner-knip-p-53519.html HTTP/1.0" 200 84689 "-" "Mozilla/5.0 (compatible; VelenPublicWebCrawler/1.0; +https://velen.io)"
34.76.224.74 - - [24/Dec/2023:05:39:44 +0100] "GET /paperweight-nautical-p-52928.html HTTP/1.0" 200 83620 "-" "Mozilla/5.0 (compatible; VelenPublicWebCrawler/1.0; +https://velen.io)"
54.36.148.116 - - [24/Dec/2023:05:39:45 +0100] "GET /mini-shoulder-bag-hello-kitty-by-node-camomilla-p-19245.html HTTP/1.0" 301 81330 "-" "Mozilla/5.0 (compatible; AhrefsBot/7.0; +http://ahrefs.com/robot/)"
34.76.224.74 - - [24/Dec/2023:05:39:47 +0100] "GET /paperweight-mona-lisa-leonardo-vinci-p-46904.html HTTP/1.0" 200 84244 "-" "Mozilla/5.0 (compatible; VelenPublicWebCrawler/1.0; +https://velen.io)"
84.46.255.143 - - [24/Dec/2023:05:39:49 +0100] "GET /-p-19609.html HTTP/1.0" 200 81263 "-" "Mozilla/5.0 (compatible; MJ12bot/v1.4.8; http://mj12bot.com/)"
34.76.224.74 - - [24/Dec/2023:05:39:51 +0100] "GET /paperweight-terrasse-soir-p-54229.html HTTP/1.0" 200 84593 "-" "Mozilla/5.0 (compatible; VelenPublicWebCrawler/1.0; +https://velen.io)"
54.36.148.128 - - [24/Dec/2023:05:39:52 +0100] "GET /bilbao-coated-tablecloth-blue-p-45348.html HTTP/1.0" 200 84354 "-" "Mozilla/5.0 (compatible; AhrefsBot/7.0; +http://ahrefs.com/robot/)"
34.76.224.74 - - [24/Dec/2023:05:39:54 +0100] "GET /medusa-glass-paperweight-p-53618.html HTTP/1.0" 200 83671 "-" "Mozilla/5.0 (compatible; VelenPublicWebCrawler/1.0; +https://velen.io)"
34.76.224.74 - - [24/Dec/2023:05:39:58 +0100] "GET /kiub-jungle-paperweight-parrot-p-55886.html HTTP/1.0" 200 84311 "-" "Mozilla/5.0 (compatible; VelenPublicWebCrawler/1.0; +https://velen.io)"
185.229.119.130 - - [24/Dec/2023:05:39:59 +0100] "GET /linen-of-bed-c-11_68.html?page=10 HTTP/1.0" 301 90469 "-" "Mozilla/5.0 (compatible; MJ12bot/v1.4.8; http://mj12bot.com/)"
34.76.224.74 - - [24/Dec/2023:05:40:01 +0100] "GET /kiub-jungle-paperweight-parrots-p-55887.html HTTP/1.0" 200 84318 "-" "Mozilla/5.0 (compatible; VelenPublicWebCrawler/1.0; +https://velen.io)"
34.76.224.74 - - [24/Dec/2023:05:40:04 +0100] "GET /kiub-jungle-paperweight-cacatoes-p-55888.html HTTP/1.0" 200 84325 "-" "Mozilla/5.0 (compatible; VelenPublicWebCrawler/1.0; +https://velen.io)"
84.46.255.143 - - [24/Dec/2023:05:40:06 +0100] "GET /-p-19610.html HTTP/1.0" 200 81263 "-" "Mozilla/5.0 (compatible; MJ12bot/v1.4.8; http://mj12bot.com/)"
34.76.224.74 - - [24/Dec/2023:05:40:08 +0100] "GET /kiub-jungle-paperweight-toucan-p-55885.html HTTP/1.0" 200 84311 "-" "Mozilla/5.0 (compatible; VelenPublicWebCrawler/1.0; +https://velen.io)"
34.76.224.74 - - [24/Dec/2023:05:40:11 +0100] "GET /kiub-savane-paperweight-zebras-p-55889.html HTTP/1.0" 200 84339 "-" "Mozilla/5.0 (compatible; VelenPublicWebCrawler/1.0; +https://velen.io)"
34.76.224.74 - - [24/Dec/2023:05:40:14 +0100] "GET /paperweight-birds-kiub-collection-jewels-p-55894.html HTTP/1.0" 200 84486 "-" "Mozilla/5.0 (compatible; VelenPublicWebCrawler/1.0; +https://velen.io)"
34.76.224.74 - - [24/Dec/2023:05:40:17 +0100] "GET /glass-paperweight-blue-waves-p-60044.html HTTP/1.0" 200 83687 "-" "Mozilla/5.0 (compatible; VelenPublicWebCrawler/1.0; +https://velen.io)"
14.137.135.132 - - [24/Dec/2023:05:40:20 +0100] "GET /images/mini_prod/32816401792101.jpg HTTP/1.0" 200 270 "-" "Mozilla/5.0 (X11; Ubuntu; Linux x86_64; rv:72.0) Gecko/20100101 Firefox/72.0"
185.229.119.130 - - [24/Dec/2023:05:40:20 +0100] "GET /linen-c-68.html?page=10 HTTP/1.0" 301 90350 "-" "Mozilla/5.0 (compatible; MJ12bot/v1.4.8; http://mj12bot.com/)"
34.76.224.74 - - [24/Dec/2023:05:40:21 +0100] "GET /paperweight-bike-kiub-collection-jewels-p-55893.html HTTP/1.0" 200 84508 "-" "Mozilla/5.0 (compatible; VelenPublicWebCrawler/1.0; +https://velen.io)"
84.46.255.143 - - [24/Dec/2023:05:40:23 +0100] "GET /-p-19617.html HTTP/1.0" 200 81263 "-" "Mozilla/5.0 (compatible; MJ12bot/v1.4.8; http://mj12bot.com/)"
34.76.224.74 - - [24/Dec/2023:05:40:24 +0100] "GET /paperweight-kiub-collection-amys-p-55890.html HTTP/1.0" 200 84467 "-" "Mozilla/5.0 (compatible; VelenPublicWebCrawler/1.0; +https://velen.io)"
34.76.224.74 - - [24/Dec/2023:05:40:27 +0100] "GET /batista-pencil-p-13877.html HTTP/1.0" 200 83705 "-" "Mozilla/5.0 (compatible; VelenPublicWebCrawler/1.0; +https://velen.io)"
34.76.224.74 - - [24/Dec/2023:05:40:31 +0100] "GET /unicorn-pencil-p-51484.html HTTP/1.0" 200 84143 "-" "Mozilla/5.0 (compatible; VelenPublicWebCrawler/1.0; +https://velen.io)"
34.76.224.74 - - [24/Dec/2023:05:40:34 +0100] "GET /marley-pencil-p-5062.html HTTP/1.0" 200 83567 "-" "Mozilla/5.0 (compatible; VelenPublicWebCrawler/1.0; +https://velen.io)"
84.46.255.143 - - [24/Dec/2023:05:40:36 +0100] "GET /-p-1969.html HTTP/1.0" 200 81261 "-" "Mozilla/5.0 (compatible; MJ12bot/v1.4.8; http://mj12bot.com/)"
34.76.224.74 - - [24/Dec/2023:05:40:37 +0100] "GET /exupry-petit-prince-holder-rose-p-53859.html HTTP/1.0" 200 84441 "-" "Mozilla/5.0 (compatible; VelenPublicWebCrawler/1.0; +https://velen.io)"
34.76.224.74 - - [24/Dec/2023:05:40:40 +0100] "GET /pencil-cbkreation-p-43446.html HTTP/1.0" 200 83617 "-" "Mozilla/5.0 (compatible; VelenPublicWebCrawler/1.0; +https://velen.io)"
185.229.119.130 - - [24/Dec/2023:05:40:41 +0100] "GET /linen-c-11_68.html?page=10 HTTP/1.0" 200 90392 "-" "Mozilla/5.0 (compatible; MJ12bot/v1.4.8; http://mj12bot.com/)"
34.76.224.74 - - [24/Dec/2023:05:40:43 +0100] "GET /hedgehog-pencil-cbkreation-p-43438.html HTTP/1.0" 200 83693 "-" "Mozilla/5.0 (compatible; VelenPublicWebCrawler/1.0; +https://velen.io)"
54.36.148.37 - - [24/Dec/2023:05:40:45 +0100] "GET /polar-blanket-grey-p-46348.html HTTP/1.0" 200 84494 "-" "Mozilla/5.0 (compatible; AhrefsBot/7.0; +http://ahrefs.com/robot/)"
34.76.224.74 - - [24/Dec/2023:05:40:47 +0100] "GET /live-dream-pencil-cbkreation-p-43444.html HTTP/1.0" 200 83730 "-" "Mozilla/5.0 (compatible; VelenPublicWebCrawler/1.0; +https://velen.io)"
84.46.255.143 - - [24/Dec/2023:05:40:50 +0100] "GET /-p-19699.html HTTP/1.0" 200 81263 "-" "Mozilla/5.0 (compatible; MJ12bot/v1.4.8; http://mj12bot.com/)"
34.76.224.74 - - [24/Dec/2023:05:40:50 +0100] "GET /marley-pencil-p-5064.html HTTP/1.0" 200 83672 "-" "Mozilla/5.0 (compatible; VelenPublicWebCrawler/1.0; +https://velen.io)"
34.76.224.74 - - [24/Dec/2023:05:40:53 +0100] "GET /marley-pencil-p-5065.html HTTP/1.0" 200 83573 "-" "Mozilla/5.0 (compatible; VelenPublicWebCrawler/1.0; +https://velen.io)"
34.76.224.74 - - [24/Dec/2023:05:40:56 +0100] "GET /angry-birds-pencil-p-19131.html HTTP/1.0" 200 83824 "-" "Mozilla/5.0 (compatible; VelenPublicWebCrawler/1.0; +https://velen.io)"
34.76.224.74 - - [24/Dec/2023:05:41:00 +0100] "GET /aquarius-cookware-cbkreation-p-43286.html HTTP/1.0" 200 83745 "-" "Mozilla/5.0 (compatible; VelenPublicWebCrawler/1.0; +https://velen.io)"
34.76.224.74 - - [24/Dec/2023:05:41:03 +0100] "GET /bucolic-atmosphere-pencil-cbkreation-p-49142.html HTTP/1.0" 200 83935 "-" "Mozilla/5.0 (compatible; VelenPublicWebCrawler/1.0; +https://velen.io)"
34.76.224.74 - - [24/Dec/2023:05:41:06 +0100] "GET /pencil-cbkreation-p-43449.html HTTP/1.0" 200 83616 "-" "Mozilla/5.0 (compatible; VelenPublicWebCrawler/1.0; +https://velen.io)"
185.229.119.130 - - [24/Dec/2023:05:41:09 +0100] "GET /linen-of-bed-c-11_68.html?page=11 HTTP/1.0" 301 90469 "-" "Mozilla/5.0 (compatible; MJ12bot/v1.4.8; http://mj12bot.com/)"
34.76.224.74 - - [24/Dec/2023:05:41:09 +0100] "GET /pencil-cbkreation-p-43450.html HTTP/1.0" 200 83616 "-" "Mozilla/5.0 (compatible; VelenPublicWebCrawler/1.0; +https://velen.io)"
34.76.224.74 - - [24/Dec/2023:05:41:13 +0100] "GET /animals-pencil-cbkreation-p-45063.html HTTP/1.0" 200 83695 "-" "Mozilla/5.0 (compatible; VelenPublicWebCrawler/1.0; +https://velen.io)"
34.76.224.74 - - [24/Dec/2023:05:41:17 +0100] "GET /animals-pencil-cbkreation-p-45077.html HTTP/1.0" 200 83694 "-" "Mozilla/5.0 (compatible; VelenPublicWebCrawler/1.0; +https://velen.io)"
34.76.224.74 - - [24/Dec/2023:05:41:20 +0100] "GET /aries-cookware-cbkreation-p-43270.html HTTP/1.0" 200 83715 "-" "Mozilla/5.0 (compatible; VelenPublicWebCrawler/1.0; +https://velen.io)"
185.229.119.130 - - [24/Dec/2023:05:41:24 +0100] "GET /linen-c-68.html?page=11 HTTP/1.0" 301 90350 "-" "Mozilla/5.0 (compatible; MJ12bot/v1.4.8; http://mj12bot.com/)"
34.76.224.74 - - [24/Dec/2023:05:41:25 +0100] "GET /corsica-pencil-cbkreation-p-33818.html HTTP/1.0" 200 83682 "-" "Mozilla/5.0 (compatible; VelenPublicWebCrawler/1.0; +https://velen.io)"
34.76.224.74 - - [24/Dec/2023:05:41:29 +0100] "GET /cancer-cookware-cbkreation-p-43265.html HTTP/1.0" 200 83723 "-" "Mozilla/5.0 (compatible; VelenPublicWebCrawler/1.0; +https://velen.io)"
34.76.224.74 - - [24/Dec/2023:05:41:33 +0100] "GET /capricorn-cookware-cbkreation-p-43268.html HTTP/1.0" 200 83747 "-" "Mozilla/5.0 (compatible; VelenPublicWebCrawler/1.0; +https://velen.io)"
54.36.148.40 - - [24/Dec/2023:05:41:35 +0100] "GET /paperweight-kiub-collection-amys-p-55890.html HTTP/1.0" 200 84467 "-" "Mozilla/5.0 (compatible; AhrefsBot/7.0; +http://ahrefs.com/robot/)"
40.77.167.79 - - [24/Dec/2023:05:41:35 +0100] "GET /mugs-mazagrans-c-12_57.html?page=17 HTTP/1.0" 200 106626 "-" "Mozilla/5.0 AppleWebKit/537.36 (KHTML, like Gecko; compatible; bingbot/2.0; +http://www.bing.com/bingbot.htm) Chrome/116.0.1938.76 Safari/537.36"
34.76.224.74 - - [24/Dec/2023:05:41:36 +0100] "GET /godfather-spiral-notebook-p-8877.html HTTP/1.0" 200 83658 "-" "Mozilla/5.0 (compatible; VelenPublicWebCrawler/1.0; +https://velen.io)"
34.76.224.74 - - [24/Dec/2023:05:41:40 +0100] "GET /beatles-notebook-p-17107.html HTTP/1.0" 200 84380 "-" "Mozilla/5.0 (compatible; VelenPublicWebCrawler/1.0; +https://velen.io)"
185.229.119.130 - - [24/Dec/2023:05:41:44 +0100] "GET /linen-c-11_68.html?page=11 HTTP/1.0" 200 90392 "-" "Mozilla/5.0 (compatible; MJ12bot/v1.4.8; http://mj12bot.com/)"
34.76.224.74 - - [24/Dec/2023:05:41:44 +0100] "GET /beatles-story-notebook-p-17105.html HTTP/1.0" 200 85383 "-" "Mozilla/5.0 (compatible; VelenPublicWebCrawler/1.0; +https://velen.io)"
34.76.224.74 - - [24/Dec/2023:05:41:48 +0100] "GET /vive-paris-spiral-notebook-p-20221.html HTTP/1.0" 200 84324 "-" "Mozilla/5.0 (compatible; VelenPublicWebCrawler/1.0; +https://velen.io)"
34.76.224.74 - - [24/Dec/2023:05:41:53 +0100] "GET /buddha-small-notebook-model-p-38471.html HTTP/1.0" 200 83772 "-" "Mozilla/5.0 (compatible; VelenPublicWebCrawler/1.0; +https://velen.io)"
34.76.224.74 - - [24/Dec/2023:05:41:58 +0100] "GET /buddha-small-notebook-model-p-38472.html HTTP/1.0" 200 83772 "-" "Mozilla/5.0 (compatible; VelenPublicWebCrawler/1.0; +https://velen.io)"
216.228.125.130 - - [24/Dec/2023:05:42:03 +0100] "GET /images/mini_prod/4895029627446.jpg HTTP/1.0" 200 269 "-" "Mozilla/5.0 (X11; Ubuntu; Linux x86_64; rv:72.0) Gecko/20100101 Firefox/72.0"
34.76.224.74 - - [24/Dec/2023:05:42:02 +0100] "GET /buddha-small-notebook-model-p-38473.html HTTP/1.0" 200 83772 "-" "Mozilla/5.0 (compatible; VelenPublicWebCrawler/1.0; +https://velen.io)"
34.76.224.74 - - [24/Dec/2023:05:42:08 +0100] "GET /candy-cloud-notepad-bella-p-49834.html HTTP/1.0" 200 83663 "-" "Mozilla/5.0 (compatible; VelenPublicWebCrawler/1.0; +https://velen.io)"
