92.204.174.122 - - [24/Dec/2023:05:12:49 +0100] "GET / HTTP/1.0" 200 161698 "http://www.wonder-geek.com/" "Mozilla/5.0 (Windows NT 6.3; Win64; x64) AppleWebKit/537.36 (KHTML, like Gecko) Chrome/103.0.5060.53 Safari/537.36"
84.46.255.143 - - [24/Dec/2023:05:12:51 +0100] "GET /-p-15223.html HTTP/1.0" 200 81263 "-" "Mozilla/5.0 (compatible; MJ12bot/v1.4.8; http://mj12bot.com/)"
34.76.224.74 - - [24/Dec/2023:05:12:54 +0100] "GET /small-angel-heart-stitch-collectible-statuette-p-56318.html HTTP/1.0" 200 85064 "-" "Mozilla/5.0 (compatible; VelenPublicWebCrawler/1.0; +https://velen.io)"
34.76.224.74 - - [24/Dec/2023:05:12:58 +0100] "GET /small-stick-stitch-collectible-statuette-p-56317.html HTTP/1.0" 200 85018 "-" "Mozilla/5.0 (compatible; VelenPublicWebCrawler/1.0; +https://velen.io)"
34.76.224.74 - - [24/Dec/2023:05:13:01 +0100] "GET /small-dancing-stitch-collectible-statuette-p-56316.html HTTP/1.0" 200 84998 "-" "Mozilla/5.0 (compatible; VelenPublicWebCrawler/1.0; +https://velen.io)"
92.204.174.122 - - [24/Dec/2023:05:13:01 +0100] "GET /trivet-boards-c-12_158.html HTTP/1.0" 200 104213 "http://www.wonder-geek.com/trivet-boards-c-12_158.html" "Mozilla/5.0 (Windows NT 6.3; Win64; x64) AppleWebKit/537.36 (KHTML, like Gecko) Chrome/103.0.5060.53 Safari/537.36"
54.36.149.34 - - [24/Dec/2023:05:13:03 +0100] "GET /mini-trays-c-12_159_260.html?page=2 HTTP/1.0" 200 103025 "-" "Mozilla/5.0 (compatible; AhrefsBot/7.0; +http://ahrefs.com/robot/)"
40.77.167.52 - - [24/Dec/2023:05:13:04 +0100] "GET /dragonflies-oven-mitt-p-59775.html HTTP/1.0" 200 84305 "-" "Mozilla/5.0 AppleWebKit/537.36 (KHTML, like Gecko; compatible; bingbot/2.0; +http://www.bing.com/bingbot.htm) Chrome/116.0.1938.76 Safari/537.36"
34.76.224.74 - - [24/Dec/2023:05:13:05 +0100] "GET /thumper-mini-figurine-collection-p-57284.html HTTP/1.0" 200 85145 "-" "Mozilla/5.0 (compatible; VelenPublicWebCrawler/1.0; +https://velen.io)"
84.46.255.143 - - [24/Dec/2023:05:13:08 +0100] "GET /-p-15331.html HTTP/1.0" 200 81263 "-" "Mozilla/5.0 (compatible; MJ12bot/v1.4.8; http://mj12bot.com/)"
34.76.224.74 - - [24/Dec/2023:05:13:08 +0100] "GET /mickey-mouse-with-flowers-mini-figurine-p-57156.html HTTP/1.0" 200 85013 "-" "Mozilla/5.0 (compatible; VelenPublicWebCrawler/1.0; +https://velen.io)"
34.76.224.74 - - [24/Dec/2023:05:13:11 +0100] "GET /rapunzel-adventurous-princess-figure-collection-p-36956.html HTTP/1.0" 200 83979 "-" "Mozilla/5.0 (compatible; VelenPublicWebCrawler/1.0; +https://velen.io)"
92.204.174.122 - - [24/Dec/2023:05:13:12 +0100] "GET /cardboard-boxes-storage-c-13_150_216.html HTTP/1.0" 200 80568 "http://www.wonder-geek.com/cardboard-boxes-storage-c-13_150_216.html" "Mozilla/5.0 (Windows NT 6.3; Win64; x64) AppleWebKit/537.36 (KHTML, like Gecko) Chrome/103.0.5060.53 Safari/537.36"
34.76.224.74 - - [24/Dec/2023:05:13:15 +0100] "GET /making-friends-mickey-minnie-mouse-with-snowman-figurine-p-56735.html HTTP/1.0" 200 85470 "-" "Mozilla/5.0 (compatible; VelenPublicWebCrawler/1.0; +https://velen.io)"
34.76.224.74 - - [24/Dec/2023:05:13:18 +0100] "GET /home-christmas-mickey-minnie-with-gingerbread-house-p-56736.html HTTP/1.0" 200 85450 "-" "Mozilla/5.0 (compatible; VelenPublicWebCrawler/1.0; +https://velen.io)"
92.204.174.122 - - [24/Dec/2023:05:13:20 +0100] "GET /cushion-headboard-c-11_71_173.html HTTP/1.0" 200 86963 "http://www.wonder-geek.com/cushion-headboard-c-11_71_173.html" "Mozilla/5.0 (Windows NT 6.3; Win64; x64) AppleWebKit/537.36 (KHTML, like Gecko) Chrome/103.0.5060.53 Safari/537.36"
92.204.174.122 - - [24/Dec/2023:05:13:23 +0100] "GET /contact_us.php HTTP/1.0" 200 26241 "http://www.wonder-geek.com/contact_us.php" "Mozilla/5.0 (Windows NT 6.3; Win64; x64) AppleWebKit/537.36 (KHTML, like Gecko) Chrome/103.0.5060.53 Safari/537.36"
34.76.224.74 - - [24/Dec/2023:05:13:22 +0100] "GET /stitch-guitar-collection-statuette-p-51399.html HTTP/1.0" 200 84983 "-" "Mozilla/5.0 (compatible; VelenPublicWebCrawler/1.0; +https://velen.io)"
84.46.255.143 - - [24/Dec/2023:05:13:22 +0100] "GET /-p-15354.html HTTP/1.0" 200 81263 "-" "Mozilla/5.0 (compatible; MJ12bot/v1.4.8; http://mj12bot.com/)"
34.76.224.74 - - [24/Dec/2023:05:13:26 +0100] "GET /stitch-mini-figurine-p-56808.html HTTP/1.0" 200 84645 "-" "Mozilla/5.0 (compatible; VelenPublicWebCrawler/1.0; +https://velen.io)"
34.76.224.74 - - [24/Dec/2023:05:13:29 +0100] "GET /stitch-heart-collection-statuette-p-47669.html HTTP/1.0" 200 85424 "-" "Mozilla/5.0 (compatible; VelenPublicWebCrawler/1.0; +https://velen.io)"
92.204.174.122 - - [24/Dec/2023:05:13:32 +0100] "POST /contact_us.php?action=send HTTP/1.0" 200 26611 "http://www.wonder-geek.com/contact_us.php" "Mozilla/5.0 (Windows NT 6.3; Win64; x64) AppleWebKit/537.36 (KHTML, like Gecko) Chrome/103.0.5060.53 Safari/537.36"
34.76.224.74 - - [24/Dec/2023:05:13:33 +0100] "GET /figaro-mini-figurine-p-45990.html HTTP/1.0" 200 85030 "-" "Mozilla/5.0 (compatible; VelenPublicWebCrawler/1.0; +https://velen.io)"
34.76.224.74 - - [24/Dec/2023:05:13:36 +0100] "GET /pluto-heart-mini-figurine-p-58348.html HTTP/1.0" 200 84764 "-" "Mozilla/5.0 (compatible; VelenPublicWebCrawler/1.0; +https://velen.io)"
84.46.255.143 - - [24/Dec/2023:05:13:39 +0100] "GET /-p-15370.html HTTP/1.0" 200 81263 "-" "Mozilla/5.0 (compatible; MJ12bot/v1.4.8; http://mj12bot.com/)"
34.76.224.74 - - [24/Dec/2023:05:13:40 +0100] "GET /winnie-pooh-with-honey-mini-figurine-p-41978.html HTTP/1.0" 200 85060 "-" "Mozilla/5.0 (compatible; VelenPublicWebCrawler/1.0; +https://velen.io)"
34.76.224.74 - - [24/Dec/2023:05:13:43 +0100] "GET /stitch-laying-down-collection-statuette-p-47679.html HTTP/1.0" 200 85484 "-" "Mozilla/5.0 (compatible; VelenPublicWebCrawler/1.0; +https://velen.io)"
34.76.224.74 - - [24/Dec/2023:05:13:49 +0100] "GET /marie-heart-mini-figurine-p-58347.html HTTP/1.0" 200 84791 "-" "Mozilla/5.0 (compatible; VelenPublicWebCrawler/1.0; +https://velen.io)"
34.76.224.74 - - [24/Dec/2023:05:13:52 +0100] "GET /cheshire-mini-figurine-p-39113.html HTTP/1.0" 200 84256 "-" "Mozilla/5.0 (compatible; VelenPublicWebCrawler/1.0; +https://velen.io)"
84.46.255.143 - - [24/Dec/2023:05:13:52 +0100] "GET /-p-15418.html HTTP/1.0" 200 81263 "-" "Mozilla/5.0 (compatible; MJ12bot/v1.4.8; http://mj12bot.com/)"
34.76.224.74 - - [24/Dec/2023:05:13:55 +0100] "GET /beatles-abbey-road-carry-calling-cards-p-19517.html HTTP/1.0" 200 84018 "-" "Mozilla/5.0 (compatible; VelenPublicWebCrawler/1.0; +https://velen.io)"
34.76.224.74 - - [24/Dec/2023:05:13:58 +0100] "GET /beatles-metal-case-business-cards-p-11854.html HTTP/1.0" 200 83844 "-" "Mozilla/5.0 (compatible; VelenPublicWebCrawler/1.0; +https://velen.io)"
34.76.224.74 - - [24/Dec/2023:05:14:02 +0100] "GET /british-metal-case-business-cards-p-11853.html HTTP/1.0" 200 84573 "-" "Mozilla/5.0 (compatible; VelenPublicWebCrawler/1.0; +https://velen.io)"
54.36.148.136 - - [24/Dec/2023:05:14:03 +0100] "GET /puppies-boots-wildside-poster-p-25820.html HTTP/1.0" 200 83670 "-" "Mozilla/5.0 (compatible; AhrefsBot/7.0; +http://ahrefs.com/robot/)"
34.76.224.74 - - [24/Dec/2023:05:14:05 +0100] "GET /brasil-passeport-p-19070.html HTTP/1.0" 200 84481 "-" "Mozilla/5.0 (compatible; VelenPublicWebCrawler/1.0; +https://velen.io)"
34.76.224.74 - - [24/Dec/2023:05:14:08 +0100] "GET /papers-holder-indian-spirit-light-brown-p-42942.html HTTP/1.0" 200 83887 "-" "Mozilla/5.0 (compatible; VelenPublicWebCrawler/1.0; +https://velen.io)"
84.46.255.143 - - [24/Dec/2023:05:14:10 +0100] "GET /-p-15419.html HTTP/1.0" 200 81263 "-" "Mozilla/5.0 (compatible; MJ12bot/v1.4.8; http://mj12bot.com/)"
34.76.224.74 - - [24/Dec/2023:05:14:12 +0100] "GET /travel-documents-passport-boarding-pass-p-47347.html HTTP/1.0" 200 84652 "-" "Mozilla/5.0 (compatible; VelenPublicWebCrawler/1.0; +https://velen.io)"
34.76.224.74 - - [24/Dec/2023:05:14:15 +0100] "GET /league-passport-case-p-24992.html HTTP/1.0" 200 84292 "-" "Mozilla/5.0 (compatible; VelenPublicWebCrawler/1.0; +https://velen.io)"
34.76.224.74 - - [24/Dec/2023:05:14:18 +0100] "GET /card-holder-eagle-p-46437.html HTTP/1.0" 200 84388 "-" "Mozilla/5.0 (compatible; VelenPublicWebCrawler/1.0; +https://velen.io)"
34.76.224.74 - - [24/Dec/2023:05:14:22 +0100] "GET /card-holder-york-motor-p-46438.html HTTP/1.0" 200 84470 "-" "Mozilla/5.0 (compatible; VelenPublicWebCrawler/1.0; +https://velen.io)"
34.76.224.74 - - [24/Dec/2023:05:14:25 +0100] "GET /anti-rfid-card-holder-cards-anthracite-p-50172.html HTTP/1.0" 200 84994 "-" "Mozilla/5.0 (compatible; VelenPublicWebCrawler/1.0; +https://velen.io)"
84.46.255.143 - - [24/Dec/2023:05:14:26 +0100] "GET /-p-15449.html HTTP/1.0" 200 81263 "-" "Mozilla/5.0 (compatible; MJ12bot/v1.4.8; http://mj12bot.com/)"
34.76.224.74 - - [24/Dec/2023:05:14:28 +0100] "GET /anti-rfid-card-holder-cards-gold-p-50166.html HTTP/1.0" 200 84951 "-" "Mozilla/5.0 (compatible; VelenPublicWebCrawler/1.0; +https://velen.io)"
217.182.134.134 - - [24/Dec/2023:05:14:31 +0100] "GET /robots.txt HTTP/1.0" 200 245 "-" "Mozilla/5.0 (compatible; MJ12bot/v1.4.8; http://mj12bot.com/)"
34.76.224.74 - - [24/Dec/2023:05:14:31 +0100] "GET /anti-rfid-card-holder-cards-silver-p-50170.html HTTP/1.0" 200 84961 "-" "Mozilla/5.0 (compatible; VelenPublicWebCrawler/1.0; +https://velen.io)"
34.76.224.74 - - [24/Dec/2023:05:14:34 +0100] "GET /anti-rfid-card-holder-cards-anthracite-p-50171.html HTTP/1.0" 200 84998 "-" "Mozilla/5.0 (compatible; VelenPublicWebCrawler/1.0; +https://velen.io)"
84.46.255.143 - - [24/Dec/2023:05:14:37 +0100] "GET /-p-1545.html HTTP/1.0" 200 81261 "-" "Mozilla/5.0 (compatible; MJ12bot/v1.4.8; http://mj12bot.com/)"
34.76.224.74 - - [24/Dec/2023:05:14:38 +0100] "GET /anti-rfid-card-holder-cards-anthracite-p-50173.html HTTP/1.0" 200 84997 "-" "Mozilla/5.0 (compatible; VelenPublicWebCrawler/1.0; +https://velen.io)"
34.76.224.74 - - [24/Dec/2023:05:14:41 +0100] "GET /lois-brown-leather-card-holders-p-36013.html HTTP/1.0" 200 83821 "-" "Mozilla/5.0 (compatible; VelenPublicWebCrawler/1.0; +https://velen.io)"
84.46.255.143 - - [24/Dec/2023:05:14:42 +0100] "GET /-p-15453.html HTTP/1.0" 200 81263 "-" "Mozilla/5.0 (compatible; MJ12bot/v1.4.8; http://mj12bot.com/)"
34.76.224.74 - - [24/Dec/2023:05:14:44 +0100] "GET /anti-rfid-card-holder-cards-gold-p-50167.html HTTP/1.0" 200 84953 "-" "Mozilla/5.0 (compatible; VelenPublicWebCrawler/1.0; +https://velen.io)"
34.76.224.74 - - [24/Dec/2023:05:14:48 +0100] "GET /anti-rfid-card-holder-cards-silver-p-50168.html HTTP/1.0" 200 84962 "-" "Mozilla/5.0 (compatible; VelenPublicWebCrawler/1.0; +https://velen.io)"
34.76.224.74 - - [24/Dec/2023:05:14:51 +0100] "GET /parrot-figurine-pottery-p-44979.html HTTP/1.0" 200 83782 "-" "Mozilla/5.0 (compatible; VelenPublicWebCrawler/1.0; +https://velen.io)"
34.76.224.74 - - [24/Dec/2023:05:14:54 +0100] "GET /decorative-white-squirrel-p-47109.html HTTP/1.0" 200 83787 "-" "Mozilla/5.0 (compatible; VelenPublicWebCrawler/1.0; +https://velen.io)"
217.182.134.134 - - [24/Dec/2023:05:14:55 +0100] "GET /-p-25131.html HTTP/1.0" 200 81263 "-" "Mozilla/5.0 (compatible; MJ12bot/v1.4.8; http://mj12bot.com/)"
34.76.224.74 - - [24/Dec/2023:05:14:57 +0100] "GET /monkey-gold-resin-p-56366.html HTTP/1.0" 200 84300 "-" "Mozilla/5.0 (compatible; VelenPublicWebCrawler/1.0; +https://velen.io)"
84.46.255.143 - - [24/Dec/2023:05:14:58 +0100] "GET /-p-15454.html HTTP/1.0" 200 81263 "-" "Mozilla/5.0 (compatible; MJ12bot/v1.4.8; http://mj12bot.com/)"
34.76.224.74 - - [24/Dec/2023:05:15:01 +0100] "GET /ethnic-leopard-decorative-statuette-p-55277.html HTTP/1.0" 200 83943 "-" "Mozilla/5.0 (compatible; VelenPublicWebCrawler/1.0; +https://velen.io)"
54.36.148.76 - - [24/Dec/2023:05:15:02 +0100] "GET /towels-plants-kiub-p-60863.html HTTP/1.0" 200 84287 "-" "Mozilla/5.0 (compatible; AhrefsBot/7.0; +http://ahrefs.com/robot/)"
34.76.224.74 - - [24/Dec/2023:05:15:04 +0100] "GET /flocked-black-resin-figurine-sees-nothing-p-59605.html HTTP/1.0" 200 84829 "-" "Mozilla/5.0 (compatible; VelenPublicWebCrawler/1.0; +https://velen.io)"
34.76.224.74 - - [24/Dec/2023:05:15:08 +0100] "GET /flocked-black-resin-figurine-hear-nothing-p-59609.html HTTP/1.0" 200 84829 "-" "Mozilla/5.0 (compatible; VelenPublicWebCrawler/1.0; +https://velen.io)"
34.76.224.74 - - [24/Dec/2023:05:15:11 +0100] "GET /decorative-dolomite-p-56071.html HTTP/1.0" 200 83734 "-" "Mozilla/5.0 (compatible; VelenPublicWebCrawler/1.0; +https://velen.io)"
84.46.255.143 - - [24/Dec/2023:05:15:13 +0100] "GET /-p-15489.html HTTP/1.0" 200 81263 "-" "Mozilla/5.0 (compatible; MJ12bot/v1.4.8; http://mj12bot.com/)"
217.182.134.134 - - [24/Dec/2023:05:15:15 +0100] "GET /-p-25132.html HTTP/1.0" 200 81263 "-" "Mozilla/5.0 (compatible; MJ12bot/v1.4.8; http://mj12bot.com/)"
34.76.224.74 - - [24/Dec/2023:05:15:15 +0100] "GET /figurine-snail-cement-aged-effect-p-45677.html HTTP/1.0" 200 83826 "-" "Mozilla/5.0 (compatible; VelenPublicWebCrawler/1.0; +https://velen.io)"
34.76.224.74 - - [24/Dec/2023:05:15:19 +0100] "GET /rosewood-bird-flower-figurine-p-60090.html HTTP/1.0" 200 84537 "-" "Mozilla/5.0 (compatible; VelenPublicWebCrawler/1.0; +https://velen.io)"
34.76.224.74 - - [24/Dec/2023:05:15:23 +0100] "GET /decorative-patinated-resin-p-36678.html HTTP/1.0" 200 83783 "-" "Mozilla/5.0 (compatible; VelenPublicWebCrawler/1.0; +https://velen.io)"
34.76.224.74 - - [24/Dec/2023:05:15:26 +0100] "GET /statue-p-41894.html HTTP/1.0" 200 83682 "-" "Mozilla/5.0 (compatible; VelenPublicWebCrawler/1.0; +https://velen.io)"
34.76.224.74 - - [24/Dec/2023:05:15:30 +0100] "GET /white-black-gold-ceramic-statue-p-60332.html HTTP/1.0" 200 84687 "-" "Mozilla/5.0 (compatible; VelenPublicWebCrawler/1.0; +https://velen.io)"
84.46.255.143 - - [24/Dec/2023:05:15:31 +0100] "GET /-p-1556.html HTTP/1.0" 200 81261 "-" "Mozilla/5.0 (compatible; MJ12bot/v1.4.8; http://mj12bot.com/)"
34.76.224.74 - - [24/Dec/2023:05:15:33 +0100] "GET /white-lucky-maneki-neko-p-60889.html HTTP/1.0" 200 84916 "-" "Mozilla/5.0 (compatible; VelenPublicWebCrawler/1.0; +https://velen.io)"
217.182.134.134 - - [24/Dec/2023:05:15:35 +0100] "GET /-p-25133.html HTTP/1.0" 200 81263 "-" "Mozilla/5.0 (compatible; MJ12bot/v1.4.8; http://mj12bot.com/)"
34.76.224.74 - - [24/Dec/2023:05:15:37 +0100] "GET /elephant-statuette-p-59226.html HTTP/1.0" 200 84526 "-" "Mozilla/5.0 (compatible; VelenPublicWebCrawler/1.0; +https://velen.io)"
34.76.224.74 - - [24/Dec/2023:05:15:41 +0100] "GET /golden-lucky-maneki-neko-p-34876.html HTTP/1.0" 200 83863 "-" "Mozilla/5.0 (compatible; VelenPublicWebCrawler/1.0; +https://velen.io)"
84.46.255.143 - - [24/Dec/2023:05:15:41 +0100] "GET /-p-15656.html HTTP/1.0" 200 81263 "-" "Mozilla/5.0 (compatible; MJ12bot/v1.4.8; http://mj12bot.com/)"
170.106.116.20 - - [24/Dec/2023:05:15:46 +0100] "GET /images/big_prod_2/028399270163b.jpg HTTP/1.0" 200 270 "-" "Mozilla/5.0 (X11; Ubuntu; Linux x86_64; rv:72.0) Gecko/20100101 Firefox/72.0"
34.76.224.74 - - [24/Dec/2023:05:15:44 +0100] "GET /owls-liberty-statuette-p-36478.html HTTP/1.0" 200 83760 "-" "Mozilla/5.0 (compatible; VelenPublicWebCrawler/1.0; +https://velen.io)"
34.76.224.74 - - [24/Dec/2023:05:15:48 +0100] "GET /statuette-gray-resin-p-55061.html HTTP/1.0" 200 83862 "-" "Mozilla/5.0 (compatible; VelenPublicWebCrawler/1.0; +https://velen.io)"
34.76.224.74 - - [24/Dec/2023:05:15:51 +0100] "GET /resin-elephant-statuette-p-60102.html HTTP/1.0" 200 83789 "-" "Mozilla/5.0 (compatible; VelenPublicWebCrawler/1.0; +https://velen.io)"
34.76.224.74 - - [24/Dec/2023:05:15:54 +0100] "GET /large-wallet-terrasse-soir-gogh-p-54978.html HTTP/1.0" 200 84702 "-" "Mozilla/5.0 (compatible; VelenPublicWebCrawler/1.0; +https://velen.io)"
217.182.134.134 - - [24/Dec/2023:05:15:55 +0100] "GET /-p-25134.html HTTP/1.0" 200 81263 "-" "Mozilla/5.0 (compatible; MJ12bot/v1.4.8; http://mj12bot.com/)"
34.76.224.74 - - [24/Dec/2023:05:15:58 +0100] "GET /paris-grey-companion-wallet-p-38623.html HTTP/1.0" 200 84368 "-" "Mozilla/5.0 (compatible; VelenPublicWebCrawler/1.0; +https://velen.io)"
34.76.224.74 - - [24/Dec/2023:05:16:02 +0100] "GET /monster-high-companion-wallet-p-15502.html HTTP/1.0" 200 84469 "-" "Mozilla/5.0 (compatible; VelenPublicWebCrawler/1.0; +https://velen.io)"
84.46.255.143 - - [24/Dec/2023:05:16:03 +0100] "GET /-p-15767.html HTTP/1.0" 200 81263 "-" "Mozilla/5.0 (compatible; MJ12bot/v1.4.8; http://mj12bot.com/)"
54.36.148.154 - - [24/Dec/2023:05:16:03 +0100] "GET /mini-wooden-side-table-tree-life-p-56156.html HTTP/1.0" 200 85283 "-" "Mozilla/5.0 (compatible; AhrefsBot/7.0; +http://ahrefs.com/robot/)"
34.76.224.74 - - [24/Dec/2023:05:16:05 +0100] "GET /nippon-doll-portfolio-p-26862.html HTTP/1.0" 200 83923 "-" "Mozilla/5.0 (compatible; VelenPublicWebCrawler/1.0; +https://velen.io)"
34.76.224.74 - - [24/Dec/2023:05:16:09 +0100] "GET /paris-pink-companion-wallet-p-38622.html HTTP/1.0" 200 84368 "-" "Mozilla/5.0 (compatible; VelenPublicWebCrawler/1.0; +https://velen.io)"
34.76.224.74 - - [24/Dec/2023:05:16:12 +0100] "GET /monaco-white-wallet-p-38645.html HTTP/1.0" 200 84543 "-" "Mozilla/5.0 (compatible; VelenPublicWebCrawler/1.0; +https://velen.io)"
34.76.224.74 - - [24/Dec/2023:05:16:16 +0100] "GET /london-companion-wallet-p-33062.html HTTP/1.0" 200 83795 "-" "Mozilla/5.0 (compatible; VelenPublicWebCrawler/1.0; +https://velen.io)"
217.182.134.134 - - [24/Dec/2023:05:16:17 +0100] "GET /-p-25135.html HTTP/1.0" 200 81263 "-" "Mozilla/5.0 (compatible; MJ12bot/v1.4.8; http://mj12bot.com/)"
34.76.224.74 - - [24/Dec/2023:05:16:19 +0100] "GET /dubout-cats-large-portfolio-p-32246.html HTTP/1.0" 200 83836 "-" "Mozilla/5.0 (compatible; VelenPublicWebCrawler/1.0; +https://velen.io)"
34.76.224.74 - - [24/Dec/2023:05:16:22 +0100] "GET /nippon-doll-portfolio-p-26863.html HTTP/1.0" 200 83923 "-" "Mozilla/5.0 (compatible; VelenPublicWebCrawler/1.0; +https://velen.io)"
34.76.224.74 - - [24/Dec/2023:05:16:26 +0100] "GET /nippon-doll-portfolio-p-26864.html HTTP/1.0" 200 83923 "-" "Mozilla/5.0 (compatible; VelenPublicWebCrawler/1.0; +https://velen.io)"
34.76.224.74 - - [24/Dec/2023:05:16:29 +0100] "GET /nippon-doll-portfolio-p-26865.html HTTP/1.0" 200 83941 "-" "Mozilla/5.0 (compatible; VelenPublicWebCrawler/1.0; +https://velen.io)"
217.182.134.134 - - [24/Dec/2023:05:16:33 +0100] "GET /-p-25136.html HTTP/1.0" 200 81263 "-" "Mozilla/5.0 (compatible; MJ12bot/v1.4.8; http://mj12bot.com/)"
34.76.224.74 - - [24/Dec/2023:05:16:33 +0100] "GET /nippon-doll-portfolio-p-27069.html HTTP/1.0" 200 83925 "-" "Mozilla/5.0 (compatible; VelenPublicWebCrawler/1.0; +https://velen.io)"
34.76.224.74 - - [24/Dec/2023:05:16:36 +0100] "GET /jasmin-jasmine-companion-portfolio-tiffany-beige-p-38700.html HTTP/1.0" 200 84709 "-" "Mozilla/5.0 (compatible; VelenPublicWebCrawler/1.0; +https://velen.io)"
34.76.224.74 - - [24/Dec/2023:05:16:41 +0100] "GET /jasmin-jasmine-companion-portfolio-maiko-p-44222.html HTTP/1.0" 200 84870 "-" "Mozilla/5.0 (compatible; VelenPublicWebCrawler/1.0; +https://velen.io)"
185.229.119.130 - - [24/Dec/2023:05:16:42 +0100] "GET /robots.txt HTTP/1.0" 200 245 "-" "Mozilla/5.0 (compatible; MJ12bot/v1.4.8; http://mj12bot.com/)"
34.76.224.74 - - [24/Dec/2023:05:16:44 +0100] "GET /jasmin-jasmine-companion-portfolio-morioka-p-44224.html HTTP/1.0" 200 84888 "-" "Mozilla/5.0 (compatible; VelenPublicWebCrawler/1.0; +https://velen.io)"
34.76.224.74 - - [24/Dec/2023:05:16:48 +0100] "GET /jasmin-companion-portfolio-amrica-white-p-38696.html HTTP/1.0" 200 85004 "-" "Mozilla/5.0 (compatible; VelenPublicWebCrawler/1.0; +https://velen.io)"
217.182.134.134 - - [24/Dec/2023:05:16:50 +0100] "GET /-p-25138.html HTTP/1.0" 200 81263 "-" "Mozilla/5.0 (compatible; MJ12bot/v1.4.8; http://mj12bot.com/)"
34.76.224.74 - - [24/Dec/2023:05:16:51 +0100] "GET /jasmin-companion-portfolio-denim-p-37995.html HTTP/1.0" 200 85223 "-" "Mozilla/5.0 (compatible; VelenPublicWebCrawler/1.0; +https://velen.io)"
34.76.224.74 - - [24/Dec/2023:05:16:55 +0100] "GET /nici-ayumi-brown-portfolio-p-33439.html HTTP/1.0" 200 83841 "-" "Mozilla/5.0 (compatible; VelenPublicWebCrawler/1.0; +https://velen.io)"
34.76.224.74 - - [24/Dec/2023:05:16:58 +0100] "GET /nici-ayumi-brown-portfolio-p-33644.html HTTP/1.0" 200 83841 "-" "Mozilla/5.0 (compatible; VelenPublicWebCrawler/1.0; +https://velen.io)"
54.36.148.89 - - [24/Dec/2023:05:16:59 +0100] "GET /hello-kitty-chocolate-heart-wallet-camomilla-p-16298.html HTTP/1.0" 200 84707 "-" "Mozilla/5.0 (compatible; AhrefsBot/7.0; +http://ahrefs.com/robot/)"
185.229.119.130 - - [24/Dec/2023:05:17:00 +0100] "GET /johnny-hallyday-metal-plate-p-51148.html HTTP/1.0" 200 81383 "-" "Mozilla/5.0 (compatible; MJ12bot/v1.4.8; http://mj12bot.com/)"
34.76.224.74 - - [24/Dec/2023:05:17:02 +0100] "GET /hello-kitty-chocolate-node-companion-camomilla-p-16293.html HTTP/1.0" 200 84246 "-" "Mozilla/5.0 (compatible; VelenPublicWebCrawler/1.0; +https://velen.io)"
34.76.224.74 - - [24/Dec/2023:05:17:05 +0100] "GET /paul-frank-blue-computer-p-6062.html HTTP/1.0" 200 84543 "-" "Mozilla/5.0 (compatible; VelenPublicWebCrawler/1.0; +https://velen.io)"
34.76.224.74 - - [24/Dec/2023:05:17:09 +0100] "GET /vintage-khaki-computer-p-19016.html HTTP/1.0" 200 86635 "-" "Mozilla/5.0 (compatible; VelenPublicWebCrawler/1.0; +https://velen.io)"
217.182.134.134 - - [24/Dec/2023:05:17:11 +0100] "GET /-p-25155.html HTTP/1.0" 200 81263 "-" "Mozilla/5.0 (compatible; MJ12bot/v1.4.8; http://mj12bot.com/)"
34.76.224.74 - - [24/Dec/2023:05:17:12 +0100] "GET /marley-computer-model-p-21337.html HTTP/1.0" 200 83902 "-" "Mozilla/5.0 (compatible; VelenPublicWebCrawler/1.0; +https://velen.io)"
34.76.224.74 - - [24/Dec/2023:05:17:16 +0100] "GET /marley-computer-model-p-24150.html HTTP/1.0" 200 83911 "-" "Mozilla/5.0 (compatible; VelenPublicWebCrawler/1.0; +https://velen.io)"
34.76.224.74 - - [24/Dec/2023:05:17:19 +0100] "GET /marilyn-monroe-computer-p-5787.html HTTP/1.0" 200 83824 "-" "Mozilla/5.0 (compatible; VelenPublicWebCrawler/1.0; +https://velen.io)"
54.36.149.21 - - [24/Dec/2023:05:17:21 +0100] "GET /isothermic-stainless-steel-bottle-corsica-by-cbkreation-p-51912.html HTTP/1.0" 301 84690 "-" "Mozilla/5.0 (compatible; AhrefsBot/7.0; +http://ahrefs.com/robot/)"
34.76.224.74 - - [24/Dec/2023:05:17:23 +0100] "GET /miss-sunshine-computer-p-34669.html HTTP/1.0" 200 83837 "-" "Mozilla/5.0 (compatible; VelenPublicWebCrawler/1.0; +https://velen.io)"
34.76.224.74 - - [24/Dec/2023:05:17:26 +0100] "GET /nintendo-laptop-cover-p-17625.html HTTP/1.0" 200 86362 "-" "Mozilla/5.0 (compatible; VelenPublicWebCrawler/1.0; +https://velen.io)"
217.182.134.134 - - [24/Dec/2023:05:17:28 +0100] "GET /-p-25235.html HTTP/1.0" 200 81263 "-" "Mozilla/5.0 (compatible; MJ12bot/v1.4.8; http://mj12bot.com/)"
34.76.224.74 - - [24/Dec/2023:05:17:30 +0100] "GET /nintendo-logo-laptop-cover-p-17627.html HTTP/1.0" 200 86376 "-" "Mozilla/5.0 (compatible; VelenPublicWebCrawler/1.0; +https://velen.io)"
34.76.224.74 - - [24/Dec/2023:05:17:33 +0100] "GET /french-riviera-small-black-p-38722.html HTTP/1.0" 200 83991 "-" "Mozilla/5.0 (compatible; VelenPublicWebCrawler/1.0; +https://velen.io)"
185.229.119.130 - - [24/Dec/2023:05:17:35 +0100] "GET /jute-beige-eyelets-curtain-p-41119.html HTTP/1.0" 200 81357 "-" "Mozilla/5.0 (compatible; MJ12bot/v1.4.8; http://mj12bot.com/)"
34.76.224.74 - - [24/Dec/2023:05:17:37 +0100] "GET /french-riviera-small-p-38724.html HTTP/1.0" 200 83971 "-" "Mozilla/5.0 (compatible; VelenPublicWebCrawler/1.0; +https://velen.io)"
34.76.224.74 - - [24/Dec/2023:05:17:40 +0100] "GET /high-school-musical-black-shopping-p-24268.html HTTP/1.0" 200 84038 "-" "Mozilla/5.0 (compatible; VelenPublicWebCrawler/1.0; +https://velen.io)"
34.76.224.74 - - [24/Dec/2023:05:17:44 +0100] "GET /high-school-musical-shopping-p-24267.html HTTP/1.0" 200 84018 "-" "Mozilla/5.0 (compatible; VelenPublicWebCrawler/1.0; +https://velen.io)"
34.76.224.74 - - [24/Dec/2023:05:17:47 +0100] "GET /keith-haring-tote-p-29252.html HTTP/1.0" 200 83666 "-" "Mozilla/5.0 (compatible; VelenPublicWebCrawler/1.0; +https://velen.io)"
34.76.224.74 - - [24/Dec/2023:05:17:50 +0100] "GET /keith-haring-tote-p-39089.html HTTP/1.0" 200 83684 "-" "Mozilla/5.0 (compatible; VelenPublicWebCrawler/1.0; +https://velen.io)"
217.182.134.134 - - [24/Dec/2023:05:17:51 +0100] "GET /-p-25236.html HTTP/1.0" 200 81263 "-" "Mozilla/5.0 (compatible; MJ12bot/v1.4.8; http://mj12bot.com/)"
34.76.224.74 - - [24/Dec/2023:05:17:54 +0100] "GET /high-school-musical-handbag-p-6466.html HTTP/1.0" 200 86222 "-" "Mozilla/5.0 (compatible; VelenPublicWebCrawler/1.0; +https://velen.io)"
185.229.119.130 - - [24/Dec/2023:05:17:55 +0100] "GET /jute-grey-eyelets-curtain-p-39809.html HTTP/1.0" 301 81330 "-" "Mozilla/5.0 (compatible; MJ12bot/v1.4.8; http://mj12bot.com/)"
54.36.149.79 - - [24/Dec/2023:05:17:56 +0100] "GET /take-cake-irma-p-48106.html HTTP/1.0" 200 84451 "-" "Mozilla/5.0 (compatible; AhrefsBot/7.0; +http://ahrefs.com/robot/)"
34.76.224.74 - - [24/Dec/2023:05:17:58 +0100] "GET /hannah-montana-shopping-coin-purse-p-7617.html HTTP/1.0" 200 84235 "-" "Mozilla/5.0 (compatible; VelenPublicWebCrawler/1.0; +https://velen.io)"
34.76.224.74 - - [24/Dec/2023:05:18:01 +0100] "GET /hannah-montana-postman-p-1485.html HTTP/1.0" 200 84047 "-" "Mozilla/5.0 (compatible; VelenPublicWebCrawler/1.0; +https://velen.io)"
34.76.224.74 - - [24/Dec/2023:05:18:04 +0100] "GET /little-prince-tote-p-50595.html HTTP/1.0" 200 83686 "-" "Mozilla/5.0 (compatible; VelenPublicWebCrawler/1.0; +https://velen.io)"
34.76.224.74 - - [24/Dec/2023:05:18:07 +0100] "GET /pucca-shopping-p-12826.html HTTP/1.0" 200 83770 "-" "Mozilla/5.0 (compatible; VelenPublicWebCrawler/1.0; +https://velen.io)"
34.76.224.74 - - [24/Dec/2023:05:18:11 +0100] "GET /happy-hobo-p-5336.html HTTP/1.0" 200 83835 "-" "Mozilla/5.0 (compatible; VelenPublicWebCrawler/1.0; +https://velen.io)"
34.76.224.74 - - [24/Dec/2023:05:18:14 +0100] "GET /little-miss-sunshine-hobo-p-5338.html HTTP/1.0" 200 83917 "-" "Mozilla/5.0 (compatible; VelenPublicWebCrawler/1.0; +https://velen.io)"
217.182.134.134 - - [24/Dec/2023:05:18:15 +0100] "GET /-p-25237.html HTTP/1.0" 200 81263 "-" "Mozilla/5.0 (compatible; MJ12bot/v1.4.8; http://mj12bot.com/)"
34.76.224.74 - - [24/Dec/2023:05:18:18 +0100] "GET /furby-pencil-case-p-20237.html HTTP/1.0" 200 83795 "-" "Mozilla/5.0 (compatible; VelenPublicWebCrawler/1.0; +https://velen.io)"
34.76.224.74 - - [24/Dec/2023:05:18:21 +0100] "GET /disney-princess-pencil-case-p-44919.html HTTP/1.0" 200 83685 "-" "Mozilla/5.0 (compatible; VelenPublicWebCrawler/1.0; +https://velen.io)"
185.229.119.130 - - [24/Dec/2023:05:18:22 +0100] "GET /-p-39809.html HTTP/1.0" 200 81263 "-" "Mozilla/5.0 (compatible; MJ12bot/v1.4.8; http://mj12bot.com/)"
34.76.224.74 - - [24/Dec/2023:05:18:25 +0100] "GET /monster-high-pencil-p-21803.html HTTP/1.0" 200 84382 "-" "Mozilla/5.0 (compatible; VelenPublicWebCrawler/1.0; +https://velen.io)"
34.76.224.74 - - [24/Dec/2023:05:18:28 +0100] "GET /cars-metal-pencil-p-516.html HTTP/1.0" 200 84377 "-" "Mozilla/5.0 (compatible; VelenPublicWebCrawler/1.0; +https://velen.io)"
34.76.224.74 - - [24/Dec/2023:05:18:32 +0100] "GET /flat-cotton-case-little-prince-p-58266.html HTTP/1.0" 200 84379 "-" "Mozilla/5.0 (compatible; VelenPublicWebCrawler/1.0; +https://velen.io)"
34.76.224.74 - - [24/Dec/2023:05:18:36 +0100] "GET /pencil-case-p-10628.html HTTP/1.0" 200 83747 "-" "Mozilla/5.0 (compatible; VelenPublicWebCrawler/1.0; +https://velen.io)"
217.182.134.134 - - [24/Dec/2023:05:18:36 +0100] "GET /-p-25239.html HTTP/1.0" 200 81263 "-" "Mozilla/5.0 (compatible; MJ12bot/v1.4.8; http://mj12bot.com/)"
34.76.224.74 - - [24/Dec/2023:05:18:40 +0100] "GET /pencil-case-p-3528.html HTTP/1.0" 200 83758 "-" "Mozilla/5.0 (compatible; VelenPublicWebCrawler/1.0; +https://velen.io)"
185.229.119.130 - - [24/Dec/2023:05:18:43 +0100] "GET /jute-grey-eyelets-sheer-p-41570.html HTTP/1.0" 200 81345 "-" "Mozilla/5.0 (compatible; MJ12bot/v1.4.8; http://mj12bot.com/)"
34.76.224.74 - - [24/Dec/2023:05:18:43 +0100] "GET /despicable-pencil-case-p-35773.html HTTP/1.0" 200 83658 "-" "Mozilla/5.0 (compatible; VelenPublicWebCrawler/1.0; +https://velen.io)"
34.76.224.74 - - [24/Dec/2023:05:18:47 +0100] "GET /handy-manny-pencil-case-p-19646.html HTTP/1.0" 200 83802 "-" "Mozilla/5.0 (compatible; VelenPublicWebCrawler/1.0; +https://velen.io)"
34.76.224.74 - - [24/Dec/2023:05:18:50 +0100] "GET /dory-pencil-case-p-44918.html HTTP/1.0" 200 83646 "-" "Mozilla/5.0 (compatible; VelenPublicWebCrawler/1.0; +https://velen.io)"
217.182.134.134 - - [24/Dec/2023:05:18:53 +0100] "GET /-p-25240.html HTTP/1.0" 200 81263 "-" "Mozilla/5.0 (compatible; MJ12bot/v1.4.8; http://mj12bot.com/)"
34.76.224.74 - - [24/Dec/2023:05:18:54 +0100] "GET /dark-dudes-doggy-dude-pencil-case-p-6152.html HTTP/1.0" 200 83862 "-" "Mozilla/5.0 (compatible; VelenPublicWebCrawler/1.0; +https://velen.io)"
54.36.148.78 - - [24/Dec/2023:05:18:54 +0100] "GET /fragrances-ambiance-c-231.html?page=4 HTTP/1.0" 200 103910 "-" "Mozilla/5.0 (compatible; AhrefsBot/7.0; +http://ahrefs.com/robot/)"
34.76.224.74 - - [24/Dec/2023:05:18:57 +0100] "GET /pistols-pencil-case-p-14488.html HTTP/1.0" 200 83778 "-" "Mozilla/5.0 (compatible; VelenPublicWebCrawler/1.0; +https://velen.io)"
84.46.255.143 - - [24/Dec/2023:05:18:59 +0100] "GET /-p-15774.html HTTP/1.0" 200 81263 "-" "Mozilla/5.0 (compatible; MJ12bot/v1.4.8; http://mj12bot.com/)"
34.76.224.74 - - [24/Dec/2023:05:19:00 +0100] "GET /pistols-pencil-case-p-15066.html HTTP/1.0" 200 83788 "-" "Mozilla/5.0 (compatible; VelenPublicWebCrawler/1.0; +https://velen.io)"
185.229.119.130 - - [24/Dec/2023:05:19:03 +0100] "GET /karur-bedclothes-p-54968.html HTTP/1.0" 200 81343 "-" "Mozilla/5.0 (compatible; MJ12bot/v1.4.8; http://mj12bot.com/)"
84.46.255.143 - - [24/Dec/2023:05:19:03 +0100] "GET /-p-15783.html HTTP/1.0" 200 81263 "-" "Mozilla/5.0 (compatible; MJ12bot/v1.4.8; http://mj12bot.com/)"
34.76.224.74 - - [24/Dec/2023:05:19:03 +0100] "GET /golden-retriever-pencil-case-p-40828.html HTTP/1.0" 200 83703 "-" "Mozilla/5.0 (compatible; VelenPublicWebCrawler/1.0; +https://velen.io)"
34.76.224.74 - - [24/Dec/2023:05:19:07 +0100] "GET /pucca-black-triangular-pencil-case-p-20088.html HTTP/1.0" 200 83846 "-" "Mozilla/5.0 (compatible; VelenPublicWebCrawler/1.0; +https://velen.io)"
84.46.255.143 - - [24/Dec/2023:05:19:09 +0100] "GET /-p-15804.html HTTP/1.0" 200 81263 "-" "Mozilla/5.0 (compatible; MJ12bot/v1.4.8; http://mj12bot.com/)"
34.76.224.74 - - [24/Dec/2023:05:19:10 +0100] "GET /pucca-pencil-case-p-2966.html HTTP/1.0" 200 83724 "-" "Mozilla/5.0 (compatible; VelenPublicWebCrawler/1.0; +https://velen.io)"
217.182.134.134 - - [24/Dec/2023:05:19:12 +0100] "GET /-p-25241.html HTTP/1.0" 200 81263 "-" "Mozilla/5.0 (compatible; MJ12bot/v1.4.8; http://mj12bot.com/)"
34.76.224.74 - - [24/Dec/2023:05:19:13 +0100] "GET /pulp-fiction-pencil-case-p-36356.html HTTP/1.0" 200 83684 "-" "Mozilla/5.0 (compatible; VelenPublicWebCrawler/1.0; +https://velen.io)"
34.76.224.74 - - [24/Dec/2023:05:19:17 +0100] "GET /shadoks-pencil-case-p-19626.html HTTP/1.0" 200 83757 "-" "Mozilla/5.0 (compatible; VelenPublicWebCrawler/1.0; +https://velen.io)"
84.46.255.143 - - [24/Dec/2023:05:19:17 +0100] "GET /-p-15805.html HTTP/1.0" 200 81263 "-" "Mozilla/5.0 (compatible; MJ12bot/v1.4.8; http://mj12bot.com/)"
34.76.224.74 - - [24/Dec/2023:05:19:20 +0100] "GET /hello-kitty-round-fuschia-stars-p-15062.html HTTP/1.0" 200 84301 "-" "Mozilla/5.0 (compatible; VelenPublicWebCrawler/1.0; +https://velen.io)"
185.229.119.130 - - [24/Dec/2023:05:19:22 +0100] "GET /kimmidoll-dolls-cm-p-46135.html HTTP/1.0" 301 81426 "-" "Mozilla/5.0 (compatible; MJ12bot/v1.4.8; http://mj12bot.com/)"
34.76.224.74 - - [24/Dec/2023:05:19:24 +0100] "GET /horse-patchwork-pencil-case-p-40784.html HTTP/1.0" 200 83695 "-" "Mozilla/5.0 (compatible; VelenPublicWebCrawler/1.0; +https://velen.io)"
84.46.255.143 - - [24/Dec/2023:05:19:27 +0100] "GET /-p-1588.html HTTP/1.0" 200 81261 "-" "Mozilla/5.0 (compatible; MJ12bot/v1.4.8; http://mj12bot.com/)"
34.76.224.74 - - [24/Dec/2023:05:19:28 +0100] "GET /beauty-nail-black-p-30015.html HTTP/1.0" 200 83698 "-" "Mozilla/5.0 (compatible; VelenPublicWebCrawler/1.0; +https://velen.io)"
54.36.148.57 - - [24/Dec/2023:05:19:28 +0100] "GET /round-clock-gears-35-cm-p-41358.html HTTP/1.0" 301 81330 "-" "Mozilla/5.0 (compatible; AhrefsBot/7.0; +http://ahrefs.com/robot/)"
34.76.224.74 - - [24/Dec/2023:05:19:31 +0100] "GET /beauty-nail-p-29232.html HTTP/1.0" 200 83673 "-" "Mozilla/5.0 (compatible; VelenPublicWebCrawler/1.0; +https://velen.io)"
84.46.255.143 - - [24/Dec/2023:05:19:31 +0100] "GET /-p-15890.html HTTP/1.0" 200 81263 "-" "Mozilla/5.0 (compatible; MJ12bot/v1.4.8; http://mj12bot.com/)"
217.182.134.134 - - [24/Dec/2023:05:19:32 +0100] "GET /-p-25242.html HTTP/1.0" 200 81263 "-" "Mozilla/5.0 (compatible; MJ12bot/v1.4.8; http://mj12bot.com/)"
34.76.224.74 - - [24/Dec/2023:05:19:35 +0100] "GET /beauty-nail-p-34824.html HTTP/1.0" 200 83683 "-" "Mozilla/5.0 (compatible; VelenPublicWebCrawler/1.0; +https://velen.io)"
34.76.224.74 - - [24/Dec/2023:05:19:38 +0100] "GET /london-beauty-nail-p-28903.html HTTP/1.0" 200 83730 "-" "Mozilla/5.0 (compatible; VelenPublicWebCrawler/1.0; +https://velen.io)"
84.46.255.143 - - [24/Dec/2023:05:19:39 +0100] "GET /-p-15894.html HTTP/1.0" 200 81263 "-" "Mozilla/5.0 (compatible; MJ12bot/v1.4.8; http://mj12bot.com/)"
185.229.119.130 - - [24/Dec/2023:05:19:40 +0100] "GET /kimmidoll-dolls-p-46135.html HTTP/1.0" 200 81344 "-" "Mozilla/5.0 (compatible; MJ12bot/v1.4.8; http://mj12bot.com/)"
34.76.224.74 - - [24/Dec/2023:05:19:42 +0100] "GET /calavera-blue-beauty-nail-p-29314.html HTTP/1.0" 200 83788 "-" "Mozilla/5.0 (compatible; VelenPublicWebCrawler/1.0; +https://velen.io)"
34.76.224.74 - - [24/Dec/2023:05:19:46 +0100] "GET /calavera-yellow-beauty-nail-p-29315.html HTTP/1.0" 200 83809 "-" "Mozilla/5.0 (compatible; VelenPublicWebCrawler/1.0; +https://velen.io)"
84.46.255.143 - - [24/Dec/2023:05:19:47 +0100] "GET /-p-15926.html HTTP/1.0" 200 81263 "-" "Mozilla/5.0 (compatible; MJ12bot/v1.4.8; http://mj12bot.com/)"
34.76.224.74 - - [24/Dec/2023:05:19:49 +0100] "GET /betty-boop-beauty-nail-p-37041.html HTTP/1.0" 200 83877 "-" "Mozilla/5.0 (compatible; VelenPublicWebCrawler/1.0; +https://velen.io)"
54.36.148.113 - - [24/Dec/2023:05:19:50 +0100] "GET /winnie-pooh-yellow-swimsuit-p-30253.html HTTP/1.0" 200 85121 "-" "Mozilla/5.0 (compatible; AhrefsBot/7.0; +http://ahrefs.com/robot/)"
84.46.255.143 - - [24/Dec/2023:05:19:53 +0100] "GET /-p-1599.html HTTP/1.0" 200 81261 "-" "Mozilla/5.0 (compatible; MJ12bot/v1.4.8; http://mj12bot.com/)"
34.76.224.74 - - [24/Dec/2023:05:19:53 +0100] "GET /butterflies-makeup-accessories-p-28913.html HTTP/1.0" 200 83763 "-" "Mozilla/5.0 (compatible; VelenPublicWebCrawler/1.0; +https://velen.io)"
217.182.134.134 - - [24/Dec/2023:05:19:54 +0100] "GET /-p-25244.html HTTP/1.0" 200 81263 "-" "Mozilla/5.0 (compatible; MJ12bot/v1.4.8; http://mj12bot.com/)"
34.76.224.74 - - [24/Dec/2023:05:19:56 +0100] "GET /green-beauty-nail-p-28907.html HTTP/1.0" 200 83737 "-" "Mozilla/5.0 (compatible; VelenPublicWebCrawler/1.0; +https://velen.io)"
114.119.135.233 - - [24/Dec/2023:05:19:59 +0100] "GET /images/big_prod_1/3784276294697B.jpg HTTP/1.0" 200 271 "http://www.wonder-geek.com/johnny-hallyday-mouse-pad-p-10931.html" "Mozilla/5.0 (Linux; Android 7.0;) AppleWebKit/537.36 (KHTML, like Gecko) Mobile Safari/537.36 (compatible; PetalBot;+https://webmaster.petalsearch.com/site/petalbot)"
84.46.255.143 - - [24/Dec/2023:05:19:59 +0100] "GET /-p-1600.html HTTP/1.0" 200 81261 "-" "Mozilla/5.0 (compatible; MJ12bot/v1.4.8; http://mj12bot.com/)"
34.76.224.74 - - [24/Dec/2023:05:20:00 +0100] "GET /pink-beauty-nail-p-28912.html HTTP/1.0" 200 83720 "-" "Mozilla/5.0 (compatible; VelenPublicWebCrawler/1.0; +https://velen.io)"
185.229.119.130 - - [24/Dec/2023:05:20:04 +0100] "GET /kimmidoll-dolls-p-46135.html HTTP/1.0" 200 81344 "-" "Mozilla/5.0 (compatible; MJ12bot/v1.4.8; http://mj12bot.com/)"
34.76.224.74 - - [24/Dec/2023:05:20:07 +0100] "GET /paris-beauty-nail-p-34520.html HTTP/1.0" 200 83806 "-" "Mozilla/5.0 (compatible; VelenPublicWebCrawler/1.0; +https://velen.io)"
34.76.224.74 - - [24/Dec/2023:05:20:10 +0100] "GET /black-fancy-elastic-bracelet-p-43719.html HTTP/1.0" 200 83621 "-" "Mozilla/5.0 (compatible; VelenPublicWebCrawler/1.0; +https://velen.io)"
217.182.134.134 - - [24/Dec/2023:05:20:12 +0100] "GET /-p-25274.html HTTP/1.0" 200 81263 "-" "Mozilla/5.0 (compatible; MJ12bot/v1.4.8; http://mj12bot.com/)"
34.76.224.74 - - [24/Dec/2023:05:20:14 +0100] "GET /black-fancy-elastic-bracelet-p-43720.html HTTP/1.0" 200 83617 "-" "Mozilla/5.0 (compatible; VelenPublicWebCrawler/1.0; +https://velen.io)"
34.76.224.74 - - [24/Dec/2023:05:20:18 +0100] "GET /black-fancy-elastic-bracelet-p-43721.html HTTP/1.0" 200 83617 "-" "Mozilla/5.0 (compatible; VelenPublicWebCrawler/1.0; +https://velen.io)"
84.46.255.143 - - [24/Dec/2023:05:20:20 +0100] "GET /-p-16002.html HTTP/1.0" 200 81263 "-" "Mozilla/5.0 (compatible; MJ12bot/v1.4.8; http://mj12bot.com/)"
34.76.224.74 - - [24/Dec/2023:05:20:21 +0100] "GET /black-fancy-elastic-bracelet-p-43722.html HTTP/1.0" 200 83617 "-" "Mozilla/5.0 (compatible; VelenPublicWebCrawler/1.0; +https://velen.io)"
185.229.119.130 - - [24/Dec/2023:05:20:20 +0100] "GET /kimmidoll-glasses-case-p-46142.html HTTP/1.0" 301 81330 "-" "Mozilla/5.0 (compatible; MJ12bot/v1.4.8; http://mj12bot.com/)"
34.76.224.74 - - [24/Dec/2023:05:20:25 +0100] "GET /black-fancy-elastic-bracelet-p-43723.html HTTP/1.0" 200 83617 "-" "Mozilla/5.0 (compatible; VelenPublicWebCrawler/1.0; +https://velen.io)"
34.76.224.74 - - [24/Dec/2023:05:20:28 +0100] "GET /black-fancy-elastic-bracelet-p-43724.html HTTP/1.0" 200 83617 "-" "Mozilla/5.0 (compatible; VelenPublicWebCrawler/1.0; +https://velen.io)"
84.46.255.143 - - [24/Dec/2023:05:20:31 +0100] "GET /-p-1601.html HTTP/1.0" 200 81261 "-" "Mozilla/5.0 (compatible; MJ12bot/v1.4.8; http://mj12bot.com/)"
34.76.224.74 - - [24/Dec/2023:05:20:32 +0100] "GET /black-fancy-elastic-bracelet-p-43725.html HTTP/1.0" 200 83621 "-" "Mozilla/5.0 (compatible; VelenPublicWebCrawler/1.0; +https://velen.io)"
217.182.134.134 - - [24/Dec/2023:05:20:33 +0100] "GET /-p-25275.html HTTP/1.0" 200 81263 "-" "Mozilla/5.0 (compatible; MJ12bot/v1.4.8; http://mj12bot.com/)"
34.76.224.74 - - [24/Dec/2023:05:20:35 +0100] "GET /black-fancy-elastic-bracelet-p-43726.html HTTP/1.0" 200 83617 "-" "Mozilla/5.0 (compatible; VelenPublicWebCrawler/1.0; +https://velen.io)"
34.76.224.74 - - [24/Dec/2023:05:20:38 +0100] "GET /black-fancy-elastic-bracelet-p-43727.html HTTP/1.0" 200 83621 "-" "Mozilla/5.0 (compatible; VelenPublicWebCrawler/1.0; +https://velen.io)"
54.36.148.138 - - [24/Dec/2023:05:20:40 +0100] "GET /cocktail-sticks-amis-p-47138.html HTTP/1.0" 200 83805 "-" "Mozilla/5.0 (compatible; AhrefsBot/7.0; +http://ahrefs.com/robot/)"
185.229.119.130 - - [24/Dec/2023:05:20:41 +0100] "GET /-p-46142.html HTTP/1.0" 200 81263 "-" "Mozilla/5.0 (compatible; MJ12bot/v1.4.8; http://mj12bot.com/)"
34.76.224.74 - - [24/Dec/2023:05:20:42 +0100] "GET /black-fancy-elastic-bracelet-p-43728.html HTTP/1.0" 200 83617 "-" "Mozilla/5.0 (compatible; VelenPublicWebCrawler/1.0; +https://velen.io)"
84.46.255.143 - - [24/Dec/2023:05:20:44 +0100] "GET /-p-16042.html HTTP/1.0" 200 81263 "-" "Mozilla/5.0 (compatible; MJ12bot/v1.4.8; http://mj12bot.com/)"
34.76.224.74 - - [24/Dec/2023:05:20:46 +0100] "GET /black-fancy-elastic-bracelet-p-43729.html HTTP/1.0" 200 83617 "-" "Mozilla/5.0 (compatible; VelenPublicWebCrawler/1.0; +https://velen.io)"
34.76.224.74 - - [24/Dec/2023:05:20:49 +0100] "GET /black-fancy-elastic-bracelet-p-43730.html HTTP/1.0" 200 83617 "-" "Mozilla/5.0 (compatible; VelenPublicWebCrawler/1.0; +https://velen.io)"
34.76.224.74 - - [24/Dec/2023:05:20:52 +0100] "GET /buddhist-bracelet-wooden-beads-beige-p-37669.html HTTP/1.0" 200 83674 "-" "Mozilla/5.0 (compatible; VelenPublicWebCrawler/1.0; +https://velen.io)"
84.46.255.143 - - [24/Dec/2023:05:20:54 +0100] "GET /-p-1606.html HTTP/1.0" 200 81261 "-" "Mozilla/5.0 (compatible; MJ12bot/v1.4.8; http://mj12bot.com/)"
34.76.224.74 - - [24/Dec/2023:05:20:56 +0100] "GET /buddhist-bracelet-wooden-beads-black-p-37664.html HTTP/1.0" 200 83674 "-" "Mozilla/5.0 (compatible; VelenPublicWebCrawler/1.0; +https://velen.io)"
217.182.134.134 - - [24/Dec/2023:05:20:56 +0100] "GET /-p-25276.html HTTP/1.0" 200 81263 "-" "Mozilla/5.0 (compatible; MJ12bot/v1.4.8; http://mj12bot.com/)"
34.76.224.74 - - [24/Dec/2023:05:20:59 +0100] "GET /buddhist-bracelet-wooden-beads-blue-p-37671.html HTTP/1.0" 200 83669 "-" "Mozilla/5.0 (compatible; VelenPublicWebCrawler/1.0; +https://velen.io)"
34.76.224.74 - - [24/Dec/2023:05:21:02 +0100] "GET /buddhist-bracelet-wooden-beads-brown-p-37666.html HTTP/1.0" 200 83675 "-" "Mozilla/5.0 (compatible; VelenPublicWebCrawler/1.0; +https://velen.io)"
185.229.119.130 - - [24/Dec/2023:05:21:05 +0100] "GET /kitchen-adult-apron-p-38758.html HTTP/1.0" 301 81330 "-" "Mozilla/5.0 (compatible; MJ12bot/v1.4.8; http://mj12bot.com/)"
34.76.224.74 - - [24/Dec/2023:05:21:06 +0100] "GET /buddhist-bracelet-wooden-beads-grey-p-37665.html HTTP/1.0" 200 83670 "-" "Mozilla/5.0 (compatible; VelenPublicWebCrawler/1.0; +https://velen.io)"
84.46.255.143 - - [24/Dec/2023:05:21:07 +0100] "GET /-p-16061.html HTTP/1.0" 200 81263 "-" "Mozilla/5.0 (compatible; MJ12bot/v1.4.8; http://mj12bot.com/)"
34.76.224.74 - - [24/Dec/2023:05:21:10 +0100] "GET /buddhist-bracelet-wooden-beads-orange-p-37668.html HTTP/1.0" 200 83679 "-" "Mozilla/5.0 (compatible; VelenPublicWebCrawler/1.0; +https://velen.io)"
85.208.96.198 - - [24/Dec/2023:05:21:13 +0100] "GET /robots.txt HTTP/1.0" 200 245 "-" "Mozilla/5.0 (compatible; SemrushBot/7~bl; +http://www.semrush.com/bot.html)"
114.119.128.10 - - [24/Dec/2023:05:21:13 +0100] "GET /images/big_prod_1/3700281673982B.jpg HTTP/1.0" 200 271 "http://www.wonder-geek.com/moroccan-ceramic-ashtray-p-59531.html" "Mozilla/5.0 (Linux; Android 7.0;) AppleWebKit/537.36 (KHTML, like Gecko) Mobile Safari/537.36 (compatible; PetalBot;+https://webmaster.petalsearch.com/site/petalbot)"
85.208.96.202 - - [24/Dec/2023:05:21:13 +0100] "GET /glass-ashtray-p-55743.html HTTP/1.0" 200 83643 "-" "Mozilla/5.0 (compatible; SemrushBot/7~bl; +http://www.semrush.com/bot.html)"
34.76.224.74 - - [24/Dec/2023:05:21:13 +0100] "GET /buddhist-bracelet-wooden-beads-p-37667.html HTTP/1.0" 200 83656 "-" "Mozilla/5.0 (compatible; VelenPublicWebCrawler/1.0; +https://velen.io)"
185.229.119.130 - - [24/Dec/2023:05:21:15 +0100] "GET /-p-38758.html HTTP/1.0" 200 81263 "-" "Mozilla/5.0 (compatible; MJ12bot/v1.4.8; http://mj12bot.com/)"
217.182.134.134 - - [24/Dec/2023:05:21:16 +0100] "GET /-p-25277.html HTTP/1.0" 200 81263 "-" "Mozilla/5.0 (compatible; MJ12bot/v1.4.8; http://mj12bot.com/)"
34.76.224.74 - - [24/Dec/2023:05:21:16 +0100] "GET /buddhist-bracelet-wooden-beads-purple-p-37670.html HTTP/1.0" 200 83680 "-" "Mozilla/5.0 (compatible; VelenPublicWebCrawler/1.0; +https://velen.io)"
84.46.255.143 - - [24/Dec/2023:05:21:20 +0100] "GET /-p-1607.html HTTP/1.0" 200 81261 "-" "Mozilla/5.0 (compatible; MJ12bot/v1.4.8; http://mj12bot.com/)"
34.76.224.74 - - [24/Dec/2023:05:21:21 +0100] "GET /retro-blue-eyeglass-case-p-30017.html HTTP/1.0" 200 83713 "-" "Mozilla/5.0 (compatible; VelenPublicWebCrawler/1.0; +https://velen.io)"
34.76.224.74 - - [24/Dec/2023:05:21:24 +0100] "GET /retro-pink-eyeglass-case-p-30019.html HTTP/1.0" 200 83713 "-" "Mozilla/5.0 (compatible; VelenPublicWebCrawler/1.0; +https://velen.io)"
34.76.224.74 - - [24/Dec/2023:05:21:27 +0100] "GET /retro-pink-eyeglass-case-p-30022.html HTTP/1.0" 200 83688 "-" "Mozilla/5.0 (compatible; VelenPublicWebCrawler/1.0; +https://velen.io)"
34.76.224.74 - - [24/Dec/2023:05:21:31 +0100] "GET /lentil-case-p-47534.html HTTP/1.0" 200 84225 "-" "Mozilla/5.0 (compatible; VelenPublicWebCrawler/1.0; +https://velen.io)"
185.229.119.130 - - [24/Dec/2023:05:21:32 +0100] "GET /laissez-lucie-faire-phenix-glasses-box-p-42669.html HTTP/1.0" 301 83916 "-" "Mozilla/5.0 (compatible; MJ12bot/v1.4.8; http://mj12bot.com/)"
34.76.224.74 - - [24/Dec/2023:05:21:35 +0100] "GET /forest-friends-glasses-case-racoons-p-51862.html HTTP/1.0" 200 85130 "-" "Mozilla/5.0 (compatible; VelenPublicWebCrawler/1.0; +https://velen.io)"
13.89.106.77 - - [24/Dec/2023:05:21:36 +0100] "GET /images/1399984242650.jpg HTTP/1.0" 200 259 "-" "DuckDuckBot/1.1; (+http://duckduckgo.com/duckduckbot.html)"
217.182.134.134 - - [24/Dec/2023:05:21:37 +0100] "GET /-p-25347.html HTTP/1.0" 200 81263 "-" "Mozilla/5.0 (compatible; MJ12bot/v1.4.8; http://mj12bot.com/)"
54.36.148.58 - - [24/Dec/2023:05:21:37 +0100] "GET /black-gold-ciment-flower-p-60826.html HTTP/1.0" 200 84461 "-" "Mozilla/5.0 (compatible; AhrefsBot/7.0; +http://ahrefs.com/robot/)"
84.46.255.143 - - [24/Dec/2023:05:21:37 +0100] "GET /-p-16071.html HTTP/1.0" 200 81263 "-" "Mozilla/5.0 (compatible; MJ12bot/v1.4.8; http://mj12bot.com/)"
34.76.224.74 - - [24/Dec/2023:05:21:39 +0100] "GET /little-buddha-glasses-case-green-p-50253.html HTTP/1.0" 200 84373 "-" "Mozilla/5.0 (compatible; VelenPublicWebCrawler/1.0; +https://velen.io)"
54.36.148.96 - - [24/Dec/2023:05:21:41 +0100] "GET /home-and-decoration-c-13.html?page=171 HTTP/1.0" 301 94099 "-" "Mozilla/5.0 (compatible; AhrefsBot/7.0; +http://ahrefs.com/robot/)"
34.76.224.74 - - [24/Dec/2023:05:21:43 +0100] "GET /little-buddha-glasses-case-p-53303.html HTTP/1.0" 200 83716 "-" "Mozilla/5.0 (compatible; VelenPublicWebCrawler/1.0; +https://velen.io)"
34.76.224.74 - - [24/Dec/2023:05:21:46 +0100] "GET /little-buddha-glasses-case-p-53304.html HTTP/1.0" 200 83716 "-" "Mozilla/5.0 (compatible; VelenPublicWebCrawler/1.0; +https://velen.io)"
34.76.224.74 - - [24/Dec/2023:05:21:50 +0100] "GET /little-buddha-glasses-case-p-53306.html HTTP/1.0" 200 83716 "-" "Mozilla/5.0 (compatible; VelenPublicWebCrawler/1.0; +https://velen.io)"
84.46.255.143 - - [24/Dec/2023:05:21:52 +0100] "GET /-p-1610.html HTTP/1.0" 200 81261 "-" "Mozilla/5.0 (compatible; MJ12bot/v1.4.8; http://mj12bot.com/)"
34.76.224.74 - - [24/Dec/2023:05:21:53 +0100] "GET /little-buddha-glasses-case-pink-p-50255.html HTTP/1.0" 200 84366 "-" "Mozilla/5.0 (compatible; VelenPublicWebCrawler/1.0; +https://velen.io)"
217.182.134.134 - - [24/Dec/2023:05:21:54 +0100] "GET /-p-25610.html HTTP/1.0" 200 81263 "-" "Mozilla/5.0 (compatible; MJ12bot/v1.4.8; http://mj12bot.com/)"
34.76.224.74 - - [24/Dec/2023:05:21:56 +0100] "GET /mani-lucky-glasses-case-p-42404.html HTTP/1.0" 200 84348 "-" "Mozilla/5.0 (compatible; VelenPublicWebCrawler/1.0; +https://velen.io)"
185.229.119.130 - - [24/Dec/2023:05:21:58 +0100] "GET /laissez-lucie-faire-phenix-glasses-p-42669.html HTTP/1.0" 200 83815 "-" "Mozilla/5.0 (compatible; MJ12bot/v1.4.8; http://mj12bot.com/)"
34.76.224.74 - - [24/Dec/2023:05:22:00 +0100] "GET /mani-lucky-glasses-case-p-49902.html HTTP/1.0" 200 83733 "-" "Mozilla/5.0 (compatible; VelenPublicWebCrawler/1.0; +https://velen.io)"
34.76.224.74 - - [24/Dec/2023:05:22:03 +0100] "GET /mani-lucky-glasses-case-p-49903.html HTTP/1.0" 200 83733 "-" "Mozilla/5.0 (compatible; VelenPublicWebCrawler/1.0; +https://velen.io)"
34.76.224.74 - - [24/Dec/2023:05:22:06 +0100] "GET /cachez-jolis-yeux-glasses-p-41488.html HTTP/1.0" 200 83745 "-" "Mozilla/5.0 (compatible; VelenPublicWebCrawler/1.0; +https://velen.io)"
51.68.224.127 - - [24/Dec/2023:05:22:08 +0100] "GET /adminweb/export_orders_xml.php?token=256de2z6edz6ed2z6DFSFsed2zed6zeDSFDSGdzedezfzf&maxorders=10&orderstart=1&status=14&start_date=2018-10-01 HTTP/1.0" 200 285 "-" "GesCom CharlotteBoutik Serveur"
84.46.255.143 - - [24/Dec/2023:05:22:07 +0100] "GET /-p-16108.html HTTP/1.0" 200 81263 "-" "Mozilla/5.0 (compatible; MJ12bot/v1.4.8; http://mj12bot.com/)"
51.68.224.127 - - [24/Dec/2023:05:22:08 +0100] "GET /adminweb/export_orders_xml.php?token=256de2z6edz6ed2z6DFSFsed2zed6zeDSFDSGdzedezfzf&maxorders=10&orderstart=1&status=6&start_date=2018-10-01 HTTP/1.0" 200 34422 "-" "GesCom CharlotteBoutik Serveur"
34.76.224.74 - - [24/Dec/2023:05:22:09 +0100] "GET /wise-wings-glasses-case-p-51857.html HTTP/1.0" 200 84023 "-" "Mozilla/5.0 (compatible; VelenPublicWebCrawler/1.0; +https://velen.io)"
34.76.224.74 - - [24/Dec/2023:05:22:13 +0100] "GET /wise-wings-glasses-case-p-51858.html HTTP/1.0" 200 84622 "-" "Mozilla/5.0 (compatible; VelenPublicWebCrawler/1.0; +https://velen.io)"
185.229.119.130 - - [24/Dec/2023:05:22:14 +0100] "GET /laissez-lucie-faire-phenix-glasses-p-42669.html HTTP/1.0" 200 83815 "-" "Mozilla/5.0 (compatible; MJ12bot/v1.4.8; http://mj12bot.com/)"
34.76.224.74 - - [24/Dec/2023:05:22:16 +0100] "GET /wise-wings-glasses-case-p-51859.html HTTP/1.0" 200 84023 "-" "Mozilla/5.0 (compatible; VelenPublicWebCrawler/1.0; +https://velen.io)"
217.182.134.134 - - [24/Dec/2023:05:22:18 +0100] "GET /-p-25612.html HTTP/1.0" 200 81263 "-" "Mozilla/5.0 (compatible; MJ12bot/v1.4.8; http://mj12bot.com/)"
34.76.224.74 - - [24/Dec/2023:05:22:20 +0100] "GET /klimt-eyeglass-case-p-51198.html HTTP/1.0" 200 83614 "-" "Mozilla/5.0 (compatible; VelenPublicWebCrawler/1.0; +https://velen.io)"
54.36.149.102 - - [24/Dec/2023:05:22:20 +0100] "GET /gorjuss-the-hatter-shopping-bag-p-48416.html HTTP/1.0" 301 81330 "-" "Mozilla/5.0 (compatible; AhrefsBot/7.0; +http://ahrefs.com/robot/)"
34.76.224.74 - - [24/Dec/2023:05:22:23 +0100] "GET /klimt-eyeglass-case-p-51199.html HTTP/1.0" 200 83614 "-" "Mozilla/5.0 (compatible; VelenPublicWebCrawler/1.0; +https://velen.io)"
84.46.255.143 - - [24/Dec/2023:05:22:25 +0100] "GET /-p-16116.html HTTP/1.0" 200 81263 "-" "Mozilla/5.0 (compatible; MJ12bot/v1.4.8; http://mj12bot.com/)"
34.76.224.74 - - [24/Dec/2023:05:22:27 +0100] "GET /klimt-eyeglass-case-p-51200.html HTTP/1.0" 200 83614 "-" "Mozilla/5.0 (compatible; VelenPublicWebCrawler/1.0; +https://velen.io)"
34.76.224.74 - - [24/Dec/2023:05:22:30 +0100] "GET /head-wallet-model-p-39434.html HTTP/1.0" 200 83635 "-" "Mozilla/5.0 (compatible; VelenPublicWebCrawler/1.0; +https://velen.io)"
185.229.119.130 - - [24/Dec/2023:05:22:32 +0100] "GET /lantern-black-clock-p-45672.html HTTP/1.0" 200 81337 "-" "Mozilla/5.0 (compatible; MJ12bot/v1.4.8; http://mj12bot.com/)"
