54.36.149.14 - - [24/Dec/2023:05:22:33 +0100] "GET /fragrances-ambiance-c-231.html?page=7 HTTP/1.0" 200 103587 "-" "Mozilla/5.0 (compatible; AhrefsBot/7.0; +http://ahrefs.com/robot/)"
34.76.224.74 - - [24/Dec/2023:05:22:34 +0100] "GET /head-wallet-model-p-39435.html HTTP/1.0" 200 83636 "-" "Mozilla/5.0 (compatible; VelenPublicWebCrawler/1.0; +https://velen.io)"
34.76.224.74 - - [24/Dec/2023:05:22:38 +0100] "GET /head-wallet-model-p-39436.html HTTP/1.0" 200 83635 "-" "Mozilla/5.0 (compatible; VelenPublicWebCrawler/1.0; +https://velen.io)"
34.76.224.74 - - [24/Dec/2023:05:22:41 +0100] "GET /head-wallet-model-p-39437.html HTTP/1.0" 200 83640 "-" "Mozilla/5.0 (compatible; VelenPublicWebCrawler/1.0; +https://velen.io)"
217.182.134.134 - - [24/Dec/2023:05:22:44 +0100] "GET /-p-25660.html HTTP/1.0" 200 81263 "-" "Mozilla/5.0 (compatible; MJ12bot/v1.4.8; http://mj12bot.com/)"
34.76.224.74 - - [24/Dec/2023:05:22:44 +0100] "GET /head-wallet-model-p-39438.html HTTP/1.0" 200 83635 "-" "Mozilla/5.0 (compatible; VelenPublicWebCrawler/1.0; +https://velen.io)"
185.229.119.130 - - [24/Dec/2023:05:22:47 +0100] "GET /large-bag-teo-jasmin-marley-p-41279.html HTTP/1.0" 301 83931 "-" "Mozilla/5.0 (compatible; MJ12bot/v1.4.8; http://mj12bot.com/)"
34.76.224.74 - - [24/Dec/2023:05:22:48 +0100] "GET /head-wallet-model-p-39439.html HTTP/1.0" 200 83635 "-" "Mozilla/5.0 (compatible; VelenPublicWebCrawler/1.0; +https://velen.io)"
84.46.255.143 - - [24/Dec/2023:05:22:48 +0100] "GET /-p-16133.html HTTP/1.0" 200 81263 "-" "Mozilla/5.0 (compatible; MJ12bot/v1.4.8; http://mj12bot.com/)"
34.76.224.74 - - [24/Dec/2023:05:22:51 +0100] "GET /head-wallet-model-p-39440.html HTTP/1.0" 200 83635 "-" "Mozilla/5.0 (compatible; VelenPublicWebCrawler/1.0; +https://velen.io)"
34.76.224.74 - - [24/Dec/2023:05:22:54 +0100] "GET /head-wallet-model-p-39441.html HTTP/1.0" 200 83636 "-" "Mozilla/5.0 (compatible; VelenPublicWebCrawler/1.0; +https://velen.io)"
34.76.224.74 - - [24/Dec/2023:05:22:58 +0100] "GET /head-wallet-model-p-39442.html HTTP/1.0" 200 83635 "-" "Mozilla/5.0 (compatible; VelenPublicWebCrawler/1.0; +https://velen.io)"
34.76.224.74 - - [24/Dec/2023:05:23:02 +0100] "GET /head-wallet-model-p-39443.html HTTP/1.0" 200 83635 "-" "Mozilla/5.0 (compatible; VelenPublicWebCrawler/1.0; +https://velen.io)"
217.182.134.134 - - [24/Dec/2023:05:23:02 +0100] "GET /-p-25663.html HTTP/1.0" 200 81263 "-" "Mozilla/5.0 (compatible; MJ12bot/v1.4.8; http://mj12bot.com/)"
185.229.119.130 - - [24/Dec/2023:05:23:02 +0100] "GET /large-jasmin-marley-p-41279.html HTTP/1.0" 200 83845 "-" "Mozilla/5.0 (compatible; MJ12bot/v1.4.8; http://mj12bot.com/)"
84.46.255.143 - - [24/Dec/2023:05:23:04 +0100] "GET /-p-16135.html HTTP/1.0" 200 81263 "-" "Mozilla/5.0 (compatible; MJ12bot/v1.4.8; http://mj12bot.com/)"
52.167.144.24 - - [24/Dec/2023:05:23:05 +0100] "GET /wunzees-doll-series-kiki-p-45123.html HTTP/1.0" 200 81361 "-" "Mozilla/5.0 AppleWebKit/537.36 (KHTML, like Gecko; compatible; bingbot/2.0; +http://www.bing.com/bingbot.htm) Chrome/116.0.1938.76 Safari/537.36"
34.76.224.74 - - [24/Dec/2023:05:23:05 +0100] "GET /allen-decorated-cotton-coin-purse-koala-p-58305.html HTTP/1.0" 200 84446 "-" "Mozilla/5.0 (compatible; VelenPublicWebCrawler/1.0; +https://velen.io)"
34.76.224.74 - - [24/Dec/2023:05:23:09 +0100] "GET /allen-decorated-cotton-coin-purse-p-58302.html HTTP/1.0" 200 84439 "-" "Mozilla/5.0 (compatible; VelenPublicWebCrawler/1.0; +https://velen.io)"
34.76.224.74 - - [24/Dec/2023:05:23:12 +0100] "GET /allen-decorated-cotton-coin-purse-p-58304.html HTTP/1.0" 200 84424 "-" "Mozilla/5.0 (compatible; VelenPublicWebCrawler/1.0; +https://velen.io)"
34.76.224.74 - - [24/Dec/2023:05:23:16 +0100] "GET /allen-decorated-cotton-coin-purse-flamingo-p-58303.html HTTP/1.0" 200 84447 "-" "Mozilla/5.0 (compatible; VelenPublicWebCrawler/1.0; +https://velen.io)"
34.76.224.74 - - [24/Dec/2023:05:23:20 +0100] "GET /head-wallet-model-p-39444.html HTTP/1.0" 200 83636 "-" "Mozilla/5.0 (compatible; VelenPublicWebCrawler/1.0; +https://velen.io)"
34.76.224.74 - - [24/Dec/2023:05:23:23 +0100] "GET /head-wallet-model-p-39445.html HTTP/1.0" 200 83636 "-" "Mozilla/5.0 (compatible; VelenPublicWebCrawler/1.0; +https://velen.io)"
217.182.134.134 - - [24/Dec/2023:05:23:24 +0100] "GET /-p-25765.html HTTP/1.0" 200 81263 "-" "Mozilla/5.0 (compatible; MJ12bot/v1.4.8; http://mj12bot.com/)"
216.228.125.130 - - [24/Dec/2023:05:23:26 +0100] "GET /images/mini_prod/1399984264287.jpg HTTP/1.0" 200 269 "-" "Mozilla/5.0 (X11; Ubuntu; Linux x86_64; rv:72.0) Gecko/20100101 Firefox/72.0"
84.46.255.143 - - [24/Dec/2023:05:23:25 +0100] "GET /-p-16136.html HTTP/1.0" 200 81263 "-" "Mozilla/5.0 (compatible; MJ12bot/v1.4.8; http://mj12bot.com/)"
34.76.224.74 - - [24/Dec/2023:05:23:26 +0100] "GET /over-purse-michelle-allen-p-53362.html HTTP/1.0" 200 83734 "-" "Mozilla/5.0 (compatible; VelenPublicWebCrawler/1.0; +https://velen.io)"
54.36.148.65 - - [24/Dec/2023:05:23:26 +0100] "GET /charmmy-kitty-large-cosmetic-p-26752.html HTTP/1.0" 200 83873 "-" "Mozilla/5.0 (compatible; AhrefsBot/7.0; +http://ahrefs.com/robot/)"
185.229.119.130 - - [24/Dec/2023:05:23:29 +0100] "GET /large-bag-teo-jasmin-stardust-p-41278.html HTTP/1.0" 301 81330 "-" "Mozilla/5.0 (compatible; MJ12bot/v1.4.8; http://mj12bot.com/)"
34.76.224.74 - - [24/Dec/2023:05:23:30 +0100] "GET /coin-purse-p-29980.html HTTP/1.0" 200 83594 "-" "Mozilla/5.0 (compatible; VelenPublicWebCrawler/1.0; +https://velen.io)"
34.76.224.74 - - [24/Dec/2023:05:23:33 +0100] "GET /read-purse-michelle-allen-p-53361.html HTTP/1.0" 200 83721 "-" "Mozilla/5.0 (compatible; VelenPublicWebCrawler/1.0; +https://velen.io)"
34.76.224.74 - - [24/Dec/2023:05:23:37 +0100] "GET /chill-purse-michelle-allen-p-53359.html HTTP/1.0" 200 83729 "-" "Mozilla/5.0 (compatible; VelenPublicWebCrawler/1.0; +https://velen.io)"
34.76.224.74 - - [24/Dec/2023:05:23:40 +0100] "GET /small-cool-lunch-tour-france-p-51683.html HTTP/1.0" 200 83869 "-" "Mozilla/5.0 (compatible; VelenPublicWebCrawler/1.0; +https://velen.io)"
217.182.134.134 - - [24/Dec/2023:05:23:43 +0100] "GET /-p-2582.html HTTP/1.0" 200 81261 "-" "Mozilla/5.0 (compatible; MJ12bot/v1.4.8; http://mj12bot.com/)"
34.76.224.74 - - [24/Dec/2023:05:23:43 +0100] "GET /small-cool-lunch-tour-france-p-54354.html HTTP/1.0" 200 83869 "-" "Mozilla/5.0 (compatible; VelenPublicWebCrawler/1.0; +https://velen.io)"
34.76.224.74 - - [24/Dec/2023:05:23:47 +0100] "GET /small-cool-allen-p-48517.html HTTP/1.0" 200 84303 "-" "Mozilla/5.0 (compatible; VelenPublicWebCrawler/1.0; +https://velen.io)"
185.229.119.130 - - [24/Dec/2023:05:23:47 +0100] "GET /-p-41278.html HTTP/1.0" 200 81263 "-" "Mozilla/5.0 (compatible; MJ12bot/v1.4.8; http://mj12bot.com/)"
84.46.255.143 - - [24/Dec/2023:05:23:49 +0100] "GET /-p-16163.html HTTP/1.0" 200 81263 "-" "Mozilla/5.0 (compatible; MJ12bot/v1.4.8; http://mj12bot.com/)"
34.76.224.74 - - [24/Dec/2023:05:23:50 +0100] "GET /carlin-pink-woven-cool-lunch-p-34158.html HTTP/1.0" 200 83771 "-" "Mozilla/5.0 (compatible; VelenPublicWebCrawler/1.0; +https://velen.io)"
34.76.224.74 - - [24/Dec/2023:05:23:54 +0100] "GET /kiub-parisian-cool-p-61422.html HTTP/1.0" 200 83718 "-" "Mozilla/5.0 (compatible; VelenPublicWebCrawler/1.0; +https://velen.io)"
34.76.224.74 - - [24/Dec/2023:05:23:57 +0100] "GET /kiub-collection-cats-cool-p-57957.html HTTP/1.0" 200 84572 "-" "Mozilla/5.0 (compatible; VelenPublicWebCrawler/1.0; +https://velen.io)"
34.76.224.74 - - [24/Dec/2023:05:24:00 +0100] "GET /small-insulated-snack-little-prince-kiub-p-60859.html HTTP/1.0" 200 84640 "-" "Mozilla/5.0 (compatible; VelenPublicWebCrawler/1.0; +https://velen.io)"
34.76.224.74 - - [24/Dec/2023:05:24:03 +0100] "GET /small-insulated-snack-little-prince-kiub-p-60860.html HTTP/1.0" 200 84640 "-" "Mozilla/5.0 (compatible; VelenPublicWebCrawler/1.0; +https://velen.io)"
217.182.134.134 - - [24/Dec/2023:05:24:04 +0100] "GET /-p-26016.html HTTP/1.0" 200 81263 "-" "Mozilla/5.0 (compatible; MJ12bot/v1.4.8; http://mj12bot.com/)"
34.76.224.74 - - [24/Dec/2023:05:24:07 +0100] "GET /kiub-collection-jewels-cool-p-57955.html HTTP/1.0" 200 84537 "-" "Mozilla/5.0 (compatible; VelenPublicWebCrawler/1.0; +https://velen.io)"
185.229.119.130 - - [24/Dec/2023:05:24:09 +0100] "GET /large-bowl-p-40457.html HTTP/1.0" 301 81330 "-" "Mozilla/5.0 (compatible; MJ12bot/v1.4.8; http://mj12bot.com/)"
34.76.224.74 - - [24/Dec/2023:05:24:10 +0100] "GET /kiub-collection-cool-p-57315.html HTTP/1.0" 200 84652 "-" "Mozilla/5.0 (compatible; VelenPublicWebCrawler/1.0; +https://velen.io)"
84.46.255.143 - - [24/Dec/2023:05:24:12 +0100] "GET /-p-16178.html HTTP/1.0" 200 81263 "-" "Mozilla/5.0 (compatible; MJ12bot/v1.4.8; http://mj12bot.com/)"
34.76.224.74 - - [24/Dec/2023:05:24:13 +0100] "GET /kiub-collection-cats-cool-p-57314.html HTTP/1.0" 200 83820 "-" "Mozilla/5.0 (compatible; VelenPublicWebCrawler/1.0; +https://velen.io)"
34.76.224.74 - - [24/Dec/2023:05:24:17 +0100] "GET /kiub-collection-cats-cool-p-61421.html HTTP/1.0" 200 83822 "-" "Mozilla/5.0 (compatible; VelenPublicWebCrawler/1.0; +https://velen.io)"
54.36.149.33 - - [24/Dec/2023:05:24:20 +0100] "GET /marley-green-alarm-clock-p-14117.html HTTP/1.0" 200 84300 "-" "Mozilla/5.0 (compatible; AhrefsBot/7.0; +http://ahrefs.com/robot/)"
34.76.224.74 - - [24/Dec/2023:05:24:20 +0100] "GET /kiub-collection-little-prince-cool-p-60605.html HTTP/1.0" 200 84505 "-" "Mozilla/5.0 (compatible; VelenPublicWebCrawler/1.0; +https://velen.io)"
34.76.224.74 - - [24/Dec/2023:05:24:24 +0100] "GET /kiub-collection-squirrel-cool-p-59058.html HTTP/1.0" 200 84423 "-" "Mozilla/5.0 (compatible; VelenPublicWebCrawler/1.0; +https://velen.io)"
217.182.134.134 - - [24/Dec/2023:05:24:25 +0100] "GET /-p-26159.html HTTP/1.0" 200 81263 "-" "Mozilla/5.0 (compatible; MJ12bot/v1.4.8; http://mj12bot.com/)"
34.76.224.74 - - [24/Dec/2023:05:24:27 +0100] "GET /kiub-collection-cats-cool-p-60858.html HTTP/1.0" 200 84423 "-" "Mozilla/5.0 (compatible; VelenPublicWebCrawler/1.0; +https://velen.io)"
84.46.255.143 - - [24/Dec/2023:05:24:29 +0100] "GET /-p-16215.html HTTP/1.0" 200 81263 "-" "Mozilla/5.0 (compatible; MJ12bot/v1.4.8; http://mj12bot.com/)"
34.76.224.74 - - [24/Dec/2023:05:24:30 +0100] "GET /high-school-musical-picnic-p-3538.html HTTP/1.0" 200 86032 "-" "Mozilla/5.0 (compatible; VelenPublicWebCrawler/1.0; +https://velen.io)"
34.76.224.74 - - [24/Dec/2023:05:24:34 +0100] "GET /kiub-collection-little-prince-p-56240.html HTTP/1.0" 200 84399 "-" "Mozilla/5.0 (compatible; VelenPublicWebCrawler/1.0; +https://velen.io)"
185.229.119.130 - - [24/Dec/2023:05:24:35 +0100] "GET /-p-40457.html HTTP/1.0" 200 81263 "-" "Mozilla/5.0 (compatible; MJ12bot/v1.4.8; http://mj12bot.com/)"
34.76.224.74 - - [24/Dec/2023:05:24:37 +0100] "GET /kiub-collection-little-prince-cool-p-60606.html HTTP/1.0" 200 84589 "-" "Mozilla/5.0 (compatible; VelenPublicWebCrawler/1.0; +https://velen.io)"
34.76.224.74 - - [24/Dec/2023:05:24:41 +0100] "GET /handy-manny-lunch-p-13318.html HTTP/1.0" 200 83704 "-" "Mozilla/5.0 (compatible; VelenPublicWebCrawler/1.0; +https://velen.io)"
217.182.134.134 - - [24/Dec/2023:05:24:44 +0100] "GET /-p-27561.html HTTP/1.0" 200 81263 "-" "Mozilla/5.0 (compatible; MJ12bot/v1.4.8; http://mj12bot.com/)"
34.76.224.74 - - [24/Dec/2023:05:24:44 +0100] "GET /cars-lunch-p-10147.html HTTP/1.0" 200 83674 "-" "Mozilla/5.0 (compatible; VelenPublicWebCrawler/1.0; +https://velen.io)"
34.76.224.74 - - [24/Dec/2023:05:24:47 +0100] "GET /minnie-mouse-disney-suitcase-p-31207.html HTTP/1.0" 200 84092 "-" "Mozilla/5.0 (compatible; VelenPublicWebCrawler/1.0; +https://velen.io)"
84.46.255.143 - - [24/Dec/2023:05:24:48 +0100] "GET /-p-16232.html HTTP/1.0" 200 81263 "-" "Mozilla/5.0 (compatible; MJ12bot/v1.4.8; http://mj12bot.com/)"
92.204.174.122 - - [24/Dec/2023:05:24:50 +0100] "GET / HTTP/1.0" 301 511 "http://wonder-geek.com/" "Mozilla/5.0 (Windows NT 6.1) AppleWebKit/537.36 (KHTML, like Gecko) Chrome/103.0.5060.114 Safari/537.36"
34.76.224.74 - - [24/Dec/2023:05:24:51 +0100] "GET /mini-trolley-p-49044.html HTTP/1.0" 200 84287 "-" "Mozilla/5.0 (compatible; VelenPublicWebCrawler/1.0; +https://velen.io)"
92.204.174.122 - - [24/Dec/2023:05:24:50 +0100] "GET / HTTP/1.0" 200 161478 "http://www.wonder-geek.com/" "Mozilla/5.0 (Windows NT 6.1) AppleWebKit/537.36 (KHTML, like Gecko) Chrome/103.0.5060.114 Safari/537.36"
34.76.224.74 - - [24/Dec/2023:05:24:54 +0100] "GET /trolley-backpack-brought-love-gorjuss-p-47753.html HTTP/1.0" 200 85590 "-" "Mozilla/5.0 (compatible; VelenPublicWebCrawler/1.0; +https://velen.io)"
34.76.224.74 - - [24/Dec/2023:05:24:57 +0100] "GET /trolley-backpack-gorjuss-love-grows-p-52369.html HTTP/1.0" 200 84937 "-" "Mozilla/5.0 (compatible; VelenPublicWebCrawler/1.0; +https://velen.io)"
34.76.224.74 - - [24/Dec/2023:05:25:01 +0100] "GET /trolley-backpack-gorjuss-catch-falling-star-p-52368.html HTTP/1.0" 200 85042 "-" "Mozilla/5.0 (compatible; VelenPublicWebCrawler/1.0; +https://velen.io)"
84.46.255.143 - - [24/Dec/2023:05:25:02 +0100] "GET /-p-16245.html HTTP/1.0" 200 81263 "-" "Mozilla/5.0 (compatible; MJ12bot/v1.4.8; http://mj12bot.com/)"
217.182.134.134 - - [24/Dec/2023:05:25:03 +0100] "GET /-p-27582.html HTTP/1.0" 200 81263 "-" "Mozilla/5.0 (compatible; MJ12bot/v1.4.8; http://mj12bot.com/)"
185.229.119.130 - - [24/Dec/2023:05:25:04 +0100] "GET /large-bowl-p-40458.html HTTP/1.0" 301 81330 "-" "Mozilla/5.0 (compatible; MJ12bot/v1.4.8; http://mj12bot.com/)"
34.76.224.74 - - [24/Dec/2023:05:25:04 +0100] "GET /minnie-umbrella-p-6094.html HTTP/1.0" 200 83755 "-" "Mozilla/5.0 (compatible; VelenPublicWebCrawler/1.0; +https://velen.io)"
92.204.174.122 - - [24/Dec/2023:05:25:06 +0100] "GET /trivet-boards-c-12_158.html HTTP/1.0" 200 104213 "http://www.wonder-geek.com/trivet-boards-c-12_158.html" "Mozilla/5.0 (Windows NT 6.1) AppleWebKit/537.36 (KHTML, like Gecko) Chrome/103.0.5060.114 Safari/537.36"
34.76.224.74 - - [24/Dec/2023:05:25:07 +0100] "GET /mickey-club-house-umbrella-p-20499.html HTTP/1.0" 200 83875 "-" "Mozilla/5.0 (compatible; VelenPublicWebCrawler/1.0; +https://velen.io)"
34.76.224.74 - - [24/Dec/2023:05:25:11 +0100] "GET /gorse-umbrella-flower-fairies-p-41705.html HTTP/1.0" 200 85515 "-" "Mozilla/5.0 (compatible; VelenPublicWebCrawler/1.0; +https://velen.io)"
185.229.119.130 - - [24/Dec/2023:05:25:14 +0100] "GET /-p-40458.html HTTP/1.0" 200 81263 "-" "Mozilla/5.0 (compatible; MJ12bot/v1.4.8; http://mj12bot.com/)"
34.76.224.74 - - [24/Dec/2023:05:25:14 +0100] "GET /large-gogh-umbrella-p-52395.html HTTP/1.0" 200 84322 "-" "Mozilla/5.0 (compatible; VelenPublicWebCrawler/1.0; +https://velen.io)"
34.76.224.74 - - [24/Dec/2023:05:25:18 +0100] "GET /large-allen-design-crasy-umbrella-p-54948.html HTTP/1.0" 200 84478 "-" "Mozilla/5.0 (compatible; VelenPublicWebCrawler/1.0; +https://velen.io)"
54.36.148.134 - - [24/Dec/2023:05:25:18 +0100] "GET /fragrances-ambiance-c-231.html?page=6 HTTP/1.0" 200 104254 "-" "Mozilla/5.0 (compatible; AhrefsBot/7.0; +http://ahrefs.com/robot/)"
217.182.134.134 - - [24/Dec/2023:05:25:19 +0100] "GET /-p-27851.html HTTP/1.0" 200 81263 "-" "Mozilla/5.0 (compatible; MJ12bot/v1.4.8; http://mj12bot.com/)"
34.76.224.74 - - [24/Dec/2023:05:25:22 +0100] "GET /high-school-musical-compact-umbrella-p-20492.html HTTP/1.0" 200 83932 "-" "Mozilla/5.0 (compatible; VelenPublicWebCrawler/1.0; +https://velen.io)"
84.46.255.143 - - [24/Dec/2023:05:25:24 +0100] "GET /-p-16250.html HTTP/1.0" 200 81263 "-" "Mozilla/5.0 (compatible; MJ12bot/v1.4.8; http://mj12bot.com/)"
34.76.224.74 - - [24/Dec/2023:05:25:25 +0100] "GET /high-school-musical-compact-umbrella-p-20493.html HTTP/1.0" 200 83932 "-" "Mozilla/5.0 (compatible; VelenPublicWebCrawler/1.0; +https://velen.io)"
92.204.174.122 - - [24/Dec/2023:05:25:25 +0100] "GET /cardboard-boxes-storage-c-13_150_216.html HTTP/1.0" 200 80568 "http://www.wonder-geek.com/cardboard-boxes-storage-c-13_150_216.html" "Mozilla/5.0 (Windows NT 6.1) AppleWebKit/537.36 (KHTML, like Gecko) Chrome/103.0.5060.114 Safari/537.36"
34.76.224.74 - - [24/Dec/2023:05:25:28 +0100] "GET /manual-pouch-umbrella-gorjuss-foxes-p-48435.html HTTP/1.0" 200 84861 "-" "Mozilla/5.0 (compatible; VelenPublicWebCrawler/1.0; +https://velen.io)"
34.76.224.74 - - [24/Dec/2023:05:25:32 +0100] "GET /horse-club-brown-umbrella-p-9493.html HTTP/1.0" 200 83793 "-" "Mozilla/5.0 (compatible; VelenPublicWebCrawler/1.0; +https://velen.io)"
92.204.174.122 - - [24/Dec/2023:05:25:33 +0100] "GET /cushion-headboard-c-11_71_173.html HTTP/1.0" 200 86963 "http://www.wonder-geek.com/cushion-headboard-c-11_71_173.html" "Mozilla/5.0 (Windows NT 6.1) AppleWebKit/537.36 (KHTML, like Gecko) Chrome/103.0.5060.114 Safari/537.36"
34.76.224.74 - - [24/Dec/2023:05:25:35 +0100] "GET /mickey-club-house-umbrella-p-20500.html HTTP/1.0" 200 83862 "-" "Mozilla/5.0 (compatible; VelenPublicWebCrawler/1.0; +https://velen.io)"
92.204.174.122 - - [24/Dec/2023:05:25:37 +0100] "GET /contact_us.php HTTP/1.0" 200 26241 "http://www.wonder-geek.com/contact_us.php" "Mozilla/5.0 (Windows NT 6.1) AppleWebKit/537.36 (KHTML, like Gecko) Chrome/103.0.5060.114 Safari/537.36"
217.182.134.134 - - [24/Dec/2023:05:25:38 +0100] "GET /-p-28446.html HTTP/1.0" 200 81263 "-" "Mozilla/5.0 (compatible; MJ12bot/v1.4.8; http://mj12bot.com/)"
34.76.224.74 - - [24/Dec/2023:05:25:39 +0100] "GET /tropical-vibes-vanity-p-45023.html HTTP/1.0" 200 83779 "-" "Mozilla/5.0 (compatible; VelenPublicWebCrawler/1.0; +https://velen.io)"
185.229.119.130 - - [24/Dec/2023:05:25:41 +0100] "GET /large-bowl-p-40459.html HTTP/1.0" 200 81293 "-" "Mozilla/5.0 (compatible; MJ12bot/v1.4.8; http://mj12bot.com/)"
34.76.224.74 - - [24/Dec/2023:05:25:42 +0100] "GET /caramel-toiletry-constellation-p-55648.html HTTP/1.0" 200 84651 "-" "Mozilla/5.0 (compatible; VelenPublicWebCrawler/1.0; +https://velen.io)"
34.76.224.74 - - [24/Dec/2023:05:25:45 +0100] "GET /kori-kumi-vanity-p-30500.html HTTP/1.0" 200 84290 "-" "Mozilla/5.0 (compatible; VelenPublicWebCrawler/1.0; +https://velen.io)"
34.76.224.74 - - [24/Dec/2023:05:25:48 +0100] "GET /zippo-leather-wash-p-49117.html HTTP/1.0" 200 84462 "-" "Mozilla/5.0 (compatible; VelenPublicWebCrawler/1.0; +https://velen.io)"
92.204.174.122 - - [24/Dec/2023:05:25:50 +0100] "POST /contact_us.php?action=send HTTP/1.0" 200 26673 "http://www.wonder-geek.com/contact_us.php" "Mozilla/5.0 (Windows NT 6.1) AppleWebKit/537.36 (KHTML, like Gecko) Chrome/103.0.5060.114 Safari/537.36"
84.46.255.143 - - [24/Dec/2023:05:25:51 +0100] "GET /-p-16251.html HTTP/1.0" 200 81263 "-" "Mozilla/5.0 (compatible; MJ12bot/v1.4.8; http://mj12bot.com/)"
34.76.224.74 - - [24/Dec/2023:05:25:52 +0100] "GET /retro-rugby-ball-toiletry-p-59132.html HTTP/1.0" 200 84936 "-" "Mozilla/5.0 (compatible; VelenPublicWebCrawler/1.0; +https://velen.io)"
217.182.134.134 - - [24/Dec/2023:05:25:52 +0100] "GET /-p-28805.html HTTP/1.0" 200 81263 "-" "Mozilla/5.0 (compatible; MJ12bot/v1.4.8; http://mj12bot.com/)"
185.229.119.130 - - [24/Dec/2023:05:25:54 +0100] "GET /large-cabas-p-41410.html HTTP/1.0" 200 81297 "-" "Mozilla/5.0 (compatible; MJ12bot/v1.4.8; http://mj12bot.com/)"
34.76.224.74 - - [24/Dec/2023:05:25:55 +0100] "GET /beatles-retro-multifunction-p-8085.html HTTP/1.0" 200 83916 "-" "Mozilla/5.0 (compatible; VelenPublicWebCrawler/1.0; +https://velen.io)"
34.76.224.74 - - [24/Dec/2023:05:25:58 +0100] "GET /love-peace-pink-portfolio-p-8763.html HTTP/1.0" 200 83914 "-" "Mozilla/5.0 (compatible; VelenPublicWebCrawler/1.0; +https://velen.io)"
34.76.224.74 - - [24/Dec/2023:05:26:01 +0100] "GET /nici-jolly-gustuv-wallet-p-9245.html HTTP/1.0" 200 83928 "-" "Mozilla/5.0 (compatible; VelenPublicWebCrawler/1.0; +https://velen.io)"
34.76.224.74 - - [24/Dec/2023:05:26:05 +0100] "GET /pucca-yakusa-wallet-p-20523.html HTTP/1.0" 200 84022 "-" "Mozilla/5.0 (compatible; VelenPublicWebCrawler/1.0; +https://velen.io)"
34.76.224.74 - - [24/Dec/2023:05:26:08 +0100] "GET /nici-love-pooh-wallet-p-23167.html HTTP/1.0" 200 83887 "-" "Mozilla/5.0 (compatible; VelenPublicWebCrawler/1.0; +https://velen.io)"
84.46.255.143 - - [24/Dec/2023:05:26:10 +0100] "GET /-p-16252.html HTTP/1.0" 200 81263 "-" "Mozilla/5.0 (compatible; MJ12bot/v1.4.8; http://mj12bot.com/)"
34.76.224.74 - - [24/Dec/2023:05:26:12 +0100] "GET /nici-pirate-wallet-p-54622.html HTTP/1.0" 200 83779 "-" "Mozilla/5.0 (compatible; VelenPublicWebCrawler/1.0; +https://velen.io)"
185.229.119.130 - - [24/Dec/2023:05:26:14 +0100] "GET /large-cabas-p-41411.html HTTP/1.0" 200 81297 "-" "Mozilla/5.0 (compatible; MJ12bot/v1.4.8; http://mj12bot.com/)"
34.76.224.74 - - [24/Dec/2023:05:26:15 +0100] "GET /little-miss-sunshine-beige-wallet-p-2681.html HTTP/1.0" 200 87179 "-" "Mozilla/5.0 (compatible; VelenPublicWebCrawler/1.0; +https://velen.io)"
34.76.224.74 - - [24/Dec/2023:05:26:18 +0100] "GET /leather-wallet-spades-p-47351.html HTTP/1.0" 200 84666 "-" "Mozilla/5.0 (compatible; VelenPublicWebCrawler/1.0; +https://velen.io)"
217.182.134.134 - - [24/Dec/2023:05:26:19 +0100] "GET /-p-29269.html HTTP/1.0" 200 81263 "-" "Mozilla/5.0 (compatible; MJ12bot/v1.4.8; http://mj12bot.com/)"
34.76.224.74 - - [24/Dec/2023:05:26:22 +0100] "GET /leather-wallet-indian-skull-black-p-47354.html HTTP/1.0" 200 84545 "-" "Mozilla/5.0 (compatible; VelenPublicWebCrawler/1.0; +https://velen.io)"
54.36.148.172 - - [24/Dec/2023:05:26:21 +0100] "GET /home-decoration-c-13.html?page=54 HTTP/1.0" 200 103243 "-" "Mozilla/5.0 (compatible; AhrefsBot/7.0; +http://ahrefs.com/robot/)"
216.244.66.242 - - [24/Dec/2023:05:26:24 +0100] "GET /grey-adult-cotton-apron-p-59463.html HTTP/1.0" 200 84205 "-" "Mozilla/5.0 (compatible; DotBot/1.2; +https://opensiteexplorer.org/dotbot; help@moz.com)"
34.76.224.74 - - [24/Dec/2023:05:26:25 +0100] "GET /little-miss-sunshine-pink-wallet-p-2682.html HTTP/1.0" 200 84787 "-" "Mozilla/5.0 (compatible; VelenPublicWebCrawler/1.0; +https://velen.io)"
84.46.255.143 - - [24/Dec/2023:05:26:29 +0100] "GET /-p-16264.html HTTP/1.0" 200 81263 "-" "Mozilla/5.0 (compatible; MJ12bot/v1.4.8; http://mj12bot.com/)"
34.76.224.74 - - [24/Dec/2023:05:26:29 +0100] "GET /miss-wallet-p-2683.html HTTP/1.0" 200 83832 "-" "Mozilla/5.0 (compatible; VelenPublicWebCrawler/1.0; +https://velen.io)"
34.76.224.74 - - [24/Dec/2023:05:26:32 +0100] "GET /lois-manufacturer-wallet-p-41313.html HTTP/1.0" 200 84460 "-" "Mozilla/5.0 (compatible; VelenPublicWebCrawler/1.0; +https://velen.io)"
34.76.224.74 - - [24/Dec/2023:05:26:35 +0100] "GET /purse-leather-purse-navy-anchor-gray-p-47352.html HTTP/1.0" 200 84383 "-" "Mozilla/5.0 (compatible; VelenPublicWebCrawler/1.0; +https://velen.io)"
34.76.224.74 - - [24/Dec/2023:05:26:39 +0100] "GET /purse-leather-purse-navy-anchor-graypurse-leather-wallet-p-47353.html HTTP/1.0" 200 84825 "-" "Mozilla/5.0 (compatible; VelenPublicWebCrawler/1.0; +https://velen.io)"
185.229.119.130 - - [24/Dec/2023:05:26:40 +0100] "GET /large-candle-sugar-spice-p-42628.html HTTP/1.0" 200 81369 "-" "Mozilla/5.0 (compatible; MJ12bot/v1.4.8; http://mj12bot.com/)"
84.46.255.143 - - [24/Dec/2023:05:26:41 +0100] "GET /-p-17427.html HTTP/1.0" 200 81263 "-" "Mozilla/5.0 (compatible; MJ12bot/v1.4.8; http://mj12bot.com/)"
34.76.224.74 - - [24/Dec/2023:05:26:42 +0100] "GET /jeans-jack-wallet-purse-p-41312.html HTTP/1.0" 200 84458 "-" "Mozilla/5.0 (compatible; VelenPublicWebCrawler/1.0; +https://velen.io)"
34.76.224.74 - - [24/Dec/2023:05:26:45 +0100] "GET /lois-black-leather-wallet-p-36012.html HTTP/1.0" 200 84362 "-" "Mozilla/5.0 (compatible; VelenPublicWebCrawler/1.0; +https://velen.io)"
217.182.134.134 - - [24/Dec/2023:05:26:46 +0100] "GET /-p-29404.html HTTP/1.0" 200 81263 "-" "Mozilla/5.0 (compatible; MJ12bot/v1.4.8; http://mj12bot.com/)"
34.76.224.74 - - [24/Dec/2023:05:26:48 +0100] "GET /lois-jean-manufacturer-wallet-p-38161.html HTTP/1.0" 200 84437 "-" "Mozilla/5.0 (compatible; VelenPublicWebCrawler/1.0; +https://velen.io)"
34.76.224.74 - - [24/Dec/2023:05:26:52 +0100] "GET /lois-motorcycling-wallet-p-38160.html HTTP/1.0" 200 84584 "-" "Mozilla/5.0 (compatible; VelenPublicWebCrawler/1.0; +https://velen.io)"
34.76.224.74 - - [24/Dec/2023:05:26:55 +0100] "GET /hello-kitty-chocolate-heart-wallet-camomilla-p-16298.html HTTP/1.0" 200 84707 "-" "Mozilla/5.0 (compatible; VelenPublicWebCrawler/1.0; +https://velen.io)"
84.46.255.143 - - [24/Dec/2023:05:26:57 +0100] "GET /-p-18180.html HTTP/1.0" 200 81263 "-" "Mozilla/5.0 (compatible; MJ12bot/v1.4.8; http://mj12bot.com/)"
34.76.224.74 - - [24/Dec/2023:05:26:59 +0100] "GET /limited-edition-small-wallet-ladybird-gorjuss-p-35138.html HTTP/1.0" 200 84724 "-" "Mozilla/5.0 (compatible; VelenPublicWebCrawler/1.0; +https://velen.io)"
216.244.66.242 - - [24/Dec/2023:05:27:00 +0100] "GET /harley-davidson-zippo-lighter-p-52758.html HTTP/1.0" 200 85993 "-" "Mozilla/5.0 (compatible; DotBot/1.2; +https://opensiteexplorer.org/dotbot; help@moz.com)"
185.229.119.130 - - [24/Dec/2023:05:27:02 +0100] "GET /large-gorjuss-lever-binder-a4-sugar-and-spice-p-40486.html HTTP/1.0" 301 81330 "-" "Mozilla/5.0 (compatible; MJ12bot/v1.4.8; http://mj12bot.com/)"
34.76.224.74 - - [24/Dec/2023:05:27:02 +0100] "GET /betty-boop-mobile-sock-p-32844.html HTTP/1.0" 200 83786 "-" "Mozilla/5.0 (compatible; VelenPublicWebCrawler/1.0; +https://velen.io)"
217.182.134.134 - - [24/Dec/2023:05:27:03 +0100] "GET /-p-29761.html HTTP/1.0" 200 81263 "-" "Mozilla/5.0 (compatible; MJ12bot/v1.4.8; http://mj12bot.com/)"
34.76.224.74 - - [24/Dec/2023:05:27:06 +0100] "GET /beatles-cover-smartphone-p-8883.html HTTP/1.0" 200 83895 "-" "Mozilla/5.0 (compatible; VelenPublicWebCrawler/1.0; +https://velen.io)"
34.76.224.74 - - [24/Dec/2023:05:27:09 +0100] "GET /beatles-cover-smartphone-p-8884.html HTTP/1.0" 200 84515 "-" "Mozilla/5.0 (compatible; VelenPublicWebCrawler/1.0; +https://velen.io)"
34.76.224.74 - - [24/Dec/2023:05:27:13 +0100] "GET /marseille-mobile-sock-p-14944.html HTTP/1.0" 200 83754 "-" "Mozilla/5.0 (compatible; VelenPublicWebCrawler/1.0; +https://velen.io)"
34.76.224.74 - - [24/Dec/2023:05:27:16 +0100] "GET /zippo-genuine-flints-p-29791.html HTTP/1.0" 200 83745 "-" "Mozilla/5.0 (compatible; VelenPublicWebCrawler/1.0; +https://velen.io)"
54.36.148.135 - - [24/Dec/2023:05:27:16 +0100] "GET /fragrances-ambiance-c-231.html?page=5 HTTP/1.0" 200 103831 "-" "Mozilla/5.0 (compatible; AhrefsBot/7.0; +http://ahrefs.com/robot/)"
185.229.119.130 - - [24/Dec/2023:05:27:18 +0100] "GET /-p-40486.html HTTP/1.0" 200 81263 "-" "Mozilla/5.0 (compatible; MJ12bot/v1.4.8; http://mj12bot.com/)"
34.76.224.74 - - [24/Dec/2023:05:27:19 +0100] "GET /mani-lucky-charm-size-amour-p-33281.html HTTP/1.0" 200 83905 "-" "Mozilla/5.0 (compatible; VelenPublicWebCrawler/1.0; +https://velen.io)"
217.182.134.134 - - [24/Dec/2023:05:27:20 +0100] "GET /-p-29817.html HTTP/1.0" 200 81263 "-" "Mozilla/5.0 (compatible; MJ12bot/v1.4.8; http://mj12bot.com/)"
84.46.255.143 - - [24/Dec/2023:05:27:21 +0100] "GET /-p-18301.html HTTP/1.0" 200 81263 "-" "Mozilla/5.0 (compatible; MJ12bot/v1.4.8; http://mj12bot.com/)"
34.76.224.74 - - [24/Dec/2023:05:27:22 +0100] "GET /mani-lucky-charm-size-amiti-p-33282.html HTTP/1.0" 200 83918 "-" "Mozilla/5.0 (compatible; VelenPublicWebCrawler/1.0; +https://velen.io)"
34.76.224.74 - - [24/Dec/2023:05:27:26 +0100] "GET /mani-lucky-charm-size-p-33283.html HTTP/1.0" 200 83882 "-" "Mozilla/5.0 (compatible; VelenPublicWebCrawler/1.0; +https://velen.io)"
34.76.224.74 - - [24/Dec/2023:05:27:30 +0100] "GET /mani-lucky-charm-size-russite-p-33285.html HTTP/1.0" 200 83971 "-" "Mozilla/5.0 (compatible; VelenPublicWebCrawler/1.0; +https://velen.io)"
216.244.66.242 - - [24/Dec/2023:05:27:32 +0100] "GET /retro-shoulder-p-18991.html HTTP/1.0" 200 83929 "-" "Mozilla/5.0 (compatible; DotBot/1.2; +https://opensiteexplorer.org/dotbot; help@moz.com)"
34.76.224.74 - - [24/Dec/2023:05:27:33 +0100] "GET /mani-lucky-charm-size-anniversaire-p-33289.html HTTP/1.0" 200 83980 "-" "Mozilla/5.0 (compatible; VelenPublicWebCrawler/1.0; +https://velen.io)"
84.46.255.143 - - [24/Dec/2023:05:27:34 +0100] "GET /-p-18680.html HTTP/1.0" 200 81263 "-" "Mozilla/5.0 (compatible; MJ12bot/v1.4.8; http://mj12bot.com/)"
34.76.224.74 - - [24/Dec/2023:05:27:36 +0100] "GET /mani-lucky-charm-size-sant-p-33288.html HTTP/1.0" 200 83951 "-" "Mozilla/5.0 (compatible; VelenPublicWebCrawler/1.0; +https://velen.io)"
185.229.119.130 - - [24/Dec/2023:05:27:40 +0100] "GET /large-gorjuss-lever-binder-sugar-spice-p-40486.html HTTP/1.0" 301 81330 "-" "Mozilla/5.0 (compatible; MJ12bot/v1.4.8; http://mj12bot.com/)"
217.182.134.134 - - [24/Dec/2023:05:27:40 +0100] "GET /-p-30275.html HTTP/1.0" 200 81263 "-" "Mozilla/5.0 (compatible; MJ12bot/v1.4.8; http://mj12bot.com/)"
34.76.224.74 - - [24/Dec/2023:05:27:40 +0100] "GET /mani-lucky-charm-size-chance-p-33279.html HTTP/1.0" 200 83913 "-" "Mozilla/5.0 (compatible; VelenPublicWebCrawler/1.0; +https://velen.io)"
34.76.224.74 - - [24/Dec/2023:05:27:43 +0100] "GET /comics-phone-cover-iphone-p-18864.html HTTP/1.0" 200 84469 "-" "Mozilla/5.0 (compatible; VelenPublicWebCrawler/1.0; +https://velen.io)"
34.76.224.74 - - [24/Dec/2023:05:27:47 +0100] "GET /funny-pets-mobile-sock-p-33078.html HTTP/1.0" 200 83768 "-" "Mozilla/5.0 (compatible; VelenPublicWebCrawler/1.0; +https://velen.io)"
84.46.255.143 - - [24/Dec/2023:05:27:47 +0100] "GET /-p-18768.html HTTP/1.0" 200 81263 "-" "Mozilla/5.0 (compatible; MJ12bot/v1.4.8; http://mj12bot.com/)"
34.76.224.74 - - [24/Dec/2023:05:27:50 +0100] "GET /funny-pets-mobile-sock-p-33094.html HTTP/1.0" 200 83768 "-" "Mozilla/5.0 (compatible; VelenPublicWebCrawler/1.0; +https://velen.io)"
185.229.119.130 - - [24/Dec/2023:05:27:53 +0100] "GET /-p-40486.html HTTP/1.0" 200 81263 "-" "Mozilla/5.0 (compatible; MJ12bot/v1.4.8; http://mj12bot.com/)"
34.76.224.74 - - [24/Dec/2023:05:27:54 +0100] "GET /funny-pets-mobile-sock-p-33096.html HTTP/1.0" 200 83768 "-" "Mozilla/5.0 (compatible; VelenPublicWebCrawler/1.0; +https://velen.io)"
217.182.134.134 - - [24/Dec/2023:05:27:56 +0100] "GET /-p-30276.html HTTP/1.0" 200 81263 "-" "Mozilla/5.0 (compatible; MJ12bot/v1.4.8; http://mj12bot.com/)"
34.76.224.74 - - [24/Dec/2023:05:27:57 +0100] "GET /funny-pets-mobile-sock-p-33097.html HTTP/1.0" 200 83768 "-" "Mozilla/5.0 (compatible; VelenPublicWebCrawler/1.0; +https://velen.io)"
34.76.224.74 - - [24/Dec/2023:05:28:00 +0100] "GET /iphone-silicone-black-shell-audiocassette-p-18936.html HTTP/1.0" 200 87111 "-" "Mozilla/5.0 (compatible; VelenPublicWebCrawler/1.0; +https://velen.io)"
34.76.224.74 - - [24/Dec/2023:05:28:03 +0100] "GET /iphone-silicone-bleue-shell-audiocassette-p-18940.html HTTP/1.0" 200 87044 "-" "Mozilla/5.0 (compatible; VelenPublicWebCrawler/1.0; +https://velen.io)"
216.244.66.242 - - [24/Dec/2023:05:28:04 +0100] "GET /suitcaselittle-suitcase-trolley-c-31_79.html?page=2 HTTP/1.0" 200 86965 "-" "Mozilla/5.0 (compatible; DotBot/1.2; +https://opensiteexplorer.org/dotbot; help@moz.com)"
84.46.255.143 - - [24/Dec/2023:05:28:05 +0100] "GET /-p-18783.html HTTP/1.0" 200 81263 "-" "Mozilla/5.0 (compatible; MJ12bot/v1.4.8; http://mj12bot.com/)"
34.76.224.74 - - [24/Dec/2023:05:28:07 +0100] "GET /iphone-silicone-shell-audiocassette-p-18939.html HTTP/1.0" 200 87017 "-" "Mozilla/5.0 (compatible; VelenPublicWebCrawler/1.0; +https://velen.io)"
54.36.148.193 - - [24/Dec/2023:05:28:08 +0100] "GET /keyboard-shaped-house-p-47687.html HTTP/1.0" 200 83823 "-" "Mozilla/5.0 (compatible; AhrefsBot/7.0; +http://ahrefs.com/robot/)"
34.76.224.74 - - [24/Dec/2023:05:28:10 +0100] "GET /jamaca-case-lenticulaire-iphone-sries-p-24226.html HTTP/1.0" 200 86449 "-" "Mozilla/5.0 (compatible; VelenPublicWebCrawler/1.0; +https://velen.io)"
34.76.224.74 - - [24/Dec/2023:05:28:14 +0100] "GET /earrings-black-mustaches-p-20466.html HTTP/1.0" 200 83770 "-" "Mozilla/5.0 (compatible; VelenPublicWebCrawler/1.0; +https://velen.io)"
217.182.134.134 - - [24/Dec/2023:05:28:16 +0100] "GET /-p-30277.html HTTP/1.0" 200 81263 "-" "Mozilla/5.0 (compatible; MJ12bot/v1.4.8; http://mj12bot.com/)"
34.76.224.74 - - [24/Dec/2023:05:28:17 +0100] "GET /earrings-rock-crystal-amethyst-flower-life-p-49361.html HTTP/1.0" 200 83787 "-" "Mozilla/5.0 (compatible; VelenPublicWebCrawler/1.0; +https://velen.io)"
34.76.224.74 - - [24/Dec/2023:05:28:20 +0100] "GET /flower-life-earrings-brass-golden-p-39340.html HTTP/1.0" 200 84547 "-" "Mozilla/5.0 (compatible; VelenPublicWebCrawler/1.0; +https://velen.io)"
34.76.224.74 - - [24/Dec/2023:05:28:24 +0100] "GET /flower-life-earrings-brass-silver-colored-p-39339.html HTTP/1.0" 200 84644 "-" "Mozilla/5.0 (compatible; VelenPublicWebCrawler/1.0; +https://velen.io)"
185.229.119.130 - - [24/Dec/2023:05:28:25 +0100] "GET /large-jar-candle-sugar-and-spice-p-42628.html HTTP/1.0" 301 81460 "-" "Mozilla/5.0 (compatible; MJ12bot/v1.4.8; http://mj12bot.com/)"
34.76.224.74 - - [24/Dec/2023:05:28:27 +0100] "GET /kimmidoll-love-bonbon-earrings-p-21704.html HTTP/1.0" 200 83682 "-" "Mozilla/5.0 (compatible; VelenPublicWebCrawler/1.0; +https://velen.io)"
217.182.134.134 - - [24/Dec/2023:05:28:30 +0100] "GET /-p-30454.html HTTP/1.0" 200 81263 "-" "Mozilla/5.0 (compatible; MJ12bot/v1.4.8; http://mj12bot.com/)"
34.76.224.74 - - [24/Dec/2023:05:28:30 +0100] "GET /flower-life-earrings-silver-p-44403.html HTTP/1.0" 200 84290 "-" "Mozilla/5.0 (compatible; VelenPublicWebCrawler/1.0; +https://velen.io)"
34.76.224.74 - - [24/Dec/2023:05:28:34 +0100] "GET /kimmidoll-love-miso-cute-earrings-p-21707.html HTTP/1.0" 200 83709 "-" "Mozilla/5.0 (compatible; VelenPublicWebCrawler/1.0; +https://velen.io)"
216.244.66.242 - - [24/Dec/2023:05:28:34 +0100] "GET /assorted-napkins-linen-ecru-p-58175.html HTTP/1.0" 200 84678 "-" "Mozilla/5.0 (compatible; DotBot/1.2; +https://opensiteexplorer.org/dotbot; help@moz.com)"
185.191.171.9 - - [24/Dec/2023:05:28:37 +0100] "GET /zebra-canvas-frame-p-42145.html HTTP/1.0" 200 83704 "-" "Mozilla/5.0 (compatible; SemrushBot/7~bl; +http://www.semrush.com/bot.html)"
34.76.224.74 - - [24/Dec/2023:05:28:38 +0100] "GET /silver-amethyst-brass-earrings-p-44818.html HTTP/1.0" 200 83714 "-" "Mozilla/5.0 (compatible; VelenPublicWebCrawler/1.0; +https://velen.io)"
185.229.119.130 - - [24/Dec/2023:05:28:40 +0100] "GET /large-candle-sugar-spice-p-42628.html HTTP/1.0" 200 81369 "-" "Mozilla/5.0 (compatible; MJ12bot/v1.4.8; http://mj12bot.com/)"
84.46.255.143 - - [24/Dec/2023:05:28:41 +0100] "GET /-p-18807.html HTTP/1.0" 200 81263 "-" "Mozilla/5.0 (compatible; MJ12bot/v1.4.8; http://mj12bot.com/)"
34.76.224.74 - - [24/Dec/2023:05:28:41 +0100] "GET /silver-amethyst-brass-earrings-p-44961.html HTTP/1.0" 200 83749 "-" "Mozilla/5.0 (compatible; VelenPublicWebCrawler/1.0; +https://velen.io)"
34.76.224.74 - - [24/Dec/2023:05:28:45 +0100] "GET /silver-tourmaline-brass-earrings-p-48664.html HTTP/1.0" 200 83737 "-" "Mozilla/5.0 (compatible; VelenPublicWebCrawler/1.0; +https://velen.io)"
217.182.134.134 - - [24/Dec/2023:05:28:47 +0100] "GET /-p-30455.html HTTP/1.0" 200 81263 "-" "Mozilla/5.0 (compatible; MJ12bot/v1.4.8; http://mj12bot.com/)"
34.76.224.74 - - [24/Dec/2023:05:28:49 +0100] "GET /earrings-flower-life-silver-with-amethyst-p-45457.html HTTP/1.0" 200 84428 "-" "Mozilla/5.0 (compatible; VelenPublicWebCrawler/1.0; +https://velen.io)"
34.76.224.74 - - [24/Dec/2023:05:28:52 +0100] "GET /verity-rose-hair-clips-retro-p-29186.html HTTP/1.0" 200 83657 "-" "Mozilla/5.0 (compatible; VelenPublicWebCrawler/1.0; +https://velen.io)"
84.46.255.143 - - [24/Dec/2023:05:28:54 +0100] "GET /-p-1881.html HTTP/1.0" 200 81261 "-" "Mozilla/5.0 (compatible; MJ12bot/v1.4.8; http://mj12bot.com/)"
185.229.119.130 - - [24/Dec/2023:05:28:55 +0100] "GET /large-jasmin-marley-p-41279.html HTTP/1.0" 200 83845 "-" "Mozilla/5.0 (compatible; MJ12bot/v1.4.8; http://mj12bot.com/)"
34.76.224.74 - - [24/Dec/2023:05:28:56 +0100] "GET /hello-kitty-grey-tiara-p-13515.html HTTP/1.0" 200 83589 "-" "Mozilla/5.0 (compatible; VelenPublicWebCrawler/1.0; +https://velen.io)"
34.76.224.74 - - [24/Dec/2023:05:28:59 +0100] "GET /hello-kitty-tiara-p-13512.html HTTP/1.0" 200 83575 "-" "Mozilla/5.0 (compatible; VelenPublicWebCrawler/1.0; +https://velen.io)"
54.36.148.80 - - [24/Dec/2023:05:29:02 +0100] "GET /blue-color-eyelet-curtain-p-55434.html HTTP/1.0" 200 86526 "-" "Mozilla/5.0 (compatible; AhrefsBot/7.0; +http://ahrefs.com/robot/)"
34.76.224.74 - - [24/Dec/2023:05:29:03 +0100] "GET /monster-high-hair-clips-p-19418.html HTTP/1.0" 200 86673 "-" "Mozilla/5.0 (compatible; VelenPublicWebCrawler/1.0; +https://velen.io)"
217.182.134.134 - - [24/Dec/2023:05:29:03 +0100] "GET /-p-30672.html HTTP/1.0" 200 81263 "-" "Mozilla/5.0 (compatible; MJ12bot/v1.4.8; http://mj12bot.com/)"
34.76.224.74 - - [24/Dec/2023:05:29:06 +0100] "GET /charmmy-kitty-variable-color-tiara-p-13498.html HTTP/1.0" 200 83833 "-" "Mozilla/5.0 (compatible; VelenPublicWebCrawler/1.0; +https://velen.io)"
84.46.255.143 - - [24/Dec/2023:05:29:07 +0100] "GET /-p-18816.html HTTP/1.0" 200 81263 "-" "Mozilla/5.0 (compatible; MJ12bot/v1.4.8; http://mj12bot.com/)"
130.183.254.21 - - [24/Dec/2023:05:29:10 +0100] "GET /images/big_prod_1/5018997618431a.jpg HTTP/1.0" 200 271 "-" "Mozilla/5.0 (X11; Ubuntu; Linux x86_64; rv:72.0) Gecko/20100101 Firefox/72.0"
34.76.224.74 - - [24/Dec/2023:05:29:09 +0100] "GET /tweety-hair-ornements-p-13556.html HTTP/1.0" 200 83705 "-" "Mozilla/5.0 (compatible; VelenPublicWebCrawler/1.0; +https://velen.io)"
34.76.224.74 - - [24/Dec/2023:05:29:13 +0100] "GET /winnie-pooh-hair-ornements-p-13565.html HTTP/1.0" 200 83775 "-" "Mozilla/5.0 (compatible; VelenPublicWebCrawler/1.0; +https://velen.io)"
130.183.254.21 - - [24/Dec/2023:05:29:15 +0100] "GET /images/big_prod_1/5018997618431a.jpg HTTP/1.0" 200 271 "-" "Mozilla/5.0 (X11; Ubuntu; Linux x86_64; rv:72.0) Gecko/20100101 Firefox/72.0"
34.76.224.74 - - [24/Dec/2023:05:29:16 +0100] "GET /hello-kitty-white-tiara-p-13517.html HTTP/1.0" 200 83599 "-" "Mozilla/5.0 (compatible; VelenPublicWebCrawler/1.0; +https://velen.io)"
34.76.224.74 - - [24/Dec/2023:05:29:19 +0100] "GET /daisy-duck-hair-ornements-p-19277.html HTTP/1.0" 200 86236 "-" "Mozilla/5.0 (compatible; VelenPublicWebCrawler/1.0; +https://velen.io)"
185.229.119.130 - - [24/Dec/2023:05:29:21 +0100] "GET /large-rectangular-function-clock-calendar-p-39455.html HTTP/1.0" 200 81417 "-" "Mozilla/5.0 (compatible; MJ12bot/v1.4.8; http://mj12bot.com/)"
34.76.224.74 - - [24/Dec/2023:05:29:22 +0100] "GET /seven-dwarfs-hair-clips-p-19417.html HTTP/1.0" 200 86546 "-" "Mozilla/5.0 (compatible; VelenPublicWebCrawler/1.0; +https://velen.io)"
40.77.167.108 - - [24/Dec/2023:05:29:27 +0100] "GET /robots.txt HTTP/1.0" 200 245 "-" "Mozilla/5.0 AppleWebKit/537.36 (KHTML, like Gecko; compatible; bingbot/2.0; +http://www.bing.com/bingbot.htm) Chrome/116.0.1938.76 Safari/537.36"
34.76.224.74 - - [24/Dec/2023:05:29:25 +0100] "GET /hello-kitty-gothic-lolita-elastic-p-19421.html HTTP/1.0" 200 84674 "-" "Mozilla/5.0 (compatible; VelenPublicWebCrawler/1.0; +https://velen.io)"
217.182.134.134 - - [24/Dec/2023:05:29:26 +0100] "GET /-p-30673.html HTTP/1.0" 200 81263 "-" "Mozilla/5.0 (compatible; MJ12bot/v1.4.8; http://mj12bot.com/)"
34.76.224.74 - - [24/Dec/2023:05:29:29 +0100] "GET /hello-kitty-hair-clips-p-13576.html HTTP/1.0" 200 83721 "-" "Mozilla/5.0 (compatible; VelenPublicWebCrawler/1.0; +https://velen.io)"
84.46.255.143 - - [24/Dec/2023:05:29:29 +0100] "GET /-p-18822.html HTTP/1.0" 200 81263 "-" "Mozilla/5.0 (compatible; MJ12bot/v1.4.8; http://mj12bot.com/)"
34.76.224.74 - - [24/Dec/2023:05:29:32 +0100] "GET /hello-kitty-hair-ornements-p-13570.html HTTP/1.0" 200 83759 "-" "Mozilla/5.0 (compatible; VelenPublicWebCrawler/1.0; +https://velen.io)"
34.76.224.74 - - [24/Dec/2023:05:29:35 +0100] "GET /kimmijunior-summer-girly-p-17995.html HTTP/1.0" 200 84647 "-" "Mozilla/5.0 (compatible; VelenPublicWebCrawler/1.0; +https://velen.io)"
34.76.224.74 - - [24/Dec/2023:05:29:38 +0100] "GET /kimmijunior-taylor-girly-p-17990.html HTTP/1.0" 200 84018 "-" "Mozilla/5.0 (compatible; VelenPublicWebCrawler/1.0; +https://velen.io)"
40.77.167.41 - - [24/Dec/2023:05:29:39 +0100] "GET /soft-toys-security-blanket-c-4_46.html?page=6 HTTP/1.0" 301 96650 "-" "Mozilla/5.0 AppleWebKit/537.36 (KHTML, like Gecko; compatible; bingbot/2.0; +http://www.bing.com/bingbot.htm) Chrome/116.0.1938.76 Safari/537.36"
34.76.224.74 - - [24/Dec/2023:05:29:41 +0100] "GET /kimmijunior-charly-girly-p-17994.html HTTP/1.0" 200 84018 "-" "Mozilla/5.0 (compatible; VelenPublicWebCrawler/1.0; +https://velen.io)"
217.182.134.134 - - [24/Dec/2023:05:29:43 +0100] "GET /-p-30676.html HTTP/1.0" 200 81263 "-" "Mozilla/5.0 (compatible; MJ12bot/v1.4.8; http://mj12bot.com/)"
185.229.119.130 - - [24/Dec/2023:05:29:44 +0100] "GET /led-metal-sign-bar-p-40432.html HTTP/1.0" 301 81330 "-" "Mozilla/5.0 (compatible; MJ12bot/v1.4.8; http://mj12bot.com/)"
34.76.224.74 - - [24/Dec/2023:05:29:44 +0100] "GET /kimmijunior-willow-girly-p-17993.html HTTP/1.0" 200 84647 "-" "Mozilla/5.0 (compatible; VelenPublicWebCrawler/1.0; +https://velen.io)"
34.76.224.74 - - [24/Dec/2023:05:29:48 +0100] "GET /gloss-lips-white-deluxe-chocolate-p-28865.html HTTP/1.0" 200 83867 "-" "Mozilla/5.0 (compatible; VelenPublicWebCrawler/1.0; +https://velen.io)"
84.46.255.143 - - [24/Dec/2023:05:29:50 +0100] "GET /-p-18823.html HTTP/1.0" 200 81263 "-" "Mozilla/5.0 (compatible; MJ12bot/v1.4.8; http://mj12bot.com/)"
34.76.224.74 - - [24/Dec/2023:05:29:51 +0100] "GET /dora-explorer-laces-p-22273.html HTTP/1.0" 200 83544 "-" "Mozilla/5.0 (compatible; VelenPublicWebCrawler/1.0; +https://velen.io)"
34.76.224.74 - - [24/Dec/2023:05:29:54 +0100] "GET /dora-explorer-laces-p-22274.html HTTP/1.0" 200 83543 "-" "Mozilla/5.0 (compatible; VelenPublicWebCrawler/1.0; +https://velen.io)"
54.36.148.8 - - [24/Dec/2023:05:29:55 +0100] "GET /marilyn-monroe-computer-p-5787.html HTTP/1.0" 200 83824 "-" "Mozilla/5.0 (compatible; AhrefsBot/7.0; +http://ahrefs.com/robot/)"
34.76.224.74 - - [24/Dec/2023:05:29:57 +0100] "GET /gloss-duckling-random-color-according-arrival-p-31892.html HTTP/1.0" 200 84012 "-" "Mozilla/5.0 (compatible; VelenPublicWebCrawler/1.0; +https://velen.io)"
34.76.224.74 - - [24/Dec/2023:05:30:00 +0100] "GET /gloss-lips-london-phone-p-28847.html HTTP/1.0" 200 83787 "-" "Mozilla/5.0 (compatible; VelenPublicWebCrawler/1.0; +https://velen.io)"
185.229.119.130 - - [24/Dec/2023:05:30:03 +0100] "GET /-p-40432.html HTTP/1.0" 200 81263 "-" "Mozilla/5.0 (compatible; MJ12bot/v1.4.8; http://mj12bot.com/)"
34.76.224.74 - - [24/Dec/2023:05:30:04 +0100] "GET /gloss-lips-london-phone-p-37162.html HTTP/1.0" 200 83839 "-" "Mozilla/5.0 (compatible; VelenPublicWebCrawler/1.0; +https://velen.io)"
217.182.134.134 - - [24/Dec/2023:05:30:05 +0100] "GET /-p-30699.html HTTP/1.0" 200 81263 "-" "Mozilla/5.0 (compatible; MJ12bot/v1.4.8; http://mj12bot.com/)"
34.76.224.74 - - [24/Dec/2023:05:30:09 +0100] "GET /gloss-lips-london-letters-p-28848.html HTTP/1.0" 200 83831 "-" "Mozilla/5.0 (compatible; VelenPublicWebCrawler/1.0; +https://velen.io)"
84.46.255.143 - - [24/Dec/2023:05:30:10 +0100] "GET /-p-18824.html HTTP/1.0" 200 81263 "-" "Mozilla/5.0 (compatible; MJ12bot/v1.4.8; http://mj12bot.com/)"
34.76.224.74 - - [24/Dec/2023:05:30:13 +0100] "GET /violetta-badges-p-28293.html HTTP/1.0" 200 83592 "-" "Mozilla/5.0 (compatible; VelenPublicWebCrawler/1.0; +https://velen.io)"
185.229.119.130 - - [24/Dec/2023:05:30:16 +0100] "GET /lemon-kitchen-towel-p-43332.html HTTP/1.0" 200 81329 "-" "Mozilla/5.0 (compatible; MJ12bot/v1.4.8; http://mj12bot.com/)"
34.76.224.74 - - [24/Dec/2023:05:30:16 +0100] "GET /hello-kitty-little-embroidered-patch-p-13523.html HTTP/1.0" 200 83815 "-" "Mozilla/5.0 (compatible; VelenPublicWebCrawler/1.0; +https://velen.io)"
34.76.224.74 - - [24/Dec/2023:05:30:20 +0100] "GET /mani-lucky-charm-size-anniversaire-p-33275.html HTTP/1.0" 200 83979 "-" "Mozilla/5.0 (compatible; VelenPublicWebCrawler/1.0; +https://velen.io)"
84.46.255.143 - - [24/Dec/2023:05:30:22 +0100] "GET /-p-18825.html HTTP/1.0" 200 81263 "-" "Mozilla/5.0 (compatible; MJ12bot/v1.4.8; http://mj12bot.com/)"
34.76.224.74 - - [24/Dec/2023:05:30:23 +0100] "GET /mani-lucky-charm-size-cagnotte-p-33276.html HTTP/1.0" 200 83941 "-" "Mozilla/5.0 (compatible; VelenPublicWebCrawler/1.0; +https://velen.io)"
217.182.134.134 - - [24/Dec/2023:05:30:26 +0100] "GET /-p-30700.html HTTP/1.0" 200 81263 "-" "Mozilla/5.0 (compatible; MJ12bot/v1.4.8; http://mj12bot.com/)"
34.76.224.74 - - [24/Dec/2023:05:30:27 +0100] "GET /kimmi-junior-best-friend-necklaces-p-8750.html HTTP/1.0" 200 83749 "-" "Mozilla/5.0 (compatible; VelenPublicWebCrawler/1.0; +https://velen.io)"
34.76.224.74 - - [24/Dec/2023:05:30:30 +0100] "GET /mani-lucky-charm-size-pour-vacances-p-33277.html HTTP/1.0" 200 84039 "-" "Mozilla/5.0 (compatible; VelenPublicWebCrawler/1.0; +https://velen.io)"
185.229.119.130 - - [24/Dec/2023:05:30:32 +0100] "GET /leopard-bling-decorative-statue-41-cm-p-40362.html HTTP/1.0" 301 81487 "-" "Mozilla/5.0 (compatible; MJ12bot/v1.4.8; http://mj12bot.com/)"
34.76.224.74 - - [24/Dec/2023:05:30:34 +0100] "GET /mani-lucky-charm-size-shopping-p-33278.html HTTP/1.0" 200 83972 "-" "Mozilla/5.0 (compatible; VelenPublicWebCrawler/1.0; +https://velen.io)"
17.241.219.121 - - [24/Dec/2023:05:30:37 +0100] "GET /robots.txt HTTP/1.0" 200 245 "-" "Mozilla/5.0 (Macintosh; Intel Mac OS X 10_15_5) AppleWebKit/605.1.15 (KHTML, like Gecko) Version/13.1.1 Safari/605.1.15 (Applebot/0.1; +http://www.apple.com/go/applebot)"
34.76.224.74 - - [24/Dec/2023:05:30:38 +0100] "GET /marshmallow-chain-pendant-p-49971.html HTTP/1.0" 200 83872 "-" "Mozilla/5.0 (compatible; VelenPublicWebCrawler/1.0; +https://velen.io)"
17.241.219.121 - - [24/Dec/2023:05:30:38 +0100] "GET /collectible-figurines-decorative-c-13_135.html?page=6 HTTP/1.0" 200 105612 "-" "Mozilla/5.0 (Macintosh; Intel Mac OS X 10_15_5) AppleWebKit/605.1.15 (KHTML, like Gecko) Version/13.1.1 Safari/605.1.15 (Applebot/0.1; +http://www.apple.com/go/applebot)"
34.76.224.74 - - [24/Dec/2023:05:30:41 +0100] "GET /kimmi-junior-best-friend-necklaces-p-8753.html HTTP/1.0" 200 83738 "-" "Mozilla/5.0 (compatible; VelenPublicWebCrawler/1.0; +https://velen.io)"
217.182.134.134 - - [24/Dec/2023:05:30:43 +0100] "GET /-p-30702.html HTTP/1.0" 200 81263 "-" "Mozilla/5.0 (compatible; MJ12bot/v1.4.8; http://mj12bot.com/)"
34.76.224.74 - - [24/Dec/2023:05:30:45 +0100] "GET /kimmi-junior-best-friend-necklaces-p-8754.html HTTP/1.0" 200 83738 "-" "Mozilla/5.0 (compatible; VelenPublicWebCrawler/1.0; +https://velen.io)"
54.36.149.15 - - [24/Dec/2023:05:30:46 +0100] "GET /fragrances-ambiance-c-231.html?page=3 HTTP/1.0" 200 104871 "-" "Mozilla/5.0 (compatible; AhrefsBot/7.0; +http://ahrefs.com/robot/)"
185.229.119.130 - - [24/Dec/2023:05:30:47 +0100] "GET /leopard-bling-decorative-statue-p-40362.html HTTP/1.0" 200 81389 "-" "Mozilla/5.0 (compatible; MJ12bot/v1.4.8; http://mj12bot.com/)"
34.76.224.74 - - [24/Dec/2023:05:30:49 +0100] "GET /kimmi-junior-best-friend-necklaces-p-8755.html HTTP/1.0" 200 83738 "-" "Mozilla/5.0 (compatible; VelenPublicWebCrawler/1.0; +https://velen.io)"
84.46.255.143 - - [24/Dec/2023:05:30:52 +0100] "GET /-p-1885.html HTTP/1.0" 200 81261 "-" "Mozilla/5.0 (compatible; MJ12bot/v1.4.8; http://mj12bot.com/)"
34.76.224.74 - - [24/Dec/2023:05:30:53 +0100] "GET /kimmi-junior-best-friend-necklaces-p-8756.html HTTP/1.0" 200 83738 "-" "Mozilla/5.0 (compatible; VelenPublicWebCrawler/1.0; +https://velen.io)"
34.76.224.74 - - [24/Dec/2023:05:30:56 +0100] "GET /pendant-silver-with-amethyst-p-45458.html HTTP/1.0" 200 83750 "-" "Mozilla/5.0 (compatible; VelenPublicWebCrawler/1.0; +https://velen.io)"
217.182.134.134 - - [24/Dec/2023:05:30:59 +0100] "GET /-p-31071.html HTTP/1.0" 200 81263 "-" "Mozilla/5.0 (compatible; MJ12bot/v1.4.8; http://mj12bot.com/)"
34.76.224.74 - - [24/Dec/2023:05:30:59 +0100] "GET /mala-golden-quartz-quality-beads-p-51002.html HTTP/1.0" 200 86841 "-" "Mozilla/5.0 (compatible; VelenPublicWebCrawler/1.0; +https://velen.io)"
34.76.224.74 - - [24/Dec/2023:05:31:03 +0100] "GET /mala-carnelian-beads-p-51006.html HTTP/1.0" 200 86961 "-" "Mozilla/5.0 (compatible; VelenPublicWebCrawler/1.0; +https://velen.io)"
84.46.255.143 - - [24/Dec/2023:05:31:07 +0100] "GET /-p-18950.html HTTP/1.0" 200 81263 "-" "Mozilla/5.0 (compatible; MJ12bot/v1.4.8; http://mj12bot.com/)"
34.76.224.74 - - [24/Dec/2023:05:31:08 +0100] "GET /black-zippo-candle-utility-lighter-p-51931.html HTTP/1.0" 200 84613 "-" "Mozilla/5.0 (compatible; VelenPublicWebCrawler/1.0; +https://velen.io)"
34.76.224.74 - - [24/Dec/2023:05:31:12 +0100] "GET /butane-lighter-insert-double-torch-p-51930.html HTTP/1.0" 200 85310 "-" "Mozilla/5.0 (compatible; VelenPublicWebCrawler/1.0; +https://velen.io)"
185.229.119.130 - - [24/Dec/2023:05:31:14 +0100] "GET /leopard-bling-decorative-statue-p-40362.html HTTP/1.0" 200 81389 "-" "Mozilla/5.0 (compatible; MJ12bot/v1.4.8; http://mj12bot.com/)"
34.76.224.74 - - [24/Dec/2023:05:31:16 +0100] "GET /butane-lighter-insert-single-torch-p-52385.html HTTP/1.0" 200 85311 "-" "Mozilla/5.0 (compatible; VelenPublicWebCrawler/1.0; +https://velen.io)"
34.76.224.74 - - [24/Dec/2023:05:31:20 +0100] "GET /cigarette-machine-rastaman-jamaica-p-37011.html HTTP/1.0" 200 84666 "-" "Mozilla/5.0 (compatible; VelenPublicWebCrawler/1.0; +https://velen.io)"
84.46.255.143 - - [24/Dec/2023:05:31:23 +0100] "GET /-p-19045.html HTTP/1.0" 200 81263 "-" "Mozilla/5.0 (compatible; MJ12bot/v1.4.8; http://mj12bot.com/)"
34.76.224.74 - - [24/Dec/2023:05:31:23 +0100] "GET /godfather-little-p-8269.html HTTP/1.0" 200 83601 "-" "Mozilla/5.0 (compatible; VelenPublicWebCrawler/1.0; +https://velen.io)"
34.76.224.74 - - [24/Dec/2023:05:31:27 +0100] "GET /zippo-candle-utility-lighter-p-43704.html HTTP/1.0" 200 83745 "-" "Mozilla/5.0 (compatible; VelenPublicWebCrawler/1.0; +https://velen.io)"
34.76.224.74 - - [24/Dec/2023:05:31:30 +0100] "GET /black-zippo-fire-starter-p-51933.html HTTP/1.0" 200 84510 "-" "Mozilla/5.0 (compatible; VelenPublicWebCrawler/1.0; +https://velen.io)"
185.229.119.130 - - [24/Dec/2023:05:31:31 +0100] "GET /leopard-decorative-statue-p-41471.html HTTP/1.0" 200 81353 "-" "Mozilla/5.0 (compatible; MJ12bot/v1.4.8; http://mj12bot.com/)"
