217.182.134.134 - - [24/Dec/2023:06:54:21 +0100] "GET /-p-42645.html HTTP/1.0" 200 81263 "-" "Mozilla/5.0 (compatible; MJ12bot/v1.4.8; http://mj12bot.com/)"
195.141.133.77 - - [24/Dec/2023:06:54:24 +0100] "GET /images/mini_prod/DSCN7544.jpg HTTP/1.0" 200 264 "-" "Mozilla/5.0 (X11; Ubuntu; Linux x86_64; rv:72.0) Gecko/20100101 Firefox/72.0"
217.182.134.134 - - [24/Dec/2023:06:54:25 +0100] "GET /-p-42797.html HTTP/1.0" 200 81263 "-" "Mozilla/5.0 (compatible; MJ12bot/v1.4.8; http://mj12bot.com/)"
217.182.134.134 - - [24/Dec/2023:06:54:29 +0100] "GET /-p-43142.html HTTP/1.0" 200 81263 "-" "Mozilla/5.0 (compatible; MJ12bot/v1.4.8; http://mj12bot.com/)"
217.182.134.134 - - [24/Dec/2023:06:54:33 +0100] "GET /-p-43146.html HTTP/1.0" 200 81263 "-" "Mozilla/5.0 (compatible; MJ12bot/v1.4.8; http://mj12bot.com/)"
217.182.134.134 - - [24/Dec/2023:06:54:36 +0100] "GET /-p-43219.html HTTP/1.0" 200 81263 "-" "Mozilla/5.0 (compatible; MJ12bot/v1.4.8; http://mj12bot.com/)"
217.182.134.134 - - [24/Dec/2023:06:54:40 +0100] "GET /-p-43239.html HTTP/1.0" 200 81263 "-" "Mozilla/5.0 (compatible; MJ12bot/v1.4.8; http://mj12bot.com/)"
217.182.134.134 - - [24/Dec/2023:06:54:44 +0100] "GET /-p-43316.html HTTP/1.0" 200 81263 "-" "Mozilla/5.0 (compatible; MJ12bot/v1.4.8; http://mj12bot.com/)"
217.182.134.134 - - [24/Dec/2023:06:54:48 +0100] "GET /-p-43352.html HTTP/1.0" 200 81263 "-" "Mozilla/5.0 (compatible; MJ12bot/v1.4.8; http://mj12bot.com/)"
217.182.134.134 - - [24/Dec/2023:06:54:52 +0100] "GET /-p-43585.html HTTP/1.0" 200 81263 "-" "Mozilla/5.0 (compatible; MJ12bot/v1.4.8; http://mj12bot.com/)"
54.36.148.76 - - [24/Dec/2023:06:54:39 +0100] "GET /dishes-c-12.html?page=29 HTTP/1.0" 200 103036 "-" "Mozilla/5.0 (compatible; AhrefsBot/7.0; +http://ahrefs.com/robot/)"
217.182.134.134 - - [24/Dec/2023:06:54:56 +0100] "GET /-p-44297.html HTTP/1.0" 200 81263 "-" "Mozilla/5.0 (compatible; MJ12bot/v1.4.8; http://mj12bot.com/)"
217.182.134.134 - - [24/Dec/2023:06:55:00 +0100] "GET /-p-45378.html HTTP/1.0" 200 81263 "-" "Mozilla/5.0 (compatible; MJ12bot/v1.4.8; http://mj12bot.com/)"
217.182.134.134 - - [24/Dec/2023:06:55:04 +0100] "GET /-p-46142.html HTTP/1.0" 200 81263 "-" "Mozilla/5.0 (compatible; MJ12bot/v1.4.8; http://mj12bot.com/)"
217.182.134.134 - - [24/Dec/2023:06:55:09 +0100] "GET /-p-7260.html HTTP/1.0" 200 81261 "-" "Mozilla/5.0 (compatible; MJ12bot/v1.4.8; http://mj12bot.com/)"
217.182.134.134 - - [24/Dec/2023:06:55:14 +0100] "GET /-p-7354.html HTTP/1.0" 200 81261 "-" "Mozilla/5.0 (compatible; MJ12bot/v1.4.8; http://mj12bot.com/)"
217.182.134.134 - - [24/Dec/2023:06:55:18 +0100] "GET /-p-9862.html HTTP/1.0" 200 81261 "-" "Mozilla/5.0 (compatible; MJ12bot/v1.4.8; http://mj12bot.com/)"
217.182.134.134 - - [24/Dec/2023:06:55:22 +0100] "GET /allen-adult-apron-p-39737.html HTTP/1.0" 200 84226 "-" "Mozilla/5.0 (compatible; MJ12bot/v1.4.8; http://mj12bot.com/)"
192.42.116.187 - - [24/Dec/2023:06:55:26 +0100] "GET / HTTP/1.0" 301 511 "http://wonder-geek.com" "Mozilla/5.0 (compatible; MSIE 9.0; Windows NT 6.1; WOW64; Trident/6.0)"
217.182.134.134 - - [24/Dec/2023:06:55:27 +0100] "GET /allen-designs-flowerpot-p-58670.html HTTP/1.0" 200 84356 "-" "Mozilla/5.0 (compatible; MJ12bot/v1.4.8; http://mj12bot.com/)"
217.182.134.134 - - [24/Dec/2023:06:55:32 +0100] "GET /allen-designs-flowerpot-p-58671.html HTTP/1.0" 200 81357 "-" "Mozilla/5.0 (compatible; MJ12bot/v1.4.8; http://mj12bot.com/)"
217.182.134.134 - - [24/Dec/2023:06:55:37 +0100] "GET /allen-designs-flowerpot-p-58672.html HTTP/1.0" 200 84354 "-" "Mozilla/5.0 (compatible; MJ12bot/v1.4.8; http://mj12bot.com/)"
217.182.134.134 - - [24/Dec/2023:06:55:42 +0100] "GET /allen-designs-flowerpot-p-58673.html HTTP/1.0" 200 84356 "-" "Mozilla/5.0 (compatible; MJ12bot/v1.4.8; http://mj12bot.com/)"
54.36.148.99 - - [24/Dec/2023:06:55:30 +0100] "GET /home-decoration-c-13.html?page=101 HTTP/1.0" 200 103004 "-" "Mozilla/5.0 (compatible; AhrefsBot/7.0; +http://ahrefs.com/robot/)"
217.182.134.134 - - [24/Dec/2023:06:55:49 +0100] "GET /allen-designs-flowerpot-rooster-p-58674.html HTTP/1.0" 200 84404 "-" "Mozilla/5.0 (compatible; MJ12bot/v1.4.8; http://mj12bot.com/)"
192.42.116.187 - - [24/Dec/2023:06:55:27 +0100] "GET / HTTP/1.0" 500 132974 "http://wonder-geek.com" "Mozilla/5.0 (compatible; MSIE 9.0; Windows NT 6.1; WOW64; Trident/6.0)"
217.182.134.134 - - [24/Dec/2023:06:55:55 +0100] "GET /allen-designs-flowerpot-rooster-p-58675.html HTTP/1.0" 200 84403 "-" "Mozilla/5.0 (compatible; MJ12bot/v1.4.8; http://mj12bot.com/)"
217.182.134.134 - - [24/Dec/2023:06:56:01 +0100] "GET /amlie-cups-spoons-p-59612.html HTTP/1.0" 200 84522 "-" "Mozilla/5.0 (compatible; MJ12bot/v1.4.8; http://mj12bot.com/)"
217.182.134.134 - - [24/Dec/2023:06:56:08 +0100] "GET /bamboo-fiber-plant-cover-quand-p-57719.html HTTP/1.0" 200 84601 "-" "Mozilla/5.0 (compatible; MJ12bot/v1.4.8; http://mj12bot.com/)"
217.182.134.134 - - [24/Dec/2023:06:56:14 +0100] "GET /bear-glasses-p-47048.html HTTP/1.0" 200 81341 "-" "Mozilla/5.0 (compatible; MJ12bot/v1.4.8; http://mj12bot.com/)"
217.182.134.134 - - [24/Dec/2023:06:56:19 +0100] "GET /ceramic-incense-burner-p-59621.html HTTP/1.0" 200 84381 "-" "Mozilla/5.0 (compatible; MJ12bot/v1.4.8; http://mj12bot.com/)"
54.36.148.11 - - [24/Dec/2023:06:56:21 +0100] "GET /aquarius-cookware-cbkreation-p-43286.html HTTP/1.0" 200 83745 "-" "Mozilla/5.0 (compatible; AhrefsBot/7.0; +http://ahrefs.com/robot/)"
217.182.134.134 - - [24/Dec/2023:06:56:27 +0100] "GET /coconut-bowl-p-59591.html HTTP/1.0" 200 84942 "-" "Mozilla/5.0 (compatible; MJ12bot/v1.4.8; http://mj12bot.com/)"
217.182.134.134 - - [24/Dec/2023:06:56:33 +0100] "GET /corsica-espresso-p-57148.html HTTP/1.0" 200 84208 "-" "Mozilla/5.0 (compatible; MJ12bot/v1.4.8; http://mj12bot.com/)"
217.182.134.134 - - [24/Dec/2023:06:56:39 +0100] "GET /create-your-fantasy-face-colouring-book-p-39448.html HTTP/1.0" 301 81330 "-" "Mozilla/5.0 (compatible; MJ12bot/v1.4.8; http://mj12bot.com/)"
217.182.134.134 - - [24/Dec/2023:06:56:47 +0100] "GET /-p-39448.html HTTP/1.0" 200 81263 "-" "Mozilla/5.0 (compatible; MJ12bot/v1.4.8; http://mj12bot.com/)"
217.182.134.134 - - [24/Dec/2023:06:56:51 +0100] "GET /cuba-cbkreation-p-42531.html HTTP/1.0" 200 83594 "-" "Mozilla/5.0 (compatible; MJ12bot/v1.4.8; http://mj12bot.com/)"
217.182.134.134 - - [24/Dec/2023:06:56:56 +0100] "GET /cuba-mug-by-cbkreation-p-42531.html HTTP/1.0" 301 83676 "-" "Mozilla/5.0 (compatible; MJ12bot/v1.4.8; http://mj12bot.com/)"
217.182.134.134 - - [24/Dec/2023:06:57:01 +0100] "GET /cuba-cbkreation-p-42531.html HTTP/1.0" 200 83594 "-" "Mozilla/5.0 (compatible; MJ12bot/v1.4.8; http://mj12bot.com/)"
217.182.134.134 - - [24/Dec/2023:06:57:07 +0100] "GET /customized-decorative-metal-plate-by-cbkreation-p-51480.html HTTP/1.0" 301 84581 "-" "Mozilla/5.0 (compatible; MJ12bot/v1.4.8; http://mj12bot.com/)"
14.137.139.194 - - [24/Dec/2023:06:57:10 +0100] "GET /images/mini_prod/8424346248957.jpg HTTP/1.0" 200 269 "-" "Mozilla/5.0 (X11; Ubuntu; Linux x86_64; rv:72.0) Gecko/20100101 Firefox/72.0"
217.182.134.134 - - [24/Dec/2023:06:57:11 +0100] "GET /customized-decorative-metal-plate-cbkration-p-51480.html HTTP/1.0" 200 84471 "-" "Mozilla/5.0 (compatible; MJ12bot/v1.4.8; http://mj12bot.com/)"
54.36.148.231 - - [24/Dec/2023:06:57:15 +0100] "GET /shell-collection-large-metal-plate-deco-p-37113.html HTTP/1.0" 200 83789 "-" "Mozilla/5.0 (compatible; AhrefsBot/7.0; +http://ahrefs.com/robot/)"
217.182.134.134 - - [24/Dec/2023:06:57:16 +0100] "GET /customized-decorative-metal-plate-cbkration-p-51480.html HTTP/1.0" 200 84471 "-" "Mozilla/5.0 (compatible; MJ12bot/v1.4.8; http://mj12bot.com/)"
217.182.134.134 - - [24/Dec/2023:06:57:21 +0100] "GET /decorations-and-furnishings/furnishings/cocacola-bar-stool-p-12304.html HTTP/1.0" 301 81330 "-" "Mozilla/5.0 (compatible; MJ12bot/v1.4.8; http://mj12bot.com/)"
217.182.134.134 - - [24/Dec/2023:06:57:25 +0100] "GET /-p-12304.html HTTP/1.0" 200 81263 "-" "Mozilla/5.0 (compatible; MJ12bot/v1.4.8; http://mj12bot.com/)"
217.182.134.134 - - [24/Dec/2023:06:57:29 +0100] "GET /decorations-and-furnishings/furnishings/cocacola-bar-table-p-12310.html HTTP/1.0" 301 81330 "-" "Mozilla/5.0 (compatible; MJ12bot/v1.4.8; http://mj12bot.com/)"
217.182.134.134 - - [24/Dec/2023:06:57:34 +0100] "GET /-p-12310.html HTTP/1.0" 200 81263 "-" "Mozilla/5.0 (compatible; MJ12bot/v1.4.8; http://mj12bot.com/)"
217.182.134.134 - - [24/Dec/2023:06:57:39 +0100] "GET /decorative-metal-plate-p-51481.html HTTP/1.0" 200 83701 "-" "Mozilla/5.0 (compatible; MJ12bot/v1.4.8; http://mj12bot.com/)"
217.182.134.134 - - [24/Dec/2023:06:57:43 +0100] "GET /diffuser-essential-oils-leds-changing-colors-p-47971.html HTTP/1.0" 200 84909 "-" "Mozilla/5.0 (compatible; MJ12bot/v1.4.8; http://mj12bot.com/)"
217.182.134.134 - - [24/Dec/2023:06:57:48 +0100] "GET /diffuser-essential-oils-luminous-cactus-p-50881.html HTTP/1.0" 200 84901 "-" "Mozilla/5.0 (compatible; MJ12bot/v1.4.8; http://mj12bot.com/)"
217.182.134.134 - - [24/Dec/2023:06:57:54 +0100] "GET /diffuser-of-essential-oils-leds-changing-colors-p-47971.html HTTP/1.0" 301 85020 "-" "Mozilla/5.0 (compatible; MJ12bot/v1.4.8; http://mj12bot.com/)"
217.182.134.134 - - [24/Dec/2023:06:57:58 +0100] "GET /diffuser-essential-oils-leds-changing-colors-p-47971.html HTTP/1.0" 200 84909 "-" "Mozilla/5.0 (compatible; MJ12bot/v1.4.8; http://mj12bot.com/)"
217.182.134.134 - - [24/Dec/2023:06:58:03 +0100] "GET /diffuser-of-essential-oils-luminous-cactus-p-50881.html HTTP/1.0" 301 85007 "-" "Mozilla/5.0 (compatible; MJ12bot/v1.4.8; http://mj12bot.com/)"
217.182.134.134 - - [24/Dec/2023:06:58:09 +0100] "GET /diffuser-essential-oils-luminous-cactus-p-50881.html HTTP/1.0" 200 84901 "-" "Mozilla/5.0 (compatible; MJ12bot/v1.4.8; http://mj12bot.com/)"
54.36.148.188 - - [24/Dec/2023:06:58:13 +0100] "GET /pride-door-p-59446.html HTTP/1.0" 200 83832 "-" "Mozilla/5.0 (compatible; AhrefsBot/7.0; +http://ahrefs.com/robot/)"
217.182.134.134 - - [24/Dec/2023:06:58:14 +0100] "GET /diffuser-of-perfume-and-essential-oils-c-162.html?page=11 HTTP/1.0" 301 102258 "-" "Mozilla/5.0 (compatible; MJ12bot/v1.4.8; http://mj12bot.com/)"
217.182.134.134 - - [24/Dec/2023:06:58:19 +0100] "GET /diffuser-perfume-essential-oils-c-231_162.html?page=11 HTTP/1.0" 200 102285 "-" "Mozilla/5.0 (compatible; MJ12bot/v1.4.8; http://mj12bot.com/)"
66.249.69.198 - - [24/Dec/2023:06:58:41 +0100] "GET /images/med_prod/3760226372332.jpg HTTP/1.0" 200 268 "-" "Googlebot-Image/1.0"
217.182.134.134 - - [24/Dec/2023:06:58:31 +0100] "GET /diffuser-of-perfume-and-essential-oils-c-231_162.html?page=11 HTTP/1.0" 301 102389 "-" "Mozilla/5.0 (compatible; MJ12bot/v1.4.8; http://mj12bot.com/)"
217.182.134.134 - - [24/Dec/2023:06:58:36 +0100] "GET /diffuser-perfume-essential-oils-c-162.html?page=11 HTTP/1.0" 301 102258 "-" "Mozilla/5.0 (compatible; MJ12bot/v1.4.8; http://mj12bot.com/)"
217.182.134.134 - - [24/Dec/2023:06:58:40 +0100] "GET /diffuser-perfume-essential-oils-c-231_162.html?page=11 HTTP/1.0" 200 102285 "-" "Mozilla/5.0 (compatible; MJ12bot/v1.4.8; http://mj12bot.com/)"
217.182.134.134 - - [24/Dec/2023:06:58:54 +0100] "GET /diffuser-perfume-essential-oils-c-162.html?page=11 HTTP/1.0" 301 102258 "-" "Mozilla/5.0 (compatible; MJ12bot/v1.4.8; http://mj12bot.com/)"
54.36.148.1 - - [24/Dec/2023:06:59:04 +0100] "GET /stones-ceramic-bathroom-p-50736.html HTTP/1.0" 200 83714 "-" "Mozilla/5.0 (compatible; AhrefsBot/7.0; +http://ahrefs.com/robot/)"
217.182.134.134 - - [24/Dec/2023:06:58:57 +0100] "GET /diffuser-perfume-essential-oils-c-231_162.html?page=11 HTTP/1.0" 200 102285 "-" "Mozilla/5.0 (compatible; MJ12bot/v1.4.8; http://mj12bot.com/)"
217.182.134.134 - - [24/Dec/2023:06:59:09 +0100] "GET /diffuser-perfume-essential-oils-c-231_162.html?page=11 HTTP/1.0" 200 102285 "-" "Mozilla/5.0 (compatible; MJ12bot/v1.4.8; http://mj12bot.com/)"
217.182.134.134 - - [24/Dec/2023:06:59:21 +0100] "GET /digibirds-bird-p-30699.html HTTP/1.0" 301 81330 "-" "Mozilla/5.0 (compatible; MJ12bot/v1.4.8; http://mj12bot.com/)"
217.182.134.134 - - [24/Dec/2023:06:59:25 +0100] "GET /-p-30699.html HTTP/1.0" 200 81263 "-" "Mozilla/5.0 (compatible; MJ12bot/v1.4.8; http://mj12bot.com/)"
217.182.134.134 - - [24/Dec/2023:06:59:29 +0100] "GET /digibirds-bird-p-30700.html HTTP/1.0" 301 81330 "-" "Mozilla/5.0 (compatible; MJ12bot/v1.4.8; http://mj12bot.com/)"
217.182.134.134 - - [24/Dec/2023:06:59:33 +0100] "GET /-p-30700.html HTTP/1.0" 200 81263 "-" "Mozilla/5.0 (compatible; MJ12bot/v1.4.8; http://mj12bot.com/)"
217.182.134.134 - - [24/Dec/2023:06:59:37 +0100] "GET /digibirds-bird-p-30702.html HTTP/1.0" 301 81330 "-" "Mozilla/5.0 (compatible; MJ12bot/v1.4.8; http://mj12bot.com/)"
217.182.134.134 - - [24/Dec/2023:06:59:41 +0100] "GET /-p-30702.html HTTP/1.0" 200 81263 "-" "Mozilla/5.0 (compatible; MJ12bot/v1.4.8; http://mj12bot.com/)"
217.182.134.134 - - [24/Dec/2023:06:59:45 +0100] "GET /digibirds-bird-p-37003.html HTTP/1.0" 301 81330 "-" "Mozilla/5.0 (compatible; MJ12bot/v1.4.8; http://mj12bot.com/)"
217.182.134.134 - - [24/Dec/2023:06:59:49 +0100] "GET /-p-37003.html HTTP/1.0" 200 81263 "-" "Mozilla/5.0 (compatible; MJ12bot/v1.4.8; http://mj12bot.com/)"
217.182.134.134 - - [24/Dec/2023:06:59:52 +0100] "GET /digidinos-simon-stegosaurus-p-31601.html HTTP/1.0" 301 81330 "-" "Mozilla/5.0 (compatible; MJ12bot/v1.4.8; http://mj12bot.com/)"
217.182.134.134 - - [24/Dec/2023:06:59:56 +0100] "GET /-p-31601.html HTTP/1.0" 200 81263 "-" "Mozilla/5.0 (compatible; MJ12bot/v1.4.8; http://mj12bot.com/)"
54.36.148.163 - - [24/Dec/2023:06:59:57 +0100] "GET /bamboo-mister-sucre-p-48630.html HTTP/1.0" 200 83615 "-" "Mozilla/5.0 (compatible; AhrefsBot/7.0; +http://ahrefs.com/robot/)"
217.182.134.134 - - [24/Dec/2023:07:00:00 +0100] "GET /digidinos-skye-stegosaurus-p-31603.html HTTP/1.0" 301 81330 "-" "Mozilla/5.0 (compatible; MJ12bot/v1.4.8; http://mj12bot.com/)"
217.182.134.134 - - [24/Dec/2023:07:00:04 +0100] "GET /-p-31603.html HTTP/1.0" 200 81263 "-" "Mozilla/5.0 (compatible; MJ12bot/v1.4.8; http://mj12bot.com/)"
217.182.134.134 - - [24/Dec/2023:07:00:14 +0100] "GET /digidinos-terry-tyrannosaurus-p-31600.html HTTP/1.0" 301 81330 "-" "Mozilla/5.0 (compatible; MJ12bot/v1.4.8; http://mj12bot.com/)"
217.182.134.134 - - [24/Dec/2023:07:00:19 +0100] "GET /-p-31600.html HTTP/1.0" 200 81263 "-" "Mozilla/5.0 (compatible; MJ12bot/v1.4.8; http://mj12bot.com/)"
217.182.134.134 - - [24/Dec/2023:07:00:24 +0100] "GET /digipenguin-p-30672.html HTTP/1.0" 301 81330 "-" "Mozilla/5.0 (compatible; MJ12bot/v1.4.8; http://mj12bot.com/)"
217.182.134.134 - - [24/Dec/2023:07:00:29 +0100] "GET /-p-30672.html HTTP/1.0" 200 81263 "-" "Mozilla/5.0 (compatible; MJ12bot/v1.4.8; http://mj12bot.com/)"
217.182.134.134 - - [24/Dec/2023:07:00:34 +0100] "GET /digipenguin-p-30673.html HTTP/1.0" 301 81330 "-" "Mozilla/5.0 (compatible; MJ12bot/v1.4.8; http://mj12bot.com/)"
217.182.134.134 - - [24/Dec/2023:07:00:39 +0100] "GET /-p-30673.html HTTP/1.0" 200 81263 "-" "Mozilla/5.0 (compatible; MJ12bot/v1.4.8; http://mj12bot.com/)"
217.182.134.134 - - [24/Dec/2023:07:00:44 +0100] "GET /digipenguin-p-30676.html HTTP/1.0" 301 81330 "-" "Mozilla/5.0 (compatible; MJ12bot/v1.4.8; http://mj12bot.com/)"
217.182.134.134 - - [24/Dec/2023:07:00:49 +0100] "GET /-p-30676.html HTTP/1.0" 200 81263 "-" "Mozilla/5.0 (compatible; MJ12bot/v1.4.8; http://mj12bot.com/)"
54.36.148.54 - - [24/Dec/2023:07:00:50 +0100] "GET /white-metal-table-lamp-p-50110.html HTTP/1.0" 200 83652 "-" "Mozilla/5.0 (compatible; AhrefsBot/7.0; +http://ahrefs.com/robot/)"
217.182.134.134 - - [24/Dec/2023:07:00:54 +0100] "GET /digital-alarm-clock-10-cm-p-38744.html HTTP/1.0" 301 81427 "-" "Mozilla/5.0 (compatible; MJ12bot/v1.4.8; http://mj12bot.com/)"
51.68.224.127 - - [24/Dec/2023:07:00:59 +0100] "GET /adminweb/export_orders_xml.php?token=256de2z6edz6ed2z6DFSFsed2zed6zeDSFDSGdzedezfzf&maxorders=10&orderstart=1&status=14&start_date=2018-10-01 HTTP/1.0" 200 285 "-" "GesCom CharlotteBoutik Serveur"
217.182.134.134 - - [24/Dec/2023:07:00:58 +0100] "GET /digital-alarm-clock-p-38744.html HTTP/1.0" 200 81341 "-" "Mozilla/5.0 (compatible; MJ12bot/v1.4.8; http://mj12bot.com/)"
51.68.224.127 - - [24/Dec/2023:07:00:59 +0100] "GET /adminweb/export_orders_xml.php?token=256de2z6edz6ed2z6DFSFsed2zed6zeDSFDSGdzedezfzf&maxorders=10&orderstart=1&status=6&start_date=2018-10-01 HTTP/1.0" 200 34422 "-" "GesCom CharlotteBoutik Serveur"
217.182.134.134 - - [24/Dec/2023:07:01:03 +0100] "GET /digital-alarm-clock-p-38744.html HTTP/1.0" 200 81341 "-" "Mozilla/5.0 (compatible; MJ12bot/v1.4.8; http://mj12bot.com/)"
217.182.134.134 - - [24/Dec/2023:07:01:08 +0100] "GET /diner-cutting-board-p-28316.html HTTP/1.0" 301 81330 "-" "Mozilla/5.0 (compatible; MJ12bot/v1.4.8; http://mj12bot.com/)"
217.182.134.134 - - [24/Dec/2023:07:01:12 +0100] "GET /-p-28316.html HTTP/1.0" 200 81263 "-" "Mozilla/5.0 (compatible; MJ12bot/v1.4.8; http://mj12bot.com/)"
217.182.134.134 - - [24/Dec/2023:07:01:17 +0100] "GET /diner-paper-towel-dispenser-p-48688.html HTTP/1.0" 200 81375 "-" "Mozilla/5.0 (compatible; MJ12bot/v1.4.8; http://mj12bot.com/)"
217.182.134.134 - - [24/Dec/2023:07:01:21 +0100] "GET /dinosaur-desk-blotter-p-36155.html HTTP/1.0" 301 81330 "-" "Mozilla/5.0 (compatible; MJ12bot/v1.4.8; http://mj12bot.com/)"
217.182.134.134 - - [24/Dec/2023:07:01:26 +0100] "GET /-p-36155.html HTTP/1.0" 200 81263 "-" "Mozilla/5.0 (compatible; MJ12bot/v1.4.8; http://mj12bot.com/)"
217.182.134.134 - - [24/Dec/2023:07:01:31 +0100] "GET /dinosaur-pied-resine-gray-p-45378.html HTTP/1.0" 301 81330 "-" "Mozilla/5.0 (compatible; MJ12bot/v1.4.8; http://mj12bot.com/)"
217.182.134.134 - - [24/Dec/2023:07:01:35 +0100] "GET /-p-45378.html HTTP/1.0" 200 81263 "-" "Mozilla/5.0 (compatible; MJ12bot/v1.4.8; http://mj12bot.com/)"
217.182.134.134 - - [24/Dec/2023:07:01:40 +0100] "GET /disco-cat-eyeglass-case-p-19055.html HTTP/1.0" 301 81330 "-" "Mozilla/5.0 (compatible; MJ12bot/v1.4.8; http://mj12bot.com/)"
217.182.134.134 - - [24/Dec/2023:07:01:44 +0100] "GET /-p-19055.html HTTP/1.0" 200 81263 "-" "Mozilla/5.0 (compatible; MJ12bot/v1.4.8; http://mj12bot.com/)"
217.182.134.134 - - [24/Dec/2023:07:01:49 +0100] "GET /disco-cat-mug-p-19045.html HTTP/1.0" 301 81330 "-" "Mozilla/5.0 (compatible; MJ12bot/v1.4.8; http://mj12bot.com/)"
54.36.148.211 - - [24/Dec/2023:07:01:49 +0100] "GET /pine-wood-chest-p-53539.html HTTP/1.0" 200 84418 "-" "Mozilla/5.0 (compatible; AhrefsBot/7.0; +http://ahrefs.com/robot/)"
217.182.134.134 - - [24/Dec/2023:07:01:53 +0100] "GET /-p-19045.html HTTP/1.0" 200 81263 "-" "Mozilla/5.0 (compatible; MJ12bot/v1.4.8; http://mj12bot.com/)"
54.36.148.89 - - [24/Dec/2023:07:01:56 +0100] "GET /charmmy-kitty-embroidered-square-bag-p-8369.html HTTP/1.0" 301 81327 "-" "Mozilla/5.0 (compatible; AhrefsBot/7.0; +http://ahrefs.com/robot/)"
217.182.134.134 - - [24/Dec/2023:07:01:57 +0100] "GET /dishes/plates/strawberry-shortcake-melamine-plate-p-10235.html HTTP/1.0" 301 81330 "-" "Mozilla/5.0 (compatible; MJ12bot/v1.4.8; http://mj12bot.com/)"
217.182.134.134 - - [24/Dec/2023:07:02:01 +0100] "GET /-p-10235.html HTTP/1.0" 200 81263 "-" "Mozilla/5.0 (compatible; MJ12bot/v1.4.8; http://mj12bot.com/)"
114.119.137.8 - - [24/Dec/2023:07:02:03 +0100] "GET /rabbit-mini-bag-p-28260.html HTTP/1.0" 301 84548 "http://www.wonder-geek.com/bagshandbags-shoulder-bags-c-31_81.html?page=4" "Mozilla/5.0 (Linux; Android 7.0;) AppleWebKit/537.36 (KHTML, like Gecko) Mobile Safari/537.36 (compatible; PetalBot;+https://webmaster.petalsearch.com/site/petalbot)"
217.182.134.134 - - [24/Dec/2023:07:02:06 +0100] "GET /disney-showcase-belle-whith-sheep-p-57157.html HTTP/1.0" 200 84970 "-" "Mozilla/5.0 (compatible; MJ12bot/v1.4.8; http://mj12bot.com/)"
217.182.134.134 - - [24/Dec/2023:07:02:12 +0100] "GET /dora-explorater-vertical-wall-light-glass-p-18755.html HTTP/1.0" 200 84108 "-" "Mozilla/5.0 (compatible; MJ12bot/v1.4.8; http://mj12bot.com/)"
114.119.137.8 - - [24/Dec/2023:07:02:12 +0100] "GET /rabbit-mini-p-28260.html HTTP/1.0" 200 84470 "http://www.wonder-geek.com/bagshandbags-shoulder-bags-c-31_81.html?page=4" "Mozilla/5.0 (Linux; Android 7.0;) AppleWebKit/537.36 (KHTML, like Gecko) Mobile Safari/537.36 (compatible; PetalBot;+https://webmaster.petalsearch.com/site/petalbot)"
217.182.134.134 - - [24/Dec/2023:07:02:20 +0100] "GET /espresso-klimt-p-57151.html HTTP/1.0" 200 84188 "-" "Mozilla/5.0 (compatible; MJ12bot/v1.4.8; http://mj12bot.com/)"
217.182.134.134 - - [24/Dec/2023:07:02:25 +0100] "GET /fuel-pump-clock-p-55135.html HTTP/1.0" 200 81313 "-" "Mozilla/5.0 (compatible; MJ12bot/v1.4.8; http://mj12bot.com/)"
217.182.134.134 - - [24/Dec/2023:07:02:29 +0100] "GET /games-and-toys/toys/the-hobbit-dwarven-battle-axe-roleplay-weapon-p-16589.html HTTP/1.0" 301 81330 "-" "Mozilla/5.0 (compatible; MJ12bot/v1.4.8; http://mj12bot.com/)"
217.182.134.134 - - [24/Dec/2023:07:02:34 +0100] "GET /-p-16589.html HTTP/1.0" 200 81263 "-" "Mozilla/5.0 (compatible; MJ12bot/v1.4.8; http://mj12bot.com/)"
217.182.134.134 - - [24/Dec/2023:07:02:38 +0100] "GET /gorilla-statue-golden-resin-p-56382.html HTTP/1.0" 200 81367 "-" "Mozilla/5.0 (compatible; MJ12bot/v1.4.8; http://mj12bot.com/)"
217.182.134.134 - - [24/Dec/2023:07:02:43 +0100] "GET /gorjuss-glass-wall-clock-loved-p-53943.html HTTP/1.0" 200 81385 "-" "Mozilla/5.0 (compatible; MJ12bot/v1.4.8; http://mj12bot.com/)"
217.182.134.134 - - [24/Dec/2023:07:02:47 +0100] "GET /gorjuss-glass-wall-clock-rainbow-p-53945.html HTTP/1.0" 200 81385 "-" "Mozilla/5.0 (compatible; MJ12bot/v1.4.8; http://mj12bot.com/)"
217.182.134.134 - - [24/Dec/2023:07:02:52 +0100] "GET /gorjuss-glass-wall-clock-tall-tails-p-53944.html HTTP/1.0" 200 81397 "-" "Mozilla/5.0 (compatible; MJ12bot/v1.4.8; http://mj12bot.com/)"
54.36.149.101 - - [24/Dec/2023:07:02:44 +0100] "GET /yoga-c-11_269_268.html HTTP/1.0" 200 92721 "-" "Mozilla/5.0 (compatible; AhrefsBot/7.0; +http://ahrefs.com/robot/)"
217.182.134.134 - - [24/Dec/2023:07:02:56 +0100] "GET /gorjuss-stamps-with-scarf-p-40495.html HTTP/1.0" 200 81367 "-" "Mozilla/5.0 (compatible; MJ12bot/v1.4.8; http://mj12bot.com/)"
52.167.144.190 - - [24/Dec/2023:07:03:02 +0100] "GET /images/big_prod/1304038301146.jpg HTTP/1.0" 200 268 "-" "Mozilla/5.0 (Windows NT 6.1; WOW64) AppleWebKit/534+ (KHTML, like Gecko) BingPreview/1.0b"
217.182.134.134 - - [24/Dec/2023:07:03:01 +0100] "GET /gorjuss-stamps-with-sugar-spice-p-40494.html HTTP/1.0" 301 81330 "-" "Mozilla/5.0 (compatible; MJ12bot/v1.4.8; http://mj12bot.com/)"
217.182.134.134 - - [24/Dec/2023:07:03:05 +0100] "GET /-p-40494.html HTTP/1.0" 200 81263 "-" "Mozilla/5.0 (compatible; MJ12bot/v1.4.8; http://mj12bot.com/)"
217.182.134.134 - - [24/Dec/2023:07:03:10 +0100] "GET /handmade-mirror-wall-decoration-p-53749.html HTTP/1.0" 200 81377 "-" "Mozilla/5.0 (compatible; MJ12bot/v1.4.8; http://mj12bot.com/)"
217.182.134.134 - - [24/Dec/2023:07:03:14 +0100] "GET /handmade-mirror-wall-decoration-p-53750.html HTTP/1.0" 200 81377 "-" "Mozilla/5.0 (compatible; MJ12bot/v1.4.8; http://mj12bot.com/)"
217.182.134.134 - - [24/Dec/2023:07:03:18 +0100] "GET /handy-manny-money-p-8421.html HTTP/1.0" 200 83725 "-" "Mozilla/5.0 (compatible; MJ12bot/v1.4.8; http://mj12bot.com/)"
217.182.134.134 - - [24/Dec/2023:07:03:23 +0100] "GET /heart-and-home-votive-holder-p-53431.html HTTP/1.0" 301 83792 "-" "Mozilla/5.0 (compatible; MJ12bot/v1.4.8; http://mj12bot.com/)"
217.182.134.134 - - [24/Dec/2023:07:03:28 +0100] "GET /heart-home-votive-holder-p-53431.html HTTP/1.0" 200 83701 "-" "Mozilla/5.0 (compatible; MJ12bot/v1.4.8; http://mj12bot.com/)"
217.182.134.134 - - [24/Dec/2023:07:03:33 +0100] "GET /heart-home-essential-blend-cotton-blossom-p-59917.html HTTP/1.0" 200 84672 "-" "Mozilla/5.0 (compatible; MJ12bot/v1.4.8; http://mj12bot.com/)"
54.36.149.84 - - [24/Dec/2023:07:03:36 +0100] "GET /caramel-toiletry-constellation-p-55648.html HTTP/1.0" 200 84651 "-" "Mozilla/5.0 (compatible; AhrefsBot/7.0; +http://ahrefs.com/robot/)"
217.182.134.134 - - [24/Dec/2023:07:03:39 +0100] "GET /heart-home-melting-pebble-scent-burner-p-59908.html HTTP/1.0" 200 85388 "-" "Mozilla/5.0 (compatible; MJ12bot/v1.4.8; http://mj12bot.com/)"
54.36.148.181 - - [24/Dec/2023:07:03:41 +0100] "GET /barbapapa-checkers-p-17282.html HTTP/1.0" 301 81330 "-" "Mozilla/5.0 (compatible; AhrefsBot/7.0; +http://ahrefs.com/robot/)"
217.182.134.134 - - [24/Dec/2023:07:03:44 +0100] "GET /heart-home-peach-passion-essential-blend-p-59916.html HTTP/1.0" 200 84873 "-" "Mozilla/5.0 (compatible; MJ12bot/v1.4.8; http://mj12bot.com/)"
114.119.155.236 - - [24/Dec/2023:07:03:47 +0100] "GET /gormiti-pairs-trainer-liner-socks-size-23-26-p-46842.html HTTP/1.0" 301 81330 "http://www.wonder-geek.com/socks-c-2_142.html" "Mozilla/5.0 (Linux; Android 7.0;) AppleWebKit/537.36 (KHTML, like Gecko) Mobile Safari/537.36 (compatible; PetalBot;+https://webmaster.petalsearch.com/site/petalbot)"
217.182.134.134 - - [24/Dec/2023:07:03:49 +0100] "GET /heart-home-votive-holder-p-53431.html HTTP/1.0" 200 83701 "-" "Mozilla/5.0 (compatible; MJ12bot/v1.4.8; http://mj12bot.com/)"
114.119.155.236 - - [24/Dec/2023:07:03:53 +0100] "GET /-p-46842.html HTTP/1.0" 200 81263 "http://www.wonder-geek.com/socks-c-2_142.html" "Mozilla/5.0 (Linux; Android 7.0;) AppleWebKit/537.36 (KHTML, like Gecko) Mobile Safari/537.36 (compatible; PetalBot;+https://webmaster.petalsearch.com/site/petalbot)"
217.182.134.134 - - [24/Dec/2023:07:03:55 +0100] "GET /horn-decoration-brass-p-40142.html HTTP/1.0" 200 83630 "-" "Mozilla/5.0 (compatible; MJ12bot/v1.4.8; http://mj12bot.com/)"
217.182.134.134 - - [24/Dec/2023:07:04:00 +0100] "GET /incense-burner-sticks-cones-hebru-hand-soapstone-p-44275.html HTTP/1.0" 200 84560 "-" "Mozilla/5.0 (compatible; MJ12bot/v1.4.8; http://mj12bot.com/)"
52.167.144.190 - - [24/Dec/2023:07:04:02 +0100] "GET /mugs-mazagrans-c-12_57.html?page=2 HTTP/1.0" 200 105585 "-" "Mozilla/5.0 AppleWebKit/537.36 (KHTML, like Gecko; compatible; bingbot/2.0; +http://www.bing.com/bingbot.htm) Chrome/116.0.1938.76 Safari/537.36"
217.182.134.134 - - [24/Dec/2023:07:04:05 +0100] "GET /indian-elephant-statue-12-cm-p-41477.html HTTP/1.0" 301 81442 "-" "Mozilla/5.0 (compatible; MJ12bot/v1.4.8; http://mj12bot.com/)"
217.182.134.134 - - [24/Dec/2023:07:04:09 +0100] "GET /indian-elephant-statue-p-41477.html HTTP/1.0" 200 81353 "-" "Mozilla/5.0 (compatible; MJ12bot/v1.4.8; http://mj12bot.com/)"
217.182.134.134 - - [24/Dec/2023:07:04:12 +0100] "GET /indian-elephant-statue-13-cm-p-41476.html HTTP/1.0" 301 81442 "-" "Mozilla/5.0 (compatible; MJ12bot/v1.4.8; http://mj12bot.com/)"
217.182.134.134 - - [24/Dec/2023:07:04:16 +0100] "GET /indian-elephant-statue-p-41476.html HTTP/1.0" 200 81353 "-" "Mozilla/5.0 (compatible; MJ12bot/v1.4.8; http://mj12bot.com/)"
217.182.134.134 - - [24/Dec/2023:07:04:20 +0100] "GET /indian-elephant-statue-23-cm-p-41467.html HTTP/1.0" 301 81442 "-" "Mozilla/5.0 (compatible; MJ12bot/v1.4.8; http://mj12bot.com/)"
217.182.134.134 - - [24/Dec/2023:07:04:23 +0100] "GET /indian-elephant-statue-p-41467.html HTTP/1.0" 200 81353 "-" "Mozilla/5.0 (compatible; MJ12bot/v1.4.8; http://mj12bot.com/)"
54.36.149.64 - - [24/Dec/2023:07:04:25 +0100] "GET /bolster-case-brown-p-55448.html HTTP/1.0" 200 84519 "-" "Mozilla/5.0 (compatible; AhrefsBot/7.0; +http://ahrefs.com/robot/)"
217.182.134.134 - - [24/Dec/2023:07:04:27 +0100] "GET /indian-elephant-statue-p-41467.html HTTP/1.0" 200 81353 "-" "Mozilla/5.0 (compatible; MJ12bot/v1.4.8; http://mj12bot.com/)"
217.182.134.134 - - [24/Dec/2023:07:04:31 +0100] "GET /indian-elephant-statue-p-41476.html HTTP/1.0" 200 81353 "-" "Mozilla/5.0 (compatible; MJ12bot/v1.4.8; http://mj12bot.com/)"
217.182.134.134 - - [24/Dec/2023:07:04:35 +0100] "GET /indian-elephant-statue-p-41477.html HTTP/1.0" 200 81353 "-" "Mozilla/5.0 (compatible; MJ12bot/v1.4.8; http://mj12bot.com/)"
217.182.134.134 - - [24/Dec/2023:07:04:38 +0100] "GET /jamaican-by-cbk-alarm-clock-p-25002.html HTTP/1.0" 301 83842 "-" "Mozilla/5.0 (compatible; MJ12bot/v1.4.8; http://mj12bot.com/)"
217.182.134.134 - - [24/Dec/2023:07:04:42 +0100] "GET /jamaican-cbkreation-alarm-clock-p-25002.html HTTP/1.0" 200 83744 "-" "Mozilla/5.0 (compatible; MJ12bot/v1.4.8; http://mj12bot.com/)"
217.182.134.134 - - [24/Dec/2023:07:04:45 +0100] "GET /jamaican-by-cbkreation-alarm-clock-p-25002.html HTTP/1.0" 301 83842 "-" "Mozilla/5.0 (compatible; MJ12bot/v1.4.8; http://mj12bot.com/)"
217.182.134.134 - - [24/Dec/2023:07:04:49 +0100] "GET /jamaican-cbkreation-alarm-clock-p-25002.html HTTP/1.0" 200 83744 "-" "Mozilla/5.0 (compatible; MJ12bot/v1.4.8; http://mj12bot.com/)"
217.182.134.134 - - [24/Dec/2023:07:04:52 +0100] "GET /jamaican-cbkreation-alarm-clock-p-25002.html HTTP/1.0" 200 83744 "-" "Mozilla/5.0 (compatible; MJ12bot/v1.4.8; http://mj12bot.com/)"
217.182.134.134 - - [24/Dec/2023:07:04:57 +0100] "GET /james-towel-75-150-cm-p-39101.html HTTP/1.0" 301 83676 "-" "Mozilla/5.0 (compatible; MJ12bot/v1.4.8; http://mj12bot.com/)"
217.182.134.134 - - [24/Dec/2023:07:05:00 +0100] "GET /james-towel-p-39101.html HTTP/1.0" 200 83598 "-" "Mozilla/5.0 (compatible; MJ12bot/v1.4.8; http://mj12bot.com/)"
217.182.134.134 - - [24/Dec/2023:07:05:04 +0100] "GET /james-towel-p-39101.html HTTP/1.0" 200 83598 "-" "Mozilla/5.0 (compatible; MJ12bot/v1.4.8; http://mj12bot.com/)"
217.182.134.134 - - [24/Dec/2023:07:05:08 +0100] "GET /jarre-candle-with-cotton-blossom-hours-p-59899.html HTTP/1.0" 200 84873 "-" "Mozilla/5.0 (compatible; MJ12bot/v1.4.8; http://mj12bot.com/)"
217.182.134.134 - - [24/Dec/2023:07:05:11 +0100] "GET /jarre-candle-with-peach-passion-hours-p-59898.html HTTP/1.0" 200 85095 "-" "Mozilla/5.0 (compatible; MJ12bot/v1.4.8; http://mj12bot.com/)"
217.182.134.134 - - [24/Dec/2023:07:05:15 +0100] "GET /jasmin-bowling-america-denim-p-38689.html HTTP/1.0" 200 84578 "-" "Mozilla/5.0 (compatible; MJ12bot/v1.4.8; http://mj12bot.com/)"
54.36.148.167 - - [24/Dec/2023:07:05:17 +0100] "GET /cats-mini-melamine-tray-p-53815.html HTTP/1.0" 200 83696 "-" "Mozilla/5.0 (compatible; AhrefsBot/7.0; +http://ahrefs.com/robot/)"
217.182.134.134 - - [24/Dec/2023:07:05:19 +0100] "GET /jasmin-bowling-rockabilly-patchouli-p-39256.html HTTP/1.0" 301 81330 "-" "Mozilla/5.0 (compatible; MJ12bot/v1.4.8; http://mj12bot.com/)"
217.182.134.134 - - [24/Dec/2023:07:05:22 +0100] "GET /-p-39256.html HTTP/1.0" 200 81263 "-" "Mozilla/5.0 (compatible; MJ12bot/v1.4.8; http://mj12bot.com/)"
114.119.149.145 - - [24/Dec/2023:07:05:23 +0100] "GET /glasses-little-prince-p-60620.html HTTP/1.0" 200 84363 "http://www.wonder-geek.com/luggages-schoolbags-leather-shop-c-31.html?page=28" "Mozilla/5.0 (Linux; Android 7.0;) AppleWebKit/537.36 (KHTML, like Gecko) Mobile Safari/537.36 (compatible; PetalBot;+https://webmaster.petalsearch.com/site/petalbot)"
217.182.134.134 - - [24/Dec/2023:07:05:25 +0100] "GET /jasmin-cabas-stardust-p-41277.html HTTP/1.0" 301 81330 "-" "Mozilla/5.0 (compatible; MJ12bot/v1.4.8; http://mj12bot.com/)"
217.182.134.134 - - [24/Dec/2023:07:05:28 +0100] "GET /-p-41277.html HTTP/1.0" 200 81263 "-" "Mozilla/5.0 (compatible; MJ12bot/v1.4.8; http://mj12bot.com/)"
217.182.134.134 - - [24/Dec/2023:07:05:32 +0100] "GET /jasmin-chandelier-p-29354.html HTTP/1.0" 200 81351 "-" "Mozilla/5.0 (compatible; MJ12bot/v1.4.8; http://mj12bot.com/)"
217.182.134.134 - - [24/Dec/2023:07:05:36 +0100] "GET /jasmin-chandelier-p-31368.html HTTP/1.0" 200 81351 "-" "Mozilla/5.0 (compatible; MJ12bot/v1.4.8; http://mj12bot.com/)"
217.182.134.134 - - [24/Dec/2023:07:05:39 +0100] "GET /jasmin-chef-white-chandelier-p-35766.html HTTP/1.0" 200 81406 "-" "Mozilla/5.0 (compatible; MJ12bot/v1.4.8; http://mj12bot.com/)"
217.182.134.134 - - [24/Dec/2023:07:05:43 +0100] "GET /jasmin-companion-portfolio-p-44297.html HTTP/1.0" 301 81330 "-" "Mozilla/5.0 (compatible; MJ12bot/v1.4.8; http://mj12bot.com/)"
217.182.134.134 - - [24/Dec/2023:07:05:46 +0100] "GET /-p-44297.html HTTP/1.0" 200 81263 "-" "Mozilla/5.0 (compatible; MJ12bot/v1.4.8; http://mj12bot.com/)"
217.182.134.134 - - [24/Dec/2023:07:05:50 +0100] "GET /jasmin-companion-portfolio-racing-p-41286.html HTTP/1.0" 301 81330 "-" "Mozilla/5.0 (compatible; MJ12bot/v1.4.8; http://mj12bot.com/)"
217.182.134.134 - - [24/Dec/2023:07:05:53 +0100] "GET /-p-41286.html HTTP/1.0" 200 81263 "-" "Mozilla/5.0 (compatible; MJ12bot/v1.4.8; http://mj12bot.com/)"
217.182.134.134 - - [24/Dec/2023:07:05:57 +0100] "GET /jasmin-companion-portfolio-steed-grey-p-38698.html HTTP/1.0" 200 81387 "-" "Mozilla/5.0 (compatible; MJ12bot/v1.4.8; http://mj12bot.com/)"
217.182.134.134 - - [24/Dec/2023:07:06:00 +0100] "GET /jasmin-cups-espresso-p-32919.html HTTP/1.0" 301 81330 "-" "Mozilla/5.0 (compatible; MJ12bot/v1.4.8; http://mj12bot.com/)"
217.182.134.134 - - [24/Dec/2023:07:06:04 +0100] "GET /-p-32919.html HTTP/1.0" 200 81263 "-" "Mozilla/5.0 (compatible; MJ12bot/v1.4.8; http://mj12bot.com/)"
54.36.148.159 - - [24/Dec/2023:07:06:07 +0100] "GET /luggages-schoolbags-leather-shop-c-31.html?page=37 HTTP/1.0" 200 105076 "-" "Mozilla/5.0 (compatible; AhrefsBot/7.0; +http://ahrefs.com/robot/)"
217.182.134.134 - - [24/Dec/2023:07:06:07 +0100] "GET /jasmin-doll-pouch-jasmine-liberty-p-41284.html HTTP/1.0" 301 81330 "-" "Mozilla/5.0 (compatible; MJ12bot/v1.4.8; http://mj12bot.com/)"
217.182.134.134 - - [24/Dec/2023:07:06:11 +0100] "GET /-p-41284.html HTTP/1.0" 200 81263 "-" "Mozilla/5.0 (compatible; MJ12bot/v1.4.8; http://mj12bot.com/)"
217.182.134.134 - - [24/Dec/2023:07:06:15 +0100] "GET /jasmin-jasmine-p-41388.html HTTP/1.0" 200 81325 "-" "Mozilla/5.0 (compatible; MJ12bot/v1.4.8; http://mj12bot.com/)"
217.182.134.134 - - [24/Dec/2023:07:06:18 +0100] "GET /jasmin-jasmine-p-41389.html HTTP/1.0" 200 81325 "-" "Mozilla/5.0 (compatible; MJ12bot/v1.4.8; http://mj12bot.com/)"
217.182.134.134 - - [24/Dec/2023:07:06:22 +0100] "GET /jasmin-large-cabas-apache-denim-p-41285.html HTTP/1.0" 301 81330 "-" "Mozilla/5.0 (compatible; MJ12bot/v1.4.8; http://mj12bot.com/)"
217.182.134.134 - - [24/Dec/2023:07:06:25 +0100] "GET /-p-41285.html HTTP/1.0" 200 81263 "-" "Mozilla/5.0 (compatible; MJ12bot/v1.4.8; http://mj12bot.com/)"
217.182.134.134 - - [24/Dec/2023:07:06:29 +0100] "GET /jasmin-large-cabas-jasmine-diner-pink-p-38686.html HTTP/1.0" 301 81330 "-" "Mozilla/5.0 (compatible; MJ12bot/v1.4.8; http://mj12bot.com/)"
217.182.134.134 - - [24/Dec/2023:07:06:32 +0100] "GET /-p-38686.html HTTP/1.0" 200 81263 "-" "Mozilla/5.0 (compatible; MJ12bot/v1.4.8; http://mj12bot.com/)"
217.182.134.134 - - [24/Dec/2023:07:06:36 +0100] "GET /jasmin-large-cabas-jasmine-tiffany-smoke-p-38688.html HTTP/1.0" 301 81330 "-" "Mozilla/5.0 (compatible; MJ12bot/v1.4.8; http://mj12bot.com/)"
217.182.134.134 - - [24/Dec/2023:07:06:39 +0100] "GET /-p-38688.html HTTP/1.0" 200 81263 "-" "Mozilla/5.0 (compatible; MJ12bot/v1.4.8; http://mj12bot.com/)"
217.182.134.134 - - [24/Dec/2023:07:06:42 +0100] "GET /jasmin-large-cabas-liberty-p-39277.html HTTP/1.0" 301 81330 "-" "Mozilla/5.0 (compatible; MJ12bot/v1.4.8; http://mj12bot.com/)"
217.182.134.134 - - [24/Dec/2023:07:06:46 +0100] "GET /-p-39277.html HTTP/1.0" 200 81263 "-" "Mozilla/5.0 (compatible; MJ12bot/v1.4.8; http://mj12bot.com/)"
217.182.134.134 - - [24/Dec/2023:07:06:49 +0100] "GET /jasmin-large-cabas-racing-grey-p-41574.html HTTP/1.0" 301 81330 "-" "Mozilla/5.0 (compatible; MJ12bot/v1.4.8; http://mj12bot.com/)"
217.182.134.134 - - [24/Dec/2023:07:06:52 +0100] "GET /-p-41574.html HTTP/1.0" 200 81263 "-" "Mozilla/5.0 (compatible; MJ12bot/v1.4.8; http://mj12bot.com/)"
217.182.134.134 - - [24/Dec/2023:07:06:56 +0100] "GET /jasmin-large-cabas-steed-grey-p-38683.html HTTP/1.0" 301 81330 "-" "Mozilla/5.0 (compatible; MJ12bot/v1.4.8; http://mj12bot.com/)"
217.182.134.134 - - [24/Dec/2023:07:06:59 +0100] "GET /-p-38683.html HTTP/1.0" 200 81263 "-" "Mozilla/5.0 (compatible; MJ12bot/v1.4.8; http://mj12bot.com/)"
54.36.149.28 - - [24/Dec/2023:07:07:02 +0100] "GET /fiers-etre-marseillais-baby-sweatsuit-p-29987.html HTTP/1.0" 200 85470 "-" "Mozilla/5.0 (compatible; AhrefsBot/7.0; +http://ahrefs.com/robot/)"
217.182.134.134 - - [24/Dec/2023:07:07:03 +0100] "GET /jasmin-large-lamp-p-29269.html HTTP/1.0" 301 81330 "-" "Mozilla/5.0 (compatible; MJ12bot/v1.4.8; http://mj12bot.com/)"
217.182.134.134 - - [24/Dec/2023:07:07:06 +0100] "GET /-p-29269.html HTTP/1.0" 200 81263 "-" "Mozilla/5.0 (compatible; MJ12bot/v1.4.8; http://mj12bot.com/)"
217.182.134.134 - - [24/Dec/2023:07:07:09 +0100] "GET /jasmin-make-pouch-liberty-grey-p-39138.html HTTP/1.0" 301 81330 "-" "Mozilla/5.0 (compatible; MJ12bot/v1.4.8; http://mj12bot.com/)"
217.182.134.134 - - [24/Dec/2023:07:07:13 +0100] "GET /-p-39138.html HTTP/1.0" 200 81263 "-" "Mozilla/5.0 (compatible; MJ12bot/v1.4.8; http://mj12bot.com/)"
217.182.134.134 - - [24/Dec/2023:07:07:17 +0100] "GET /jasmin-make-pouch-rockabilly-brown-p-39139.html HTTP/1.0" 301 81330 "-" "Mozilla/5.0 (compatible; MJ12bot/v1.4.8; http://mj12bot.com/)"
217.182.134.134 - - [24/Dec/2023:07:07:20 +0100] "GET /-p-39139.html HTTP/1.0" 200 81263 "-" "Mozilla/5.0 (compatible; MJ12bot/v1.4.8; http://mj12bot.com/)"
217.182.134.134 - - [24/Dec/2023:07:07:23 +0100] "GET /jasmin-medium-cabas-amrica-denim-p-38675.html HTTP/1.0" 301 81330 "-" "Mozilla/5.0 (compatible; MJ12bot/v1.4.8; http://mj12bot.com/)"
217.182.134.134 - - [24/Dec/2023:07:07:27 +0100] "GET /-p-38675.html HTTP/1.0" 200 81263 "-" "Mozilla/5.0 (compatible; MJ12bot/v1.4.8; http://mj12bot.com/)"
14.137.139.48 - - [24/Dec/2023:07:07:29 +0100] "GET /images/mini_prod/070209_191201_PEEL_gnVzFs.jpg HTTP/1.0" 200 281 "-" "Mozilla/5.0 (X11; Ubuntu; Linux x86_64; rv:72.0) Gecko/20100101 Firefox/72.0"
217.182.134.134 - - [24/Dec/2023:07:07:30 +0100] "GET /jasmin-medium-cabas-chardon-p-41287.html HTTP/1.0" 301 81330 "-" "Mozilla/5.0 (compatible; MJ12bot/v1.4.8; http://mj12bot.com/)"
217.182.134.134 - - [24/Dec/2023:07:07:33 +0100] "GET /-p-41287.html HTTP/1.0" 200 81263 "-" "Mozilla/5.0 (compatible; MJ12bot/v1.4.8; http://mj12bot.com/)"
111.202.101.150 - - [24/Dec/2023:07:07:31 +0100] "GET / HTTP/1.0" 200 161254 "-" "Sogou web spider/4.0(+http://www.sogou.com/docs/help/webmasters.htm#07)"
217.182.134.134 - - [24/Dec/2023:07:07:36 +0100] "GET /jasmin-medium-cabas-jasmine-apache-p-41283.html HTTP/1.0" 301 81330 "-" "Mozilla/5.0 (compatible; MJ12bot/v1.4.8; http://mj12bot.com/)"
217.182.134.134 - - [24/Dec/2023:07:07:39 +0100] "GET /-p-41283.html HTTP/1.0" 200 81263 "-" "Mozilla/5.0 (compatible; MJ12bot/v1.4.8; http://mj12bot.com/)"
217.182.134.134 - - [24/Dec/2023:07:07:43 +0100] "GET /jasmin-medium-cabas-racing-grey-p-41575.html HTTP/1.0" 301 81330 "-" "Mozilla/5.0 (compatible; MJ12bot/v1.4.8; http://mj12bot.com/)"
217.182.134.134 - - [24/Dec/2023:07:07:46 +0100] "GET /-p-41575.html HTTP/1.0" 200 81263 "-" "Mozilla/5.0 (compatible; MJ12bot/v1.4.8; http://mj12bot.com/)"
217.182.134.134 - - [24/Dec/2023:07:07:50 +0100] "GET /jasmin-medium-cabas-rockabilly-p-39266.html HTTP/1.0" 301 81330 "-" "Mozilla/5.0 (compatible; MJ12bot/v1.4.8; http://mj12bot.com/)"
54.36.148.88 - - [24/Dec/2023:07:07:52 +0100] "GET /trio-of-horses-poster-p-22647.html HTTP/1.0" 301 81330 "-" "Mozilla/5.0 (compatible; AhrefsBot/7.0; +http://ahrefs.com/robot/)"
217.182.134.134 - - [24/Dec/2023:07:07:53 +0100] "GET /-p-39266.html HTTP/1.0" 200 81263 "-" "Mozilla/5.0 (compatible; MJ12bot/v1.4.8; http://mj12bot.com/)"
54.36.148.203 - - [24/Dec/2023:07:07:55 +0100] "GET /black-silver-globe-decoration-p-51573.html HTTP/1.0" 200 83754 "-" "Mozilla/5.0 (compatible; AhrefsBot/7.0; +http://ahrefs.com/robot/)"
217.182.134.134 - - [24/Dec/2023:07:07:56 +0100] "GET /jasmin-medium-cabas-steed-beige-p-38677.html HTTP/1.0" 301 81330 "-" "Mozilla/5.0 (compatible; MJ12bot/v1.4.8; http://mj12bot.com/)"
217.182.134.134 - - [24/Dec/2023:07:07:59 +0100] "GET /-p-38677.html HTTP/1.0" 200 81263 "-" "Mozilla/5.0 (compatible; MJ12bot/v1.4.8; http://mj12bot.com/)"
217.182.134.134 - - [24/Dec/2023:07:08:03 +0100] "GET /jasmin-medium-cabas-steed-grey-p-38676.html HTTP/1.0" 301 81330 "-" "Mozilla/5.0 (compatible; MJ12bot/v1.4.8; http://mj12bot.com/)"
217.182.134.134 - - [24/Dec/2023:07:08:06 +0100] "GET /-p-38676.html HTTP/1.0" 200 81263 "-" "Mozilla/5.0 (compatible; MJ12bot/v1.4.8; http://mj12bot.com/)"
217.182.134.134 - - [24/Dec/2023:07:08:09 +0100] "GET /jasmin-medium-cabas-yoko-p-46982.html HTTP/1.0" 301 81330 "-" "Mozilla/5.0 (compatible; MJ12bot/v1.4.8; http://mj12bot.com/)"
217.182.134.134 - - [24/Dec/2023:07:08:12 +0100] "GET /-p-46982.html HTTP/1.0" 200 81263 "-" "Mozilla/5.0 (compatible; MJ12bot/v1.4.8; http://mj12bot.com/)"
217.182.134.134 - - [24/Dec/2023:07:08:16 +0100] "GET /jasmin-pencil-case-america-white-p-38709.html HTTP/1.0" 301 81330 "-" "Mozilla/5.0 (compatible; MJ12bot/v1.4.8; http://mj12bot.com/)"
217.182.134.134 - - [24/Dec/2023:07:08:19 +0100] "GET /-p-38709.html HTTP/1.0" 200 81263 "-" "Mozilla/5.0 (compatible; MJ12bot/v1.4.8; http://mj12bot.com/)"
217.182.134.134 - - [24/Dec/2023:07:08:22 +0100] "GET /jasmin-pencil-case-jasmine-tiffany-beige-p-38710.html HTTP/1.0" 301 81330 "-" "Mozilla/5.0 (compatible; MJ12bot/v1.4.8; http://mj12bot.com/)"
217.182.134.134 - - [24/Dec/2023:07:08:25 +0100] "GET /-p-38710.html HTTP/1.0" 200 81263 "-" "Mozilla/5.0 (compatible; MJ12bot/v1.4.8; http://mj12bot.com/)"
217.182.134.134 - - [24/Dec/2023:07:08:28 +0100] "GET /jasmin-pencil-case-rockabilly-p-39249.html HTTP/1.0" 301 81330 "-" "Mozilla/5.0 (compatible; MJ12bot/v1.4.8; http://mj12bot.com/)"
217.182.134.134 - - [24/Dec/2023:07:08:31 +0100] "GET /-p-39249.html HTTP/1.0" 200 81263 "-" "Mozilla/5.0 (compatible; MJ12bot/v1.4.8; http://mj12bot.com/)"
217.182.134.134 - - [24/Dec/2023:07:08:35 +0100] "GET /jasmin-shoulder-p-30658.html HTTP/1.0" 301 81330 "-" "Mozilla/5.0 (compatible; MJ12bot/v1.4.8; http://mj12bot.com/)"
217.182.134.134 - - [24/Dec/2023:07:08:38 +0100] "GET /-p-30658.html HTTP/1.0" 200 81263 "-" "Mozilla/5.0 (compatible; MJ12bot/v1.4.8; http://mj12bot.com/)"
217.182.134.134 - - [24/Dec/2023:07:08:42 +0100] "GET /jaspa-bedclothes-220-240-cm-p-43585.html HTTP/1.0" 301 81330 "-" "Mozilla/5.0 (compatible; MJ12bot/v1.4.8; http://mj12bot.com/)"
54.36.148.179 - - [24/Dec/2023:07:08:44 +0100] "GET /street-fighter-mousepad-p-16003.html HTTP/1.0" 200 83765 "-" "Mozilla/5.0 (compatible; AhrefsBot/7.0; +http://ahrefs.com/robot/)"
217.182.134.134 - - [24/Dec/2023:07:08:45 +0100] "GET /-p-43585.html HTTP/1.0" 200 81263 "-" "Mozilla/5.0 (compatible; MJ12bot/v1.4.8; http://mj12bot.com/)"
217.182.134.134 - - [24/Dec/2023:07:08:48 +0100] "GET /je-peux-pas-ai-apero-adult-apron-p-42606.html HTTP/1.0" 301 83721 "-" "Mozilla/5.0 (compatible; MJ12bot/v1.4.8; http://mj12bot.com/)"
217.182.134.134 - - [24/Dec/2023:07:08:51 +0100] "GET /peux-apro-adult-apron-p-42606.html HTTP/1.0" 200 83633 "-" "Mozilla/5.0 (compatible; MJ12bot/v1.4.8; http://mj12bot.com/)"
217.182.134.134 - - [24/Dec/2023:07:08:55 +0100] "GET /jeans-jack-wallet-purse-p-41312.html HTTP/1.0" 200 84458 "-" "Mozilla/5.0 (compatible; MJ12bot/v1.4.8; http://mj12bot.com/)"
217.182.134.134 - - [24/Dec/2023:07:08:58 +0100] "GET /jeans-navy-blue-pencil-case-p-41316.html HTTP/1.0" 200 83746 "-" "Mozilla/5.0 (compatible; MJ12bot/v1.4.8; http://mj12bot.com/)"
217.182.134.134 - - [24/Dec/2023:07:09:02 +0100] "GET /jeans-navy-blue-pencil-case-p-41317.html HTTP/1.0" 200 83746 "-" "Mozilla/5.0 (compatible; MJ12bot/v1.4.8; http://mj12bot.com/)"
137.135.66.191 - - [24/Dec/2023:07:09:04 +0100] "GET /images/big_prod/1384010184486.jpg HTTP/1.0" 200 268 "-" "Mozilla/5.0 (X11; Ubuntu; Linux x86_64; rv:72.0) Gecko/20100101 Firefox/72.0"
217.182.134.134 - - [24/Dec/2023:07:09:05 +0100] "GET /jeans-purse-blue-p-41311.html HTTP/1.0" 301 81330 "-" "Mozilla/5.0 (compatible; MJ12bot/v1.4.8; http://mj12bot.com/)"
217.182.134.134 - - [24/Dec/2023:07:09:09 +0100] "GET /-p-41311.html HTTP/1.0" 200 81263 "-" "Mozilla/5.0 (compatible; MJ12bot/v1.4.8; http://mj12bot.com/)"
217.182.134.134 - - [24/Dec/2023:07:09:12 +0100] "GET /jessica-rabbit-figure-collection-p-33643.html HTTP/1.0" 301 81330 "-" "Mozilla/5.0 (compatible; MJ12bot/v1.4.8; http://mj12bot.com/)"
217.182.134.134 - - [24/Dec/2023:07:09:15 +0100] "GET /-p-33643.html HTTP/1.0" 200 81263 "-" "Mozilla/5.0 (compatible; MJ12bot/v1.4.8; http://mj12bot.com/)"
195.141.133.77 - - [24/Dec/2023:07:09:17 +0100] "GET /images/mini_prod/MISES-EN-SITUATION-07.jpg HTTP/1.0" 200 277 "-" "Mozilla/5.0 (X11; Ubuntu; Linux x86_64; rv:72.0) Gecko/20100101 Firefox/72.0"
217.182.134.134 - - [24/Dec/2023:07:09:19 +0100] "GET /jipe-rabbit-cushion-40-40-cm-p-39163.html HTTP/1.0" 301 81330 "-" "Mozilla/5.0 (compatible; MJ12bot/v1.4.8; http://mj12bot.com/)"
217.182.134.134 - - [24/Dec/2023:07:09:22 +0100] "GET /-p-39163.html HTTP/1.0" 200 81263 "-" "Mozilla/5.0 (compatible; MJ12bot/v1.4.8; http://mj12bot.com/)"
217.182.134.134 - - [24/Dec/2023:07:09:26 +0100] "GET /johnny-hallyday-alarm-clock-p-17427.html HTTP/1.0" 301 81330 "-" "Mozilla/5.0 (compatible; MJ12bot/v1.4.8; http://mj12bot.com/)"
217.182.134.134 - - [24/Dec/2023:07:09:29 +0100] "GET /-p-17427.html HTTP/1.0" 200 81263 "-" "Mozilla/5.0 (compatible; MJ12bot/v1.4.8; http://mj12bot.com/)"
217.182.134.134 - - [24/Dec/2023:07:09:33 +0100] "GET /johnny-hallyday-alarm-clock-p-31838.html HTTP/1.0" 301 81330 "-" "Mozilla/5.0 (compatible; MJ12bot/v1.4.8; http://mj12bot.com/)"
217.182.134.134 - - [24/Dec/2023:07:09:36 +0100] "GET /-p-31838.html HTTP/1.0" 200 81263 "-" "Mozilla/5.0 (compatible; MJ12bot/v1.4.8; http://mj12bot.com/)"
54.36.148.66 - - [24/Dec/2023:07:09:37 +0100] "GET /african-statues-c-292_405.html HTTP/1.0" 200 99064 "-" "Mozilla/5.0 (compatible; AhrefsBot/7.0; +http://ahrefs.com/robot/)"
217.182.134.134 - - [24/Dec/2023:07:09:39 +0100] "GET /johnny-hallyday-ashtray-p-14085.html HTTP/1.0" 301 81330 "-" "Mozilla/5.0 (compatible; MJ12bot/v1.4.8; http://mj12bot.com/)"
217.182.134.134 - - [24/Dec/2023:07:09:43 +0100] "GET /-p-14085.html HTTP/1.0" 200 81263 "-" "Mozilla/5.0 (compatible; MJ12bot/v1.4.8; http://mj12bot.com/)"
217.182.134.134 - - [24/Dec/2023:07:09:46 +0100] "GET /johnny-hallyday-ashtray-p-32848.html HTTP/1.0" 301 81330 "-" "Mozilla/5.0 (compatible; MJ12bot/v1.4.8; http://mj12bot.com/)"
217.182.134.134 - - [24/Dec/2023:07:09:49 +0100] "GET /-p-32848.html HTTP/1.0" 200 81263 "-" "Mozilla/5.0 (compatible; MJ12bot/v1.4.8; http://mj12bot.com/)"
217.182.134.134 - - [24/Dec/2023:07:09:53 +0100] "GET /johnny-hallyday-blue-ashtray-p-24158.html HTTP/1.0" 301 81330 "-" "Mozilla/5.0 (compatible; MJ12bot/v1.4.8; http://mj12bot.com/)"
217.182.134.134 - - [24/Dec/2023:07:09:56 +0100] "GET /-p-24158.html HTTP/1.0" 200 81263 "-" "Mozilla/5.0 (compatible; MJ12bot/v1.4.8; http://mj12bot.com/)"
217.182.134.134 - - [24/Dec/2023:07:09:59 +0100] "GET /johnny-hallyday-floor-standing-ashtray-p-7260.html HTTP/1.0" 301 81327 "-" "Mozilla/5.0 (compatible; MJ12bot/v1.4.8; http://mj12bot.com/)"
217.182.134.134 - - [24/Dec/2023:07:10:03 +0100] "GET /-p-7260.html HTTP/1.0" 200 81261 "-" "Mozilla/5.0 (compatible; MJ12bot/v1.4.8; http://mj12bot.com/)"
54.36.149.37 - - [24/Dec/2023:07:10:27 +0100] "GET /protective-bamboo-pillow-cover-p-43574.html HTTP/1.0" 200 83813 "-" "Mozilla/5.0 (compatible; AhrefsBot/7.0; +http://ahrefs.com/robot/)"
114.119.151.59 - - [24/Dec/2023:07:10:56 +0100] "GET /%20images/big_prod/a8717202555284.jpg HTTP/1.0" 404 1308 "http://www.wonder-geek.com/rodin-secret-figurine-p-56858.html" "Mozilla/5.0 (Linux; Android 7.0;) AppleWebKit/537.36 (KHTML, like Gecko) Mobile Safari/537.36 (compatible; PetalBot;+https://webmaster.petalsearch.com/site/petalbot)"
54.36.148.83 - - [24/Dec/2023:07:11:18 +0100] "GET /luggages-schoolbags-leather-shop-c-31.html?page=39 HTTP/1.0" 200 105062 "-" "Mozilla/5.0 (compatible; AhrefsBot/7.0; +http://ahrefs.com/robot/)"
114.119.142.125 - - [24/Dec/2023:07:11:22 +0100] "GET /customized-glass-cutting-board-cbkreation-p-51277.html HTTP/1.0" 200 83889 "http://www.wonder-geek.com/trivet-boards-c-12_158.html?page=12" "Mozilla/5.0 (Linux; Android 7.0;) AppleWebKit/537.36 (KHTML, like Gecko) Mobile Safari/537.36 (compatible; PetalBot;+https://webmaster.petalsearch.com/site/petalbot)"
104.234.53.179 - - [24/Dec/2023:07:12:06 +0100] "GET //themes.php HTTP/1.0" 301 531 "-" "Go-http-client/1.1"
104.234.53.191 - - [24/Dec/2023:07:12:07 +0100] "GET /themes.php HTTP/1.0" 404 1308 "http://wonder-geek.com//themes.php" "Go-http-client/1.1"
104.234.53.179 - - [24/Dec/2023:07:12:07 +0100] "GET //about.php HTTP/1.0" 301 529 "-" "Go-http-client/1.1"
104.234.53.191 - - [24/Dec/2023:07:12:07 +0100] "GET /about.php HTTP/1.0" 404 1308 "http://wonder-geek.com//about.php" "Go-http-client/1.1"
104.234.53.179 - - [24/Dec/2023:07:12:08 +0100] "GET //wp-admin/css/colors/blue/CasperExV1.php HTTP/1.0" 301 589 "-" "Go-http-client/1.1"
104.234.53.191 - - [24/Dec/2023:07:12:08 +0100] "GET /wp-admin/css/colors/blue/CasperExV1.php HTTP/1.0" 404 1308 "http://wonder-geek.com//wp-admin/css/colors/blue/CasperExV1.php" "Go-http-client/1.1"
104.234.53.179 - - [24/Dec/2023:07:12:08 +0100] "GET //wp-content/index.php HTTP/1.0" 301 551 "-" "Go-http-client/1.1"
104.234.53.191 - - [24/Dec/2023:07:12:09 +0100] "GET /wp-content/index.php HTTP/1.0" 404 1308 "http://wonder-geek.com//wp-content/index.php" "Go-http-client/1.1"
104.234.53.179 - - [24/Dec/2023:07:12:09 +0100] "GET //byp.php HTTP/1.0" 301 525 "-" "Go-http-client/1.1"
104.234.53.191 - - [24/Dec/2023:07:12:09 +0100] "GET /byp.php HTTP/1.0" 404 1308 "http://wonder-geek.com//byp.php" "Go-http-client/1.1"
54.36.148.57 - - [24/Dec/2023:07:12:08 +0100] "GET /shell-collection-large-metal-plate-deco-p-38626.html HTTP/1.0" 200 83749 "-" "Mozilla/5.0 (compatible; AhrefsBot/7.0; +http://ahrefs.com/robot/)"
104.234.53.179 - - [24/Dec/2023:07:12:10 +0100] "GET //edit-comments.php HTTP/1.0" 301 545 "-" "Go-http-client/1.1"
104.234.53.191 - - [24/Dec/2023:07:12:10 +0100] "GET /edit-comments.php HTTP/1.0" 404 1308 "http://wonder-geek.com//edit-comments.php" "Go-http-client/1.1"
104.234.53.179 - - [24/Dec/2023:07:12:10 +0100] "GET //smm.php HTTP/1.0" 301 525 "-" "Go-http-client/1.1"
104.234.53.191 - - [24/Dec/2023:07:12:11 +0100] "GET /smm.php HTTP/1.0" 404 1308 "http://wonder-geek.com//smm.php" "Go-http-client/1.1"
