34.76.224.74 - - [24/Dec/2023:05:54:08 +0100] "GET /mario-vintage-shirt-p-29610.html HTTP/1.0" 200 84737 "-" "Mozilla/5.0 (compatible; VelenPublicWebCrawler/1.0; +https://velen.io)"
34.76.224.74 - - [24/Dec/2023:05:54:11 +0100] "GET /nintendo-mushroom-shirt-p-29606.html HTTP/1.0" 200 84824 "-" "Mozilla/5.0 (compatible; VelenPublicWebCrawler/1.0; +https://velen.io)"
34.76.224.74 - - [24/Dec/2023:05:54:15 +0100] "GET /barbapapa-black-shirt-p-29636.html HTTP/1.0" 200 84786 "-" "Mozilla/5.0 (compatible; VelenPublicWebCrawler/1.0; +https://velen.io)"
54.36.149.6 - - [24/Dec/2023:05:54:17 +0100] "GET /home-decoration-c-13.html?page=56 HTTP/1.0" 200 103211 "-" "Mozilla/5.0 (compatible; AhrefsBot/7.0; +http://ahrefs.com/robot/)"
34.76.224.74 - - [24/Dec/2023:05:54:19 +0100] "GET /jeux-vido-ruin-black-shirt-p-30072.html HTTP/1.0" 200 84976 "-" "Mozilla/5.0 (compatible; VelenPublicWebCrawler/1.0; +https://velen.io)"
34.76.224.74 - - [24/Dec/2023:05:54:23 +0100] "GET /looney-tunes-black-shirt-p-30146.html HTTP/1.0" 200 85366 "-" "Mozilla/5.0 (compatible; VelenPublicWebCrawler/1.0; +https://velen.io)"
185.229.119.130 - - [24/Dec/2023:05:54:25 +0100] "GET /linen-c-11_68.html?page=6 HTTP/1.0" 200 90391 "-" "Mozilla/5.0 (compatible; MJ12bot/v1.4.8; http://mj12bot.com/)"
34.76.224.74 - - [24/Dec/2023:05:54:27 +0100] "GET /skeleton-black-shirt-p-30128.html HTTP/1.0" 200 84795 "-" "Mozilla/5.0 (compatible; VelenPublicWebCrawler/1.0; +https://velen.io)"
34.76.224.74 - - [24/Dec/2023:05:54:31 +0100] "GET /coca-cola-cherry-coke-pink-shirt-p-30045.html HTTP/1.0" 200 84886 "-" "Mozilla/5.0 (compatible; VelenPublicWebCrawler/1.0; +https://velen.io)"
34.76.224.74 - - [24/Dec/2023:05:54:34 +0100] "GET /domo-black-shirt-p-30048.html HTTP/1.0" 200 84754 "-" "Mozilla/5.0 (compatible; VelenPublicWebCrawler/1.0; +https://velen.io)"
34.76.224.74 - - [24/Dec/2023:05:54:38 +0100] "GET /dark-cutie-dude-women-shirt-white-p-60751.html HTTP/1.0" 200 83777 "-" "Mozilla/5.0 (compatible; VelenPublicWebCrawler/1.0; +https://velen.io)"
34.76.224.74 - - [24/Dec/2023:05:54:41 +0100] "GET /vest-with-crop-steampunk-black-shirt-p-30129.html HTTP/1.0" 200 85193 "-" "Mozilla/5.0 (compatible; VelenPublicWebCrawler/1.0; +https://velen.io)"
51.68.224.127 - - [24/Dec/2023:05:54:46 +0100] "GET /adminweb/export_orders_xml.php?token=256de2z6edz6ed2z6DFSFsed2zed6zeDSFDSGdzedezfzf&maxorders=10&orderstart=1&status=14&start_date=2018-10-01 HTTP/1.0" 200 285 "-" "GesCom CharlotteBoutik Serveur"
34.76.224.74 - - [24/Dec/2023:05:54:44 +0100] "GET /angel-wings-black-shirt-cbkreation-p-30122.html HTTP/1.0" 200 84724 "-" "Mozilla/5.0 (compatible; VelenPublicWebCrawler/1.0; +https://velen.io)"
51.68.224.127 - - [24/Dec/2023:05:54:46 +0100] "GET /adminweb/export_orders_xml.php?token=256de2z6edz6ed2z6DFSFsed2zed6zeDSFDSGdzedezfzf&maxorders=10&orderstart=1&status=6&start_date=2018-10-01 HTTP/1.0" 200 34422 "-" "GesCom CharlotteBoutik Serveur"
185.229.119.130 - - [24/Dec/2023:05:54:47 +0100] "GET /linen-of-bed-c-11_68.html?page=7 HTTP/1.0" 301 90467 "-" "Mozilla/5.0 (compatible; MJ12bot/v1.4.8; http://mj12bot.com/)"
34.76.224.74 - - [24/Dec/2023:05:54:48 +0100] "GET /marilyn-monroe-white-long-sleeve-shirt-p-30156.html HTTP/1.0" 200 85192 "-" "Mozilla/5.0 (compatible; VelenPublicWebCrawler/1.0; +https://velen.io)"
34.76.224.74 - - [24/Dec/2023:05:54:51 +0100] "GET /corset-black-shirt-size-p-60533.html HTTP/1.0" 200 83689 "-" "Mozilla/5.0 (compatible; VelenPublicWebCrawler/1.0; +https://velen.io)"
34.76.224.74 - - [24/Dec/2023:05:54:55 +0100] "GET /cccp-logo-adult-cbkration-p-36533.html HTTP/1.0" 200 83750 "-" "Mozilla/5.0 (compatible; VelenPublicWebCrawler/1.0; +https://velen.io)"
34.76.224.74 - - [24/Dec/2023:05:54:59 +0100] "GET /paris-embroidered-adult-size-p-38606.html HTTP/1.0" 200 86680 "-" "Mozilla/5.0 (compatible; VelenPublicWebCrawler/1.0; +https://velen.io)"
34.76.224.74 - - [24/Dec/2023:05:55:02 +0100] "GET /raving-rabbids-lucha-libre-p-18098.html HTTP/1.0" 200 83661 "-" "Mozilla/5.0 (compatible; VelenPublicWebCrawler/1.0; +https://velen.io)"
34.76.224.74 - - [24/Dec/2023:05:55:05 +0100] "GET /star-adult-cbkration-p-36521.html HTTP/1.0" 200 83734 "-" "Mozilla/5.0 (compatible; VelenPublicWebCrawler/1.0; +https://velen.io)"
34.76.224.74 - - [24/Dec/2023:05:55:09 +0100] "GET /corsica-logo-adult-cbkration-p-36539.html HTTP/1.0" 200 83774 "-" "Mozilla/5.0 (compatible; VelenPublicWebCrawler/1.0; +https://velen.io)"
185.229.119.130 - - [24/Dec/2023:05:55:11 +0100] "GET /linen-c-68.html?page=7 HTTP/1.0" 301 90348 "-" "Mozilla/5.0 (compatible; MJ12bot/v1.4.8; http://mj12bot.com/)"
54.36.148.148 - - [24/Dec/2023:05:55:11 +0100] "GET /pillow-case-black-p-34836.html HTTP/1.0" 200 84456 "-" "Mozilla/5.0 (compatible; AhrefsBot/7.0; +http://ahrefs.com/robot/)"
34.76.224.74 - - [24/Dec/2023:05:55:12 +0100] "GET /corsican-adult-military-cbkration-p-36540.html HTTP/1.0" 200 83846 "-" "Mozilla/5.0 (compatible; VelenPublicWebCrawler/1.0; +https://velen.io)"
34.76.224.74 - - [24/Dec/2023:05:55:16 +0100] "GET /jasmin-kawai-blue-scarf-p-35978.html HTTP/1.0" 200 83649 "-" "Mozilla/5.0 (compatible; VelenPublicWebCrawler/1.0; +https://velen.io)"
216.244.66.242 - - [24/Dec/2023:05:55:17 +0100] "GET /stars-wars-darth-vader-phone-cover-iphone-p-16767.html HTTP/1.0" 200 84482 "-" "Mozilla/5.0 (compatible; DotBot/1.2; +https://opensiteexplorer.org/dotbot; help@moz.com)"
34.76.224.74 - - [24/Dec/2023:05:55:20 +0100] "GET /jasmin-kitten-scarf-p-35977.html HTTP/1.0" 200 83625 "-" "Mozilla/5.0 (compatible; VelenPublicWebCrawler/1.0; +https://velen.io)"
34.76.224.74 - - [24/Dec/2023:05:55:23 +0100] "GET /jasmin-racing-scarf-p-35979.html HTTP/1.0" 200 83619 "-" "Mozilla/5.0 (compatible; VelenPublicWebCrawler/1.0; +https://velen.io)"
54.36.148.135 - - [24/Dec/2023:05:55:24 +0100] "GET /marseille-blue-cushion-p-14081.html HTTP/1.0" 301 81330 "-" "Mozilla/5.0 (compatible; AhrefsBot/7.0; +http://ahrefs.com/robot/)"
34.76.224.74 - - [24/Dec/2023:05:55:26 +0100] "GET /jasmin-scarf-p-32502.html HTTP/1.0" 200 83573 "-" "Mozilla/5.0 (compatible; VelenPublicWebCrawler/1.0; +https://velen.io)"
34.76.224.74 - - [24/Dec/2023:05:55:29 +0100] "GET /volkswagen-black-p-22965.html HTTP/1.0" 200 83641 "-" "Mozilla/5.0 (compatible; VelenPublicWebCrawler/1.0; +https://velen.io)"
185.229.119.130 - - [24/Dec/2023:05:55:31 +0100] "GET /linen-c-11_68.html?page=7 HTTP/1.0" 200 90391 "-" "Mozilla/5.0 (compatible; MJ12bot/v1.4.8; http://mj12bot.com/)"
34.76.224.74 - - [24/Dec/2023:05:55:33 +0100] "GET /alice-wonderland-scarf-p-56848.html HTTP/1.0" 200 84337 "-" "Mozilla/5.0 (compatible; VelenPublicWebCrawler/1.0; +https://velen.io)"
34.76.224.74 - - [24/Dec/2023:05:55:36 +0100] "GET /volkswagen-p-22966.html HTTP/1.0" 200 83622 "-" "Mozilla/5.0 (compatible; VelenPublicWebCrawler/1.0; +https://velen.io)"
34.76.224.74 - - [24/Dec/2023:05:55:39 +0100] "GET /charmmy-kitty-dress-p-31102.html HTTP/1.0" 200 85305 "-" "Mozilla/5.0 (compatible; VelenPublicWebCrawler/1.0; +https://velen.io)"
34.76.224.74 - - [24/Dec/2023:05:55:42 +0100] "GET /disney-princess-dress-p-31106.html HTTP/1.0" 200 84748 "-" "Mozilla/5.0 (compatible; VelenPublicWebCrawler/1.0; +https://velen.io)"
34.76.224.74 - - [24/Dec/2023:05:55:46 +0100] "GET /disney-princess-dress-p-31107.html HTTP/1.0" 200 85304 "-" "Mozilla/5.0 (compatible; VelenPublicWebCrawler/1.0; +https://velen.io)"
40.77.167.76 - - [24/Dec/2023:05:55:48 +0100] "GET /horse-whispers-oven-gloves-alex-clark-p-61353.html HTTP/1.0" 200 84655 "-" "Mozilla/5.0 AppleWebKit/537.36 (KHTML, like Gecko; compatible; bingbot/2.0; +http://www.bing.com/bingbot.htm) Chrome/116.0.1938.76 Safari/537.36"
185.229.119.130 - - [24/Dec/2023:05:55:49 +0100] "GET /linen-of-bed-c-11_68.html?page=8 HTTP/1.0" 301 90467 "-" "Mozilla/5.0 (compatible; MJ12bot/v1.4.8; http://mj12bot.com/)"
34.76.224.74 - - [24/Dec/2023:05:55:49 +0100] "GET /charmmy-kitty-dress-p-31104.html HTTP/1.0" 200 85035 "-" "Mozilla/5.0 (compatible; VelenPublicWebCrawler/1.0; +https://velen.io)"
40.77.167.76 - - [24/Dec/2023:05:55:51 +0100] "GET /salt-pepper-shaker-sets-c-12_160.html HTTP/1.0" 200 101086 "-" "Mozilla/5.0 AppleWebKit/537.36 (KHTML, like Gecko; compatible; bingbot/2.0; +http://www.bing.com/bingbot.htm) Chrome/116.0.1938.76 Safari/537.36"
34.76.224.74 - - [24/Dec/2023:05:55:53 +0100] "GET /charmmy-kitty-dress-p-31105.html HTTP/1.0" 200 84740 "-" "Mozilla/5.0 (compatible; VelenPublicWebCrawler/1.0; +https://velen.io)"
34.76.224.74 - - [24/Dec/2023:05:55:57 +0100] "GET /tinkerbell-parka-p-31261.html HTTP/1.0" 200 84819 "-" "Mozilla/5.0 (compatible; VelenPublicWebCrawler/1.0; +https://velen.io)"
34.76.224.74 - - [24/Dec/2023:05:56:00 +0100] "GET /disney-princess-aurora-jacket-p-31248.html HTTP/1.0" 200 85000 "-" "Mozilla/5.0 (compatible; VelenPublicWebCrawler/1.0; +https://velen.io)"
34.76.224.74 - - [24/Dec/2023:05:56:03 +0100] "GET /disney-princess-snow-white-parka-p-31246.html HTTP/1.0" 200 84894 "-" "Mozilla/5.0 (compatible; VelenPublicWebCrawler/1.0; +https://velen.io)"
54.36.148.83 - - [24/Dec/2023:05:56:04 +0100] "GET /home-decoration-c-13.html?page=55 HTTP/1.0" 200 102717 "-" "Mozilla/5.0 (compatible; AhrefsBot/7.0; +http://ahrefs.com/robot/)"
34.76.224.74 - - [24/Dec/2023:05:56:07 +0100] "GET /high-school-musical-sleeveless-padded-jacket-p-31264.html HTTP/1.0" 200 85718 "-" "Mozilla/5.0 (compatible; VelenPublicWebCrawler/1.0; +https://velen.io)"
34.76.224.74 - - [24/Dec/2023:05:56:10 +0100] "GET /high-school-musical-waterproof-parka-p-31265.html HTTP/1.0" 200 85539 "-" "Mozilla/5.0 (compatible; VelenPublicWebCrawler/1.0; +https://velen.io)"
34.76.224.74 - - [24/Dec/2023:05:56:13 +0100] "GET /strawberry-shortcake-raincoat-p-31187.html HTTP/1.0" 200 84910 "-" "Mozilla/5.0 (compatible; VelenPublicWebCrawler/1.0; +https://velen.io)"
185.229.119.130 - - [24/Dec/2023:05:56:16 +0100] "GET /linen-c-68.html?page=8 HTTP/1.0" 301 90348 "-" "Mozilla/5.0 (compatible; MJ12bot/v1.4.8; http://mj12bot.com/)"
34.76.224.74 - - [24/Dec/2023:05:56:17 +0100] "GET /littlest-petshop-padded-jacket-p-31266.html HTTP/1.0" 200 84953 "-" "Mozilla/5.0 (compatible; VelenPublicWebCrawler/1.0; +https://velen.io)"
34.76.224.74 - - [24/Dec/2023:05:56:20 +0100] "GET /hello-kitty-rainwear-years-p-58363.html HTTP/1.0" 200 83653 "-" "Mozilla/5.0 (compatible; VelenPublicWebCrawler/1.0; +https://velen.io)"
34.76.224.74 - - [24/Dec/2023:05:56:23 +0100] "GET /strawberry-shortcake-padded-jacket-p-31239.html HTTP/1.0" 200 84965 "-" "Mozilla/5.0 (compatible; VelenPublicWebCrawler/1.0; +https://velen.io)"
34.76.224.74 - - [24/Dec/2023:05:56:26 +0100] "GET /scarf-gloves-bratz-yellow-color-p-22128.html HTTP/1.0" 200 83925 "-" "Mozilla/5.0 (compatible; VelenPublicWebCrawler/1.0; +https://velen.io)"
34.76.224.74 - - [24/Dec/2023:05:56:29 +0100] "GET /high-school-musical-p-22252.html HTTP/1.0" 200 83783 "-" "Mozilla/5.0 (compatible; VelenPublicWebCrawler/1.0; +https://velen.io)"
34.76.224.74 - - [24/Dec/2023:05:56:33 +0100] "GET /hello-kitty-p-22244.html HTTP/1.0" 200 83718 "-" "Mozilla/5.0 (compatible; VelenPublicWebCrawler/1.0; +https://velen.io)"
34.76.224.74 - - [24/Dec/2023:05:56:36 +0100] "GET /high-school-musical-scarf-p-22254.html HTTP/1.0" 200 83817 "-" "Mozilla/5.0 (compatible; VelenPublicWebCrawler/1.0; +https://velen.io)"
34.76.224.74 - - [24/Dec/2023:05:56:39 +0100] "GET /high-school-musical-scarf-p-22255.html HTTP/1.0" 200 83817 "-" "Mozilla/5.0 (compatible; VelenPublicWebCrawler/1.0; +https://velen.io)"
185.229.119.130 - - [24/Dec/2023:05:56:40 +0100] "GET /linen-c-11_68.html?page=8 HTTP/1.0" 200 90391 "-" "Mozilla/5.0 (compatible; MJ12bot/v1.4.8; http://mj12bot.com/)"
34.76.224.74 - - [24/Dec/2023:05:56:42 +0100] "GET /high-school-musical-scarf-p-22256.html HTTP/1.0" 200 83816 "-" "Mozilla/5.0 (compatible; VelenPublicWebCrawler/1.0; +https://velen.io)"
34.76.224.74 - - [24/Dec/2023:05:56:46 +0100] "GET /high-school-musical-scarf-p-22257.html HTTP/1.0" 200 83815 "-" "Mozilla/5.0 (compatible; VelenPublicWebCrawler/1.0; +https://velen.io)"
34.76.224.74 - - [24/Dec/2023:05:56:49 +0100] "GET /hello-kitty-p-22245.html HTTP/1.0" 200 83718 "-" "Mozilla/5.0 (compatible; VelenPublicWebCrawler/1.0; +https://velen.io)"
34.76.224.74 - - [24/Dec/2023:05:56:53 +0100] "GET /strawberry-shortcake-scarf-p-22133.html HTTP/1.0" 200 83819 "-" "Mozilla/5.0 (compatible; VelenPublicWebCrawler/1.0; +https://velen.io)"
54.36.148.107 - - [24/Dec/2023:05:56:53 +0100] "GET /espresso-eccentric-p-39753.html HTTP/1.0" 200 83730 "-" "Mozilla/5.0 (compatible; AhrefsBot/7.0; +http://ahrefs.com/robot/)"
17.241.219.49 - - [24/Dec/2023:05:56:54 +0100] "GET /peppa-little-backpack-p-30389.html HTTP/1.0" 200 81345 "-" "Mozilla/5.0 (Macintosh; Intel Mac OS X 10_15_5) AppleWebKit/605.1.15 (KHTML, like Gecko) Version/13.1.1 Safari/605.1.15 (Applebot/0.1; +http://www.apple.com/go/applebot)"
34.76.224.74 - - [24/Dec/2023:05:56:56 +0100] "GET /disney-princess-long-sleeve-shirt-p-31028.html HTTP/1.0" 200 84826 "-" "Mozilla/5.0 (compatible; VelenPublicWebCrawler/1.0; +https://velen.io)"
34.76.224.74 - - [24/Dec/2023:05:56:59 +0100] "GET /model-long-sleeve-shirt-p-50920.html HTTP/1.0" 200 87711 "-" "Mozilla/5.0 (compatible; VelenPublicWebCrawler/1.0; +https://velen.io)"
34.76.224.74 - - [24/Dec/2023:05:57:03 +0100] "GET /mister-long-sleeve-shirt-p-31041.html HTTP/1.0" 200 84796 "-" "Mozilla/5.0 (compatible; VelenPublicWebCrawler/1.0; +https://velen.io)"
34.76.224.74 - - [24/Dec/2023:05:57:07 +0100] "GET /beyblade-blue-swimsuit-p-30447.html HTTP/1.0" 200 85350 "-" "Mozilla/5.0 (compatible; VelenPublicWebCrawler/1.0; +https://velen.io)"
34.76.224.74 - - [24/Dec/2023:05:57:10 +0100] "GET /beyblade-swimsuit-p-30448.html HTTP/1.0" 200 85327 "-" "Mozilla/5.0 (compatible; VelenPublicWebCrawler/1.0; +https://velen.io)"
34.76.224.74 - - [24/Dec/2023:05:57:13 +0100] "GET /dragon-ball-swimsuit-p-30477.html HTTP/1.0" 200 84767 "-" "Mozilla/5.0 (compatible; VelenPublicWebCrawler/1.0; +https://velen.io)"
185.229.119.130 - - [24/Dec/2023:05:57:15 +0100] "GET /little-buddha-collection-keychain-orange-p-50243.html HTTP/1.0" 200 81399 "-" "Mozilla/5.0 (compatible; MJ12bot/v1.4.8; http://mj12bot.com/)"
34.76.224.74 - - [24/Dec/2023:05:57:16 +0100] "GET /naruto-black-swimsuit-p-30583.html HTTP/1.0" 200 84757 "-" "Mozilla/5.0 (compatible; VelenPublicWebCrawler/1.0; +https://velen.io)"
34.76.224.74 - - [24/Dec/2023:05:57:20 +0100] "GET /naruto-blue-swimsuit-p-30582.html HTTP/1.0" 200 84729 "-" "Mozilla/5.0 (compatible; VelenPublicWebCrawler/1.0; +https://velen.io)"
34.76.224.74 - - [24/Dec/2023:05:57:23 +0100] "GET /spiderman-swimsuit-p-30822.html HTTP/1.0" 200 84768 "-" "Mozilla/5.0 (compatible; VelenPublicWebCrawler/1.0; +https://velen.io)"
180.76.14.19 - - [24/Dec/2023:05:57:26 +0100] "GET /images/10350.jpg HTTP/1.0" 200 251 "-" "Mozilla/5.0 (X11; Ubuntu; Linux x86_64; rv:72.0) Gecko/20100101 Firefox/72.0"
34.76.224.74 - - [24/Dec/2023:05:57:26 +0100] "GET /spiderman-yellow-swimsuit-p-30821.html HTTP/1.0" 200 84800 "-" "Mozilla/5.0 (compatible; VelenPublicWebCrawler/1.0; +https://velen.io)"
34.76.224.74 - - [24/Dec/2023:05:57:30 +0100] "GET /mickey-mouse-green-swimsuit-p-30577.html HTTP/1.0" 200 84796 "-" "Mozilla/5.0 (compatible; VelenPublicWebCrawler/1.0; +https://velen.io)"
34.76.224.74 - - [24/Dec/2023:05:57:33 +0100] "GET /pokemon-shirt-p-31060.html HTTP/1.0" 200 85024 "-" "Mozilla/5.0 (compatible; VelenPublicWebCrawler/1.0; +https://velen.io)"
34.76.224.74 - - [24/Dec/2023:05:57:36 +0100] "GET /pokemon-shirt-p-31061.html HTTP/1.0" 200 84706 "-" "Mozilla/5.0 (compatible; VelenPublicWebCrawler/1.0; +https://velen.io)"
34.76.224.74 - - [24/Dec/2023:05:57:40 +0100] "GET /winnie-pooh-blue-swimsuit-p-30831.html HTTP/1.0" 200 85389 "-" "Mozilla/5.0 (compatible; VelenPublicWebCrawler/1.0; +https://velen.io)"
223.39.188.126 - - [24/Dec/2023:05:57:43 +0100] "GET /images/mini_prod/3371010281282.jpg HTTP/1.0" 200 269 "-" "Chrome/66.0.3359.181"
45.192.131.124 - - [24/Dec/2023:05:57:44 +0100] "GET /images/med_prod/1384010178102.jpg HTTP/1.0" 200 268 "-" "Mozilla/5.0 (Macintosh; Intel Mac OS X 10_15_7) AppleWebKit/537.36 (KHTML, like Gecko) Chrome/115.0.0.0 Safari/537.36"
34.76.224.74 - - [24/Dec/2023:05:57:43 +0100] "GET /winnie-pooh-orange-swimsuit-p-30832.html HTTP/1.0" 200 85423 "-" "Mozilla/5.0 (compatible; VelenPublicWebCrawler/1.0; +https://velen.io)"
54.36.149.78 - - [24/Dec/2023:05:57:43 +0100] "GET /luggages-schoolbags-leather-shop-c-31.html?page=34 HTTP/1.0" 200 103997 "-" "Mozilla/5.0 (compatible; AhrefsBot/7.0; +http://ahrefs.com/robot/)"
34.76.224.74 - - [24/Dec/2023:05:57:46 +0100] "GET /mickey-mouse-blue-swimsuit-p-30484.html HTTP/1.0" 200 84824 "-" "Mozilla/5.0 (compatible; VelenPublicWebCrawler/1.0; +https://velen.io)"
34.76.224.74 - - [24/Dec/2023:05:57:50 +0100] "GET /mickey-mouse-swimsuit-p-30668.html HTTP/1.0" 200 85070 "-" "Mozilla/5.0 (compatible; VelenPublicWebCrawler/1.0; +https://velen.io)"
185.229.119.130 - - [24/Dec/2023:05:57:51 +0100] "GET /little-buddha-magnet-yellow-p-50266.html HTTP/1.0" 200 81347 "-" "Mozilla/5.0 (compatible; MJ12bot/v1.4.8; http://mj12bot.com/)"
54.36.148.210 - - [24/Dec/2023:05:57:52 +0100] "GET /plush-keeleco-eco-friendly-koala-p-53871.html HTTP/1.0" 301 81460 "-" "Mozilla/5.0 (compatible; AhrefsBot/7.0; +http://ahrefs.com/robot/)"
34.76.224.74 - - [24/Dec/2023:05:57:53 +0100] "GET /beyblade-blue-swimsuit-p-30445.html HTTP/1.0" 200 84768 "-" "Mozilla/5.0 (compatible; VelenPublicWebCrawler/1.0; +https://velen.io)"
34.76.224.74 - - [24/Dec/2023:05:57:56 +0100] "GET /beyblade-swimsuit-p-30446.html HTTP/1.0" 200 84767 "-" "Mozilla/5.0 (compatible; VelenPublicWebCrawler/1.0; +https://velen.io)"
34.76.224.74 - - [24/Dec/2023:05:58:00 +0100] "GET /mickey-mouse-swimsuit-p-30575.html HTTP/1.0" 200 84779 "-" "Mozilla/5.0 (compatible; VelenPublicWebCrawler/1.0; +https://velen.io)"
34.76.224.74 - - [24/Dec/2023:05:58:08 +0100] "GET /tinkerbell-disney-jean-p-30235.html HTTP/1.0" 200 84803 "-" "Mozilla/5.0 (compatible; VelenPublicWebCrawler/1.0; +https://velen.io)"
34.76.224.74 - - [24/Dec/2023:05:58:11 +0100] "GET /winx-club-jeans-p-30212.html HTTP/1.0" 200 84725 "-" "Mozilla/5.0 (compatible; VelenPublicWebCrawler/1.0; +https://velen.io)"
185.229.119.130 - - [24/Dec/2023:05:58:13 +0100] "GET /little-buddha-resin-money-blue-p-56378.html HTTP/1.0" 200 81371 "-" "Mozilla/5.0 (compatible; MJ12bot/v1.4.8; http://mj12bot.com/)"
34.76.224.74 - - [24/Dec/2023:05:58:14 +0100] "GET /hello-kitty-jean-p-30213.html HTTP/1.0" 200 85042 "-" "Mozilla/5.0 (compatible; VelenPublicWebCrawler/1.0; +https://velen.io)"
34.76.224.74 - - [24/Dec/2023:05:58:18 +0100] "GET /hello-kitty-sanrio-jean-p-30236.html HTTP/1.0" 200 84769 "-" "Mozilla/5.0 (compatible; VelenPublicWebCrawler/1.0; +https://velen.io)"
34.76.224.74 - - [24/Dec/2023:05:58:21 +0100] "GET /hello-kitty-capri-pants-p-30238.html HTTP/1.0" 200 84765 "-" "Mozilla/5.0 (compatible; VelenPublicWebCrawler/1.0; +https://velen.io)"
34.76.224.74 - - [24/Dec/2023:05:58:24 +0100] "GET /pairs-socks-peanuts-p-50911.html HTTP/1.0" 200 83597 "-" "Mozilla/5.0 (compatible; VelenPublicWebCrawler/1.0; +https://velen.io)"
34.76.224.74 - - [24/Dec/2023:05:58:27 +0100] "GET /princess-disney-pink-swimsuit-p-30310.html HTTP/1.0" 200 85106 "-" "Mozilla/5.0 (compatible; VelenPublicWebCrawler/1.0; +https://velen.io)"
185.229.119.130 - - [24/Dec/2023:05:58:30 +0100] "GET /little-buddha-resin-money-green-p-56377.html HTTP/1.0" 200 81373 "-" "Mozilla/5.0 (compatible; MJ12bot/v1.4.8; http://mj12bot.com/)"
34.76.224.74 - - [24/Dec/2023:05:58:31 +0100] "GET /snow-white-swimsuit-p-30313.html HTTP/1.0" 200 84687 "-" "Mozilla/5.0 (compatible; VelenPublicWebCrawler/1.0; +https://velen.io)"
34.76.224.74 - - [24/Dec/2023:05:58:34 +0100] "GET /disney-princess-blue-swimsuit-p-30309.html HTTP/1.0" 200 85387 "-" "Mozilla/5.0 (compatible; VelenPublicWebCrawler/1.0; +https://velen.io)"
34.76.224.74 - - [24/Dec/2023:05:58:38 +0100] "GET /disney-princess-white-swimsuit-p-30311.html HTTP/1.0" 200 84807 "-" "Mozilla/5.0 (compatible; VelenPublicWebCrawler/1.0; +https://velen.io)"
54.36.149.91 - - [24/Dec/2023:05:58:39 +0100] "GET /luggages-schoolbags-leather-shop-c-31.html?page=45 HTTP/1.0" 200 104452 "-" "Mozilla/5.0 (compatible; AhrefsBot/7.0; +http://ahrefs.com/robot/)"
34.76.224.74 - - [24/Dec/2023:05:58:41 +0100] "GET /disney-princess-white-swimsuit-p-30312.html HTTP/1.0" 200 84841 "-" "Mozilla/5.0 (compatible; VelenPublicWebCrawler/1.0; +https://velen.io)"
34.76.224.74 - - [24/Dec/2023:05:58:44 +0100] "GET /winnie-pooh-yellow-swimsuit-p-30253.html HTTP/1.0" 200 85121 "-" "Mozilla/5.0 (compatible; VelenPublicWebCrawler/1.0; +https://velen.io)"
34.76.224.74 - - [24/Dec/2023:05:58:48 +0100] "GET /totally-spies-swimsuit-p-30420.html HTTP/1.0" 200 84768 "-" "Mozilla/5.0 (compatible; VelenPublicWebCrawler/1.0; +https://velen.io)"
34.76.224.74 - - [24/Dec/2023:05:58:51 +0100] "GET /strawberry-shortcake-blue-swimsuit-p-30285.html HTTP/1.0" 200 85119 "-" "Mozilla/5.0 (compatible; VelenPublicWebCrawler/1.0; +https://velen.io)"
34.76.224.74 - - [24/Dec/2023:05:58:54 +0100] "GET /strawberry-shortcake-just-dance-swimsuit-p-30286.html HTTP/1.0" 200 85172 "-" "Mozilla/5.0 (compatible; VelenPublicWebCrawler/1.0; +https://velen.io)"
185.229.119.130 - - [24/Dec/2023:05:58:57 +0100] "GET /little-frog-savings-bank-p-48694.html HTTP/1.0" 200 81349 "-" "Mozilla/5.0 (compatible; MJ12bot/v1.4.8; http://mj12bot.com/)"
34.76.224.74 - - [24/Dec/2023:05:58:58 +0100] "GET /strawberry-shortcake-pink-blue-swimsuit-p-30246.html HTTP/1.0" 200 84921 "-" "Mozilla/5.0 (compatible; VelenPublicWebCrawler/1.0; +https://velen.io)"
34.76.224.74 - - [24/Dec/2023:05:59:01 +0100] "GET /strawberry-shortcake-pink-swimsuit-p-30284.html HTTP/1.0" 200 84872 "-" "Mozilla/5.0 (compatible; VelenPublicWebCrawler/1.0; +https://velen.io)"
34.76.224.74 - - [24/Dec/2023:05:59:04 +0100] "GET /strawberry-shortcake-swimsuit-p-30289.html HTTP/1.0" 200 84797 "-" "Mozilla/5.0 (compatible; VelenPublicWebCrawler/1.0; +https://velen.io)"
34.76.224.74 - - [24/Dec/2023:05:59:08 +0100] "GET /dora-explorer-swimsuit-p-30314.html HTTP/1.0" 200 85654 "-" "Mozilla/5.0 (compatible; VelenPublicWebCrawler/1.0; +https://velen.io)"
65.109.155.244 - - [24/Dec/2023:05:59:07 +0100] "GET /bedding-protection-c-11_192.html HTTP/1.0" 500 66381 "-" "Mozilla/5.0 (Macintosh; Intel Mac OS X 10_15_7) AppleWebKit/537.36 (KHTML, like Gecko) Chrome/104.0.0.0 Safari/537.36"
34.76.224.74 - - [24/Dec/2023:05:59:11 +0100] "GET /littlest-petshop-multicolour-swimsuit-p-30265.html HTTP/1.0" 200 85155 "-" "Mozilla/5.0 (compatible; VelenPublicWebCrawler/1.0; +https://velen.io)"
34.76.224.74 - - [24/Dec/2023:05:59:14 +0100] "GET /littlest-petshop-pink-swimsuit-p-30317.html HTTP/1.0" 200 85084 "-" "Mozilla/5.0 (compatible; VelenPublicWebCrawler/1.0; +https://velen.io)"
34.76.224.74 - - [24/Dec/2023:05:59:18 +0100] "GET /littlest-petshop-swimsuit-p-30263.html HTTP/1.0" 200 85037 "-" "Mozilla/5.0 (compatible; VelenPublicWebCrawler/1.0; +https://velen.io)"
185.229.119.130 - - [24/Dec/2023:05:59:21 +0100] "GET /little-geisha-p-39290.html HTTP/1.0" 200 81329 "-" "Mozilla/5.0 (compatible; MJ12bot/v1.4.8; http://mj12bot.com/)"
65.109.155.244 - - [24/Dec/2023:05:59:21 +0100] "GET /bath-c-11_269_267.html HTTP/1.0" 500 66423 "-" "Mozilla/5.0 (Macintosh; Intel Mac OS X 10_15_7) AppleWebKit/537.36 (KHTML, like Gecko) Chrome/104.0.0.0 Safari/537.36"
34.76.224.74 - - [24/Dec/2023:05:59:21 +0100] "GET /littlest-petshop-yellow-swimsuit-p-30264.html HTTP/1.0" 200 85110 "-" "Mozilla/5.0 (compatible; VelenPublicWebCrawler/1.0; +https://velen.io)"
34.76.224.74 - - [24/Dec/2023:05:59:25 +0100] "GET /littlest-petshop-white-swimsuit-p-30316.html HTTP/1.0" 200 85099 "-" "Mozilla/5.0 (compatible; VelenPublicWebCrawler/1.0; +https://velen.io)"
34.76.224.74 - - [24/Dec/2023:05:59:29 +0100] "GET /disney-princesses-pull-under-p-31127.html HTTP/1.0" 200 84842 "-" "Mozilla/5.0 (compatible; VelenPublicWebCrawler/1.0; +https://velen.io)"
34.76.224.74 - - [24/Dec/2023:05:59:32 +0100] "GET /charmmy-kitty-waistcoat-p-31126.html HTTP/1.0" 200 84836 "-" "Mozilla/5.0 (compatible; VelenPublicWebCrawler/1.0; +https://velen.io)"
65.109.155.244 - - [24/Dec/2023:05:59:35 +0100] "GET /-c-95_354.html HTTP/1.0" 500 66243 "-" "Mozilla/5.0 (Macintosh; Intel Mac OS X 10_15_7) AppleWebKit/537.36 (KHTML, like Gecko) Chrome/104.0.0.0 Safari/537.36"
34.76.224.74 - - [24/Dec/2023:05:59:36 +0100] "GET /disney-princesses-cardigan-p-31129.html HTTP/1.0" 200 85119 "-" "Mozilla/5.0 (compatible; VelenPublicWebCrawler/1.0; +https://velen.io)"
54.36.148.169 - - [24/Dec/2023:05:59:39 +0100] "GET /magnet-maman-parfaite-p-57086.html HTTP/1.0" 200 84233 "-" "Mozilla/5.0 (compatible; AhrefsBot/7.0; +http://ahrefs.com/robot/)"
34.76.224.74 - - [24/Dec/2023:05:59:39 +0100] "GET /strawberry-shortcake-embroidered-vest-p-36364.html HTTP/1.0" 200 84999 "-" "Mozilla/5.0 (compatible; VelenPublicWebCrawler/1.0; +https://velen.io)"
34.76.224.74 - - [24/Dec/2023:05:59:42 +0100] "GET /strawberry-shortcake-poncho-years-p-31118.html HTTP/1.0" 200 84878 "-" "Mozilla/5.0 (compatible; VelenPublicWebCrawler/1.0; +https://velen.io)"
34.76.224.74 - - [24/Dec/2023:05:59:46 +0100] "GET /strawberry-shortcake-poncho-years-p-31119.html HTTP/1.0" 200 84885 "-" "Mozilla/5.0 (compatible; VelenPublicWebCrawler/1.0; +https://velen.io)"
185.229.119.130 - - [24/Dec/2023:05:59:48 +0100] "GET /little-geisha-red-small-tea-box-p-39302.html HTTP/1.0" 301 81439 "-" "Mozilla/5.0 (compatible; MJ12bot/v1.4.8; http://mj12bot.com/)"
34.76.224.74 - - [24/Dec/2023:05:59:49 +0100] "GET /strawberry-shortcake-poncho-years-p-31120.html HTTP/1.0" 200 84883 "-" "Mozilla/5.0 (compatible; VelenPublicWebCrawler/1.0; +https://velen.io)"
65.109.155.244 - - [24/Dec/2023:05:59:50 +0100] "GET /sponge-stand-c-12_256.html HTTP/1.0" 500 66327 "-" "Mozilla/5.0 (Macintosh; Intel Mac OS X 10_15_7) AppleWebKit/537.36 (KHTML, like Gecko) Chrome/104.0.0.0 Safari/537.36"
34.76.224.74 - - [24/Dec/2023:05:59:52 +0100] "GET /strawberry-shortcake-sweater-p-31122.html HTTP/1.0" 200 84864 "-" "Mozilla/5.0 (compatible; VelenPublicWebCrawler/1.0; +https://velen.io)"
34.76.224.74 - - [24/Dec/2023:05:59:56 +0100] "GET /strawberry-shortcake-tights-p-50919.html HTTP/1.0" 200 83645 "-" "Mozilla/5.0 (compatible; VelenPublicWebCrawler/1.0; +https://velen.io)"
34.76.224.74 - - [24/Dec/2023:05:59:59 +0100] "GET /mini-rectangular-tray-ornaments-over-p-58500.html HTTP/1.0" 200 84335 "-" "Mozilla/5.0 (compatible; VelenPublicWebCrawler/1.0; +https://velen.io)"
34.76.224.74 - - [24/Dec/2023:06:00:03 +0100] "GET /marilyn-monroe-strass-shirt-p-30155.html HTTP/1.0" 200 84081 "-" "Mozilla/5.0 (compatible; VelenPublicWebCrawler/1.0; +https://velen.io)"
65.109.155.244 - - [24/Dec/2023:06:00:04 +0100] "GET /curtains-lace-curtains-c-11_69.html HTTP/1.0" 500 66407 "-" "Mozilla/5.0 (Macintosh; Intel Mac OS X 10_15_7) AppleWebKit/537.36 (KHTML, like Gecko) Chrome/104.0.0.0 Safari/537.36"
185.229.119.130 - - [24/Dec/2023:06:00:08 +0100] "GET /little-geisha-small-p-39302.html HTTP/1.0" 200 81353 "-" "Mozilla/5.0 (compatible; MJ12bot/v1.4.8; http://mj12bot.com/)"
34.76.224.74 - - [24/Dec/2023:06:00:12 +0100] "GET /corse-adult-p-29936.html HTTP/1.0" 200 83603 "-" "Mozilla/5.0 (compatible; VelenPublicWebCrawler/1.0; +https://velen.io)"
34.76.224.74 - - [24/Dec/2023:06:00:16 +0100] "GET /cotton-floor-cushion-blue-p-49313.html HTTP/1.0" 200 84231 "-" "Mozilla/5.0 (compatible; VelenPublicWebCrawler/1.0; +https://velen.io)"
65.109.155.244 - - [24/Dec/2023:06:00:17 +0100] "GET /towel-bath-towels-c-11_70.html HTTP/1.0" 500 66377 "-" "Mozilla/5.0 (Macintosh; Intel Mac OS X 10_15_7) AppleWebKit/537.36 (KHTML, like Gecko) Chrome/104.0.0.0 Safari/537.36"
34.76.224.74 - - [24/Dec/2023:06:00:20 +0100] "GET /gorilla-hoodies-p-33759.html HTTP/1.0" 200 86260 "-" "Mozilla/5.0 (compatible; VelenPublicWebCrawler/1.0; +https://velen.io)"
34.76.224.74 - - [24/Dec/2023:06:00:24 +0100] "GET /topiary-bedclothes-p-58445.html HTTP/1.0" 200 84235 "-" "Mozilla/5.0 (compatible; VelenPublicWebCrawler/1.0; +https://velen.io)"
34.76.224.74 - - [24/Dec/2023:06:00:28 +0100] "GET /decorative-baskets-black-p-58600.html HTTP/1.0" 200 84888 "-" "Mozilla/5.0 (compatible; VelenPublicWebCrawler/1.0; +https://velen.io)"
65.109.155.244 - - [24/Dec/2023:06:00:31 +0100] "GET /-c-95_357.html HTTP/1.0" 500 66243 "-" "Mozilla/5.0 (Macintosh; Intel Mac OS X 10_15_7) AppleWebKit/537.36 (KHTML, like Gecko) Chrome/104.0.0.0 Safari/537.36"
34.76.224.74 - - [24/Dec/2023:06:00:32 +0100] "GET /llama-love-figurine-p-47614.html HTTP/1.0" 200 83569 "-" "Mozilla/5.0 (compatible; VelenPublicWebCrawler/1.0; +https://velen.io)"
54.36.148.30 - - [24/Dec/2023:06:00:33 +0100] "GET /angel-bell-metal-p-38732.html HTTP/1.0" 200 83618 "-" "Mozilla/5.0 (compatible; AhrefsBot/7.0; +http://ahrefs.com/robot/)"
34.76.224.74 - - [24/Dec/2023:06:00:36 +0100] "GET /marseillaise-expressions-white-women-shirt-p-35575.html HTTP/1.0" 200 85705 "-" "Mozilla/5.0 (compatible; VelenPublicWebCrawler/1.0; +https://velen.io)"
34.76.224.74 - - [24/Dec/2023:06:00:40 +0100] "GET /marseillaises-expressions-white-women-shirt-p-35574.html HTTP/1.0" 200 85713 "-" "Mozilla/5.0 (compatible; VelenPublicWebCrawler/1.0; +https://velen.io)"
34.76.224.74 - - [24/Dec/2023:06:00:44 +0100] "GET /fiers-etre-marseillais-blue-track-jacket-p-29914.html HTTP/1.0" 200 85079 "-" "Mozilla/5.0 (compatible; VelenPublicWebCrawler/1.0; +https://velen.io)"
65.109.155.244 - - [24/Dec/2023:06:00:45 +0100] "GET /-c-95_388.html HTTP/1.0" 500 66243 "-" "Mozilla/5.0 (Macintosh; Intel Mac OS X 10_15_7) AppleWebKit/537.36 (KHTML, like Gecko) Chrome/104.0.0.0 Safari/537.36"
34.76.224.74 - - [24/Dec/2023:06:00:47 +0100] "GET /fiers-etre-marseillais-orange-black-track-jacket-p-29984.html HTTP/1.0" 200 85157 "-" "Mozilla/5.0 (compatible; VelenPublicWebCrawler/1.0; +https://velen.io)"
34.76.224.74 - - [24/Dec/2023:06:00:52 +0100] "GET /mickey-club-house-rainwear-years-p-44013.html HTTP/1.0" 200 83654 "-" "Mozilla/5.0 (compatible; VelenPublicWebCrawler/1.0; +https://velen.io)"
34.76.224.74 - - [24/Dec/2023:06:00:56 +0100] "GET /gormiti-pairs-socks-size-p-50916.html HTTP/1.0" 200 83654 "-" "Mozilla/5.0 (compatible; VelenPublicWebCrawler/1.0; +https://velen.io)"
65.109.155.244 - - [24/Dec/2023:06:00:59 +0100] "GET /outdoor-rugs-c-11_269_320.html HTTP/1.0" 500 66455 "-" "Mozilla/5.0 (Macintosh; Intel Mac OS X 10_15_7) AppleWebKit/537.36 (KHTML, like Gecko) Chrome/104.0.0.0 Safari/537.36"
34.76.224.74 - - [24/Dec/2023:06:00:59 +0100] "GET /spiderman-pairs-socks-size-p-46846.html HTTP/1.0" 200 83653 "-" "Mozilla/5.0 (compatible; VelenPublicWebCrawler/1.0; +https://velen.io)"
34.76.224.74 - - [24/Dec/2023:06:01:03 +0100] "GET /noddy-swimsuit-p-30585.html HTTP/1.0" 200 84701 "-" "Mozilla/5.0 (compatible; VelenPublicWebCrawler/1.0; +https://velen.io)"
34.76.224.74 - - [24/Dec/2023:06:01:06 +0100] "GET /pokemon-blue-swimsuit-p-30589.html HTTP/1.0" 200 84738 "-" "Mozilla/5.0 (compatible; VelenPublicWebCrawler/1.0; +https://velen.io)"
216.244.66.242 - - [24/Dec/2023:06:01:06 +0100] "GET /magnet-control-tassen-made-germany-p-47556.html HTTP/1.0" 200 84716 "-" "Mozilla/5.0 (compatible; DotBot/1.2; +https://opensiteexplorer.org/dotbot; help@moz.com)"
34.76.224.74 - - [24/Dec/2023:06:01:10 +0100] "GET /pokemon-swimsuit-p-30590.html HTTP/1.0" 200 84719 "-" "Mozilla/5.0 (compatible; VelenPublicWebCrawler/1.0; +https://velen.io)"
34.76.224.74 - - [24/Dec/2023:06:01:14 +0100] "GET /spiderman-blue-swimsuit-p-30823.html HTTP/1.0" 200 84809 "-" "Mozilla/5.0 (compatible; VelenPublicWebCrawler/1.0; +https://velen.io)"
65.109.155.244 - - [24/Dec/2023:06:01:13 +0100] "GET /-c-95_396.html HTTP/1.0" 500 66243 "-" "Mozilla/5.0 (Macintosh; Intel Mac OS X 10_15_7) AppleWebKit/537.36 (KHTML, like Gecko) Chrome/104.0.0.0 Safari/537.36"
52.167.144.233 - - [24/Dec/2023:06:01:14 +0100] "GET /flower-cover-p-55343.html HTTP/1.0" 200 81335 "-" "Mozilla/5.0 AppleWebKit/537.36 (KHTML, like Gecko; compatible; bingbot/2.0; +http://www.bing.com/bingbot.htm) Chrome/116.0.1938.76 Safari/537.36"
34.76.224.74 - - [24/Dec/2023:06:01:17 +0100] "GET /fiers-etre-marseillais-baby-sweatsuit-p-29987.html HTTP/1.0" 200 85470 "-" "Mozilla/5.0 (compatible; VelenPublicWebCrawler/1.0; +https://velen.io)"
114.119.136.160 - - [24/Dec/2023:06:01:20 +0100] "GET /robots.txt HTTP/1.0" 200 245 "-" "Mozilla/5.0 (compatible;PetalBot;+https://webmaster.petalsearch.com/site/petalbot)"
34.76.224.74 - - [24/Dec/2023:06:01:21 +0100] "GET /fiers-etre-marseillais-sweatsuit-p-29990.html HTTP/1.0" 200 85055 "-" "Mozilla/5.0 (compatible; VelenPublicWebCrawler/1.0; +https://velen.io)"
34.76.224.74 - - [24/Dec/2023:06:01:24 +0100] "GET /body-baby-knight-p-50931.html HTTP/1.0" 200 83531 "-" "Mozilla/5.0 (compatible; VelenPublicWebCrawler/1.0; +https://velen.io)"
54.36.149.7 - - [24/Dec/2023:06:01:24 +0100] "GET /home-decoration-c-13.html?page=57 HTTP/1.0" 200 103792 "-" "Mozilla/5.0 (compatible; AhrefsBot/7.0; +http://ahrefs.com/robot/)"
34.76.224.74 - - [24/Dec/2023:06:01:27 +0100] "GET /eagle-black-shirt-p-47275.html HTTP/1.0" 200 83694 "-" "Mozilla/5.0 (compatible; VelenPublicWebCrawler/1.0; +https://velen.io)"
34.76.224.74 - - [24/Dec/2023:06:01:31 +0100] "GET /with-personalized-picture-p-47057.html HTTP/1.0" 200 84192 "-" "Mozilla/5.0 (compatible; VelenPublicWebCrawler/1.0; +https://velen.io)"
34.76.224.74 - - [24/Dec/2023:06:01:34 +0100] "GET /with-personalized-picture-p-47775.html HTTP/1.0" 200 83418 "-" "Mozilla/5.0 (compatible; VelenPublicWebCrawler/1.0; +https://velen.io)"
34.76.224.74 - - [24/Dec/2023:06:01:37 +0100] "GET /eagle-black-shirt-p-50566.html HTTP/1.0" 200 83645 "-" "Mozilla/5.0 (compatible; VelenPublicWebCrawler/1.0; +https://velen.io)"
34.76.224.74 - - [24/Dec/2023:06:01:40 +0100] "GET /isothermic-stainless-steel-bottle-cbkreation-p-57638.html HTTP/1.0" 200 82966 "-" "Mozilla/5.0 (compatible; VelenPublicWebCrawler/1.0; +https://velen.io)"
34.76.224.74 - - [24/Dec/2023:06:01:43 +0100] "GET /frais-port-p-48417.html HTTP/1.0" 200 83364 "-" "Mozilla/5.0 (compatible; VelenPublicWebCrawler/1.0; +https://velen.io)"
34.76.224.74 - - [24/Dec/2023:06:01:46 +0100] "GET /frais-port-p-59807.html HTTP/1.0" 200 83325 "-" "Mozilla/5.0 (compatible; VelenPublicWebCrawler/1.0; +https://velen.io)"
34.76.224.74 - - [24/Dec/2023:06:01:50 +0100] "GET /isothermic-stainless-steel-bottle-cbkreation-p-51159.html HTTP/1.0" 200 82965 "-" "Mozilla/5.0 (compatible; VelenPublicWebCrawler/1.0; +https://velen.io)"
34.76.224.74 - - [24/Dec/2023:06:01:53 +0100] "GET /gilt-with-personalized-picture-p-16639.html HTTP/1.0" 200 84150 "-" "Mozilla/5.0 (compatible; VelenPublicWebCrawler/1.0; +https://velen.io)"
34.76.224.74 - - [24/Dec/2023:06:01:56 +0100] "GET /love-personalized-p-17672.html HTTP/1.0" 200 84085 "-" "Mozilla/5.0 (compatible; VelenPublicWebCrawler/1.0; +https://velen.io)"
34.76.224.74 - - [24/Dec/2023:06:01:59 +0100] "GET /love-personnalized-small-p-17677.html HTTP/1.0" 200 84158 "-" "Mozilla/5.0 (compatible; VelenPublicWebCrawler/1.0; +https://velen.io)"
34.76.224.74 - - [24/Dec/2023:06:02:03 +0100] "GET /small-simple-with-personalized-picture-p-16330.html HTTP/1.0" 200 84216 "-" "Mozilla/5.0 (compatible; VelenPublicWebCrawler/1.0; +https://velen.io)"
34.76.224.74 - - [24/Dec/2023:06:02:06 +0100] "GET /circle-coasters-with-personalized-pictures-p-16334.html HTTP/1.0" 200 84330 "-" "Mozilla/5.0 (compatible; VelenPublicWebCrawler/1.0; +https://velen.io)"
34.76.224.74 - - [24/Dec/2023:06:02:10 +0100] "GET /cupcakes-small-white-cushion-with-personalized-picture-p-16982.html HTTP/1.0" 200 84642 "-" "Mozilla/5.0 (compatible; VelenPublicWebCrawler/1.0; +https://velen.io)"
34.76.224.74 - - [24/Dec/2023:06:02:13 +0100] "GET /love-personnalized-money-boxes-p-17692.html HTTP/1.0" 200 84239 "-" "Mozilla/5.0 (compatible; VelenPublicWebCrawler/1.0; +https://velen.io)"
34.76.224.74 - - [24/Dec/2023:06:02:17 +0100] "GET /love-personnalized-mouse-p-17682.html HTTP/1.0" 200 84157 "-" "Mozilla/5.0 (compatible; VelenPublicWebCrawler/1.0; +https://velen.io)"
54.36.148.172 - - [24/Dec/2023:06:02:19 +0100] "GET /metal-tray-p-57356.html HTTP/1.0" 200 84288 "-" "Mozilla/5.0 (compatible; AhrefsBot/7.0; +http://ahrefs.com/robot/)"
34.76.224.74 - - [24/Dec/2023:06:02:20 +0100] "GET /pola-mouse-with-personalized-picture-p-16663.html HTTP/1.0" 200 84237 "-" "Mozilla/5.0 (compatible; VelenPublicWebCrawler/1.0; +https://velen.io)"
34.76.224.74 - - [24/Dec/2023:06:02:23 +0100] "GET /silvery-with-personalized-picture-p-16299.html HTTP/1.0" 200 84175 "-" "Mozilla/5.0 (compatible; VelenPublicWebCrawler/1.0; +https://velen.io)"
34.76.224.74 - - [24/Dec/2023:06:02:27 +0100] "GET /square-coasters-with-personalized-pictures-p-16333.html HTTP/1.0" 200 84320 "-" "Mozilla/5.0 (compatible; VelenPublicWebCrawler/1.0; +https://velen.io)"
34.76.224.74 - - [24/Dec/2023:06:02:30 +0100] "GET /small-louis-philippe-pink-liberty-cushion-p-16230.html HTTP/1.0" 200 84714 "-" "Mozilla/5.0 (compatible; VelenPublicWebCrawler/1.0; +https://velen.io)"
34.76.224.74 - - [24/Dec/2023:06:02:33 +0100] "GET /small-louis-philippe-wallpaper-cushion-p-16229.html HTTP/1.0" 200 84691 "-" "Mozilla/5.0 (compatible; VelenPublicWebCrawler/1.0; +https://velen.io)"
52.167.144.233 - - [24/Dec/2023:06:02:36 +0100] "GET /heart-home-bamboo-orange-zest-clove-p-61107.html HTTP/1.0" 200 84974 "-" "Mozilla/5.0 AppleWebKit/537.36 (KHTML, like Gecko; compatible; bingbot/2.0; +http://www.bing.com/bingbot.htm) Chrome/116.0.1938.76 Safari/537.36"
34.76.224.74 - - [24/Dec/2023:06:02:36 +0100] "GET /monster-doll-small-white-cushion-with-personalized-picture-p-16983.html HTTP/1.0" 200 84674 "-" "Mozilla/5.0 (compatible; VelenPublicWebCrawler/1.0; +https://velen.io)"
34.76.224.74 - - [24/Dec/2023:06:02:39 +0100] "GET /black-shell-galaxy-note-with-personalized-picture-p-16352.html HTTP/1.0" 200 84425 "-" "Mozilla/5.0 (compatible; VelenPublicWebCrawler/1.0; +https://velen.io)"
34.76.224.74 - - [24/Dec/2023:06:02:43 +0100] "GET /black-shell-samsung-with-personalized-picture-p-16359.html HTTP/1.0" 200 84349 "-" "Mozilla/5.0 (compatible; VelenPublicWebCrawler/1.0; +https://velen.io)"
34.76.224.74 - - [24/Dec/2023:06:02:46 +0100] "GET /love-personnalized-black-shell-galaxy-note-p-17687.html HTTP/1.0" 200 84253 "-" "Mozilla/5.0 (compatible; VelenPublicWebCrawler/1.0; +https://velen.io)"
34.76.224.74 - - [24/Dec/2023:06:02:49 +0100] "GET /love-personnalized-black-shell-samsung-p-17689.html HTTP/1.0" 200 84323 "-" "Mozilla/5.0 (compatible; VelenPublicWebCrawler/1.0; +https://velen.io)"
34.76.224.74 - - [24/Dec/2023:06:02:53 +0100] "GET /love-personnalized-iphone-shell-p-17686.html HTTP/1.0" 200 84274 "-" "Mozilla/5.0 (compatible; VelenPublicWebCrawler/1.0; +https://velen.io)"
34.76.224.74 - - [24/Dec/2023:06:02:56 +0100] "GET /love-personnalized-white-shell-galaxy-note-p-17688.html HTTP/1.0" 200 84251 "-" "Mozilla/5.0 (compatible; VelenPublicWebCrawler/1.0; +https://velen.io)"
34.76.224.74 - - [24/Dec/2023:06:02:59 +0100] "GET /love-personnalized-white-shell-samsung-p-17691.html HTTP/1.0" 200 84321 "-" "Mozilla/5.0 (compatible; VelenPublicWebCrawler/1.0; +https://velen.io)"
34.76.224.74 - - [24/Dec/2023:06:03:03 +0100] "GET /iphone-black-shell-with-personalized-picture-p-16338.html HTTP/1.0" 200 84354 "-" "Mozilla/5.0 (compatible; VelenPublicWebCrawler/1.0; +https://velen.io)"
34.76.224.74 - - [24/Dec/2023:06:03:06 +0100] "GET /iphone-transparent-shell-with-personalized-picture-p-16340.html HTTP/1.0" 200 84418 "-" "Mozilla/5.0 (compatible; VelenPublicWebCrawler/1.0; +https://velen.io)"
34.76.224.74 - - [24/Dec/2023:06:03:09 +0100] "GET /iphone-white-shell-with-personalized-picture-p-16339.html HTTP/1.0" 200 84364 "-" "Mozilla/5.0 (compatible; VelenPublicWebCrawler/1.0; +https://velen.io)"
34.76.224.74 - - [24/Dec/2023:06:03:13 +0100] "GET /love-personnalized-ipad-black-shell-p-17683.html HTTP/1.0" 200 84270 "-" "Mozilla/5.0 (compatible; VelenPublicWebCrawler/1.0; +https://velen.io)"
54.36.149.105 - - [24/Dec/2023:06:03:16 +0100] "GET /novena-candle-lady-deliverance-p-59364.html HTTP/1.0" 200 84602 "-" "Mozilla/5.0 (compatible; AhrefsBot/7.0; +http://ahrefs.com/robot/)"
78.153.140.218 - - [24/Dec/2023:06:03:17 +0100] "GET /.env HTTP/1.0" 301 519 "-" "Mozilla/5.0 (X11; Linux x86_64) AppleWebKit/537.36 (KHTML, like Gecko) Chrome/81.0.4044.129 Safari/537.36"
34.76.224.74 - - [24/Dec/2023:06:03:16 +0100] "GET /white-shell-galaxy-note-with-personalized-picture-p-16354.html HTTP/1.0" 200 84280 "-" "Mozilla/5.0 (compatible; VelenPublicWebCrawler/1.0; +https://velen.io)"
34.76.224.74 - - [24/Dec/2023:06:03:19 +0100] "GET /white-shell-samsung-with-personalized-picture-p-16356.html HTTP/1.0" 200 84347 "-" "Mozilla/5.0 (compatible; VelenPublicWebCrawler/1.0; +https://velen.io)"
34.76.224.74 - - [24/Dec/2023:06:03:22 +0100] "GET /ipad-black-shell-with-personalized-picture-p-16335.html HTTP/1.0" 200 84296 "-" "Mozilla/5.0 (compatible; VelenPublicWebCrawler/1.0; +https://velen.io)"
34.76.224.74 - - [24/Dec/2023:06:03:26 +0100] "GET /ipad-pink-shell-with-personalized-picture-p-16336.html HTTP/1.0" 200 84292 "-" "Mozilla/5.0 (compatible; VelenPublicWebCrawler/1.0; +https://velen.io)"
34.76.224.74 - - [24/Dec/2023:06:03:29 +0100] "GET /ipad-white-shell-with-personalized-picture-p-16337.html HTTP/1.0" 200 84301 "-" "Mozilla/5.0 (compatible; VelenPublicWebCrawler/1.0; +https://velen.io)"
34.76.224.74 - - [24/Dec/2023:06:03:32 +0100] "GET /love-personnalized-ipad-pink-shell-p-17685.html HTTP/1.0" 200 84261 "-" "Mozilla/5.0 (compatible; VelenPublicWebCrawler/1.0; +https://velen.io)"
34.76.224.74 - - [24/Dec/2023:06:03:35 +0100] "GET /love-personnalized-ipad-white-shell-p-17684.html HTTP/1.0" 200 84270 "-" "Mozilla/5.0 (compatible; VelenPublicWebCrawler/1.0; +https://velen.io)"
34.76.224.74 - - [24/Dec/2023:06:03:38 +0100] "GET /small-white-torn-paper-cushion-with-personalized-picture-p-16615.html HTTP/1.0" 200 84668 "-" "Mozilla/5.0 (compatible; VelenPublicWebCrawler/1.0; +https://velen.io)"
34.76.224.74 - - [24/Dec/2023:06:03:42 +0100] "GET /small-white-cushion-with-personalized-picture-p-16257.html HTTP/1.0" 200 84554 "-" "Mozilla/5.0 (compatible; VelenPublicWebCrawler/1.0; +https://velen.io)"
34.76.224.74 - - [24/Dec/2023:06:03:45 +0100] "GET /cupcakes-cushion-personalized-picture-p-16981.html HTTP/1.0" 200 84483 "-" "Mozilla/5.0 (compatible; VelenPublicWebCrawler/1.0; +https://velen.io)"
34.76.224.74 - - [24/Dec/2023:06:03:48 +0100] "GET /louis-philippe-pink-liberty-cushion-p-16233.html HTTP/1.0" 200 84660 "-" "Mozilla/5.0 (compatible; VelenPublicWebCrawler/1.0; +https://velen.io)"
34.76.224.74 - - [24/Dec/2023:06:03:52 +0100] "GET /louis-philippe-wallpaper-cushion-p-16234.html HTTP/1.0" 200 84652 "-" "Mozilla/5.0 (compatible; VelenPublicWebCrawler/1.0; +https://velen.io)"
34.76.224.74 - - [24/Dec/2023:06:03:55 +0100] "GET /monster-doll-cushion-personalized-picture-p-16681.html HTTP/1.0" 200 84514 "-" "Mozilla/5.0 (compatible; VelenPublicWebCrawler/1.0; +https://velen.io)"
34.76.224.74 - - [24/Dec/2023:06:03:58 +0100] "GET /vintage-liberty-cushion-p-16211.html HTTP/1.0" 200 84471 "-" "Mozilla/5.0 (compatible; VelenPublicWebCrawler/1.0; +https://velen.io)"
34.76.224.74 - - [24/Dec/2023:06:04:01 +0100] "GET /adult-apron-bons-moments-entre-amis-p-61505.html HTTP/1.0" 200 84922 "-" "Mozilla/5.0 (compatible; VelenPublicWebCrawler/1.0; +https://velen.io)"
34.76.224.74 - - [24/Dec/2023:06:04:05 +0100] "GET /grey-ulrik-polar-blanket-p-61484.html HTTP/1.0" 200 84788 "-" "Mozilla/5.0 (compatible; VelenPublicWebCrawler/1.0; +https://velen.io)"
34.76.224.74 - - [24/Dec/2023:06:04:08 +0100] "GET /little-prince-exupry-p-61419.html HTTP/1.0" 200 83745 "-" "Mozilla/5.0 (compatible; VelenPublicWebCrawler/1.0; +https://velen.io)"
54.36.148.233 - - [24/Dec/2023:06:04:08 +0100] "GET /dishes-c-12.html HTTP/1.0" 200 102102 "-" "Mozilla/5.0 (compatible; AhrefsBot/7.0; +http://ahrefs.com/robot/)"
34.76.224.74 - - [24/Dec/2023:06:04:11 +0100] "GET /little-prince-exupery-little-tray-p-61425.html HTTP/1.0" 200 84003 "-" "Mozilla/5.0 (compatible; VelenPublicWebCrawler/1.0; +https://velen.io)"
34.76.224.74 - - [24/Dec/2023:06:04:14 +0100] "GET /wick-ellipse-candle-heart-home-simply-p-61409.html HTTP/1.0" 200 85208 "-" "Mozilla/5.0 (compatible; VelenPublicWebCrawler/1.0; +https://velen.io)"
34.76.224.74 - - [24/Dec/2023:06:04:18 +0100] "GET /family-photo-album-p-61504.html HTTP/1.0" 200 84640 "-" "Mozilla/5.0 (compatible; VelenPublicWebCrawler/1.0; +https://velen.io)"
216.244.66.242 - - [24/Dec/2023:06:04:20 +0100] "GET /white-black-skull-keyrings-sound-light-p-40194.html HTTP/1.0" 200 83854 "-" "Mozilla/5.0 (compatible; DotBot/1.2; +https://opensiteexplorer.org/dotbot; help@moz.com)"
34.76.224.74 - - [24/Dec/2023:06:04:21 +0100] "GET /fish-print-towel-p-61472.html HTTP/1.0" 200 84722 "-" "Mozilla/5.0 (compatible; VelenPublicWebCrawler/1.0; +https://velen.io)"
34.76.224.74 - - [24/Dec/2023:06:04:24 +0100] "GET /glass-jellyfish-paperweight-p-61439.html HTTP/1.0" 200 83766 "-" "Mozilla/5.0 (compatible; VelenPublicWebCrawler/1.0; +https://velen.io)"
34.76.224.74 - - [24/Dec/2023:06:04:27 +0100] "GET /japanese-postural-orangutan-plush-p-61399.html HTTP/1.0" 200 85305 "-" "Mozilla/5.0 (compatible; VelenPublicWebCrawler/1.0; +https://velen.io)"
5.196.78.175 - - [24/Dec/2023:06:04:29 +0100] "GET /create_account.php HTTP/1.0" 301 547 "http://wonder-geek.com/create_account.php" "Mozilla/5.0 (Windows NT 6.1; Win64; x64) AppleWebKit/537.36 (KHTML, like Gecko) Chrome/103.0.5060.66 Safari/537.36"
5.196.78.175 - - [24/Dec/2023:06:04:29 +0100] "GET /create_account.php HTTP/1.0" 200 33633 "http://www.wonder-geek.com/create_account.php" "Mozilla/5.0 (Windows NT 6.1; Win64; x64) AppleWebKit/537.36 (KHTML, like Gecko) Chrome/103.0.5060.66 Safari/537.36"
34.76.224.74 - - [24/Dec/2023:06:04:30 +0100] "GET /maker-with-infuser-kitten-books-p-61415.html HTTP/1.0" 200 83739 "-" "Mozilla/5.0 (compatible; VelenPublicWebCrawler/1.0; +https://velen.io)"
5.196.78.175 - - [24/Dec/2023:06:04:30 +0100] "GET /index.php HTTP/1.0" 200 161591 "http://www.wonder-geek.com/index.php" "Mozilla/5.0 (Windows NT 6.1; Win64; x64) AppleWebKit/537.36 (KHTML, like Gecko) Chrome/103.0.5060.66 Safari/537.36"
34.76.224.74 - - [24/Dec/2023:06:04:33 +0100] "GET /cheeses-print-towel-p-61474.html HTTP/1.0" 200 84975 "-" "Mozilla/5.0 (compatible; VelenPublicWebCrawler/1.0; +https://velen.io)"
5.196.78.175 - - [24/Dec/2023:06:04:34 +0100] "GET /trivet-boards-c-12_158.html HTTP/1.0" 200 104213 "http://www.wonder-geek.com/trivet-boards-c-12_158.html" "Mozilla/5.0 (Windows NT 6.1; Win64; x64) AppleWebKit/537.36 (KHTML, like Gecko) Chrome/103.0.5060.66 Safari/537.36"
5.196.78.175 - - [24/Dec/2023:06:04:36 +0100] "GET /cardboard-boxes-storage-c-13_150_216.html HTTP/1.0" 200 80568 "http://www.wonder-geek.com/cardboard-boxes-storage-c-13_150_216.html" "Mozilla/5.0 (Windows NT 6.1; Win64; x64) AppleWebKit/537.36 (KHTML, like Gecko) Chrome/103.0.5060.66 Safari/537.36"
5.196.78.175 - - [24/Dec/2023:06:04:38 +0100] "GET /contact_us.php HTTP/1.0" 200 26241 "http://www.wonder-geek.com/contact_us.php" "Mozilla/5.0 (Windows NT 6.1; Win64; x64) AppleWebKit/537.36 (KHTML, like Gecko) Chrome/103.0.5060.66 Safari/537.36"
34.76.224.74 - - [24/Dec/2023:06:04:36 +0100] "GET /cotton-floor-cushion-naomie-p-61482.html HTTP/1.0" 200 84677 "-" "Mozilla/5.0 (compatible; VelenPublicWebCrawler/1.0; +https://velen.io)"
5.196.78.175 - - [24/Dec/2023:06:04:38 +0100] "POST /contact_us.php?action=send HTTP/1.0" 200 26488 "http://www.wonder-geek.com/contact_us.php" "Mozilla/5.0 (Windows NT 6.1; Win64; x64) AppleWebKit/537.36 (KHTML, like Gecko) Chrome/103.0.5060.66 Safari/537.36"
34.76.224.74 - - [24/Dec/2023:06:04:40 +0100] "GET /cicada-trivet-p-61457.html HTTP/1.0" 200 84245 "-" "Mozilla/5.0 (compatible; VelenPublicWebCrawler/1.0; +https://velen.io)"
66.249.69.198 - - [24/Dec/2023:06:04:42 +0100] "GET /images/big_prod_1/8422017740618B.jpg HTTP/1.0" 200 271 "-" "Googlebot-Image/1.0"
34.76.224.74 - - [24/Dec/2023:06:04:43 +0100] "GET /placemat-kiub-collection-coffee-p-61426.html HTTP/1.0" 200 83824 "-" "Mozilla/5.0 (compatible; VelenPublicWebCrawler/1.0; +https://velen.io)"
34.76.224.74 - - [24/Dec/2023:06:04:46 +0100] "GET /small-tassen-breakfast-board-made-germany-oath-love-p-61461.html HTTP/1.0" 200 84789 "-" "Mozilla/5.0 (compatible; VelenPublicWebCrawler/1.0; +https://velen.io)"
34.76.224.74 - - [24/Dec/2023:06:04:50 +0100] "GET /wooden-incense-holder-crucifix-p-61490.html HTTP/1.0" 200 84405 "-" "Mozilla/5.0 (compatible; VelenPublicWebCrawler/1.0; +https://velen.io)"
34.76.224.74 - - [24/Dec/2023:06:04:53 +0100] "GET /wooden-incense-holder-tree-life-p-61489.html HTTP/1.0" 200 84427 "-" "Mozilla/5.0 (compatible; VelenPublicWebCrawler/1.0; +https://velen.io)"
34.76.224.74 - - [24/Dec/2023:06:04:56 +0100] "GET /terrazzo-gold-placemat-p-61517.html HTTP/1.0" 200 84253 "-" "Mozilla/5.0 (compatible; VelenPublicWebCrawler/1.0; +https://velen.io)"
182.52.32.184 - - [24/Dec/2023:06:04:58 +0100] "GET /contact_us.php HTTP/1.0" 200 26241 "http://www.wonder-geek.com/contact_us.php" "Mozilla/5.0 (Windows NT 6.3; Win64; x64) AppleWebKit/537.36 (KHTML, like Gecko) Chrome/90.0.4430.72 Safari/537.36 Edg/90.0.818.42"
182.52.32.184 - - [24/Dec/2023:06:05:00 +0100] "POST /contact_us.php?action=send HTTP/1.0" 200 26498 "http://www.wonder-geek.com/contact_us.php" "Mozilla/5.0 (Windows NT 6.3; Win64; x64) AppleWebKit/537.36 (KHTML, like Gecko) Chrome/90.0.4430.72 Safari/537.36 Edg/90.0.818.42"
34.76.224.74 - - [24/Dec/2023:06:04:59 +0100] "GET /nativity-statuette-mango-wood-p-61446.html HTTP/1.0" 200 84782 "-" "Mozilla/5.0 (compatible; VelenPublicWebCrawler/1.0; +https://velen.io)"
44.215.108.47 - - [24/Dec/2023:06:05:02 +0100] "GET /images/mini_prod/8424017389309.jpg HTTP/1.0" 200 269 "-" "Go-http-client/1.1"
