34.76.224.74 - - [24/Dec/2023:04:27:46 +0100] "GET /cotton-floor-cushion-chrysler-p-49130.html HTTP/1.0" 200 84486 "-" "Mozilla/5.0 (compatible; VelenPublicWebCrawler/1.0; +https://velen.io)"
77.75.79.36 - - [24/Dec/2023:04:27:52 +0100] "GET /robots.txt HTTP/1.0" 200 245 "-" "Mozilla/5.0 (compatible; SeznamBot/4.0; +http://napoveda.seznam.cz/seznambot-intro/)"
34.76.224.74 - - [24/Dec/2023:04:27:50 +0100] "GET /cotton-floor-cushion-brown-p-60773.html HTTP/1.0" 200 83817 "-" "Mozilla/5.0 (compatible; VelenPublicWebCrawler/1.0; +https://velen.io)"
34.76.224.74 - - [24/Dec/2023:04:27:54 +0100] "GET /cotton-floor-cushion-curry-p-60767.html HTTP/1.0" 200 83838 "-" "Mozilla/5.0 (compatible; VelenPublicWebCrawler/1.0; +https://velen.io)"
77.75.77.36 - - [24/Dec/2023:04:27:52 +0100] "GET / HTTP/1.0" 200 161824 "-" "Mozilla/5.0 (compatible; SeznamBot/4.0; +http://napoveda.seznam.cz/seznambot-intro/)"
34.76.224.74 - - [24/Dec/2023:04:27:58 +0100] "GET /cotton-floor-cushion-green-p-60770.html HTTP/1.0" 200 83838 "-" "Mozilla/5.0 (compatible; VelenPublicWebCrawler/1.0; +https://velen.io)"
34.76.224.74 - - [24/Dec/2023:04:28:02 +0100] "GET /cotton-floor-cushion-jade-p-60768.html HTTP/1.0" 200 83833 "-" "Mozilla/5.0 (compatible; VelenPublicWebCrawler/1.0; +https://velen.io)"
34.76.224.74 - - [24/Dec/2023:04:28:05 +0100] "GET /cotton-floor-cushion-navy-blue-p-60769.html HTTP/1.0" 200 83858 "-" "Mozilla/5.0 (compatible; VelenPublicWebCrawler/1.0; +https://velen.io)"
34.76.224.74 - - [24/Dec/2023:04:28:09 +0100] "GET /cotton-floor-cushion-pink-p-60772.html HTTP/1.0" 200 83833 "-" "Mozilla/5.0 (compatible; VelenPublicWebCrawler/1.0; +https://velen.io)"
34.76.224.74 - - [24/Dec/2023:04:28:12 +0100] "GET /cotton-floor-cushion-yellow-p-44044.html HTTP/1.0" 200 84462 "-" "Mozilla/5.0 (compatible; VelenPublicWebCrawler/1.0; +https://velen.io)"
216.244.66.242 - - [24/Dec/2023:04:28:14 +0100] "GET /gund-boo-plush-13-cm-prince-p-44584.html HTTP/1.0" 301 591 "-" "Mozilla/5.0 (compatible; DotBot/1.2; +https://opensiteexplorer.org/dotbot; help@moz.com)"
34.76.224.74 - - [24/Dec/2023:04:28:16 +0100] "GET /cotton-floor-cushion-cobalt-p-60771.html HTTP/1.0" 200 83845 "-" "Mozilla/5.0 (compatible; VelenPublicWebCrawler/1.0; +https://velen.io)"
216.244.66.242 - - [24/Dec/2023:04:28:19 +0100] "GET /panda-in-paris-large-bowl-p-45610.html HTTP/1.0" 301 587 "-" "Mozilla/5.0 (compatible; DotBot/1.2; +https://opensiteexplorer.org/dotbot; help@moz.com)"
34.76.224.74 - - [24/Dec/2023:04:28:19 +0100] "GET /cotton-floor-cushion-charmelia-p-49387.html HTTP/1.0" 200 84493 "-" "Mozilla/5.0 (compatible; VelenPublicWebCrawler/1.0; +https://velen.io)"
216.244.66.242 - - [24/Dec/2023:04:28:23 +0100] "GET /stationery-school-supplies-c-129_30.html HTTP/1.0" 301 591 "-" "Mozilla/5.0 (compatible; DotBot/1.2; +https://opensiteexplorer.org/dotbot; help@moz.com)"
34.76.224.74 - - [24/Dec/2023:04:28:22 +0100] "GET /cotton-floor-cushion-brown-p-53470.html HTTP/1.0" 200 84455 "-" "Mozilla/5.0 (compatible; VelenPublicWebCrawler/1.0; +https://velen.io)"
34.76.224.74 - - [24/Dec/2023:04:28:26 +0100] "GET /cotton-floor-cushion-grey-p-48312.html HTTP/1.0" 200 84448 "-" "Mozilla/5.0 (compatible; VelenPublicWebCrawler/1.0; +https://velen.io)"
34.76.224.74 - - [24/Dec/2023:04:28:29 +0100] "GET /cotton-floor-cushion-green-p-48835.html HTTP/1.0" 200 84455 "-" "Mozilla/5.0 (compatible; VelenPublicWebCrawler/1.0; +https://velen.io)"
34.76.224.74 - - [24/Dec/2023:04:28:33 +0100] "GET /cotton-floor-cushion-louison-p-51658.html HTTP/1.0" 200 84700 "-" "Mozilla/5.0 (compatible; VelenPublicWebCrawler/1.0; +https://velen.io)"
34.76.224.74 - - [24/Dec/2023:04:28:37 +0100] "GET /cotton-floor-cushion-yellow-p-48833.html HTTP/1.0" 200 84462 "-" "Mozilla/5.0 (compatible; VelenPublicWebCrawler/1.0; +https://velen.io)"
54.36.149.63 - - [24/Dec/2023:04:28:40 +0100] "GET /washed-dyed-cotton-tablecloth-khaki-p-61215.html HTTP/1.0" 200 84362 "-" "Mozilla/5.0 (compatible; AhrefsBot/7.0; +http://ahrefs.com/robot/)"
34.76.224.74 - - [24/Dec/2023:04:28:41 +0100] "GET /cotton-floor-cushion-beige-p-38997.html HTTP/1.0" 200 84537 "-" "Mozilla/5.0 (compatible; VelenPublicWebCrawler/1.0; +https://velen.io)"
34.76.224.74 - - [24/Dec/2023:04:28:45 +0100] "GET /cotton-floor-cushion-black-p-54662.html HTTP/1.0" 200 84455 "-" "Mozilla/5.0 (compatible; VelenPublicWebCrawler/1.0; +https://velen.io)"
34.76.224.74 - - [24/Dec/2023:04:28:49 +0100] "GET /black-fitted-sheet-p-34830.html HTTP/1.0" 200 84253 "-" "Mozilla/5.0 (compatible; VelenPublicWebCrawler/1.0; +https://velen.io)"
34.76.224.74 - - [24/Dec/2023:04:28:52 +0100] "GET /fitted-sheet-p-31982.html HTTP/1.0" 200 83544 "-" "Mozilla/5.0 (compatible; VelenPublicWebCrawler/1.0; +https://velen.io)"
34.76.224.74 - - [24/Dec/2023:04:28:55 +0100] "GET /blue-duck-fitted-sheet-p-51979.html HTTP/1.0" 200 84263 "-" "Mozilla/5.0 (compatible; VelenPublicWebCrawler/1.0; +https://velen.io)"
34.76.224.74 - - [24/Dec/2023:04:28:59 +0100] "GET /fitted-sheet-p-27502.html HTTP/1.0" 200 84136 "-" "Mozilla/5.0 (compatible; VelenPublicWebCrawler/1.0; +https://velen.io)"
34.76.224.74 - - [24/Dec/2023:04:29:02 +0100] "GET /fitted-sheet-color-p-38875.html HTTP/1.0" 200 83711 "-" "Mozilla/5.0 (compatible; VelenPublicWebCrawler/1.0; +https://velen.io)"
34.76.224.74 - - [24/Dec/2023:04:29:06 +0100] "GET /fitted-sheet-white-p-27503.html HTTP/1.0" 200 83567 "-" "Mozilla/5.0 (compatible; VelenPublicWebCrawler/1.0; +https://velen.io)"
34.76.224.74 - - [24/Dec/2023:04:29:09 +0100] "GET /light-brown-fitted-sheet-p-39683.html HTTP/1.0" 200 84313 "-" "Mozilla/5.0 (compatible; VelenPublicWebCrawler/1.0; +https://velen.io)"
34.76.224.74 - - [24/Dec/2023:04:29:13 +0100] "GET /black-fitted-sheet-p-34833.html HTTP/1.0" 200 84473 "-" "Mozilla/5.0 (compatible; VelenPublicWebCrawler/1.0; +https://velen.io)"
34.76.224.74 - - [24/Dec/2023:04:29:17 +0100] "GET /blue-duck-fitted-sheet-p-51982.html HTTP/1.0" 200 83649 "-" "Mozilla/5.0 (compatible; VelenPublicWebCrawler/1.0; +https://velen.io)"
216.244.66.242 - - [24/Dec/2023:04:29:19 +0100] "GET /aprons-tablecloths-and-linen-c-11_74.html HTTP/1.0" 301 593 "-" "Mozilla/5.0 (compatible; DotBot/1.2; +https://opensiteexplorer.org/dotbot; help@moz.com)"
216.244.66.242 - - [24/Dec/2023:04:29:22 +0100] "GET /curtain-panel-with-eyelets-in-linen-135-300-cm-p-49365.html HTTP/1.0" 301 629 "-" "Mozilla/5.0 (compatible; DotBot/1.2; +https://opensiteexplorer.org/dotbot; help@moz.com)"
34.76.224.74 - - [24/Dec/2023:04:29:20 +0100] "GET /blue-jean-fitted-sheet-p-36443.html HTTP/1.0" 200 84520 "-" "Mozilla/5.0 (compatible; VelenPublicWebCrawler/1.0; +https://velen.io)"
34.76.224.74 - - [24/Dec/2023:04:29:24 +0100] "GET /fitted-sheet-blue-p-26402.html HTTP/1.0" 200 83569 "-" "Mozilla/5.0 (compatible; VelenPublicWebCrawler/1.0; +https://velen.io)"
216.244.66.242 - - [24/Dec/2023:04:29:26 +0100] "GET /support-metal-bottle-the-tavernier-p-44570.html HTTP/1.0" 301 605 "-" "Mozilla/5.0 (compatible; DotBot/1.2; +https://opensiteexplorer.org/dotbot; help@moz.com)"
216.244.66.242 - - [24/Dec/2023:04:29:29 +0100] "GET /yogini-yogini-yoga-mat-jute-green-p-45293.html HTTP/1.0" 301 603 "-" "Mozilla/5.0 (compatible; DotBot/1.2; +https://opensiteexplorer.org/dotbot; help@moz.com)"
34.76.224.74 - - [24/Dec/2023:04:29:27 +0100] "GET /fitted-sheet-brown-p-38809.html HTTP/1.0" 200 84257 "-" "Mozilla/5.0 (compatible; VelenPublicWebCrawler/1.0; +https://velen.io)"
34.76.224.74 - - [24/Dec/2023:04:29:31 +0100] "GET /fitted-sheet-color-p-38878.html HTTP/1.0" 200 84358 "-" "Mozilla/5.0 (compatible; VelenPublicWebCrawler/1.0; +https://velen.io)"
34.76.224.74 - - [24/Dec/2023:04:29:34 +0100] "GET /fitted-sheet-color-p-38884.html HTTP/1.0" 200 83724 "-" "Mozilla/5.0 (compatible; VelenPublicWebCrawler/1.0; +https://velen.io)"
34.76.224.74 - - [24/Dec/2023:04:29:38 +0100] "GET /fitted-sheet-color-light-grey-p-38877.html HTTP/1.0" 200 83756 "-" "Mozilla/5.0 (compatible; VelenPublicWebCrawler/1.0; +https://velen.io)"
54.36.148.96 - - [24/Dec/2023:04:29:39 +0100] "GET /-c-95_310.html HTTP/1.0" 200 80131 "-" "Mozilla/5.0 (compatible; AhrefsBot/7.0; +http://ahrefs.com/robot/)"
34.76.224.74 - - [24/Dec/2023:04:29:41 +0100] "GET /fitted-sheet-white-p-31981.html HTTP/1.0" 200 83550 "-" "Mozilla/5.0 (compatible; VelenPublicWebCrawler/1.0; +https://velen.io)"
34.76.224.74 - - [24/Dec/2023:04:29:45 +0100] "GET /grey-fitted-sheet-p-34828.html HTTP/1.0" 200 83632 "-" "Mozilla/5.0 (compatible; VelenPublicWebCrawler/1.0; +https://velen.io)"
85.208.96.199 - - [24/Dec/2023:04:29:46 +0100] "GET /-p-53505.html HTTP/1.0" 200 81263 "-" "Mozilla/5.0 (compatible; SemrushBot/7~bl; +http://www.semrush.com/bot.html)"
34.76.224.74 - - [24/Dec/2023:04:29:49 +0100] "GET /pink-fitted-sheet-p-39048.html HTTP/1.0" 200 84254 "-" "Mozilla/5.0 (compatible; VelenPublicWebCrawler/1.0; +https://velen.io)"
34.76.224.74 - - [24/Dec/2023:04:29:52 +0100] "GET /fitted-sheet-grey-p-27508.html HTTP/1.0" 200 83542 "-" "Mozilla/5.0 (compatible; VelenPublicWebCrawler/1.0; +https://velen.io)"
34.76.224.74 - - [24/Dec/2023:04:29:56 +0100] "GET /grey-fitted-sheet-p-34831.html HTTP/1.0" 200 83572 "-" "Mozilla/5.0 (compatible; VelenPublicWebCrawler/1.0; +https://velen.io)"
34.76.224.74 - - [24/Dec/2023:04:29:59 +0100] "GET /meditation-cushion-black-organic-cotton-p-47257.html HTTP/1.0" 200 85471 "-" "Mozilla/5.0 (compatible; VelenPublicWebCrawler/1.0; +https://velen.io)"
5.9.158.136 - - [24/Dec/2023:04:30:00 +0100] "GET /bell-wall-bell-c-13_270.html HTTP/1.0" 500 66377 "-" "Mozilla/5.0 (Macintosh; Intel Mac OS X 10_15_7) AppleWebKit/537.36 (KHTML, like Gecko) Chrome/104.0.0.0 Safari/537.36"
34.76.224.74 - - [24/Dec/2023:04:30:02 +0100] "GET /meditation-cushion-organic-cotton-p-51650.html HTTP/1.0" 200 85443 "-" "Mozilla/5.0 (compatible; VelenPublicWebCrawler/1.0; +https://velen.io)"
34.76.224.74 - - [24/Dec/2023:04:30:09 +0100] "GET /meditation-cushion-organic-cotton-p-52924.html HTTP/1.0" 200 85380 "-" "Mozilla/5.0 (compatible; VelenPublicWebCrawler/1.0; +https://velen.io)"
34.76.224.74 - - [24/Dec/2023:04:30:13 +0100] "GET /meditation-cushion-organic-cotton-p-57756.html HTTP/1.0" 200 85378 "-" "Mozilla/5.0 (compatible; VelenPublicWebCrawler/1.0; +https://velen.io)"
34.76.224.74 - - [24/Dec/2023:04:30:17 +0100] "GET /meditation-cushion-organic-cotton-p-58176.html HTTP/1.0" 200 85595 "-" "Mozilla/5.0 (compatible; VelenPublicWebCrawler/1.0; +https://velen.io)"
5.9.158.136 - - [24/Dec/2023:04:30:17 +0100] "GET /-c-95_338.html HTTP/1.0" 500 66243 "-" "Mozilla/5.0 (Macintosh; Intel Mac OS X 10_15_7) AppleWebKit/537.36 (KHTML, like Gecko) Chrome/104.0.0.0 Safari/537.36"
34.76.224.74 - - [24/Dec/2023:04:30:20 +0100] "GET /meditation-cushion-organic-cotton-p-60560.html HTTP/1.0" 200 85378 "-" "Mozilla/5.0 (compatible; VelenPublicWebCrawler/1.0; +https://velen.io)"
34.76.224.74 - - [24/Dec/2023:04:30:24 +0100] "GET /yoga-bolster-meditation-cushion-chakra-svadishtana-p-45366.html HTTP/1.0" 200 85882 "-" "Mozilla/5.0 (compatible; VelenPublicWebCrawler/1.0; +https://velen.io)"
40.77.167.67 - - [24/Dec/2023:04:30:28 +0100] "GET /clocks-c-13_67.html?page=10 HTTP/1.0" 200 98669 "-" "Mozilla/5.0 AppleWebKit/537.36 (KHTML, like Gecko; compatible; bingbot/2.0; +http://www.bing.com/bingbot.htm) Chrome/116.0.1938.76 Safari/537.36"
34.76.224.74 - - [24/Dec/2023:04:30:29 +0100] "GET /yoga-bolster-meditation-cushion-chakra-anahata-p-45368.html HTTP/1.0" 200 85822 "-" "Mozilla/5.0 (compatible; VelenPublicWebCrawler/1.0; +https://velen.io)"
34.76.224.74 - - [24/Dec/2023:04:30:32 +0100] "GET /yoga-bolster-meditation-cushion-chakra-manipura-p-45367.html HTTP/1.0" 200 85894 "-" "Mozilla/5.0 (compatible; VelenPublicWebCrawler/1.0; +https://velen.io)"
5.9.158.136 - - [24/Dec/2023:04:30:35 +0100] "GET /small-appliances-hifi-c-13_88.html HTTP/1.0" 500 66417 "-" "Mozilla/5.0 (Macintosh; Intel Mac OS X 10_15_7) AppleWebKit/537.36 (KHTML, like Gecko) Chrome/104.0.0.0 Safari/537.36"
34.76.224.74 - - [24/Dec/2023:04:30:36 +0100] "GET /meditation-cushion-organic-cotton-moon-phases-p-57152.html HTTP/1.0" 200 85743 "-" "Mozilla/5.0 (compatible; VelenPublicWebCrawler/1.0; +https://velen.io)"
34.76.224.74 - - [24/Dec/2023:04:30:40 +0100] "GET /meditation-cushion-chakra-vishudda-blue-p-45369.html HTTP/1.0" 200 85710 "-" "Mozilla/5.0 (compatible; VelenPublicWebCrawler/1.0; +https://velen.io)"
54.36.148.104 - - [24/Dec/2023:04:30:40 +0100] "GET /metal-cylindrical-p-52613.html HTTP/1.0" 200 83769 "-" "Mozilla/5.0 (compatible; AhrefsBot/7.0; +http://ahrefs.com/robot/)"
34.76.224.74 - - [24/Dec/2023:04:30:44 +0100] "GET /meditation-cushion-chakra-indigo-p-45370.html HTTP/1.0" 200 85723 "-" "Mozilla/5.0 (compatible; VelenPublicWebCrawler/1.0; +https://velen.io)"
34.76.224.74 - - [24/Dec/2023:04:30:48 +0100] "GET /mditation-lotus-black-p-46539.html HTTP/1.0" 200 85275 "-" "Mozilla/5.0 (compatible; VelenPublicWebCrawler/1.0; +https://velen.io)"
54.36.148.229 - - [24/Dec/2023:04:30:51 +0100] "GET /teo-jasmin-purse-p-34951.html HTTP/1.0" 301 83681 "-" "Mozilla/5.0 (compatible; AhrefsBot/7.0; +http://ahrefs.com/robot/)"
34.76.224.74 - - [24/Dec/2023:04:30:51 +0100] "GET /yoga-bolster-meditation-cushion-chakra-sahasrara-p-45371.html HTTP/1.0" 200 86151 "-" "Mozilla/5.0 (compatible; VelenPublicWebCrawler/1.0; +https://velen.io)"
5.9.158.136 - - [24/Dec/2023:04:30:52 +0100] "GET /yoga-c-11_269_268.html HTTP/1.0" 500 66423 "-" "Mozilla/5.0 (Macintosh; Intel Mac OS X 10_15_7) AppleWebKit/537.36 (KHTML, like Gecko) Chrome/104.0.0.0 Safari/537.36"
34.76.224.74 - - [24/Dec/2023:04:30:55 +0100] "GET /yoga-bolster-meditation-cushion-chakra-muladhara-p-45365.html HTTP/1.0" 200 85861 "-" "Mozilla/5.0 (compatible; VelenPublicWebCrawler/1.0; +https://velen.io)"
34.76.224.74 - - [24/Dec/2023:04:31:07 +0100] "GET /meditation-cushion-organic-cotton-flower-life-p-57154.html HTTP/1.0" 200 85787 "-" "Mozilla/5.0 (compatible; VelenPublicWebCrawler/1.0; +https://velen.io)"
5.9.158.136 - - [24/Dec/2023:04:31:09 +0100] "GET /tea-pot-c-12_175.html HTTP/1.0" 500 66297 "-" "Mozilla/5.0 (Macintosh; Intel Mac OS X 10_15_7) AppleWebKit/537.36 (KHTML, like Gecko) Chrome/104.0.0.0 Safari/537.36"
34.76.224.74 - - [24/Dec/2023:04:31:24 +0100] "GET /meditation-cushion-organic-cotton-goldcoloured-embroidered-p-57153.html HTTP/1.0" 200 85953 "-" "Mozilla/5.0 (compatible; VelenPublicWebCrawler/1.0; +https://velen.io)"
5.9.158.136 - - [24/Dec/2023:04:31:25 +0100] "GET /-c-95_400.html HTTP/1.0" 500 66243 "-" "Mozilla/5.0 (Macintosh; Intel Mac OS X 10_15_7) AppleWebKit/537.36 (KHTML, like Gecko) Chrome/104.0.0.0 Safari/537.36"
17.241.219.44 - - [24/Dec/2023:04:31:27 +0100] "GET /masai-ceramic-vase-p-47115.html HTTP/1.0" 301 81330 "-" "Mozilla/5.0 (Macintosh; Intel Mac OS X 10_15_5) AppleWebKit/605.1.15 (KHTML, like Gecko) Version/13.1.1 Safari/605.1.15 (Applebot/0.1; +http://www.apple.com/go/applebot)"
34.76.224.74 - - [24/Dec/2023:04:31:27 +0100] "GET /kitchen-potholder-barbecue-plancha-p-61253.html HTTP/1.0" 200 84562 "-" "Mozilla/5.0 (compatible; VelenPublicWebCrawler/1.0; +https://velen.io)"
17.241.219.44 - - [24/Dec/2023:04:31:29 +0100] "GET /-p-47115.html HTTP/1.0" 200 81263 "-" "Mozilla/5.0 (Macintosh; Intel Mac OS X 10_15_5) AppleWebKit/605.1.15 (KHTML, like Gecko) Version/13.1.1 Safari/605.1.15 (Applebot/0.1; +http://www.apple.com/go/applebot)"
34.76.224.74 - - [24/Dec/2023:04:31:31 +0100] "GET /springy-potholder-p-54731.html HTTP/1.0" 200 83610 "-" "Mozilla/5.0 (compatible; VelenPublicWebCrawler/1.0; +https://velen.io)"
34.76.224.74 - - [24/Dec/2023:04:31:35 +0100] "GET /harold-oven-mitt-p-43817.html HTTP/1.0" 200 83576 "-" "Mozilla/5.0 (compatible; VelenPublicWebCrawler/1.0; +https://velen.io)"
34.76.224.74 - - [24/Dec/2023:04:31:38 +0100] "GET /kitchen-potholder-barbecue-plancha-p-61254.html HTTP/1.0" 200 84559 "-" "Mozilla/5.0 (compatible; VelenPublicWebCrawler/1.0; +https://velen.io)"
54.36.148.157 - - [24/Dec/2023:04:31:40 +0100] "GET /decorative-carpets-c-11_269_167.html?page=3 HTTP/1.0" 200 101158 "-" "Mozilla/5.0 (compatible; AhrefsBot/7.0; +http://ahrefs.com/robot/)"
5.9.158.136 - - [24/Dec/2023:04:31:41 +0100] "GET /chairs-stools-c-13_207.html HTTP/1.0" 500 66371 "-" "Mozilla/5.0 (Macintosh; Intel Mac OS X 10_15_7) AppleWebKit/537.36 (KHTML, like Gecko) Chrome/104.0.0.0 Safari/537.36"
34.76.224.74 - - [24/Dec/2023:04:31:42 +0100] "GET /kitchen-potholder-cats-p-61250.html HTTP/1.0" 200 84414 "-" "Mozilla/5.0 (compatible; VelenPublicWebCrawler/1.0; +https://velen.io)"
34.76.224.74 - - [24/Dec/2023:04:31:46 +0100] "GET /kitchen-potholder-chickens-p-61248.html HTTP/1.0" 200 84462 "-" "Mozilla/5.0 (compatible; VelenPublicWebCrawler/1.0; +https://velen.io)"
34.76.224.74 - - [24/Dec/2023:04:31:50 +0100] "GET /kitchen-potholder-chickens-p-61249.html HTTP/1.0" 200 84462 "-" "Mozilla/5.0 (compatible; VelenPublicWebCrawler/1.0; +https://velen.io)"
34.76.224.74 - - [24/Dec/2023:04:31:54 +0100] "GET /kitchen-potholder-destination-p-61252.html HTTP/1.0" 200 84568 "-" "Mozilla/5.0 (compatible; VelenPublicWebCrawler/1.0; +https://velen.io)"
5.9.158.136 - - [24/Dec/2023:04:31:57 +0100] "GET /flasks-c-12_245.html HTTP/1.0" 500 66291 "-" "Mozilla/5.0 (Macintosh; Intel Mac OS X 10_15_7) AppleWebKit/537.36 (KHTML, like Gecko) Chrome/104.0.0.0 Safari/537.36"
34.76.224.74 - - [24/Dec/2023:04:31:59 +0100] "GET /potholder-glove-p-54121.html HTTP/1.0" 200 83635 "-" "Mozilla/5.0 (compatible; VelenPublicWebCrawler/1.0; +https://velen.io)"
34.76.224.74 - - [24/Dec/2023:04:32:03 +0100] "GET /potholder-glove-p-54123.html HTTP/1.0" 200 83635 "-" "Mozilla/5.0 (compatible; VelenPublicWebCrawler/1.0; +https://velen.io)"
34.76.224.74 - - [24/Dec/2023:04:32:07 +0100] "GET /lavender-kitchen-potholder-p-61251.html HTTP/1.0" 200 84462 "-" "Mozilla/5.0 (compatible; VelenPublicWebCrawler/1.0; +https://velen.io)"
34.76.224.74 - - [24/Dec/2023:04:32:13 +0100] "GET /potholder-glove-p-54124.html HTTP/1.0" 200 83635 "-" "Mozilla/5.0 (compatible; VelenPublicWebCrawler/1.0; +https://velen.io)"
5.9.158.136 - - [24/Dec/2023:04:32:14 +0100] "GET /-c-95_324.html HTTP/1.0" 500 66243 "-" "Mozilla/5.0 (Macintosh; Intel Mac OS X 10_15_7) AppleWebKit/537.36 (KHTML, like Gecko) Chrome/104.0.0.0 Safari/537.36"
34.76.224.74 - - [24/Dec/2023:04:32:18 +0100] "GET /potholder-glove-p-54126.html HTTP/1.0" 200 83635 "-" "Mozilla/5.0 (compatible; VelenPublicWebCrawler/1.0; +https://velen.io)"
34.76.224.74 - - [24/Dec/2023:04:32:23 +0100] "GET /potholder-glove-p-54130.html HTTP/1.0" 200 83635 "-" "Mozilla/5.0 (compatible; VelenPublicWebCrawler/1.0; +https://velen.io)"
34.76.224.74 - - [24/Dec/2023:04:32:28 +0100] "GET /potholder-glove-p-54131.html HTTP/1.0" 200 83635 "-" "Mozilla/5.0 (compatible; VelenPublicWebCrawler/1.0; +https://velen.io)"
5.9.158.136 - - [24/Dec/2023:04:32:29 +0100] "GET / HTTP/1.0" 500 66102 "-" "Mozilla/5.0 (Macintosh; Intel Mac OS X 10_15_7) AppleWebKit/537.36 (KHTML, like Gecko) Chrome/104.0.0.0 Safari/537.36"
34.76.224.74 - - [24/Dec/2023:04:32:31 +0100] "GET /potholder-glove-p-54132.html HTTP/1.0" 200 83635 "-" "Mozilla/5.0 (compatible; VelenPublicWebCrawler/1.0; +https://velen.io)"
34.76.224.74 - - [24/Dec/2023:04:32:36 +0100] "GET /valdrome-kalian-napkin-made-france-p-43970.html HTTP/1.0" 200 84428 "-" "Mozilla/5.0 (compatible; VelenPublicWebCrawler/1.0; +https://velen.io)"
54.36.148.215 - - [24/Dec/2023:04:32:36 +0100] "GET /little-miss-sunshine-hobo-p-5338.html HTTP/1.0" 200 83917 "-" "Mozilla/5.0 (compatible; AhrefsBot/7.0; +http://ahrefs.com/robot/)"
51.68.224.127 - - [24/Dec/2023:04:32:38 +0100] "GET /adminweb/export_orders_xml.php?token=256de2z6edz6ed2z6DFSFsed2zed6zeDSFDSGdzedezfzf&maxorders=10&orderstart=1&status=14&start_date=2018-10-01 HTTP/1.0" 200 285 "-" "GesCom CharlotteBoutik Serveur"
51.68.224.127 - - [24/Dec/2023:04:32:38 +0100] "GET /adminweb/export_orders_xml.php?token=256de2z6edz6ed2z6DFSFsed2zed6zeDSFDSGdzedezfzf&maxorders=10&orderstart=1&status=6&start_date=2018-10-01 HTTP/1.0" 200 34422 "-" "GesCom CharlotteBoutik Serveur"
34.76.224.74 - - [24/Dec/2023:04:32:40 +0100] "GET /hero-polar-plaid-p-33186.html HTTP/1.0" 200 83784 "-" "Mozilla/5.0 (compatible; VelenPublicWebCrawler/1.0; +https://velen.io)"
34.76.224.74 - - [24/Dec/2023:04:32:44 +0100] "GET /kimmi-junior-polar-plaid-p-13087.html HTTP/1.0" 200 83788 "-" "Mozilla/5.0 (compatible; VelenPublicWebCrawler/1.0; +https://velen.io)"
34.76.224.74 - - [24/Dec/2023:04:32:49 +0100] "GET /pets-polar-blanket-p-8422.html HTTP/1.0" 200 83777 "-" "Mozilla/5.0 (compatible; VelenPublicWebCrawler/1.0; +https://velen.io)"
34.76.224.74 - - [24/Dec/2023:04:32:54 +0100] "GET /superman-polar-blanket-p-31998.html HTTP/1.0" 200 83813 "-" "Mozilla/5.0 (compatible; VelenPublicWebCrawler/1.0; +https://velen.io)"
34.76.224.74 - - [24/Dec/2023:04:32:58 +0100] "GET /lego-star-wars-polar-blanket-p-49677.html HTTP/1.0" 200 84316 "-" "Mozilla/5.0 (compatible; VelenPublicWebCrawler/1.0; +https://velen.io)"
34.76.224.74 - - [24/Dec/2023:04:33:03 +0100] "GET /boho-buffalo-head-plaid-p-42909.html HTTP/1.0" 200 84349 "-" "Mozilla/5.0 (compatible; VelenPublicWebCrawler/1.0; +https://velen.io)"
34.76.224.74 - - [24/Dec/2023:04:33:07 +0100] "GET /freegun-polar-plaid-p-29089.html HTTP/1.0" 200 83757 "-" "Mozilla/5.0 (compatible; VelenPublicWebCrawler/1.0; +https://velen.io)"
34.76.224.74 - - [24/Dec/2023:04:33:12 +0100] "GET /plaid-sofa-throw-portofino-with-fringes-p-47922.html HTTP/1.0" 200 84534 "-" "Mozilla/5.0 (compatible; VelenPublicWebCrawler/1.0; +https://velen.io)"
34.76.224.74 - - [24/Dec/2023:04:33:16 +0100] "GET /children-poncho-blanket-p-59743.html HTTP/1.0" 200 85039 "-" "Mozilla/5.0 (compatible; VelenPublicWebCrawler/1.0; +https://velen.io)"
34.76.224.74 - - [24/Dec/2023:04:33:22 +0100] "GET /blue-blanket-p-61052.html HTTP/1.0" 200 84461 "-" "Mozilla/5.0 (compatible; VelenPublicWebCrawler/1.0; +https://velen.io)"
34.76.224.74 - - [24/Dec/2023:04:33:28 +0100] "GET /polar-blanket-p-58798.html HTTP/1.0" 200 84449 "-" "Mozilla/5.0 (compatible; VelenPublicWebCrawler/1.0; +https://velen.io)"
54.36.148.122 - - [24/Dec/2023:04:33:32 +0100] "GET /pharaoh-desktop-clock-p-50614.html HTTP/1.0" 200 84545 "-" "Mozilla/5.0 (compatible; AhrefsBot/7.0; +http://ahrefs.com/robot/)"
34.76.224.74 - - [24/Dec/2023:04:33:33 +0100] "GET /camel-color-blanket-p-61051.html HTTP/1.0" 200 84505 "-" "Mozilla/5.0 (compatible; VelenPublicWebCrawler/1.0; +https://velen.io)"
34.76.224.74 - - [24/Dec/2023:04:33:37 +0100] "GET /anthracite-blanket-p-61050.html HTTP/1.0" 200 84493 "-" "Mozilla/5.0 (compatible; VelenPublicWebCrawler/1.0; +https://velen.io)"
34.76.224.74 - - [24/Dec/2023:04:33:45 +0100] "GET /polar-blanket-dark-grey-p-56972.html HTTP/1.0" 200 84569 "-" "Mozilla/5.0 (compatible; VelenPublicWebCrawler/1.0; +https://velen.io)"
34.76.224.74 - - [24/Dec/2023:04:33:49 +0100] "GET /polar-blanket-grey-p-46348.html HTTP/1.0" 200 84494 "-" "Mozilla/5.0 (compatible; VelenPublicWebCrawler/1.0; +https://velen.io)"
34.76.224.74 - - [24/Dec/2023:04:33:53 +0100] "GET /polar-blanket-p-56973.html HTTP/1.0" 200 84280 "-" "Mozilla/5.0 (compatible; VelenPublicWebCrawler/1.0; +https://velen.io)"
34.76.224.74 - - [24/Dec/2023:04:33:59 +0100] "GET /polar-blanket-p-58799.html HTTP/1.0" 200 84449 "-" "Mozilla/5.0 (compatible; VelenPublicWebCrawler/1.0; +https://velen.io)"
34.76.224.74 - - [24/Dec/2023:04:34:03 +0100] "GET /polar-blanket-p-58800.html HTTP/1.0" 200 84248 "-" "Mozilla/5.0 (compatible; VelenPublicWebCrawler/1.0; +https://velen.io)"
34.76.224.74 - - [24/Dec/2023:04:34:07 +0100] "GET /very-soft-hooded-blanket-p-59628.html HTTP/1.0" 200 85048 "-" "Mozilla/5.0 (compatible; VelenPublicWebCrawler/1.0; +https://velen.io)"
34.76.224.74 - - [24/Dec/2023:04:34:11 +0100] "GET /very-soft-hooded-blanket-p-59630.html HTTP/1.0" 200 85048 "-" "Mozilla/5.0 (compatible; VelenPublicWebCrawler/1.0; +https://velen.io)"
34.76.224.74 - - [24/Dec/2023:04:34:15 +0100] "GET /cushion-upholstery-cover-p-50031.html HTTP/1.0" 200 83835 "-" "Mozilla/5.0 (compatible; VelenPublicWebCrawler/1.0; +https://velen.io)"
34.76.224.74 - - [24/Dec/2023:04:34:19 +0100] "GET /cushion-upholstery-cover-p-56065.html HTTP/1.0" 200 83898 "-" "Mozilla/5.0 (compatible; VelenPublicWebCrawler/1.0; +https://velen.io)"
34.76.224.74 - - [24/Dec/2023:04:34:22 +0100] "GET /cushion-upholstery-cover-p-56066.html HTTP/1.0" 200 83897 "-" "Mozilla/5.0 (compatible; VelenPublicWebCrawler/1.0; +https://velen.io)"
34.76.224.74 - - [24/Dec/2023:04:34:26 +0100] "GET /cushion-upholstery-cover-p-56067.html HTTP/1.0" 200 84529 "-" "Mozilla/5.0 (compatible; VelenPublicWebCrawler/1.0; +https://velen.io)"
54.36.148.139 - - [24/Dec/2023:04:34:27 +0100] "GET /black-kitchen-towel-p-44415.html HTTP/1.0" 200 83623 "-" "Mozilla/5.0 (compatible; AhrefsBot/7.0; +http://ahrefs.com/robot/)"
34.76.224.74 - - [24/Dec/2023:04:34:30 +0100] "GET /cushion-upholstery-cover-p-56958.html HTTP/1.0" 200 83922 "-" "Mozilla/5.0 (compatible; VelenPublicWebCrawler/1.0; +https://velen.io)"
34.76.224.74 - - [24/Dec/2023:04:34:33 +0100] "GET /cushion-upholstery-cover-p-56959.html HTTP/1.0" 200 83917 "-" "Mozilla/5.0 (compatible; VelenPublicWebCrawler/1.0; +https://velen.io)"
34.76.224.74 - - [24/Dec/2023:04:34:37 +0100] "GET /cushion-upholstery-cover-p-58290.html HTTP/1.0" 200 83898 "-" "Mozilla/5.0 (compatible; VelenPublicWebCrawler/1.0; +https://velen.io)"
66.249.69.199 - - [24/Dec/2023:04:34:42 +0100] "GET /images/med_prod/5055071700736.jpg HTTP/1.0" 200 268 "-" "Googlebot-Image/1.0"
34.76.224.74 - - [24/Dec/2023:04:34:41 +0100] "GET /cushion-upholstery-cover-p-59787.html HTTP/1.0" 200 84530 "-" "Mozilla/5.0 (compatible; VelenPublicWebCrawler/1.0; +https://velen.io)"
34.76.224.74 - - [24/Dec/2023:04:34:45 +0100] "GET /microfiber-bolster-p-35012.html HTTP/1.0" 200 83750 "-" "Mozilla/5.0 (compatible; VelenPublicWebCrawler/1.0; +https://velen.io)"
34.76.224.74 - - [24/Dec/2023:04:34:48 +0100] "GET /protective-fleece-pillow-cover-p-39150.html HTTP/1.0" 200 84659 "-" "Mozilla/5.0 (compatible; VelenPublicWebCrawler/1.0; +https://velen.io)"
34.76.224.74 - - [24/Dec/2023:04:34:52 +0100] "GET /protective-fleece-pillow-cover-p-39151.html HTTP/1.0" 200 84428 "-" "Mozilla/5.0 (compatible; VelenPublicWebCrawler/1.0; +https://velen.io)"
34.76.224.74 - - [24/Dec/2023:04:34:55 +0100] "GET /protective-cover-cotton-fleece-p-39152.html HTTP/1.0" 200 84469 "-" "Mozilla/5.0 (compatible; VelenPublicWebCrawler/1.0; +https://velen.io)"
34.76.224.74 - - [24/Dec/2023:04:35:00 +0100] "GET /protective-cover-cotton-fleece-p-53954.html HTTP/1.0" 200 83817 "-" "Mozilla/5.0 (compatible; VelenPublicWebCrawler/1.0; +https://velen.io)"
34.76.224.74 - - [24/Dec/2023:04:35:03 +0100] "GET /protective-bamboo-pillow-cover-p-43574.html HTTP/1.0" 200 83813 "-" "Mozilla/5.0 (compatible; VelenPublicWebCrawler/1.0; +https://velen.io)"
34.76.224.74 - - [24/Dec/2023:04:35:08 +0100] "GET /protective-cover-cotton-fleece-p-53660.html HTTP/1.0" 200 83823 "-" "Mozilla/5.0 (compatible; VelenPublicWebCrawler/1.0; +https://velen.io)"
34.76.224.74 - - [24/Dec/2023:04:35:11 +0100] "GET /pillow-case-dark-grey-p-41417.html HTTP/1.0" 200 83858 "-" "Mozilla/5.0 (compatible; VelenPublicWebCrawler/1.0; +https://velen.io)"
34.76.224.74 - - [24/Dec/2023:04:35:15 +0100] "GET /pillow-case-grey-color-p-39688.html HTTP/1.0" 200 83880 "-" "Mozilla/5.0 (compatible; VelenPublicWebCrawler/1.0; +https://velen.io)"
34.76.224.74 - - [24/Dec/2023:04:35:19 +0100] "GET /pillow-case-pink-light-p-33864.html HTTP/1.0" 200 83875 "-" "Mozilla/5.0 (compatible; VelenPublicWebCrawler/1.0; +https://velen.io)"
54.36.148.226 - - [24/Dec/2023:04:35:19 +0100] "GET /clock-greatest-happiness-p-47341.html HTTP/1.0" 200 84354 "-" "Mozilla/5.0 (compatible; AhrefsBot/7.0; +http://ahrefs.com/robot/)"
34.76.224.74 - - [24/Dec/2023:04:35:23 +0100] "GET /pillow-case-p-33865.html HTTP/1.0" 200 83811 "-" "Mozilla/5.0 (compatible; VelenPublicWebCrawler/1.0; +https://velen.io)"
34.76.224.74 - - [24/Dec/2023:04:35:27 +0100] "GET /pillowcase-color-lila-powder-p-46740.html HTTP/1.0" 200 84396 "-" "Mozilla/5.0 (compatible; VelenPublicWebCrawler/1.0; +https://velen.io)"
34.76.224.74 - - [24/Dec/2023:04:35:31 +0100] "GET /pillowcase-white-p-46741.html HTTP/1.0" 200 84270 "-" "Mozilla/5.0 (compatible; VelenPublicWebCrawler/1.0; +https://velen.io)"
34.76.224.74 - - [24/Dec/2023:04:35:34 +0100] "GET /eden-pillowcase-rose-p-60008.html HTTP/1.0" 200 85030 "-" "Mozilla/5.0 (compatible; VelenPublicWebCrawler/1.0; +https://velen.io)"
34.76.224.74 - - [24/Dec/2023:04:35:38 +0100] "GET /pillow-case-black-p-34836.html HTTP/1.0" 200 84456 "-" "Mozilla/5.0 (compatible; VelenPublicWebCrawler/1.0; +https://velen.io)"
34.76.224.74 - - [24/Dec/2023:04:35:42 +0100] "GET /pillow-case-blue-jean-p-36885.html HTTP/1.0" 200 84494 "-" "Mozilla/5.0 (compatible; VelenPublicWebCrawler/1.0; +https://velen.io)"
34.76.224.74 - - [24/Dec/2023:04:35:45 +0100] "GET /pillow-case-green-blue-p-43619.html HTTP/1.0" 200 84464 "-" "Mozilla/5.0 (compatible; VelenPublicWebCrawler/1.0; +https://velen.io)"
34.76.224.74 - - [24/Dec/2023:04:35:51 +0100] "GET /pillow-case-mustard-yellow-p-51990.html HTTP/1.0" 200 84543 "-" "Mozilla/5.0 (compatible; VelenPublicWebCrawler/1.0; +https://velen.io)"
34.76.224.74 - - [24/Dec/2023:04:35:54 +0100] "GET /pillow-case-grey-p-34834.html HTTP/1.0" 200 83832 "-" "Mozilla/5.0 (compatible; VelenPublicWebCrawler/1.0; +https://velen.io)"
34.76.224.74 - - [24/Dec/2023:04:35:57 +0100] "GET /pillow-case-p-39127.html HTTP/1.0" 200 83816 "-" "Mozilla/5.0 (compatible; VelenPublicWebCrawler/1.0; +https://velen.io)"
34.76.224.74 - - [24/Dec/2023:04:36:01 +0100] "GET /pillow-case-taupe-gray-p-59883.html HTTP/1.0" 200 84593 "-" "Mozilla/5.0 (compatible; VelenPublicWebCrawler/1.0; +https://velen.io)"
34.76.224.74 - - [24/Dec/2023:04:36:05 +0100] "GET /pillow-case-organic-cotton-blue-p-58622.html HTTP/1.0" 200 85031 "-" "Mozilla/5.0 (compatible; VelenPublicWebCrawler/1.0; +https://velen.io)"
34.76.224.74 - - [24/Dec/2023:04:36:08 +0100] "GET /pillow-case-color-p-39685.html HTTP/1.0" 200 84485 "-" "Mozilla/5.0 (compatible; VelenPublicWebCrawler/1.0; +https://velen.io)"
34.76.224.74 - - [24/Dec/2023:04:36:12 +0100] "GET /pillow-case-white-p-39126.html HTTP/1.0" 200 84453 "-" "Mozilla/5.0 (compatible; VelenPublicWebCrawler/1.0; +https://velen.io)"
54.36.148.200 - - [24/Dec/2023:04:36:14 +0100] "GET /ladybug-metal-glass-decoration-p-42809.html HTTP/1.0" 200 83807 "-" "Mozilla/5.0 (compatible; AhrefsBot/7.0; +http://ahrefs.com/robot/)"
34.76.224.74 - - [24/Dec/2023:04:36:16 +0100] "GET /pillow-case-organic-cotton-curry-p-58618.html HTTP/1.0" 200 85039 "-" "Mozilla/5.0 (compatible; VelenPublicWebCrawler/1.0; +https://velen.io)"
34.76.224.74 - - [24/Dec/2023:04:36:20 +0100] "GET /pillow-case-organic-cotton-eucalyptus-p-58621.html HTTP/1.0" 200 85085 "-" "Mozilla/5.0 (compatible; VelenPublicWebCrawler/1.0; +https://velen.io)"
192.44.68.136 - - [24/Dec/2023:04:36:23 +0100] "GET /images/mini_prod/3700276874486.jpg HTTP/1.0" 200 269 "-" "Mozilla/5.0 (X11; Ubuntu; Linux x86_64; rv:72.0) Gecko/20100101 Firefox/72.0"
34.76.224.74 - - [24/Dec/2023:04:36:23 +0100] "GET /pillow-case-organic-cotton-grey-p-58616.html HTTP/1.0" 200 84794 "-" "Mozilla/5.0 (compatible; VelenPublicWebCrawler/1.0; +https://velen.io)"
34.76.224.74 - - [24/Dec/2023:04:36:27 +0100] "GET /microfibre-base-cover-black-p-47980.html HTTP/1.0" 200 83787 "-" "Mozilla/5.0 (compatible; VelenPublicWebCrawler/1.0; +https://velen.io)"
34.76.224.74 - - [24/Dec/2023:04:36:30 +0100] "GET /microfibre-base-cover-light-brown-p-47981.html HTTP/1.0" 200 83817 "-" "Mozilla/5.0 (compatible; VelenPublicWebCrawler/1.0; +https://velen.io)"
34.76.224.74 - - [24/Dec/2023:04:36:34 +0100] "GET /poncho-towel-p-5729.html HTTP/1.0" 200 83708 "-" "Mozilla/5.0 (compatible; VelenPublicWebCrawler/1.0; +https://velen.io)"
34.76.224.74 - - [24/Dec/2023:04:36:37 +0100] "GET /strawberry-shortcake-bathrobe-size-years-p-12632.html HTTP/1.0" 200 83937 "-" "Mozilla/5.0 (compatible; VelenPublicWebCrawler/1.0; +https://velen.io)"
34.76.224.74 - - [24/Dec/2023:04:36:41 +0100] "GET /vent-bathrobe-size-p-45898.html HTTP/1.0" 200 83679 "-" "Mozilla/5.0 (compatible; VelenPublicWebCrawler/1.0; +https://velen.io)"
34.76.224.74 - - [24/Dec/2023:04:36:44 +0100] "GET /vent-bathrobe-size-p-45899.html HTTP/1.0" 200 83668 "-" "Mozilla/5.0 (compatible; VelenPublicWebCrawler/1.0; +https://velen.io)"
34.76.224.74 - - [24/Dec/2023:04:36:48 +0100] "GET /vent-bathrobe-size-p-45901.html HTTP/1.0" 200 83662 "-" "Mozilla/5.0 (compatible; VelenPublicWebCrawler/1.0; +https://velen.io)"
34.76.224.74 - - [24/Dec/2023:04:36:51 +0100] "GET /vent-bathrobe-size-p-45904.html HTTP/1.0" 200 83668 "-" "Mozilla/5.0 (compatible; VelenPublicWebCrawler/1.0; +https://velen.io)"
34.76.224.74 - - [24/Dec/2023:04:36:55 +0100] "GET /rectangular-indoor-carpet-p-43512.html HTTP/1.0" 200 84863 "-" "Mozilla/5.0 (compatible; VelenPublicWebCrawler/1.0; +https://velen.io)"
34.76.224.74 - - [24/Dec/2023:04:36:59 +0100] "GET /doormat-arabic-panama-p-50709.html HTTP/1.0" 200 84766 "-" "Mozilla/5.0 (compatible; VelenPublicWebCrawler/1.0; +https://velen.io)"
34.76.224.74 - - [24/Dec/2023:04:37:03 +0100] "GET /coconut-fibers-doormat-albor-p-54565.html HTTP/1.0" 200 84575 "-" "Mozilla/5.0 (compatible; VelenPublicWebCrawler/1.0; +https://velen.io)"
34.76.224.74 - - [24/Dec/2023:04:37:07 +0100] "GET /coconut-fibers-doormat-flowers-panama-p-56274.html HTTP/1.0" 200 84907 "-" "Mozilla/5.0 (compatible; VelenPublicWebCrawler/1.0; +https://velen.io)"
54.36.149.94 - - [24/Dec/2023:04:37:11 +0100] "GET /sausage-apro-recrute-p-58142.html HTTP/1.0" 200 84245 "-" "Mozilla/5.0 (compatible; AhrefsBot/7.0; +http://ahrefs.com/robot/)"
34.76.224.74 - - [24/Dec/2023:04:37:11 +0100] "GET /coconut-fibers-doormat-panama-p-56273.html HTTP/1.0" 200 84811 "-" "Mozilla/5.0 (compatible; VelenPublicWebCrawler/1.0; +https://velen.io)"
34.76.224.74 - - [24/Dec/2023:04:37:14 +0100] "GET /coconut-fibers-doormat-orla-p-56985.html HTTP/1.0" 200 84565 "-" "Mozilla/5.0 (compatible; VelenPublicWebCrawler/1.0; +https://velen.io)"
34.76.224.74 - - [24/Dec/2023:04:37:19 +0100] "GET /coconut-fibers-doormat-dogs-panama-p-56987.html HTTP/1.0" 200 84872 "-" "Mozilla/5.0 (compatible; VelenPublicWebCrawler/1.0; +https://velen.io)"
34.76.224.74 - - [24/Dec/2023:04:37:22 +0100] "GET /coconut-fibers-doormat-welcome-p-56986.html HTTP/1.0" 200 84824 "-" "Mozilla/5.0 (compatible; VelenPublicWebCrawler/1.0; +https://velen.io)"
34.76.224.74 - - [24/Dec/2023:04:37:26 +0100] "GET /bohochic-sheet-p-53474.html HTTP/1.0" 200 84562 "-" "Mozilla/5.0 (compatible; VelenPublicWebCrawler/1.0; +https://velen.io)"
34.76.224.74 - - [24/Dec/2023:04:37:30 +0100] "GET /ground-sheet-p-59895.html HTTP/1.0" 200 84596 "-" "Mozilla/5.0 (compatible; VelenPublicWebCrawler/1.0; +https://velen.io)"
34.76.224.74 - - [24/Dec/2023:04:37:33 +0100] "GET /panda-ground-sheet-p-45411.html HTTP/1.0" 200 84773 "-" "Mozilla/5.0 (compatible; VelenPublicWebCrawler/1.0; +https://velen.io)"
34.76.224.74 - - [24/Dec/2023:04:37:37 +0100] "GET /rectangular-indoor-carpet-p-53794.html HTTP/1.0" 200 84863 "-" "Mozilla/5.0 (compatible; VelenPublicWebCrawler/1.0; +https://velen.io)"
34.76.224.74 - - [24/Dec/2023:04:37:40 +0100] "GET /rectangular-indoor-carpet-p-53798.html HTTP/1.0" 200 84642 "-" "Mozilla/5.0 (compatible; VelenPublicWebCrawler/1.0; +https://velen.io)"
34.76.224.74 - - [24/Dec/2023:04:37:44 +0100] "GET /doormat-bonjour-p-61432.html HTTP/1.0" 200 84644 "-" "Mozilla/5.0 (compatible; VelenPublicWebCrawler/1.0; +https://velen.io)"
34.76.224.74 - - [24/Dec/2023:04:37:48 +0100] "GET /coconut-fibers-doormat-leaves-p-59861.html HTTP/1.0" 200 84553 "-" "Mozilla/5.0 (compatible; VelenPublicWebCrawler/1.0; +https://velen.io)"
34.76.224.74 - - [24/Dec/2023:04:37:51 +0100] "GET /cactus-ground-sheet-p-52166.html HTTP/1.0" 200 84640 "-" "Mozilla/5.0 (compatible; VelenPublicWebCrawler/1.0; +https://velen.io)"
34.76.224.74 - - [24/Dec/2023:04:37:55 +0100] "GET /handcraft-sheet-p-51599.html HTTP/1.0" 200 84574 "-" "Mozilla/5.0 (compatible; VelenPublicWebCrawler/1.0; +https://velen.io)"
34.76.224.74 - - [24/Dec/2023:04:37:59 +0100] "GET /stones-ground-sheet-p-52153.html HTTP/1.0" 200 84640 "-" "Mozilla/5.0 (compatible; VelenPublicWebCrawler/1.0; +https://velen.io)"
34.76.224.74 - - [24/Dec/2023:04:38:02 +0100] "GET /caribea-sheet-p-51590.html HTTP/1.0" 200 84550 "-" "Mozilla/5.0 (compatible; VelenPublicWebCrawler/1.0; +https://velen.io)"
54.36.148.42 - - [24/Dec/2023:04:38:04 +0100] "GET /decorative-carpets-c-11_269_167.html?page=2 HTTP/1.0" 200 101285 "-" "Mozilla/5.0 (compatible; AhrefsBot/7.0; +http://ahrefs.com/robot/)"
34.76.224.74 - - [24/Dec/2023:04:38:06 +0100] "GET /coconut-fibers-doormat-pink-home-p-56982.html HTTP/1.0" 200 84597 "-" "Mozilla/5.0 (compatible; VelenPublicWebCrawler/1.0; +https://velen.io)"
34.76.224.74 - - [24/Dec/2023:04:38:10 +0100] "GET /bumblebees-meadow-cotton-table-runner-p-60921.html HTTP/1.0" 200 83853 "-" "Mozilla/5.0 (compatible; VelenPublicWebCrawler/1.0; +https://velen.io)"
34.76.224.74 - - [24/Dec/2023:04:38:14 +0100] "GET /butterfly-cotton-table-runner-p-60925.html HTTP/1.0" 200 83747 "-" "Mozilla/5.0 (compatible; VelenPublicWebCrawler/1.0; +https://velen.io)"
34.76.224.74 - - [24/Dec/2023:04:38:17 +0100] "GET /eucalyptus-cotton-table-runner-p-59819.html HTTP/1.0" 200 84625 "-" "Mozilla/5.0 (compatible; VelenPublicWebCrawler/1.0; +https://velen.io)"
34.76.224.74 - - [24/Dec/2023:04:38:21 +0100] "GET /jacquard-anti-stain-tablecloth-charcoal-grey-p-34054.html HTTP/1.0" 200 83899 "-" "Mozilla/5.0 (compatible; VelenPublicWebCrawler/1.0; +https://velen.io)"
65.109.79.134 - - [24/Dec/2023:04:38:22 +0100] "GET /baskets-c-13_289.html HTTP/1.0" 500 66319 "-" "Mozilla/5.0 (Macintosh; Intel Mac OS X 10_15_7) AppleWebKit/537.36 (KHTML, like Gecko) Chrome/104.0.0.0 Safari/537.36"
34.76.224.74 - - [24/Dec/2023:04:38:25 +0100] "GET /josephine-roses-cotton-table-runner-p-60923.html HTTP/1.0" 200 84442 "-" "Mozilla/5.0 (compatible; VelenPublicWebCrawler/1.0; +https://velen.io)"
34.76.224.74 - - [24/Dec/2023:04:38:28 +0100] "GET /transparent-rectangular-plastic-tablecloth-p-52777.html HTTP/1.0" 200 83856 "-" "Mozilla/5.0 (compatible; VelenPublicWebCrawler/1.0; +https://velen.io)"
34.76.224.74 - - [24/Dec/2023:04:38:32 +0100] "GET /laitiere-tablecloth-p-28546.html HTTP/1.0" 200 83612 "-" "Mozilla/5.0 (compatible; VelenPublicWebCrawler/1.0; +https://velen.io)"
34.76.224.74 - - [24/Dec/2023:04:38:36 +0100] "GET /lunaria-green-cotton-table-runner-p-59821.html HTTP/1.0" 200 84663 "-" "Mozilla/5.0 (compatible; VelenPublicWebCrawler/1.0; +https://velen.io)"
65.109.79.134 - - [24/Dec/2023:04:38:38 +0100] "GET /ottomans-storage-ottomans-c-13_209.html HTTP/1.0" 500 66443 "-" "Mozilla/5.0 (Macintosh; Intel Mac OS X 10_15_7) AppleWebKit/537.36 (KHTML, like Gecko) Chrome/104.0.0.0 Safari/537.36"
34.76.224.74 - - [24/Dec/2023:04:38:39 +0100] "GET /oriental-cotton-table-runner-p-60386.html HTTP/1.0" 200 84362 "-" "Mozilla/5.0 (compatible; VelenPublicWebCrawler/1.0; +https://velen.io)"
216.244.66.242 - - [24/Dec/2023:04:38:42 +0100] "GET /beer-please-poster-p-40781.html HTTP/1.0" 301 81330 "-" "Mozilla/5.0 (compatible; DotBot/1.2; +https://opensiteexplorer.org/dotbot; help@moz.com)"
34.76.224.74 - - [24/Dec/2023:04:38:43 +0100] "GET /ornamental-flowers-white-cotton-table-runner-p-60922.html HTTP/1.0" 200 84532 "-" "Mozilla/5.0 (compatible; VelenPublicWebCrawler/1.0; +https://velen.io)"
34.76.224.74 - - [24/Dec/2023:04:38:47 +0100] "GET /robin-family-cotton-table-runner-p-60920.html HTTP/1.0" 200 83771 "-" "Mozilla/5.0 (compatible; VelenPublicWebCrawler/1.0; +https://velen.io)"
34.76.224.74 - - [24/Dec/2023:04:38:51 +0100] "GET /lemons-cotton-table-runner-p-60545.html HTTP/1.0" 200 84577 "-" "Mozilla/5.0 (compatible; VelenPublicWebCrawler/1.0; +https://velen.io)"
65.109.79.134 - - [24/Dec/2023:04:38:51 +0100] "GET /infuser-rest-c-12_247.html HTTP/1.0" 500 66383 "-" "Mozilla/5.0 (Macintosh; Intel Mac OS X 10_15_7) AppleWebKit/537.36 (KHTML, like Gecko) Chrome/104.0.0.0 Safari/537.36"
34.76.224.74 - - [24/Dec/2023:04:38:55 +0100] "GET /lavander-cotton-table-runner-p-60394.html HTTP/1.0" 200 84607 "-" "Mozilla/5.0 (compatible; VelenPublicWebCrawler/1.0; +https://velen.io)"
54.36.149.64 - - [24/Dec/2023:04:38:55 +0100] "GET /halloween-phone-cover-for-iphone-cbkreation-p-16638.html HTTP/1.0" 301 81330 "-" "Mozilla/5.0 (compatible; AhrefsBot/7.0; +http://ahrefs.com/robot/)"
34.76.224.74 - - [24/Dec/2023:04:38:58 +0100] "GET /sweet-little-bird-cotton-table-runner-p-59820.html HTTP/1.0" 200 83811 "-" "Mozilla/5.0 (compatible; VelenPublicWebCrawler/1.0; +https://velen.io)"
54.36.148.25 - - [24/Dec/2023:04:39:01 +0100] "GET /challenger-attack-products-p-29390.html HTTP/1.0" 200 83919 "-" "Mozilla/5.0 (compatible; AhrefsBot/7.0; +http://ahrefs.com/robot/)"
34.76.224.74 - - [24/Dec/2023:04:39:02 +0100] "GET /tulips-bouquet-cotton-table-runner-p-60924.html HTTP/1.0" 200 84673 "-" "Mozilla/5.0 (compatible; VelenPublicWebCrawler/1.0; +https://velen.io)"
216.244.66.242 - - [24/Dec/2023:04:39:02 +0100] "GET /zen-tea-box-p-39519.html HTTP/1.0" 301 81330 "-" "Mozilla/5.0 (compatible; DotBot/1.2; +https://opensiteexplorer.org/dotbot; help@moz.com)"
65.109.79.134 - - [24/Dec/2023:04:39:04 +0100] "GET /good-point-c-13_150_151.html HTTP/1.0" 500 66443 "-" "Mozilla/5.0 (Macintosh; Intel Mac OS X 10_15_7) AppleWebKit/537.36 (KHTML, like Gecko) Chrome/104.0.0.0 Safari/537.36"
34.76.224.74 - - [24/Dec/2023:04:39:05 +0100] "GET /winter-greenery-cotton-table-runner-p-60926.html HTTP/1.0" 200 84442 "-" "Mozilla/5.0 (compatible; VelenPublicWebCrawler/1.0; +https://velen.io)"
34.76.224.74 - - [24/Dec/2023:04:39:09 +0100] "GET /bilbao-coated-tablecloth-blue-p-45345.html HTTP/1.0" 200 84349 "-" "Mozilla/5.0 (compatible; VelenPublicWebCrawler/1.0; +https://velen.io)"
34.76.224.74 - - [24/Dec/2023:04:39:12 +0100] "GET /bilbao-coated-tablecloth-grey-orange-p-45343.html HTTP/1.0" 200 83786 "-" "Mozilla/5.0 (compatible; VelenPublicWebCrawler/1.0; +https://velen.io)"
216.228.125.130 - - [24/Dec/2023:04:39:15 +0100] "GET /images/mini_prod/5036278052187.jpg HTTP/1.0" 200 269 "-" "Mozilla/5.0 (X11; Ubuntu; Linux x86_64; rv:72.0) Gecko/20100101 Firefox/72.0"
34.76.224.74 - - [24/Dec/2023:04:39:16 +0100] "GET /picapica-tapas-tablecloth-anti-stain-p-34993.html HTTP/1.0" 200 83801 "-" "Mozilla/5.0 (compatible; VelenPublicWebCrawler/1.0; +https://velen.io)"
65.109.79.134 - - [24/Dec/2023:04:39:17 +0100] "GET /mini-trays-c-12_159_260.html HTTP/1.0" 500 66423 "-" "Mozilla/5.0 (Macintosh; Intel Mac OS X 10_15_7) AppleWebKit/537.36 (KHTML, like Gecko) Chrome/104.0.0.0 Safari/537.36"
216.244.66.242 - - [24/Dec/2023:04:39:18 +0100] "GET /bmw-large-metal-plate-deco-p-40290.html HTTP/1.0" 301 81438 "-" "Mozilla/5.0 (compatible; DotBot/1.2; +https://opensiteexplorer.org/dotbot; help@moz.com)"
34.76.224.74 - - [24/Dec/2023:04:39:20 +0100] "GET /italia-tablecloth-anti-stain-p-34994.html HTTP/1.0" 200 83737 "-" "Mozilla/5.0 (compatible; VelenPublicWebCrawler/1.0; +https://velen.io)"
34.76.224.74 - - [24/Dec/2023:04:39:24 +0100] "GET /black-kitchen-towel-p-44415.html HTTP/1.0" 200 83623 "-" "Mozilla/5.0 (compatible; VelenPublicWebCrawler/1.0; +https://velen.io)"
34.76.224.74 - - [24/Dec/2023:04:39:27 +0100] "GET /grey-kitchen-towel-p-44413.html HTTP/1.0" 200 83619 "-" "Mozilla/5.0 (compatible; VelenPublicWebCrawler/1.0; +https://velen.io)"
65.109.79.134 - - [24/Dec/2023:04:39:30 +0100] "GET /incense-burner-sticks-cones-p-44274.html HTTP/1.0" 200 83734 "-" "Mozilla/5.0 (Macintosh; Intel Mac OS X 10_15_7) AppleWebKit/537.36 (KHTML, like Gecko) Chrome/104.0.0.0 Safari/537.36"
34.76.224.74 - - [24/Dec/2023:04:39:30 +0100] "GET /ivory-beige-kitchen-towel-p-44421.html HTTP/1.0" 200 83654 "-" "Mozilla/5.0 (compatible; VelenPublicWebCrawler/1.0; +https://velen.io)"
216.244.66.242 - - [24/Dec/2023:04:39:34 +0100] "GET /cars-francesco-figure-p-11108.html HTTP/1.0" 301 81330 "-" "Mozilla/5.0 (compatible; DotBot/1.2; +https://opensiteexplorer.org/dotbot; help@moz.com)"
34.76.224.74 - - [24/Dec/2023:04:39:34 +0100] "GET /kitchen-towel-beige-p-54117.html HTTP/1.0" 200 83630 "-" "Mozilla/5.0 (compatible; VelenPublicWebCrawler/1.0; +https://velen.io)"
52.167.144.191 - - [24/Dec/2023:04:39:37 +0100] "GET /placemats-c-12_156.html HTTP/1.0" 200 103018 "-" "Mozilla/5.0 AppleWebKit/537.36 (KHTML, like Gecko; compatible; bingbot/2.0; +http://www.bing.com/bingbot.htm) Chrome/116.0.1938.76 Safari/537.36"
34.76.224.74 - - [24/Dec/2023:04:39:40 +0100] "GET /kitchen-towel-brown-p-54118.html HTTP/1.0" 200 83630 "-" "Mozilla/5.0 (compatible; VelenPublicWebCrawler/1.0; +https://velen.io)"
34.76.224.74 - - [24/Dec/2023:04:39:44 +0100] "GET /kitchen-towel-brown-p-54119.html HTTP/1.0" 200 83630 "-" "Mozilla/5.0 (compatible; VelenPublicWebCrawler/1.0; +https://velen.io)"
65.109.79.134 - - [24/Dec/2023:04:39:45 +0100] "GET /bowls-c-12_255.html HTTP/1.0" 500 66285 "-" "Mozilla/5.0 (Macintosh; Intel Mac OS X 10_15_7) AppleWebKit/537.36 (KHTML, like Gecko) Chrome/104.0.0.0 Safari/537.36"
34.76.224.74 - - [24/Dec/2023:04:39:47 +0100] "GET /kitchen-towel-dark-blue-p-54116.html HTTP/1.0" 200 83650 "-" "Mozilla/5.0 (compatible; VelenPublicWebCrawler/1.0; +https://velen.io)"
34.76.224.74 - - [24/Dec/2023:04:39:52 +0100] "GET /kitchen-towel-green-p-54120.html HTTP/1.0" 200 83629 "-" "Mozilla/5.0 (compatible; VelenPublicWebCrawler/1.0; +https://velen.io)"
54.36.149.100 - - [24/Dec/2023:04:39:55 +0100] "GET /body-baby-knight-p-50931.html HTTP/1.0" 200 83531 "-" "Mozilla/5.0 (compatible; AhrefsBot/7.0; +http://ahrefs.com/robot/)"
34.76.224.74 - - [24/Dec/2023:04:39:56 +0100] "GET /kitchen-towel-p-44414.html HTTP/1.0" 200 83605 "-" "Mozilla/5.0 (compatible; VelenPublicWebCrawler/1.0; +https://velen.io)"
65.109.79.134 - - [24/Dec/2023:04:39:58 +0100] "GET /plates-cups-c-12_58.html HTTP/1.0" 500 66335 "-" "Mozilla/5.0 (Macintosh; Intel Mac OS X 10_15_7) AppleWebKit/537.36 (KHTML, like Gecko) Chrome/104.0.0.0 Safari/537.36"
34.76.224.74 - - [24/Dec/2023:04:40:00 +0100] "GET /pink-kitchen-towel-p-55171.html HTTP/1.0" 200 84230 "-" "Mozilla/5.0 (compatible; VelenPublicWebCrawler/1.0; +https://velen.io)"
34.76.224.74 - - [24/Dec/2023:04:40:04 +0100] "GET /orange-kitchen-towel-p-44418.html HTTP/1.0" 200 83628 "-" "Mozilla/5.0 (compatible; VelenPublicWebCrawler/1.0; +https://velen.io)"
34.76.224.74 - - [24/Dec/2023:04:40:07 +0100] "GET /lilac-kitchen-towel-p-44422.html HTTP/1.0" 200 83624 "-" "Mozilla/5.0 (compatible; VelenPublicWebCrawler/1.0; +https://velen.io)"
34.76.224.74 - - [24/Dec/2023:04:40:10 +0100] "GET /mint-diabolo-kitchen-towel-p-44420.html HTTP/1.0" 200 83658 "-" "Mozilla/5.0 (compatible; VelenPublicWebCrawler/1.0; +https://velen.io)"
65.109.79.134 - - [24/Dec/2023:04:40:13 +0100] "GET /wooden-incense-holder-buddha-p-61491.html HTTP/1.0" 200 84391 "-" "Mozilla/5.0 (Macintosh; Intel Mac OS X 10_15_7) AppleWebKit/537.36 (KHTML, like Gecko) Chrome/104.0.0.0 Safari/537.36"
34.76.224.74 - - [24/Dec/2023:04:40:14 +0100] "GET /saffron-kitchen-towel-p-44423.html HTTP/1.0" 200 83634 "-" "Mozilla/5.0 (compatible; VelenPublicWebCrawler/1.0; +https://velen.io)"
34.76.224.74 - - [24/Dec/2023:04:40:17 +0100] "GET /zinc-kitchen-towel-p-44416.html HTTP/1.0" 200 83618 "-" "Mozilla/5.0 (compatible; VelenPublicWebCrawler/1.0; +https://velen.io)"
34.76.224.74 - - [24/Dec/2023:04:40:21 +0100] "GET /dream-catcher-shower-curtain-p-50728.html HTTP/1.0" 200 84408 "-" "Mozilla/5.0 (compatible; VelenPublicWebCrawler/1.0; +https://velen.io)"
34.76.224.74 - - [24/Dec/2023:04:40:24 +0100] "GET /unicorn-shower-curtain-p-57406.html HTTP/1.0" 200 84348 "-" "Mozilla/5.0 (compatible; VelenPublicWebCrawler/1.0; +https://velen.io)"
65.109.79.134 - - [24/Dec/2023:04:40:27 +0100] "GET /bread-bags-c-11_179.html HTTP/1.0" 500 66373 "-" "Mozilla/5.0 (Macintosh; Intel Mac OS X 10_15_7) AppleWebKit/537.36 (KHTML, like Gecko) Chrome/104.0.0.0 Safari/537.36"
34.76.224.74 - - [24/Dec/2023:04:40:28 +0100] "GET /incas-shower-curtain-p-60818.html HTTP/1.0" 200 84329 "-" "Mozilla/5.0 (compatible; VelenPublicWebCrawler/1.0; +https://velen.io)"
34.76.224.74 - - [24/Dec/2023:04:40:31 +0100] "GET /shower-curtain-p-50727.html HTTP/1.0" 200 84512 "-" "Mozilla/5.0 (compatible; VelenPublicWebCrawler/1.0; +https://velen.io)"
34.76.224.74 - - [24/Dec/2023:04:40:34 +0100] "GET /linda-shower-curtain-p-60817.html HTTP/1.0" 200 84329 "-" "Mozilla/5.0 (compatible; VelenPublicWebCrawler/1.0; +https://velen.io)"
34.76.224.74 - - [24/Dec/2023:04:40:38 +0100] "GET /flamingo-shower-curtain-p-57405.html HTTP/1.0" 200 84357 "-" "Mozilla/5.0 (compatible; VelenPublicWebCrawler/1.0; +https://velen.io)"
34.76.224.74 - - [24/Dec/2023:04:40:42 +0100] "GET /aquario-shower-curtain-marine-world-p-58604.html HTTP/1.0" 200 84598 "-" "Mozilla/5.0 (compatible; VelenPublicWebCrawler/1.0; +https://velen.io)"
40.77.167.247 - - [24/Dec/2023:04:40:43 +0100] "GET /accessories-mobiles-c-3_17.html?page=4 HTTP/1.0" 200 105112 "-" "Mozilla/5.0 AppleWebKit/537.36 (KHTML, like Gecko; compatible; bingbot/2.0; +http://www.bing.com/bingbot.htm) Chrome/116.0.1938.76 Safari/537.36"
34.76.224.74 - - [24/Dec/2023:04:40:45 +0100] "GET /damask-shower-curtain-p-52460.html HTTP/1.0" 200 84338 "-" "Mozilla/5.0 (compatible; VelenPublicWebCrawler/1.0; +https://velen.io)"
34.76.224.74 - - [24/Dec/2023:04:40:49 +0100] "GET /cats-shower-curtain-p-57891.html HTTP/1.0" 200 84319 "-" "Mozilla/5.0 (compatible; VelenPublicWebCrawler/1.0; +https://velen.io)"
54.36.149.92 - - [24/Dec/2023:04:40:50 +0100] "GET /vilaines-filles-bath-towel-p-57629.html HTTP/1.0" 200 84412 "-" "Mozilla/5.0 (compatible; AhrefsBot/7.0; +http://ahrefs.com/robot/)"
34.76.224.74 - - [24/Dec/2023:04:40:52 +0100] "GET /cats-shower-curtain-p-60517.html HTTP/1.0" 200 83702 "-" "Mozilla/5.0 (compatible; VelenPublicWebCrawler/1.0; +https://velen.io)"
