34.76.224.74 - - [24/Dec/2023:06:05:02 +0100] "GET /small-christmas-stocking-hang-petit-lutin-p-61388.html HTTP/1.0" 200 84960 "-" "Mozilla/5.0 (compatible; VelenPublicWebCrawler/1.0; +https://velen.io)"
54.36.149.45 - - [24/Dec/2023:06:05:03 +0100] "GET /chair-cushion-scratchs-rose-linen-p-60641.html HTTP/1.0" 200 83770 "-" "Mozilla/5.0 (compatible; AhrefsBot/7.0; +http://ahrefs.com/robot/)"
185.229.119.130 - - [24/Dec/2023:06:05:04 +0100] "GET /little-geisha-red-tea-box-p-39290.html HTTP/1.0" 301 81409 "-" "Mozilla/5.0 (compatible; MJ12bot/v1.4.8; http://mj12bot.com/)"
34.76.224.74 - - [24/Dec/2023:06:05:06 +0100] "GET /maker-with-infuser-pastry-kitten-p-61417.html HTTP/1.0" 200 83732 "-" "Mozilla/5.0 (compatible; VelenPublicWebCrawler/1.0; +https://velen.io)"
34.76.224.74 - - [24/Dec/2023:06:05:09 +0100] "GET /little-prince-exupery-little-tray-p-61424.html HTTP/1.0" 200 84003 "-" "Mozilla/5.0 (compatible; VelenPublicWebCrawler/1.0; +https://velen.io)"
34.76.224.74 - - [24/Dec/2023:06:05:12 +0100] "GET /archangel-mickael-aluminum-incense-stick-holder-p-61492.html HTTP/1.0" 200 84679 "-" "Mozilla/5.0 (compatible; VelenPublicWebCrawler/1.0; +https://velen.io)"
34.76.224.74 - - [24/Dec/2023:06:05:15 +0100] "GET /metal-keychain-little-prince-p-47480.html HTTP/1.0" 200 87234 "-" "Mozilla/5.0 (compatible; VelenPublicWebCrawler/1.0; +https://velen.io)"
34.76.224.74 - - [24/Dec/2023:06:05:19 +0100] "GET /gogh-little-tray-p-51669.html HTTP/1.0" 200 87258 "-" "Mozilla/5.0 (compatible; VelenPublicWebCrawler/1.0; +https://velen.io)"
34.76.224.74 - - [24/Dec/2023:06:05:22 +0100] "GET /gogh-little-tray-p-51670.html HTTP/1.0" 200 87873 "-" "Mozilla/5.0 (compatible; VelenPublicWebCrawler/1.0; +https://velen.io)"
185.229.119.130 - - [24/Dec/2023:06:05:24 +0100] "GET /little-geisha-p-39290.html HTTP/1.0" 200 81329 "-" "Mozilla/5.0 (compatible; MJ12bot/v1.4.8; http://mj12bot.com/)"
34.76.224.74 - - [24/Dec/2023:06:05:25 +0100] "GET /gogh-little-tray-p-51671.html HTTP/1.0" 200 87873 "-" "Mozilla/5.0 (compatible; VelenPublicWebCrawler/1.0; +https://velen.io)"
34.76.224.74 - - [24/Dec/2023:06:05:28 +0100] "GET /cotton-glove-holder-little-prince-exupry-p-53862.html HTTP/1.0" 200 88351 "-" "Mozilla/5.0 (compatible; VelenPublicWebCrawler/1.0; +https://velen.io)"
34.76.224.74 - - [24/Dec/2023:06:05:31 +0100] "GET /home/stationers-school-items/pot-crayon-bob-marley-model-n%c3%82%c2%b02-p-5063.html HTTP/1.0" 301 81398 "-" "Mozilla/5.0 (compatible; VelenPublicWebCrawler/1.0; +https://velen.io)"
34.76.224.74 - - [24/Dec/2023:06:05:35 +0100] "GET /marley-pencil-p-5063.html HTTP/1.0" 200 81319 "http://www.wonder-geek.com/home/stationers-school-items/pot-crayon-bob-marley-model-n%c3%82%c2%b02-p-5063.html" "Mozilla/5.0 (compatible; VelenPublicWebCrawler/1.0; +https://velen.io)"
185.229.119.130 - - [24/Dec/2023:06:05:41 +0100] "GET /little-geisha-small-p-39302.html HTTP/1.0" 200 81353 "-" "Mozilla/5.0 (compatible; MJ12bot/v1.4.8; http://mj12bot.com/)"
114.110.128.141 - - [24/Dec/2023:06:05:56 +0100] "GET /images/mini_prod/5028486153565.jpg HTTP/1.0" 200 269 "-" "Mozilla/5.0 (X11; Ubuntu; Linux x86_64; rv:72.0) Gecko/20100101 Firefox/72.0"
54.36.149.24 - - [24/Dec/2023:06:05:57 +0100] "GET /salt-with-wooden-spoon-sardy-p-54510.html HTTP/1.0" 200 83673 "-" "Mozilla/5.0 (compatible; AhrefsBot/7.0; +http://ahrefs.com/robot/)"
185.229.119.130 - - [24/Dec/2023:06:06:02 +0100] "GET /little-pony-miniature-figure-with-glittery-wings-p-32456.html HTTP/1.0" 301 81330 "-" "Mozilla/5.0 (compatible; MJ12bot/v1.4.8; http://mj12bot.com/)"
185.229.119.130 - - [24/Dec/2023:06:06:21 +0100] "GET /-p-32456.html HTTP/1.0" 200 81263 "-" "Mozilla/5.0 (compatible; MJ12bot/v1.4.8; http://mj12bot.com/)"
52.206.218.114 - - [24/Dec/2023:06:06:35 +0100] "GET /images/mini_prod/1399984220313.jpg HTTP/1.0" 200 269 "-" "Go-http-client/1.1"
185.229.119.130 - - [24/Dec/2023:06:06:44 +0100] "GET /little-sheep-bedside-lamp-p-40435.html HTTP/1.0" 200 81353 "-" "Mozilla/5.0 (compatible; MJ12bot/v1.4.8; http://mj12bot.com/)"
54.36.148.212 - - [24/Dec/2023:06:06:50 +0100] "GET /feng-shui-ganesh-decoration-with-seven-chakra-colors-p-42837.html HTTP/1.0" 200 84107 "-" "Mozilla/5.0 (compatible; AhrefsBot/7.0; +http://ahrefs.com/robot/)"
185.229.119.130 - - [24/Dec/2023:06:07:06 +0100] "GET /little-sheep-bedside-lamp-p-40450.html HTTP/1.0" 200 81353 "-" "Mozilla/5.0 (compatible; MJ12bot/v1.4.8; http://mj12bot.com/)"
40.77.167.52 - - [24/Dec/2023:06:07:22 +0100] "GET /heart-home-stick-diffuser-angel-forest-p-61084.html HTTP/1.0" 200 84604 "-" "Mozilla/5.0 AppleWebKit/537.36 (KHTML, like Gecko; compatible; bingbot/2.0; +http://www.bing.com/bingbot.htm) Chrome/116.0.1938.76 Safari/537.36"
185.229.119.130 - - [24/Dec/2023:06:07:28 +0100] "GET /littlest-petshop-bathroom-p-9621.html HTTP/1.0" 200 83814 "-" "Mozilla/5.0 (compatible; MJ12bot/v1.4.8; http://mj12bot.com/)"
185.229.119.130 - - [24/Dec/2023:06:07:41 +0100] "GET /llama-love-clock-allen-p-49499.html HTTP/1.0" 200 81347 "-" "Mozilla/5.0 (compatible; MJ12bot/v1.4.8; http://mj12bot.com/)"
54.36.149.43 - - [24/Dec/2023:06:07:44 +0100] "GET /blue-jean-fitted-sheet-p-36443.html HTTP/1.0" 200 84520 "-" "Mozilla/5.0 (compatible; AhrefsBot/7.0; +http://ahrefs.com/robot/)"
40.77.167.52 - - [24/Dec/2023:06:07:48 +0100] "GET /pencil-case-c-31_75.html HTTP/1.0" 200 104427 "-" "Mozilla/5.0 AppleWebKit/537.36 (KHTML, like Gecko; compatible; bingbot/2.0; +http://www.bing.com/bingbot.htm) Chrome/116.0.1938.76 Safari/537.36"
223.39.188.126 - - [24/Dec/2023:06:08:11 +0100] "GET /images/mini_prod/3453131145930.jpg HTTP/1.0" 200 269 "-" "Chrome/66.0.3359.181"
185.229.119.130 - - [24/Dec/2023:06:08:09 +0100] "GET /lockable-notebook-my-story-p-41203.html HTTP/1.0" 301 81330 "-" "Mozilla/5.0 (compatible; MJ12bot/v1.4.8; http://mj12bot.com/)"
185.229.119.130 - - [24/Dec/2023:06:08:31 +0100] "GET /-p-41203.html HTTP/1.0" 200 81263 "-" "Mozilla/5.0 (compatible; MJ12bot/v1.4.8; http://mj12bot.com/)"
216.228.125.130 - - [24/Dec/2023:06:08:42 +0100] "GET /images/mini_prod/MUG-BLC-POLAROID.jpg HTTP/1.0" 200 272 "-" "Mozilla/5.0 (X11; Ubuntu; Linux x86_64; rv:72.0) Gecko/20100101 Firefox/72.0"
54.36.148.185 - - [24/Dec/2023:06:08:41 +0100] "GET /home-decoration-c-13.html?page=58 HTTP/1.0" 200 103576 "-" "Mozilla/5.0 (compatible; AhrefsBot/7.0; +http://ahrefs.com/robot/)"
185.229.119.130 - - [24/Dec/2023:06:08:57 +0100] "GET /lockable-notebook-secret-p-41204.html HTTP/1.0" 301 81330 "-" "Mozilla/5.0 (compatible; MJ12bot/v1.4.8; http://mj12bot.com/)"
185.229.119.130 - - [24/Dec/2023:06:09:23 +0100] "GET /-p-41204.html HTTP/1.0" 200 81263 "-" "Mozilla/5.0 (compatible; MJ12bot/v1.4.8; http://mj12bot.com/)"
54.36.149.88 - - [24/Dec/2023:06:09:32 +0100] "GET /educational-children-watch-goal-p-51494.html HTTP/1.0" 200 85039 "-" "Mozilla/5.0 (compatible; AhrefsBot/7.0; +http://ahrefs.com/robot/)"
185.229.119.130 - - [24/Dec/2023:06:09:50 +0100] "GET /lockable-notebook-story-p-41203.html HTTP/1.0" 301 81330 "-" "Mozilla/5.0 (compatible; MJ12bot/v1.4.8; http://mj12bot.com/)"
185.229.119.130 - - [24/Dec/2023:06:10:21 +0100] "GET /-p-41203.html HTTP/1.0" 200 81263 "-" "Mozilla/5.0 (compatible; MJ12bot/v1.4.8; http://mj12bot.com/)"
54.36.148.48 - - [24/Dec/2023:06:10:21 +0100] "GET /magnet-copine-trop-gniale-p-57081.html HTTP/1.0" 200 84282 "-" "Mozilla/5.0 (compatible; AhrefsBot/7.0; +http://ahrefs.com/robot/)"
185.229.119.130 - - [24/Dec/2023:06:10:43 +0100] "GET /lockable-notebook-the-secret-p-41204.html HTTP/1.0" 301 81330 "-" "Mozilla/5.0 (compatible; MJ12bot/v1.4.8; http://mj12bot.com/)"
185.229.119.130 - - [24/Dec/2023:06:11:08 +0100] "GET /-p-41204.html HTTP/1.0" 200 81263 "-" "Mozilla/5.0 (compatible; MJ12bot/v1.4.8; http://mj12bot.com/)"
51.68.224.127 - - [24/Dec/2023:06:11:10 +0100] "GET /adminweb/export_orders_xml.php?token=256de2z6edz6ed2z6DFSFsed2zed6zeDSFDSGdzedezfzf&maxorders=10&orderstart=1&status=14&start_date=2018-10-01 HTTP/1.0" 200 285 "-" "GesCom CharlotteBoutik Serveur"
51.68.224.127 - - [24/Dec/2023:06:11:10 +0100] "GET /adminweb/export_orders_xml.php?token=256de2z6edz6ed2z6DFSFsed2zed6zeDSFDSGdzedezfzf&maxorders=10&orderstart=1&status=6&start_date=2018-10-01 HTTP/1.0" 200 34422 "-" "GesCom CharlotteBoutik Serveur"
54.36.149.65 - - [24/Dec/2023:06:11:12 +0100] "GET /salt-lamp-flower-life-p-57803.html HTTP/1.0" 200 85116 "-" "Mozilla/5.0 (compatible; AhrefsBot/7.0; +http://ahrefs.com/robot/)"
185.229.119.130 - - [24/Dec/2023:06:11:32 +0100] "GET /lolita-bedclothes-240-220-cm-p-39018.html HTTP/1.0" 301 81330 "-" "Mozilla/5.0 (compatible; MJ12bot/v1.4.8; http://mj12bot.com/)"
185.229.119.130 - - [24/Dec/2023:06:11:54 +0100] "GET /-p-39018.html HTTP/1.0" 200 81263 "-" "Mozilla/5.0 (compatible; MJ12bot/v1.4.8; http://mj12bot.com/)"
54.36.148.108 - - [24/Dec/2023:06:12:01 +0100] "GET /duvet-cover-c-11_195.html?page=2 HTTP/1.0" 200 102785 "-" "Mozilla/5.0 (compatible; AhrefsBot/7.0; +http://ahrefs.com/robot/)"
185.229.119.130 - - [24/Dec/2023:06:12:16 +0100] "GET /london-union-jack-glass-clock-p-27582.html HTTP/1.0" 301 81330 "-" "Mozilla/5.0 (compatible; MJ12bot/v1.4.8; http://mj12bot.com/)"
216.244.66.242 - - [24/Dec/2023:06:12:26 +0100] "GET /allen-designs-blue-teapot-clock-p-58154.html HTTP/1.0" 200 84331 "-" "Mozilla/5.0 (compatible; DotBot/1.2; +https://opensiteexplorer.org/dotbot; help@moz.com)"
185.229.119.130 - - [24/Dec/2023:06:12:36 +0100] "GET /-p-27582.html HTTP/1.0" 200 81263 "-" "Mozilla/5.0 (compatible; MJ12bot/v1.4.8; http://mj12bot.com/)"
54.36.148.230 - - [24/Dec/2023:06:12:52 +0100] "GET /mini-hermetic-sardines-p-54522.html HTTP/1.0" 200 83639 "-" "Mozilla/5.0 (compatible; AhrefsBot/7.0; +http://ahrefs.com/robot/)"
216.244.66.242 - - [24/Dec/2023:06:12:59 +0100] "GET /guardian-angel-statue-angel-baptism-p-51132.html HTTP/1.0" 200 81397 "-" "Mozilla/5.0 (compatible; DotBot/1.2; +https://opensiteexplorer.org/dotbot; help@moz.com)"
185.229.119.130 - - [24/Dec/2023:06:13:05 +0100] "GET /loovy-cat-cushion-40-40-cm-p-39417.html HTTP/1.0" 301 81330 "-" "Mozilla/5.0 (compatible; MJ12bot/v1.4.8; http://mj12bot.com/)"
185.229.119.130 - - [24/Dec/2023:06:13:14 +0100] "GET /-p-39417.html HTTP/1.0" 200 81263 "-" "Mozilla/5.0 (compatible; MJ12bot/v1.4.8; http://mj12bot.com/)"
216.244.66.242 - - [24/Dec/2023:06:13:30 +0100] "GET /lulu-castagnette-white-watch-p-47748.html HTTP/1.0" 200 81365 "-" "Mozilla/5.0 (compatible; DotBot/1.2; +https://opensiteexplorer.org/dotbot; help@moz.com)"
185.229.119.130 - - [24/Dec/2023:06:13:39 +0100] "GET /loovy-owl-cushion-40-40-cm-p-39416.html HTTP/1.0" 301 81330 "-" "Mozilla/5.0 (compatible; MJ12bot/v1.4.8; http://mj12bot.com/)"
54.36.148.246 - - [24/Dec/2023:06:13:52 +0100] "GET /saddle-club-pieces-p-27691.html HTTP/1.0" 200 83815 "-" "Mozilla/5.0 (compatible; AhrefsBot/7.0; +http://ahrefs.com/robot/)"
216.244.66.242 - - [24/Dec/2023:06:14:00 +0100] "GET /mickey-birthday-card-with-envelope-p-25257.html HTTP/1.0" 200 83687 "-" "Mozilla/5.0 (compatible; DotBot/1.2; +https://opensiteexplorer.org/dotbot; help@moz.com)"
185.229.119.130 - - [24/Dec/2023:06:14:13 +0100] "GET /-p-39416.html HTTP/1.0" 200 81263 "-" "Mozilla/5.0 (compatible; MJ12bot/v1.4.8; http://mj12bot.com/)"
216.244.66.242 - - [24/Dec/2023:06:14:29 +0100] "GET /salt-pepper-small-fish-p-54509.html HTTP/1.0" 200 81361 "-" "Mozilla/5.0 (compatible; DotBot/1.2; +https://opensiteexplorer.org/dotbot; help@moz.com)"
185.229.119.130 - - [24/Dec/2023:06:14:34 +0100] "GET /lotus-flowers-wall-sticker-p-39305.html HTTP/1.0" 301 81330 "-" "Mozilla/5.0 (compatible; MJ12bot/v1.4.8; http://mj12bot.com/)"
54.36.148.86 - - [24/Dec/2023:06:14:40 +0100] "GET /luggages-schoolbags-leather-shop-c-31.html?page=48 HTTP/1.0" 200 103905 "-" "Mozilla/5.0 (compatible; AhrefsBot/7.0; +http://ahrefs.com/robot/)"
216.244.66.242 - - [24/Dec/2023:06:14:56 +0100] "GET /socks-c-1_141.html?page=7 HTTP/1.0" 200 88638 "-" "Mozilla/5.0 (compatible; DotBot/1.2; +https://opensiteexplorer.org/dotbot; help@moz.com)"
185.229.119.130 - - [24/Dec/2023:06:14:59 +0100] "GET /-p-39305.html HTTP/1.0" 200 81263 "-" "Mozilla/5.0 (compatible; MJ12bot/v1.4.8; http://mj12bot.com/)"
185.229.119.130 - - [24/Dec/2023:06:15:21 +0100] "GET /love-and-heart-bedclothes-140-200-cm-p-43142.html HTTP/1.0" 301 81330 "-" "Mozilla/5.0 (compatible; MJ12bot/v1.4.8; http://mj12bot.com/)"
216.244.66.242 - - [24/Dec/2023:06:15:24 +0100] "GET /adult-cotton-apron-p-54327.html HTTP/1.0" 200 84154 "-" "Mozilla/5.0 (compatible; DotBot/1.2; +https://opensiteexplorer.org/dotbot; help@moz.com)"
54.36.149.86 - - [24/Dec/2023:06:15:30 +0100] "GET /willow-tree-collection-mother-daughter-p-55500.html HTTP/1.0" 200 85364 "-" "Mozilla/5.0 (compatible; AhrefsBot/7.0; +http://ahrefs.com/robot/)"
185.229.119.130 - - [24/Dec/2023:06:15:40 +0100] "GET /-p-43142.html HTTP/1.0" 200 81263 "-" "Mozilla/5.0 (compatible; MJ12bot/v1.4.8; http://mj12bot.com/)"
185.229.119.130 - - [24/Dec/2023:06:16:00 +0100] "GET /opera-rock-bedclothes-p-35317.html HTTP/1.0" 200 83718 "-" "Mozilla/5.0 (compatible; MJ12bot/v1.4.8; http://mj12bot.com/)"
185.229.119.130 - - [24/Dec/2023:06:16:15 +0100] "GET /pepe-jeans-gray-shoulder-p-35984.html HTTP/1.0" 200 84027 "-" "Mozilla/5.0 (compatible; MJ12bot/v1.4.8; http://mj12bot.com/)"
54.36.149.93 - - [24/Dec/2023:06:16:24 +0100] "GET /cats-dubout-figurine-third-p-32711.html HTTP/1.0" 200 86156 "-" "Mozilla/5.0 (compatible; AhrefsBot/7.0; +http://ahrefs.com/robot/)"
185.229.119.130 - - [24/Dec/2023:06:16:34 +0100] "GET /peux-apro-adult-apron-p-42606.html HTTP/1.0" 200 83633 "-" "Mozilla/5.0 (compatible; MJ12bot/v1.4.8; http://mj12bot.com/)"
180.76.14.147 - - [24/Dec/2023:06:17:03 +0100] "GET /images/mini_prod/8422019609050.jpg HTTP/1.0" 200 269 "-" "Mozilla/5.0 (X11; Ubuntu; Linux x86_64; rv:72.0) Gecko/20100101 Firefox/72.0"
185.229.119.130 - - [24/Dec/2023:06:17:09 +0100] "GET /pikaly-bedclothes-p-45418.html HTTP/1.0" 200 81333 "-" "Mozilla/5.0 (compatible; MJ12bot/v1.4.8; http://mj12bot.com/)"
54.36.148.241 - - [24/Dec/2023:06:17:17 +0100] "GET /white-lampshade-p-53665.html HTTP/1.0" 200 84416 "-" "Mozilla/5.0 (compatible; AhrefsBot/7.0; +http://ahrefs.com/robot/)"
185.229.119.130 - - [24/Dec/2023:06:17:45 +0100] "GET /zippo-harley-davidson-brushed-steel-p-61037.html HTTP/1.0" 200 84680 "-" "Mozilla/5.0 (compatible; MJ12bot/v1.4.8; http://mj12bot.com/)"
54.36.148.162 - - [24/Dec/2023:06:17:54 +0100] "GET /woodlove-charming-dekor-bedclothes-260-240-cm-p-42851.html HTTP/1.0" 301 81516 "-" "Mozilla/5.0 (compatible; AhrefsBot/7.0; +http://ahrefs.com/robot/)"
185.229.119.130 - - [24/Dec/2023:06:17:57 +0100] "GET /zippo-lighter-fighting-dragon-p-61048.html HTTP/1.0" 200 84608 "-" "Mozilla/5.0 (compatible; MJ12bot/v1.4.8; http://mj12bot.com/)"
54.36.148.207 - - [24/Dec/2023:06:18:07 +0100] "GET /ceramic-butter-dish-gertrude-collection-p-57262.html HTTP/1.0" 200 83849 "-" "Mozilla/5.0 (compatible; AhrefsBot/7.0; +http://ahrefs.com/robot/)"
185.229.119.130 - - [24/Dec/2023:06:18:14 +0100] "GET /zippo-lighter-glow-dark-green-matrix-p-61044.html HTTP/1.0" 200 84742 "-" "Mozilla/5.0 (compatible; MJ12bot/v1.4.8; http://mj12bot.com/)"
185.229.119.130 - - [24/Dec/2023:06:18:37 +0100] "GET /zippo-lighter-pirate-ship-p-61046.html HTTP/1.0" 200 84560 "-" "Mozilla/5.0 (compatible; MJ12bot/v1.4.8; http://mj12bot.com/)"
185.229.119.130 - - [24/Dec/2023:06:18:57 +0100] "GET /zippo-lighter-sparkling-dragon-p-61047.html HTTP/1.0" 200 84621 "-" "Mozilla/5.0 (compatible; MJ12bot/v1.4.8; http://mj12bot.com/)"
54.36.149.8 - - [24/Dec/2023:06:18:58 +0100] "GET /wooden-wall-decoration-hang-casa-casa-p-49978.html HTTP/1.0" 200 83841 "-" "Mozilla/5.0 (compatible; AhrefsBot/7.0; +http://ahrefs.com/robot/)"
185.229.119.130 - - [24/Dec/2023:06:19:14 +0100] "GET /zippo-lighter-viper-born-kill-p-61045.html HTTP/1.0" 200 84425 "-" "Mozilla/5.0 (compatible; MJ12bot/v1.4.8; http://mj12bot.com/)"
54.36.148.116 - - [24/Dec/2023:06:19:48 +0100] "GET /paperweight-bike-kiub-collection-jewels-p-55893.html HTTP/1.0" 200 84508 "-" "Mozilla/5.0 (compatible; AhrefsBot/7.0; +http://ahrefs.com/robot/)"
54.36.148.154 - - [24/Dec/2023:06:20:37 +0100] "GET /flowers-doormat-p-58307.html HTTP/1.0" 200 84326 "-" "Mozilla/5.0 (compatible; AhrefsBot/7.0; +http://ahrefs.com/robot/)"
54.36.148.24 - - [24/Dec/2023:06:21:26 +0100] "GET /home-decoration-c-13.html?page=90 HTTP/1.0" 200 103315 "-" "Mozilla/5.0 (compatible; AhrefsBot/7.0; +http://ahrefs.com/robot/)"
54.36.148.32 - - [24/Dec/2023:06:22:17 +0100] "GET /sweets-white-p-31689.html HTTP/1.0" 200 83508 "-" "Mozilla/5.0 (compatible; AhrefsBot/7.0; +http://ahrefs.com/robot/)"
54.36.149.84 - - [24/Dec/2023:06:23:09 +0100] "GET /pure-washed-linen-cushion-cover-p-54379.html HTTP/1.0" 200 84938 "-" "Mozilla/5.0 (compatible; AhrefsBot/7.0; +http://ahrefs.com/robot/)"
54.36.148.125 - - [24/Dec/2023:06:24:00 +0100] "GET /vivace-bedspread-thunderstorm-p-61206.html HTTP/1.0" 200 83774 "-" "Mozilla/5.0 (compatible; AhrefsBot/7.0; +http://ahrefs.com/robot/)"
17.241.75.45 - - [24/Dec/2023:06:24:00 +0100] "GET /lotus-candle-holder-glass-p-42831.html HTTP/1.0" 200 81388 "-" "Mozilla/5.0 (Macintosh; Intel Mac OS X 10_15_5) AppleWebKit/605.1.15 (KHTML, like Gecko) Version/13.1.1 Safari/605.1.15 (Applebot/0.1; +http://www.apple.com/go/applebot)"
18.210.113.192 - - [24/Dec/2023:06:24:10 +0100] "GET /images/mini_prod/3609810013544.jpg HTTP/1.0" 200 269 "-" "Mozilla/5.0 (X11; Ubuntu; Linux x86_64; rv:72.0) Gecko/20100101 Firefox/72.0"
54.36.148.151 - - [24/Dec/2023:06:24:57 +0100] "GET /incense-c-231_226.html?page=4 HTTP/1.0" 200 102868 "-" "Mozilla/5.0 (compatible; AhrefsBot/7.0; +http://ahrefs.com/robot/)"
54.36.148.235 - - [24/Dec/2023:06:25:48 +0100] "GET /pillow-case-p-39127.html HTTP/1.0" 200 83816 "-" "Mozilla/5.0 (compatible; AhrefsBot/7.0; +http://ahrefs.com/robot/)"
40.77.167.52 - - [24/Dec/2023:06:26:19 +0100] "GET /images/3700057121808.jpg HTTP/1.0" 200 259 "-" "Mozilla/5.0 AppleWebKit/537.36 (KHTML, like Gecko; compatible; bingbot/2.0; +http://www.bing.com/bingbot.htm) Chrome/116.0.1938.76 Safari/537.36"
54.36.149.17 - - [24/Dec/2023:06:26:34 +0100] "GET /dameron-miniature-character-p-32466.html HTTP/1.0" 200 83869 "-" "Mozilla/5.0 (compatible; AhrefsBot/7.0; +http://ahrefs.com/robot/)"
54.36.148.53 - - [24/Dec/2023:06:27:22 +0100] "GET /trolley-backpack-gorjuss-love-grows-p-52369.html HTTP/1.0" 200 84937 "-" "Mozilla/5.0 (compatible; AhrefsBot/7.0; +http://ahrefs.com/robot/)"
202.239.5.52 - - [24/Dec/2023:06:27:26 +0100] "GET /double-round-metal-mirror-to-put-on-copper-look-p-52462.html HTTP/1.0" 301 81529 "-" "Mozilla/5.0 (compatible; Y!J-WSC/1.0; +https://yahoo.jp/3BSZgF)"
51.68.224.127 - - [24/Dec/2023:06:27:33 +0100] "GET /adminweb/export_orders_xml.php?token=256de2z6edz6ed2z6DFSFsed2zed6zeDSFDSGdzedezfzf&maxorders=10&orderstart=1&status=14&start_date=2018-10-01 HTTP/1.0" 200 285 "-" "GesCom CharlotteBoutik Serveur"
51.68.224.127 - - [24/Dec/2023:06:27:33 +0100] "GET /adminweb/export_orders_xml.php?token=256de2z6edz6ed2z6DFSFsed2zed6zeDSFDSGdzedezfzf&maxorders=10&orderstart=1&status=6&start_date=2018-10-01 HTTP/1.0" 200 34422 "-" "GesCom CharlotteBoutik Serveur"
202.239.5.52 - - [24/Dec/2023:06:28:00 +0100] "GET /double-round-metal-mirror-copper-look-p-52462.html HTTP/1.0" 200 81425 "-" "Mozilla/5.0 (compatible; Y!J-WSC/1.0; +https://yahoo.jp/3BSZgF)"
216.244.66.242 - - [24/Dec/2023:06:28:12 +0100] "GET /robots.txt HTTP/1.0" 200 245 "-" "Mozilla/5.0 (compatible; DotBot/1.2; +https://opensiteexplorer.org/dotbot; help@moz.com)"
54.36.149.56 - - [24/Dec/2023:06:28:21 +0100] "GET /eucalyptus-cotton-table-runner-p-59819.html HTTP/1.0" 200 84625 "-" "Mozilla/5.0 (compatible; AhrefsBot/7.0; +http://ahrefs.com/robot/)"
202.239.5.102 - - [24/Dec/2023:06:28:26 +0100] "GET /swfobject.js HTTP/1.0" 404 1308 "http://www.wonder-geek.com/double-round-metal-mirror-copper-look-p-52462.html" "Mozilla/5.0 (Windows NT 10.0; Win64; x64) AppleWebKit/537.36 (KHTML, like Gecko; compatible; Y!J-WSC/1.0; +https://yahoo.jp/3BSZgF) Chrome/118.0.0.0 Safari/537.36"
54.36.149.100 - - [24/Dec/2023:06:29:00 +0100] "GET /owl-decoration-in-sand-cm-p-46483.html HTTP/1.0" 301 81423 "-" "Mozilla/5.0 (compatible; AhrefsBot/7.0; +http://ahrefs.com/robot/)"
54.36.148.159 - - [24/Dec/2023:06:29:10 +0100] "GET /cubi-door-wood-copains-abord-p-56140.html HTTP/1.0" 200 84431 "-" "Mozilla/5.0 (compatible; AhrefsBot/7.0; +http://ahrefs.com/robot/)"
195.141.133.77 - - [24/Dec/2023:06:30:00 +0100] "GET /images/mini_prod/5036278060298.jpg HTTP/1.0" 200 269 "-" "Mozilla/5.0 (X11; Ubuntu; Linux x86_64; rv:72.0) Gecko/20100101 Firefox/72.0"
65.109.158.125 - - [24/Dec/2023:06:30:00 +0100] "GET /wooden-incense-holder-tree-life-p-61489.html HTTP/1.0" 200 84427 "-" "Mozilla/5.0 (Macintosh; Intel Mac OS X 10_15_7) AppleWebKit/537.36 (KHTML, like Gecko) Chrome/104.0.0.0 Safari/537.36"
54.36.148.253 - - [24/Dec/2023:06:30:01 +0100] "GET /white-stained-pine-wood-chest-p-53540.html HTTP/1.0" 200 84308 "-" "Mozilla/5.0 (compatible; AhrefsBot/7.0; +http://ahrefs.com/robot/)"
65.109.158.125 - - [24/Dec/2023:06:30:17 +0100] "GET /indoor-fountains-c-13_272.html HTTP/1.0" 500 66373 "-" "Mozilla/5.0 (Macintosh; Intel Mac OS X 10_15_7) AppleWebKit/537.36 (KHTML, like Gecko) Chrome/104.0.0.0 Safari/537.36"
65.109.158.125 - - [24/Dec/2023:06:30:31 +0100] "GET /trays-medium-size-c-12_159_265.html HTTP/1.0" 500 66465 "-" "Mozilla/5.0 (Macintosh; Intel Mac OS X 10_15_7) AppleWebKit/537.36 (KHTML, like Gecko) Chrome/104.0.0.0 Safari/537.36"
65.109.158.125 - - [24/Dec/2023:06:30:46 +0100] "GET /tables-c-13_206.html HTTP/1.0" 500 66313 "-" "Mozilla/5.0 (Macintosh; Intel Mac OS X 10_15_7) AppleWebKit/537.36 (KHTML, like Gecko) Chrome/104.0.0.0 Safari/537.36"
18.206.95.67 - - [24/Dec/2023:06:31:04 +0100] "GET /images/mini_prod/4012390324501.jpg HTTP/1.0" 200 269 "-" "Go-http-client/1.1"
65.109.158.125 - - [24/Dec/2023:06:31:03 +0100] "GET /-c-95_371.html HTTP/1.0" 500 66243 "-" "Mozilla/5.0 (Macintosh; Intel Mac OS X 10_15_7) AppleWebKit/537.36 (KHTML, like Gecko) Chrome/104.0.0.0 Safari/537.36"
54.36.149.3 - - [24/Dec/2023:06:31:03 +0100] "GET /luggages-schoolbags-leather-shop-c-31.html?page=47 HTTP/1.0" 200 104050 "-" "Mozilla/5.0 (compatible; AhrefsBot/7.0; +http://ahrefs.com/robot/)"
65.109.158.125 - - [24/Dec/2023:06:31:18 +0100] "GET /-c-95_363.html HTTP/1.0" 500 66243 "-" "Mozilla/5.0 (Macintosh; Intel Mac OS X 10_15_7) AppleWebKit/537.36 (KHTML, like Gecko) Chrome/104.0.0.0 Safari/537.36"
65.109.158.125 - - [24/Dec/2023:06:31:34 +0100] "GET /soap-c-13_150_171.html HTTP/1.0" 500 66465 "-" "Mozilla/5.0 (Macintosh; Intel Mac OS X 10_15_7) AppleWebKit/537.36 (KHTML, like Gecko) Chrome/104.0.0.0 Safari/537.36"
65.109.158.125 - - [24/Dec/2023:06:31:48 +0100] "GET /salt-boxes-jars-c-12_223.html HTTP/1.0" 500 66361 "-" "Mozilla/5.0 (Macintosh; Intel Mac OS X 10_15_7) AppleWebKit/537.36 (KHTML, like Gecko) Chrome/104.0.0.0 Safari/537.36"
54.36.149.4 - - [24/Dec/2023:06:32:02 +0100] "GET /mobile-bells-metal-elephants-80-cm-p-42074.html HTTP/1.0" 301 84471 "-" "Mozilla/5.0 (compatible; AhrefsBot/7.0; +http://ahrefs.com/robot/)"
65.109.158.125 - - [24/Dec/2023:06:32:02 +0100] "GET /-c-95_310.html HTTP/1.0" 500 66243 "-" "Mozilla/5.0 (Macintosh; Intel Mac OS X 10_15_7) AppleWebKit/537.36 (KHTML, like Gecko) Chrome/104.0.0.0 Safari/537.36"
54.36.149.58 - - [24/Dec/2023:06:32:14 +0100] "GET /johnny-hallyday-mouse-pad-p-10931.html HTTP/1.0" 301 84316 "-" "Mozilla/5.0 (compatible; AhrefsBot/7.0; +http://ahrefs.com/robot/)"
65.109.158.125 - - [24/Dec/2023:06:32:16 +0100] "GET /holders-c-13_150_201.html HTTP/1.0" 500 66467 "-" "Mozilla/5.0 (Macintosh; Intel Mac OS X 10_15_7) AppleWebKit/537.36 (KHTML, like Gecko) Chrome/104.0.0.0 Safari/537.36"
54.36.149.35 - - [24/Dec/2023:06:32:20 +0100] "GET /cotton-floor-cushion-ivanna-p-60418.html HTTP/1.0" 200 84809 "-" "Mozilla/5.0 (compatible; AhrefsBot/7.0; +http://ahrefs.com/robot/)"
54.36.148.135 - - [24/Dec/2023:06:33:40 +0100] "GET /lighting-c-86.html?page=20 HTTP/1.0" 200 102833 "-" "Mozilla/5.0 (compatible; AhrefsBot/7.0; +http://ahrefs.com/robot/)"
54.36.149.75 - - [24/Dec/2023:06:34:57 +0100] "GET /pedal-pink-p-52591.html HTTP/1.0" 200 84496 "-" "Mozilla/5.0 (compatible; AhrefsBot/7.0; +http://ahrefs.com/robot/)"
54.36.148.82 - - [24/Dec/2023:06:35:51 +0100] "GET /luggages-schoolbags-leather-shop-c-31.html?page=42 HTTP/1.0" 200 103960 "-" "Mozilla/5.0 (compatible; AhrefsBot/7.0; +http://ahrefs.com/robot/)"
52.167.144.145 - - [24/Dec/2023:06:36:02 +0100] "GET /disney-m-20.html HTTP/1.0" 200 101121 "-" "Mozilla/5.0 AppleWebKit/537.36 (KHTML, like Gecko; compatible; bingbot/2.0; +http://www.bing.com/bingbot.htm) Chrome/116.0.1938.76 Safari/537.36"
216.228.125.130 - - [24/Dec/2023:06:36:37 +0100] "GET /images/mini_prod/8424345892595.jpg HTTP/1.0" 404 1308 "-" "Mozilla/5.0 (X11; Ubuntu; Linux x86_64; rv:72.0) Gecko/20100101 Firefox/72.0"
54.36.148.98 - - [24/Dec/2023:06:36:46 +0100] "GET /cotton-floor-cushion-paraiso-p-59578.html HTTP/1.0" 200 84839 "-" "Mozilla/5.0 (compatible; AhrefsBot/7.0; +http://ahrefs.com/robot/)"
54.36.148.88 - - [24/Dec/2023:06:37:48 +0100] "GET /luggages-schoolbags-leather-shop-c-31.html?page=44 HTTP/1.0" 200 104052 "-" "Mozilla/5.0 (compatible; AhrefsBot/7.0; +http://ahrefs.com/robot/)"
66.249.69.198 - - [24/Dec/2023:06:38:08 +0100] "GET /images/big_prod/8422017740618.jpg HTTP/1.0" 200 268 "-" "Googlebot-Image/1.0"
54.36.149.57 - - [24/Dec/2023:06:38:35 +0100] "GET /moki-bison-bedspread-p-60807.html HTTP/1.0" 200 84594 "-" "Mozilla/5.0 (compatible; AhrefsBot/7.0; +http://ahrefs.com/robot/)"
54.36.149.22 - - [24/Dec/2023:06:39:26 +0100] "GET /collectible-figure-peter-rabbit-storybook-p-56293.html HTTP/1.0" 200 85105 "-" "Mozilla/5.0 (compatible; AhrefsBot/7.0; +http://ahrefs.com/robot/)"
223.39.188.126 - - [24/Dec/2023:06:40:03 +0100] "GET /images/mini_prod/3681643302477.jpg HTTP/1.0" 200 269 "-" "Chrome/66.0.3359.181"
54.36.149.18 - - [24/Dec/2023:06:40:15 +0100] "GET /lotus-candleholder-chakra-orange-silverlining-p-35529.html HTTP/1.0" 200 85258 "-" "Mozilla/5.0 (compatible; AhrefsBot/7.0; +http://ahrefs.com/robot/)"
54.36.149.2 - - [24/Dec/2023:06:41:06 +0100] "GET /hannah-montana-shopping-coin-purse-p-7617.html HTTP/1.0" 200 84235 "-" "Mozilla/5.0 (compatible; AhrefsBot/7.0; +http://ahrefs.com/robot/)"
54.36.148.6 - - [24/Dec/2023:06:41:57 +0100] "GET /little-moustache-ring-p-18696.html HTTP/1.0" 200 84708 "-" "Mozilla/5.0 (compatible; AhrefsBot/7.0; +http://ahrefs.com/robot/)"
54.36.148.155 - - [24/Dec/2023:06:42:43 +0100] "GET /ceramic-butter-dish-cotty-collection-p-57260.html HTTP/1.0" 200 84456 "-" "Mozilla/5.0 (compatible; AhrefsBot/7.0; +http://ahrefs.com/robot/)"
54.36.148.216 - - [24/Dec/2023:06:43:41 +0100] "GET /bonheur-dans-dish-cake-p-38243.html HTTP/1.0" 200 83701 "-" "Mozilla/5.0 (compatible; AhrefsBot/7.0; +http://ahrefs.com/robot/)"
51.68.224.127 - - [24/Dec/2023:06:43:50 +0100] "GET /adminweb/export_orders_xml.php?token=256de2z6edz6ed2z6DFSFsed2zed6zeDSFDSGdzedezfzf&maxorders=10&orderstart=1&status=14&start_date=2018-10-01 HTTP/1.0" 200 285 "-" "GesCom CharlotteBoutik Serveur"
51.68.224.127 - - [24/Dec/2023:06:43:50 +0100] "GET /adminweb/export_orders_xml.php?token=256de2z6edz6ed2z6DFSFsed2zed6zeDSFDSGdzedezfzf&maxorders=10&orderstart=1&status=6&start_date=2018-10-01 HTTP/1.0" 200 34422 "-" "GesCom CharlotteBoutik Serveur"
195.141.133.77 - - [24/Dec/2023:06:44:10 +0100] "GET /images/mini_prod/B8422666661524B.jpg HTTP/1.0" 200 271 "-" "Mozilla/5.0 (X11; Ubuntu; Linux x86_64; rv:72.0) Gecko/20100101 Firefox/72.0"
54.36.148.231 - - [24/Dec/2023:06:44:30 +0100] "GET /drink-dispenser-p-49664.html HTTP/1.0" 200 83627 "-" "Mozilla/5.0 (compatible; AhrefsBot/7.0; +http://ahrefs.com/robot/)"
52.167.144.200 - - [24/Dec/2023:06:44:41 +0100] "GET /images/8036281601133.jpg HTTP/1.0" 200 259 "-" "Mozilla/5.0 AppleWebKit/537.36 (KHTML, like Gecko; compatible; bingbot/2.0; +http://www.bing.com/bingbot.htm) Chrome/116.0.1938.76 Safari/537.36"
217.182.134.134 - - [24/Dec/2023:06:45:16 +0100] "GET /-p-31095.html HTTP/1.0" 200 81263 "-" "Mozilla/5.0 (compatible; MJ12bot/v1.4.8; http://mj12bot.com/)"
18.210.113.192 - - [24/Dec/2023:06:45:24 +0100] "GET /images/mini_prod/8435306240584N.jpg HTTP/1.0" 200 270 "-" "Mozilla/5.0 (X11; Ubuntu; Linux x86_64; rv:72.0) Gecko/20100101 Firefox/72.0"
54.36.149.23 - - [24/Dec/2023:06:45:21 +0100] "GET /heart-home-bamboo-spiced-apple-cinnamon-p-61060.html HTTP/1.0" 200 84821 "-" "Mozilla/5.0 (compatible; AhrefsBot/7.0; +http://ahrefs.com/robot/)"
217.182.134.134 - - [24/Dec/2023:06:45:21 +0100] "GET /-p-31124.html HTTP/1.0" 200 81263 "-" "Mozilla/5.0 (compatible; MJ12bot/v1.4.8; http://mj12bot.com/)"
217.182.134.134 - - [24/Dec/2023:06:45:26 +0100] "GET /-p-31186.html HTTP/1.0" 200 81263 "-" "Mozilla/5.0 (compatible; MJ12bot/v1.4.8; http://mj12bot.com/)"
217.182.134.134 - - [24/Dec/2023:06:45:32 +0100] "GET /-p-31237.html HTTP/1.0" 200 81263 "-" "Mozilla/5.0 (compatible; MJ12bot/v1.4.8; http://mj12bot.com/)"
217.182.134.134 - - [24/Dec/2023:06:45:38 +0100] "GET /-p-31294.html HTTP/1.0" 200 81263 "-" "Mozilla/5.0 (compatible; MJ12bot/v1.4.8; http://mj12bot.com/)"
217.182.134.134 - - [24/Dec/2023:06:45:42 +0100] "GET /-p-31295.html HTTP/1.0" 200 81263 "-" "Mozilla/5.0 (compatible; MJ12bot/v1.4.8; http://mj12bot.com/)"
217.182.134.134 - - [24/Dec/2023:06:45:49 +0100] "GET /-p-31296.html HTTP/1.0" 200 81263 "-" "Mozilla/5.0 (compatible; MJ12bot/v1.4.8; http://mj12bot.com/)"
217.182.134.134 - - [24/Dec/2023:06:45:54 +0100] "GET /-p-31331.html HTTP/1.0" 200 81263 "-" "Mozilla/5.0 (compatible; MJ12bot/v1.4.8; http://mj12bot.com/)"
217.182.134.134 - - [24/Dec/2023:06:45:59 +0100] "GET /-p-31432.html HTTP/1.0" 200 81263 "-" "Mozilla/5.0 (compatible; MJ12bot/v1.4.8; http://mj12bot.com/)"
217.182.134.134 - - [24/Dec/2023:06:46:06 +0100] "GET /-p-31600.html HTTP/1.0" 200 81263 "-" "Mozilla/5.0 (compatible; MJ12bot/v1.4.8; http://mj12bot.com/)"
54.36.148.213 - - [24/Dec/2023:06:46:10 +0100] "GET /pillow-case-white-p-39126.html HTTP/1.0" 200 84453 "-" "Mozilla/5.0 (compatible; AhrefsBot/7.0; +http://ahrefs.com/robot/)"
217.182.134.134 - - [24/Dec/2023:06:46:12 +0100] "GET /-p-31601.html HTTP/1.0" 200 81263 "-" "Mozilla/5.0 (compatible; MJ12bot/v1.4.8; http://mj12bot.com/)"
217.182.134.134 - - [24/Dec/2023:06:46:18 +0100] "GET /-p-31603.html HTTP/1.0" 200 81263 "-" "Mozilla/5.0 (compatible; MJ12bot/v1.4.8; http://mj12bot.com/)"
217.182.134.134 - - [24/Dec/2023:06:46:23 +0100] "GET /-p-31651.html HTTP/1.0" 200 81263 "-" "Mozilla/5.0 (compatible; MJ12bot/v1.4.8; http://mj12bot.com/)"
217.182.134.134 - - [24/Dec/2023:06:46:29 +0100] "GET /-p-31838.html HTTP/1.0" 200 81263 "-" "Mozilla/5.0 (compatible; MJ12bot/v1.4.8; http://mj12bot.com/)"
217.182.134.134 - - [24/Dec/2023:06:46:34 +0100] "GET /-p-3185.html HTTP/1.0" 200 81261 "-" "Mozilla/5.0 (compatible; MJ12bot/v1.4.8; http://mj12bot.com/)"
217.182.134.134 - - [24/Dec/2023:06:46:39 +0100] "GET /-p-31855.html HTTP/1.0" 200 81263 "-" "Mozilla/5.0 (compatible; MJ12bot/v1.4.8; http://mj12bot.com/)"
217.182.134.134 - - [24/Dec/2023:06:46:44 +0100] "GET /-p-31916.html HTTP/1.0" 200 81263 "-" "Mozilla/5.0 (compatible; MJ12bot/v1.4.8; http://mj12bot.com/)"
217.182.134.134 - - [24/Dec/2023:06:46:51 +0100] "GET /-p-32690.html HTTP/1.0" 200 81263 "-" "Mozilla/5.0 (compatible; MJ12bot/v1.4.8; http://mj12bot.com/)"
217.182.134.134 - - [24/Dec/2023:06:46:56 +0100] "GET /-p-32731.html HTTP/1.0" 200 81263 "-" "Mozilla/5.0 (compatible; MJ12bot/v1.4.8; http://mj12bot.com/)"
217.182.134.134 - - [24/Dec/2023:06:47:02 +0100] "GET /-p-32848.html HTTP/1.0" 200 81263 "-" "Mozilla/5.0 (compatible; MJ12bot/v1.4.8; http://mj12bot.com/)"
66.249.69.199 - - [24/Dec/2023:06:47:08 +0100] "GET /images/big_prod_2/1328399282555a.jpg HTTP/1.0" 200 271 "-" "Googlebot-Image/1.0"
217.182.134.134 - - [24/Dec/2023:06:47:10 +0100] "GET /-p-33643.html HTTP/1.0" 200 81263 "-" "Mozilla/5.0 (compatible; MJ12bot/v1.4.8; http://mj12bot.com/)"
54.36.148.229 - - [24/Dec/2023:06:47:01 +0100] "GET /household-linen-c-11.html?page=57 HTTP/1.0" 200 103316 "-" "Mozilla/5.0 (compatible; AhrefsBot/7.0; +http://ahrefs.com/robot/)"
217.182.134.134 - - [24/Dec/2023:06:47:15 +0100] "GET /-p-33695.html HTTP/1.0" 200 81263 "-" "Mozilla/5.0 (compatible; MJ12bot/v1.4.8; http://mj12bot.com/)"
217.182.134.134 - - [24/Dec/2023:06:47:21 +0100] "GET /-p-36155.html HTTP/1.0" 200 81263 "-" "Mozilla/5.0 (compatible; MJ12bot/v1.4.8; http://mj12bot.com/)"
217.182.134.134 - - [24/Dec/2023:06:47:26 +0100] "GET /-p-36697.html HTTP/1.0" 200 81263 "-" "Mozilla/5.0 (compatible; MJ12bot/v1.4.8; http://mj12bot.com/)"
217.182.134.134 - - [24/Dec/2023:06:47:31 +0100] "GET /-p-37003.html HTTP/1.0" 200 81263 "-" "Mozilla/5.0 (compatible; MJ12bot/v1.4.8; http://mj12bot.com/)"
217.182.134.134 - - [24/Dec/2023:06:47:36 +0100] "GET /-p-37070.html HTTP/1.0" 200 81263 "-" "Mozilla/5.0 (compatible; MJ12bot/v1.4.8; http://mj12bot.com/)"
217.182.134.134 - - [24/Dec/2023:06:47:41 +0100] "GET /-p-37281.html HTTP/1.0" 200 81263 "-" "Mozilla/5.0 (compatible; MJ12bot/v1.4.8; http://mj12bot.com/)"
217.182.134.134 - - [24/Dec/2023:06:47:46 +0100] "GET /-p-37492.html HTTP/1.0" 200 81263 "-" "Mozilla/5.0 (compatible; MJ12bot/v1.4.8; http://mj12bot.com/)"
217.182.134.134 - - [24/Dec/2023:06:47:50 +0100] "GET /-p-38363.html HTTP/1.0" 200 81263 "-" "Mozilla/5.0 (compatible; MJ12bot/v1.4.8; http://mj12bot.com/)"
54.36.148.11 - - [24/Dec/2023:06:47:51 +0100] "GET /good-year-large-metal-plate-deco-p-43527.html HTTP/1.0" 200 83692 "-" "Mozilla/5.0 (compatible; AhrefsBot/7.0; +http://ahrefs.com/robot/)"
217.182.134.134 - - [24/Dec/2023:06:47:54 +0100] "GET /-p-38664.html HTTP/1.0" 200 81263 "-" "Mozilla/5.0 (compatible; MJ12bot/v1.4.8; http://mj12bot.com/)"
217.182.134.134 - - [24/Dec/2023:06:47:58 +0100] "GET /-p-38683.html HTTP/1.0" 200 81263 "-" "Mozilla/5.0 (compatible; MJ12bot/v1.4.8; http://mj12bot.com/)"
217.182.134.134 - - [24/Dec/2023:06:48:02 +0100] "GET /-p-38686.html HTTP/1.0" 200 81263 "-" "Mozilla/5.0 (compatible; MJ12bot/v1.4.8; http://mj12bot.com/)"
217.182.134.134 - - [24/Dec/2023:06:48:06 +0100] "GET /-p-38688.html HTTP/1.0" 200 81263 "-" "Mozilla/5.0 (compatible; MJ12bot/v1.4.8; http://mj12bot.com/)"
217.182.134.134 - - [24/Dec/2023:06:48:10 +0100] "GET /-p-38691.html HTTP/1.0" 200 81263 "-" "Mozilla/5.0 (compatible; MJ12bot/v1.4.8; http://mj12bot.com/)"
217.182.134.134 - - [24/Dec/2023:06:48:15 +0100] "GET /-p-38693.html HTTP/1.0" 200 81263 "-" "Mozilla/5.0 (compatible; MJ12bot/v1.4.8; http://mj12bot.com/)"
217.182.134.134 - - [24/Dec/2023:06:48:19 +0100] "GET /-p-38694.html HTTP/1.0" 200 81263 "-" "Mozilla/5.0 (compatible; MJ12bot/v1.4.8; http://mj12bot.com/)"
217.182.134.134 - - [24/Dec/2023:06:48:23 +0100] "GET /-p-38720.html HTTP/1.0" 200 81263 "-" "Mozilla/5.0 (compatible; MJ12bot/v1.4.8; http://mj12bot.com/)"
217.182.134.134 - - [24/Dec/2023:06:48:27 +0100] "GET /-p-38737.html HTTP/1.0" 200 81263 "-" "Mozilla/5.0 (compatible; MJ12bot/v1.4.8; http://mj12bot.com/)"
217.182.134.134 - - [24/Dec/2023:06:48:30 +0100] "GET /-p-38751.html HTTP/1.0" 200 81263 "-" "Mozilla/5.0 (compatible; MJ12bot/v1.4.8; http://mj12bot.com/)"
217.182.134.134 - - [24/Dec/2023:06:48:34 +0100] "GET /-p-38758.html HTTP/1.0" 200 81263 "-" "Mozilla/5.0 (compatible; MJ12bot/v1.4.8; http://mj12bot.com/)"
217.182.134.134 - - [24/Dec/2023:06:48:39 +0100] "GET /-p-38764.html HTTP/1.0" 200 81263 "-" "Mozilla/5.0 (compatible; MJ12bot/v1.4.8; http://mj12bot.com/)"
217.182.134.134 - - [24/Dec/2023:06:48:43 +0100] "GET /-p-38774.html HTTP/1.0" 200 81263 "-" "Mozilla/5.0 (compatible; MJ12bot/v1.4.8; http://mj12bot.com/)"
54.36.148.165 - - [24/Dec/2023:06:48:46 +0100] "GET /yoga-bolster-meditation-cushion-chakra-muladhara-p-45365.html HTTP/1.0" 200 85861 "-" "Mozilla/5.0 (compatible; AhrefsBot/7.0; +http://ahrefs.com/robot/)"
217.182.134.134 - - [24/Dec/2023:06:48:47 +0100] "GET /-p-38900.html HTTP/1.0" 200 81263 "-" "Mozilla/5.0 (compatible; MJ12bot/v1.4.8; http://mj12bot.com/)"
130.183.254.21 - - [24/Dec/2023:06:48:51 +0100] "GET /images/big_prod_1/b045544846769.jpg HTTP/1.0" 200 270 "-" "Mozilla/5.0 (X11; Ubuntu; Linux x86_64; rv:72.0) Gecko/20100101 Firefox/72.0"
130.183.254.21 - - [24/Dec/2023:06:48:52 +0100] "GET /images/big_prod_1/b045544846769.jpg HTTP/1.0" 200 270 "-" "Mozilla/5.0 (X11; Ubuntu; Linux x86_64; rv:72.0) Gecko/20100101 Firefox/72.0"
217.182.134.134 - - [24/Dec/2023:06:48:52 +0100] "GET /-p-39009.html HTTP/1.0" 200 81263 "-" "Mozilla/5.0 (compatible; MJ12bot/v1.4.8; http://mj12bot.com/)"
217.182.134.134 - - [24/Dec/2023:06:48:57 +0100] "GET /-p-39014.html HTTP/1.0" 200 81263 "-" "Mozilla/5.0 (compatible; MJ12bot/v1.4.8; http://mj12bot.com/)"
217.182.134.134 - - [24/Dec/2023:06:49:01 +0100] "GET /-p-39018.html HTTP/1.0" 200 81263 "-" "Mozilla/5.0 (compatible; MJ12bot/v1.4.8; http://mj12bot.com/)"
216.244.66.242 - - [24/Dec/2023:06:49:02 +0100] "GET /aloha-surfboard-wooden-wall-decoration-p-49186.html HTTP/1.0" 200 81405 "-" "Mozilla/5.0 (compatible; DotBot/1.2; +https://opensiteexplorer.org/dotbot; help@moz.com)"
217.182.134.134 - - [24/Dec/2023:06:49:06 +0100] "GET /-p-39055.html HTTP/1.0" 200 81263 "-" "Mozilla/5.0 (compatible; MJ12bot/v1.4.8; http://mj12bot.com/)"
217.182.134.134 - - [24/Dec/2023:06:49:11 +0100] "GET /-p-39057.html HTTP/1.0" 200 81263 "-" "Mozilla/5.0 (compatible; MJ12bot/v1.4.8; http://mj12bot.com/)"
217.182.134.134 - - [24/Dec/2023:06:49:16 +0100] "GET /-p-39076.html HTTP/1.0" 200 81263 "-" "Mozilla/5.0 (compatible; MJ12bot/v1.4.8; http://mj12bot.com/)"
217.182.134.134 - - [24/Dec/2023:06:49:21 +0100] "GET /-p-39088.html HTTP/1.0" 200 81263 "-" "Mozilla/5.0 (compatible; MJ12bot/v1.4.8; http://mj12bot.com/)"
217.182.134.134 - - [24/Dec/2023:06:49:25 +0100] "GET /-p-39093.html HTTP/1.0" 200 81263 "-" "Mozilla/5.0 (compatible; MJ12bot/v1.4.8; http://mj12bot.com/)"
217.182.134.134 - - [24/Dec/2023:06:49:31 +0100] "GET /-p-39094.html HTTP/1.0" 200 81263 "-" "Mozilla/5.0 (compatible; MJ12bot/v1.4.8; http://mj12bot.com/)"
54.36.148.187 - - [24/Dec/2023:06:49:35 +0100] "GET /with-personalized-picture-p-47057.html HTTP/1.0" 200 84192 "-" "Mozilla/5.0 (compatible; AhrefsBot/7.0; +http://ahrefs.com/robot/)"
217.182.134.134 - - [24/Dec/2023:06:49:37 +0100] "GET /-p-39138.html HTTP/1.0" 200 81263 "-" "Mozilla/5.0 (compatible; MJ12bot/v1.4.8; http://mj12bot.com/)"
216.244.66.242 - - [24/Dec/2023:06:49:41 +0100] "GET /bospherus-bridge-poster-p-27251.html HTTP/1.0" 301 81330 "-" "Mozilla/5.0 (compatible; DotBot/1.2; +https://opensiteexplorer.org/dotbot; help@moz.com)"
217.182.134.134 - - [24/Dec/2023:06:49:43 +0100] "GET /-p-39139.html HTTP/1.0" 200 81263 "-" "Mozilla/5.0 (compatible; MJ12bot/v1.4.8; http://mj12bot.com/)"
217.182.134.134 - - [24/Dec/2023:06:49:48 +0100] "GET /-p-39163.html HTTP/1.0" 200 81263 "-" "Mozilla/5.0 (compatible; MJ12bot/v1.4.8; http://mj12bot.com/)"
217.182.134.134 - - [24/Dec/2023:06:49:54 +0100] "GET /-p-39256.html HTTP/1.0" 200 81263 "-" "Mozilla/5.0 (compatible; MJ12bot/v1.4.8; http://mj12bot.com/)"
217.182.134.134 - - [24/Dec/2023:06:49:58 +0100] "GET /-p-39277.html HTTP/1.0" 200 81263 "-" "Mozilla/5.0 (compatible; MJ12bot/v1.4.8; http://mj12bot.com/)"
216.228.125.130 - - [24/Dec/2023:06:50:02 +0100] "GET /images/mini_prod/3457019600474a.jpg HTTP/1.0" 200 270 "-" "Mozilla/5.0 (X11; Ubuntu; Linux x86_64; rv:72.0) Gecko/20100101 Firefox/72.0"
217.182.134.134 - - [24/Dec/2023:06:50:02 +0100] "GET /-p-39283.html HTTP/1.0" 200 81263 "-" "Mozilla/5.0 (compatible; MJ12bot/v1.4.8; http://mj12bot.com/)"
217.182.134.134 - - [24/Dec/2023:06:50:11 +0100] "GET /-p-39305.html HTTP/1.0" 200 81263 "-" "Mozilla/5.0 (compatible; MJ12bot/v1.4.8; http://mj12bot.com/)"
216.244.66.242 - - [24/Dec/2023:06:50:14 +0100] "GET /create-your-fantasy-face-colouring-book-p-39448.html HTTP/1.0" 301 81330 "-" "Mozilla/5.0 (compatible; DotBot/1.2; +https://opensiteexplorer.org/dotbot; help@moz.com)"
217.182.134.134 - - [24/Dec/2023:06:50:17 +0100] "GET /-p-39358.html HTTP/1.0" 200 81263 "-" "Mozilla/5.0 (compatible; MJ12bot/v1.4.8; http://mj12bot.com/)"
217.182.134.134 - - [24/Dec/2023:06:50:25 +0100] "GET /-p-39387.html HTTP/1.0" 200 81263 "-" "Mozilla/5.0 (compatible; MJ12bot/v1.4.8; http://mj12bot.com/)"
54.36.148.119 - - [24/Dec/2023:06:50:27 +0100] "GET /small-ceramic-starfish-bowl-p-54823.html HTTP/1.0" 200 83646 "-" "Mozilla/5.0 (compatible; AhrefsBot/7.0; +http://ahrefs.com/robot/)"
217.182.134.134 - - [24/Dec/2023:06:50:33 +0100] "GET /-p-39405.html HTTP/1.0" 200 81263 "-" "Mozilla/5.0 (compatible; MJ12bot/v1.4.8; http://mj12bot.com/)"
217.182.134.134 - - [24/Dec/2023:06:50:40 +0100] "GET /-p-39406.html HTTP/1.0" 200 81263 "-" "Mozilla/5.0 (compatible; MJ12bot/v1.4.8; http://mj12bot.com/)"
217.182.134.134 - - [24/Dec/2023:06:50:47 +0100] "GET /-p-39416.html HTTP/1.0" 200 81263 "-" "Mozilla/5.0 (compatible; MJ12bot/v1.4.8; http://mj12bot.com/)"
216.244.66.242 - - [24/Dec/2023:06:50:47 +0100] "GET /cuba-small-steel-fridge-magnets-p-38442.html HTTP/1.0" 301 81330 "-" "Mozilla/5.0 (compatible; DotBot/1.2; +https://opensiteexplorer.org/dotbot; help@moz.com)"
217.182.134.134 - - [24/Dec/2023:06:50:54 +0100] "GET /-p-39417.html HTTP/1.0" 200 81263 "-" "Mozilla/5.0 (compatible; MJ12bot/v1.4.8; http://mj12bot.com/)"
217.182.134.134 - - [24/Dec/2023:06:51:00 +0100] "GET /-p-39428.html HTTP/1.0" 200 81263 "-" "Mozilla/5.0 (compatible; MJ12bot/v1.4.8; http://mj12bot.com/)"
217.182.134.134 - - [24/Dec/2023:06:51:06 +0100] "GET /-p-39429.html HTTP/1.0" 200 81263 "-" "Mozilla/5.0 (compatible; MJ12bot/v1.4.8; http://mj12bot.com/)"
217.182.134.134 - - [24/Dec/2023:06:51:13 +0100] "GET /-p-39448.html HTTP/1.0" 200 81263 "-" "Mozilla/5.0 (compatible; MJ12bot/v1.4.8; http://mj12bot.com/)"
54.36.148.14 - - [24/Dec/2023:06:51:17 +0100] "GET /cushion-upholstery-cover-p-56959.html HTTP/1.0" 200 83917 "-" "Mozilla/5.0 (compatible; AhrefsBot/7.0; +http://ahrefs.com/robot/)"
216.244.66.242 - - [24/Dec/2023:06:51:19 +0100] "GET /double-drink-fountain-liters-p-44950.html HTTP/1.0" 301 81330 "-" "Mozilla/5.0 (compatible; DotBot/1.2; +https://opensiteexplorer.org/dotbot; help@moz.com)"
217.182.134.134 - - [24/Dec/2023:06:51:19 +0100] "GET /-p-39809.html HTTP/1.0" 200 81263 "-" "Mozilla/5.0 (compatible; MJ12bot/v1.4.8; http://mj12bot.com/)"
217.182.134.134 - - [24/Dec/2023:06:51:29 +0100] "GET /-p-40352.html HTTP/1.0" 200 81263 "-" "Mozilla/5.0 (compatible; MJ12bot/v1.4.8; http://mj12bot.com/)"
217.182.134.134 - - [24/Dec/2023:06:51:39 +0100] "GET /-p-40354.html HTTP/1.0" 200 81263 "-" "Mozilla/5.0 (compatible; MJ12bot/v1.4.8; http://mj12bot.com/)"
217.182.134.134 - - [24/Dec/2023:06:51:47 +0100] "GET /-p-40398.html HTTP/1.0" 200 81263 "-" "Mozilla/5.0 (compatible; MJ12bot/v1.4.8; http://mj12bot.com/)"
216.244.66.242 - - [24/Dec/2023:06:51:52 +0100] "GET /fish-bank-cutting-board-p-39844.html HTTP/1.0" 301 81330 "-" "Mozilla/5.0 (compatible; DotBot/1.2; +https://opensiteexplorer.org/dotbot; help@moz.com)"
217.182.134.134 - - [24/Dec/2023:06:51:54 +0100] "GET /-p-40426.html HTTP/1.0" 200 81263 "-" "Mozilla/5.0 (compatible; MJ12bot/v1.4.8; http://mj12bot.com/)"
217.182.134.134 - - [24/Dec/2023:06:52:01 +0100] "GET /-p-40430.html HTTP/1.0" 200 81263 "-" "Mozilla/5.0 (compatible; MJ12bot/v1.4.8; http://mj12bot.com/)"
54.36.148.67 - - [24/Dec/2023:06:52:04 +0100] "GET /lego-star-wars-polar-blanket-p-49677.html HTTP/1.0" 200 84316 "-" "Mozilla/5.0 (compatible; AhrefsBot/7.0; +http://ahrefs.com/robot/)"
85.208.96.196 - - [24/Dec/2023:06:52:07 +0100] "GET /robots.txt HTTP/1.0" 200 245 "-" "Mozilla/5.0 (compatible; SemrushBot/7~bl; +http://www.semrush.com/bot.html)"
85.208.96.201 - - [24/Dec/2023:06:52:08 +0100] "GET /-p-41702.html HTTP/1.0" 200 81263 "-" "Mozilla/5.0 (compatible; SemrushBot/7~bl; +http://www.semrush.com/bot.html)"
217.182.134.134 - - [24/Dec/2023:06:52:08 +0100] "GET /-p-40432.html HTTP/1.0" 200 81263 "-" "Mozilla/5.0 (compatible; MJ12bot/v1.4.8; http://mj12bot.com/)"
217.182.134.134 - - [24/Dec/2023:06:52:15 +0100] "GET /-p-40452.html HTTP/1.0" 200 81263 "-" "Mozilla/5.0 (compatible; MJ12bot/v1.4.8; http://mj12bot.com/)"
217.182.134.134 - - [24/Dec/2023:06:52:21 +0100] "GET /-p-40457.html HTTP/1.0" 200 81263 "-" "Mozilla/5.0 (compatible; MJ12bot/v1.4.8; http://mj12bot.com/)"
216.244.66.242 - - [24/Dec/2023:06:52:21 +0100] "GET /gorjuss-dear-alice-card-holder-p-26471.html HTTP/1.0" 301 81330 "-" "Mozilla/5.0 (compatible; DotBot/1.2; +https://opensiteexplorer.org/dotbot; help@moz.com)"
217.182.134.134 - - [24/Dec/2023:06:52:26 +0100] "GET /-p-40458.html HTTP/1.0" 200 81263 "-" "Mozilla/5.0 (compatible; MJ12bot/v1.4.8; http://mj12bot.com/)"
217.182.134.134 - - [24/Dec/2023:06:52:32 +0100] "GET /-p-40486.html HTTP/1.0" 200 81263 "-" "Mozilla/5.0 (compatible; MJ12bot/v1.4.8; http://mj12bot.com/)"
217.182.134.134 - - [24/Dec/2023:06:52:37 +0100] "GET /-p-40494.html HTTP/1.0" 200 81263 "-" "Mozilla/5.0 (compatible; MJ12bot/v1.4.8; http://mj12bot.com/)"
217.182.134.134 - - [24/Dec/2023:06:52:41 +0100] "GET /-p-41122.html HTTP/1.0" 200 81263 "-" "Mozilla/5.0 (compatible; MJ12bot/v1.4.8; http://mj12bot.com/)"
217.182.134.134 - - [24/Dec/2023:06:52:47 +0100] "GET /-p-41203.html HTTP/1.0" 200 81263 "-" "Mozilla/5.0 (compatible; MJ12bot/v1.4.8; http://mj12bot.com/)"
216.244.66.242 - - [24/Dec/2023:06:52:50 +0100] "GET /kimmidoll-hideka-vanity-collection-p-42464.html HTTP/1.0" 200 81424 "-" "Mozilla/5.0 (compatible; DotBot/1.2; +https://opensiteexplorer.org/dotbot; help@moz.com)"
217.182.134.134 - - [24/Dec/2023:06:52:51 +0100] "GET /-p-41204.html HTTP/1.0" 200 81263 "-" "Mozilla/5.0 (compatible; MJ12bot/v1.4.8; http://mj12bot.com/)"
54.36.148.45 - - [24/Dec/2023:06:52:51 +0100] "GET /quartz-globe-diameter-base-p-50601.html HTTP/1.0" 200 84405 "-" "Mozilla/5.0 (compatible; AhrefsBot/7.0; +http://ahrefs.com/robot/)"
217.182.134.134 - - [24/Dec/2023:06:52:56 +0100] "GET /-p-41278.html HTTP/1.0" 200 81263 "-" "Mozilla/5.0 (compatible; MJ12bot/v1.4.8; http://mj12bot.com/)"
217.182.134.134 - - [24/Dec/2023:06:53:01 +0100] "GET /-p-41280.html HTTP/1.0" 200 81263 "-" "Mozilla/5.0 (compatible; MJ12bot/v1.4.8; http://mj12bot.com/)"
217.182.134.134 - - [24/Dec/2023:06:53:05 +0100] "GET /-p-41281.html HTTP/1.0" 200 81263 "-" "Mozilla/5.0 (compatible; MJ12bot/v1.4.8; http://mj12bot.com/)"
217.182.134.134 - - [24/Dec/2023:06:53:09 +0100] "GET /-p-41284.html HTTP/1.0" 200 81263 "-" "Mozilla/5.0 (compatible; MJ12bot/v1.4.8; http://mj12bot.com/)"
217.182.134.134 - - [24/Dec/2023:06:53:13 +0100] "GET /-p-41285.html HTTP/1.0" 200 81263 "-" "Mozilla/5.0 (compatible; MJ12bot/v1.4.8; http://mj12bot.com/)"
217.182.134.134 - - [24/Dec/2023:06:53:17 +0100] "GET /-p-41286.html HTTP/1.0" 200 81263 "-" "Mozilla/5.0 (compatible; MJ12bot/v1.4.8; http://mj12bot.com/)"
216.244.66.242 - - [24/Dec/2023:06:53:17 +0100] "GET /metal-beer-bucket-with-bottle-opener-p-34884.html HTTP/1.0" 200 81434 "-" "Mozilla/5.0 (compatible; DotBot/1.2; +https://opensiteexplorer.org/dotbot; help@moz.com)"
217.182.134.134 - - [24/Dec/2023:06:53:21 +0100] "GET /-p-41295.html HTTP/1.0" 200 81263 "-" "Mozilla/5.0 (compatible; MJ12bot/v1.4.8; http://mj12bot.com/)"
217.182.134.134 - - [24/Dec/2023:06:53:24 +0100] "GET /-p-41309.html HTTP/1.0" 200 81263 "-" "Mozilla/5.0 (compatible; MJ12bot/v1.4.8; http://mj12bot.com/)"
217.182.134.134 - - [24/Dec/2023:06:53:28 +0100] "GET /-p-41311.html HTTP/1.0" 200 81263 "-" "Mozilla/5.0 (compatible; MJ12bot/v1.4.8; http://mj12bot.com/)"
217.182.134.134 - - [24/Dec/2023:06:53:32 +0100] "GET /-p-41318.html HTTP/1.0" 200 81263 "-" "Mozilla/5.0 (compatible; MJ12bot/v1.4.8; http://mj12bot.com/)"
217.182.134.134 - - [24/Dec/2023:06:53:35 +0100] "GET /-p-41320.html HTTP/1.0" 200 81263 "-" "Mozilla/5.0 (compatible; MJ12bot/v1.4.8; http://mj12bot.com/)"
217.182.134.134 - - [24/Dec/2023:06:53:39 +0100] "GET /-p-41323.html HTTP/1.0" 200 81263 "-" "Mozilla/5.0 (compatible; MJ12bot/v1.4.8; http://mj12bot.com/)"
216.244.66.242 - - [24/Dec/2023:06:53:43 +0100] "GET /stole-your-heart-gorjuss-post-card-p-34618.html HTTP/1.0" 301 81330 "-" "Mozilla/5.0 (compatible; DotBot/1.2; +https://opensiteexplorer.org/dotbot; help@moz.com)"
217.182.134.134 - - [24/Dec/2023:06:53:43 +0100] "GET /-p-41438.html HTTP/1.0" 200 81263 "-" "Mozilla/5.0 (compatible; MJ12bot/v1.4.8; http://mj12bot.com/)"
217.182.134.134 - - [24/Dec/2023:06:53:47 +0100] "GET /-p-41444.html HTTP/1.0" 200 81263 "-" "Mozilla/5.0 (compatible; MJ12bot/v1.4.8; http://mj12bot.com/)"
217.182.134.134 - - [24/Dec/2023:06:53:51 +0100] "GET /-p-41470.html HTTP/1.0" 200 81263 "-" "Mozilla/5.0 (compatible; MJ12bot/v1.4.8; http://mj12bot.com/)"
217.182.134.134 - - [24/Dec/2023:06:53:55 +0100] "GET /-p-41511.html HTTP/1.0" 200 81263 "-" "Mozilla/5.0 (compatible; MJ12bot/v1.4.8; http://mj12bot.com/)"
54.36.149.58 - - [24/Dec/2023:06:53:45 +0100] "GET /luggages-schoolbags-leather-shop-c-31.html?page=43 HTTP/1.0" 200 103650 "-" "Mozilla/5.0 (compatible; AhrefsBot/7.0; +http://ahrefs.com/robot/)"
217.182.134.134 - - [24/Dec/2023:06:53:59 +0100] "GET /-p-41574.html HTTP/1.0" 200 81263 "-" "Mozilla/5.0 (compatible; MJ12bot/v1.4.8; http://mj12bot.com/)"
217.182.134.134 - - [24/Dec/2023:06:54:03 +0100] "GET /-p-41915.html HTTP/1.0" 200 81263 "-" "Mozilla/5.0 (compatible; MJ12bot/v1.4.8; http://mj12bot.com/)"
217.182.134.134 - - [24/Dec/2023:06:54:06 +0100] "GET /-p-41918.html HTTP/1.0" 200 81263 "-" "Mozilla/5.0 (compatible; MJ12bot/v1.4.8; http://mj12bot.com/)"
217.182.134.134 - - [24/Dec/2023:06:54:10 +0100] "GET /-p-42228.html HTTP/1.0" 200 81263 "-" "Mozilla/5.0 (compatible; MJ12bot/v1.4.8; http://mj12bot.com/)"
217.182.134.134 - - [24/Dec/2023:06:54:14 +0100] "GET /-p-42400.html HTTP/1.0" 200 81263 "-" "Mozilla/5.0 (compatible; MJ12bot/v1.4.8; http://mj12bot.com/)"
217.182.134.134 - - [24/Dec/2023:06:54:18 +0100] "GET /-p-42599.html HTTP/1.0" 200 81263 "-" "Mozilla/5.0 (compatible; MJ12bot/v1.4.8; http://mj12bot.com/)"
