34.76.224.74 - - [24/Dec/2023:04:58:25 +0100] "GET /unicorn-shaped-night-light-p-52919.html HTTP/1.0" 200 84306 "-" "Mozilla/5.0 (compatible; VelenPublicWebCrawler/1.0; +https://velen.io)"
54.36.148.80 - - [24/Dec/2023:04:58:29 +0100] "GET /polar-blanket-p-56973.html HTTP/1.0" 200 84280 "-" "Mozilla/5.0 (compatible; AhrefsBot/7.0; +http://ahrefs.com/robot/)"
34.76.224.74 - - [24/Dec/2023:04:58:31 +0100] "GET /koala-nightlight-p-53123.html HTTP/1.0" 200 84581 "-" "Mozilla/5.0 (compatible; VelenPublicWebCrawler/1.0; +https://velen.io)"
34.76.224.74 - - [24/Dec/2023:04:58:36 +0100] "GET /koala-nightlight-pink-p-55360.html HTTP/1.0" 200 84663 "-" "Mozilla/5.0 (compatible; VelenPublicWebCrawler/1.0; +https://velen.io)"
34.76.224.74 - - [24/Dec/2023:04:58:41 +0100] "GET /unicorn-nightlight-p-53119.html HTTP/1.0" 200 84799 "-" "Mozilla/5.0 (compatible; VelenPublicWebCrawler/1.0; +https://velen.io)"
34.76.224.74 - - [24/Dec/2023:04:58:47 +0100] "GET /night-light-narval-color-variation-p-59659.html HTTP/1.0" 200 84972 "-" "Mozilla/5.0 (compatible; VelenPublicWebCrawler/1.0; +https://velen.io)"
34.76.224.74 - - [24/Dec/2023:04:58:52 +0100] "GET /rhinoceros-color-variation-night-light-p-59658.html HTTP/1.0" 200 85494 "-" "Mozilla/5.0 (compatible; VelenPublicWebCrawler/1.0; +https://velen.io)"
34.76.224.74 - - [24/Dec/2023:04:58:57 +0100] "GET /unicorn-nightlight-p-55359.html HTTP/1.0" 200 84804 "-" "Mozilla/5.0 (compatible; VelenPublicWebCrawler/1.0; +https://velen.io)"
216.228.125.130 - - [24/Dec/2023:04:59:03 +0100] "GET /images/mini_prod/1384010183571BB.jpg HTTP/1.0" 200 271 "-" "Mozilla/5.0 (X11; Ubuntu; Linux x86_64; rv:72.0) Gecko/20100101 Firefox/72.0"
34.76.224.74 - - [24/Dec/2023:04:59:02 +0100] "GET /nightlight-shaped-rabbit-multicolor-p-37825.html HTTP/1.0" 200 84632 "-" "Mozilla/5.0 (compatible; VelenPublicWebCrawler/1.0; +https://velen.io)"
34.76.224.74 - - [24/Dec/2023:04:59:08 +0100] "GET /dinosaur-nightlight-p-53121.html HTTP/1.0" 200 84801 "-" "Mozilla/5.0 (compatible; VelenPublicWebCrawler/1.0; +https://velen.io)"
34.76.224.74 - - [24/Dec/2023:04:59:13 +0100] "GET /europe-england-travel-adapter-p-58669.html HTTP/1.0" 200 84717 "-" "Mozilla/5.0 (compatible; VelenPublicWebCrawler/1.0; +https://velen.io)"
34.76.224.74 - - [24/Dec/2023:04:59:20 +0100] "GET /plastic-fiber-lamp-p-48682.html HTTP/1.0" 200 84280 "-" "Mozilla/5.0 (compatible; VelenPublicWebCrawler/1.0; +https://velen.io)"
34.76.224.74 - - [24/Dec/2023:04:59:25 +0100] "GET /astronaut-lamp-p-52987.html HTTP/1.0" 200 83643 "-" "Mozilla/5.0 (compatible; VelenPublicWebCrawler/1.0; +https://velen.io)"
40.77.167.26 - - [24/Dec/2023:04:59:11 +0100] "GET /mugs-mazagrans-c-12_57.html HTTP/1.0" 200 105461 "-" "Mozilla/5.0 AppleWebKit/537.36 (KHTML, like Gecko; compatible; bingbot/2.0; +http://www.bing.com/bingbot.htm) Chrome/116.0.1938.76 Safari/537.36"
54.36.148.35 - - [24/Dec/2023:04:59:25 +0100] "GET /cotton-floor-cushion-houston-p-60447.html HTTP/1.0" 200 84798 "-" "Mozilla/5.0 (compatible; AhrefsBot/7.0; +http://ahrefs.com/robot/)"
34.76.224.74 - - [24/Dec/2023:04:59:29 +0100] "GET /lamp-buddha-green-p-44890.html HTTP/1.0" 200 83703 "-" "Mozilla/5.0 (compatible; VelenPublicWebCrawler/1.0; +https://velen.io)"
34.76.224.74 - - [24/Dec/2023:04:59:34 +0100] "GET /lamp-buddha-pink-p-44891.html HTTP/1.0" 200 84757 "-" "Mozilla/5.0 (compatible; VelenPublicWebCrawler/1.0; +https://velen.io)"
34.76.224.74 - - [24/Dec/2023:04:59:39 +0100] "GET /mini-bright-christmas-p-38256.html HTTP/1.0" 200 83692 "-" "Mozilla/5.0 (compatible; VelenPublicWebCrawler/1.0; +https://velen.io)"
34.76.224.74 - - [24/Dec/2023:04:59:44 +0100] "GET /handy-manny-disney-table-lamp-p-24750.html HTTP/1.0" 200 83907 "-" "Mozilla/5.0 (compatible; VelenPublicWebCrawler/1.0; +https://velen.io)"
34.76.224.74 - - [24/Dec/2023:04:59:49 +0100] "GET /labrador-puppies-bedside-lamp-p-26616.html HTTP/1.0" 200 83739 "-" "Mozilla/5.0 (compatible; VelenPublicWebCrawler/1.0; +https://velen.io)"
34.76.224.74 - - [24/Dec/2023:04:59:54 +0100] "GET /dark-gray-sandstone-lamp-p-56457.html HTTP/1.0" 200 84376 "-" "Mozilla/5.0 (compatible; VelenPublicWebCrawler/1.0; +https://velen.io)"
34.76.224.74 - - [24/Dec/2023:04:59:59 +0100] "GET /transportable-black-table-lamp-p-56448.html HTTP/1.0" 200 84441 "-" "Mozilla/5.0 (compatible; VelenPublicWebCrawler/1.0; +https://velen.io)"
34.76.224.74 - - [24/Dec/2023:05:00:05 +0100] "GET /transportable-light-brown-table-lamp-p-56450.html HTTP/1.0" 200 84501 "-" "Mozilla/5.0 (compatible; VelenPublicWebCrawler/1.0; +https://velen.io)"
34.76.224.74 - - [24/Dec/2023:05:00:15 +0100] "GET /ecru-sandstone-lamp-p-56455.html HTTP/1.0" 200 84363 "-" "Mozilla/5.0 (compatible; VelenPublicWebCrawler/1.0; +https://velen.io)"
34.76.224.74 - - [24/Dec/2023:05:00:21 +0100] "GET /pink-lamp-spirit-charger-p-40380.html HTTP/1.0" 200 83837 "-" "Mozilla/5.0 (compatible; VelenPublicWebCrawler/1.0; +https://velen.io)"
34.76.224.74 - - [24/Dec/2023:05:00:27 +0100] "GET /ceramic-lamp-dark-grey-p-60823.html HTTP/1.0" 200 84780 "-" "Mozilla/5.0 (compatible; VelenPublicWebCrawler/1.0; +https://velen.io)"
34.76.224.74 - - [24/Dec/2023:05:00:33 +0100] "GET /ceramic-lamp-grey-p-60821.html HTTP/1.0" 200 84725 "-" "Mozilla/5.0 (compatible; VelenPublicWebCrawler/1.0; +https://velen.io)"
54.36.148.38 - - [24/Dec/2023:05:00:21 +0100] "GET /fragrances-ambiance-c-231.html?page=8 HTTP/1.0" 200 103329 "-" "Mozilla/5.0 (compatible; AhrefsBot/7.0; +http://ahrefs.com/robot/)"
34.76.224.74 - - [24/Dec/2023:05:00:39 +0100] "GET /ceramic-lamp-light-grey-p-60824.html HTTP/1.0" 200 84579 "-" "Mozilla/5.0 (compatible; VelenPublicWebCrawler/1.0; +https://velen.io)"
34.76.224.74 - - [24/Dec/2023:05:00:46 +0100] "GET /ceramic-lamp-white-p-60822.html HTTP/1.0" 200 84736 "-" "Mozilla/5.0 (compatible; VelenPublicWebCrawler/1.0; +https://velen.io)"
34.76.224.74 - - [24/Dec/2023:05:00:52 +0100] "GET /lamp-metal-wood-p-61371.html HTTP/1.0" 200 84994 "-" "Mozilla/5.0 (compatible; VelenPublicWebCrawler/1.0; +https://velen.io)"
34.76.224.74 - - [24/Dec/2023:05:00:58 +0100] "GET /route-small-lamp-p-29403.html HTTP/1.0" 200 83783 "-" "Mozilla/5.0 (compatible; VelenPublicWebCrawler/1.0; +https://velen.io)"
34.76.224.74 - - [24/Dec/2023:05:01:03 +0100] "GET /hello-kitty-wall-light-p-11191.html HTTP/1.0" 200 83778 "-" "Mozilla/5.0 (compatible; VelenPublicWebCrawler/1.0; +https://velen.io)"
40.77.167.26 - - [24/Dec/2023:05:01:08 +0100] "GET /german-vintage-flag-p-38268.html HTTP/1.0" 200 83616 "-" "Mozilla/5.0 AppleWebKit/537.36 (KHTML, like Gecko; compatible; bingbot/2.0; +http://www.bing.com/bingbot.htm) Chrome/116.0.1938.76 Safari/537.36"
34.76.224.74 - - [24/Dec/2023:05:01:09 +0100] "GET /planes-ceiling-light-p-33143.html HTTP/1.0" 200 83984 "-" "Mozilla/5.0 (compatible; VelenPublicWebCrawler/1.0; +https://velen.io)"
34.76.224.74 - - [24/Dec/2023:05:01:15 +0100] "GET /dora-explorater-vertical-wall-light-glass-p-18755.html HTTP/1.0" 200 84108 "-" "Mozilla/5.0 (compatible; VelenPublicWebCrawler/1.0; +https://velen.io)"
54.36.149.60 - - [24/Dec/2023:05:01:17 +0100] "GET /deco-soapstone-tree-life-blue-p-53789.html HTTP/1.0" 200 84553 "-" "Mozilla/5.0 (compatible; AhrefsBot/7.0; +http://ahrefs.com/robot/)"
34.76.224.74 - - [24/Dec/2023:05:01:20 +0100] "GET /russian-doll-blue-figure-p-27616.html HTTP/1.0" 200 83767 "-" "Mozilla/5.0 (compatible; VelenPublicWebCrawler/1.0; +https://velen.io)"
34.76.224.74 - - [24/Dec/2023:05:01:26 +0100] "GET /russian-doll-green-figure-p-27615.html HTTP/1.0" 200 83776 "-" "Mozilla/5.0 (compatible; VelenPublicWebCrawler/1.0; +https://velen.io)"
34.76.224.74 - - [24/Dec/2023:05:01:31 +0100] "GET /russian-doll-pink-figure-p-27614.html HTTP/1.0" 200 83768 "-" "Mozilla/5.0 (compatible; VelenPublicWebCrawler/1.0; +https://velen.io)"
124.156.183.238 - - [24/Dec/2023:05:01:36 +0100] "GET /images/mini_prod/3661443279193.jpg HTTP/1.0" 200 269 "-" "Mozilla/5.0 (X11; Ubuntu; Linux x86_64; rv:72.0) Gecko/20100101 Firefox/72.0"
34.76.224.74 - - [24/Dec/2023:05:01:36 +0100] "GET /little-buddha-happy-statue-p-37710.html HTTP/1.0" 200 83800 "-" "Mozilla/5.0 (compatible; VelenPublicWebCrawler/1.0; +https://velen.io)"
34.76.224.74 - - [24/Dec/2023:05:01:42 +0100] "GET /solar-powered-sunflower-dancing-p-33552.html HTTP/1.0" 200 84018 "-" "Mozilla/5.0 (compatible; VelenPublicWebCrawler/1.0; +https://velen.io)"
34.76.224.74 - - [24/Dec/2023:05:01:47 +0100] "GET /sumo-solar-powered-dancing-p-33550.html HTTP/1.0" 200 83981 "-" "Mozilla/5.0 (compatible; VelenPublicWebCrawler/1.0; +https://velen.io)"
34.76.224.74 - - [24/Dec/2023:05:01:52 +0100] "GET /santa-claus-solar-powered-dancing-p-33073.html HTTP/1.0" 200 84041 "-" "Mozilla/5.0 (compatible; VelenPublicWebCrawler/1.0; +https://velen.io)"
34.76.224.74 - - [24/Dec/2023:05:01:57 +0100] "GET /white-decorative-statue-p-31563.html HTTP/1.0" 200 83778 "-" "Mozilla/5.0 (compatible; VelenPublicWebCrawler/1.0; +https://velen.io)"
34.76.224.74 - - [24/Dec/2023:05:02:02 +0100] "GET /lucky-solar-figurine-p-59447.html HTTP/1.0" 200 84603 "-" "Mozilla/5.0 (compatible; VelenPublicWebCrawler/1.0; +https://velen.io)"
34.76.224.74 - - [24/Dec/2023:05:02:07 +0100] "GET /lucky-solar-figurine-p-59448.html HTTP/1.0" 200 84406 "-" "Mozilla/5.0 (compatible; VelenPublicWebCrawler/1.0; +https://velen.io)"
34.76.224.74 - - [24/Dec/2023:05:02:13 +0100] "GET /decorative-fruit-figurine-cherry-glossy-white-p-52716.html HTTP/1.0" 200 83995 "-" "Mozilla/5.0 (compatible; VelenPublicWebCrawler/1.0; +https://velen.io)"
54.36.149.94 - - [24/Dec/2023:05:02:15 +0100] "GET /large-ethnic-elephant-storage-p-57346.html HTTP/1.0" 200 84857 "-" "Mozilla/5.0 (compatible; AhrefsBot/7.0; +http://ahrefs.com/robot/)"
34.76.224.74 - - [24/Dec/2023:05:02:19 +0100] "GET /decorative-fruit-figurine-cherry-matte-white-p-52715.html HTTP/1.0" 200 83980 "-" "Mozilla/5.0 (compatible; VelenPublicWebCrawler/1.0; +https://velen.io)"
34.76.224.74 - - [24/Dec/2023:05:02:24 +0100] "GET /decorative-word-wood-apro-p-60410.html HTTP/1.0" 200 84485 "-" "Mozilla/5.0 (compatible; VelenPublicWebCrawler/1.0; +https://velen.io)"
34.76.224.74 - - [24/Dec/2023:05:02:29 +0100] "GET /decorative-word-wood-p-60411.html HTTP/1.0" 200 84452 "-" "Mozilla/5.0 (compatible; VelenPublicWebCrawler/1.0; +https://velen.io)"
34.76.224.74 - - [24/Dec/2023:05:02:33 +0100] "GET /decorative-statuette-p-54215.html HTTP/1.0" 200 83739 "-" "Mozilla/5.0 (compatible; VelenPublicWebCrawler/1.0; +https://velen.io)"
34.76.224.74 - - [24/Dec/2023:05:02:38 +0100] "GET /moai-statue-p-54268.html HTTP/1.0" 200 84249 "-" "Mozilla/5.0 (compatible; VelenPublicWebCrawler/1.0; +https://velen.io)"
34.76.224.74 - - [24/Dec/2023:05:02:43 +0100] "GET /resin-statue-little-monk-pink-dress-p-51509.html HTTP/1.0" 200 83868 "-" "Mozilla/5.0 (compatible; VelenPublicWebCrawler/1.0; +https://velen.io)"
34.76.224.74 - - [24/Dec/2023:05:02:48 +0100] "GET /tweety-figurine-p-45055.html HTTP/1.0" 200 83677 "-" "Mozilla/5.0 (compatible; VelenPublicWebCrawler/1.0; +https://velen.io)"
34.76.224.74 - - [24/Dec/2023:05:02:53 +0100] "GET /decorative-word-wood-p-60413.html HTTP/1.0" 200 84470 "-" "Mozilla/5.0 (compatible; VelenPublicWebCrawler/1.0; +https://velen.io)"
34.76.224.74 - - [24/Dec/2023:05:02:58 +0100] "GET /decorative-word-wood-cuisine-p-60412.html HTTP/1.0" 200 84501 "-" "Mozilla/5.0 (compatible; VelenPublicWebCrawler/1.0; +https://velen.io)"
34.76.224.74 - - [24/Dec/2023:05:03:02 +0100] "GET /small-buddhist-monk-pink-dress-p-46806.html HTTP/1.0" 200 84498 "-" "Mozilla/5.0 (compatible; VelenPublicWebCrawler/1.0; +https://velen.io)"
34.76.224.74 - - [24/Dec/2023:05:03:08 +0100] "GET /buddhist-monk-decoration-p-59833.html HTTP/1.0" 200 84825 "-" "Mozilla/5.0 (compatible; VelenPublicWebCrawler/1.0; +https://velen.io)"
34.76.224.74 - - [24/Dec/2023:05:03:14 +0100] "GET /buddhist-little-monk-meditation-p-46808.html HTTP/1.0" 200 83895 "-" "Mozilla/5.0 (compatible; VelenPublicWebCrawler/1.0; +https://velen.io)"
40.77.167.108 - - [24/Dec/2023:05:03:21 +0100] "GET /robots.txt HTTP/1.0" 200 245 "-" "Mozilla/5.0 AppleWebKit/537.36 (KHTML, like Gecko; compatible; bingbot/2.0; +http://www.bing.com/bingbot.htm) Chrome/116.0.1938.76 Safari/537.36"
34.76.224.74 - - [24/Dec/2023:05:03:20 +0100] "GET /golden-resin-figurine-hand-buddha-p-59074.html HTTP/1.0" 200 84947 "-" "Mozilla/5.0 (compatible; VelenPublicWebCrawler/1.0; +https://velen.io)"
54.36.149.55 - - [24/Dec/2023:05:03:09 +0100] "GET /mini-trays-c-12_159_260.html?page=3 HTTP/1.0" 200 103738 "-" "Mozilla/5.0 (compatible; AhrefsBot/7.0; +http://ahrefs.com/robot/)"
34.76.224.74 - - [24/Dec/2023:05:03:25 +0100] "GET /decoration-buddhist-monk-prayer-p-59834.html HTTP/1.0" 200 84960 "-" "Mozilla/5.0 (compatible; VelenPublicWebCrawler/1.0; +https://velen.io)"
34.76.224.74 - - [24/Dec/2023:05:03:30 +0100] "GET /decoration-pose-small-monks-p-60104.html HTTP/1.0" 200 83820 "-" "Mozilla/5.0 (compatible; VelenPublicWebCrawler/1.0; +https://velen.io)"
52.167.144.166 - - [24/Dec/2023:05:03:35 +0100] "GET /-p-29920.html HTTP/1.0" 200 81263 "-" "Mozilla/5.0 AppleWebKit/537.36 (KHTML, like Gecko; compatible; bingbot/2.0; +http://www.bing.com/bingbot.htm) Chrome/116.0.1938.76 Safari/537.36"
34.76.224.74 - - [24/Dec/2023:05:03:35 +0100] "GET /monks-wisdom-table-decoration-p-60103.html HTTP/1.0" 200 83835 "-" "Mozilla/5.0 (compatible; VelenPublicWebCrawler/1.0; +https://velen.io)"
34.76.224.74 - - [24/Dec/2023:05:03:41 +0100] "GET /little-resin-monk-p-56786.html HTTP/1.0" 200 84485 "-" "Mozilla/5.0 (compatible; VelenPublicWebCrawler/1.0; +https://velen.io)"
40.77.167.26 - - [24/Dec/2023:05:03:31 +0100] "GET /alarms-clocks-c-13_65.html?page=4 HTTP/1.0" 200 90928 "-" "Mozilla/5.0 AppleWebKit/537.36 (KHTML, like Gecko; compatible; bingbot/2.0; +http://www.bing.com/bingbot.htm) Chrome/116.0.1938.76 Safari/537.36"
34.76.224.74 - - [24/Dec/2023:05:03:46 +0100] "GET /ceramic-statues-trio-small-buddhist-monks-p-60356.html HTTP/1.0" 200 85201 "-" "Mozilla/5.0 (compatible; VelenPublicWebCrawler/1.0; +https://velen.io)"
34.76.224.74 - - [24/Dec/2023:05:03:52 +0100] "GET /buddha-fiberglass-gray-statue-p-37580.html HTTP/1.0" 200 83828 "-" "Mozilla/5.0 (compatible; VelenPublicWebCrawler/1.0; +https://velen.io)"
34.76.224.74 - - [24/Dec/2023:05:03:56 +0100] "GET /buddha-head-resin-statue-p-56155.html HTTP/1.0" 200 84530 "-" "Mozilla/5.0 (compatible; VelenPublicWebCrawler/1.0; +https://velen.io)"
34.76.224.74 - - [24/Dec/2023:05:03:59 +0100] "GET /buddhist-monk-decoration-p-59835.html HTTP/1.0" 200 84922 "-" "Mozilla/5.0 (compatible; VelenPublicWebCrawler/1.0; +https://velen.io)"
34.76.224.74 - - [24/Dec/2023:05:04:02 +0100] "GET /statuette-buddha-abundance-wooden-p-50582.html HTTP/1.0" 200 84729 "-" "Mozilla/5.0 (compatible; VelenPublicWebCrawler/1.0; +https://velen.io)"
34.76.224.74 - - [24/Dec/2023:05:04:06 +0100] "GET /resin-statue-little-monk-blue-dress-p-52809.html HTTP/1.0" 200 83852 "-" "Mozilla/5.0 (compatible; VelenPublicWebCrawler/1.0; +https://velen.io)"
54.36.148.150 - - [24/Dec/2023:05:04:06 +0100] "GET /trolley-backpack-gorjuss-catch-falling-star-p-52368.html HTTP/1.0" 200 85042 "-" "Mozilla/5.0 (compatible; AhrefsBot/7.0; +http://ahrefs.com/robot/)"
34.76.224.74 - - [24/Dec/2023:05:04:09 +0100] "GET /ceramic-statues-trio-small-buddhist-monks-p-60357.html HTTP/1.0" 200 85201 "-" "Mozilla/5.0 (compatible; VelenPublicWebCrawler/1.0; +https://velen.io)"
34.76.224.74 - - [24/Dec/2023:05:04:13 +0100] "GET /buddha-happy-statue-p-38432.html HTTP/1.0" 200 83751 "-" "Mozilla/5.0 (compatible; VelenPublicWebCrawler/1.0; +https://velen.io)"
34.76.224.74 - - [24/Dec/2023:05:04:17 +0100] "GET /buddha-decorative-statuette-terracotta-p-58712.html HTTP/1.0" 200 84758 "-" "Mozilla/5.0 (compatible; VelenPublicWebCrawler/1.0; +https://velen.io)"
34.76.224.74 - - [24/Dec/2023:05:04:21 +0100] "GET /gold-turquoise-buddha-statue-p-60485.html HTTP/1.0" 200 84731 "-" "Mozilla/5.0 (compatible; VelenPublicWebCrawler/1.0; +https://velen.io)"
40.77.167.26 - - [24/Dec/2023:05:04:22 +0100] "GET /soft-toys-security-blanket-c-4_46.html?page=2 HTTP/1.0" 301 103103 "-" "Mozilla/5.0 AppleWebKit/537.36 (KHTML, like Gecko; compatible; bingbot/2.0; +http://www.bing.com/bingbot.htm) Chrome/116.0.1938.76 Safari/537.36"
34.76.224.74 - - [24/Dec/2023:05:04:24 +0100] "GET /namaste-mudra-hands-with-sand-colored-buddhas-statuettes-p-60414.html HTTP/1.0" 200 84787 "-" "Mozilla/5.0 (compatible; VelenPublicWebCrawler/1.0; +https://velen.io)"
34.76.224.74 - - [24/Dec/2023:05:04:29 +0100] "GET /tweety-fireman-figurine-p-31926.html HTTP/1.0" 200 83715 "-" "Mozilla/5.0 (compatible; VelenPublicWebCrawler/1.0; +https://velen.io)"
34.76.224.74 - - [24/Dec/2023:05:04:32 +0100] "GET /tweety-karate-resin-figurine-p-42865.html HTTP/1.0" 200 83755 "-" "Mozilla/5.0 (compatible; VelenPublicWebCrawler/1.0; +https://velen.io)"
34.76.224.74 - - [24/Dec/2023:05:04:35 +0100] "GET /tweety-pirate-figurine-p-35360.html HTTP/1.0" 200 83707 "-" "Mozilla/5.0 (compatible; VelenPublicWebCrawler/1.0; +https://velen.io)"
34.76.224.74 - - [24/Dec/2023:05:04:39 +0100] "GET /tweety-tennis-figurine-p-35358.html HTTP/1.0" 200 83707 "-" "Mozilla/5.0 (compatible; VelenPublicWebCrawler/1.0; +https://velen.io)"
34.76.224.74 - - [24/Dec/2023:05:04:43 +0100] "GET /tweety-referee-figurine-p-31925.html HTTP/1.0" 200 83715 "-" "Mozilla/5.0 (compatible; VelenPublicWebCrawler/1.0; +https://velen.io)"
34.76.224.74 - - [24/Dec/2023:05:04:48 +0100] "GET /tweety-halloween-figurine-p-35359.html HTTP/1.0" 200 83731 "-" "Mozilla/5.0 (compatible; VelenPublicWebCrawler/1.0; +https://velen.io)"
34.76.224.74 - - [24/Dec/2023:05:04:52 +0100] "GET /wunzees-doll-series-ginger-giraffe-p-45115.html HTTP/1.0" 200 84579 "-" "Mozilla/5.0 (compatible; VelenPublicWebCrawler/1.0; +https://velen.io)"
34.76.224.74 - - [24/Dec/2023:05:04:56 +0100] "GET /candy-cloud-unicorn-dasha-p-49788.html HTTP/1.0" 200 84236 "-" "Mozilla/5.0 (compatible; VelenPublicWebCrawler/1.0; +https://velen.io)"
34.76.224.74 - - [24/Dec/2023:05:04:59 +0100] "GET /guardian-angel-statue-angel-baptism-p-43216.html HTTP/1.0" 200 84511 "-" "Mozilla/5.0 (compatible; VelenPublicWebCrawler/1.0; +https://velen.io)"
34.76.224.74 - - [24/Dec/2023:05:05:03 +0100] "GET /guardian-angel-statue-angel-baptism-p-43442.html HTTP/1.0" 200 84511 "-" "Mozilla/5.0 (compatible; VelenPublicWebCrawler/1.0; +https://velen.io)"
54.36.148.160 - - [24/Dec/2023:05:05:04 +0100] "GET /cooler-plants-kiub-p-60861.html HTTP/1.0" 200 84346 "-" "Mozilla/5.0 (compatible; AhrefsBot/7.0; +http://ahrefs.com/robot/)"
34.76.224.74 - - [24/Dec/2023:05:05:07 +0100] "GET /nativity-scene-statue-p-56159.html HTTP/1.0" 200 84515 "-" "Mozilla/5.0 (compatible; VelenPublicWebCrawler/1.0; +https://velen.io)"
34.76.224.74 - - [24/Dec/2023:05:05:10 +0100] "GET /baby-girl-angel-statue-angel-baptism-p-51136.html HTTP/1.0" 200 84525 "-" "Mozilla/5.0 (compatible; VelenPublicWebCrawler/1.0; +https://velen.io)"
34.76.224.74 - - [24/Dec/2023:05:05:14 +0100] "GET /guardian-angel-first-communion-p-51143.html HTTP/1.0" 200 83836 "-" "Mozilla/5.0 (compatible; VelenPublicWebCrawler/1.0; +https://velen.io)"
34.76.224.74 - - [24/Dec/2023:05:05:18 +0100] "GET /guardian-angel-statue-angel-baptism-p-56830.html HTTP/1.0" 200 84609 "-" "Mozilla/5.0 (compatible; VelenPublicWebCrawler/1.0; +https://velen.io)"
130.183.254.21 - - [24/Dec/2023:05:05:23 +0100] "GET /images/med_prod/1399984280539.jpg HTTP/1.0" 200 268 "-" "Mozilla/5.0 (X11; Ubuntu; Linux x86_64; rv:72.0) Gecko/20100101 Firefox/72.0"
34.76.224.74 - - [24/Dec/2023:05:05:22 +0100] "GET /guardian-angel-statue-angel-baptism-p-56831.html HTTP/1.0" 200 84609 "-" "Mozilla/5.0 (compatible; VelenPublicWebCrawler/1.0; +https://velen.io)"
130.183.254.21 - - [24/Dec/2023:05:05:26 +0100] "GET /images/med_prod/1399984280539.jpg HTTP/1.0" 200 268 "-" "Mozilla/5.0 (X11; Ubuntu; Linux x86_64; rv:72.0) Gecko/20100101 Firefox/72.0"
34.76.224.74 - - [24/Dec/2023:05:05:26 +0100] "GET /guardian-angel-statue-angel-baptism-p-56832.html HTTP/1.0" 200 84512 "-" "Mozilla/5.0 (compatible; VelenPublicWebCrawler/1.0; +https://velen.io)"
34.76.224.74 - - [24/Dec/2023:05:05:30 +0100] "GET /guardian-angel-statue-angel-baptism-p-56833.html HTTP/1.0" 200 84512 "-" "Mozilla/5.0 (compatible; VelenPublicWebCrawler/1.0; +https://velen.io)"
34.76.224.74 - - [24/Dec/2023:05:05:33 +0100] "GET /statuette-jesus-christ-sacred-heart-beige-p-47134.html HTTP/1.0" 200 84541 "-" "Mozilla/5.0 (compatible; VelenPublicWebCrawler/1.0; +https://velen.io)"
34.76.224.74 - - [24/Dec/2023:05:05:36 +0100] "GET /statuette-jesus-christ-sacred-heart-p-47136.html HTTP/1.0" 200 84507 "-" "Mozilla/5.0 (compatible; VelenPublicWebCrawler/1.0; +https://velen.io)"
34.76.224.74 - - [24/Dec/2023:05:05:40 +0100] "GET /statuette-jesus-christ-sacred-heart-inside-outside-p-51648.html HTTP/1.0" 200 85001 "-" "Mozilla/5.0 (compatible; VelenPublicWebCrawler/1.0; +https://velen.io)"
34.76.224.74 - - [24/Dec/2023:05:05:43 +0100] "GET /nativity-statuette-sheltered-cave-p-49523.html HTTP/1.0" 200 83869 "-" "Mozilla/5.0 (compatible; VelenPublicWebCrawler/1.0; +https://velen.io)"
34.76.224.74 - - [24/Dec/2023:05:05:47 +0100] "GET /nativity-statuette-under-star-shepherd-p-49522.html HTTP/1.0" 200 83957 "-" "Mozilla/5.0 (compatible; VelenPublicWebCrawler/1.0; +https://velen.io)"
51.68.224.127 - - [24/Dec/2023:05:05:50 +0100] "GET /adminweb/export_orders_xml.php?token=256de2z6edz6ed2z6DFSFsed2zed6zeDSFDSGdzedezfzf&maxorders=10&orderstart=1&status=14&start_date=2018-10-01 HTTP/1.0" 200 285 "-" "GesCom CharlotteBoutik Serveur"
51.68.224.127 - - [24/Dec/2023:05:05:50 +0100] "GET /adminweb/export_orders_xml.php?token=256de2z6edz6ed2z6DFSFsed2zed6zeDSFDSGdzedezfzf&maxorders=10&orderstart=1&status=6&start_date=2018-10-01 HTTP/1.0" 200 34422 "-" "GesCom CharlotteBoutik Serveur"
34.76.224.74 - - [24/Dec/2023:05:05:50 +0100] "GET /angel-figurine-forever-p-58769.html HTTP/1.0" 200 85419 "-" "Mozilla/5.0 (compatible; VelenPublicWebCrawler/1.0; +https://velen.io)"
54.36.148.100 - - [24/Dec/2023:05:05:54 +0100] "GET /pastis-metal-plate-p-47639.html HTTP/1.0" 200 83608 "-" "Mozilla/5.0 (compatible; AhrefsBot/7.0; +http://ahrefs.com/robot/)"
34.76.224.74 - - [24/Dec/2023:05:05:54 +0100] "GET /angel-figurine-love-p-58768.html HTTP/1.0" 200 85398 "-" "Mozilla/5.0 (compatible; VelenPublicWebCrawler/1.0; +https://velen.io)"
34.76.224.74 - - [24/Dec/2023:05:06:00 +0100] "GET /angel-figurine-moon-p-58770.html HTTP/1.0" 200 85398 "-" "Mozilla/5.0 (compatible; VelenPublicWebCrawler/1.0; +https://velen.io)"
34.76.224.74 - - [24/Dec/2023:05:06:03 +0100] "GET /angel-figurine-heart-p-58767.html HTTP/1.0" 200 85405 "-" "Mozilla/5.0 (compatible; VelenPublicWebCrawler/1.0; +https://velen.io)"
34.76.224.74 - - [24/Dec/2023:05:06:06 +0100] "GET /angel-figurine-thank-p-58766.html HTTP/1.0" 200 85425 "-" "Mozilla/5.0 (compatible; VelenPublicWebCrawler/1.0; +https://velen.io)"
34.76.224.74 - - [24/Dec/2023:05:06:10 +0100] "GET /hippers-harvest-series-sonny-angel-figure-p-59858.html HTTP/1.0" 200 85474 "-" "Mozilla/5.0 (compatible; VelenPublicWebCrawler/1.0; +https://velen.io)"
34.76.224.74 - - [24/Dec/2023:05:06:13 +0100] "GET /sonny-angel-figure-marine-series-p-50985.html HTTP/1.0" 200 84619 "-" "Mozilla/5.0 (compatible; VelenPublicWebCrawler/1.0; +https://velen.io)"
34.76.224.74 - - [24/Dec/2023:05:06:17 +0100] "GET /sonny-angel-animals-series-figure-version-p-47271.html HTTP/1.0" 200 85974 "-" "Mozilla/5.0 (compatible; VelenPublicWebCrawler/1.0; +https://velen.io)"
18.210.113.192 - - [24/Dec/2023:05:06:21 +0100] "GET /images/mini_prod/3700276281826050720122.jpg HTTP/1.0" 200 278 "-" "Mozilla/5.0 (X11; Ubuntu; Linux x86_64; rv:72.0) Gecko/20100101 Firefox/72.0"
34.76.224.74 - - [24/Dec/2023:05:06:20 +0100] "GET /sonny-angel-figurine-chocolate-series-2016-p-61127.html HTTP/1.0" 200 85332 "-" "Mozilla/5.0 (compatible; VelenPublicWebCrawler/1.0; +https://velen.io)"
34.76.224.74 - - [24/Dec/2023:05:06:23 +0100] "GET /hippers-series-sonny-angel-figure-p-58630.html HTTP/1.0" 200 85779 "-" "Mozilla/5.0 (compatible; VelenPublicWebCrawler/1.0; +https://velen.io)"
34.76.224.74 - - [24/Dec/2023:05:06:27 +0100] "GET /christmas-2016-figurine-sonny-angel-p-37967.html HTTP/1.0" 200 85716 "-" "Mozilla/5.0 (compatible; VelenPublicWebCrawler/1.0; +https://velen.io)"
195.141.133.77 - - [24/Dec/2023:05:06:29 +0100] "GET /images/1399984260098.jpg HTTP/1.0" 200 259 "-" "Mozilla/5.0 (X11; Ubuntu; Linux x86_64; rv:72.0) Gecko/20100101 Firefox/72.0"
34.76.224.74 - - [24/Dec/2023:05:06:30 +0100] "GET /sonny-angel-tree-ornament-series-christmas-2023-p-61393.html HTTP/1.0" 200 84935 "-" "Mozilla/5.0 (compatible; VelenPublicWebCrawler/1.0; +https://velen.io)"
34.76.224.74 - - [24/Dec/2023:05:06:34 +0100] "GET /finding-dory-disney-backpack-p-35793.html HTTP/1.0" 200 83923 "-" "Mozilla/5.0 (compatible; VelenPublicWebCrawler/1.0; +https://velen.io)"
34.76.224.74 - - [24/Dec/2023:05:06:38 +0100] "GET /minions-despicable-backpack-p-35792.html HTTP/1.0" 200 83959 "-" "Mozilla/5.0 (compatible; VelenPublicWebCrawler/1.0; +https://velen.io)"
34.76.224.74 - - [24/Dec/2023:05:06:42 +0100] "GET /superman-backpack-p-3539.html HTTP/1.0" 200 83836 "-" "Mozilla/5.0 (compatible; VelenPublicWebCrawler/1.0; +https://velen.io)"
34.76.224.74 - - [24/Dec/2023:05:06:45 +0100] "GET /disney-princess-little-backpack-p-20330.html HTTP/1.0" 200 83904 "-" "Mozilla/5.0 (compatible; VelenPublicWebCrawler/1.0; +https://velen.io)"
54.36.149.37 - - [24/Dec/2023:05:06:45 +0100] "GET /turquoise-bowl-p-36412.html HTTP/1.0" 200 83624 "-" "Mozilla/5.0 (compatible; AhrefsBot/7.0; +http://ahrefs.com/robot/)"
34.76.224.74 - - [24/Dec/2023:05:06:48 +0100] "GET /california-brown-backpack-p-37100.html HTTP/1.0" 200 83953 "-" "Mozilla/5.0 (compatible; VelenPublicWebCrawler/1.0; +https://velen.io)"
34.76.224.74 - - [24/Dec/2023:05:06:52 +0100] "GET /california-khaki-backpack-p-37099.html HTTP/1.0" 200 83963 "-" "Mozilla/5.0 (compatible; VelenPublicWebCrawler/1.0; +https://velen.io)"
34.76.224.74 - - [24/Dec/2023:05:06:55 +0100] "GET /disney-princess-backpack-p-25086.html HTTP/1.0" 200 83949 "-" "Mozilla/5.0 (compatible; VelenPublicWebCrawler/1.0; +https://velen.io)"
34.76.224.74 - - [24/Dec/2023:05:06:59 +0100] "GET /fairies-backpack-p-19685.html HTTP/1.0" 200 83874 "-" "Mozilla/5.0 (compatible; VelenPublicWebCrawler/1.0; +https://velen.io)"
34.76.224.74 - - [24/Dec/2023:05:07:03 +0100] "GET /frozen-disney-small-backpack-p-32748.html HTTP/1.0" 200 84053 "-" "Mozilla/5.0 (compatible; VelenPublicWebCrawler/1.0; +https://velen.io)"
34.76.224.74 - - [24/Dec/2023:05:07:07 +0100] "GET /minnie-mouse-large-expandable-backpack-p-19678.html HTTP/1.0" 200 84242 "-" "Mozilla/5.0 (compatible; VelenPublicWebCrawler/1.0; +https://velen.io)"
34.76.224.74 - - [24/Dec/2023:05:07:10 +0100] "GET /diddl-backpack-p-5919.html HTTP/1.0" 200 83856 "-" "Mozilla/5.0 (compatible; VelenPublicWebCrawler/1.0; +https://velen.io)"
34.76.224.74 - - [24/Dec/2023:05:07:13 +0100] "GET /littlest-petshop-backpack-p-25773.html HTTP/1.0" 200 83947 "-" "Mozilla/5.0 (compatible; VelenPublicWebCrawler/1.0; +https://velen.io)"
34.76.224.74 - - [24/Dec/2023:05:07:17 +0100] "GET /littlest-petshop-backpack-p-6365.html HTTP/1.0" 200 83897 "-" "Mozilla/5.0 (compatible; VelenPublicWebCrawler/1.0; +https://velen.io)"
34.76.224.74 - - [24/Dec/2023:05:07:20 +0100] "GET /mickey-mouse-large-expandable-backpack-p-19679.html HTTP/1.0" 200 84245 "-" "Mozilla/5.0 (compatible; VelenPublicWebCrawler/1.0; +https://velen.io)"
34.76.224.74 - - [24/Dec/2023:05:07:23 +0100] "GET /cars-backpack-p-10771.html HTTP/1.0" 200 83785 "-" "Mozilla/5.0 (compatible; VelenPublicWebCrawler/1.0; +https://velen.io)"
34.76.224.74 - - [24/Dec/2023:05:07:27 +0100] "GET /cars-backpack-p-10775.html HTTP/1.0" 200 83760 "-" "Mozilla/5.0 (compatible; VelenPublicWebCrawler/1.0; +https://velen.io)"
34.76.224.74 - - [24/Dec/2023:05:07:31 +0100] "GET /cars-backpack-p-10776.html HTTP/1.0" 200 83752 "-" "Mozilla/5.0 (compatible; VelenPublicWebCrawler/1.0; +https://velen.io)"
34.76.224.74 - - [24/Dec/2023:05:07:34 +0100] "GET /cars-backpack-p-10777.html HTTP/1.0" 200 83794 "-" "Mozilla/5.0 (compatible; VelenPublicWebCrawler/1.0; +https://velen.io)"
52.167.144.166 - - [24/Dec/2023:05:07:34 +0100] "GET /soft-toys-security-blanket-c-4_46.html HTTP/1.0" 301 102266 "-" "Mozilla/5.0 AppleWebKit/537.36 (KHTML, like Gecko; compatible; bingbot/2.0; +http://www.bing.com/bingbot.htm) Chrome/116.0.1938.76 Safari/537.36"
34.76.224.74 - - [24/Dec/2023:05:07:38 +0100] "GET /cars-backpack-p-13339.html HTTP/1.0" 200 83939 "-" "Mozilla/5.0 (compatible; VelenPublicWebCrawler/1.0; +https://velen.io)"
34.76.224.74 - - [24/Dec/2023:05:07:41 +0100] "GET /ballerina-backpack-p-59826.html HTTP/1.0" 200 84470 "-" "Mozilla/5.0 (compatible; VelenPublicWebCrawler/1.0; +https://velen.io)"
54.36.149.74 - - [24/Dec/2023:05:07:42 +0100] "GET /love-peace-purple-shirt-p-30152.html HTTP/1.0" 200 85392 "-" "Mozilla/5.0 (compatible; AhrefsBot/7.0; +http://ahrefs.com/robot/)"
34.76.224.74 - - [24/Dec/2023:05:07:44 +0100] "GET /dubout-cats-compact-mirror-p-34469.html HTTP/1.0" 200 83693 "-" "Mozilla/5.0 (compatible; VelenPublicWebCrawler/1.0; +https://velen.io)"
34.76.224.74 - - [24/Dec/2023:05:07:48 +0100] "GET /flag-compact-mirror-p-26192.html HTTP/1.0" 200 83738 "-" "Mozilla/5.0 (compatible; VelenPublicWebCrawler/1.0; +https://velen.io)"
34.76.224.74 - - [24/Dec/2023:05:07:51 +0100] "GET /love-calligraphy-compact-mirror-p-26197.html HTTP/1.0" 200 83828 "-" "Mozilla/5.0 (compatible; VelenPublicWebCrawler/1.0; +https://velen.io)"
34.76.224.74 - - [24/Dec/2023:05:07:54 +0100] "GET /miss-sunshine-little-mirror-p-8861.html HTTP/1.0" 200 83816 "-" "Mozilla/5.0 (compatible; VelenPublicWebCrawler/1.0; +https://velen.io)"
34.76.224.74 - - [24/Dec/2023:05:07:58 +0100] "GET /kimmi-junior-meika-pocket-mirror-p-15846.html HTTP/1.0" 200 86710 "-" "Mozilla/5.0 (compatible; VelenPublicWebCrawler/1.0; +https://velen.io)"
34.76.224.74 - - [24/Dec/2023:05:08:01 +0100] "GET /rock-little-mirror-p-8846.html HTTP/1.0" 200 83720 "-" "Mozilla/5.0 (compatible; VelenPublicWebCrawler/1.0; +https://velen.io)"
34.76.224.74 - - [24/Dec/2023:05:08:04 +0100] "GET /rock-little-mirror-p-8847.html HTTP/1.0" 200 83736 "-" "Mozilla/5.0 (compatible; VelenPublicWebCrawler/1.0; +https://velen.io)"
34.76.224.74 - - [24/Dec/2023:05:08:08 +0100] "GET /london-mirror-p-29317.html HTTP/1.0" 200 83626 "-" "Mozilla/5.0 (compatible; VelenPublicWebCrawler/1.0; +https://velen.io)"
34.76.224.74 - - [24/Dec/2023:05:08:11 +0100] "GET /london-mirror-p-29319.html HTTP/1.0" 200 83630 "-" "Mozilla/5.0 (compatible; VelenPublicWebCrawler/1.0; +https://velen.io)"
34.76.224.74 - - [24/Dec/2023:05:08:14 +0100] "GET /candy-cloud-compact-mirror-bella-p-49891.html HTTP/1.0" 200 84882 "-" "Mozilla/5.0 (compatible; VelenPublicWebCrawler/1.0; +https://velen.io)"
34.76.224.74 - - [24/Dec/2023:05:08:18 +0100] "GET /candy-cloud-compact-mirror-dasha-p-49892.html HTTP/1.0" 200 84858 "-" "Mozilla/5.0 (compatible; VelenPublicWebCrawler/1.0; +https://velen.io)"
34.76.224.74 - - [24/Dec/2023:05:08:22 +0100] "GET /candy-cloud-compact-mirror-daisy-p-49894.html HTTP/1.0" 200 84874 "-" "Mozilla/5.0 (compatible; VelenPublicWebCrawler/1.0; +https://velen.io)"
34.76.224.74 - - [24/Dec/2023:05:08:26 +0100] "GET /dubout-cats-compact-double-mirror-p-43037.html HTTP/1.0" 200 84381 "-" "Mozilla/5.0 (compatible; VelenPublicWebCrawler/1.0; +https://velen.io)"
34.76.224.74 - - [24/Dec/2023:05:08:29 +0100] "GET /nici-ayumi-brown-mirror-p-33429.html HTTP/1.0" 200 83682 "-" "Mozilla/5.0 (compatible; VelenPublicWebCrawler/1.0; +https://velen.io)"
34.76.224.74 - - [24/Dec/2023:05:08:33 +0100] "GET /nici-ayumi-green-mirror-p-33428.html HTTP/1.0" 200 83682 "-" "Mozilla/5.0 (compatible; VelenPublicWebCrawler/1.0; +https://velen.io)"
54.36.148.171 - - [24/Dec/2023:05:08:34 +0100] "GET /marseille-p-14931.html HTTP/1.0" 200 84362 "-" "Mozilla/5.0 (compatible; AhrefsBot/7.0; +http://ahrefs.com/robot/)"
34.76.224.74 - - [24/Dec/2023:05:08:36 +0100] "GET /verity-rose-moonstruck-mirror-p-29163.html HTTP/1.0" 200 83787 "-" "Mozilla/5.0 (compatible; VelenPublicWebCrawler/1.0; +https://velen.io)"
34.76.224.74 - - [24/Dec/2023:05:08:40 +0100] "GET /candy-cloud-compact-mirror-jazzy-p-49893.html HTTP/1.0" 200 84874 "-" "Mozilla/5.0 (compatible; VelenPublicWebCrawler/1.0; +https://velen.io)"
34.76.224.74 - - [24/Dec/2023:05:08:43 +0100] "GET /nici-ayumi-pink-mirror-p-33431.html HTTP/1.0" 200 83674 "-" "Mozilla/5.0 (compatible; VelenPublicWebCrawler/1.0; +https://velen.io)"
34.76.224.74 - - [24/Dec/2023:05:08:48 +0100] "GET /collection-mirabelle-pursuit-happiness-pocket-mirror-p-19999.html HTTP/1.0" 200 84211 "-" "Mozilla/5.0 (compatible; VelenPublicWebCrawler/1.0; +https://velen.io)"
195.141.133.77 - - [24/Dec/2023:05:08:53 +0100] "GET /images/mini_prod/8424346247431.jpg HTTP/1.0" 200 269 "-" "Mozilla/5.0 (X11; Ubuntu; Linux x86_64; rv:72.0) Gecko/20100101 Firefox/72.0"
34.76.224.74 - - [24/Dec/2023:05:08:51 +0100] "GET /frozen-rubber-keychain-elsa-p-34068.html HTTP/1.0" 200 83682 "-" "Mozilla/5.0 (compatible; VelenPublicWebCrawler/1.0; +https://velen.io)"
34.76.224.74 - - [24/Dec/2023:05:08:55 +0100] "GET /frozen-rubber-keychain-anna-p-34067.html HTTP/1.0" 200 83684 "-" "Mozilla/5.0 (compatible; VelenPublicWebCrawler/1.0; +https://velen.io)"
34.76.224.74 - - [24/Dec/2023:05:08:58 +0100] "GET /monster-high-logo-keyring-p-17475.html HTTP/1.0" 200 84548 "-" "Mozilla/5.0 (compatible; VelenPublicWebCrawler/1.0; +https://velen.io)"
34.76.224.74 - - [24/Dec/2023:05:09:01 +0100] "GET /silver-skull-keyrings-p-34191.html HTTP/1.0" 200 83653 "-" "Mozilla/5.0 (compatible; VelenPublicWebCrawler/1.0; +https://velen.io)"
34.76.224.74 - - [24/Dec/2023:05:09:04 +0100] "GET /robots.txt HTTP/1.0" 301 531 "-" "Mozilla/5.0 (compatible; VelenPublicWebCrawler/1.0; +https://velen.io)"
34.76.224.74 - - [24/Dec/2023:05:09:06 +0100] "GET /robots.txt HTTP/1.0" 200 245 "http://wonder-geek.com/robots.txt" "Mozilla/5.0 (compatible; VelenPublicWebCrawler/1.0; +https://velen.io)"
34.76.224.74 - - [24/Dec/2023:05:09:06 +0100] "GET /london-metal-keyring-p-35352.html HTTP/1.0" 200 83666 "-" "Mozilla/5.0 (compatible; VelenPublicWebCrawler/1.0; +https://velen.io)"
34.76.224.74 - - [24/Dec/2023:05:09:10 +0100] "GET /london-metal-keyring-union-jack-boot-p-35354.html HTTP/1.0" 200 83759 "-" "Mozilla/5.0 (compatible; VelenPublicWebCrawler/1.0; +https://velen.io)"
34.76.224.74 - - [24/Dec/2023:05:09:13 +0100] "GET /london-metal-keyring-union-jack-purse-p-35355.html HTTP/1.0" 200 83767 "-" "Mozilla/5.0 (compatible; VelenPublicWebCrawler/1.0; +https://velen.io)"
34.76.224.74 - - [24/Dec/2023:05:09:17 +0100] "GET /london-metal-keyring-welsh-guard-p-35353.html HTTP/1.0" 200 83725 "-" "Mozilla/5.0 (compatible; VelenPublicWebCrawler/1.0; +https://velen.io)"
34.76.224.74 - - [24/Dec/2023:05:09:21 +0100] "GET /london-metal-keyring-mail-p-35350.html HTTP/1.0" 200 83692 "-" "Mozilla/5.0 (compatible; VelenPublicWebCrawler/1.0; +https://velen.io)"
34.76.224.74 - - [24/Dec/2023:05:09:24 +0100] "GET /white-black-skull-keyrings-sound-light-p-40194.html HTTP/1.0" 200 83854 "-" "Mozilla/5.0 (compatible; VelenPublicWebCrawler/1.0; +https://velen.io)"
34.76.224.74 - - [24/Dec/2023:05:09:27 +0100] "GET /white-skull-keyrings-sound-light-p-40193.html HTTP/1.0" 200 83830 "-" "Mozilla/5.0 (compatible; VelenPublicWebCrawler/1.0; +https://velen.io)"
54.36.148.225 - - [24/Dec/2023:05:09:29 +0100] "GET /little-prince-saucer-p-60026.html HTTP/1.0" 200 84531 "-" "Mozilla/5.0 (compatible; AhrefsBot/7.0; +http://ahrefs.com/robot/)"
34.76.224.74 - - [24/Dec/2023:05:09:31 +0100] "GET /horses-keyring-p-33559.html HTTP/1.0" 200 85553 "-" "Mozilla/5.0 (compatible; VelenPublicWebCrawler/1.0; +https://velen.io)"
34.76.224.74 - - [24/Dec/2023:05:09:34 +0100] "GET /horses-keyring-p-33560.html HTTP/1.0" 200 85376 "-" "Mozilla/5.0 (compatible; VelenPublicWebCrawler/1.0; +https://velen.io)"
84.46.255.143 - - [24/Dec/2023:05:09:38 +0100] "GET /robots.txt HTTP/1.0" 200 245 "-" "Mozilla/5.0 (compatible; MJ12bot/v1.4.8; http://mj12bot.com/)"
34.76.224.74 - - [24/Dec/2023:05:09:37 +0100] "GET /white-skull-keyring-p-28904.html HTTP/1.0" 200 83581 "-" "Mozilla/5.0 (compatible; VelenPublicWebCrawler/1.0; +https://velen.io)"
43.135.153.175 - - [24/Dec/2023:05:09:41 +0100] "GET /images/big_prod_1/3700572750309B.jpg HTTP/1.0" 200 271 "-" "Mozilla/5.0 (X11; Ubuntu; Linux x86_64; rv:72.0) Gecko/20100101 Firefox/72.0"
34.76.224.74 - - [24/Dec/2023:05:09:41 +0100] "GET /horses-keyring-p-33561.html HTTP/1.0" 200 85553 "-" "Mozilla/5.0 (compatible; VelenPublicWebCrawler/1.0; +https://velen.io)"
34.76.224.74 - - [24/Dec/2023:05:09:44 +0100] "GET /game-thrones-keyring-p-28268.html HTTP/1.0" 200 83577 "-" "Mozilla/5.0 (compatible; VelenPublicWebCrawler/1.0; +https://velen.io)"
34.76.224.74 - - [24/Dec/2023:05:09:48 +0100] "GET /horses-keyring-p-33562.html HTTP/1.0" 200 84793 "-" "Mozilla/5.0 (compatible; VelenPublicWebCrawler/1.0; +https://velen.io)"
84.46.255.143 - - [24/Dec/2023:05:09:48 +0100] "GET /-p-1007.html HTTP/1.0" 200 81261 "-" "Mozilla/5.0 (compatible; MJ12bot/v1.4.8; http://mj12bot.com/)"
34.76.224.74 - - [24/Dec/2023:05:09:51 +0100] "GET /london-keyring-p-22603.html HTTP/1.0" 200 84140 "-" "Mozilla/5.0 (compatible; VelenPublicWebCrawler/1.0; +https://velen.io)"
34.76.224.74 - - [24/Dec/2023:05:09:55 +0100] "GET /spiderman-keyring-p-28269.html HTTP/1.0" 200 83541 "-" "Mozilla/5.0 (compatible; VelenPublicWebCrawler/1.0; +https://velen.io)"
40.77.167.247 - - [24/Dec/2023:05:09:56 +0100] "GET /water-hyacinth-table-lamp-p-57491.html HTTP/1.0" 200 84515 "-" "Mozilla/5.0 AppleWebKit/537.36 (KHTML, like Gecko; compatible; bingbot/2.0; +http://www.bing.com/bingbot.htm) Chrome/116.0.1938.76 Safari/537.36"
34.76.224.74 - - [24/Dec/2023:05:09:58 +0100] "GET /star-wars-keyring-p-28277.html HTTP/1.0" 200 83655 "-" "Mozilla/5.0 (compatible; VelenPublicWebCrawler/1.0; +https://velen.io)"
84.46.255.143 - - [24/Dec/2023:05:10:01 +0100] "GET /-p-1008.html HTTP/1.0" 200 81261 "-" "Mozilla/5.0 (compatible; MJ12bot/v1.4.8; http://mj12bot.com/)"
34.76.224.74 - - [24/Dec/2023:05:10:01 +0100] "GET /barbapapa-pink-kids-school-p-14471.html HTTP/1.0" 200 83975 "-" "Mozilla/5.0 (compatible; VelenPublicWebCrawler/1.0; +https://velen.io)"
34.76.224.74 - - [24/Dec/2023:05:10:05 +0100] "GET /handy-manny-small-p-19689.html HTTP/1.0" 200 83972 "-" "Mozilla/5.0 (compatible; VelenPublicWebCrawler/1.0; +https://velen.io)"
34.76.224.74 - - [24/Dec/2023:05:10:08 +0100] "GET /barbapapa-pink-kids-school-p-14472.html HTTP/1.0" 200 83978 "-" "Mozilla/5.0 (compatible; VelenPublicWebCrawler/1.0; +https://velen.io)"
34.76.224.74 - - [24/Dec/2023:05:10:11 +0100] "GET /losc-lille-kids-school-p-59808.html HTTP/1.0" 200 84754 "-" "Mozilla/5.0 (compatible; VelenPublicWebCrawler/1.0; +https://velen.io)"
84.46.255.143 - - [24/Dec/2023:05:10:11 +0100] "GET /-p-10231.html HTTP/1.0" 200 81263 "-" "Mozilla/5.0 (compatible; MJ12bot/v1.4.8; http://mj12bot.com/)"
34.76.224.74 - - [24/Dec/2023:05:10:14 +0100] "GET /love-kids-school-p-44923.html HTTP/1.0" 200 83841 "-" "Mozilla/5.0 (compatible; VelenPublicWebCrawler/1.0; +https://velen.io)"
34.76.224.74 - - [24/Dec/2023:05:10:17 +0100] "GET /small-school-caramel-p-55620.html HTTP/1.0" 200 84505 "-" "Mozilla/5.0 (compatible; VelenPublicWebCrawler/1.0; +https://velen.io)"
54.36.149.8 - - [24/Dec/2023:05:10:19 +0100] "GET /seahorse-wall-decoration-p-59502.html HTTP/1.0" 200 84309 "-" "Mozilla/5.0 (compatible; AhrefsBot/7.0; +http://ahrefs.com/robot/)"
84.46.255.143 - - [24/Dec/2023:05:10:20 +0100] "GET /-p-10235.html HTTP/1.0" 200 81263 "-" "Mozilla/5.0 (compatible; MJ12bot/v1.4.8; http://mj12bot.com/)"
34.76.224.74 - - [24/Dec/2023:05:10:21 +0100] "GET /small-school-caramel-p-55815.html HTTP/1.0" 200 84716 "-" "Mozilla/5.0 (compatible; VelenPublicWebCrawler/1.0; +https://velen.io)"
34.76.224.74 - - [24/Dec/2023:05:10:25 +0100] "GET /real-madrid-kids-school-p-36254.html HTTP/1.0" 200 83956 "-" "Mozilla/5.0 (compatible; VelenPublicWebCrawler/1.0; +https://velen.io)"
34.76.224.74 - - [24/Dec/2023:05:10:29 +0100] "GET /small-school-caramel-green-p-55622.html HTTP/1.0" 200 84826 "-" "Mozilla/5.0 (compatible; VelenPublicWebCrawler/1.0; +https://velen.io)"
34.76.224.74 - - [24/Dec/2023:05:10:32 +0100] "GET /york-yankees-school-p-41167.html HTTP/1.0" 200 84146 "-" "Mozilla/5.0 (compatible; VelenPublicWebCrawler/1.0; +https://velen.io)"
84.46.255.143 - - [24/Dec/2023:05:10:35 +0100] "GET /-p-1085.html HTTP/1.0" 200 81261 "-" "Mozilla/5.0 (compatible; MJ12bot/v1.4.8; http://mj12bot.com/)"
34.76.224.74 - - [24/Dec/2023:05:10:35 +0100] "GET /kimmidoll-airi-nail-files-p-31933.html HTTP/1.0" 200 83710 "-" "Mozilla/5.0 (compatible; VelenPublicWebCrawler/1.0; +https://velen.io)"
34.76.224.74 - - [24/Dec/2023:05:10:39 +0100] "GET /kimmidoll-kazumi-nail-files-p-31934.html HTTP/1.0" 200 83726 "-" "Mozilla/5.0 (compatible; VelenPublicWebCrawler/1.0; +https://velen.io)"
34.76.224.74 - - [24/Dec/2023:05:10:42 +0100] "GET /kimmidoll-namika-nail-files-p-31931.html HTTP/1.0" 200 83726 "-" "Mozilla/5.0 (compatible; VelenPublicWebCrawler/1.0; +https://velen.io)"
34.76.224.74 - - [24/Dec/2023:05:10:45 +0100] "GET /kimmidoll-masayo-nail-files-p-31932.html HTTP/1.0" 200 83725 "-" "Mozilla/5.0 (compatible; VelenPublicWebCrawler/1.0; +https://velen.io)"
34.76.224.74 - - [24/Dec/2023:05:10:49 +0100] "GET /shopping-kandinsky-p-53535.html HTTP/1.0" 200 84416 "-" "Mozilla/5.0 (compatible; VelenPublicWebCrawler/1.0; +https://velen.io)"
34.76.224.74 - - [24/Dec/2023:05:10:52 +0100] "GET /shopping-cats-dubout-p-53970.html HTTP/1.0" 200 83859 "-" "Mozilla/5.0 (compatible; VelenPublicWebCrawler/1.0; +https://velen.io)"
34.76.224.74 - - [24/Dec/2023:05:10:55 +0100] "GET /shopping-cats-dubout-p-59921.html HTTP/1.0" 200 84743 "-" "Mozilla/5.0 (compatible; VelenPublicWebCrawler/1.0; +https://velen.io)"
84.46.255.143 - - [24/Dec/2023:05:10:56 +0100] "GET /-p-12304.html HTTP/1.0" 200 81263 "-" "Mozilla/5.0 (compatible; MJ12bot/v1.4.8; http://mj12bot.com/)"
34.76.224.74 - - [24/Dec/2023:05:10:59 +0100] "GET /shopping-cats-dubout-dodo-p-44030.html HTTP/1.0" 200 84586 "-" "Mozilla/5.0 (compatible; VelenPublicWebCrawler/1.0; +https://velen.io)"
34.76.224.74 - - [24/Dec/2023:05:11:02 +0100] "GET /small-shopping-birds-ohara-koson-p-60652.html HTTP/1.0" 200 84564 "-" "Mozilla/5.0 (compatible; VelenPublicWebCrawler/1.0; +https://velen.io)"
34.76.224.74 - - [24/Dec/2023:05:11:06 +0100] "GET /shopping-gogh-iris-p-53536.html HTTP/1.0" 200 84464 "-" "Mozilla/5.0 (compatible; VelenPublicWebCrawler/1.0; +https://velen.io)"
34.76.224.74 - - [24/Dec/2023:05:11:09 +0100] "GET /shopping-cats-dubout-p-60651.html HTTP/1.0" 200 84446 "-" "Mozilla/5.0 (compatible; VelenPublicWebCrawler/1.0; +https://velen.io)"
84.46.255.143 - - [24/Dec/2023:05:11:10 +0100] "GET /-p-12310.html HTTP/1.0" 200 81263 "-" "Mozilla/5.0 (compatible; MJ12bot/v1.4.8; http://mj12bot.com/)"
18.210.113.192 - - [24/Dec/2023:05:11:14 +0100] "GET /images/mini_prod/5028486343256.jpg HTTP/1.0" 404 1308 "-" "Mozilla/5.0 (X11; Ubuntu; Linux x86_64; rv:72.0) Gecko/20100101 Firefox/72.0"
34.76.224.74 - - [24/Dec/2023:05:11:13 +0100] "GET /verity-rose-cupcake-emery-board-p-29145.html HTTP/1.0" 200 83769 "-" "Mozilla/5.0 (compatible; VelenPublicWebCrawler/1.0; +https://velen.io)"
34.76.224.74 - - [24/Dec/2023:05:11:16 +0100] "GET /verity-rose-moonstruck-emery-board-p-29144.html HTTP/1.0" 200 83795 "-" "Mozilla/5.0 (compatible; VelenPublicWebCrawler/1.0; +https://velen.io)"
54.36.148.178 - - [24/Dec/2023:05:11:17 +0100] "GET /ceramic-statues-elephants-pearly-white-p-60346.html HTTP/1.0" 200 84799 "-" "Mozilla/5.0 (compatible; AhrefsBot/7.0; +http://ahrefs.com/robot/)"
34.76.224.74 - - [24/Dec/2023:05:11:20 +0100] "GET /verity-rose-destiny-emery-board-p-29140.html HTTP/1.0" 200 83741 "-" "Mozilla/5.0 (compatible; VelenPublicWebCrawler/1.0; +https://velen.io)"
34.76.224.74 - - [24/Dec/2023:05:11:23 +0100] "GET /beatles-cosmetic-p-7114.html HTTP/1.0" 200 84472 "-" "Mozilla/5.0 (compatible; VelenPublicWebCrawler/1.0; +https://velen.io)"
34.76.224.74 - - [24/Dec/2023:05:11:27 +0100] "GET /charmmy-kitty-small-cosmetic-p-26658.html HTTP/1.0" 200 83929 "-" "Mozilla/5.0 (compatible; VelenPublicWebCrawler/1.0; +https://velen.io)"
34.76.224.74 - - [24/Dec/2023:05:11:30 +0100] "GET /paris-black-cotton-pouch-p-47655.html HTTP/1.0" 200 84284 "-" "Mozilla/5.0 (compatible; VelenPublicWebCrawler/1.0; +https://velen.io)"
84.46.255.143 - - [24/Dec/2023:05:11:32 +0100] "GET /-p-14085.html HTTP/1.0" 200 81263 "-" "Mozilla/5.0 (compatible; MJ12bot/v1.4.8; http://mj12bot.com/)"
34.76.224.74 - - [24/Dec/2023:05:11:33 +0100] "GET /corsica-cotton-pouch-p-47656.html HTTP/1.0" 200 84265 "-" "Mozilla/5.0 (compatible; VelenPublicWebCrawler/1.0; +https://velen.io)"
34.76.224.74 - - [24/Dec/2023:05:11:37 +0100] "GET /klimt-cotton-pouch-p-51203.html HTTP/1.0" 200 83648 "-" "Mozilla/5.0 (compatible; VelenPublicWebCrawler/1.0; +https://velen.io)"
34.76.224.74 - - [24/Dec/2023:05:11:41 +0100] "GET /charmmy-kitty-medium-cosmetic-p-26665.html HTTP/1.0" 200 83946 "-" "Mozilla/5.0 (compatible; VelenPublicWebCrawler/1.0; +https://velen.io)"
34.76.224.74 - - [24/Dec/2023:05:11:44 +0100] "GET /crasy-allen-cotton-pouch-p-53175.html HTTP/1.0" 200 83726 "-" "Mozilla/5.0 (compatible; VelenPublicWebCrawler/1.0; +https://velen.io)"
84.46.255.143 - - [24/Dec/2023:05:11:47 +0100] "GET /-p-14863.html HTTP/1.0" 200 81263 "-" "Mozilla/5.0 (compatible; MJ12bot/v1.4.8; http://mj12bot.com/)"
34.76.224.74 - - [24/Dec/2023:05:11:48 +0100] "GET /crasy-allen-cotton-pouch-p-53176.html HTTP/1.0" 200 83726 "-" "Mozilla/5.0 (compatible; VelenPublicWebCrawler/1.0; +https://velen.io)"
34.76.224.74 - - [24/Dec/2023:05:11:52 +0100] "GET /frozen-flat-pocket-p-34132.html HTTP/1.0" 200 83691 "-" "Mozilla/5.0 (compatible; VelenPublicWebCrawler/1.0; +https://velen.io)"
34.76.224.74 - - [24/Dec/2023:05:11:56 +0100] "GET /gogh-nuit-toile-cotton-pouch-p-47657.html HTTP/1.0" 200 84402 "-" "Mozilla/5.0 (compatible; VelenPublicWebCrawler/1.0; +https://velen.io)"
84.46.255.143 - - [24/Dec/2023:05:11:59 +0100] "GET /-p-14864.html HTTP/1.0" 200 81263 "-" "Mozilla/5.0 (compatible; MJ12bot/v1.4.8; http://mj12bot.com/)"
34.76.224.74 - - [24/Dec/2023:05:12:00 +0100] "GET /charmmy-kitty-large-cosmetic-p-26666.html HTTP/1.0" 200 83970 "-" "Mozilla/5.0 (compatible; VelenPublicWebCrawler/1.0; +https://velen.io)"
54.36.148.136 - - [24/Dec/2023:05:12:04 +0100] "GET /om-mazagran-p-31414.html HTTP/1.0" 301 81330 "-" "Mozilla/5.0 (compatible; AhrefsBot/7.0; +http://ahrefs.com/robot/)"
34.76.224.74 - - [24/Dec/2023:05:12:08 +0100] "GET /allen-decorated-cotton-flat-pouch-koala-p-58298.html HTTP/1.0" 200 84452 "-" "Mozilla/5.0 (compatible; VelenPublicWebCrawler/1.0; +https://velen.io)"
54.36.148.130 - - [24/Dec/2023:05:12:09 +0100] "GET /cotton-cleansing-paris-parfum-p-37459.html HTTP/1.0" 200 83771 "-" "Mozilla/5.0 (compatible; AhrefsBot/7.0; +http://ahrefs.com/robot/)"
34.76.224.74 - - [24/Dec/2023:05:12:12 +0100] "GET /allen-decorated-cotton-flat-pouch-p-58297.html HTTP/1.0" 200 84450 "-" "Mozilla/5.0 (compatible; VelenPublicWebCrawler/1.0; +https://velen.io)"
84.46.255.143 - - [24/Dec/2023:05:12:13 +0100] "GET /-p-15139.html HTTP/1.0" 200 81263 "-" "Mozilla/5.0 (compatible; MJ12bot/v1.4.8; http://mj12bot.com/)"
34.76.224.74 - - [24/Dec/2023:05:12:16 +0100] "GET /allen-decorated-cotton-flat-pouch-pink-flamingos-p-58296.html HTTP/1.0" 200 84514 "-" "Mozilla/5.0 (compatible; VelenPublicWebCrawler/1.0; +https://velen.io)"
34.76.224.74 - - [24/Dec/2023:05:12:20 +0100] "GET /horses-little-beauty-p-24233.html HTTP/1.0" 200 83767 "-" "Mozilla/5.0 (compatible; VelenPublicWebCrawler/1.0; +https://velen.io)"
34.76.224.74 - - [24/Dec/2023:05:12:23 +0100] "GET /boho-indian-pouch-buffalo-head-p-42920.html HTTP/1.0" 200 83829 "-" "Mozilla/5.0 (compatible; VelenPublicWebCrawler/1.0; +https://velen.io)"
84.46.255.143 - - [24/Dec/2023:05:12:26 +0100] "GET /-p-15144.html HTTP/1.0" 200 81263 "-" "Mozilla/5.0 (compatible; MJ12bot/v1.4.8; http://mj12bot.com/)"
34.76.224.74 - - [24/Dec/2023:05:12:28 +0100] "GET /despicable-large-flat-pocket-p-34125.html HTTP/1.0" 200 83790 "-" "Mozilla/5.0 (compatible; VelenPublicWebCrawler/1.0; +https://velen.io)"
34.76.224.74 - - [24/Dec/2023:05:12:31 +0100] "GET /horses-cosmetic-p-24232.html HTTP/1.0" 200 83673 "-" "Mozilla/5.0 (compatible; VelenPublicWebCrawler/1.0; +https://velen.io)"
34.76.224.74 - - [24/Dec/2023:05:12:35 +0100] "GET /boho-indian-pouch-free-wild-p-42922.html HTTP/1.0" 200 83829 "-" "Mozilla/5.0 (compatible; VelenPublicWebCrawler/1.0; +https://velen.io)"
84.46.255.143 - - [24/Dec/2023:05:12:37 +0100] "GET /-p-15209.html HTTP/1.0" 200 81263 "-" "Mozilla/5.0 (compatible; MJ12bot/v1.4.8; http://mj12bot.com/)"
34.76.224.74 - - [24/Dec/2023:05:12:39 +0100] "GET /charmmy-kitty-large-cosmetic-p-26752.html HTTP/1.0" 200 83873 "-" "Mozilla/5.0 (compatible; VelenPublicWebCrawler/1.0; +https://velen.io)"
34.76.224.74 - - [24/Dec/2023:05:12:42 +0100] "GET /mini-minnie-mouse-figurine-p-56575.html HTTP/1.0" 200 84995 "-" "Mozilla/5.0 (compatible; VelenPublicWebCrawler/1.0; +https://velen.io)"
34.76.224.74 - - [24/Dec/2023:05:12:47 +0100] "GET /sleepy-figure-collection-disney-tired-dwarf-p-23122.html HTTP/1.0" 200 83914 "-" "Mozilla/5.0 (compatible; VelenPublicWebCrawler/1.0; +https://velen.io)"
92.204.174.122 - - [24/Dec/2023:05:12:49 +0100] "GET / HTTP/1.0" 301 511 "http://wonder-geek.com/" "Mozilla/5.0 (Windows NT 6.3; Win64; x64) AppleWebKit/537.36 (KHTML, like Gecko) Chrome/103.0.5060.53 Safari/537.36"
34.76.224.74 - - [24/Dec/2023:05:12:51 +0100] "GET /small-angel-flower-stitch-collectible-statuette-p-56327.html HTTP/1.0" 200 85078 "-" "Mozilla/5.0 (compatible; VelenPublicWebCrawler/1.0; +https://velen.io)"
