188.165.232.135 - - [24/Dec/2023:12:13:01 +0100] "GET /-p-20170.html HTTP/1.0" 200 81263 "-" "Mozilla/5.0 (compatible; MJ12bot/v1.4.8; http://mj12bot.com/)"
188.165.232.135 - - [24/Dec/2023:12:13:09 +0100] "GET /-p-20171.html HTTP/1.0" 200 81263 "-" "Mozilla/5.0 (compatible; MJ12bot/v1.4.8; http://mj12bot.com/)"
188.165.232.135 - - [24/Dec/2023:12:13:22 +0100] "GET /-p-20173.html HTTP/1.0" 200 81263 "-" "Mozilla/5.0 (compatible; MJ12bot/v1.4.8; http://mj12bot.com/)"
188.165.232.135 - - [24/Dec/2023:12:13:27 +0100] "GET /-p-20175.html HTTP/1.0" 200 81263 "-" "Mozilla/5.0 (compatible; MJ12bot/v1.4.8; http://mj12bot.com/)"
188.165.232.135 - - [24/Dec/2023:12:13:38 +0100] "GET /-p-20184.html HTTP/1.0" 200 81263 "-" "Mozilla/5.0 (compatible; MJ12bot/v1.4.8; http://mj12bot.com/)"
51.68.224.127 - - [24/Dec/2023:12:13:40 +0100] "GET /adminweb/export_orders_xml.php?token=256de2z6edz6ed2z6DFSFsed2zed6zeDSFDSGdzedezfzf&maxorders=10&orderstart=1&status=14&start_date=2018-10-01 HTTP/1.0" 200 285 "-" "GesCom CharlotteBoutik Serveur"
51.68.224.127 - - [24/Dec/2023:12:13:40 +0100] "GET /adminweb/export_orders_xml.php?token=256de2z6edz6ed2z6DFSFsed2zed6zeDSFDSGdzedezfzf&maxorders=10&orderstart=1&status=6&start_date=2018-10-01 HTTP/1.0" 200 34422 "-" "GesCom CharlotteBoutik Serveur"
99.129.201.227 - - [24/Dec/2023:12:13:43 +0100] "GET /images/mini_prod/080109_161031_PEEL_xdwZBP.jpg HTTP/1.0" 200 281 "-" "Mozilla/5.0 (X11; Ubuntu; Linux x86_64; rv:72.0) Gecko/20100101 Firefox/72.0"
188.165.232.135 - - [24/Dec/2023:12:13:45 +0100] "GET /-p-20186.html HTTP/1.0" 200 81263 "-" "Mozilla/5.0 (compatible; MJ12bot/v1.4.8; http://mj12bot.com/)"
188.165.232.135 - - [24/Dec/2023:12:13:54 +0100] "GET /-p-20254.html HTTP/1.0" 200 81263 "-" "Mozilla/5.0 (compatible; MJ12bot/v1.4.8; http://mj12bot.com/)"
54.36.148.121 - - [24/Dec/2023:12:14:01 +0100] "GET /nutcracker-double-wall-p-61055.html HTTP/1.0" 200 84342 "-" "Mozilla/5.0 (compatible; AhrefsBot/7.0; +http://ahrefs.com/robot/)"
188.165.232.135 - - [24/Dec/2023:12:14:04 +0100] "GET /-p-20255.html HTTP/1.0" 200 81263 "-" "Mozilla/5.0 (compatible; MJ12bot/v1.4.8; http://mj12bot.com/)"
188.165.232.135 - - [24/Dec/2023:12:14:16 +0100] "GET /-p-20259.html HTTP/1.0" 200 81263 "-" "Mozilla/5.0 (compatible; MJ12bot/v1.4.8; http://mj12bot.com/)"
52.167.144.232 - - [24/Dec/2023:12:14:18 +0100] "GET /nerf-rebel-arc-p-29836.html HTTP/1.0" 301 565 "-" "Mozilla/5.0 AppleWebKit/537.36 (KHTML, like Gecko; compatible; bingbot/2.0; +http://www.bing.com/bingbot.htm) Chrome/116.0.1938.76 Safari/537.36"
188.165.232.135 - - [24/Dec/2023:12:14:26 +0100] "GET /-p-20260.html HTTP/1.0" 200 81263 "-" "Mozilla/5.0 (compatible; MJ12bot/v1.4.8; http://mj12bot.com/)"
54.36.148.0 - - [24/Dec/2023:12:14:31 +0100] "GET /sevilla-brown-ceramic-flower-pot-19-cm-p-49601.html HTTP/1.0" 301 81480 "-" "Mozilla/5.0 (compatible; AhrefsBot/7.0; +http://ahrefs.com/robot/)"
52.167.144.187 - - [24/Dec/2023:12:14:34 +0100] "GET /christmas-decoration-small-snow-globe-p-31898.html HTTP/1.0" 301 81330 "-" "Mozilla/5.0 AppleWebKit/537.36 (KHTML, like Gecko; compatible; bingbot/2.0; +http://www.bing.com/bingbot.htm) Chrome/116.0.1938.76 Safari/537.36"
188.165.232.135 - - [24/Dec/2023:12:14:37 +0100] "GET /-p-20261.html HTTP/1.0" 200 81263 "-" "Mozilla/5.0 (compatible; MJ12bot/v1.4.8; http://mj12bot.com/)"
188.165.232.135 - - [24/Dec/2023:12:14:43 +0100] "GET /-p-20265.html HTTP/1.0" 200 81263 "-" "Mozilla/5.0 (compatible; MJ12bot/v1.4.8; http://mj12bot.com/)"
188.165.232.135 - - [24/Dec/2023:12:14:56 +0100] "GET /-p-20275.html HTTP/1.0" 200 81263 "-" "Mozilla/5.0 (compatible; MJ12bot/v1.4.8; http://mj12bot.com/)"
188.165.232.135 - - [24/Dec/2023:12:15:06 +0100] "GET /-p-20284.html HTTP/1.0" 200 81263 "-" "Mozilla/5.0 (compatible; MJ12bot/v1.4.8; http://mj12bot.com/)"
188.165.232.135 - - [24/Dec/2023:12:15:18 +0100] "GET /-p-20285.html HTTP/1.0" 200 81263 "-" "Mozilla/5.0 (compatible; MJ12bot/v1.4.8; http://mj12bot.com/)"
188.165.232.135 - - [24/Dec/2023:12:15:28 +0100] "GET /-p-20286.html HTTP/1.0" 200 81263 "-" "Mozilla/5.0 (compatible; MJ12bot/v1.4.8; http://mj12bot.com/)"
54.36.148.33 - - [24/Dec/2023:12:15:37 +0100] "GET /fine-porcelain-eucalyptus-p-61076.html HTTP/1.0" 200 84687 "-" "Mozilla/5.0 (compatible; AhrefsBot/7.0; +http://ahrefs.com/robot/)"
188.165.232.135 - - [24/Dec/2023:12:15:40 +0100] "GET /-p-20290.html HTTP/1.0" 200 81263 "-" "Mozilla/5.0 (compatible; MJ12bot/v1.4.8; http://mj12bot.com/)"
188.165.232.135 - - [24/Dec/2023:12:15:52 +0100] "GET /-p-20291.html HTTP/1.0" 200 81263 "-" "Mozilla/5.0 (compatible; MJ12bot/v1.4.8; http://mj12bot.com/)"
188.165.232.135 - - [24/Dec/2023:12:16:02 +0100] "GET /-p-20292.html HTTP/1.0" 200 81263 "-" "Mozilla/5.0 (compatible; MJ12bot/v1.4.8; http://mj12bot.com/)"
216.244.66.242 - - [24/Dec/2023:12:16:11 +0100] "GET /images/885561160499.jpg HTTP/1.0" 200 258 "-" "Mozilla/5.0 (compatible; DotBot/1.2; +https://opensiteexplorer.org/dotbot; help@moz.com)"
188.165.232.135 - - [24/Dec/2023:12:16:15 +0100] "GET /-p-20294.html HTTP/1.0" 200 81263 "-" "Mozilla/5.0 (compatible; MJ12bot/v1.4.8; http://mj12bot.com/)"
99.129.201.227 - - [24/Dec/2023:12:16:18 +0100] "GET /images/mini_prod/8028501269865.jpg HTTP/1.0" 200 269 "-" "Mozilla/5.0 (X11; Ubuntu; Linux x86_64; rv:72.0) Gecko/20100101 Firefox/72.0"
188.165.232.135 - - [24/Dec/2023:12:16:24 +0100] "GET /-p-20295.html HTTP/1.0" 200 81263 "-" "Mozilla/5.0 (compatible; MJ12bot/v1.4.8; http://mj12bot.com/)"
188.165.232.135 - - [24/Dec/2023:12:16:35 +0100] "GET /-p-20296.html HTTP/1.0" 200 81263 "-" "Mozilla/5.0 (compatible; MJ12bot/v1.4.8; http://mj12bot.com/)"
188.165.232.135 - - [24/Dec/2023:12:16:46 +0100] "GET /-p-20300.html HTTP/1.0" 200 81263 "-" "Mozilla/5.0 (compatible; MJ12bot/v1.4.8; http://mj12bot.com/)"
93.124.78.113 - - [24/Dec/2023:12:16:45 +0100] "GET / HTTP/1.0" 200 161157 "http://www.wonder-geek.com/" "Mozilla/5.0 (Windows NT 6.1; Win64; x64) AppleWebKit/537.36 (KHTML, like Gecko) Chrome/90.0.4430.85 Safari/537.36"
93.124.78.113 - - [24/Dec/2023:12:16:50 +0100] "GET /trivet-boards-c-12_158.html HTTP/1.0" 200 104213 "http://www.wonder-geek.com/trivet-boards-c-12_158.html" "Mozilla/5.0 (Windows NT 6.1; Win64; x64) AppleWebKit/537.36 (KHTML, like Gecko) Chrome/90.0.4430.85 Safari/537.36"
188.165.232.135 - - [24/Dec/2023:12:16:52 +0100] "GET /-p-20301.html HTTP/1.0" 200 81263 "-" "Mozilla/5.0 (compatible; MJ12bot/v1.4.8; http://mj12bot.com/)"
93.124.78.113 - - [24/Dec/2023:12:16:52 +0100] "GET /cardboard-boxes-storage-c-13_150_216.html HTTP/1.0" 200 80568 "http://www.wonder-geek.com/cardboard-boxes-storage-c-13_150_216.html" "Mozilla/5.0 (Windows NT 6.1; Win64; x64) AppleWebKit/537.36 (KHTML, like Gecko) Chrome/90.0.4430.85 Safari/537.36"
93.124.78.113 - - [24/Dec/2023:12:16:54 +0100] "GET /cushion-headboard-c-11_71_173.html HTTP/1.0" 200 86963 "http://www.wonder-geek.com/cushion-headboard-c-11_71_173.html" "Mozilla/5.0 (Windows NT 6.1; Win64; x64) AppleWebKit/537.36 (KHTML, like Gecko) Chrome/90.0.4430.85 Safari/537.36"
93.124.78.113 - - [24/Dec/2023:12:16:56 +0100] "GET /contact_us.php HTTP/1.0" 200 26241 "http://www.wonder-geek.com/contact_us.php" "Mozilla/5.0 (Windows NT 6.1; Win64; x64) AppleWebKit/537.36 (KHTML, like Gecko) Chrome/90.0.4430.85 Safari/537.36"
93.124.78.113 - - [24/Dec/2023:12:16:57 +0100] "POST /contact_us.php?action=send HTTP/1.0" 200 28173 "http://www.wonder-geek.com/contact_us.php" "Mozilla/5.0 (Windows NT 6.1; Win64; x64) AppleWebKit/537.36 (KHTML, like Gecko) Chrome/90.0.4430.85 Safari/537.36"
93.124.78.113 - - [24/Dec/2023:12:16:57 +0100] "GET /contact_us.php HTTP/1.0" 200 26241 "http://www.wonder-geek.com/contact_us.php" "Mozilla/5.0 (Windows NT 6.1; Win64; x64) AppleWebKit/537.36 (KHTML, like Gecko) Chrome/90.0.4430.85 Safari/537.36"
93.124.78.113 - - [24/Dec/2023:12:16:58 +0100] "GET /contact_us.php HTTP/1.0" 200 26241 "http://www.wonder-geek.com/contact_us.php" "Mozilla/5.0 (Windows NT 6.1; Win64; x64) AppleWebKit/537.36 (KHTML, like Gecko) Chrome/90.0.4430.85 Safari/537.36"
188.165.232.135 - - [24/Dec/2023:12:16:57 +0100] "GET /-p-20303.html HTTP/1.0" 200 81263 "-" "Mozilla/5.0 (compatible; MJ12bot/v1.4.8; http://mj12bot.com/)"
188.165.232.135 - - [24/Dec/2023:12:17:00 +0100] "GET /-p-20305.html HTTP/1.0" 200 81263 "-" "Mozilla/5.0 (compatible; MJ12bot/v1.4.8; http://mj12bot.com/)"
188.165.232.135 - - [24/Dec/2023:12:17:06 +0100] "GET /-p-20310.html HTTP/1.0" 200 81263 "-" "Mozilla/5.0 (compatible; MJ12bot/v1.4.8; http://mj12bot.com/)"
188.165.232.135 - - [24/Dec/2023:12:17:13 +0100] "GET /-p-20314.html HTTP/1.0" 200 81263 "-" "Mozilla/5.0 (compatible; MJ12bot/v1.4.8; http://mj12bot.com/)"
54.36.148.82 - - [24/Dec/2023:12:17:15 +0100] "GET /retro-beach-surf-p-40336.html HTTP/1.0" 200 84261 "-" "Mozilla/5.0 (compatible; AhrefsBot/7.0; +http://ahrefs.com/robot/)"
188.165.232.135 - - [24/Dec/2023:12:17:16 +0100] "GET /-p-20362.html HTTP/1.0" 200 81263 "-" "Mozilla/5.0 (compatible; MJ12bot/v1.4.8; http://mj12bot.com/)"
188.165.232.135 - - [24/Dec/2023:12:17:20 +0100] "GET /-p-20375.html HTTP/1.0" 200 81263 "-" "Mozilla/5.0 (compatible; MJ12bot/v1.4.8; http://mj12bot.com/)"
188.165.232.135 - - [24/Dec/2023:12:17:24 +0100] "GET /-p-20393.html HTTP/1.0" 200 81263 "-" "Mozilla/5.0 (compatible; MJ12bot/v1.4.8; http://mj12bot.com/)"
188.165.232.135 - - [24/Dec/2023:12:17:27 +0100] "GET /-p-20394.html HTTP/1.0" 200 81263 "-" "Mozilla/5.0 (compatible; MJ12bot/v1.4.8; http://mj12bot.com/)"
188.165.232.135 - - [24/Dec/2023:12:17:31 +0100] "GET /-p-20396.html HTTP/1.0" 200 81263 "-" "Mozilla/5.0 (compatible; MJ12bot/v1.4.8; http://mj12bot.com/)"
188.165.232.135 - - [24/Dec/2023:12:17:34 +0100] "GET /-p-20398.html HTTP/1.0" 200 81263 "-" "Mozilla/5.0 (compatible; MJ12bot/v1.4.8; http://mj12bot.com/)"
188.165.232.135 - - [24/Dec/2023:12:17:39 +0100] "GET /-p-20413.html HTTP/1.0" 200 81263 "-" "Mozilla/5.0 (compatible; MJ12bot/v1.4.8; http://mj12bot.com/)"
188.165.232.135 - - [24/Dec/2023:12:17:43 +0100] "GET /-p-20414.html HTTP/1.0" 200 81263 "-" "Mozilla/5.0 (compatible; MJ12bot/v1.4.8; http://mj12bot.com/)"
17.241.227.131 - - [24/Dec/2023:12:17:44 +0100] "GET /nativity-statuette-kings-shepherd-resin-p-49521.html HTTP/1.0" 200 83950 "-" "Mozilla/5.0 (Macintosh; Intel Mac OS X 10_15_5) AppleWebKit/605.1.15 (KHTML, like Gecko) Version/13.1.1 Safari/605.1.15 (Applebot/0.1; +http://www.apple.com/go/applebot)"
188.165.232.135 - - [24/Dec/2023:12:17:47 +0100] "GET /-p-20419.html HTTP/1.0" 200 81263 "-" "Mozilla/5.0 (compatible; MJ12bot/v1.4.8; http://mj12bot.com/)"
188.165.232.135 - - [24/Dec/2023:12:17:50 +0100] "GET /-p-20420.html HTTP/1.0" 200 81263 "-" "Mozilla/5.0 (compatible; MJ12bot/v1.4.8; http://mj12bot.com/)"
188.165.232.135 - - [24/Dec/2023:12:17:53 +0100] "GET /-p-20422.html HTTP/1.0" 200 81263 "-" "Mozilla/5.0 (compatible; MJ12bot/v1.4.8; http://mj12bot.com/)"
188.165.232.135 - - [24/Dec/2023:12:17:56 +0100] "GET /-p-20425.html HTTP/1.0" 200 81263 "-" "Mozilla/5.0 (compatible; MJ12bot/v1.4.8; http://mj12bot.com/)"
188.165.232.135 - - [24/Dec/2023:12:18:00 +0100] "GET /-p-20432.html HTTP/1.0" 200 81263 "-" "Mozilla/5.0 (compatible; MJ12bot/v1.4.8; http://mj12bot.com/)"
188.165.232.135 - - [24/Dec/2023:12:18:03 +0100] "GET /-p-20440.html HTTP/1.0" 200 81263 "-" "Mozilla/5.0 (compatible; MJ12bot/v1.4.8; http://mj12bot.com/)"
188.165.232.135 - - [24/Dec/2023:12:18:06 +0100] "GET /-p-20443.html HTTP/1.0" 200 81263 "-" "Mozilla/5.0 (compatible; MJ12bot/v1.4.8; http://mj12bot.com/)"
188.165.232.135 - - [24/Dec/2023:12:18:10 +0100] "GET /-p-20482.html HTTP/1.0" 200 81263 "-" "Mozilla/5.0 (compatible; MJ12bot/v1.4.8; http://mj12bot.com/)"
188.165.232.135 - - [24/Dec/2023:12:18:14 +0100] "GET /-p-20484.html HTTP/1.0" 200 81263 "-" "Mozilla/5.0 (compatible; MJ12bot/v1.4.8; http://mj12bot.com/)"
188.165.232.135 - - [24/Dec/2023:12:18:18 +0100] "GET /-p-20528.html HTTP/1.0" 200 81263 "-" "Mozilla/5.0 (compatible; MJ12bot/v1.4.8; http://mj12bot.com/)"
188.165.232.135 - - [24/Dec/2023:12:18:22 +0100] "GET /-p-20531.html HTTP/1.0" 200 81263 "-" "Mozilla/5.0 (compatible; MJ12bot/v1.4.8; http://mj12bot.com/)"
188.165.232.135 - - [24/Dec/2023:12:18:26 +0100] "GET /-p-2056.html HTTP/1.0" 200 81261 "-" "Mozilla/5.0 (compatible; MJ12bot/v1.4.8; http://mj12bot.com/)"
122.225.39.130 - - [24/Dec/2023:12:18:29 +0100] "GET /images/mini_prod/8003990615898.jpg HTTP/1.0" 200 269 "-" "Mozilla/5.0 (X11; Ubuntu; Linux x86_64; rv:72.0) Gecko/20100101 Firefox/72.0"
188.165.232.135 - - [24/Dec/2023:12:18:30 +0100] "GET /-p-2057.html HTTP/1.0" 200 81261 "-" "Mozilla/5.0 (compatible; MJ12bot/v1.4.8; http://mj12bot.com/)"
188.165.232.135 - - [24/Dec/2023:12:18:34 +0100] "GET /-p-20574.html HTTP/1.0" 200 81263 "-" "Mozilla/5.0 (compatible; MJ12bot/v1.4.8; http://mj12bot.com/)"
188.165.232.135 - - [24/Dec/2023:12:18:38 +0100] "GET /-p-20581.html HTTP/1.0" 200 81263 "-" "Mozilla/5.0 (compatible; MJ12bot/v1.4.8; http://mj12bot.com/)"
188.165.232.135 - - [24/Dec/2023:12:18:42 +0100] "GET /-p-20591.html HTTP/1.0" 200 81263 "-" "Mozilla/5.0 (compatible; MJ12bot/v1.4.8; http://mj12bot.com/)"
188.165.232.135 - - [24/Dec/2023:12:18:46 +0100] "GET /-p-20596.html HTTP/1.0" 200 81263 "-" "Mozilla/5.0 (compatible; MJ12bot/v1.4.8; http://mj12bot.com/)"
192.0.99.155 - - [24/Dec/2023:12:18:50 +0100] "GET /images/med_prod/1341689439002.jpg HTTP/1.0" 200 268 "-" "Photon/1.0"
192.0.98.182 - - [24/Dec/2023:12:18:50 +0100] "GET /images/big_prod/1341689464257.jpg HTTP/1.0" 200 268 "-" "Photon/1.0"
192.0.100.179 - - [24/Dec/2023:12:18:50 +0100] "GET /images/med_prod/1341689482435.jpg HTTP/1.0" 200 268 "-" "Photon/1.0"
54.36.148.184 - - [24/Dec/2023:12:18:51 +0100] "GET /ellipse-candle-wicks-heart-home-guardian-angel-p-59661.html HTTP/1.0" 200 85261 "-" "Mozilla/5.0 (compatible; AhrefsBot/7.0; +http://ahrefs.com/robot/)"
188.165.232.135 - - [24/Dec/2023:12:18:53 +0100] "GET /-p-20670.html HTTP/1.0" 200 81263 "-" "Mozilla/5.0 (compatible; MJ12bot/v1.4.8; http://mj12bot.com/)"
188.165.232.135 - - [24/Dec/2023:12:18:57 +0100] "GET /-p-20689.html HTTP/1.0" 200 81263 "-" "Mozilla/5.0 (compatible; MJ12bot/v1.4.8; http://mj12bot.com/)"
188.165.232.135 - - [24/Dec/2023:12:19:04 +0100] "GET /-p-20724.html HTTP/1.0" 200 81263 "-" "Mozilla/5.0 (compatible; MJ12bot/v1.4.8; http://mj12bot.com/)"
188.165.232.135 - - [24/Dec/2023:12:19:10 +0100] "GET /-p-20727.html HTTP/1.0" 200 81263 "-" "Mozilla/5.0 (compatible; MJ12bot/v1.4.8; http://mj12bot.com/)"
188.165.232.135 - - [24/Dec/2023:12:19:15 +0100] "GET /-p-20729.html HTTP/1.0" 200 81263 "-" "Mozilla/5.0 (compatible; MJ12bot/v1.4.8; http://mj12bot.com/)"
188.165.232.135 - - [24/Dec/2023:12:19:18 +0100] "GET /-p-20735.html HTTP/1.0" 200 81263 "-" "Mozilla/5.0 (compatible; MJ12bot/v1.4.8; http://mj12bot.com/)"
188.165.232.135 - - [24/Dec/2023:12:19:22 +0100] "GET /-p-20742.html HTTP/1.0" 200 81263 "-" "Mozilla/5.0 (compatible; MJ12bot/v1.4.8; http://mj12bot.com/)"
188.165.232.135 - - [24/Dec/2023:12:19:26 +0100] "GET /-p-20744.html HTTP/1.0" 200 81263 "-" "Mozilla/5.0 (compatible; MJ12bot/v1.4.8; http://mj12bot.com/)"
188.165.232.135 - - [24/Dec/2023:12:19:30 +0100] "GET /-p-20745.html HTTP/1.0" 200 81263 "-" "Mozilla/5.0 (compatible; MJ12bot/v1.4.8; http://mj12bot.com/)"
188.165.232.135 - - [24/Dec/2023:12:19:35 +0100] "GET /-p-20746.html HTTP/1.0" 200 81263 "-" "Mozilla/5.0 (compatible; MJ12bot/v1.4.8; http://mj12bot.com/)"
188.165.232.135 - - [24/Dec/2023:12:19:41 +0100] "GET /-p-20749.html HTTP/1.0" 200 81263 "-" "Mozilla/5.0 (compatible; MJ12bot/v1.4.8; http://mj12bot.com/)"
66.249.66.206 - - [24/Dec/2023:12:19:43 +0100] "GET /ads.txt HTTP/1.0" 404 1308 "-" "Mozilla/5.0 (compatible; Googlebot/2.1; +http://www.google.com/bot.html)"
54.36.148.120 - - [24/Dec/2023:12:19:42 +0100] "GET /mirror-eye-wall-decor-p-48719.html HTTP/1.0" 301 84296 "-" "Mozilla/5.0 (compatible; AhrefsBot/7.0; +http://ahrefs.com/robot/)"
188.165.232.135 - - [24/Dec/2023:12:19:46 +0100] "GET /-p-2075.html HTTP/1.0" 200 81261 "-" "Mozilla/5.0 (compatible; MJ12bot/v1.4.8; http://mj12bot.com/)"
188.165.232.135 - - [24/Dec/2023:12:19:49 +0100] "GET /-p-20750.html HTTP/1.0" 200 81263 "-" "Mozilla/5.0 (compatible; MJ12bot/v1.4.8; http://mj12bot.com/)"
188.165.232.135 - - [24/Dec/2023:12:19:53 +0100] "GET /-p-20753.html HTTP/1.0" 200 81263 "-" "Mozilla/5.0 (compatible; MJ12bot/v1.4.8; http://mj12bot.com/)"
66.249.66.206 - - [24/Dec/2023:12:19:58 +0100] "GET /images/big_prod_2/8445148039710b.jpg HTTP/1.0" 200 271 "-" "Googlebot-Image/1.0"
188.165.232.135 - - [24/Dec/2023:12:19:57 +0100] "GET /-p-20756.html HTTP/1.0" 200 81263 "-" "Mozilla/5.0 (compatible; MJ12bot/v1.4.8; http://mj12bot.com/)"
188.165.232.135 - - [24/Dec/2023:12:20:01 +0100] "GET /-p-20758.html HTTP/1.0" 200 81263 "-" "Mozilla/5.0 (compatible; MJ12bot/v1.4.8; http://mj12bot.com/)"
188.165.232.135 - - [24/Dec/2023:12:20:04 +0100] "GET /-p-20763.html HTTP/1.0" 200 81263 "-" "Mozilla/5.0 (compatible; MJ12bot/v1.4.8; http://mj12bot.com/)"
188.165.232.135 - - [24/Dec/2023:12:20:10 +0100] "GET /-p-20775.html HTTP/1.0" 200 81263 "-" "Mozilla/5.0 (compatible; MJ12bot/v1.4.8; http://mj12bot.com/)"
188.165.232.135 - - [24/Dec/2023:12:20:15 +0100] "GET /-p-20776.html HTTP/1.0" 200 81263 "-" "Mozilla/5.0 (compatible; MJ12bot/v1.4.8; http://mj12bot.com/)"
40.77.167.152 - - [24/Dec/2023:12:20:16 +0100] "GET /harley-davidson-eagle-zippo-lighter-p-29783.html HTTP/1.0" 200 84175 "-" "Mozilla/5.0 AppleWebKit/537.36 (KHTML, like Gecko; compatible; bingbot/2.0; +http://www.bing.com/bingbot.htm) Chrome/116.0.1938.76 Safari/537.36"
188.165.232.135 - - [24/Dec/2023:12:20:20 +0100] "GET /-p-20800.html HTTP/1.0" 200 81263 "-" "Mozilla/5.0 (compatible; MJ12bot/v1.4.8; http://mj12bot.com/)"
188.165.232.135 - - [24/Dec/2023:12:20:24 +0100] "GET /-p-20814.html HTTP/1.0" 200 81263 "-" "Mozilla/5.0 (compatible; MJ12bot/v1.4.8; http://mj12bot.com/)"
188.165.232.135 - - [24/Dec/2023:12:20:27 +0100] "GET /-p-20849.html HTTP/1.0" 200 81263 "-" "Mozilla/5.0 (compatible; MJ12bot/v1.4.8; http://mj12bot.com/)"
54.36.149.74 - - [24/Dec/2023:12:20:31 +0100] "GET /polypropylene-grey-outdoor-carpet-p-44049.html HTTP/1.0" 200 84792 "-" "Mozilla/5.0 (compatible; AhrefsBot/7.0; +http://ahrefs.com/robot/)"
188.165.232.135 - - [24/Dec/2023:12:20:31 +0100] "GET /-p-20854.html HTTP/1.0" 200 81263 "-" "Mozilla/5.0 (compatible; MJ12bot/v1.4.8; http://mj12bot.com/)"
188.165.232.135 - - [24/Dec/2023:12:20:36 +0100] "GET /-p-20862.html HTTP/1.0" 200 81263 "-" "Mozilla/5.0 (compatible; MJ12bot/v1.4.8; http://mj12bot.com/)"
216.228.125.130 - - [24/Dec/2023:12:20:38 +0100] "GET /images/mini_prod/5701359678982.jpg HTTP/1.0" 200 269 "-" "Mozilla/5.0 (X11; Ubuntu; Linux x86_64; rv:72.0) Gecko/20100101 Firefox/72.0"
188.165.232.135 - - [24/Dec/2023:12:20:43 +0100] "GET /-p-20876.html HTTP/1.0" 200 81263 "-" "Mozilla/5.0 (compatible; MJ12bot/v1.4.8; http://mj12bot.com/)"
188.165.232.135 - - [24/Dec/2023:12:20:47 +0100] "GET /-p-20887.html HTTP/1.0" 200 81263 "-" "Mozilla/5.0 (compatible; MJ12bot/v1.4.8; http://mj12bot.com/)"
188.165.232.135 - - [24/Dec/2023:12:20:51 +0100] "GET /-p-20909.html HTTP/1.0" 200 81263 "-" "Mozilla/5.0 (compatible; MJ12bot/v1.4.8; http://mj12bot.com/)"
188.165.232.135 - - [24/Dec/2023:12:20:54 +0100] "GET /-p-20915.html HTTP/1.0" 200 81263 "-" "Mozilla/5.0 (compatible; MJ12bot/v1.4.8; http://mj12bot.com/)"
188.165.232.135 - - [24/Dec/2023:12:20:57 +0100] "GET /-p-20939.html HTTP/1.0" 200 81263 "-" "Mozilla/5.0 (compatible; MJ12bot/v1.4.8; http://mj12bot.com/)"
188.165.232.135 - - [24/Dec/2023:12:21:01 +0100] "GET /-p-20943.html HTTP/1.0" 200 81263 "-" "Mozilla/5.0 (compatible; MJ12bot/v1.4.8; http://mj12bot.com/)"
188.165.232.135 - - [24/Dec/2023:12:21:04 +0100] "GET /-p-20946.html HTTP/1.0" 200 81263 "-" "Mozilla/5.0 (compatible; MJ12bot/v1.4.8; http://mj12bot.com/)"
188.165.232.135 - - [24/Dec/2023:12:21:07 +0100] "GET /-p-20947.html HTTP/1.0" 200 81263 "-" "Mozilla/5.0 (compatible; MJ12bot/v1.4.8; http://mj12bot.com/)"
188.165.232.135 - - [24/Dec/2023:12:21:12 +0100] "GET /-p-20949.html HTTP/1.0" 200 81263 "-" "Mozilla/5.0 (compatible; MJ12bot/v1.4.8; http://mj12bot.com/)"
188.165.232.135 - - [24/Dec/2023:12:21:15 +0100] "GET /-p-20954.html HTTP/1.0" 200 81263 "-" "Mozilla/5.0 (compatible; MJ12bot/v1.4.8; http://mj12bot.com/)"
188.165.232.135 - - [24/Dec/2023:12:21:19 +0100] "GET /-p-20956.html HTTP/1.0" 200 81263 "-" "Mozilla/5.0 (compatible; MJ12bot/v1.4.8; http://mj12bot.com/)"
188.165.232.135 - - [24/Dec/2023:12:21:27 +0100] "GET /-p-2096.html HTTP/1.0" 200 81261 "-" "Mozilla/5.0 (compatible; MJ12bot/v1.4.8; http://mj12bot.com/)"
188.165.232.135 - - [24/Dec/2023:12:21:30 +0100] "GET /-p-2098.html HTTP/1.0" 200 81261 "-" "Mozilla/5.0 (compatible; MJ12bot/v1.4.8; http://mj12bot.com/)"
188.165.232.135 - - [24/Dec/2023:12:21:36 +0100] "GET /-p-20996.html HTTP/1.0" 200 81263 "-" "Mozilla/5.0 (compatible; MJ12bot/v1.4.8; http://mj12bot.com/)"
188.165.232.135 - - [24/Dec/2023:12:21:39 +0100] "GET /-p-21023.html HTTP/1.0" 200 81263 "-" "Mozilla/5.0 (compatible; MJ12bot/v1.4.8; http://mj12bot.com/)"
188.165.232.135 - - [24/Dec/2023:12:21:43 +0100] "GET /-p-21058.html HTTP/1.0" 200 81263 "-" "Mozilla/5.0 (compatible; MJ12bot/v1.4.8; http://mj12bot.com/)"
188.165.232.135 - - [24/Dec/2023:12:21:46 +0100] "GET /-p-21063.html HTTP/1.0" 200 81263 "-" "Mozilla/5.0 (compatible; MJ12bot/v1.4.8; http://mj12bot.com/)"
188.165.232.135 - - [24/Dec/2023:12:21:49 +0100] "GET /-p-21071.html HTTP/1.0" 200 81263 "-" "Mozilla/5.0 (compatible; MJ12bot/v1.4.8; http://mj12bot.com/)"
188.165.232.135 - - [24/Dec/2023:12:21:53 +0100] "GET /-p-21073.html HTTP/1.0" 200 81263 "-" "Mozilla/5.0 (compatible; MJ12bot/v1.4.8; http://mj12bot.com/)"
188.165.232.135 - - [24/Dec/2023:12:21:56 +0100] "GET /-p-21075.html HTTP/1.0" 200 81263 "-" "Mozilla/5.0 (compatible; MJ12bot/v1.4.8; http://mj12bot.com/)"
188.165.232.135 - - [24/Dec/2023:12:21:59 +0100] "GET /-p-21079.html HTTP/1.0" 200 81263 "-" "Mozilla/5.0 (compatible; MJ12bot/v1.4.8; http://mj12bot.com/)"
52.167.144.161 - - [24/Dec/2023:12:22:00 +0100] "GET /large-backpack-soy-luna-disney-40-cm-p-35534.html HTTP/1.0" 301 81330 "-" "Mozilla/5.0 AppleWebKit/537.36 (KHTML, like Gecko; compatible; bingbot/2.0; +http://www.bing.com/bingbot.htm) Chrome/116.0.1938.76 Safari/537.36"
188.165.232.135 - - [24/Dec/2023:12:22:04 +0100] "GET /-p-21081.html HTTP/1.0" 200 81263 "-" "Mozilla/5.0 (compatible; MJ12bot/v1.4.8; http://mj12bot.com/)"
54.36.149.26 - - [24/Dec/2023:12:22:04 +0100] "GET /ceramic-statues-elephants-white-with-gold-patina-p-60347.html HTTP/1.0" 200 84899 "-" "Mozilla/5.0 (compatible; AhrefsBot/7.0; +http://ahrefs.com/robot/)"
188.165.232.135 - - [24/Dec/2023:12:22:07 +0100] "GET /-p-21082.html HTTP/1.0" 200 81263 "-" "Mozilla/5.0 (compatible; MJ12bot/v1.4.8; http://mj12bot.com/)"
188.165.232.135 - - [24/Dec/2023:12:22:10 +0100] "GET /-p-21085.html HTTP/1.0" 200 81263 "-" "Mozilla/5.0 (compatible; MJ12bot/v1.4.8; http://mj12bot.com/)"
188.165.232.135 - - [24/Dec/2023:12:22:15 +0100] "GET /-p-21090.html HTTP/1.0" 200 81263 "-" "Mozilla/5.0 (compatible; MJ12bot/v1.4.8; http://mj12bot.com/)"
188.165.232.135 - - [24/Dec/2023:12:22:18 +0100] "GET /-p-21092.html HTTP/1.0" 200 81263 "-" "Mozilla/5.0 (compatible; MJ12bot/v1.4.8; http://mj12bot.com/)"
188.165.232.135 - - [24/Dec/2023:12:22:22 +0100] "GET /-p-21093.html HTTP/1.0" 200 81263 "-" "Mozilla/5.0 (compatible; MJ12bot/v1.4.8; http://mj12bot.com/)"
188.165.232.135 - - [24/Dec/2023:12:22:26 +0100] "GET /-p-21094.html HTTP/1.0" 200 81263 "-" "Mozilla/5.0 (compatible; MJ12bot/v1.4.8; http://mj12bot.com/)"
188.165.232.135 - - [24/Dec/2023:12:22:29 +0100] "GET /-p-21096.html HTTP/1.0" 200 81263 "-" "Mozilla/5.0 (compatible; MJ12bot/v1.4.8; http://mj12bot.com/)"
52.167.144.161 - - [24/Dec/2023:12:22:30 +0100] "GET /jake-and-the-never-land-pirates-pvc-money-box-p-32144.html HTTP/1.0" 301 83935 "-" "Mozilla/5.0 AppleWebKit/537.36 (KHTML, like Gecko; compatible; bingbot/2.0; +http://www.bing.com/bingbot.htm) Chrome/116.0.1938.76 Safari/537.36"
188.165.232.135 - - [24/Dec/2023:12:22:33 +0100] "GET /-p-21097.html HTTP/1.0" 200 81263 "-" "Mozilla/5.0 (compatible; MJ12bot/v1.4.8; http://mj12bot.com/)"
188.165.232.135 - - [24/Dec/2023:12:22:37 +0100] "GET /-p-21100.html HTTP/1.0" 200 81263 "-" "Mozilla/5.0 (compatible; MJ12bot/v1.4.8; http://mj12bot.com/)"
188.165.232.135 - - [24/Dec/2023:12:22:41 +0100] "GET /-p-21103.html HTTP/1.0" 200 81263 "-" "Mozilla/5.0 (compatible; MJ12bot/v1.4.8; http://mj12bot.com/)"
188.165.232.135 - - [24/Dec/2023:12:22:45 +0100] "GET /-p-21108.html HTTP/1.0" 200 81263 "-" "Mozilla/5.0 (compatible; MJ12bot/v1.4.8; http://mj12bot.com/)"
188.165.232.135 - - [24/Dec/2023:12:22:50 +0100] "GET /-p-2111.html HTTP/1.0" 200 81261 "-" "Mozilla/5.0 (compatible; MJ12bot/v1.4.8; http://mj12bot.com/)"
188.165.232.135 - - [24/Dec/2023:12:22:56 +0100] "GET /-p-21110.html HTTP/1.0" 200 81263 "-" "Mozilla/5.0 (compatible; MJ12bot/v1.4.8; http://mj12bot.com/)"
188.165.232.135 - - [24/Dec/2023:12:23:01 +0100] "GET /-p-21114.html HTTP/1.0" 200 81263 "-" "Mozilla/5.0 (compatible; MJ12bot/v1.4.8; http://mj12bot.com/)"
188.165.232.135 - - [24/Dec/2023:12:23:05 +0100] "GET /-p-21127.html HTTP/1.0" 200 81263 "-" "Mozilla/5.0 (compatible; MJ12bot/v1.4.8; http://mj12bot.com/)"
188.165.232.135 - - [24/Dec/2023:12:23:09 +0100] "GET /-p-21134.html HTTP/1.0" 200 81263 "-" "Mozilla/5.0 (compatible; MJ12bot/v1.4.8; http://mj12bot.com/)"
52.167.144.161 - - [24/Dec/2023:12:23:09 +0100] "GET /paperweight-water-lilies-monet-p-53516.html HTTP/1.0" 200 84679 "-" "Mozilla/5.0 AppleWebKit/537.36 (KHTML, like Gecko; compatible; bingbot/2.0; +http://www.bing.com/bingbot.htm) Chrome/116.0.1938.76 Safari/537.36"
188.165.232.135 - - [24/Dec/2023:12:23:12 +0100] "GET /-p-21139.html HTTP/1.0" 200 81263 "-" "Mozilla/5.0 (compatible; MJ12bot/v1.4.8; http://mj12bot.com/)"
188.165.232.135 - - [24/Dec/2023:12:23:19 +0100] "GET /-p-21141.html HTTP/1.0" 200 81263 "-" "Mozilla/5.0 (compatible; MJ12bot/v1.4.8; http://mj12bot.com/)"
188.165.232.135 - - [24/Dec/2023:12:23:23 +0100] "GET /-p-21144.html HTTP/1.0" 200 81263 "-" "Mozilla/5.0 (compatible; MJ12bot/v1.4.8; http://mj12bot.com/)"
188.165.232.135 - - [24/Dec/2023:12:23:30 +0100] "GET /-p-21145.html HTTP/1.0" 200 81263 "-" "Mozilla/5.0 (compatible; MJ12bot/v1.4.8; http://mj12bot.com/)"
188.165.232.135 - - [24/Dec/2023:12:23:35 +0100] "GET /-p-21147.html HTTP/1.0" 200 81263 "-" "Mozilla/5.0 (compatible; MJ12bot/v1.4.8; http://mj12bot.com/)"
188.165.232.135 - - [24/Dec/2023:12:23:39 +0100] "GET /-p-21163.html HTTP/1.0" 200 81263 "-" "Mozilla/5.0 (compatible; MJ12bot/v1.4.8; http://mj12bot.com/)"
54.36.149.29 - - [24/Dec/2023:12:23:40 +0100] "GET /volkswagen-large-metal-plate-deco-p-37085.html HTTP/1.0" 200 83707 "-" "Mozilla/5.0 (compatible; AhrefsBot/7.0; +http://ahrefs.com/robot/)"
188.165.232.135 - - [24/Dec/2023:12:23:44 +0100] "GET /-p-21174.html HTTP/1.0" 200 81263 "-" "Mozilla/5.0 (compatible; MJ12bot/v1.4.8; http://mj12bot.com/)"
188.165.232.135 - - [24/Dec/2023:12:23:48 +0100] "GET /-p-21179.html HTTP/1.0" 200 81263 "-" "Mozilla/5.0 (compatible; MJ12bot/v1.4.8; http://mj12bot.com/)"
188.165.232.135 - - [24/Dec/2023:12:23:52 +0100] "GET /-p-21195.html HTTP/1.0" 200 81263 "-" "Mozilla/5.0 (compatible; MJ12bot/v1.4.8; http://mj12bot.com/)"
188.165.232.135 - - [24/Dec/2023:12:23:55 +0100] "GET /-p-21197.html HTTP/1.0" 200 81263 "-" "Mozilla/5.0 (compatible; MJ12bot/v1.4.8; http://mj12bot.com/)"
188.165.232.135 - - [24/Dec/2023:12:24:01 +0100] "GET /-p-21199.html HTTP/1.0" 200 81263 "-" "Mozilla/5.0 (compatible; MJ12bot/v1.4.8; http://mj12bot.com/)"
188.165.232.135 - - [24/Dec/2023:12:24:06 +0100] "GET /-p-21201.html HTTP/1.0" 200 81263 "-" "Mozilla/5.0 (compatible; MJ12bot/v1.4.8; http://mj12bot.com/)"
188.165.232.135 - - [24/Dec/2023:12:24:13 +0100] "GET /-p-21215.html HTTP/1.0" 200 81263 "-" "Mozilla/5.0 (compatible; MJ12bot/v1.4.8; http://mj12bot.com/)"
188.165.232.135 - - [24/Dec/2023:12:24:16 +0100] "GET /-p-21218.html HTTP/1.0" 200 81263 "-" "Mozilla/5.0 (compatible; MJ12bot/v1.4.8; http://mj12bot.com/)"
188.165.232.135 - - [24/Dec/2023:12:24:21 +0100] "GET /-p-21223.html HTTP/1.0" 200 81263 "-" "Mozilla/5.0 (compatible; MJ12bot/v1.4.8; http://mj12bot.com/)"
188.165.232.135 - - [24/Dec/2023:12:24:24 +0100] "GET /-p-21225.html HTTP/1.0" 200 81263 "-" "Mozilla/5.0 (compatible; MJ12bot/v1.4.8; http://mj12bot.com/)"
188.165.232.135 - - [24/Dec/2023:12:24:29 +0100] "GET /-p-21226.html HTTP/1.0" 200 81263 "-" "Mozilla/5.0 (compatible; MJ12bot/v1.4.8; http://mj12bot.com/)"
188.165.232.135 - - [24/Dec/2023:12:24:34 +0100] "GET /-p-2123.html HTTP/1.0" 200 81261 "-" "Mozilla/5.0 (compatible; MJ12bot/v1.4.8; http://mj12bot.com/)"
188.165.232.135 - - [24/Dec/2023:12:24:38 +0100] "GET /-p-21234.html HTTP/1.0" 200 81263 "-" "Mozilla/5.0 (compatible; MJ12bot/v1.4.8; http://mj12bot.com/)"
188.165.232.135 - - [24/Dec/2023:12:24:42 +0100] "GET /-p-21244.html HTTP/1.0" 200 81263 "-" "Mozilla/5.0 (compatible; MJ12bot/v1.4.8; http://mj12bot.com/)"
188.165.232.135 - - [24/Dec/2023:12:24:49 +0100] "GET /-p-21290.html HTTP/1.0" 200 81263 "-" "Mozilla/5.0 (compatible; MJ12bot/v1.4.8; http://mj12bot.com/)"
188.165.232.135 - - [24/Dec/2023:12:24:55 +0100] "GET /-p-21343.html HTTP/1.0" 200 81263 "-" "Mozilla/5.0 (compatible; MJ12bot/v1.4.8; http://mj12bot.com/)"
188.165.232.135 - - [24/Dec/2023:12:25:00 +0100] "GET /-p-21397.html HTTP/1.0" 200 81263 "-" "Mozilla/5.0 (compatible; MJ12bot/v1.4.8; http://mj12bot.com/)"
188.165.232.135 - - [24/Dec/2023:12:25:04 +0100] "GET /-p-21402.html HTTP/1.0" 200 81263 "-" "Mozilla/5.0 (compatible; MJ12bot/v1.4.8; http://mj12bot.com/)"
188.165.232.135 - - [24/Dec/2023:12:25:08 +0100] "GET /-p-21410.html HTTP/1.0" 200 81263 "-" "Mozilla/5.0 (compatible; MJ12bot/v1.4.8; http://mj12bot.com/)"
40.77.167.44 - - [24/Dec/2023:12:25:10 +0100] "GET /amazon-love-tote-butterflies-p-50285.html HTTP/1.0" 200 84732 "-" "Mozilla/5.0 AppleWebKit/537.36 (KHTML, like Gecko; compatible; bingbot/2.0; +http://www.bing.com/bingbot.htm) Chrome/116.0.1938.76 Safari/537.36"
188.165.232.135 - - [24/Dec/2023:12:25:12 +0100] "GET /-p-21423.html HTTP/1.0" 200 81263 "-" "Mozilla/5.0 (compatible; MJ12bot/v1.4.8; http://mj12bot.com/)"
188.165.232.135 - - [24/Dec/2023:12:25:15 +0100] "GET /-p-21429.html HTTP/1.0" 200 81263 "-" "Mozilla/5.0 (compatible; MJ12bot/v1.4.8; http://mj12bot.com/)"
188.165.232.135 - - [24/Dec/2023:12:25:19 +0100] "GET /-p-21442.html HTTP/1.0" 200 81263 "-" "Mozilla/5.0 (compatible; MJ12bot/v1.4.8; http://mj12bot.com/)"
188.165.232.135 - - [24/Dec/2023:12:25:23 +0100] "GET /-p-21458.html HTTP/1.0" 200 81263 "-" "Mozilla/5.0 (compatible; MJ12bot/v1.4.8; http://mj12bot.com/)"
54.36.148.213 - - [24/Dec/2023:12:25:25 +0100] "GET /trolley-backpack-brought-love-gorjuss-p-47753.html HTTP/1.0" 200 85590 "-" "Mozilla/5.0 (compatible; AhrefsBot/7.0; +http://ahrefs.com/robot/)"
188.165.232.135 - - [24/Dec/2023:12:25:26 +0100] "GET /-p-21464.html HTTP/1.0" 200 81263 "-" "Mozilla/5.0 (compatible; MJ12bot/v1.4.8; http://mj12bot.com/)"
188.165.232.135 - - [24/Dec/2023:12:25:30 +0100] "GET /-p-21479.html HTTP/1.0" 200 81263 "-" "Mozilla/5.0 (compatible; MJ12bot/v1.4.8; http://mj12bot.com/)"
188.165.232.135 - - [24/Dec/2023:12:25:33 +0100] "GET /-p-21497.html HTTP/1.0" 200 81263 "-" "Mozilla/5.0 (compatible; MJ12bot/v1.4.8; http://mj12bot.com/)"
188.165.232.135 - - [24/Dec/2023:12:25:37 +0100] "GET /-p-21518.html HTTP/1.0" 200 81263 "-" "Mozilla/5.0 (compatible; MJ12bot/v1.4.8; http://mj12bot.com/)"
188.165.232.135 - - [24/Dec/2023:12:25:41 +0100] "GET /-p-21520.html HTTP/1.0" 200 81263 "-" "Mozilla/5.0 (compatible; MJ12bot/v1.4.8; http://mj12bot.com/)"
188.165.232.135 - - [24/Dec/2023:12:25:46 +0100] "GET /-p-21529.html HTTP/1.0" 200 81263 "-" "Mozilla/5.0 (compatible; MJ12bot/v1.4.8; http://mj12bot.com/)"
188.165.232.135 - - [24/Dec/2023:12:25:52 +0100] "GET /-p-21576.html HTTP/1.0" 200 81263 "-" "Mozilla/5.0 (compatible; MJ12bot/v1.4.8; http://mj12bot.com/)"
188.165.232.135 - - [24/Dec/2023:12:25:55 +0100] "GET /-p-21580.html HTTP/1.0" 200 81263 "-" "Mozilla/5.0 (compatible; MJ12bot/v1.4.8; http://mj12bot.com/)"
188.165.232.135 - - [24/Dec/2023:12:25:58 +0100] "GET /-p-21652.html HTTP/1.0" 200 81263 "-" "Mozilla/5.0 (compatible; MJ12bot/v1.4.8; http://mj12bot.com/)"
188.165.232.135 - - [24/Dec/2023:12:26:02 +0100] "GET /-p-21676.html HTTP/1.0" 200 81263 "-" "Mozilla/5.0 (compatible; MJ12bot/v1.4.8; http://mj12bot.com/)"
188.165.232.135 - - [24/Dec/2023:12:26:06 +0100] "GET /-p-21679.html HTTP/1.0" 200 81263 "-" "Mozilla/5.0 (compatible; MJ12bot/v1.4.8; http://mj12bot.com/)"
188.165.232.135 - - [24/Dec/2023:12:26:10 +0100] "GET /-p-21682.html HTTP/1.0" 200 81263 "-" "Mozilla/5.0 (compatible; MJ12bot/v1.4.8; http://mj12bot.com/)"
188.165.232.135 - - [24/Dec/2023:12:26:13 +0100] "GET /-p-21694.html HTTP/1.0" 200 81263 "-" "Mozilla/5.0 (compatible; MJ12bot/v1.4.8; http://mj12bot.com/)"
188.165.232.135 - - [24/Dec/2023:12:26:18 +0100] "GET /-p-21695.html HTTP/1.0" 200 81263 "-" "Mozilla/5.0 (compatible; MJ12bot/v1.4.8; http://mj12bot.com/)"
188.165.232.135 - - [24/Dec/2023:12:26:25 +0100] "GET /-p-21696.html HTTP/1.0" 200 81263 "-" "Mozilla/5.0 (compatible; MJ12bot/v1.4.8; http://mj12bot.com/)"
188.165.232.135 - - [24/Dec/2023:12:26:29 +0100] "GET /-p-21697.html HTTP/1.0" 200 81263 "-" "Mozilla/5.0 (compatible; MJ12bot/v1.4.8; http://mj12bot.com/)"
188.165.232.135 - - [24/Dec/2023:12:26:35 +0100] "GET /-p-21700.html HTTP/1.0" 200 81263 "-" "Mozilla/5.0 (compatible; MJ12bot/v1.4.8; http://mj12bot.com/)"
188.165.232.135 - - [24/Dec/2023:12:26:38 +0100] "GET /-p-21705.html HTTP/1.0" 200 81263 "-" "Mozilla/5.0 (compatible; MJ12bot/v1.4.8; http://mj12bot.com/)"
188.165.232.135 - - [24/Dec/2023:12:26:41 +0100] "GET /-p-21708.html HTTP/1.0" 200 81263 "-" "Mozilla/5.0 (compatible; MJ12bot/v1.4.8; http://mj12bot.com/)"
212.22.70.91 - - [24/Dec/2023:12:26:46 +0100] "GET /contact_us.php HTTP/1.0" 301 539 "http://wonder-geek.com/contact_us.php" "Mozilla/5.0 (Windows NT 6.3) AppleWebKit/537.36 (KHTML, like Gecko) Chrome/103.0.0.0 Safari/537.36"
212.22.70.91 - - [24/Dec/2023:12:26:46 +0100] "GET /contact_us.php HTTP/1.0" 200 26241 "http://www.wonder-geek.com/contact_us.php" "Mozilla/5.0 (Windows NT 6.3) AppleWebKit/537.36 (KHTML, like Gecko) Chrome/103.0.0.0 Safari/537.36"
212.22.70.91 - - [24/Dec/2023:12:26:46 +0100] "POST /contact_us.php?action=send HTTP/1.0" 200 26552 "http://www.wonder-geek.com/contact_us.php" "Mozilla/5.0 (Windows NT 6.3) AppleWebKit/537.36 (KHTML, like Gecko) Chrome/103.0.0.0 Safari/537.36"
212.22.70.91 - - [24/Dec/2023:12:26:47 +0100] "GET /login.php HTTP/1.0" 200 17155 "http://www.wonder-geek.com/login.php" "Mozilla/5.0 (Windows NT 6.3) AppleWebKit/537.36 (KHTML, like Gecko) Chrome/103.0.0.0 Safari/537.36"
188.165.232.135 - - [24/Dec/2023:12:26:46 +0100] "GET /-p-21710.html HTTP/1.0" 200 81263 "-" "Mozilla/5.0 (compatible; MJ12bot/v1.4.8; http://mj12bot.com/)"
212.22.70.91 - - [24/Dec/2023:12:26:47 +0100] "POST /login.php?action=process HTTP/1.0" 200 17661 "http://www.wonder-geek.com/login.php" "Mozilla/5.0 (Windows NT 6.3) AppleWebKit/537.36 (KHTML, like Gecko) Chrome/103.0.0.0 Safari/537.36"
212.22.70.91 - - [24/Dec/2023:12:26:47 +0100] "GET /contact_us.php HTTP/1.0" 200 26241 "http://www.wonder-geek.com/contact_us.php" "Mozilla/5.0 (Windows NT 6.3) AppleWebKit/537.36 (KHTML, like Gecko) Chrome/103.0.0.0 Safari/537.36"
188.165.232.135 - - [24/Dec/2023:12:26:50 +0100] "GET /-p-21718.html HTTP/1.0" 200 81263 "-" "Mozilla/5.0 (compatible; MJ12bot/v1.4.8; http://mj12bot.com/)"
188.165.232.135 - - [24/Dec/2023:12:26:53 +0100] "GET /-p-2176.html HTTP/1.0" 200 81261 "-" "Mozilla/5.0 (compatible; MJ12bot/v1.4.8; http://mj12bot.com/)"
188.165.232.135 - - [24/Dec/2023:12:26:57 +0100] "GET /-p-21837.html HTTP/1.0" 200 81263 "-" "Mozilla/5.0 (compatible; MJ12bot/v1.4.8; http://mj12bot.com/)"
52.167.144.161 - - [24/Dec/2023:12:26:59 +0100] "GET /musical-c-13_150_149.html HTTP/1.0" 200 102138 "-" "Mozilla/5.0 AppleWebKit/537.36 (KHTML, like Gecko; compatible; bingbot/2.0; +http://www.bing.com/bingbot.htm) Chrome/116.0.1938.76 Safari/537.36"
188.165.232.135 - - [24/Dec/2023:12:27:01 +0100] "GET /-p-21846.html HTTP/1.0" 200 81263 "-" "Mozilla/5.0 (compatible; MJ12bot/v1.4.8; http://mj12bot.com/)"
188.165.232.135 - - [24/Dec/2023:12:27:05 +0100] "GET /-p-2190.html HTTP/1.0" 200 81261 "-" "Mozilla/5.0 (compatible; MJ12bot/v1.4.8; http://mj12bot.com/)"
188.165.232.135 - - [24/Dec/2023:12:27:09 +0100] "GET /-p-2191.html HTTP/1.0" 200 81261 "-" "Mozilla/5.0 (compatible; MJ12bot/v1.4.8; http://mj12bot.com/)"
54.36.149.71 - - [24/Dec/2023:12:27:11 +0100] "GET /cooking-tools-sugar-p-41617.html HTTP/1.0" 200 83600 "-" "Mozilla/5.0 (compatible; AhrefsBot/7.0; +http://ahrefs.com/robot/)"
188.165.232.135 - - [24/Dec/2023:12:27:13 +0100] "GET /-p-21916.html HTTP/1.0" 200 81263 "-" "Mozilla/5.0 (compatible; MJ12bot/v1.4.8; http://mj12bot.com/)"
188.165.232.135 - - [24/Dec/2023:12:27:20 +0100] "GET /-p-21948.html HTTP/1.0" 200 81263 "-" "Mozilla/5.0 (compatible; MJ12bot/v1.4.8; http://mj12bot.com/)"
188.165.232.135 - - [24/Dec/2023:12:27:25 +0100] "GET /-p-21958.html HTTP/1.0" 200 81263 "-" "Mozilla/5.0 (compatible; MJ12bot/v1.4.8; http://mj12bot.com/)"
188.165.232.135 - - [24/Dec/2023:12:27:28 +0100] "GET /-p-21963.html HTTP/1.0" 200 81263 "-" "Mozilla/5.0 (compatible; MJ12bot/v1.4.8; http://mj12bot.com/)"
188.165.232.135 - - [24/Dec/2023:12:27:34 +0100] "GET /-p-21964.html HTTP/1.0" 200 81263 "-" "Mozilla/5.0 (compatible; MJ12bot/v1.4.8; http://mj12bot.com/)"
188.165.232.135 - - [24/Dec/2023:12:27:38 +0100] "GET /-p-22002.html HTTP/1.0" 200 81263 "-" "Mozilla/5.0 (compatible; MJ12bot/v1.4.8; http://mj12bot.com/)"
188.165.232.135 - - [24/Dec/2023:12:27:41 +0100] "GET /-p-22036.html HTTP/1.0" 200 81263 "-" "Mozilla/5.0 (compatible; MJ12bot/v1.4.8; http://mj12bot.com/)"
188.165.232.135 - - [24/Dec/2023:12:27:45 +0100] "GET /-p-22044.html HTTP/1.0" 200 81263 "-" "Mozilla/5.0 (compatible; MJ12bot/v1.4.8; http://mj12bot.com/)"
188.165.232.135 - - [24/Dec/2023:12:27:49 +0100] "GET /-p-22065.html HTTP/1.0" 200 81263 "-" "Mozilla/5.0 (compatible; MJ12bot/v1.4.8; http://mj12bot.com/)"
188.165.232.135 - - [24/Dec/2023:12:27:54 +0100] "GET /-p-22074.html HTTP/1.0" 200 81263 "-" "Mozilla/5.0 (compatible; MJ12bot/v1.4.8; http://mj12bot.com/)"
188.165.232.135 - - [24/Dec/2023:12:27:59 +0100] "GET /-p-22075.html HTTP/1.0" 200 81263 "-" "Mozilla/5.0 (compatible; MJ12bot/v1.4.8; http://mj12bot.com/)"
188.165.232.135 - - [24/Dec/2023:12:28:03 +0100] "GET /-p-22192.html HTTP/1.0" 200 81263 "-" "Mozilla/5.0 (compatible; MJ12bot/v1.4.8; http://mj12bot.com/)"
188.165.232.135 - - [24/Dec/2023:12:28:06 +0100] "GET /-p-22258.html HTTP/1.0" 200 81263 "-" "Mozilla/5.0 (compatible; MJ12bot/v1.4.8; http://mj12bot.com/)"
188.165.232.135 - - [24/Dec/2023:12:28:10 +0100] "GET /-p-22275.html HTTP/1.0" 200 81263 "-" "Mozilla/5.0 (compatible; MJ12bot/v1.4.8; http://mj12bot.com/)"
188.165.232.135 - - [24/Dec/2023:12:28:13 +0100] "GET /-p-22280.html HTTP/1.0" 200 81263 "-" "Mozilla/5.0 (compatible; MJ12bot/v1.4.8; http://mj12bot.com/)"
188.165.232.135 - - [24/Dec/2023:12:28:16 +0100] "GET /-p-22436.html HTTP/1.0" 200 81263 "-" "Mozilla/5.0 (compatible; MJ12bot/v1.4.8; http://mj12bot.com/)"
188.165.232.135 - - [24/Dec/2023:12:28:21 +0100] "GET /-p-22464.html HTTP/1.0" 200 81263 "-" "Mozilla/5.0 (compatible; MJ12bot/v1.4.8; http://mj12bot.com/)"
188.165.232.135 - - [24/Dec/2023:12:28:24 +0100] "GET /-p-22503.html HTTP/1.0" 200 81263 "-" "Mozilla/5.0 (compatible; MJ12bot/v1.4.8; http://mj12bot.com/)"
114.119.132.42 - - [24/Dec/2023:12:28:27 +0100] "GET /wooden-feet-style-natural-diameter-p-49702.html HTTP/1.0" 200 81415 "http://www.wonder-geek.com/dishes-c-12.html?page=130" "Mozilla/5.0 (Linux; Android 7.0;) AppleWebKit/537.36 (KHTML, like Gecko) Mobile Safari/537.36 (compatible; PetalBot;+https://webmaster.petalsearch.com/site/petalbot)"
188.165.232.135 - - [24/Dec/2023:12:28:29 +0100] "GET /-p-22504.html HTTP/1.0" 200 81263 "-" "Mozilla/5.0 (compatible; MJ12bot/v1.4.8; http://mj12bot.com/)"
188.165.232.135 - - [24/Dec/2023:12:28:34 +0100] "GET /-p-22544.html HTTP/1.0" 200 81263 "-" "Mozilla/5.0 (compatible; MJ12bot/v1.4.8; http://mj12bot.com/)"
188.165.232.135 - - [24/Dec/2023:12:28:38 +0100] "GET /-p-22699.html HTTP/1.0" 200 81263 "-" "Mozilla/5.0 (compatible; MJ12bot/v1.4.8; http://mj12bot.com/)"
188.165.232.135 - - [24/Dec/2023:12:28:43 +0100] "GET /-p-22703.html HTTP/1.0" 200 81263 "-" "Mozilla/5.0 (compatible; MJ12bot/v1.4.8; http://mj12bot.com/)"
54.36.148.219 - - [24/Dec/2023:12:28:46 +0100] "GET /vivons-anis-frache-ceramic-pitcher-p-57475.html HTTP/1.0" 200 84842 "-" "Mozilla/5.0 (compatible; AhrefsBot/7.0; +http://ahrefs.com/robot/)"
188.165.232.135 - - [24/Dec/2023:12:28:50 +0100] "GET /-p-22704.html HTTP/1.0" 200 81263 "-" "Mozilla/5.0 (compatible; MJ12bot/v1.4.8; http://mj12bot.com/)"
188.165.232.135 - - [24/Dec/2023:12:28:53 +0100] "GET /-p-22714.html HTTP/1.0" 200 81263 "-" "Mozilla/5.0 (compatible; MJ12bot/v1.4.8; http://mj12bot.com/)"
40.77.167.44 - - [24/Dec/2023:12:28:57 +0100] "GET /blue-butterfly-women-tee-shirt-p-30728.html HTTP/1.0" 301 81489 "-" "Mozilla/5.0 AppleWebKit/537.36 (KHTML, like Gecko; compatible; bingbot/2.0; +http://www.bing.com/bingbot.htm) Chrome/116.0.1938.76 Safari/537.36"
188.165.232.135 - - [24/Dec/2023:12:28:57 +0100] "GET /-p-22732.html HTTP/1.0" 200 81263 "-" "Mozilla/5.0 (compatible; MJ12bot/v1.4.8; http://mj12bot.com/)"
188.165.232.135 - - [24/Dec/2023:12:29:00 +0100] "GET /-p-2284.html HTTP/1.0" 200 81261 "-" "Mozilla/5.0 (compatible; MJ12bot/v1.4.8; http://mj12bot.com/)"
40.77.167.44 - - [24/Dec/2023:12:29:00 +0100] "GET /bedding-protection-c-11_192.html HTTP/1.0" 200 101300 "-" "Mozilla/5.0 AppleWebKit/537.36 (KHTML, like Gecko; compatible; bingbot/2.0; +http://www.bing.com/bingbot.htm) Chrome/116.0.1938.76 Safari/537.36"
188.165.232.135 - - [24/Dec/2023:12:29:04 +0100] "GET /-p-22939.html HTTP/1.0" 200 81263 "-" "Mozilla/5.0 (compatible; MJ12bot/v1.4.8; http://mj12bot.com/)"
114.119.144.88 - - [24/Dec/2023:12:29:04 +0100] "GET /teddy-bear-mug-p-31903.html HTTP/1.0" 301 83595 "http://www.wonder-geek.com/mugs-and-mazagrans-c-12_57.html?page=2" "Mozilla/5.0 (Linux; Android 7.0;) AppleWebKit/537.36 (KHTML, like Gecko) Mobile Safari/537.36 (compatible; PetalBot;+https://webmaster.petalsearch.com/site/petalbot)"
188.165.232.135 - - [24/Dec/2023:12:29:09 +0100] "GET /-p-22940.html HTTP/1.0" 200 81263 "-" "Mozilla/5.0 (compatible; MJ12bot/v1.4.8; http://mj12bot.com/)"
114.119.144.88 - - [24/Dec/2023:12:29:10 +0100] "GET /teddy-bear-p-31903.html HTTP/1.0" 200 83518 "http://www.wonder-geek.com/mugs-and-mazagrans-c-12_57.html?page=2" "Mozilla/5.0 (Linux; Android 7.0;) AppleWebKit/537.36 (KHTML, like Gecko) Mobile Safari/537.36 (compatible; PetalBot;+https://webmaster.petalsearch.com/site/petalbot)"
188.165.232.135 - - [24/Dec/2023:12:29:12 +0100] "GET /-p-22941.html HTTP/1.0" 200 81263 "-" "Mozilla/5.0 (compatible; MJ12bot/v1.4.8; http://mj12bot.com/)"
188.165.232.135 - - [24/Dec/2023:12:29:18 +0100] "GET /-p-22942.html HTTP/1.0" 200 81263 "-" "Mozilla/5.0 (compatible; MJ12bot/v1.4.8; http://mj12bot.com/)"
188.165.232.135 - - [24/Dec/2023:12:29:22 +0100] "GET /-p-2295.html HTTP/1.0" 200 81261 "-" "Mozilla/5.0 (compatible; MJ12bot/v1.4.8; http://mj12bot.com/)"
188.165.232.135 - - [24/Dec/2023:12:29:25 +0100] "GET /-p-2296.html HTTP/1.0" 200 81261 "-" "Mozilla/5.0 (compatible; MJ12bot/v1.4.8; http://mj12bot.com/)"
188.165.232.135 - - [24/Dec/2023:12:29:28 +0100] "GET /-p-2297.html HTTP/1.0" 200 81261 "-" "Mozilla/5.0 (compatible; MJ12bot/v1.4.8; http://mj12bot.com/)"
188.165.232.135 - - [24/Dec/2023:12:29:31 +0100] "GET /-p-2298.html HTTP/1.0" 200 81261 "-" "Mozilla/5.0 (compatible; MJ12bot/v1.4.8; http://mj12bot.com/)"
188.165.232.135 - - [24/Dec/2023:12:29:34 +0100] "GET /-p-2299.html HTTP/1.0" 200 81261 "-" "Mozilla/5.0 (compatible; MJ12bot/v1.4.8; http://mj12bot.com/)"
188.165.232.135 - - [24/Dec/2023:12:29:37 +0100] "GET /-p-2300.html HTTP/1.0" 200 81261 "-" "Mozilla/5.0 (compatible; MJ12bot/v1.4.8; http://mj12bot.com/)"
17.241.75.10 - - [24/Dec/2023:12:29:41 +0100] "GET /bamboo-fiber-plant-cover-p-60069.html HTTP/1.0" 200 84415 "-" "Mozilla/5.0 (Macintosh; Intel Mac OS X 10_15_5) AppleWebKit/605.1.15 (KHTML, like Gecko) Version/13.1.1 Safari/605.1.15 (Applebot/0.1; +http://www.apple.com/go/applebot)"
188.165.232.135 - - [24/Dec/2023:12:29:42 +0100] "GET /-p-2301.html HTTP/1.0" 200 81261 "-" "Mozilla/5.0 (compatible; MJ12bot/v1.4.8; http://mj12bot.com/)"
188.165.232.135 - - [24/Dec/2023:12:29:45 +0100] "GET /-p-2302.html HTTP/1.0" 200 81261 "-" "Mozilla/5.0 (compatible; MJ12bot/v1.4.8; http://mj12bot.com/)"
188.165.232.135 - - [24/Dec/2023:12:29:49 +0100] "GET /-p-23034.html HTTP/1.0" 200 81263 "-" "Mozilla/5.0 (compatible; MJ12bot/v1.4.8; http://mj12bot.com/)"
188.165.232.135 - - [24/Dec/2023:12:29:52 +0100] "GET /-p-23038.html HTTP/1.0" 200 81263 "-" "Mozilla/5.0 (compatible; MJ12bot/v1.4.8; http://mj12bot.com/)"
188.165.232.135 - - [24/Dec/2023:12:29:56 +0100] "GET /-p-2304.html HTTP/1.0" 200 81261 "-" "Mozilla/5.0 (compatible; MJ12bot/v1.4.8; http://mj12bot.com/)"
188.165.232.135 - - [24/Dec/2023:12:29:58 +0100] "GET /-p-2305.html HTTP/1.0" 200 81261 "-" "Mozilla/5.0 (compatible; MJ12bot/v1.4.8; http://mj12bot.com/)"
51.68.224.127 - - [24/Dec/2023:12:30:01 +0100] "GET /adminweb/export_orders_xml.php?token=256de2z6edz6ed2z6DFSFsed2zed6zeDSFDSGdzedezfzf&maxorders=10&orderstart=1&status=14&start_date=2018-10-01 HTTP/1.0" 200 285 "-" "GesCom CharlotteBoutik Serveur"
51.68.224.127 - - [24/Dec/2023:12:30:01 +0100] "GET /adminweb/export_orders_xml.php?token=256de2z6edz6ed2z6DFSFsed2zed6zeDSFDSGdzedezfzf&maxorders=10&orderstart=1&status=6&start_date=2018-10-01 HTTP/1.0" 200 34422 "-" "GesCom CharlotteBoutik Serveur"
188.165.232.135 - - [24/Dec/2023:12:30:01 +0100] "GET /-p-23053.html HTTP/1.0" 200 81263 "-" "Mozilla/5.0 (compatible; MJ12bot/v1.4.8; http://mj12bot.com/)"
188.165.232.135 - - [24/Dec/2023:12:30:06 +0100] "GET /-p-2306.html HTTP/1.0" 200 81261 "-" "Mozilla/5.0 (compatible; MJ12bot/v1.4.8; http://mj12bot.com/)"
188.165.232.135 - - [24/Dec/2023:12:30:10 +0100] "GET /-p-23072.html HTTP/1.0" 200 81263 "-" "Mozilla/5.0 (compatible; MJ12bot/v1.4.8; http://mj12bot.com/)"
188.165.232.135 - - [24/Dec/2023:12:30:14 +0100] "GET /-p-2308.html HTTP/1.0" 200 81261 "-" "Mozilla/5.0 (compatible; MJ12bot/v1.4.8; http://mj12bot.com/)"
188.165.232.135 - - [24/Dec/2023:12:30:17 +0100] "GET /-p-2309.html HTTP/1.0" 200 81261 "-" "Mozilla/5.0 (compatible; MJ12bot/v1.4.8; http://mj12bot.com/)"
188.165.232.135 - - [24/Dec/2023:12:30:22 +0100] "GET /-p-2310.html HTTP/1.0" 200 81261 "-" "Mozilla/5.0 (compatible; MJ12bot/v1.4.8; http://mj12bot.com/)"
54.36.148.157 - - [24/Dec/2023:12:30:25 +0100] "GET /stoneware-breakfast-bowl-p-60980.html HTTP/1.0" 200 84310 "-" "Mozilla/5.0 (compatible; AhrefsBot/7.0; +http://ahrefs.com/robot/)"
188.165.232.135 - - [24/Dec/2023:12:30:26 +0100] "GET /-p-23124.html HTTP/1.0" 200 81263 "-" "Mozilla/5.0 (compatible; MJ12bot/v1.4.8; http://mj12bot.com/)"
40.77.167.44 - - [24/Dec/2023:12:30:29 +0100] "GET /paw-patrol-suitcase-p-31203.html HTTP/1.0" 301 81330 "-" "Mozilla/5.0 AppleWebKit/537.36 (KHTML, like Gecko; compatible; bingbot/2.0; +http://www.bing.com/bingbot.htm) Chrome/116.0.1938.76 Safari/537.36"
188.165.232.135 - - [24/Dec/2023:12:30:31 +0100] "GET /-p-23126.html HTTP/1.0" 200 81263 "-" "Mozilla/5.0 (compatible; MJ12bot/v1.4.8; http://mj12bot.com/)"
188.165.232.135 - - [24/Dec/2023:12:30:35 +0100] "GET /-p-23197.html HTTP/1.0" 200 81263 "-" "Mozilla/5.0 (compatible; MJ12bot/v1.4.8; http://mj12bot.com/)"
14.137.139.48 - - [24/Dec/2023:12:30:40 +0100] "GET /images/mini_prod/3700653591814B.jpg HTTP/1.0" 200 270 "-" "Mozilla/5.0 (X11; Ubuntu; Linux x86_64; rv:72.0) Gecko/20100101 Firefox/72.0"
188.165.232.135 - - [24/Dec/2023:12:30:39 +0100] "GET /-p-23301.html HTTP/1.0" 200 81263 "-" "Mozilla/5.0 (compatible; MJ12bot/v1.4.8; http://mj12bot.com/)"
188.165.232.135 - - [24/Dec/2023:12:30:42 +0100] "GET /-p-23302.html HTTP/1.0" 200 81263 "-" "Mozilla/5.0 (compatible; MJ12bot/v1.4.8; http://mj12bot.com/)"
188.165.232.135 - - [24/Dec/2023:12:30:47 +0100] "GET /-p-23303.html HTTP/1.0" 200 81263 "-" "Mozilla/5.0 (compatible; MJ12bot/v1.4.8; http://mj12bot.com/)"
188.165.232.135 - - [24/Dec/2023:12:30:50 +0100] "GET /-p-23304.html HTTP/1.0" 200 81263 "-" "Mozilla/5.0 (compatible; MJ12bot/v1.4.8; http://mj12bot.com/)"
188.165.232.135 - - [24/Dec/2023:12:30:53 +0100] "GET /-p-23305.html HTTP/1.0" 200 81263 "-" "Mozilla/5.0 (compatible; MJ12bot/v1.4.8; http://mj12bot.com/)"
188.165.232.135 - - [24/Dec/2023:12:30:56 +0100] "GET /-p-23306.html HTTP/1.0" 200 81263 "-" "Mozilla/5.0 (compatible; MJ12bot/v1.4.8; http://mj12bot.com/)"
188.165.232.135 - - [24/Dec/2023:12:31:00 +0100] "GET /-p-23307.html HTTP/1.0" 200 81263 "-" "Mozilla/5.0 (compatible; MJ12bot/v1.4.8; http://mj12bot.com/)"
188.165.232.135 - - [24/Dec/2023:12:31:03 +0100] "GET /-p-23308.html HTTP/1.0" 200 81263 "-" "Mozilla/5.0 (compatible; MJ12bot/v1.4.8; http://mj12bot.com/)"
188.165.232.135 - - [24/Dec/2023:12:31:06 +0100] "GET /-p-23309.html HTTP/1.0" 200 81263 "-" "Mozilla/5.0 (compatible; MJ12bot/v1.4.8; http://mj12bot.com/)"
188.165.232.135 - - [24/Dec/2023:12:31:10 +0100] "GET /-p-23310.html HTTP/1.0" 200 81263 "-" "Mozilla/5.0 (compatible; MJ12bot/v1.4.8; http://mj12bot.com/)"
188.165.232.135 - - [24/Dec/2023:12:31:13 +0100] "GET /-p-23311.html HTTP/1.0" 200 81263 "-" "Mozilla/5.0 (compatible; MJ12bot/v1.4.8; http://mj12bot.com/)"
188.165.232.135 - - [24/Dec/2023:12:31:17 +0100] "GET /-p-23312.html HTTP/1.0" 200 81263 "-" "Mozilla/5.0 (compatible; MJ12bot/v1.4.8; http://mj12bot.com/)"
