34.76.224.74 - - [24/Dec/2023:04:40:57 +0100] "GET /shower-curtain-p-58602.html HTTP/1.0" 200 84300 "-" "Mozilla/5.0 (compatible; VelenPublicWebCrawler/1.0; +https://velen.io)"
34.76.224.74 - - [24/Dec/2023:04:41:00 +0100] "GET /monstera-shower-curtain-p-58289.html HTTP/1.0" 200 84359 "-" "Mozilla/5.0 (compatible; VelenPublicWebCrawler/1.0; +https://velen.io)"
34.76.224.74 - - [24/Dec/2023:04:41:03 +0100] "GET /jaguars-shower-curtain-p-57892.html HTTP/1.0" 200 84568 "-" "Mozilla/5.0 (compatible; VelenPublicWebCrawler/1.0; +https://velen.io)"
34.76.224.74 - - [24/Dec/2023:04:41:07 +0100] "GET /shower-curtain-blue-bubbles-p-59790.html HTTP/1.0" 200 84502 "-" "Mozilla/5.0 (compatible; VelenPublicWebCrawler/1.0; +https://velen.io)"
34.76.224.74 - - [24/Dec/2023:04:41:10 +0100] "GET /shower-curtain-grey-p-59789.html HTTP/1.0" 200 84421 "-" "Mozilla/5.0 (compatible; VelenPublicWebCrawler/1.0; +https://velen.io)"
34.76.224.74 - - [24/Dec/2023:04:41:13 +0100] "GET /shower-curtain-p-57890.html HTTP/1.0" 200 84300 "-" "Mozilla/5.0 (compatible; VelenPublicWebCrawler/1.0; +https://velen.io)"
34.76.224.74 - - [24/Dec/2023:04:41:17 +0100] "GET /shower-curtain-cactus-p-59788.html HTTP/1.0" 200 84457 "-" "Mozilla/5.0 (compatible; VelenPublicWebCrawler/1.0; +https://velen.io)"
34.76.224.74 - - [24/Dec/2023:04:41:20 +0100] "GET /guzmanie-shower-curtain-p-53942.html HTTP/1.0" 200 84374 "-" "Mozilla/5.0 (compatible; VelenPublicWebCrawler/1.0; +https://velen.io)"
34.76.224.74 - - [24/Dec/2023:04:41:23 +0100] "GET /palm-trees-shower-curtain-p-57980.html HTTP/1.0" 200 84624 "-" "Mozilla/5.0 (compatible; VelenPublicWebCrawler/1.0; +https://velen.io)"
216.244.66.242 - - [24/Dec/2023:04:41:26 +0100] "GET /images/big_prod/8433933243237.jpg HTTP/1.0" 200 268 "-" "Mozilla/5.0 (compatible; DotBot/1.2; +https://opensiteexplorer.org/dotbot; help@moz.com)"
34.76.224.74 - - [24/Dec/2023:04:41:29 +0100] "GET /shower-curtain-p-58603.html HTTP/1.0" 200 84511 "-" "Mozilla/5.0 (compatible; VelenPublicWebCrawler/1.0; +https://velen.io)"
34.76.224.74 - - [24/Dec/2023:04:41:32 +0100] "GET /bedclothes-p-57627.html HTTP/1.0" 200 84303 "-" "Mozilla/5.0 (compatible; VelenPublicWebCrawler/1.0; +https://velen.io)"
34.76.224.74 - - [24/Dec/2023:04:41:37 +0100] "GET /friends-bedclothes-p-59688.html HTTP/1.0" 200 84363 "-" "Mozilla/5.0 (compatible; VelenPublicWebCrawler/1.0; +https://velen.io)"
34.76.224.74 - - [24/Dec/2023:04:41:40 +0100] "GET /pets-bedclothes-140x200-p-8231.html HTTP/1.0" 200 83884 "-" "Mozilla/5.0 (compatible; VelenPublicWebCrawler/1.0; +https://velen.io)"
34.76.224.74 - - [24/Dec/2023:04:41:44 +0100] "GET /pimpon-bedclothes-p-58444.html HTTP/1.0" 200 84332 "-" "Mozilla/5.0 (compatible; VelenPublicWebCrawler/1.0; +https://velen.io)"
34.76.224.74 - - [24/Dec/2023:04:41:47 +0100] "GET /unicorn-bedclothes-p-59466.html HTTP/1.0" 200 84367 "-" "Mozilla/5.0 (compatible; VelenPublicWebCrawler/1.0; +https://velen.io)"
54.36.148.67 - - [24/Dec/2023:04:41:48 +0100] "GET /blue-wink-panda-pocket-warmer-p-55002.html HTTP/1.0" 200 85121 "-" "Mozilla/5.0 (compatible; AhrefsBot/7.0; +http://ahrefs.com/robot/)"
34.76.224.74 - - [24/Dec/2023:04:41:51 +0100] "GET /inuit-bedclothes-p-28332.html HTTP/1.0" 200 83853 "-" "Mozilla/5.0 (compatible; VelenPublicWebCrawler/1.0; +https://velen.io)"
34.76.224.74 - - [24/Dec/2023:04:41:54 +0100] "GET /happy-panda-bedclothes-p-44235.html HTTP/1.0" 200 84435 "-" "Mozilla/5.0 (compatible; VelenPublicWebCrawler/1.0; +https://velen.io)"
34.76.224.74 - - [24/Dec/2023:04:41:58 +0100] "GET /lena-bedclothes-p-57075.html HTTP/1.0" 200 84333 "-" "Mozilla/5.0 (compatible; VelenPublicWebCrawler/1.0; +https://velen.io)"
34.76.224.74 - - [24/Dec/2023:04:42:02 +0100] "GET /maracana-bedclothes-p-58443.html HTTP/1.0" 200 84346 "-" "Mozilla/5.0 (compatible; VelenPublicWebCrawler/1.0; +https://velen.io)"
34.76.224.74 - - [24/Dec/2023:04:42:07 +0100] "GET /saturnin-bedclothes-p-57076.html HTTP/1.0" 200 84373 "-" "Mozilla/5.0 (compatible; VelenPublicWebCrawler/1.0; +https://velen.io)"
34.76.224.74 - - [24/Dec/2023:04:42:11 +0100] "GET /zoeline-bedclothes-p-59918.html HTTP/1.0" 200 84363 "-" "Mozilla/5.0 (compatible; VelenPublicWebCrawler/1.0; +https://velen.io)"
34.76.224.74 - - [24/Dec/2023:04:42:14 +0100] "GET /cats-bedclothes-p-59465.html HTTP/1.0" 200 84334 "-" "Mozilla/5.0 (compatible; VelenPublicWebCrawler/1.0; +https://velen.io)"
34.76.224.74 - - [24/Dec/2023:04:42:18 +0100] "GET /clemence-charming-dekor-bedclothes-p-56825.html HTTP/1.0" 200 84534 "-" "Mozilla/5.0 (compatible; VelenPublicWebCrawler/1.0; +https://velen.io)"
34.76.224.74 - - [24/Dec/2023:04:42:21 +0100] "GET /agueda-bedding-p-61205.html HTTP/1.0" 200 84712 "-" "Mozilla/5.0 (compatible; VelenPublicWebCrawler/1.0; +https://velen.io)"
34.76.224.74 - - [24/Dec/2023:04:42:24 +0100] "GET /cyrielle-bedclothes-p-58442.html HTTP/1.0" 200 84346 "-" "Mozilla/5.0 (compatible; VelenPublicWebCrawler/1.0; +https://velen.io)"
34.76.224.74 - - [24/Dec/2023:04:42:28 +0100] "GET /unicorn-bedclothes-p-59464.html HTTP/1.0" 200 84363 "-" "Mozilla/5.0 (compatible; VelenPublicWebCrawler/1.0; +https://velen.io)"
34.76.224.74 - - [24/Dec/2023:04:42:32 +0100] "GET /home-bedclothes-p-38558.html HTTP/1.0" 200 83725 "-" "Mozilla/5.0 (compatible; VelenPublicWebCrawler/1.0; +https://velen.io)"
34.76.224.74 - - [24/Dec/2023:04:42:35 +0100] "GET /thingy-bedclothes-p-42850.html HTTP/1.0" 200 83665 "-" "Mozilla/5.0 (compatible; VelenPublicWebCrawler/1.0; +https://velen.io)"
34.76.224.74 - - [24/Dec/2023:04:42:38 +0100] "GET /francine-charming-dekor-bedclothes-p-43500.html HTTP/1.0" 200 83852 "-" "Mozilla/5.0 (compatible; VelenPublicWebCrawler/1.0; +https://velen.io)"
52.167.144.191 - - [24/Dec/2023:04:42:38 +0100] "GET /array-m-108.html HTTP/1.0" 200 86421 "-" "Mozilla/5.0 AppleWebKit/537.36 (KHTML, like Gecko; compatible; bingbot/2.0; +http://www.bing.com/bingbot.htm) Chrome/116.0.1938.76 Safari/537.36"
34.76.224.74 - - [24/Dec/2023:04:42:41 +0100] "GET /paradise-bedclothes-p-52089.html HTTP/1.0" 200 83675 "-" "Mozilla/5.0 (compatible; VelenPublicWebCrawler/1.0; +https://velen.io)"
54.36.149.58 - - [24/Dec/2023:04:42:42 +0100] "GET /damask-shower-curtain-p-52460.html HTTP/1.0" 200 84338 "-" "Mozilla/5.0 (compatible; AhrefsBot/7.0; +http://ahrefs.com/robot/)"
34.76.224.74 - - [24/Dec/2023:04:42:45 +0100] "GET /cotton-bath-p-55254.html HTTP/1.0" 200 84325 "-" "Mozilla/5.0 (compatible; VelenPublicWebCrawler/1.0; +https://velen.io)"
34.76.224.74 - - [24/Dec/2023:04:42:48 +0100] "GET /cotton-bath-p-55255.html HTTP/1.0" 200 84325 "-" "Mozilla/5.0 (compatible; VelenPublicWebCrawler/1.0; +https://velen.io)"
34.76.224.74 - - [24/Dec/2023:04:42:52 +0100] "GET /cotton-bath-p-55256.html HTTP/1.0" 200 84325 "-" "Mozilla/5.0 (compatible; VelenPublicWebCrawler/1.0; +https://velen.io)"
34.76.224.74 - - [24/Dec/2023:04:42:55 +0100] "GET /cotton-bath-p-55258.html HTTP/1.0" 200 84325 "-" "Mozilla/5.0 (compatible; VelenPublicWebCrawler/1.0; +https://velen.io)"
120.245.61.74 - - [24/Dec/2023:04:42:58 +0100] "GET /robots.txt HTTP/1.0" 200 245 "-" "Mozilla/5.0 (Windows NT 10.0; WOW64) AppleWebKit/537.36 (KHTML, like Gecko) Chrome/56.0.3088.132 Safari/537.36 QIHU 360EE"
54.36.148.118 - - [24/Dec/2023:04:42:58 +0100] "GET /the-crow-by-neko-mug-p-28951.html HTTP/1.0" 301 83664 "-" "Mozilla/5.0 (compatible; AhrefsBot/7.0; +http://ahrefs.com/robot/)"
34.76.224.74 - - [24/Dec/2023:04:42:59 +0100] "GET /cotton-bath-p-55259.html HTTP/1.0" 200 84325 "-" "Mozilla/5.0 (compatible; VelenPublicWebCrawler/1.0; +https://velen.io)"
34.76.224.74 - - [24/Dec/2023:04:43:02 +0100] "GET /cotton-bath-p-55260.html HTTP/1.0" 200 84325 "-" "Mozilla/5.0 (compatible; VelenPublicWebCrawler/1.0; +https://velen.io)"
34.76.224.74 - - [24/Dec/2023:04:43:05 +0100] "GET /natural-bamboo-bath-p-56262.html HTTP/1.0" 200 84586 "-" "Mozilla/5.0 (compatible; VelenPublicWebCrawler/1.0; +https://velen.io)"
34.76.224.74 - - [24/Dec/2023:04:43:10 +0100] "GET /natural-bamboo-bath-p-60416.html HTTP/1.0" 200 84585 "-" "Mozilla/5.0 (compatible; VelenPublicWebCrawler/1.0; +https://velen.io)"
34.76.224.74 - - [24/Dec/2023:04:43:13 +0100] "GET /cotton-bath-white-p-49242.html HTTP/1.0" 200 84611 "-" "Mozilla/5.0 (compatible; VelenPublicWebCrawler/1.0; +https://velen.io)"
34.76.224.74 - - [24/Dec/2023:04:43:18 +0100] "GET /kitchen-p-51893.html HTTP/1.0" 200 83680 "-" "Mozilla/5.0 (compatible; VelenPublicWebCrawler/1.0; +https://velen.io)"
17.241.75.180 - - [24/Dec/2023:04:43:21 +0100] "GET /grey-metal-umbrella-stand-p-59112.html HTTP/1.0" 200 84302 "-" "Mozilla/5.0 (Macintosh; Intel Mac OS X 10_15_5) AppleWebKit/605.1.15 (KHTML, like Gecko) Version/13.1.1 Safari/605.1.15 (Applebot/0.1; +http://www.apple.com/go/applebot)"
34.76.224.74 - - [24/Dec/2023:04:43:23 +0100] "GET /kitchen-p-51894.html HTTP/1.0" 200 83744 "-" "Mozilla/5.0 (compatible; VelenPublicWebCrawler/1.0; +https://velen.io)"
34.76.224.74 - - [24/Dec/2023:04:43:27 +0100] "GET /kitchen-p-51895.html HTTP/1.0" 200 83678 "-" "Mozilla/5.0 (compatible; VelenPublicWebCrawler/1.0; +https://velen.io)"
34.76.224.74 - - [24/Dec/2023:04:43:30 +0100] "GET /kitchen-p-51896.html HTTP/1.0" 200 83678 "-" "Mozilla/5.0 (compatible; VelenPublicWebCrawler/1.0; +https://velen.io)"
34.76.224.74 - - [24/Dec/2023:04:43:34 +0100] "GET /kitchen-p-51897.html HTTP/1.0" 200 83678 "-" "Mozilla/5.0 (compatible; VelenPublicWebCrawler/1.0; +https://velen.io)"
54.36.149.46 - - [24/Dec/2023:04:43:37 +0100] "GET /cats-dubout-figurine-what-dinner-p-32708.html HTTP/1.0" 200 86196 "-" "Mozilla/5.0 (compatible; AhrefsBot/7.0; +http://ahrefs.com/robot/)"
34.76.224.74 - - [24/Dec/2023:04:43:40 +0100] "GET /rectangular-indoor-carpet-p-53796.html HTTP/1.0" 200 84671 "-" "Mozilla/5.0 (compatible; VelenPublicWebCrawler/1.0; +https://velen.io)"
34.76.224.74 - - [24/Dec/2023:04:43:44 +0100] "GET /rectangular-indoor-carpet-p-53797.html HTTP/1.0" 200 84893 "-" "Mozilla/5.0 (compatible; VelenPublicWebCrawler/1.0; +https://velen.io)"
34.76.224.74 - - [24/Dec/2023:04:43:47 +0100] "GET /rectangular-indoor-carpet-p-53973.html HTTP/1.0" 200 84895 "-" "Mozilla/5.0 (compatible; VelenPublicWebCrawler/1.0; +https://velen.io)"
52.167.144.191 - - [24/Dec/2023:04:43:49 +0100] "GET /clocks-c-13_67.html HTTP/1.0" 200 103345 "-" "Mozilla/5.0 AppleWebKit/537.36 (KHTML, like Gecko; compatible; bingbot/2.0; +http://www.bing.com/bingbot.htm) Chrome/116.0.1938.76 Safari/537.36"
34.76.224.74 - - [24/Dec/2023:04:43:50 +0100] "GET /travel-yoga-gray-p-51588.html HTTP/1.0" 200 84644 "-" "Mozilla/5.0 (compatible; VelenPublicWebCrawler/1.0; +https://velen.io)"
34.76.224.74 - - [24/Dec/2023:04:43:54 +0100] "GET /yogi-yogini-yogamat-blue-p-48662.html HTTP/1.0" 200 84245 "-" "Mozilla/5.0 (compatible; VelenPublicWebCrawler/1.0; +https://velen.io)"
34.76.224.74 - - [24/Dec/2023:04:43:57 +0100] "GET /yogi-yogini-yogamat-grey-p-49033.html HTTP/1.0" 200 84236 "-" "Mozilla/5.0 (compatible; VelenPublicWebCrawler/1.0; +https://velen.io)"
34.76.224.74 - - [24/Dec/2023:04:44:01 +0100] "GET /yogi-yogini-yogamat-pink-p-48360.html HTTP/1.0" 200 84245 "-" "Mozilla/5.0 (compatible; VelenPublicWebCrawler/1.0; +https://velen.io)"
34.76.224.74 - - [24/Dec/2023:04:44:04 +0100] "GET /yogi-yogini-yogamat-purple-p-48660.html HTTP/1.0" 200 84262 "-" "Mozilla/5.0 (compatible; VelenPublicWebCrawler/1.0; +https://velen.io)"
34.76.224.74 - - [24/Dec/2023:04:44:08 +0100] "GET /yogi-yogini-yogamat-purple-p-48661.html HTTP/1.0" 200 84262 "-" "Mozilla/5.0 (compatible; VelenPublicWebCrawler/1.0; +https://velen.io)"
34.76.224.74 - - [24/Dec/2023:04:44:12 +0100] "GET /yogini-yogini-yoga-jute-p-51549.html HTTP/1.0" 200 85129 "-" "Mozilla/5.0 (compatible; VelenPublicWebCrawler/1.0; +https://velen.io)"
34.76.224.74 - - [24/Dec/2023:04:44:15 +0100] "GET /yogini-yogini-yoga-jute-violet-p-45292.html HTTP/1.0" 200 85216 "-" "Mozilla/5.0 (compatible; VelenPublicWebCrawler/1.0; +https://velen.io)"
34.76.224.74 - - [24/Dec/2023:04:44:19 +0100] "GET /yoga-purple-1000-p-51551.html HTTP/1.0" 200 85262 "-" "Mozilla/5.0 (compatible; VelenPublicWebCrawler/1.0; +https://velen.io)"
34.76.224.74 - - [24/Dec/2023:04:44:22 +0100] "GET /yoga-indigo-gray-1000-p-51550.html HTTP/1.0" 200 85157 "-" "Mozilla/5.0 (compatible; VelenPublicWebCrawler/1.0; +https://velen.io)"
34.76.224.74 - - [24/Dec/2023:04:44:26 +0100] "GET /foliage-carpet-p-48571.html HTTP/1.0" 200 84595 "-" "Mozilla/5.0 (compatible; VelenPublicWebCrawler/1.0; +https://velen.io)"
54.36.149.18 - - [24/Dec/2023:04:44:28 +0100] "GET /hourglass-glass-gold-sequins-p-60866.html HTTP/1.0" 200 84364 "-" "Mozilla/5.0 (compatible; AhrefsBot/7.0; +http://ahrefs.com/robot/)"
34.76.224.74 - - [24/Dec/2023:04:44:30 +0100] "GET /polypropylene-green-grey-outdoor-carpet-p-44048.html HTTP/1.0" 200 84874 "-" "Mozilla/5.0 (compatible; VelenPublicWebCrawler/1.0; +https://velen.io)"
34.76.224.74 - - [24/Dec/2023:04:44:33 +0100] "GET /outdoor-carpet-celadon-blue-polypropylene-p-48186.html HTTP/1.0" 200 83971 "-" "Mozilla/5.0 (compatible; VelenPublicWebCrawler/1.0; +https://velen.io)"
34.76.224.74 - - [24/Dec/2023:04:44:36 +0100] "GET /polypropylene-grey-outdoor-carpet-p-44049.html HTTP/1.0" 200 84792 "-" "Mozilla/5.0 (compatible; VelenPublicWebCrawler/1.0; +https://velen.io)"
34.76.224.74 - - [24/Dec/2023:04:44:40 +0100] "GET /provencal-arabesques-carpet-p-48573.html HTTP/1.0" 200 84543 "-" "Mozilla/5.0 (compatible; VelenPublicWebCrawler/1.0; +https://velen.io)"
34.76.224.74 - - [24/Dec/2023:04:44:44 +0100] "GET /provencal-arabesques-carpet-p-48574.html HTTP/1.0" 200 84753 "-" "Mozilla/5.0 (compatible; VelenPublicWebCrawler/1.0; +https://velen.io)"
34.76.224.74 - - [24/Dec/2023:04:44:48 +0100] "GET /provencal-arabesques-carpet-p-48575.html HTTP/1.0" 200 84765 "-" "Mozilla/5.0 (compatible; VelenPublicWebCrawler/1.0; +https://velen.io)"
34.76.224.74 - - [24/Dec/2023:04:44:52 +0100] "GET /gardena-ethnic-p-45414.html HTTP/1.0" 200 84785 "-" "Mozilla/5.0 (compatible; VelenPublicWebCrawler/1.0; +https://velen.io)"
34.76.224.74 - - [24/Dec/2023:04:44:56 +0100] "GET /jarvis-carpet-p-60079.html HTTP/1.0" 200 84522 "-" "Mozilla/5.0 (compatible; VelenPublicWebCrawler/1.0; +https://velen.io)"
34.76.224.74 - - [24/Dec/2023:04:45:00 +0100] "GET /topiary-carpet-p-58970.html HTTP/1.0" 200 84553 "-" "Mozilla/5.0 (compatible; VelenPublicWebCrawler/1.0; +https://velen.io)"
34.76.224.74 - - [24/Dec/2023:04:45:07 +0100] "GET /carpet-ethnic-berry-p-58167.html HTTP/1.0" 200 84635 "-" "Mozilla/5.0 (compatible; VelenPublicWebCrawler/1.0; +https://velen.io)"
34.76.224.74 - - [24/Dec/2023:04:45:13 +0100] "GET /aldabra-carpet-p-60112.html HTTP/1.0" 200 84733 "-" "Mozilla/5.0 (compatible; VelenPublicWebCrawler/1.0; +https://velen.io)"
34.76.224.74 - - [24/Dec/2023:04:45:20 +0100] "GET /carpet-ethnic-berry-p-58168.html HTTP/1.0" 200 84635 "-" "Mozilla/5.0 (compatible; VelenPublicWebCrawler/1.0; +https://velen.io)"
34.76.224.74 - - [24/Dec/2023:04:45:25 +0100] "GET /carpet-ethnic-berry-p-58169.html HTTP/1.0" 200 84635 "-" "Mozilla/5.0 (compatible; VelenPublicWebCrawler/1.0; +https://velen.io)"
34.76.224.74 - - [24/Dec/2023:04:45:31 +0100] "GET /carpet-ethnic-berry-p-58170.html HTTP/1.0" 200 84635 "-" "Mozilla/5.0 (compatible; VelenPublicWebCrawler/1.0; +https://velen.io)"
34.76.224.74 - - [24/Dec/2023:04:45:36 +0100] "GET /carpet-ethnic-berry-p-58171.html HTTP/1.0" 200 84635 "-" "Mozilla/5.0 (compatible; VelenPublicWebCrawler/1.0; +https://velen.io)"
54.36.149.79 - - [24/Dec/2023:04:45:22 +0100] "GET /dishes-c-12.html?page=61 HTTP/1.0" 200 103102 "-" "Mozilla/5.0 (compatible; AhrefsBot/7.0; +http://ahrefs.com/robot/)"
34.76.224.74 - - [24/Dec/2023:04:45:41 +0100] "GET /carpet-ethnic-berry-p-58172.html HTTP/1.0" 200 84635 "-" "Mozilla/5.0 (compatible; VelenPublicWebCrawler/1.0; +https://velen.io)"
34.76.224.74 - - [24/Dec/2023:04:45:46 +0100] "GET /carpet-ethnic-berry-p-58173.html HTTP/1.0" 200 84635 "-" "Mozilla/5.0 (compatible; VelenPublicWebCrawler/1.0; +https://velen.io)"
34.76.224.74 - - [24/Dec/2023:04:45:52 +0100] "GET /bohemian-ethnic-lirette-carpet-p-50876.html HTTP/1.0" 200 84851 "-" "Mozilla/5.0 (compatible; VelenPublicWebCrawler/1.0; +https://velen.io)"
34.76.224.74 - - [24/Dec/2023:04:45:57 +0100] "GET /natural-floor-carpet-p-52149.html HTTP/1.0" 200 84648 "-" "Mozilla/5.0 (compatible; VelenPublicWebCrawler/1.0; +https://velen.io)"
34.76.224.74 - - [24/Dec/2023:04:46:02 +0100] "GET /maori-jute-p-56975.html HTTP/1.0" 200 84535 "-" "Mozilla/5.0 (compatible; VelenPublicWebCrawler/1.0; +https://velen.io)"
34.76.224.74 - - [24/Dec/2023:04:46:07 +0100] "GET /carpet-ethnic-boho-p-55445.html HTTP/1.0" 200 84623 "-" "Mozilla/5.0 (compatible; VelenPublicWebCrawler/1.0; +https://velen.io)"
34.76.224.74 - - [24/Dec/2023:04:46:12 +0100] "GET /carpet-ethnic-berry-p-58174.html HTTP/1.0" 200 84635 "-" "Mozilla/5.0 (compatible; VelenPublicWebCrawler/1.0; +https://velen.io)"
54.36.148.77 - - [24/Dec/2023:04:46:16 +0100] "GET /love-personnalized-iphone-shell-p-17686.html HTTP/1.0" 200 84274 "-" "Mozilla/5.0 (compatible; AhrefsBot/7.0; +http://ahrefs.com/robot/)"
34.76.224.74 - - [24/Dec/2023:04:46:17 +0100] "GET /carpet-mandala-p-42038.html HTTP/1.0" 200 84959 "-" "Mozilla/5.0 (compatible; VelenPublicWebCrawler/1.0; +https://velen.io)"
34.76.224.74 - - [24/Dec/2023:04:46:21 +0100] "GET /coconut-fibers-doormat-colorcats-p-56269.html HTTP/1.0" 200 84590 "-" "Mozilla/5.0 (compatible; VelenPublicWebCrawler/1.0; +https://velen.io)"
34.76.224.74 - - [24/Dec/2023:04:46:27 +0100] "GET /door-coconut-fiber-p-48674.html HTTP/1.0" 200 83796 "-" "Mozilla/5.0 (compatible; VelenPublicWebCrawler/1.0; +https://velen.io)"
34.76.224.74 - - [24/Dec/2023:04:46:32 +0100] "GET /coconut-fibers-doormat-home-p-54566.html HTTP/1.0" 200 84541 "-" "Mozilla/5.0 (compatible; VelenPublicWebCrawler/1.0; +https://velen.io)"
34.76.224.74 - - [24/Dec/2023:04:46:36 +0100] "GET /coconut-fibers-doormat-home-p-56266.html HTTP/1.0" 200 84541 "-" "Mozilla/5.0 (compatible; VelenPublicWebCrawler/1.0; +https://velen.io)"
34.76.224.74 - - [24/Dec/2023:04:46:43 +0100] "GET /coconut-fibers-doormat-home-sweet-home-p-57879.html HTTP/1.0" 200 84895 "-" "Mozilla/5.0 (compatible; VelenPublicWebCrawler/1.0; +https://velen.io)"
34.76.224.74 - - [24/Dec/2023:04:46:47 +0100] "GET /coconut-fibers-doormat-love-p-57091.html HTTP/1.0" 200 84572 "-" "Mozilla/5.0 (compatible; VelenPublicWebCrawler/1.0; +https://velen.io)"
34.76.224.74 - - [24/Dec/2023:04:46:52 +0100] "GET /coconut-fibers-doormat-love-cats-p-53696.html HTTP/1.0" 200 84590 "-" "Mozilla/5.0 (compatible; VelenPublicWebCrawler/1.0; +https://velen.io)"
34.76.224.74 - - [24/Dec/2023:04:46:57 +0100] "GET /coconut-fibers-doormat-smile-p-56270.html HTTP/1.0" 200 84550 "-" "Mozilla/5.0 (compatible; VelenPublicWebCrawler/1.0; +https://velen.io)"
34.76.224.74 - - [24/Dec/2023:04:47:01 +0100] "GET /coconut-fibers-doormat-arborvitae-p-52458.html HTTP/1.0" 200 84600 "-" "Mozilla/5.0 (compatible; VelenPublicWebCrawler/1.0; +https://velen.io)"
34.76.224.74 - - [24/Dec/2023:04:47:06 +0100] "GET /coconut-fibers-doormat-cats-home-p-56272.html HTTP/1.0" 200 85056 "-" "Mozilla/5.0 (compatible; VelenPublicWebCrawler/1.0; +https://velen.io)"
34.76.224.74 - - [24/Dec/2023:04:47:11 +0100] "GET /light-bulb-loop-p-42508.html HTTP/1.0" 200 83609 "-" "Mozilla/5.0 (compatible; VelenPublicWebCrawler/1.0; +https://velen.io)"
34.76.224.74 - - [24/Dec/2023:04:47:16 +0100] "GET /light-bulb-p-58052.html HTTP/1.0" 200 84185 "-" "Mozilla/5.0 (compatible; VelenPublicWebCrawler/1.0; +https://velen.io)"
34.76.224.74 - - [24/Dec/2023:04:47:21 +0100] "GET /fairies-fairy-lights-p-24738.html HTTP/1.0" 200 83823 "-" "Mozilla/5.0 (compatible; VelenPublicWebCrawler/1.0; +https://velen.io)"
54.36.148.4 - - [24/Dec/2023:04:47:14 +0100] "GET /fragrances-ambiance-c-231.html?page=9 HTTP/1.0" 200 103599 "-" "Mozilla/5.0 (compatible; AhrefsBot/7.0; +http://ahrefs.com/robot/)"
34.76.224.74 - - [24/Dec/2023:04:47:27 +0100] "GET /iridescent-photo-garland-p-60626.html HTTP/1.0" 200 84390 "-" "Mozilla/5.0 (compatible; VelenPublicWebCrawler/1.0; +https://velen.io)"
34.76.224.74 - - [24/Dec/2023:04:47:32 +0100] "GET /photo-light-garland-p-60625.html HTTP/1.0" 200 83698 "-" "Mozilla/5.0 (compatible; VelenPublicWebCrawler/1.0; +https://velen.io)"
34.76.224.74 - - [24/Dec/2023:04:47:37 +0100] "GET /unicorns-light-garland-p-55386.html HTTP/1.0" 200 84606 "-" "Mozilla/5.0 (compatible; VelenPublicWebCrawler/1.0; +https://velen.io)"
34.76.224.74 - - [24/Dec/2023:04:47:41 +0100] "GET /light-garland-pastel-deer-p-55385.html HTTP/1.0" 200 84826 "-" "Mozilla/5.0 (compatible; VelenPublicWebCrawler/1.0; +https://velen.io)"
34.76.224.74 - - [24/Dec/2023:04:47:46 +0100] "GET /light-garland-shape-bulbs-meters-p-60911.html HTTP/1.0" 200 84955 "-" "Mozilla/5.0 (compatible; VelenPublicWebCrawler/1.0; +https://velen.io)"
34.76.224.74 - - [24/Dec/2023:04:47:51 +0100] "GET /light-garland-collection-canar-p-39466.html HTTP/1.0" 200 84638 "-" "Mozilla/5.0 (compatible; VelenPublicWebCrawler/1.0; +https://velen.io)"
34.76.224.74 - - [24/Dec/2023:04:47:56 +0100] "GET /dinosaur-light-garland-p-55387.html HTTP/1.0" 200 84606 "-" "Mozilla/5.0 (compatible; VelenPublicWebCrawler/1.0; +https://velen.io)"
34.76.224.74 - - [24/Dec/2023:04:48:01 +0100] "GET /light-garland-collection-canar-girly-p-39463.html HTTP/1.0" 200 84665 "-" "Mozilla/5.0 (compatible; VelenPublicWebCrawler/1.0; +https://velen.io)"
34.76.224.74 - - [24/Dec/2023:04:48:07 +0100] "GET /light-garland-collection-canar-p-39464.html HTTP/1.0" 200 84638 "-" "Mozilla/5.0 (compatible; VelenPublicWebCrawler/1.0; +https://velen.io)"
54.36.148.99 - - [24/Dec/2023:04:48:11 +0100] "GET /heart-home-large-winter-pine-cedar-wood-bamboo-candle-p-61059.html HTTP/1.0" 200 84838 "-" "Mozilla/5.0 (compatible; AhrefsBot/7.0; +http://ahrefs.com/robot/)"
34.76.224.74 - - [24/Dec/2023:04:48:12 +0100] "GET /light-garland-collection-canar-love-vilain-p-39461.html HTTP/1.0" 200 84718 "-" "Mozilla/5.0 (compatible; VelenPublicWebCrawler/1.0; +https://velen.io)"
34.76.224.74 - - [24/Dec/2023:04:48:19 +0100] "GET /light-garland-collection-canar-multicolor-p-39459.html HTTP/1.0" 200 84530 "-" "Mozilla/5.0 (compatible; VelenPublicWebCrawler/1.0; +https://velen.io)"
34.76.224.74 - - [24/Dec/2023:04:48:25 +0100] "GET /light-garland-collection-canar-rainbow-p-39460.html HTTP/1.0" 200 84509 "-" "Mozilla/5.0 (compatible; VelenPublicWebCrawler/1.0; +https://velen.io)"
34.76.224.74 - - [24/Dec/2023:04:48:30 +0100] "GET /light-garland-collection-canar-soft-pink-p-39465.html HTTP/1.0" 200 84756 "-" "Mozilla/5.0 (compatible; VelenPublicWebCrawler/1.0; +https://velen.io)"
34.76.224.74 - - [24/Dec/2023:04:48:34 +0100] "GET /meter-outdoor-fairy-lights-p-57989.html HTTP/1.0" 200 85297 "-" "Mozilla/5.0 (compatible; VelenPublicWebCrawler/1.0; +https://velen.io)"
34.76.224.74 - - [24/Dec/2023:04:48:39 +0100] "GET /wood-cactus-neon-ornament-p-45692.html HTTP/1.0" 200 83737 "-" "Mozilla/5.0 (compatible; VelenPublicWebCrawler/1.0; +https://velen.io)"
34.76.224.74 - - [24/Dec/2023:04:48:44 +0100] "GET /bright-wooden-frame-little-prince-exupery-p-49746.html HTTP/1.0" 200 83938 "-" "Mozilla/5.0 (compatible; VelenPublicWebCrawler/1.0; +https://velen.io)"
34.76.224.74 - - [24/Dec/2023:04:48:49 +0100] "GET /disturb-wooden-frame-p-46085.html HTTP/1.0" 200 84555 "-" "Mozilla/5.0 (compatible; VelenPublicWebCrawler/1.0; +https://velen.io)"
34.76.224.74 - - [24/Dec/2023:04:48:54 +0100] "GET /coffee-house-frame-with-p-46684.html HTTP/1.0" 200 83727 "-" "Mozilla/5.0 (compatible; VelenPublicWebCrawler/1.0; +https://velen.io)"
34.76.224.74 - - [24/Dec/2023:04:48:58 +0100] "GET /luminous-frame-with-color-variations-dragonfly-p-39477.html HTTP/1.0" 200 84494 "-" "Mozilla/5.0 (compatible; VelenPublicWebCrawler/1.0; +https://velen.io)"
34.76.224.74 - - [24/Dec/2023:04:49:03 +0100] "GET /smoking-wooden-frame-p-46086.html HTTP/1.0" 200 84597 "-" "Mozilla/5.0 (compatible; VelenPublicWebCrawler/1.0; +https://velen.io)"
54.36.148.188 - - [24/Dec/2023:04:49:07 +0100] "GET /cotton-floor-cushion-maison-p-60422.html HTTP/1.0" 200 84835 "-" "Mozilla/5.0 (compatible; AhrefsBot/7.0; +http://ahrefs.com/robot/)"
34.76.224.74 - - [24/Dec/2023:04:49:07 +0100] "GET /retro-sign-p-42689.html HTTP/1.0" 200 83745 "-" "Mozilla/5.0 (compatible; VelenPublicWebCrawler/1.0; +https://velen.io)"
34.76.224.74 - - [24/Dec/2023:04:49:13 +0100] "GET /coffee-hour-wooden-frame-withe-p-46093.html HTTP/1.0" 200 84434 "-" "Mozilla/5.0 (compatible; VelenPublicWebCrawler/1.0; +https://velen.io)"
34.76.224.74 - - [24/Dec/2023:04:49:18 +0100] "GET /coffee-latte-hour-wooden-frame-withe-p-46094.html HTTP/1.0" 200 84479 "-" "Mozilla/5.0 (compatible; VelenPublicWebCrawler/1.0; +https://velen.io)"
51.68.224.127 - - [24/Dec/2023:04:49:25 +0100] "GET /adminweb/export_orders_xml.php?token=256de2z6edz6ed2z6DFSFsed2zed6zeDSFDSGdzedezfzf&maxorders=10&orderstart=1&status=14&start_date=2018-10-01 HTTP/1.0" 200 285 "-" "GesCom CharlotteBoutik Serveur"
34.76.224.74 - - [24/Dec/2023:04:49:22 +0100] "GET /brown-lampshade-p-54560.html HTTP/1.0" 200 84418 "-" "Mozilla/5.0 (compatible; VelenPublicWebCrawler/1.0; +https://velen.io)"
51.68.224.127 - - [24/Dec/2023:04:49:25 +0100] "GET /adminweb/export_orders_xml.php?token=256de2z6edz6ed2z6DFSFsed2zed6zeDSFDSGdzedezfzf&maxorders=10&orderstart=1&status=6&start_date=2018-10-01 HTTP/1.0" 200 34422 "-" "GesCom CharlotteBoutik Serveur"
34.76.224.74 - - [24/Dec/2023:04:49:27 +0100] "GET /brown-lampshade-p-56446.html HTTP/1.0" 200 83654 "-" "Mozilla/5.0 (compatible; VelenPublicWebCrawler/1.0; +https://velen.io)"
34.76.224.74 - - [24/Dec/2023:04:49:33 +0100] "GET /grey-lampshade-p-53668.html HTTP/1.0" 200 84406 "-" "Mozilla/5.0 (compatible; VelenPublicWebCrawler/1.0; +https://velen.io)"
34.76.224.74 - - [24/Dec/2023:04:49:37 +0100] "GET /grey-lampshade-p-53671.html HTTP/1.0" 200 84404 "-" "Mozilla/5.0 (compatible; VelenPublicWebCrawler/1.0; +https://velen.io)"
34.76.224.74 - - [24/Dec/2023:04:49:43 +0100] "GET /white-lampshade-p-53672.html HTTP/1.0" 200 83654 "-" "Mozilla/5.0 (compatible; VelenPublicWebCrawler/1.0; +https://velen.io)"
34.76.224.74 - - [24/Dec/2023:04:49:48 +0100] "GET /grey-lampshade-p-56445.html HTTP/1.0" 200 84405 "-" "Mozilla/5.0 (compatible; VelenPublicWebCrawler/1.0; +https://velen.io)"
34.76.224.74 - - [24/Dec/2023:04:49:53 +0100] "GET /light-grey-lampshade-p-56444.html HTTP/1.0" 200 84475 "-" "Mozilla/5.0 (compatible; VelenPublicWebCrawler/1.0; +https://velen.io)"
52.146.59.156 - - [24/Dec/2023:04:50:00 +0100] "GET /images/big_prod/4542202662175NN.jpg HTTP/1.0" 200 270 "-" "DuckDuckBot/1.1; (+http://duckduckgo.com/duckduckbot.html)"
34.76.224.74 - - [24/Dec/2023:04:49:58 +0100] "GET /white-lampshade-p-56443.html HTTP/1.0" 200 84416 "-" "Mozilla/5.0 (compatible; VelenPublicWebCrawler/1.0; +https://velen.io)"
54.36.148.125 - - [24/Dec/2023:04:49:59 +0100] "GET /harley-davidson-2004-dyna-super-glide-sport-p-30415.html HTTP/1.0" 200 83814 "-" "Mozilla/5.0 (compatible; AhrefsBot/7.0; +http://ahrefs.com/robot/)"
34.76.224.74 - - [24/Dec/2023:04:50:03 +0100] "GET /brown-lampshade-p-54561.html HTTP/1.0" 200 84464 "-" "Mozilla/5.0 (compatible; VelenPublicWebCrawler/1.0; +https://velen.io)"
34.76.224.74 - - [24/Dec/2023:04:50:08 +0100] "GET /brown-lampshade-p-54562.html HTTP/1.0" 200 84463 "-" "Mozilla/5.0 (compatible; VelenPublicWebCrawler/1.0; +https://velen.io)"
34.76.224.74 - - [24/Dec/2023:04:50:14 +0100] "GET /grey-lampshade-p-53666.html HTTP/1.0" 200 84406 "-" "Mozilla/5.0 (compatible; VelenPublicWebCrawler/1.0; +https://velen.io)"
34.76.224.74 - - [24/Dec/2023:04:50:20 +0100] "GET /grey-lampshade-p-53667.html HTTP/1.0" 200 84406 "-" "Mozilla/5.0 (compatible; VelenPublicWebCrawler/1.0; +https://velen.io)"
34.76.224.74 - - [24/Dec/2023:04:50:25 +0100] "GET /small-adjustable-brown-lampshade-p-59431.html HTTP/1.0" 200 84582 "-" "Mozilla/5.0 (compatible; VelenPublicWebCrawler/1.0; +https://velen.io)"
34.76.224.74 - - [24/Dec/2023:04:50:29 +0100] "GET /small-adjustable-white-lampshade-p-58796.html HTTP/1.0" 200 84583 "-" "Mozilla/5.0 (compatible; VelenPublicWebCrawler/1.0; +https://velen.io)"
34.76.224.74 - - [24/Dec/2023:04:50:34 +0100] "GET /white-lampshade-p-53665.html HTTP/1.0" 200 84416 "-" "Mozilla/5.0 (compatible; VelenPublicWebCrawler/1.0; +https://velen.io)"
34.76.224.74 - - [24/Dec/2023:04:50:39 +0100] "GET /black-lampshade-p-60987.html HTTP/1.0" 200 84280 "-" "Mozilla/5.0 (compatible; VelenPublicWebCrawler/1.0; +https://velen.io)"
34.76.224.74 - - [24/Dec/2023:04:50:43 +0100] "GET /black-lampshade-p-60988.html HTTP/1.0" 200 84238 "-" "Mozilla/5.0 (compatible; VelenPublicWebCrawler/1.0; +https://velen.io)"
34.76.224.74 - - [24/Dec/2023:04:50:49 +0100] "GET /brown-lampshade-p-56063.html HTTP/1.0" 200 84490 "-" "Mozilla/5.0 (compatible; VelenPublicWebCrawler/1.0; +https://velen.io)"
54.36.148.65 - - [24/Dec/2023:04:50:55 +0100] "GET /robots.txt HTTP/1.0" 200 245 "-" "Mozilla/5.0 (compatible; AhrefsBot/7.0; +http://ahrefs.com/robot/)"
34.76.224.74 - - [24/Dec/2023:04:50:53 +0100] "GET /grey-lampshade-p-55305.html HTTP/1.0" 200 84478 "-" "Mozilla/5.0 (compatible; VelenPublicWebCrawler/1.0; +https://velen.io)"
34.76.224.74 - - [24/Dec/2023:04:50:58 +0100] "GET /grey-lampshade-p-56791.html HTTP/1.0" 200 84478 "-" "Mozilla/5.0 (compatible; VelenPublicWebCrawler/1.0; +https://velen.io)"
46.8.222.97 - - [24/Dec/2023:04:51:02 +0100] "GET /contact_us.php HTTP/1.0" 301 539 "http://wonder-geek.com/contact_us.php" "Mozilla/5.0 (Windows NT 10.0; WOW64) AppleWebKit/537.36 (KHTML, like Gecko) Chrome/103.0.5060.114 Safari/537.36"
34.76.224.74 - - [24/Dec/2023:04:51:02 +0100] "GET /james-towel-p-39101.html HTTP/1.0" 200 83598 "-" "Mozilla/5.0 (compatible; VelenPublicWebCrawler/1.0; +https://velen.io)"
46.8.222.97 - - [24/Dec/2023:04:51:05 +0100] "GET /contact_us.php HTTP/1.0" 200 26241 "http://www.wonder-geek.com/contact_us.php" "Mozilla/5.0 (Windows NT 10.0; WOW64) AppleWebKit/537.36 (KHTML, like Gecko) Chrome/103.0.5060.114 Safari/537.36"
34.76.224.74 - - [24/Dec/2023:04:51:07 +0100] "GET /planes-bath-towel-p-24585.html HTTP/1.0" 200 85819 "-" "Mozilla/5.0 (compatible; VelenPublicWebCrawler/1.0; +https://velen.io)"
34.76.224.74 - - [24/Dec/2023:04:51:13 +0100] "GET /james-towel-p-39104.html HTTP/1.0" 200 83619 "-" "Mozilla/5.0 (compatible; VelenPublicWebCrawler/1.0; +https://velen.io)"
54.36.149.38 - - [24/Dec/2023:04:50:56 +0100] "GET /home-decoration-c-13.html?page=53 HTTP/1.0" 200 103313 "-" "Mozilla/5.0 (compatible; AhrefsBot/7.0; +http://ahrefs.com/robot/)"
34.76.224.74 - - [24/Dec/2023:04:51:18 +0100] "GET /lola-shower-towel-p-41785.html HTTP/1.0" 200 84514 "-" "Mozilla/5.0 (compatible; VelenPublicWebCrawler/1.0; +https://velen.io)"
34.76.224.74 - - [24/Dec/2023:04:51:23 +0100] "GET /lola-shower-towel-white-p-41784.html HTTP/1.0" 200 84542 "-" "Mozilla/5.0 (compatible; VelenPublicWebCrawler/1.0; +https://velen.io)"
34.76.224.74 - - [24/Dec/2023:04:51:28 +0100] "GET /pucca-towel-p-2355.html HTTP/1.0" 200 83675 "-" "Mozilla/5.0 (compatible; VelenPublicWebCrawler/1.0; +https://velen.io)"
34.76.224.74 - - [24/Dec/2023:04:51:34 +0100] "GET /charlot-towel-p-39105.html HTTP/1.0" 200 83634 "-" "Mozilla/5.0 (compatible; VelenPublicWebCrawler/1.0; +https://velen.io)"
34.76.224.74 - - [24/Dec/2023:04:51:39 +0100] "GET /calimero-cool-douce-towel-p-15484.html HTTP/1.0" 200 83671 "-" "Mozilla/5.0 (compatible; VelenPublicWebCrawler/1.0; +https://velen.io)"
34.76.224.74 - - [24/Dec/2023:04:51:43 +0100] "GET /hello-kitty-towel-p-5614.html HTTP/1.0" 200 83698 "-" "Mozilla/5.0 (compatible; VelenPublicWebCrawler/1.0; +https://velen.io)"
34.76.224.74 - - [24/Dec/2023:04:51:48 +0100] "GET /marilyn-monroe-towel-p-39106.html HTTP/1.0" 200 83700 "-" "Mozilla/5.0 (compatible; VelenPublicWebCrawler/1.0; +https://velen.io)"
54.36.149.40 - - [24/Dec/2023:04:51:49 +0100] "GET /feng-shui-flower-life-champagne-coloured-p-53469.html HTTP/1.0" 200 84546 "-" "Mozilla/5.0 (compatible; AhrefsBot/7.0; +http://ahrefs.com/robot/)"
34.76.224.74 - - [24/Dec/2023:04:51:53 +0100] "GET /bath-towel-p-61433.html HTTP/1.0" 200 84724 "-" "Mozilla/5.0 (compatible; VelenPublicWebCrawler/1.0; +https://velen.io)"
34.76.224.74 - - [24/Dec/2023:04:51:58 +0100] "GET /luna-bath-towel-p-40757.html HTTP/1.0" 200 83598 "-" "Mozilla/5.0 (compatible; VelenPublicWebCrawler/1.0; +https://velen.io)"
34.76.224.74 - - [24/Dec/2023:04:52:03 +0100] "GET /vilaines-filles-beach-towel-p-51710.html HTTP/1.0" 200 83773 "-" "Mozilla/5.0 (compatible; VelenPublicWebCrawler/1.0; +https://velen.io)"
34.76.224.74 - - [24/Dec/2023:04:52:08 +0100] "GET /vilaines-filles-bath-towel-p-57629.html HTTP/1.0" 200 84412 "-" "Mozilla/5.0 (compatible; VelenPublicWebCrawler/1.0; +https://velen.io)"
34.76.224.74 - - [24/Dec/2023:04:52:13 +0100] "GET /hello-kitty-towel-p-8927.html HTTP/1.0" 200 83711 "-" "Mozilla/5.0 (compatible; VelenPublicWebCrawler/1.0; +https://velen.io)"
34.76.224.74 - - [24/Dec/2023:04:52:18 +0100] "GET /round-bath-towel-corsica-p-44927.html HTTP/1.0" 200 84301 "-" "Mozilla/5.0 (compatible; VelenPublicWebCrawler/1.0; +https://velen.io)"
34.76.224.74 - - [24/Dec/2023:04:52:22 +0100] "GET /fiber-plastic-lamp-p-59449.html HTTP/1.0" 200 84706 "-" "Mozilla/5.0 (compatible; VelenPublicWebCrawler/1.0; +https://velen.io)"
34.76.224.74 - - [24/Dec/2023:04:52:27 +0100] "GET /nightlight-shaped-rabbit-p-37286.html HTTP/1.0" 200 84285 "-" "Mozilla/5.0 (compatible; VelenPublicWebCrawler/1.0; +https://velen.io)"
34.76.224.74 - - [24/Dec/2023:04:52:32 +0100] "GET /nightlite-minion-despicable-p-34083.html HTTP/1.0" 200 83859 "-" "Mozilla/5.0 (compatible; VelenPublicWebCrawler/1.0; +https://velen.io)"
34.76.224.74 - - [24/Dec/2023:04:52:37 +0100] "GET /little-pony-mini-glitter-shake-shine-p-31922.html HTTP/1.0" 200 84141 "-" "Mozilla/5.0 (compatible; VelenPublicWebCrawler/1.0; +https://velen.io)"
34.76.224.74 - - [24/Dec/2023:04:52:42 +0100] "GET /nightlight-shaped-cream-p-44646.html HTTP/1.0" 200 83717 "-" "Mozilla/5.0 (compatible; VelenPublicWebCrawler/1.0; +https://velen.io)"
54.36.148.96 - - [24/Dec/2023:04:52:43 +0100] "GET /kitchen-towel-brown-p-54118.html HTTP/1.0" 200 83630 "-" "Mozilla/5.0 (compatible; AhrefsBot/7.0; +http://ahrefs.com/robot/)"
34.76.224.74 - - [24/Dec/2023:04:52:47 +0100] "GET /nightlight-shaped-cream-p-44647.html HTTP/1.0" 200 83709 "-" "Mozilla/5.0 (compatible; VelenPublicWebCrawler/1.0; +https://velen.io)"
34.76.224.74 - - [24/Dec/2023:04:52:51 +0100] "GET /nightlight-shaped-cream-p-44648.html HTTP/1.0" 200 83709 "-" "Mozilla/5.0 (compatible; VelenPublicWebCrawler/1.0; +https://velen.io)"
34.76.224.74 - - [24/Dec/2023:04:52:56 +0100] "GET /little-pony-mini-glitter-shake-shine-p-31919.html HTTP/1.0" 200 84142 "-" "Mozilla/5.0 (compatible; VelenPublicWebCrawler/1.0; +https://velen.io)"
34.76.224.74 - - [24/Dec/2023:04:53:01 +0100] "GET /beige-metal-chandelier-p-58723.html HTTP/1.0" 200 84469 "-" "Mozilla/5.0 (compatible; VelenPublicWebCrawler/1.0; +https://velen.io)"
34.76.224.74 - - [24/Dec/2023:04:53:06 +0100] "GET /beige-metal-chandelier-p-58727.html HTTP/1.0" 200 84472 "-" "Mozilla/5.0 (compatible; VelenPublicWebCrawler/1.0; +https://velen.io)"
34.76.224.74 - - [24/Dec/2023:04:53:11 +0100] "GET /blue-velvet-chandelier-p-59887.html HTTP/1.0" 200 84466 "-" "Mozilla/5.0 (compatible; VelenPublicWebCrawler/1.0; +https://velen.io)"
34.76.224.74 - - [24/Dec/2023:04:53:16 +0100] "GET /brown-polyester-chandelier-p-59708.html HTTP/1.0" 200 84937 "-" "Mozilla/5.0 (compatible; VelenPublicWebCrawler/1.0; +https://velen.io)"
34.76.224.74 - - [24/Dec/2023:04:53:21 +0100] "GET /golden-aluminum-chandelier-p-59836.html HTTP/1.0" 200 84712 "-" "Mozilla/5.0 (compatible; VelenPublicWebCrawler/1.0; +https://velen.io)"
34.76.224.74 - - [24/Dec/2023:04:53:26 +0100] "GET /jungle-bamboo-chandelier-p-61449.html HTTP/1.0" 200 84390 "-" "Mozilla/5.0 (compatible; VelenPublicWebCrawler/1.0; +https://velen.io)"
34.76.224.74 - - [24/Dec/2023:04:53:31 +0100] "GET /happy-hermann-cable-cover-made-germany-p-56887.html HTTP/1.0" 200 86351 "-" "Mozilla/5.0 (compatible; VelenPublicWebCrawler/1.0; +https://velen.io)"
18.210.113.192 - - [24/Dec/2023:04:53:36 +0100] "GET /images/mini_prod/5051276388168.jpg HTTP/1.0" 200 269 "-" "Mozilla/5.0 (X11; Ubuntu; Linux x86_64; rv:72.0) Gecko/20100101 Firefox/72.0"
34.76.224.74 - - [24/Dec/2023:04:53:36 +0100] "GET /happy-hermann-cable-cover-made-germany-p-58663.html HTTP/1.0" 200 85881 "-" "Mozilla/5.0 (compatible; VelenPublicWebCrawler/1.0; +https://velen.io)"
40.77.167.71 - - [24/Dec/2023:04:53:40 +0100] "GET /images/Pyjdbz.jpg HTTP/1.0" 200 252 "-" "Mozilla/5.0 AppleWebKit/537.36 (KHTML, like Gecko; compatible; bingbot/2.0; +http://www.bing.com/bingbot.htm) Chrome/116.0.1938.76 Safari/537.36"
54.36.148.253 - - [24/Dec/2023:04:53:40 +0100] "GET /klimt-little-tray-p-51679.html HTTP/1.0" 200 83650 "-" "Mozilla/5.0 (compatible; AhrefsBot/7.0; +http://ahrefs.com/robot/)"
34.76.224.74 - - [24/Dec/2023:04:53:42 +0100] "GET /happy-hermann-cable-cover-made-germany-p-58664.html HTTP/1.0" 200 85883 "-" "Mozilla/5.0 (compatible; VelenPublicWebCrawler/1.0; +https://velen.io)"
34.76.224.74 - - [24/Dec/2023:04:53:47 +0100] "GET /hello-kitty-ceiling-light-p-11193.html HTTP/1.0" 200 83842 "-" "Mozilla/5.0 (compatible; VelenPublicWebCrawler/1.0; +https://velen.io)"
34.76.224.74 - - [24/Dec/2023:04:53:51 +0100] "GET /handful-light-cable-cover-made-germany-p-56886.html HTTP/1.0" 200 86446 "-" "Mozilla/5.0 (compatible; VelenPublicWebCrawler/1.0; +https://velen.io)"
34.76.224.74 - - [24/Dec/2023:04:53:56 +0100] "GET /handful-light-cable-cover-made-germany-p-58661.html HTTP/1.0" 200 86200 "-" "Mozilla/5.0 (compatible; VelenPublicWebCrawler/1.0; +https://velen.io)"
34.76.224.74 - - [24/Dec/2023:04:54:01 +0100] "GET /handful-light-cable-cover-made-germany-p-58662.html HTTP/1.0" 200 86200 "-" "Mozilla/5.0 (compatible; VelenPublicWebCrawler/1.0; +https://velen.io)"
34.76.224.74 - - [24/Dec/2023:04:54:06 +0100] "GET /retro-industriel-chandelier-p-37256.html HTTP/1.0" 200 83736 "-" "Mozilla/5.0 (compatible; VelenPublicWebCrawler/1.0; +https://velen.io)"
34.76.224.74 - - [24/Dec/2023:04:54:10 +0100] "GET /retro-industriel-chandelier-silver-color-p-42335.html HTTP/1.0" 200 83884 "-" "Mozilla/5.0 (compatible; VelenPublicWebCrawler/1.0; +https://velen.io)"
34.76.224.74 - - [24/Dec/2023:04:54:15 +0100] "GET /white-metal-chandelier-p-58722.html HTTP/1.0" 200 84469 "-" "Mozilla/5.0 (compatible; VelenPublicWebCrawler/1.0; +https://velen.io)"
34.76.224.74 - - [24/Dec/2023:04:54:21 +0100] "GET /white-metal-chandelier-p-58724.html HTTP/1.0" 200 84473 "-" "Mozilla/5.0 (compatible; VelenPublicWebCrawler/1.0; +https://velen.io)"
34.76.224.74 - - [24/Dec/2023:04:54:26 +0100] "GET /white-metal-chandelier-p-58726.html HTTP/1.0" 200 84472 "-" "Mozilla/5.0 (compatible; VelenPublicWebCrawler/1.0; +https://velen.io)"
34.76.224.74 - - [24/Dec/2023:04:54:31 +0100] "GET /white-cotton-chandelier-p-58310.html HTTP/1.0" 200 84496 "-" "Mozilla/5.0 (compatible; VelenPublicWebCrawler/1.0; +https://velen.io)"
54.36.149.83 - - [24/Dec/2023:04:54:33 +0100] "GET /windchime-chimes-p-43532.html HTTP/1.0" 200 84217 "-" "Mozilla/5.0 (compatible; AhrefsBot/7.0; +http://ahrefs.com/robot/)"
34.76.224.74 - - [24/Dec/2023:04:54:37 +0100] "GET /white-polyester-chandelier-p-58373.html HTTP/1.0" 200 84937 "-" "Mozilla/5.0 (compatible; VelenPublicWebCrawler/1.0; +https://velen.io)"
34.76.224.74 - - [24/Dec/2023:04:54:41 +0100] "GET /cats-dubout-figurine-cutie-p-32704.html HTTP/1.0" 200 84930 "-" "Mozilla/5.0 (compatible; VelenPublicWebCrawler/1.0; +https://velen.io)"
34.76.224.74 - - [24/Dec/2023:04:54:47 +0100] "GET /cats-dubout-figurine-siesta-p-33345.html HTTP/1.0" 200 84114 "-" "Mozilla/5.0 (compatible; VelenPublicWebCrawler/1.0; +https://velen.io)"
34.76.224.74 - - [24/Dec/2023:04:54:53 +0100] "GET /cats-dubout-figurine-mice-p-40347.html HTTP/1.0" 200 84170 "-" "Mozilla/5.0 (compatible; VelenPublicWebCrawler/1.0; +https://velen.io)"
34.76.224.74 - - [24/Dec/2023:04:54:58 +0100] "GET /cats-dubout-figurine-cute-black-p-40345.html HTTP/1.0" 200 85139 "-" "Mozilla/5.0 (compatible; VelenPublicWebCrawler/1.0; +https://velen.io)"
34.76.224.74 - - [24/Dec/2023:04:55:03 +0100] "GET /cats-dubout-figurine-cute-white-p-40346.html HTTP/1.0" 200 84822 "-" "Mozilla/5.0 (compatible; VelenPublicWebCrawler/1.0; +https://velen.io)"
34.76.224.74 - - [24/Dec/2023:04:55:09 +0100] "GET /cats-dubout-figurine-third-p-32711.html HTTP/1.0" 200 86156 "-" "Mozilla/5.0 (compatible; VelenPublicWebCrawler/1.0; +https://velen.io)"
34.76.224.74 - - [24/Dec/2023:04:55:14 +0100] "GET /cats-dubout-figurine-nonchalant-p-50669.html HTTP/1.0" 200 84797 "-" "Mozilla/5.0 (compatible; VelenPublicWebCrawler/1.0; +https://velen.io)"
45.84.177.93 - - [24/Dec/2023:04:55:17 +0100] "POST /contact_us.php?action=send HTTP/1.0" 200 30232 "http://www.wonder-geek.com/contact_us.php" "Mozilla/5.0 (Windows NT 10.0; WOW64) AppleWebKit/537.36 (KHTML, like Gecko) Chrome/103.0.5060.114 Safari/537.36"
34.76.224.74 - - [24/Dec/2023:04:55:19 +0100] "GET /cats-dubout-figurine-chic-white-p-44149.html HTTP/1.0" 200 84797 "-" "Mozilla/5.0 (compatible; VelenPublicWebCrawler/1.0; +https://velen.io)"
45.84.177.93 - - [24/Dec/2023:04:55:25 +0100] "GET /contact_us.php HTTP/1.0" 200 26241 "http://www.wonder-geek.com/contact_us.php" "Mozilla/5.0 (Windows NT 10.0; WOW64) AppleWebKit/537.36 (KHTML, like Gecko) Chrome/103.0.5060.114 Safari/537.36"
34.76.224.74 - - [24/Dec/2023:04:55:23 +0100] "GET /cats-dubout-figurine-grooming-time-p-32712.html HTTP/1.0" 200 84184 "-" "Mozilla/5.0 (compatible; VelenPublicWebCrawler/1.0; +https://velen.io)"
34.76.224.74 - - [24/Dec/2023:04:55:29 +0100] "GET /cats-dubout-figurine-kitty-wash-p-32713.html HTTP/1.0" 200 84755 "-" "Mozilla/5.0 (compatible; VelenPublicWebCrawler/1.0; +https://velen.io)"
45.84.177.93 - - [24/Dec/2023:04:55:32 +0100] "GET /contact_us.php HTTP/1.0" 200 26241 "http://www.wonder-geek.com/contact_us.php" "Mozilla/5.0 (Windows NT 10.0; WOW64) AppleWebKit/537.36 (KHTML, like Gecko) Chrome/103.0.5060.114 Safari/537.36"
54.36.149.40 - - [24/Dec/2023:04:55:34 +0100] "GET /yoga-bolster-meditation-cushion-chakra-svadishtana-p-45366.html HTTP/1.0" 200 85882 "-" "Mozilla/5.0 (compatible; AhrefsBot/7.0; +http://ahrefs.com/robot/)"
34.76.224.74 - - [24/Dec/2023:04:55:34 +0100] "GET /cats-dubout-figurine-happy-days-extra-black-p-33341.html HTTP/1.0" 200 84316 "-" "Mozilla/5.0 (compatible; VelenPublicWebCrawler/1.0; +https://velen.io)"
34.76.224.74 - - [24/Dec/2023:04:55:40 +0100] "GET /cats-dubout-figurine-cats-extra-p-35861.html HTTP/1.0" 200 84978 "-" "Mozilla/5.0 (compatible; VelenPublicWebCrawler/1.0; +https://velen.io)"
34.76.224.74 - - [24/Dec/2023:04:55:45 +0100] "GET /cats-dubout-figurine-what-dinner-p-32708.html HTTP/1.0" 200 86196 "-" "Mozilla/5.0 (compatible; VelenPublicWebCrawler/1.0; +https://velen.io)"
34.76.224.74 - - [24/Dec/2023:04:55:49 +0100] "GET /cats-dubout-figurine-what-dinner-p-44148.html HTTP/1.0" 200 84871 "-" "Mozilla/5.0 (compatible; VelenPublicWebCrawler/1.0; +https://velen.io)"
34.76.224.74 - - [24/Dec/2023:04:55:54 +0100] "GET /cats-dubout-figurine-belle-p-33337.html HTTP/1.0" 200 84976 "-" "Mozilla/5.0 (compatible; VelenPublicWebCrawler/1.0; +https://velen.io)"
34.76.224.74 - - [24/Dec/2023:04:56:00 +0100] "GET /cats-dubout-figurine-hunt-p-52022.html HTTP/1.0" 200 84969 "-" "Mozilla/5.0 (compatible; VelenPublicWebCrawler/1.0; +https://velen.io)"
34.76.224.74 - - [24/Dec/2023:04:56:05 +0100] "GET /cats-dubout-figurine-poor-p-35264.html HTTP/1.0" 200 84742 "-" "Mozilla/5.0 (compatible; VelenPublicWebCrawler/1.0; +https://velen.io)"
34.76.224.74 - - [24/Dec/2023:04:56:10 +0100] "GET /cats-dubout-figurine-little-miss-precious-p-43191.html HTTP/1.0" 200 84225 "-" "Mozilla/5.0 (compatible; VelenPublicWebCrawler/1.0; +https://velen.io)"
34.76.224.74 - - [24/Dec/2023:04:56:15 +0100] "GET /statuettes-surprise-dubout-p-59923.html HTTP/1.0" 200 85009 "-" "Mozilla/5.0 (compatible; VelenPublicWebCrawler/1.0; +https://velen.io)"
54.36.148.146 - - [24/Dec/2023:04:56:19 +0100] "GET /decoration-pen-musical-notes-p-21331.html HTTP/1.0" 301 81448 "-" "Mozilla/5.0 (compatible; AhrefsBot/7.0; +http://ahrefs.com/robot/)"
34.76.224.74 - - [24/Dec/2023:04:56:21 +0100] "GET /cats-dubout-figurine-p-33745.html HTTP/1.0" 200 84734 "-" "Mozilla/5.0 (compatible; VelenPublicWebCrawler/1.0; +https://velen.io)"
34.76.224.74 - - [24/Dec/2023:04:56:27 +0100] "GET /african-water-carrier-figurine-p-55283.html HTTP/1.0" 200 84405 "-" "Mozilla/5.0 (compatible; VelenPublicWebCrawler/1.0; +https://velen.io)"
34.76.224.74 - - [24/Dec/2023:04:56:32 +0100] "GET /decoration-african-water-carrier-p-55776.html HTTP/1.0" 200 84471 "-" "Mozilla/5.0 (compatible; VelenPublicWebCrawler/1.0; +https://velen.io)"
34.76.224.74 - - [24/Dec/2023:04:56:39 +0100] "GET /decoration-young-african-girl-p-55775.html HTTP/1.0" 200 84459 "-" "Mozilla/5.0 (compatible; VelenPublicWebCrawler/1.0; +https://velen.io)"
54.36.148.191 - - [24/Dec/2023:04:56:30 +0100] "GET /photo-frames-memo-clips-c-13_132.html?page=2 HTTP/1.0" 200 92593 "-" "Mozilla/5.0 (compatible; AhrefsBot/7.0; +http://ahrefs.com/robot/)"
34.76.224.74 - - [24/Dec/2023:04:56:44 +0100] "GET /decoration-young-african-p-55774.html HTTP/1.0" 200 84437 "-" "Mozilla/5.0 (compatible; VelenPublicWebCrawler/1.0; +https://velen.io)"
34.76.224.74 - - [24/Dec/2023:04:56:49 +0100] "GET /statuette-african-bust-p-48838.html HTTP/1.0" 200 84786 "-" "Mozilla/5.0 (compatible; VelenPublicWebCrawler/1.0; +https://velen.io)"
34.76.224.74 - - [24/Dec/2023:04:56:54 +0100] "GET /african-woman-decoration-p-50053.html HTTP/1.0" 200 84585 "-" "Mozilla/5.0 (compatible; VelenPublicWebCrawler/1.0; +https://velen.io)"
34.76.224.74 - - [24/Dec/2023:04:56:59 +0100] "GET /decoration-ethnic-mask-aged-gold-look-p-57644.html HTTP/1.0" 200 84637 "-" "Mozilla/5.0 (compatible; VelenPublicWebCrawler/1.0; +https://velen.io)"
34.76.224.74 - - [24/Dec/2023:04:57:04 +0100] "GET /decoration-mask-ethnic-aspect-aged-metal-p-49874.html HTTP/1.0" 200 84575 "-" "Mozilla/5.0 (compatible; VelenPublicWebCrawler/1.0; +https://velen.io)"
40.77.167.254 - - [24/Dec/2023:04:57:06 +0100] "GET /array-m-124.html?page=2 HTTP/1.0" 200 88617 "-" "Mozilla/5.0 AppleWebKit/537.36 (KHTML, like Gecko; compatible; bingbot/2.0; +http://www.bing.com/bingbot.htm) Chrome/116.0.1938.76 Safari/537.36"
34.76.224.74 - - [24/Dec/2023:04:57:08 +0100] "GET /decoration-long-ethnic-mask-aged-gold-look-p-49879.html HTTP/1.0" 200 84574 "-" "Mozilla/5.0 (compatible; VelenPublicWebCrawler/1.0; +https://velen.io)"
34.76.224.74 - - [24/Dec/2023:04:57:13 +0100] "GET /statuette-african-bust-p-48017.html HTTP/1.0" 200 84579 "-" "Mozilla/5.0 (compatible; VelenPublicWebCrawler/1.0; +https://velen.io)"
34.76.224.74 - - [24/Dec/2023:04:57:19 +0100] "GET /african-family-p-47468.html HTTP/1.0" 200 84285 "-" "Mozilla/5.0 (compatible; VelenPublicWebCrawler/1.0; +https://velen.io)"
34.76.224.74 - - [24/Dec/2023:04:57:24 +0100] "GET /african-decoration-child-leopard-p-53726.html HTTP/1.0" 200 83866 "-" "Mozilla/5.0 (compatible; VelenPublicWebCrawler/1.0; +https://velen.io)"
114.119.139.1 - - [24/Dec/2023:04:57:31 +0100] "GET /images/big_prod_2/5400924207953b.jpg HTTP/1.0" 200 271 "http://www.wonder-geek.com/banana-leaf-lamp-p-59166.html" "Mozilla/5.0 (Linux; Android 7.0;) AppleWebKit/537.36 (KHTML, like Gecko) Mobile Safari/537.36 (compatible; PetalBot;+https://webmaster.petalsearch.com/site/petalbot)"
34.76.224.74 - - [24/Dec/2023:04:57:29 +0100] "GET /decoration-african-woman-p-50492.html HTTP/1.0" 200 83765 "-" "Mozilla/5.0 (compatible; VelenPublicWebCrawler/1.0; +https://velen.io)"
54.36.148.230 - - [24/Dec/2023:04:57:32 +0100] "GET /blue-spiral-glass-paperweight-p-56402.html HTTP/1.0" 200 81369 "-" "Mozilla/5.0 (compatible; AhrefsBot/7.0; +http://ahrefs.com/robot/)"
34.76.224.74 - - [24/Dec/2023:04:57:33 +0100] "GET /decoration-african-woman-p-53032.html HTTP/1.0" 200 83765 "-" "Mozilla/5.0 (compatible; VelenPublicWebCrawler/1.0; +https://velen.io)"
34.76.224.74 - - [24/Dec/2023:04:57:39 +0100] "GET /decoration-ethnic-mask-aged-gold-look-p-57645.html HTTP/1.0" 200 84607 "-" "Mozilla/5.0 (compatible; VelenPublicWebCrawler/1.0; +https://velen.io)"
34.76.224.74 - - [24/Dec/2023:04:57:44 +0100] "GET /african-decoration-child-leopard-p-53725.html HTTP/1.0" 200 83845 "-" "Mozilla/5.0 (compatible; VelenPublicWebCrawler/1.0; +https://velen.io)"
34.76.224.74 - - [24/Dec/2023:04:57:48 +0100] "GET /nativity-statuette-mango-wood-p-61447.html HTTP/1.0" 200 84783 "-" "Mozilla/5.0 (compatible; VelenPublicWebCrawler/1.0; +https://velen.io)"
34.76.224.74 - - [24/Dec/2023:04:57:53 +0100] "GET /hand-ethnic-masks-p-60094.html HTTP/1.0" 200 84542 "-" "Mozilla/5.0 (compatible; VelenPublicWebCrawler/1.0; +https://velen.io)"
34.76.224.74 - - [24/Dec/2023:04:57:58 +0100] "GET /african-woman-decoration-p-56079.html HTTP/1.0" 200 85000 "-" "Mozilla/5.0 (compatible; VelenPublicWebCrawler/1.0; +https://velen.io)"
34.76.224.74 - - [24/Dec/2023:04:58:03 +0100] "GET /nightlight-shaped-swan-p-51770.html HTTP/1.0" 200 84299 "-" "Mozilla/5.0 (compatible; VelenPublicWebCrawler/1.0; +https://velen.io)"
34.76.224.74 - - [24/Dec/2023:04:58:10 +0100] "GET /bunny-nightlight-p-53122.html HTTP/1.0" 200 84597 "-" "Mozilla/5.0 (compatible; VelenPublicWebCrawler/1.0; +https://velen.io)"
216.244.66.242 - - [24/Dec/2023:04:58:17 +0100] "GET /robots.txt HTTP/1.0" 200 245 "-" "Mozilla/5.0 (compatible; DotBot/1.2; +https://opensiteexplorer.org/dotbot; help@moz.com)"
34.76.224.74 - - [24/Dec/2023:04:58:15 +0100] "GET /elephant-night-light-p-59657.html HTTP/1.0" 200 85368 "-" "Mozilla/5.0 (compatible; VelenPublicWebCrawler/1.0; +https://velen.io)"
34.76.224.74 - - [24/Dec/2023:04:58:20 +0100] "GET /gorilla-night-light-p-59656.html HTTP/1.0" 200 85348 "-" "Mozilla/5.0 (compatible; VelenPublicWebCrawler/1.0; +https://velen.io)"
