34.76.224.74 - - [24/Dec/2023:04:14:35 +0100] "GET /cotton-napkin-sold-individually-p-51265.html HTTP/1.0" 200 84429 "-" "Mozilla/5.0 (compatible; VelenPublicWebCrawler/1.0; +https://velen.io)"
34.76.224.74 - - [24/Dec/2023:04:14:40 +0100] "GET /cotton-napkin-sold-individually-p-51266.html HTTP/1.0" 200 84429 "-" "Mozilla/5.0 (compatible; VelenPublicWebCrawler/1.0; +https://velen.io)"
34.76.224.74 - - [24/Dec/2023:04:14:43 +0100] "GET /cotton-napkin-sold-individually-p-52106.html HTTP/1.0" 200 83789 "-" "Mozilla/5.0 (compatible; VelenPublicWebCrawler/1.0; +https://velen.io)"
34.76.224.74 - - [24/Dec/2023:04:14:49 +0100] "GET /cotton-napkin-sold-individually-p-52107.html HTTP/1.0" 200 83789 "-" "Mozilla/5.0 (compatible; VelenPublicWebCrawler/1.0; +https://velen.io)"
34.76.224.74 - - [24/Dec/2023:04:14:53 +0100] "GET /cotton-napkin-sold-individually-p-52108.html HTTP/1.0" 200 83788 "-" "Mozilla/5.0 (compatible; VelenPublicWebCrawler/1.0; +https://velen.io)"
34.76.224.74 - - [24/Dec/2023:04:14:57 +0100] "GET /green-kitchen-towel-p-44419.html HTTP/1.0" 200 83624 "-" "Mozilla/5.0 (compatible; VelenPublicWebCrawler/1.0; +https://velen.io)"
54.36.148.118 - - [24/Dec/2023:04:14:58 +0100] "GET /household-linen-c-11.html?page=42 HTTP/1.0" 200 103777 "-" "Mozilla/5.0 (compatible; AhrefsBot/7.0; +http://ahrefs.com/robot/)"
34.76.224.74 - - [24/Dec/2023:04:15:00 +0100] "GET /kitchen-towel-blue-p-54115.html HTTP/1.0" 200 83625 "-" "Mozilla/5.0 (compatible; VelenPublicWebCrawler/1.0; +https://velen.io)"
34.76.224.74 - - [24/Dec/2023:04:15:03 +0100] "GET /rectangular-kitchen-towel-cotton-aoli-p-51354.html HTTP/1.0" 200 83774 "-" "Mozilla/5.0 (compatible; VelenPublicWebCrawler/1.0; +https://velen.io)"
34.76.224.74 - - [24/Dec/2023:04:15:08 +0100] "GET /chactus-potholder-p-54729.html HTTP/1.0" 200 83610 "-" "Mozilla/5.0 (compatible; VelenPublicWebCrawler/1.0; +https://velen.io)"
34.76.224.74 - - [24/Dec/2023:04:15:12 +0100] "GET /camargue-potholder-p-43820.html HTTP/1.0" 200 83644 "-" "Mozilla/5.0 (compatible; VelenPublicWebCrawler/1.0; +https://velen.io)"
34.76.224.74 - - [24/Dec/2023:04:15:16 +0100] "GET /gaston-potholder-camargua-collection-p-54748.html HTTP/1.0" 200 83753 "-" "Mozilla/5.0 (compatible; VelenPublicWebCrawler/1.0; +https://velen.io)"
34.76.224.74 - - [24/Dec/2023:04:15:20 +0100] "GET /purple-kitchen-towel-p-44417.html HTTP/1.0" 200 83629 "-" "Mozilla/5.0 (compatible; VelenPublicWebCrawler/1.0; +https://velen.io)"
34.76.224.74 - - [24/Dec/2023:04:15:24 +0100] "GET /york-gotham-cushion-p-28720.html HTTP/1.0" 200 83958 "-" "Mozilla/5.0 (compatible; VelenPublicWebCrawler/1.0; +https://velen.io)"
34.76.224.74 - - [24/Dec/2023:04:15:29 +0100] "GET /york-gotham-cushion-p-28722.html HTTP/1.0" 200 83940 "-" "Mozilla/5.0 (compatible; VelenPublicWebCrawler/1.0; +https://velen.io)"
34.76.224.74 - - [24/Dec/2023:04:15:34 +0100] "GET /white-kitchen-towel-p-38795.html HTTP/1.0" 200 83643 "-" "Mozilla/5.0 (compatible; VelenPublicWebCrawler/1.0; +https://velen.io)"
34.76.224.74 - - [24/Dec/2023:04:15:38 +0100] "GET /assorted-napkins-linen-ecru-p-58175.html HTTP/1.0" 200 84678 "-" "Mozilla/5.0 (compatible; VelenPublicWebCrawler/1.0; +https://velen.io)"
34.76.224.74 - - [24/Dec/2023:04:15:42 +0100] "GET /provence-potholder-p-51446.html HTTP/1.0" 200 83649 "-" "Mozilla/5.0 (compatible; VelenPublicWebCrawler/1.0; +https://velen.io)"
34.76.224.74 - - [24/Dec/2023:04:15:46 +0100] "GET /bolster-case-apple-green-p-36586.html HTTP/1.0" 200 83910 "-" "Mozilla/5.0 (compatible; VelenPublicWebCrawler/1.0; +https://velen.io)"
34.76.224.74 - - [24/Dec/2023:04:15:50 +0100] "GET /bolster-case-black-p-34840.html HTTP/1.0" 200 83853 "-" "Mozilla/5.0 (compatible; VelenPublicWebCrawler/1.0; +https://velen.io)"
34.76.224.74 - - [24/Dec/2023:04:15:53 +0100] "GET /bolster-case-blue-jean-p-41569.html HTTP/1.0" 200 83887 "-" "Mozilla/5.0 (compatible; VelenPublicWebCrawler/1.0; +https://velen.io)"
34.76.224.74 - - [24/Dec/2023:04:15:57 +0100] "GET /bolster-case-brown-p-36587.html HTTP/1.0" 200 83860 "-" "Mozilla/5.0 (compatible; VelenPublicWebCrawler/1.0; +https://velen.io)"
34.76.224.74 - - [24/Dec/2023:04:16:00 +0100] "GET /bolster-case-brown-p-55448.html HTTP/1.0" 200 84519 "-" "Mozilla/5.0 (compatible; VelenPublicWebCrawler/1.0; +https://velen.io)"
54.36.149.52 - - [24/Dec/2023:04:16:02 +0100] "GET /bracelets-c-3_200.html?page=3 HTTP/1.0" 200 102425 "-" "Mozilla/5.0 (compatible; AhrefsBot/7.0; +http://ahrefs.com/robot/)"
51.68.224.127 - - [24/Dec/2023:04:16:05 +0100] "GET /adminweb/export_orders_xml.php?token=256de2z6edz6ed2z6DFSFsed2zed6zeDSFDSGdzedezfzf&maxorders=10&orderstart=1&status=14&start_date=2018-10-01 HTTP/1.0" 200 285 "-" "GesCom CharlotteBoutik Serveur"
34.76.224.74 - - [24/Dec/2023:04:16:04 +0100] "GET /bolster-case-grey-p-34838.html HTTP/1.0" 200 83845 "-" "Mozilla/5.0 (compatible; VelenPublicWebCrawler/1.0; +https://velen.io)"
51.68.224.127 - - [24/Dec/2023:04:16:06 +0100] "GET /adminweb/export_orders_xml.php?token=256de2z6edz6ed2z6DFSFsed2zed6zeDSFDSGdzedezfzf&maxorders=10&orderstart=1&status=6&start_date=2018-10-01 HTTP/1.0" 200 34422 "-" "GesCom CharlotteBoutik Serveur"
34.76.224.74 - - [24/Dec/2023:04:16:08 +0100] "GET /bolster-case-grey-p-36588.html HTTP/1.0" 200 83852 "-" "Mozilla/5.0 (compatible; VelenPublicWebCrawler/1.0; +https://velen.io)"
34.76.224.74 - - [24/Dec/2023:04:16:11 +0100] "GET /bolster-case-green-blue-p-43618.html HTTP/1.0" 200 83860 "-" "Mozilla/5.0 (compatible; VelenPublicWebCrawler/1.0; +https://velen.io)"
34.76.224.74 - - [24/Dec/2023:04:16:14 +0100] "GET /bolster-case-color-p-41302.html HTTP/1.0" 200 83877 "-" "Mozilla/5.0 (compatible; VelenPublicWebCrawler/1.0; +https://velen.io)"
34.76.224.74 - - [24/Dec/2023:04:16:19 +0100] "GET /bolster-case-pink-p-33867.html HTTP/1.0" 200 84466 "-" "Mozilla/5.0 (compatible; VelenPublicWebCrawler/1.0; +https://velen.io)"
34.76.224.74 - - [24/Dec/2023:04:16:23 +0100] "GET /bolster-case-raspberry-p-39029.html HTTP/1.0" 200 83897 "-" "Mozilla/5.0 (compatible; VelenPublicWebCrawler/1.0; +https://velen.io)"
34.76.224.74 - - [24/Dec/2023:04:16:27 +0100] "GET /bolster-case-light-grey-p-35967.html HTTP/1.0" 200 83894 "-" "Mozilla/5.0 (compatible; VelenPublicWebCrawler/1.0; +https://velen.io)"
34.76.224.74 - - [24/Dec/2023:04:16:30 +0100] "GET /bolster-case-p-36450.html HTTP/1.0" 200 83830 "-" "Mozilla/5.0 (compatible; VelenPublicWebCrawler/1.0; +https://velen.io)"
34.76.224.74 - - [24/Dec/2023:04:16:33 +0100] "GET /bolster-case-yellow-p-55446.html HTTP/1.0" 200 84530 "-" "Mozilla/5.0 (compatible; VelenPublicWebCrawler/1.0; +https://velen.io)"
14.137.135.132 - - [24/Dec/2023:04:16:35 +0100] "GET /images/mini_prod/3520071365336.jpg HTTP/1.0" 200 269 "-" "Mozilla/5.0 (X11; Ubuntu; Linux x86_64; rv:72.0) Gecko/20100101 Firefox/72.0"
34.76.224.74 - - [24/Dec/2023:04:16:37 +0100] "GET /bolster-case-white-p-46742.html HTTP/1.0" 200 84475 "-" "Mozilla/5.0 (compatible; VelenPublicWebCrawler/1.0; +https://velen.io)"
34.76.224.74 - - [24/Dec/2023:04:16:41 +0100] "GET /bolster-case-white-p-59884.html HTTP/1.0" 200 84470 "-" "Mozilla/5.0 (compatible; VelenPublicWebCrawler/1.0; +https://velen.io)"
34.76.224.74 - - [24/Dec/2023:04:16:45 +0100] "GET /bolster-case-cotton-percale-threads-p-43859.html HTTP/1.0" 200 84558 "-" "Mozilla/5.0 (compatible; VelenPublicWebCrawler/1.0; +https://velen.io)"
34.76.224.74 - - [24/Dec/2023:04:16:48 +0100] "GET /bolster-case-cotton-percale-threads-p-43860.html HTTP/1.0" 200 84560 "-" "Mozilla/5.0 (compatible; VelenPublicWebCrawler/1.0; +https://velen.io)"
34.76.224.74 - - [24/Dec/2023:04:16:52 +0100] "GET /bolster-case-cotton-percale-threads-p-43862.html HTTP/1.0" 200 84560 "-" "Mozilla/5.0 (compatible; VelenPublicWebCrawler/1.0; +https://velen.io)"
34.76.224.74 - - [24/Dec/2023:04:16:56 +0100] "GET /bolster-case-cotton-percale-threads-p-43863.html HTTP/1.0" 200 84560 "-" "Mozilla/5.0 (compatible; VelenPublicWebCrawler/1.0; +https://velen.io)"
34.76.224.74 - - [24/Dec/2023:04:16:59 +0100] "GET /protects-plastic-mattress-p-39028.html HTTP/1.0" 200 84384 "-" "Mozilla/5.0 (compatible; VelenPublicWebCrawler/1.0; +https://velen.io)"
34.76.224.74 - - [24/Dec/2023:04:17:03 +0100] "GET /protects-mattress-fleece-cotton-p-39147.html HTTP/1.0" 200 84421 "-" "Mozilla/5.0 (compatible; VelenPublicWebCrawler/1.0; +https://velen.io)"
54.36.148.14 - - [24/Dec/2023:04:17:04 +0100] "GET /mister-men-long-sleeve-shirt-p-31041.html HTTP/1.0" 301 84887 "-" "Mozilla/5.0 (compatible; AhrefsBot/7.0; +http://ahrefs.com/robot/)"
34.76.224.74 - - [24/Dec/2023:04:17:07 +0100] "GET /protects-mattress-fleece-cotton-p-43570.html HTTP/1.0" 200 83784 "-" "Mozilla/5.0 (compatible; VelenPublicWebCrawler/1.0; +https://velen.io)"
54.36.148.218 - - [24/Dec/2023:04:17:10 +0100] "GET /placemat-bonne-franquette-p-61513.html HTTP/1.0" 200 84279 "-" "Mozilla/5.0 (compatible; AhrefsBot/7.0; +http://ahrefs.com/robot/)"
34.76.224.74 - - [24/Dec/2023:04:17:10 +0100] "GET /cotton-mattress-boil-p-48988.html HTTP/1.0" 200 83815 "-" "Mozilla/5.0 (compatible; VelenPublicWebCrawler/1.0; +https://velen.io)"
54.36.148.55 - - [24/Dec/2023:04:17:14 +0100] "GET /images/big_prod/3700281697490.jpg HTTP/1.0" 200 268 "-" "Mozilla/5.0 (compatible; AhrefsBot/7.0; +http://ahrefs.com/robot/)"
54.36.149.107 - - [24/Dec/2023:04:17:14 +0100] "GET /images/big_prod_1/3700281697490a.jpg HTTP/1.0" 200 271 "-" "Mozilla/5.0 (compatible; AhrefsBot/7.0; +http://ahrefs.com/robot/)"
34.76.224.74 - - [24/Dec/2023:04:17:13 +0100] "GET /cotton-mattress-anti-dust-mite-p-48991.html HTTP/1.0" 200 83846 "-" "Mozilla/5.0 (compatible; VelenPublicWebCrawler/1.0; +https://velen.io)"
34.76.224.74 - - [24/Dec/2023:04:17:17 +0100] "GET /protects-plastic-mattress-p-44346.html HTTP/1.0" 200 83757 "-" "Mozilla/5.0 (compatible; VelenPublicWebCrawler/1.0; +https://velen.io)"
34.76.224.74 - - [24/Dec/2023:04:17:20 +0100] "GET /protects-mattress-fleece-cotton-p-39148.html HTTP/1.0" 200 84432 "-" "Mozilla/5.0 (compatible; VelenPublicWebCrawler/1.0; +https://velen.io)"
34.76.224.74 - - [24/Dec/2023:04:17:24 +0100] "GET /cotton-mattress-range-p-49440.html HTTP/1.0" 200 83823 "-" "Mozilla/5.0 (compatible; VelenPublicWebCrawler/1.0; +https://velen.io)"
34.76.224.74 - - [24/Dec/2023:04:17:27 +0100] "GET /protects-plastic-mattress-p-36798.html HTTP/1.0" 200 83810 "-" "Mozilla/5.0 (compatible; VelenPublicWebCrawler/1.0; +https://velen.io)"
85.208.96.199 - - [24/Dec/2023:04:17:28 +0100] "GET /weapon-mtal-keyring-five-seven-p-31989.html HTTP/1.0" 200 83733 "-" "Mozilla/5.0 (compatible; SemrushBot/7~bl; +http://www.semrush.com/bot.html)"
34.76.224.74 - - [24/Dec/2023:04:17:31 +0100] "GET /protects-plastic-mattress-p-36799.html HTTP/1.0" 200 83809 "-" "Mozilla/5.0 (compatible; VelenPublicWebCrawler/1.0; +https://velen.io)"
34.76.224.74 - - [24/Dec/2023:04:17:34 +0100] "GET /protects-plastic-mattress-p-36800.html HTTP/1.0" 200 83803 "-" "Mozilla/5.0 (compatible; VelenPublicWebCrawler/1.0; +https://velen.io)"
34.76.224.74 - - [24/Dec/2023:04:17:37 +0100] "GET /protects-plastic-mattress-p-47773.html HTTP/1.0" 200 83797 "-" "Mozilla/5.0 (compatible; VelenPublicWebCrawler/1.0; +https://velen.io)"
34.76.224.74 - - [24/Dec/2023:04:17:41 +0100] "GET /protects-plastic-mattress-p-55453.html HTTP/1.0" 200 83797 "-" "Mozilla/5.0 (compatible; VelenPublicWebCrawler/1.0; +https://velen.io)"
34.76.224.74 - - [24/Dec/2023:04:17:44 +0100] "GET /protects-mattress-fleece-cotton-p-39149.html HTTP/1.0" 200 84668 "-" "Mozilla/5.0 (compatible; VelenPublicWebCrawler/1.0; +https://velen.io)"
34.76.224.74 - - [24/Dec/2023:04:17:48 +0100] "GET /protects-mattress-fleece-cotton-p-54902.html HTTP/1.0" 200 83797 "-" "Mozilla/5.0 (compatible; VelenPublicWebCrawler/1.0; +https://velen.io)"
34.76.224.74 - - [24/Dec/2023:04:17:51 +0100] "GET /waterproof-polyester-mattress-protector-p-49341.html HTTP/1.0" 200 83863 "-" "Mozilla/5.0 (compatible; VelenPublicWebCrawler/1.0; +https://velen.io)"
34.76.224.74 - - [24/Dec/2023:04:17:54 +0100] "GET /protects-mattress-fleece-p-52145.html HTTP/1.0" 200 83939 "-" "Mozilla/5.0 (compatible; VelenPublicWebCrawler/1.0; +https://velen.io)"
34.76.224.74 - - [24/Dec/2023:04:17:58 +0100] "GET /softy-cotton-fleece-mattress-p-54411.html HTTP/1.0" 200 83866 "-" "Mozilla/5.0 (compatible; VelenPublicWebCrawler/1.0; +https://velen.io)"
34.76.224.74 - - [24/Dec/2023:04:18:02 +0100] "GET /softy-cotton-fleece-mattress-p-56954.html HTTP/1.0" 200 83866 "-" "Mozilla/5.0 (compatible; VelenPublicWebCrawler/1.0; +https://velen.io)"
34.76.224.74 - - [24/Dec/2023:04:18:05 +0100] "GET /softy-cotton-fleece-mattress-p-56955.html HTTP/1.0" 200 83866 "-" "Mozilla/5.0 (compatible; VelenPublicWebCrawler/1.0; +https://velen.io)"
34.76.224.74 - - [24/Dec/2023:04:18:09 +0100] "GET /sixtine-plaid-p-51299.html HTTP/1.0" 200 84321 "-" "Mozilla/5.0 (compatible; VelenPublicWebCrawler/1.0; +https://velen.io)"
34.76.224.74 - - [24/Dec/2023:04:18:12 +0100] "GET /boutis-bedspread-pillowcases-bamako-p-60420.html HTTP/1.0" 200 84692 "-" "Mozilla/5.0 (compatible; VelenPublicWebCrawler/1.0; +https://velen.io)"
54.36.148.96 - - [24/Dec/2023:04:18:16 +0100] "GET /bracelets-c-3_200.html?page=5 HTTP/1.0" 200 97534 "-" "Mozilla/5.0 (compatible; AhrefsBot/7.0; +http://ahrefs.com/robot/)"
34.76.224.74 - - [24/Dec/2023:04:18:18 +0100] "GET /boutis-bedspread-pillowcases-cynthia-p-60290.html HTTP/1.0" 200 84938 "-" "Mozilla/5.0 (compatible; VelenPublicWebCrawler/1.0; +https://velen.io)"
34.76.224.74 - - [24/Dec/2023:04:18:22 +0100] "GET /boutis-bedspread-pillowcases-cynthia-p-60291.html HTTP/1.0" 200 84938 "-" "Mozilla/5.0 (compatible; VelenPublicWebCrawler/1.0; +https://velen.io)"
34.76.224.74 - - [24/Dec/2023:04:18:25 +0100] "GET /boutis-bedspread-pillowcases-cynthia-p-60292.html HTTP/1.0" 200 84938 "-" "Mozilla/5.0 (compatible; VelenPublicWebCrawler/1.0; +https://velen.io)"
34.76.224.74 - - [24/Dec/2023:04:18:29 +0100] "GET /boutis-bedspread-pillowcases-julianne-blue-p-60419.html HTTP/1.0" 200 84755 "-" "Mozilla/5.0 (compatible; VelenPublicWebCrawler/1.0; +https://velen.io)"
114.119.165.226 - - [24/Dec/2023:04:18:31 +0100] "GET /washed-dyed-cotton-tablecloth-pearl-p-55047.html HTTP/1.0" 200 81397 "http://www.wonder-geek.com/tablecloths-c-11_176.html?page=4" "Mozilla/5.0 (Linux; Android 7.0;) AppleWebKit/537.36 (KHTML, like Gecko) Mobile Safari/537.36 (compatible; PetalBot;+https://webmaster.petalsearch.com/site/petalbot)"
34.76.224.74 - - [24/Dec/2023:04:18:33 +0100] "GET /boutis-bedspread-pillowcases-arkansas-p-38894.html HTTP/1.0" 200 84949 "-" "Mozilla/5.0 (compatible; VelenPublicWebCrawler/1.0; +https://velen.io)"
34.76.224.74 - - [24/Dec/2023:04:18:37 +0100] "GET /boutis-bedspread-pillowcases-arkansas-p-39592.html HTTP/1.0" 200 84562 "-" "Mozilla/5.0 (compatible; VelenPublicWebCrawler/1.0; +https://velen.io)"
34.76.224.74 - - [24/Dec/2023:04:18:41 +0100] "GET /gipsy-lichen-bedspread-p-60887.html HTTP/1.0" 200 83983 "-" "Mozilla/5.0 (compatible; VelenPublicWebCrawler/1.0; +https://velen.io)"
34.76.224.74 - - [24/Dec/2023:04:18:45 +0100] "GET /grey-sherpa-ribbed-flannel-sofa-p-60092.html HTTP/1.0" 200 85507 "-" "Mozilla/5.0 (compatible; VelenPublicWebCrawler/1.0; +https://velen.io)"
34.76.224.74 - - [24/Dec/2023:04:18:48 +0100] "GET /vivace-bedspread-p-61211.html HTTP/1.0" 200 84291 "-" "Mozilla/5.0 (compatible; VelenPublicWebCrawler/1.0; +https://velen.io)"
34.76.224.74 - - [24/Dec/2023:04:18:52 +0100] "GET /vivace-bedspread-lichen-p-60576.html HTTP/1.0" 200 83726 "-" "Mozilla/5.0 (compatible; VelenPublicWebCrawler/1.0; +https://velen.io)"
34.76.224.74 - - [24/Dec/2023:04:18:55 +0100] "GET /beige-sherpa-ribbed-flannel-sofa-p-59927.html HTTP/1.0" 200 85277 "-" "Mozilla/5.0 (compatible; VelenPublicWebCrawler/1.0; +https://velen.io)"
34.76.224.74 - - [24/Dec/2023:04:18:59 +0100] "GET /gipsy-lichen-bedspread-p-60888.html HTTP/1.0" 200 83983 "-" "Mozilla/5.0 (compatible; VelenPublicWebCrawler/1.0; +https://velen.io)"
34.76.224.74 - - [24/Dec/2023:04:19:02 +0100] "GET /grey-sherpa-ribbed-flannel-sofa-p-60091.html HTTP/1.0" 200 85494 "-" "Mozilla/5.0 (compatible; VelenPublicWebCrawler/1.0; +https://velen.io)"
34.76.224.74 - - [24/Dec/2023:04:19:06 +0100] "GET /vivace-bedspread-tobacco-p-61209.html HTTP/1.0" 200 84540 "-" "Mozilla/5.0 (compatible; VelenPublicWebCrawler/1.0; +https://velen.io)"
52.167.144.167 - - [24/Dec/2023:04:19:07 +0100] "GET /tea-pot-c-12_175.html HTTP/1.0" 200 101453 "-" "Mozilla/5.0 AppleWebKit/537.36 (KHTML, like Gecko; compatible; bingbot/2.0; +http://www.bing.com/bingbot.htm) Chrome/116.0.1938.76 Safari/537.36"
34.76.224.74 - - [24/Dec/2023:04:19:09 +0100] "GET /vivace-bedspread-terracotta-p-60575.html HTTP/1.0" 200 84576 "-" "Mozilla/5.0 (compatible; VelenPublicWebCrawler/1.0; +https://velen.io)"
34.76.224.74 - - [24/Dec/2023:04:19:13 +0100] "GET /vivace-bedspread-terracotta-p-61208.html HTTP/1.0" 200 84576 "-" "Mozilla/5.0 (compatible; VelenPublicWebCrawler/1.0; +https://velen.io)"
34.76.224.74 - - [24/Dec/2023:04:19:16 +0100] "GET /vivace-bedspread-lichen-p-61207.html HTTP/1.0" 200 83726 "-" "Mozilla/5.0 (compatible; VelenPublicWebCrawler/1.0; +https://velen.io)"
54.36.149.21 - - [24/Dec/2023:04:19:17 +0100] "GET /placemat-bistrot-copains-p-61510.html HTTP/1.0" 200 84282 "-" "Mozilla/5.0 (compatible; AhrefsBot/7.0; +http://ahrefs.com/robot/)"
34.76.224.74 - - [24/Dec/2023:04:19:20 +0100] "GET /vivace-bedspread-thunderstorm-p-60578.html HTTP/1.0" 200 83774 "-" "Mozilla/5.0 (compatible; VelenPublicWebCrawler/1.0; +https://velen.io)"
114.119.160.138 - - [24/Dec/2023:04:19:23 +0100] "GET /set-cube-candle-holders-chakras-p-48358.html HTTP/1.0" 301 81467 "http://www.wonder-geek.com/fragrances-of-ambiance-c-231.html?page=33" "Mozilla/5.0 (Linux; Android 7.0;) AppleWebKit/537.36 (KHTML, like Gecko) Mobile Safari/537.36 (compatible; PetalBot;+https://webmaster.petalsearch.com/site/petalbot)"
54.36.148.201 - - [24/Dec/2023:04:19:25 +0100] "GET /images/big_prod/3700281697483.jpg HTTP/1.0" 200 268 "-" "Mozilla/5.0 (compatible; AhrefsBot/7.0; +http://ahrefs.com/robot/)"
34.76.224.74 - - [24/Dec/2023:04:19:24 +0100] "GET /mandala-bread-p-46538.html HTTP/1.0" 200 83659 "-" "Mozilla/5.0 (compatible; VelenPublicWebCrawler/1.0; +https://velen.io)"
54.36.148.78 - - [24/Dec/2023:04:19:25 +0100] "GET /images/big_prod_1/3700281697483a.jpg HTTP/1.0" 200 271 "-" "Mozilla/5.0 (compatible; AhrefsBot/7.0; +http://ahrefs.com/robot/)"
34.76.224.74 - - [24/Dec/2023:04:19:27 +0100] "GET /chickens-bread-p-45579.html HTTP/1.0" 200 83645 "-" "Mozilla/5.0 (compatible; VelenPublicWebCrawler/1.0; +https://velen.io)"
114.119.160.138 - - [24/Dec/2023:04:19:29 +0100] "GET /cube-candle-holders-chakras-p-48358.html HTTP/1.0" 200 81373 "http://www.wonder-geek.com/fragrances-of-ambiance-c-231.html?page=33" "Mozilla/5.0 (Linux; Android 7.0;) AppleWebKit/537.36 (KHTML, like Gecko) Mobile Safari/537.36 (compatible; PetalBot;+https://webmaster.petalsearch.com/site/petalbot)"
34.76.224.74 - - [24/Dec/2023:04:19:31 +0100] "GET /pastry-chef-cotton-kiub-p-60865.html HTTP/1.0" 200 84335 "-" "Mozilla/5.0 (compatible; VelenPublicWebCrawler/1.0; +https://velen.io)"
34.76.224.74 - - [24/Dec/2023:04:19:35 +0100] "GET /take-cake-irma-p-48106.html HTTP/1.0" 200 84451 "-" "Mozilla/5.0 (compatible; VelenPublicWebCrawler/1.0; +https://velen.io)"
54.36.149.67 - - [24/Dec/2023:04:19:36 +0100] "GET /tetsubin-beige-teapots-japanese-p-36406.html HTTP/1.0" 301 81330 "-" "Mozilla/5.0 (compatible; AhrefsBot/7.0; +http://ahrefs.com/robot/)"
34.76.224.74 - - [24/Dec/2023:04:19:38 +0100] "GET /take-cake-made-cuisine-p-48104.html HTTP/1.0" 200 84342 "-" "Mozilla/5.0 (compatible; VelenPublicWebCrawler/1.0; +https://velen.io)"
34.76.224.74 - - [24/Dec/2023:04:19:42 +0100] "GET /take-cake-chrie-party-p-48105.html HTTP/1.0" 200 84299 "-" "Mozilla/5.0 (compatible; VelenPublicWebCrawler/1.0; +https://velen.io)"
34.76.224.74 - - [24/Dec/2023:04:19:45 +0100] "GET /eucalyptus-bread-basket-p-59813.html HTTP/1.0" 200 84335 "-" "Mozilla/5.0 (compatible; VelenPublicWebCrawler/1.0; +https://velen.io)"
34.76.224.74 - - [24/Dec/2023:04:19:49 +0100] "GET /oriental-bread-basket-p-59811.html HTTP/1.0" 200 84315 "-" "Mozilla/5.0 (compatible; VelenPublicWebCrawler/1.0; +https://velen.io)"
34.76.224.74 - - [24/Dec/2023:04:19:53 +0100] "GET /roses-josephine-bread-basket-p-59812.html HTTP/1.0" 200 84385 "-" "Mozilla/5.0 (compatible; VelenPublicWebCrawler/1.0; +https://velen.io)"
34.76.224.74 - - [24/Dec/2023:04:19:56 +0100] "GET /eyelets-screen-curtain-grey-p-49319.html HTTP/1.0" 200 85831 "-" "Mozilla/5.0 (compatible; VelenPublicWebCrawler/1.0; +https://velen.io)"
34.76.224.74 - - [24/Dec/2023:04:20:00 +0100] "GET /eyelets-sheer-curtain-mona-white-p-58384.html HTTP/1.0" 200 84728 "-" "Mozilla/5.0 (compatible; VelenPublicWebCrawler/1.0; +https://velen.io)"
34.76.224.74 - - [24/Dec/2023:04:20:07 +0100] "GET /blackout-curtain-with-eyelets-p-60790.html HTTP/1.0" 200 84570 "-" "Mozilla/5.0 (compatible; VelenPublicWebCrawler/1.0; +https://velen.io)"
34.76.224.74 - - [24/Dec/2023:04:20:10 +0100] "GET /eyelets-screen-curtain-color-linen-p-46235.html HTTP/1.0" 200 86748 "-" "Mozilla/5.0 (compatible; VelenPublicWebCrawler/1.0; +https://velen.io)"
34.76.224.74 - - [24/Dec/2023:04:20:14 +0100] "GET /eyelets-screen-curtain-white-p-46236.html HTTP/1.0" 200 85854 "-" "Mozilla/5.0 (compatible; VelenPublicWebCrawler/1.0; +https://velen.io)"
114.119.133.158 - - [24/Dec/2023:04:20:14 +0100] "GET /lyon-isothermic-stainless-steel-bottle-by-cbkreation-p-50976.html HTTP/1.0" 301 83983 "http://www.wonder-geek.com/water-bottles-and-sport-bottles-c-12_161.html?page=6" "Mozilla/5.0 (Linux; Android 7.0;) AppleWebKit/537.36 (KHTML, like Gecko) Mobile Safari/537.36 (compatible; PetalBot;+https://webmaster.petalsearch.com/site/petalbot)"
34.76.224.74 - - [24/Dec/2023:04:20:17 +0100] "GET /eyelet-curtain-p-52381.html HTTP/1.0" 200 85807 "-" "Mozilla/5.0 (compatible; VelenPublicWebCrawler/1.0; +https://velen.io)"
114.119.133.158 - - [24/Dec/2023:04:20:19 +0100] "GET /lyon-isothermic-stainless-steel-bottle-cbkreation-p-50976.html HTTP/1.0" 200 83867 "http://www.wonder-geek.com/water-bottles-and-sport-bottles-c-12_161.html?page=6" "Mozilla/5.0 (Linux; Android 7.0;) AppleWebKit/537.36 (KHTML, like Gecko) Mobile Safari/537.36 (compatible; PetalBot;+https://webmaster.petalsearch.com/site/petalbot)"
54.36.149.11 - - [24/Dec/2023:04:20:20 +0100] "GET /quality-agate-shiva-elastic-bracelet-p-61518.html HTTP/1.0" 200 84033 "-" "Mozilla/5.0 (compatible; AhrefsBot/7.0; +http://ahrefs.com/robot/)"
34.76.224.74 - - [24/Dec/2023:04:20:21 +0100] "GET /eyelet-curtain-p-52384.html HTTP/1.0" 200 85807 "-" "Mozilla/5.0 (compatible; VelenPublicWebCrawler/1.0; +https://velen.io)"
54.36.148.93 - - [24/Dec/2023:04:20:24 +0100] "GET /images/big_prod/8718657463445.jpg HTTP/1.0" 200 268 "-" "Mozilla/5.0 (compatible; AhrefsBot/7.0; +http://ahrefs.com/robot/)"
34.76.224.74 - - [24/Dec/2023:04:20:26 +0100] "GET /beige-eyelet-curtain-p-39036.html HTTP/1.0" 200 85855 "-" "Mozilla/5.0 (compatible; VelenPublicWebCrawler/1.0; +https://velen.io)"
34.76.224.74 - - [24/Dec/2023:04:20:29 +0100] "GET /eyelet-curtain-p-52355.html HTTP/1.0" 200 86414 "-" "Mozilla/5.0 (compatible; VelenPublicWebCrawler/1.0; +https://velen.io)"
34.76.224.74 - - [24/Dec/2023:04:20:32 +0100] "GET /eyelet-curtain-p-52356.html HTTP/1.0" 200 85807 "-" "Mozilla/5.0 (compatible; VelenPublicWebCrawler/1.0; +https://velen.io)"
34.76.224.74 - - [24/Dec/2023:04:20:36 +0100] "GET /eyelet-curtain-p-52380.html HTTP/1.0" 200 86414 "-" "Mozilla/5.0 (compatible; VelenPublicWebCrawler/1.0; +https://velen.io)"
34.76.224.74 - - [24/Dec/2023:04:20:40 +0100] "GET /eyelet-curtain-p-52357.html HTTP/1.0" 200 85807 "-" "Mozilla/5.0 (compatible; VelenPublicWebCrawler/1.0; +https://velen.io)"
34.76.224.74 - - [24/Dec/2023:04:20:43 +0100] "GET /eyelet-curtain-p-52382.html HTTP/1.0" 200 85807 "-" "Mozilla/5.0 (compatible; VelenPublicWebCrawler/1.0; +https://velen.io)"
34.76.224.74 - - [24/Dec/2023:04:20:47 +0100] "GET /eyelet-curtain-p-52387.html HTTP/1.0" 200 86414 "-" "Mozilla/5.0 (compatible; VelenPublicWebCrawler/1.0; +https://velen.io)"
34.76.224.74 - - [24/Dec/2023:04:20:51 +0100] "GET /grey-eyelet-curtain-p-39034.html HTTP/1.0" 200 85847 "-" "Mozilla/5.0 (compatible; VelenPublicWebCrawler/1.0; +https://velen.io)"
34.76.224.74 - - [24/Dec/2023:04:20:54 +0100] "GET /japandi-white-eyelet-curtain-p-59774.html HTTP/1.0" 200 84677 "-" "Mozilla/5.0 (compatible; VelenPublicWebCrawler/1.0; +https://velen.io)"
34.76.224.74 - - [24/Dec/2023:04:20:57 +0100] "GET /blue-color-eyelet-curtain-p-55434.html HTTP/1.0" 200 86526 "-" "Mozilla/5.0 (compatible; VelenPublicWebCrawler/1.0; +https://velen.io)"
34.76.224.74 - - [24/Dec/2023:04:21:01 +0100] "GET /curtain-eyelets-blue-p-35311.html HTTP/1.0" 200 86577 "-" "Mozilla/5.0 (compatible; VelenPublicWebCrawler/1.0; +https://velen.io)"
34.76.224.74 - - [24/Dec/2023:04:21:05 +0100] "GET /curtain-eyelets-yellow-p-49126.html HTTP/1.0" 200 85958 "-" "Mozilla/5.0 (compatible; VelenPublicWebCrawler/1.0; +https://velen.io)"
34.76.224.74 - - [24/Dec/2023:04:21:10 +0100] "GET /color-eyelet-curtain-p-39037.html HTTP/1.0" 200 85879 "-" "Mozilla/5.0 (compatible; VelenPublicWebCrawler/1.0; +https://velen.io)"
34.76.224.74 - - [24/Dec/2023:04:21:13 +0100] "GET /cushion-cover-boho-p-49957.html HTTP/1.0" 200 83892 "-" "Mozilla/5.0 (compatible; VelenPublicWebCrawler/1.0; +https://velen.io)"
34.76.224.74 - - [24/Dec/2023:04:21:17 +0100] "GET /cushion-cover-cacatoeas-p-52019.html HTTP/1.0" 200 84533 "-" "Mozilla/5.0 (compatible; VelenPublicWebCrawler/1.0; +https://velen.io)"
34.76.224.74 - - [24/Dec/2023:04:21:20 +0100] "GET /cushion-cover-cement-tiles-p-49958.html HTTP/1.0" 200 84566 "-" "Mozilla/5.0 (compatible; VelenPublicWebCrawler/1.0; +https://velen.io)"
34.76.224.74 - - [24/Dec/2023:04:21:24 +0100] "GET /cushion-cover-cement-tiles-p-56313.html HTTP/1.0" 200 84553 "-" "Mozilla/5.0 (compatible; VelenPublicWebCrawler/1.0; +https://velen.io)"
34.76.224.74 - - [24/Dec/2023:04:21:27 +0100] "GET /cushion-cover-cement-tiles-p-56314.html HTTP/1.0" 200 84552 "-" "Mozilla/5.0 (compatible; VelenPublicWebCrawler/1.0; +https://velen.io)"
54.36.148.179 - - [24/Dec/2023:04:21:28 +0100] "GET /placemat-comptoir-bons-vivants-p-61507.html HTTP/1.0" 200 84324 "-" "Mozilla/5.0 (compatible; AhrefsBot/7.0; +http://ahrefs.com/robot/)"
34.76.224.74 - - [24/Dec/2023:04:21:31 +0100] "GET /cushion-cover-cement-tiles-p-56315.html HTTP/1.0" 200 84563 "-" "Mozilla/5.0 (compatible; VelenPublicWebCrawler/1.0; +https://velen.io)"
54.36.148.44 - - [24/Dec/2023:04:21:34 +0100] "GET /images/big_prod_1/3700281697476a.jpg HTTP/1.0" 200 271 "-" "Mozilla/5.0 (compatible; AhrefsBot/7.0; +http://ahrefs.com/robot/)"
54.36.149.44 - - [24/Dec/2023:04:21:34 +0100] "GET /images/big_prod/3700281697476.jpg HTTP/1.0" 200 268 "-" "Mozilla/5.0 (compatible; AhrefsBot/7.0; +http://ahrefs.com/robot/)"
34.76.224.74 - - [24/Dec/2023:04:21:35 +0100] "GET /cushion-cover-ecru-p-43147.html HTTP/1.0" 200 84576 "-" "Mozilla/5.0 (compatible; VelenPublicWebCrawler/1.0; +https://velen.io)"
34.76.224.74 - - [24/Dec/2023:04:21:39 +0100] "GET /cushion-cover-ethnik-p-49952.html HTTP/1.0" 200 84523 "-" "Mozilla/5.0 (compatible; VelenPublicWebCrawler/1.0; +https://velen.io)"
34.76.224.74 - - [24/Dec/2023:04:21:43 +0100] "GET /cushion-cover-leaf-p-52020.html HTTP/1.0" 200 84498 "-" "Mozilla/5.0 (compatible; VelenPublicWebCrawler/1.0; +https://velen.io)"
65.109.158.125 - - [24/Dec/2023:04:21:42 +0100] "GET /-c-95_305.html HTTP/1.0" 500 66243 "-" "Mozilla/5.0 (Macintosh; Intel Mac OS X 10_15_7) AppleWebKit/537.36 (KHTML, like Gecko) Chrome/104.0.0.0 Safari/537.36"
34.76.224.74 - - [24/Dec/2023:04:21:46 +0100] "GET /cushion-cover-toucan-p-51899.html HTTP/1.0" 200 84512 "-" "Mozilla/5.0 (compatible; VelenPublicWebCrawler/1.0; +https://velen.io)"
34.76.224.74 - - [24/Dec/2023:04:21:49 +0100] "GET /cushion-cover-flamingos-p-55153.html HTTP/1.0" 200 84531 "-" "Mozilla/5.0 (compatible; VelenPublicWebCrawler/1.0; +https://velen.io)"
34.76.224.74 - - [24/Dec/2023:04:21:53 +0100] "GET /sheep-cushion-cover-p-59580.html HTTP/1.0" 200 84804 "-" "Mozilla/5.0 (compatible; VelenPublicWebCrawler/1.0; +https://velen.io)"
34.76.224.74 - - [24/Dec/2023:04:21:56 +0100] "GET /white-sheep-cushion-cover-p-59579.html HTTP/1.0" 200 84875 "-" "Mozilla/5.0 (compatible; VelenPublicWebCrawler/1.0; +https://velen.io)"
65.109.158.125 - - [24/Dec/2023:04:21:56 +0100] "GET /corkscrew-bottle-opener-sommelier-c-12_213.html HTTP/1.0" 500 66485 "-" "Mozilla/5.0 (Macintosh; Intel Mac OS X 10_15_7) AppleWebKit/537.36 (KHTML, like Gecko) Chrome/104.0.0.0 Safari/537.36"
34.76.224.74 - - [24/Dec/2023:04:22:00 +0100] "GET /cushion-cover-p-43616.html HTTP/1.0" 200 84421 "-" "Mozilla/5.0 (compatible; VelenPublicWebCrawler/1.0; +https://velen.io)"
34.76.224.74 - - [24/Dec/2023:04:22:03 +0100] "GET /cushion-cover-p-52123.html HTTP/1.0" 200 83839 "-" "Mozilla/5.0 (compatible; VelenPublicWebCrawler/1.0; +https://velen.io)"
34.76.224.74 - - [24/Dec/2023:04:22:06 +0100] "GET /pure-washed-linen-cushion-cover-p-54385.html HTTP/1.0" 200 84940 "-" "Mozilla/5.0 (compatible; VelenPublicWebCrawler/1.0; +https://velen.io)"
34.76.224.74 - - [24/Dec/2023:04:22:10 +0100] "GET /pure-washed-linen-cushion-cover-p-54379.html HTTP/1.0" 200 84938 "-" "Mozilla/5.0 (compatible; VelenPublicWebCrawler/1.0; +https://velen.io)"
65.109.158.125 - - [24/Dec/2023:04:22:13 +0100] "GET /-c-95_300.html HTTP/1.0" 500 66243 "-" "Mozilla/5.0 (Macintosh; Intel Mac OS X 10_15_7) AppleWebKit/537.36 (KHTML, like Gecko) Chrome/104.0.0.0 Safari/537.36"
34.76.224.74 - - [24/Dec/2023:04:22:14 +0100] "GET /pure-washed-linen-cushion-cover-p-54386.html HTTP/1.0" 200 84938 "-" "Mozilla/5.0 (compatible; VelenPublicWebCrawler/1.0; +https://velen.io)"
34.76.224.74 - - [24/Dec/2023:04:22:17 +0100] "GET /pure-washed-linen-cushion-cover-p-54387.html HTTP/1.0" 200 84938 "-" "Mozilla/5.0 (compatible; VelenPublicWebCrawler/1.0; +https://velen.io)"
34.76.224.74 - - [24/Dec/2023:04:22:21 +0100] "GET /headrest-cushion-p-51959.html HTTP/1.0" 200 84434 "-" "Mozilla/5.0 (compatible; VelenPublicWebCrawler/1.0; +https://velen.io)"
114.119.137.28 - - [24/Dec/2023:04:22:24 +0100] "GET /images/big_prod_2/8712159186826a.jpg HTTP/1.0" 200 271 "http://www.wonder-geek.com/wooden-rocking-horse-fine-bone-china-p-61355.html" "Mozilla/5.0 (Linux; Android 7.0;) AppleWebKit/537.36 (KHTML, like Gecko) Mobile Safari/537.36 (compatible; PetalBot;+https://webmaster.petalsearch.com/site/petalbot)"
34.76.224.74 - - [24/Dec/2023:04:22:25 +0100] "GET /gormiti-cushion-p-6320.html HTTP/1.0" 200 83908 "-" "Mozilla/5.0 (compatible; VelenPublicWebCrawler/1.0; +https://velen.io)"
65.109.158.125 - - [24/Dec/2023:04:22:26 +0100] "GET /water-bottles-heaters-c-13_288.html HTTP/1.0" 500 66435 "-" "Mozilla/5.0 (Macintosh; Intel Mac OS X 10_15_7) AppleWebKit/537.36 (KHTML, like Gecko) Chrome/104.0.0.0 Safari/537.36"
54.36.149.41 - - [24/Dec/2023:04:22:29 +0100] "GET /gray-polyester-round-chair-cushion-p-43895.html HTTP/1.0" 200 84368 "-" "Mozilla/5.0 (compatible; AhrefsBot/7.0; +http://ahrefs.com/robot/)"
34.76.224.74 - - [24/Dec/2023:04:22:29 +0100] "GET /gothic-lolita-white-cushion-p-22188.html HTTP/1.0" 200 83941 "-" "Mozilla/5.0 (compatible; VelenPublicWebCrawler/1.0; +https://velen.io)"
34.76.224.74 - - [24/Dec/2023:04:22:33 +0100] "GET /emoticon-cushion-emoji-p-42821.html HTTP/1.0" 200 83906 "-" "Mozilla/5.0 (compatible; VelenPublicWebCrawler/1.0; +https://velen.io)"
34.76.224.74 - - [24/Dec/2023:04:22:37 +0100] "GET /emoticon-cushion-emoji-p-42822.html HTTP/1.0" 200 83906 "-" "Mozilla/5.0 (compatible; VelenPublicWebCrawler/1.0; +https://velen.io)"
34.76.224.74 - - [24/Dec/2023:04:22:40 +0100] "GET /removable-cushion-polar-fleece-p-57908.html HTTP/1.0" 200 84605 "-" "Mozilla/5.0 (compatible; VelenPublicWebCrawler/1.0; +https://velen.io)"
65.109.158.125 - - [24/Dec/2023:04:22:41 +0100] "GET /placemats-c-12_156.html HTTP/1.0" 500 66309 "-" "Mozilla/5.0 (Macintosh; Intel Mac OS X 10_15_7) AppleWebKit/537.36 (KHTML, like Gecko) Chrome/104.0.0.0 Safari/537.36"
34.76.224.74 - - [24/Dec/2023:04:22:43 +0100] "GET /emoticon-cushion-emoji-p-42824.html HTTP/1.0" 200 83906 "-" "Mozilla/5.0 (compatible; VelenPublicWebCrawler/1.0; +https://velen.io)"
34.76.224.74 - - [24/Dec/2023:04:22:48 +0100] "GET /aigle-cushion-p-33033.html HTTP/1.0" 200 83742 "-" "Mozilla/5.0 (compatible; VelenPublicWebCrawler/1.0; +https://velen.io)"
34.76.224.74 - - [24/Dec/2023:04:22:51 +0100] "GET /bison-girly-cushion-p-28714.html HTTP/1.0" 200 83766 "-" "Mozilla/5.0 (compatible; VelenPublicWebCrawler/1.0; +https://velen.io)"
34.76.224.74 - - [24/Dec/2023:04:22:56 +0100] "GET /dalmatian-cushion-p-40177.html HTTP/1.0" 200 83748 "-" "Mozilla/5.0 (compatible; VelenPublicWebCrawler/1.0; +https://velen.io)"
65.109.158.125 - - [24/Dec/2023:04:22:57 +0100] "GET /kitchen-c-11_269_319.html HTTP/1.0" 500 66441 "-" "Mozilla/5.0 (Macintosh; Intel Mac OS X 10_15_7) AppleWebKit/537.36 (KHTML, like Gecko) Chrome/104.0.0.0 Safari/537.36"
34.76.224.74 - - [24/Dec/2023:04:23:00 +0100] "GET /green-cushion-p-36804.html HTTP/1.0" 200 83724 "-" "Mozilla/5.0 (compatible; VelenPublicWebCrawler/1.0; +https://velen.io)"
34.76.224.74 - - [24/Dec/2023:04:23:04 +0100] "GET /planes-cushion-p-25908.html HTTP/1.0" 200 83719 "-" "Mozilla/5.0 (compatible; VelenPublicWebCrawler/1.0; +https://velen.io)"
34.76.224.74 - - [24/Dec/2023:04:23:08 +0100] "GET /planes-cushion-p-25909.html HTTP/1.0" 200 83719 "-" "Mozilla/5.0 (compatible; VelenPublicWebCrawler/1.0; +https://velen.io)"
65.109.158.125 - - [24/Dec/2023:04:23:11 +0100] "GET /incense-holder-incense-burner-c-231_229.html?page=5 HTTP/1.0" 200 98328 "-" "Mozilla/5.0 (Macintosh; Intel Mac OS X 10_15_7) AppleWebKit/537.36 (KHTML, like Gecko) Chrome/104.0.0.0 Safari/537.36"
34.76.224.74 - - [24/Dec/2023:04:23:11 +0100] "GET /removable-cushion-polar-fleece-p-57913.html HTTP/1.0" 200 84605 "-" "Mozilla/5.0 (compatible; VelenPublicWebCrawler/1.0; +https://velen.io)"
34.76.224.74 - - [24/Dec/2023:04:23:16 +0100] "GET /english-bulldog-cushion-p-40179.html HTTP/1.0" 200 83796 "-" "Mozilla/5.0 (compatible; VelenPublicWebCrawler/1.0; +https://velen.io)"
34.76.224.74 - - [24/Dec/2023:04:23:20 +0100] "GET /removable-cushion-polar-fleece-anthracite-p-38891.html HTTP/1.0" 200 84662 "-" "Mozilla/5.0 (compatible; VelenPublicWebCrawler/1.0; +https://velen.io)"
34.76.224.74 - - [24/Dec/2023:04:23:23 +0100] "GET /calimero-blue-cushion-p-22185.html HTTP/1.0" 200 83771 "-" "Mozilla/5.0 (compatible; VelenPublicWebCrawler/1.0; +https://velen.io)"
65.109.158.125 - - [24/Dec/2023:04:23:24 +0100] "GET /-c-95_370.html HTTP/1.0" 500 66243 "-" "Mozilla/5.0 (Macintosh; Intel Mac OS X 10_15_7) AppleWebKit/537.36 (KHTML, like Gecko) Chrome/104.0.0.0 Safari/537.36"
34.76.224.74 - - [24/Dec/2023:04:23:27 +0100] "GET /calimero-pink-cushion-p-22187.html HTTP/1.0" 200 83763 "-" "Mozilla/5.0 (compatible; VelenPublicWebCrawler/1.0; +https://velen.io)"
34.76.224.74 - - [24/Dec/2023:04:23:31 +0100] "GET /calimero-cushion-p-22186.html HTTP/1.0" 200 83742 "-" "Mozilla/5.0 (compatible; VelenPublicWebCrawler/1.0; +https://velen.io)"
54.36.148.215 - - [24/Dec/2023:04:23:34 +0100] "GET /-c-95_306.html HTTP/1.0" 200 80131 "-" "Mozilla/5.0 (compatible; AhrefsBot/7.0; +http://ahrefs.com/robot/)"
34.76.224.74 - - [24/Dec/2023:04:23:35 +0100] "GET /door-bottom-cushion-bienvenue-p-59715.html HTTP/1.0" 200 84491 "-" "Mozilla/5.0 (compatible; VelenPublicWebCrawler/1.0; +https://velen.io)"
65.109.158.125 - - [24/Dec/2023:04:23:38 +0100] "GET /floor-cushions-c-11_71_182.html HTTP/1.0" 500 66530 "-" "Mozilla/5.0 (Macintosh; Intel Mac OS X 10_15_7) AppleWebKit/537.36 (KHTML, like Gecko) Chrome/104.0.0.0 Safari/537.36"
34.76.224.74 - - [24/Dec/2023:04:23:39 +0100] "GET /door-bottom-cushion-home-sweet-home-p-59714.html HTTP/1.0" 200 84551 "-" "Mozilla/5.0 (compatible; VelenPublicWebCrawler/1.0; +https://velen.io)"
34.76.224.74 - - [24/Dec/2023:04:23:45 +0100] "GET /door-bottom-cushion-maison-bonheur-p-59713.html HTTP/1.0" 200 84589 "-" "Mozilla/5.0 (compatible; VelenPublicWebCrawler/1.0; +https://velen.io)"
34.76.224.74 - - [24/Dec/2023:04:23:49 +0100] "GET /terracota-polyester-round-chair-cushion-p-50046.html HTTP/1.0" 200 84388 "-" "Mozilla/5.0 (compatible; VelenPublicWebCrawler/1.0; +https://velen.io)"
65.109.158.125 - - [24/Dec/2023:04:23:53 +0100] "GET /with-infuser-c-12_221.html HTTP/1.0" 500 66359 "-" "Mozilla/5.0 (Macintosh; Intel Mac OS X 10_15_7) AppleWebKit/537.36 (KHTML, like Gecko) Chrome/104.0.0.0 Safari/537.36"
34.76.224.74 - - [24/Dec/2023:04:23:54 +0100] "GET /anthracite-polyester-round-chair-cushion-p-47041.html HTTP/1.0" 200 84395 "-" "Mozilla/5.0 (compatible; VelenPublicWebCrawler/1.0; +https://velen.io)"
34.76.224.74 - - [24/Dec/2023:04:23:59 +0100] "GET /black-polyester-round-chair-cushion-p-47042.html HTTP/1.0" 200 84359 "-" "Mozilla/5.0 (compatible; VelenPublicWebCrawler/1.0; +https://velen.io)"
114.119.130.23 - - [24/Dec/2023:04:24:03 +0100] "GET /%20images/big_prod/3609810076501.jpg HTTP/1.0" 404 1308 "http://www.wonder-geek.com/cushion-cover-flamingos-p-55153.html" "Mozilla/5.0 (Linux; Android 7.0;) AppleWebKit/537.36 (KHTML, like Gecko) Mobile Safari/537.36 (compatible; PetalBot;+https://webmaster.petalsearch.com/site/petalbot)"
34.76.224.74 - - [24/Dec/2023:04:24:03 +0100] "GET /blue-polyester-round-chair-cushion-p-46459.html HTTP/1.0" 200 84355 "-" "Mozilla/5.0 (compatible; VelenPublicWebCrawler/1.0; +https://velen.io)"
216.228.125.130 - - [24/Dec/2023:04:24:06 +0100] "GET /images/mini_prod/8482013122047.jpg HTTP/1.0" 200 269 "-" "Mozilla/5.0 (X11; Ubuntu; Linux x86_64; rv:72.0) Gecko/20100101 Firefox/72.0"
34.76.224.74 - - [24/Dec/2023:04:24:08 +0100] "GET /blue-polyester-round-chair-cushion-p-47037.html HTTP/1.0" 200 84356 "-" "Mozilla/5.0 (compatible; VelenPublicWebCrawler/1.0; +https://velen.io)"
34.76.224.74 - - [24/Dec/2023:04:24:11 +0100] "GET /blue-polyester-round-chair-cushion-p-47038.html HTTP/1.0" 200 84352 "-" "Mozilla/5.0 (compatible; VelenPublicWebCrawler/1.0; +https://velen.io)"
34.76.224.74 - - [24/Dec/2023:04:24:16 +0100] "GET /brown-polyester-round-chair-cushion-p-47032.html HTTP/1.0" 200 84376 "-" "Mozilla/5.0 (compatible; VelenPublicWebCrawler/1.0; +https://velen.io)"
34.76.224.74 - - [24/Dec/2023:04:24:20 +0100] "GET /cobalt-polyester-round-chair-cushion-p-60655.html HTTP/1.0" 200 84366 "-" "Mozilla/5.0 (compatible; VelenPublicWebCrawler/1.0; +https://velen.io)"
34.76.224.74 - - [24/Dec/2023:04:24:24 +0100] "GET /cotton-chair-cushion-curry-p-60703.html HTTP/1.0" 200 83657 "-" "Mozilla/5.0 (compatible; VelenPublicWebCrawler/1.0; +https://velen.io)"
34.76.224.74 - - [24/Dec/2023:04:24:28 +0100] "GET /cotton-chair-cushion-cobalt-p-60633.html HTTP/1.0" 200 83661 "-" "Mozilla/5.0 (compatible; VelenPublicWebCrawler/1.0; +https://velen.io)"
34.76.224.74 - - [24/Dec/2023:04:24:32 +0100] "GET /cotton-chair-cushion-anthracite-p-60632.html HTTP/1.0" 200 83679 "-" "Mozilla/5.0 (compatible; VelenPublicWebCrawler/1.0; +https://velen.io)"
223.39.188.126 - - [24/Dec/2023:04:24:33 +0100] "GET /images/mini_prod/1384220402431.jpg HTTP/1.0" 200 269 "-" "Chrome/66.0.3359.181"
34.76.224.74 - - [24/Dec/2023:04:24:36 +0100] "GET /curry-polyester-round-chair-cushion-p-55088.html HTTP/1.0" 200 84369 "-" "Mozilla/5.0 (compatible; VelenPublicWebCrawler/1.0; +https://velen.io)"
54.36.148.50 - - [24/Dec/2023:04:24:38 +0100] "GET /marley-computer-model-p-24150.html HTTP/1.0" 200 83911 "-" "Mozilla/5.0 (compatible; AhrefsBot/7.0; +http://ahrefs.com/robot/)"
34.76.224.74 - - [24/Dec/2023:04:24:40 +0100] "GET /dark-blue-polyester-round-chair-cushion-p-60654.html HTTP/1.0" 200 84387 "-" "Mozilla/5.0 (compatible; VelenPublicWebCrawler/1.0; +https://velen.io)"
34.76.224.74 - - [24/Dec/2023:04:24:45 +0100] "GET /gray-polyester-round-chair-cushion-p-43895.html HTTP/1.0" 200 84368 "-" "Mozilla/5.0 (compatible; VelenPublicWebCrawler/1.0; +https://velen.io)"
40.77.167.67 - - [24/Dec/2023:04:24:47 +0100] "GET /tea-pot-c-12_175.html?page=3 HTTP/1.0" 200 102407 "-" "Mozilla/5.0 AppleWebKit/537.36 (KHTML, like Gecko; compatible; bingbot/2.0; +http://www.bing.com/bingbot.htm) Chrome/116.0.1938.76 Safari/537.36"
34.76.224.74 - - [24/Dec/2023:04:24:48 +0100] "GET /gray-polyester-round-chair-cushion-p-44376.html HTTP/1.0" 200 84369 "-" "Mozilla/5.0 (compatible; VelenPublicWebCrawler/1.0; +https://velen.io)"
34.76.224.74 - - [24/Dec/2023:04:24:52 +0100] "GET /cotton-chair-cushion-green-p-60631.html HTTP/1.0" 200 83655 "-" "Mozilla/5.0 (compatible; VelenPublicWebCrawler/1.0; +https://velen.io)"
34.76.224.74 - - [24/Dec/2023:04:24:57 +0100] "GET /cotton-chair-cushion-jade-p-60634.html HTTP/1.0" 200 83651 "-" "Mozilla/5.0 (compatible; VelenPublicWebCrawler/1.0; +https://velen.io)"
34.76.224.74 - - [24/Dec/2023:04:25:00 +0100] "GET /gray-polyester-round-chair-cushion-p-47031.html HTTP/1.0" 200 84371 "-" "Mozilla/5.0 (compatible; VelenPublicWebCrawler/1.0; +https://velen.io)"
34.76.224.74 - - [24/Dec/2023:04:25:04 +0100] "GET /grenache-polyester-round-chair-cushion-p-59260.html HTTP/1.0" 200 84380 "-" "Mozilla/5.0 (compatible; VelenPublicWebCrawler/1.0; +https://velen.io)"
34.76.224.74 - - [24/Dec/2023:04:25:09 +0100] "GET /jade-polyester-round-chair-cushion-p-60653.html HTTP/1.0" 200 84353 "-" "Mozilla/5.0 (compatible; VelenPublicWebCrawler/1.0; +https://velen.io)"
34.76.224.74 - - [24/Dec/2023:04:25:12 +0100] "GET /door-bottom-cushion-belle-p-59716.html HTTP/1.0" 200 84539 "-" "Mozilla/5.0 (compatible; VelenPublicWebCrawler/1.0; +https://velen.io)"
34.76.224.74 - - [24/Dec/2023:04:25:16 +0100] "GET /door-bottom-cushion-petit-douillet-p-59717.html HTTP/1.0" 200 84573 "-" "Mozilla/5.0 (compatible; VelenPublicWebCrawler/1.0; +https://velen.io)"
34.76.224.74 - - [24/Dec/2023:04:25:19 +0100] "GET /door-bottom-cushion-maison-chaleureuse-p-59718.html HTTP/1.0" 200 84581 "-" "Mozilla/5.0 (compatible; VelenPublicWebCrawler/1.0; +https://velen.io)"
34.76.224.74 - - [24/Dec/2023:04:25:24 +0100] "GET /door-bottom-cushion-bienvenue-chez-nous-p-60753.html HTTP/1.0" 200 84525 "-" "Mozilla/5.0 (compatible; VelenPublicWebCrawler/1.0; +https://velen.io)"
34.76.224.74 - - [24/Dec/2023:04:25:27 +0100] "GET /door-bottom-cushion-chez-nous-bien-p-60756.html HTTP/1.0" 200 84540 "-" "Mozilla/5.0 (compatible; VelenPublicWebCrawler/1.0; +https://velen.io)"
34.76.224.74 - - [24/Dec/2023:04:25:31 +0100] "GET /door-bottom-cushion-reste-chaud-p-60754.html HTTP/1.0" 200 84499 "-" "Mozilla/5.0 (compatible; VelenPublicWebCrawler/1.0; +https://velen.io)"
34.76.224.74 - - [24/Dec/2023:04:25:36 +0100] "GET /door-bottom-cushion-maison-amour-p-60755.html HTTP/1.0" 200 84516 "-" "Mozilla/5.0 (compatible; VelenPublicWebCrawler/1.0; +https://velen.io)"
34.76.224.74 - - [24/Dec/2023:04:25:40 +0100] "GET /door-bottom-cushion-maison-p-60757.html HTTP/1.0" 200 84489 "-" "Mozilla/5.0 (compatible; VelenPublicWebCrawler/1.0; +https://velen.io)"
54.36.148.151 - - [24/Dec/2023:04:25:43 +0100] "GET /bolster-case-cotton-percale-threads-p-43859.html HTTP/1.0" 200 84558 "-" "Mozilla/5.0 (compatible; AhrefsBot/7.0; +http://ahrefs.com/robot/)"
34.76.224.74 - - [24/Dec/2023:04:25:44 +0100] "GET /door-bottom-cushion-sheep-p-60577.html HTTP/1.0" 200 83970 "-" "Mozilla/5.0 (compatible; VelenPublicWebCrawler/1.0; +https://velen.io)"
34.76.224.74 - - [24/Dec/2023:04:25:48 +0100] "GET /door-bottom-cushion-welcome-home-p-60752.html HTTP/1.0" 200 84476 "-" "Mozilla/5.0 (compatible; VelenPublicWebCrawler/1.0; +https://velen.io)"
34.76.224.74 - - [24/Dec/2023:04:25:51 +0100] "GET /double-door-bottom-cushion-bienvenue-p-59711.html HTTP/1.0" 200 84610 "-" "Mozilla/5.0 (compatible; VelenPublicWebCrawler/1.0; +https://velen.io)"
34.76.224.74 - - [24/Dec/2023:04:25:56 +0100] "GET /double-door-bottom-cushion-bienvenue-chez-nous-p-59576.html HTTP/1.0" 200 84710 "-" "Mozilla/5.0 (compatible; VelenPublicWebCrawler/1.0; +https://velen.io)"
34.76.224.74 - - [24/Dec/2023:04:25:59 +0100] "GET /double-door-bottom-cushion-bonjour-revoir-p-59577.html HTTP/1.0" 200 84716 "-" "Mozilla/5.0 (compatible; VelenPublicWebCrawler/1.0; +https://velen.io)"
34.76.224.74 - - [24/Dec/2023:04:26:03 +0100] "GET /double-door-bottom-cushion-belle-p-59712.html HTTP/1.0" 200 84658 "-" "Mozilla/5.0 (compatible; VelenPublicWebCrawler/1.0; +https://velen.io)"
34.76.224.74 - - [24/Dec/2023:04:26:06 +0100] "GET /double-door-bottom-cushion-entre-artistes-p-59710.html HTTP/1.0" 200 84707 "-" "Mozilla/5.0 (compatible; VelenPublicWebCrawler/1.0; +https://velen.io)"
34.76.224.74 - - [24/Dec/2023:04:26:10 +0100] "GET /brown-door-cushion-p-60151.html HTTP/1.0" 200 84925 "-" "Mozilla/5.0 (compatible; VelenPublicWebCrawler/1.0; +https://velen.io)"
34.76.224.74 - - [24/Dec/2023:04:26:14 +0100] "GET /happy-stop-door-p-46261.html HTTP/1.0" 200 83789 "-" "Mozilla/5.0 (compatible; VelenPublicWebCrawler/1.0; +https://velen.io)"
34.76.224.74 - - [24/Dec/2023:04:26:18 +0100] "GET /duvet-cover-cotton-percale-threads-p-51260.html HTTP/1.0" 200 83920 "-" "Mozilla/5.0 (compatible; VelenPublicWebCrawler/1.0; +https://velen.io)"
34.76.224.74 - - [24/Dec/2023:04:26:22 +0100] "GET /duvet-cover-cotton-percale-threads-p-51261.html HTTP/1.0" 200 83920 "-" "Mozilla/5.0 (compatible; VelenPublicWebCrawler/1.0; +https://velen.io)"
34.76.224.74 - - [24/Dec/2023:04:26:26 +0100] "GET /duvet-cover-cotton-percale-threads-p-51262.html HTTP/1.0" 200 83920 "-" "Mozilla/5.0 (compatible; VelenPublicWebCrawler/1.0; +https://velen.io)"
34.76.224.74 - - [24/Dec/2023:04:26:30 +0100] "GET /duvet-cover-cotton-percale-threads-p-51263.html HTTP/1.0" 200 83920 "-" "Mozilla/5.0 (compatible; VelenPublicWebCrawler/1.0; +https://velen.io)"
34.76.224.74 - - [24/Dec/2023:04:26:34 +0100] "GET /duvet-cover-cotton-percale-threads-p-52076.html HTTP/1.0" 200 84579 "-" "Mozilla/5.0 (compatible; VelenPublicWebCrawler/1.0; +https://velen.io)"
34.76.224.74 - - [24/Dec/2023:04:26:37 +0100] "GET /duvet-cover-cotton-percale-threads-p-52077.html HTTP/1.0" 200 83920 "-" "Mozilla/5.0 (compatible; VelenPublicWebCrawler/1.0; +https://velen.io)"
54.36.148.77 - - [24/Dec/2023:04:26:37 +0100] "GET /wise-wings-owl-keychain-p-51822.html HTTP/1.0" 301 84607 "-" "Mozilla/5.0 (compatible; AhrefsBot/7.0; +http://ahrefs.com/robot/)"
34.76.224.74 - - [24/Dec/2023:04:26:41 +0100] "GET /duvet-cover-cotton-percale-threads-p-52078.html HTTP/1.0" 200 83920 "-" "Mozilla/5.0 (compatible; VelenPublicWebCrawler/1.0; +https://velen.io)"
54.36.148.105 - - [24/Dec/2023:04:26:45 +0100] "GET /door-bottom-cushion-sheep-p-60577.html HTTP/1.0" 200 83970 "-" "Mozilla/5.0 (compatible; AhrefsBot/7.0; +http://ahrefs.com/robot/)"
34.76.224.74 - - [24/Dec/2023:04:26:46 +0100] "GET /duvet-cover-cotton-percale-threads-p-52079.html HTTP/1.0" 200 83920 "-" "Mozilla/5.0 (compatible; VelenPublicWebCrawler/1.0; +https://velen.io)"
34.76.224.74 - - [24/Dec/2023:04:26:51 +0100] "GET /duvet-cover-cotton-percale-threads-p-53224.html HTTP/1.0" 200 83920 "-" "Mozilla/5.0 (compatible; VelenPublicWebCrawler/1.0; +https://velen.io)"
34.76.224.74 - - [24/Dec/2023:04:26:55 +0100] "GET /duvet-cover-cotton-percale-threads-p-48208.html HTTP/1.0" 200 83920 "-" "Mozilla/5.0 (compatible; VelenPublicWebCrawler/1.0; +https://velen.io)"
34.76.224.74 - - [24/Dec/2023:04:26:58 +0100] "GET /duvet-cover-cotton-percale-threads-p-48209.html HTTP/1.0" 200 83920 "-" "Mozilla/5.0 (compatible; VelenPublicWebCrawler/1.0; +https://velen.io)"
34.76.224.74 - - [24/Dec/2023:04:27:02 +0100] "GET /duvet-cover-cotton-percale-threads-p-48210.html HTTP/1.0" 200 83920 "-" "Mozilla/5.0 (compatible; VelenPublicWebCrawler/1.0; +https://velen.io)"
34.76.224.74 - - [24/Dec/2023:04:27:06 +0100] "GET /duvet-cover-cotton-percale-threads-p-48211.html HTTP/1.0" 200 83920 "-" "Mozilla/5.0 (compatible; VelenPublicWebCrawler/1.0; +https://velen.io)"
34.76.224.74 - - [24/Dec/2023:04:27:10 +0100] "GET /duvet-cover-cotton-percale-threads-p-51258.html HTTP/1.0" 200 84581 "-" "Mozilla/5.0 (compatible; VelenPublicWebCrawler/1.0; +https://velen.io)"
34.76.224.74 - - [24/Dec/2023:04:27:13 +0100] "GET /duvet-cover-cotton-percale-threads-p-52101.html HTTP/1.0" 200 84579 "-" "Mozilla/5.0 (compatible; VelenPublicWebCrawler/1.0; +https://velen.io)"
34.76.224.74 - - [24/Dec/2023:04:27:17 +0100] "GET /duvet-cover-cotton-percale-threads-p-52208.html HTTP/1.0" 200 83920 "-" "Mozilla/5.0 (compatible; VelenPublicWebCrawler/1.0; +https://velen.io)"
34.76.224.74 - - [24/Dec/2023:04:27:21 +0100] "GET /duvet-cover-cotton-percale-threads-p-53226.html HTTP/1.0" 200 83920 "-" "Mozilla/5.0 (compatible; VelenPublicWebCrawler/1.0; +https://velen.io)"
34.76.224.74 - - [24/Dec/2023:04:27:24 +0100] "GET /duvet-cover-cotton-percale-threads-p-60569.html HTTP/1.0" 200 84579 "-" "Mozilla/5.0 (compatible; VelenPublicWebCrawler/1.0; +https://velen.io)"
34.76.224.74 - - [24/Dec/2023:04:27:28 +0100] "GET /duvet-cover-cotton-percale-threads-p-61218.html HTTP/1.0" 200 84833 "-" "Mozilla/5.0 (compatible; VelenPublicWebCrawler/1.0; +https://velen.io)"
34.76.224.74 - - [24/Dec/2023:04:27:32 +0100] "GET /duvet-cover-cotton-percale-threads-p-61219.html HTTP/1.0" 200 83920 "-" "Mozilla/5.0 (compatible; VelenPublicWebCrawler/1.0; +https://velen.io)"
34.76.224.74 - - [24/Dec/2023:04:27:36 +0100] "GET /cotton-floor-cushion-p-60521.html HTTP/1.0" 200 84433 "-" "Mozilla/5.0 (compatible; VelenPublicWebCrawler/1.0; +https://velen.io)"
34.76.224.74 - - [24/Dec/2023:04:27:39 +0100] "GET /cotton-floor-cushion-anthracite-p-60766.html HTTP/1.0" 200 83863 "-" "Mozilla/5.0 (compatible; VelenPublicWebCrawler/1.0; +https://velen.io)"
34.76.224.74 - - [24/Dec/2023:04:27:43 +0100] "GET /cotton-floor-cushion-coral-p-57827.html HTTP/1.0" 200 84465 "-" "Mozilla/5.0 (compatible; VelenPublicWebCrawler/1.0; +https://velen.io)"
54.36.148.233 - - [24/Dec/2023:04:27:43 +0100] "GET /black-zippo-candle-utility-lighter-p-51931.html HTTP/1.0" 200 84613 "-" "Mozilla/5.0 (compatible; AhrefsBot/7.0; +http://ahrefs.com/robot/)"
