52.167.144.238 - - [31/Dec/2023:00:55:12 +0100] "GET /js/jquery.js HTTP/1.0" 200 252 "-" "Mozilla/5.0 AppleWebKit/537.36 (KHTML, like Gecko; compatible; bingbot/2.0; +http://www.bing.com/bingbot.htm) Chrome/116.0.1938.76 Safari/537.36"
54.36.148.224 - - [31/Dec/2023:00:55:38 +0100] "GET /jeans-grey-backpack-laptop-p-33488.html HTTP/1.0" 200 84025 "-" "Mozilla/5.0 (compatible; AhrefsBot/7.0; +http://ahrefs.com/robot/)"
185.191.171.3 - - [31/Dec/2023:00:55:52 +0100] "GET /llama-love-clock-allen-p-49499.html?action=add_product HTTP/1.0" 302 476 "-" "Mozilla/5.0 (compatible; SemrushBot/7~bl; +http://www.semrush.com/bot.html)"
185.191.171.2 - - [31/Dec/2023:00:56:03 +0100] "GET /-p-43132.html?action=add_product HTTP/1.0" 302 476 "-" "Mozilla/5.0 (compatible; SemrushBot/7~bl; +http://www.semrush.com/bot.html)"
185.191.171.7 - - [31/Dec/2023:00:56:33 +0100] "GET /cars-melamine-dinner-p-20358.html?action=add_product HTTP/1.0" 302 476 "-" "Mozilla/5.0 (compatible; SemrushBot/7~bl; +http://www.semrush.com/bot.html)"
54.36.148.14 - - [31/Dec/2023:00:57:08 +0100] "GET /paperweight-water-lilies-monet-p-53516.html HTTP/1.0" 200 84679 "-" "Mozilla/5.0 (compatible; AhrefsBot/7.0; +http://ahrefs.com/robot/)"
152.70.118.200 - - [31/Dec/2023:00:57:24 +0100] "GET /images/mini_prod/1399984241318.jpg HTTP/1.0" 200 269 "-" "Mozilla/5.0 (X11; Ubuntu; Linux x86_64; rv:72.0) Gecko/20100101 Firefox/72.0"
85.208.96.201 - - [31/Dec/2023:00:57:38 +0100] "GET /brass-compass-solar-clock-p-57557.html?action=add_product HTTP/1.0" 302 476 "-" "Mozilla/5.0 (compatible; SemrushBot/7~bl; +http://www.semrush.com/bot.html)"
85.208.96.201 - - [31/Dec/2023:00:58:08 +0100] "GET /collectible-harry-potter-figures-p-55930.html?action=add_product HTTP/1.0" 302 476 "-" "Mozilla/5.0 (compatible; SemrushBot/7~bl; +http://www.semrush.com/bot.html)"
54.36.148.23 - - [31/Dec/2023:00:58:35 +0100] "GET /porcelain-bowl-cactus-p-61331.html HTTP/1.0" 200 84206 "-" "Mozilla/5.0 (compatible; AhrefsBot/7.0; +http://ahrefs.com/robot/)"
54.36.148.208 - - [31/Dec/2023:00:59:53 +0100] "GET /moroccan-ashtray-p-52727.html HTTP/1.0" 200 83553 "-" "Mozilla/5.0 (compatible; AhrefsBot/7.0; +http://ahrefs.com/robot/)"
47.128.32.101 - - [31/Dec/2023:01:00:09 +0100] "GET /swfobject.js HTTP/1.0" 404 1308 "http://www.wonder-geek.com/hello-kitty-towel-p-5614.html" "Mozilla/5.0 (compatible; Bytespider; spider-feedback@bytedance.com) AppleWebKit/537.36 (KHTML, like Gecko) Chrome/70.0.0.0 Safari/537.36"
85.208.96.200 - - [31/Dec/2023:01:00:07 +0100] "GET /miss-mindy-sally-resin-figurine-p-49393.html?action=add_product HTTP/1.0" 302 476 "-" "Mozilla/5.0 (compatible; SemrushBot/7~bl; +http://www.semrush.com/bot.html)"
47.128.32.101 - - [31/Dec/2023:01:00:07 +0100] "GET /hello-kitty-towel-p-5614.html HTTP/1.0" 200 83698 "-" "Mozilla/5.0 (compatible; Bytespider; spider-feedback@bytedance.com) AppleWebKit/537.36 (KHTML, like Gecko) Chrome/70.0.0.0 Safari/537.36"
47.128.32.101 - - [31/Dec/2023:01:00:10 +0100] "GET /highslide/graphics/outlines/drop-shadow.png HTTP/1.0" 200 277 "http://www.wonder-geek.com/hello-kitty-towel-p-5614.html" "Mozilla/5.0 (compatible; Bytespider; spider-feedback@bytedance.com) AppleWebKit/537.36 (KHTML, like Gecko) Chrome/70.0.0.0 Safari/537.36"
47.128.32.101 - - [31/Dec/2023:01:00:10 +0100] "GET /highslide/graphics/zoomout.cur HTTP/1.0" 200 614 "http://www.wonder-geek.com/hello-kitty-towel-p-5614.html" "Mozilla/5.0 (compatible; Bytespider; spider-feedback@bytedance.com) AppleWebKit/537.36 (KHTML, like Gecko) Chrome/70.0.0.0 Safari/537.36"
47.128.32.101 - - [31/Dec/2023:01:00:11 +0100] "GET /images/3272760373312.jpg HTTP/1.0" 200 259 "http://www.wonder-geek.com/hello-kitty-towel-p-5614.html" "Mozilla/5.0 (compatible; Bytespider; spider-feedback@bytedance.com) AppleWebKit/537.36 (KHTML, like Gecko) Chrome/70.0.0.0 Safari/537.36"
185.191.171.9 - - [31/Dec/2023:01:00:46 +0100] "GET /tropical-paradise-skull-surfboard-wooden-wall-decoration-p-49187.html?action=add_product HTTP/1.0" 302 476 "-" "Mozilla/5.0 (compatible; SemrushBot/7~bl; +http://www.semrush.com/bot.html)"
17.241.227.97 - - [31/Dec/2023:01:00:47 +0100] "GET /-p-27477.html HTTP/1.0" 200 81263 "-" "Mozilla/5.0 (Macintosh; Intel Mac OS X 10_15_5) AppleWebKit/605.1.15 (KHTML, like Gecko) Version/13.1.1 Safari/605.1.15 (Applebot/0.1; +http://www.apple.com/go/applebot)"
85.208.96.200 - - [31/Dec/2023:01:00:51 +0100] "GET /mustache-pipe-p-24308.html?action=add_product HTTP/1.0" 302 476 "-" "Mozilla/5.0 (compatible; SemrushBot/7~bl; +http://www.semrush.com/bot.html)"
54.36.149.80 - - [31/Dec/2023:01:01:18 +0100] "GET /plush-christmas-tree-decoration-p-49653.html HTTP/1.0" 200 83719 "-" "Mozilla/5.0 (compatible; AhrefsBot/7.0; +http://ahrefs.com/robot/)"
185.191.171.13 - - [31/Dec/2023:01:01:32 +0100] "GET /-p-40886.html?action=add_product HTTP/1.0" 302 476 "-" "Mozilla/5.0 (compatible; SemrushBot/7~bl; +http://www.semrush.com/bot.html)"
185.191.171.4 - - [31/Dec/2023:01:01:57 +0100] "GET /fitted-sheet-cotton-percale-threads-p-56961.html?action=add_product HTTP/1.0" 302 476 "-" "Mozilla/5.0 (compatible; SemrushBot/7~bl; +http://www.semrush.com/bot.html)"
54.36.148.79 - - [31/Dec/2023:01:02:43 +0100] "GET /coasters-geisha-cbkreation-p-23367.html HTTP/1.0" 200 83751 "-" "Mozilla/5.0 (compatible; AhrefsBot/7.0; +http://ahrefs.com/robot/)"
85.208.96.202 - - [31/Dec/2023:01:03:45 +0100] "GET /copper-bottle-with-screw-flower-life-printed-p-42838.html?action=add_product HTTP/1.0" 302 476 "-" "Mozilla/5.0 (compatible; SemrushBot/7~bl; +http://www.semrush.com/bot.html)"
91.193.232.105 - - [31/Dec/2023:01:03:59 +0100] "GET /images/med_prod/34203.jpg HTTP/1.0" 200 260 "-" "python-requests/2.28.2"
54.36.148.246 - - [31/Dec/2023:01:03:57 +0100] "GET /incense-stick-holder-flowers-p-55241.html HTTP/1.0" 200 84655 "-" "Mozilla/5.0 (compatible; AhrefsBot/7.0; +http://ahrefs.com/robot/)"
85.208.96.200 - - [31/Dec/2023:01:04:44 +0100] "GET /floral-rosace-frame-withe-gold-p-46374.html?action=add_product HTTP/1.0" 302 476 "-" "Mozilla/5.0 (compatible; SemrushBot/7~bl; +http://www.semrush.com/bot.html)"
85.208.96.198 - - [31/Dec/2023:01:04:48 +0100] "GET /small-tinbox-rtro-motorcycle-p-41341.html?action=add_product HTTP/1.0" 302 476 "-" "Mozilla/5.0 (compatible; SemrushBot/7~bl; +http://www.semrush.com/bot.html)"
85.208.96.204 - - [31/Dec/2023:01:05:13 +0100] "GET /-p-37657.html?action=add_product HTTP/1.0" 302 476 "-" "Mozilla/5.0 (compatible; SemrushBot/7~bl; +http://www.semrush.com/bot.html)"
54.36.148.101 - - [31/Dec/2023:01:05:17 +0100] "GET /breakfast-board-cinnamon-star-massacre-tassen-made-germany-p-53188.html HTTP/1.0" 200 84791 "-" "Mozilla/5.0 (compatible; AhrefsBot/7.0; +http://ahrefs.com/robot/)"
52.167.144.212 - - [31/Dec/2023:01:05:25 +0100] "GET /glass-cutting-board-cbkreation-p-51324.html HTTP/1.0" 200 83695 "-" "Mozilla/5.0 AppleWebKit/537.36 (KHTML, like Gecko; compatible; bingbot/2.0; +http://www.bing.com/bingbot.htm) Chrome/116.0.1938.76 Safari/537.36"
66.249.74.100 - - [31/Dec/2023:01:05:41 +0100] "GET /images/big_prod_1/3503420210969B.jpg HTTP/1.0" 200 271 "-" "Googlebot-Image/1.0"
185.191.171.15 - - [31/Dec/2023:01:05:55 +0100] "GET /fiers-etre-marseillais-orange-black-track-jacket-p-29984.html?action=add_product HTTP/1.0" 302 476 "-" "Mozilla/5.0 (compatible; SemrushBot/7~bl; +http://www.semrush.com/bot.html)"
17.241.75.250 - - [31/Dec/2023:01:06:09 +0100] "GET /-p-49666.html HTTP/1.0" 200 81263 "-" "Mozilla/5.0 (Macintosh; Intel Mac OS X 10_15_5) AppleWebKit/605.1.15 (KHTML, like Gecko) Version/13.1.1 Safari/605.1.15 (Applebot/0.1; +http://www.apple.com/go/applebot)"
44.199.218.112 - - [31/Dec/2023:01:06:18 +0100] "GET /robots.txt HTTP/1.0" 200 245 "-" "Go-http-client/1.1"
40.77.167.18 - - [31/Dec/2023:01:06:42 +0100] "GET /small-tins-box-gorjuss-sugar-and-spice-p-48406.html HTTP/1.0" 301 81330 "-" "Mozilla/5.0 AppleWebKit/537.36 (KHTML, like Gecko; compatible; bingbot/2.0; +http://www.bing.com/bingbot.htm) Chrome/116.0.1938.76 Safari/537.36"
54.36.148.20 - - [31/Dec/2023:01:06:44 +0100] "GET /double-walled-porcelain-with-infuser-p-53004.html HTTP/1.0" 200 84386 "-" "Mozilla/5.0 (compatible; AhrefsBot/7.0; +http://ahrefs.com/robot/)"
182.22.30.49 - - [31/Dec/2023:01:07:28 +0100] "GET /animated-figurines-solar-flowers-c-292_273.html HTTP/1.0" 200 90148 "-" "Mozilla/5.0 (compatible; Y!J-WSC/1.0; +https://yahoo.jp/3BSZgF)"
54.36.148.108 - - [31/Dec/2023:01:08:06 +0100] "GET /barcelone-keyring-p-40812.html HTTP/1.0" 200 83606 "-" "Mozilla/5.0 (compatible; AhrefsBot/7.0; +http://ahrefs.com/robot/)"
185.191.171.2 - - [31/Dec/2023:01:08:15 +0100] "GET /choupy-ceramic-solitary-teapot-p-54598.html?action=add_product HTTP/1.0" 302 476 "-" "Mozilla/5.0 (compatible; SemrushBot/7~bl; +http://www.semrush.com/bot.html)"
85.208.96.211 - - [31/Dec/2023:01:09:01 +0100] "GET /robots.txt HTTP/1.0" 200 245 "-" "Mozilla/5.0 (compatible; SemrushBot/7~bl; +http://www.semrush.com/bot.html)"
185.191.171.14 - - [31/Dec/2023:01:09:01 +0100] "GET /artist-jimmy-liao-elephant-figure-sonny-angel-p-56918.html?action=add_product HTTP/1.0" 302 476 "-" "Mozilla/5.0 (compatible; SemrushBot/7~bl; +http://www.semrush.com/bot.html)"
128.176.193.69 - - [31/Dec/2023:01:09:16 +0100] "GET /images/mini_prod/5051265800183.jpg HTTP/1.0" 200 269 "-" "python-requests/2.31.0"
52.167.144.184 - - [31/Dec/2023:01:09:24 +0100] "GET /heart-home-friendly-stick-diffuser-geranium-wood-p-52808.html HTTP/1.0" 200 84866 "-" "Mozilla/5.0 AppleWebKit/537.36 (KHTML, like Gecko; compatible; bingbot/2.0; +http://www.bing.com/bingbot.htm) Chrome/116.0.1938.76 Safari/537.36"
54.36.148.135 - - [31/Dec/2023:01:09:25 +0100] "GET /gorjuss-sparkle-bloom-pencil-case-catch-falling-star-p-52366.html HTTP/1.0" 200 84794 "-" "Mozilla/5.0 (compatible; AhrefsBot/7.0; +http://ahrefs.com/robot/)"
85.208.96.199 - - [31/Dec/2023:01:09:32 +0100] "GET /quote-wall-stickers-jules-renard-p-42988.html?action=add_product HTTP/1.0" 302 476 "-" "Mozilla/5.0 (compatible; SemrushBot/7~bl; +http://www.semrush.com/bot.html)"
216.244.66.242 - - [31/Dec/2023:01:09:34 +0100] "GET /bodega-tray-p-37474.html HTTP/1.0" 301 81330 "-" "Mozilla/5.0 (compatible; DotBot/1.2; +https://opensiteexplorer.org/dotbot; help@moz.com)"
216.244.66.242 - - [31/Dec/2023:01:09:41 +0100] "GET /bohemian-black-rug-p-50879.html HTTP/1.0" 301 84739 "-" "Mozilla/5.0 (compatible; DotBot/1.2; +https://opensiteexplorer.org/dotbot; help@moz.com)"
216.244.66.242 - - [31/Dec/2023:01:09:53 +0100] "GET /bookend-elephants-p-44631.html HTTP/1.0" 301 81330 "-" "Mozilla/5.0 (compatible; DotBot/1.2; +https://opensiteexplorer.org/dotbot; help@moz.com)"
216.244.66.242 - - [31/Dec/2023:01:10:02 +0100] "GET /cat-hot-water-bottle-p-45359.html HTTP/1.0" 301 81330 "-" "Mozilla/5.0 (compatible; DotBot/1.2; +https://opensiteexplorer.org/dotbot; help@moz.com)"
85.208.96.206 - - [31/Dec/2023:01:10:08 +0100] "GET /paperweight-p-53804.html?action=add_product HTTP/1.0" 302 476 "-" "Mozilla/5.0 (compatible; SemrushBot/7~bl; +http://www.semrush.com/bot.html)"
85.208.96.196 - - [31/Dec/2023:01:10:11 +0100] "GET /amys-p-54232.html?action=add_product HTTP/1.0" 302 476 "-" "Mozilla/5.0 (compatible; SemrushBot/7~bl; +http://www.semrush.com/bot.html)"
17.241.227.31 - - [31/Dec/2023:01:10:12 +0100] "GET /tetsubin-green-teapot-japanese-liter-p-47380.html HTTP/1.0" 200 81405 "-" "Mozilla/5.0 (Macintosh; Intel Mac OS X 10_15_5) AppleWebKit/605.1.15 (KHTML, like Gecko) Version/13.1.1 Safari/605.1.15 (Applebot/0.1; +http://www.apple.com/go/applebot)"
216.244.66.242 - - [31/Dec/2023:01:10:13 +0100] "GET /ceramic-salt-p-40785.html HTTP/1.0" 301 81330 "-" "Mozilla/5.0 (compatible; DotBot/1.2; +https://opensiteexplorer.org/dotbot; help@moz.com)"
216.244.66.242 - - [31/Dec/2023:01:10:23 +0100] "GET /cup-cakes-tray-p-28411.html HTTP/1.0" 301 81330 "-" "Mozilla/5.0 (compatible; DotBot/1.2; +https://opensiteexplorer.org/dotbot; help@moz.com)"
216.244.66.242 - - [31/Dec/2023:01:10:31 +0100] "GET /green-bowl-for-cat-p-37390.html HTTP/1.0" 301 81330 "-" "Mozilla/5.0 (compatible; DotBot/1.2; +https://opensiteexplorer.org/dotbot; help@moz.com)"
185.191.171.9 - - [31/Dec/2023:01:10:37 +0100] "GET /large-gorjuss-lever-binder-dreamer-p-47750.html?action=add_product HTTP/1.0" 302 476 "-" "Mozilla/5.0 (compatible; SemrushBot/7~bl; +http://www.semrush.com/bot.html)"
216.244.66.242 - - [31/Dec/2023:01:10:38 +0100] "GET /green-gold-lampshade-p-56784.html HTTP/1.0" 200 81341 "-" "Mozilla/5.0 (compatible; DotBot/1.2; +https://opensiteexplorer.org/dotbot; help@moz.com)"
54.36.149.62 - - [31/Dec/2023:01:10:41 +0100] "GET /nici-wallet-mirror-p-19274.html HTTP/1.0" 200 84167 "-" "Mozilla/5.0 (compatible; AhrefsBot/7.0; +http://ahrefs.com/robot/)"
216.244.66.242 - - [31/Dec/2023:01:10:45 +0100] "GET /hedgehogs-tisaniere-p-42270.html HTTP/1.0" 301 81330 "-" "Mozilla/5.0 (compatible; DotBot/1.2; +https://opensiteexplorer.org/dotbot; help@moz.com)"
17.241.219.165 - - [31/Dec/2023:01:10:47 +0100] "GET /melamine-bowl-p-4248.html HTTP/1.0" 301 81327 "-" "Mozilla/5.0 (Macintosh; Intel Mac OS X 10_15_5) AppleWebKit/605.1.15 (KHTML, like Gecko) Version/13.1.1 Safari/605.1.15 (Applebot/0.1; +http://www.apple.com/go/applebot)"
17.241.219.165 - - [31/Dec/2023:01:10:49 +0100] "GET /-p-4248.html HTTP/1.0" 200 81261 "-" "Mozilla/5.0 (Macintosh; Intel Mac OS X 10_15_5) AppleWebKit/605.1.15 (KHTML, like Gecko) Version/13.1.1 Safari/605.1.15 (Applebot/0.1; +http://www.apple.com/go/applebot)"
216.244.66.242 - - [31/Dec/2023:01:10:52 +0100] "GET /jack-daniel-rectangular-mirror-p-10869.html HTTP/1.0" 200 81377 "-" "Mozilla/5.0 (compatible; DotBot/1.2; +https://opensiteexplorer.org/dotbot; help@moz.com)"
54.91.172.102 - - [31/Dec/2023:01:10:58 +0100] "GET /images/mini_prod/1020322216650.jpg HTTP/1.0" 200 269 "-" "Go-http-client/1.1"
216.244.66.242 - - [31/Dec/2023:01:10:59 +0100] "GET /kimmidoll-brush-p-28673.html HTTP/1.0" 301 81330 "-" "Mozilla/5.0 (compatible; DotBot/1.2; +https://opensiteexplorer.org/dotbot; help@moz.com)"
216.244.66.242 - - [31/Dec/2023:01:11:10 +0100] "GET /patinated-wood-p-50094.html HTTP/1.0" 301 81330 "-" "Mozilla/5.0 (compatible; DotBot/1.2; +https://opensiteexplorer.org/dotbot; help@moz.com)"
216.244.66.242 - - [31/Dec/2023:01:11:20 +0100] "GET /puppy-mug-p-27599.html HTTP/1.0" 301 83541 "-" "Mozilla/5.0 (compatible; DotBot/1.2; +https://opensiteexplorer.org/dotbot; help@moz.com)"
51.68.224.127 - - [31/Dec/2023:01:11:22 +0100] "GET /adminweb/export_orders_xml.php?token=256de2z6edz6ed2z6DFSFsed2zed6zeDSFDSGdzedezfzf&maxorders=10&orderstart=1&status=14&start_date=2018-10-01 HTTP/1.0" 200 285 "-" "GesCom CharlotteBoutik Serveur"
51.68.224.127 - - [31/Dec/2023:01:11:22 +0100] "GET /adminweb/export_orders_xml.php?token=256de2z6edz6ed2z6DFSFsed2zed6zeDSFDSGdzedezfzf&maxorders=10&orderstart=1&status=6&start_date=2018-10-01 HTTP/1.0" 200 34422 "-" "GesCom CharlotteBoutik Serveur"
216.244.66.242 - - [31/Dec/2023:01:11:28 +0100] "GET /rabbids-box-model-p-20556.html HTTP/1.0" 301 81330 "-" "Mozilla/5.0 (compatible; DotBot/1.2; +https://opensiteexplorer.org/dotbot; help@moz.com)"
216.244.66.242 - - [31/Dec/2023:01:11:36 +0100] "GET /take-the-cake-bag-pies-p-39860.html HTTP/1.0" 301 81330 "-" "Mozilla/5.0 (compatible; DotBot/1.2; +https://opensiteexplorer.org/dotbot; help@moz.com)"
216.244.66.242 - - [31/Dec/2023:01:11:43 +0100] "GET /teddy-bear-pink-baby-p-29651.html HTTP/1.0" 301 81330 "-" "Mozilla/5.0 (compatible; DotBot/1.2; +https://opensiteexplorer.org/dotbot; help@moz.com)"
216.244.66.242 - - [31/Dec/2023:01:11:51 +0100] "GET /the-che-resin-figure-p-34237.html HTTP/1.0" 301 81330 "-" "Mozilla/5.0 (compatible; DotBot/1.2; +https://opensiteexplorer.org/dotbot; help@moz.com)"
216.244.66.242 - - [31/Dec/2023:01:12:01 +0100] "GET /tweety-money-p-24157.html HTTP/1.0" 301 81330 "-" "Mozilla/5.0 (compatible; DotBot/1.2; +https://opensiteexplorer.org/dotbot; help@moz.com)"
54.36.148.246 - - [31/Dec/2023:01:12:02 +0100] "GET /cherry-blossoms-stickers-p-39318.html HTTP/1.0" 200 84345 "-" "Mozilla/5.0 (compatible; AhrefsBot/7.0; +http://ahrefs.com/robot/)"
216.244.66.242 - - [31/Dec/2023:01:12:09 +0100] "GET /vanity-top-model-candy-p-33641.html HTTP/1.0" 301 81441 "-" "Mozilla/5.0 (compatible; DotBot/1.2; +https://opensiteexplorer.org/dotbot; help@moz.com)"
216.244.66.242 - - [31/Dec/2023:01:12:16 +0100] "GET /wax-melt-calming-aloe-p-43772.html HTTP/1.0" 301 81417 "-" "Mozilla/5.0 (compatible; DotBot/1.2; +https://opensiteexplorer.org/dotbot; help@moz.com)"
216.244.66.242 - - [31/Dec/2023:01:12:29 +0100] "GET /windchime-chimes-75-cm-p-43538.html HTTP/1.0" 301 81416 "-" "Mozilla/5.0 (compatible; DotBot/1.2; +https://opensiteexplorer.org/dotbot; help@moz.com)"
216.244.66.242 - - [31/Dec/2023:01:12:40 +0100] "GET /antigua-clock-by-cbkreation-p-36797.html HTTP/1.0" 301 83734 "-" "Mozilla/5.0 (compatible; DotBot/1.2; +https://opensiteexplorer.org/dotbot; help@moz.com)"
216.244.66.242 - - [31/Dec/2023:01:12:49 +0100] "GET /barbapapa-brush-and-mirror-p-11527.html HTTP/1.0" 301 81330 "-" "Mozilla/5.0 (compatible; DotBot/1.2; +https://opensiteexplorer.org/dotbot; help@moz.com)"
216.244.66.242 - - [31/Dec/2023:01:12:58 +0100] "GET /big-hero-fred-miniature-figure-p-30297.html HTTP/1.0" 301 81330 "-" "Mozilla/5.0 (compatible; DotBot/1.2; +https://opensiteexplorer.org/dotbot; help@moz.com)"
216.244.66.242 - - [31/Dec/2023:01:13:06 +0100] "GET /big-us-statue-of-liberty-magnetic-clock-p-17305.html HTTP/1.0" 301 81330 "-" "Mozilla/5.0 (compatible; DotBot/1.2; +https://opensiteexplorer.org/dotbot; help@moz.com)"
54.36.148.215 - - [31/Dec/2023:01:13:14 +0100] "GET /square-coasters-cupcakes-cbkreation-p-17368.html HTTP/1.0" 200 83833 "-" "Mozilla/5.0 (compatible; AhrefsBot/7.0; +http://ahrefs.com/robot/)"
216.244.66.242 - - [31/Dec/2023:01:13:15 +0100] "GET /black-and-white-bear-cushion-40-cm-p-36570.html HTTP/1.0" 301 81330 "-" "Mozilla/5.0 (compatible; DotBot/1.2; +https://opensiteexplorer.org/dotbot; help@moz.com)"
216.244.66.242 - - [31/Dec/2023:01:13:28 +0100] "GET /blue-and-gold-owl-statuette-145-cm-p-38551.html HTTP/1.0" 301 81330 "-" "Mozilla/5.0 (compatible; DotBot/1.2; +https://opensiteexplorer.org/dotbot; help@moz.com)"
216.244.66.242 - - [31/Dec/2023:01:13:38 +0100] "GET /bob-marley-rectangular-mirror-p-8519.html HTTP/1.0" 301 81327 "-" "Mozilla/5.0 (compatible; DotBot/1.2; +https://opensiteexplorer.org/dotbot; help@moz.com)"
216.244.66.242 - - [31/Dec/2023:01:13:48 +0100] "GET /calendar-bookmarks-year-2018-16-cm-p-41807.html HTTP/1.0" 301 81330 "-" "Mozilla/5.0 (compatible; DotBot/1.2; +https://opensiteexplorer.org/dotbot; help@moz.com)"
137.122.64.55 - - [31/Dec/2023:01:13:50 +0100] "GET /images/big_prod_2/c5018997632079.jpg HTTP/1.0" 200 271 "-" "Mozilla/5.0 (X11; Ubuntu; Linux x86_64; rv:72.0) Gecko/20100101 Firefox/72.0"
216.244.66.242 - - [31/Dec/2023:01:13:56 +0100] "GET /capsule-road-wall-decoration-p-46435.html HTTP/1.0" 301 81330 "-" "Mozilla/5.0 (compatible; DotBot/1.2; +https://opensiteexplorer.org/dotbot; help@moz.com)"
216.244.66.242 - - [31/Dec/2023:01:14:04 +0100] "GET /captain-america-bust-bank-p-30234.html HTTP/1.0" 301 81330 "-" "Mozilla/5.0 (compatible; DotBot/1.2; +https://opensiteexplorer.org/dotbot; help@moz.com)"
185.191.171.7 - - [31/Dec/2023:01:14:13 +0100] "GET /gold-sequined-tealight-candles-p-59600.html?action=add_product HTTP/1.0" 302 476 "-" "Mozilla/5.0 (compatible; SemrushBot/7~bl; +http://www.semrush.com/bot.html)"
216.244.66.242 - - [31/Dec/2023:01:14:18 +0100] "GET /cats-and-flowers-table-set-p-45634.html HTTP/1.0" 301 81453 "-" "Mozilla/5.0 (compatible; DotBot/1.2; +https://opensiteexplorer.org/dotbot; help@moz.com)"
216.244.66.242 - - [31/Dec/2023:01:14:30 +0100] "GET /cats-flowers-large-glass-sold-individually-p-45627.html HTTP/1.0" 301 81330 "-" "Mozilla/5.0 (compatible; DotBot/1.2; +https://opensiteexplorer.org/dotbot; help@moz.com)"
54.36.148.9 - - [31/Dec/2023:01:14:32 +0100] "GET /mugs-saucers-chouettes-michelle-allen-p-56941.html HTTP/1.0" 200 84938 "-" "Mozilla/5.0 (compatible; AhrefsBot/7.0; +http://ahrefs.com/robot/)"
216.244.66.242 - - [31/Dec/2023:01:14:41 +0100] "GET /cbkreation-phone-cover-iphone-p-23473.html HTTP/1.0" 301 81330 "-" "Mozilla/5.0 (compatible; DotBot/1.2; +https://opensiteexplorer.org/dotbot; help@moz.com)"
85.208.96.203 - - [31/Dec/2023:01:14:42 +0100] "GET /-p-46160.html?action=add_product HTTP/1.0" 302 476 "-" "Mozilla/5.0 (compatible; SemrushBot/7~bl; +http://www.semrush.com/bot.html)"
216.244.66.242 - - [31/Dec/2023:01:14:53 +0100] "GET /chair-cushion-grey-40-cm-harlem-p-38895.html HTTP/1.0" 301 81330 "-" "Mozilla/5.0 (compatible; DotBot/1.2; +https://opensiteexplorer.org/dotbot; help@moz.com)"
216.244.66.242 - - [31/Dec/2023:01:15:04 +0100] "GET /charmmy-kitty-small-cosmetic-bag-p-26670.html HTTP/1.0" 301 81501 "-" "Mozilla/5.0 (compatible; DotBot/1.2; +https://opensiteexplorer.org/dotbot; help@moz.com)"
216.244.66.242 - - [31/Dec/2023:01:15:15 +0100] "GET /clifford-the-big-red-dog-set-p-32960.html HTTP/1.0" 301 81330 "-" "Mozilla/5.0 (compatible; DotBot/1.2; +https://opensiteexplorer.org/dotbot; help@moz.com)"
216.244.66.242 - - [31/Dec/2023:01:15:25 +0100] "GET /coton-braided-rug-50-80-cm-chantilly-p-48700.html HTTP/1.0" 301 81469 "-" "Mozilla/5.0 (compatible; DotBot/1.2; +https://opensiteexplorer.org/dotbot; help@moz.com)"
216.244.66.242 - - [31/Dec/2023:01:15:36 +0100] "GET /curtain-eyelets-goa-blue-duck-140-240-cm-p-42533.html HTTP/1.0" 301 81330 "-" "Mozilla/5.0 (compatible; DotBot/1.2; +https://opensiteexplorer.org/dotbot; help@moz.com)"
216.244.66.242 - - [31/Dec/2023:01:15:46 +0100] "GET /cushion-cover-40-40-cm-ethnik-p-49952.html HTTP/1.0" 301 84610 "-" "Mozilla/5.0 (compatible; DotBot/1.2; +https://opensiteexplorer.org/dotbot; help@moz.com)"
54.36.148.134 - - [31/Dec/2023:01:15:47 +0100] "GET /silhouette-ceramic-vase-birth-venus-bottice-p-60994.html HTTP/1.0" 200 86087 "-" "Mozilla/5.0 (compatible; AhrefsBot/7.0; +http://ahrefs.com/robot/)"
216.244.66.242 - - [31/Dec/2023:01:15:55 +0100] "GET /cushion-cover-40-40-cm-leaf-p-52020.html HTTP/1.0" 301 84583 "-" "Mozilla/5.0 (compatible; DotBot/1.2; +https://opensiteexplorer.org/dotbot; help@moz.com)"
85.208.96.202 - - [31/Dec/2023:01:15:59 +0100] "GET /-p-40406.html?action=add_product HTTP/1.0" 302 476 "-" "Mozilla/5.0 (compatible; SemrushBot/7~bl; +http://www.semrush.com/bot.html)"
216.244.66.242 - - [31/Dec/2023:01:16:02 +0100] "GET /despicable-me-mini-led-lamp-p-32895.html HTTP/1.0" 301 81330 "-" "Mozilla/5.0 (compatible; DotBot/1.2; +https://opensiteexplorer.org/dotbot; help@moz.com)"
216.244.66.242 - - [31/Dec/2023:01:16:09 +0100] "GET /doll-minisophie-dangling-plush-30-cm-p-33420.html HTTP/1.0" 301 81330 "-" "Mozilla/5.0 (compatible; DotBot/1.2; +https://opensiteexplorer.org/dotbot; help@moz.com)"
216.244.66.242 - - [31/Dec/2023:01:16:21 +0100] "GET /elvis-presley-rectangular-mirror-p-18039.html HTTP/1.0" 301 81330 "-" "Mozilla/5.0 (compatible; DotBot/1.2; +https://opensiteexplorer.org/dotbot; help@moz.com)"
216.244.66.242 - - [31/Dec/2023:01:16:31 +0100] "GET /gorjuss-the-fox-notebook-p-29451.html HTTP/1.0" 301 81330 "-" "Mozilla/5.0 (compatible; DotBot/1.2; +https://opensiteexplorer.org/dotbot; help@moz.com)"
216.244.66.242 - - [31/Dec/2023:01:16:39 +0100] "GET /gorjuss-toadstools-pencil-tin-p-29915.html HTTP/1.0" 301 81330 "-" "Mozilla/5.0 (compatible; DotBot/1.2; +https://opensiteexplorer.org/dotbot; help@moz.com)"
216.244.66.242 - - [31/Dec/2023:01:16:48 +0100] "GET /great-bag-retro-theme-paris-p-30038.html HTTP/1.0" 301 81330 "-" "Mozilla/5.0 (compatible; DotBot/1.2; +https://opensiteexplorer.org/dotbot; help@moz.com)"
128.176.193.69 - - [31/Dec/2023:01:16:52 +0100] "GET /images/mini_prod/8412497371747.jpg HTTP/1.0" 200 269 "-" "python-requests/2.31.0"
66.249.74.98 - - [31/Dec/2023:01:16:56 +0100] "GET /images/big_prod_1/3664944184355a.jpg HTTP/1.0" 200 271 "-" "Googlebot-Image/1.0"
216.244.66.242 - - [31/Dec/2023:01:16:58 +0100] "GET /gund-jackson-teddy-bear-34-cm-p-35602.html HTTP/1.0" 301 81330 "-" "Mozilla/5.0 (compatible; DotBot/1.2; +https://opensiteexplorer.org/dotbot; help@moz.com)"
216.244.66.242 - - [31/Dec/2023:01:17:06 +0100] "GET /happy-colors-travel-bag-p-19012.html HTTP/1.0" 301 81330 "-" "Mozilla/5.0 (compatible; DotBot/1.2; +https://opensiteexplorer.org/dotbot; help@moz.com)"
54.36.148.29 - - [31/Dec/2023:01:17:10 +0100] "GET /vampire-stitch-figurine-shore-p-58349.html HTTP/1.0" 200 84912 "-" "Mozilla/5.0 (compatible; AhrefsBot/7.0; +http://ahrefs.com/robot/)"
216.244.66.242 - - [31/Dec/2023:01:17:14 +0100] "GET /jar-candle-30-hours-pink-blossom-p-38949.html HTTP/1.0" 301 81463 "-" "Mozilla/5.0 (compatible; DotBot/1.2; +https://opensiteexplorer.org/dotbot; help@moz.com)"
185.191.171.19 - - [31/Dec/2023:01:17:19 +0100] "GET /serpent-gold-table-lamp-p-55083.html?action=add_product HTTP/1.0" 302 476 "-" "Mozilla/5.0 (compatible; SemrushBot/7~bl; +http://www.semrush.com/bot.html)"
216.244.66.242 - - [31/Dec/2023:01:17:22 +0100] "GET /laughing-emoticon-cushion-p-39370.html HTTP/1.0" 301 81330 "-" "Mozilla/5.0 (compatible; DotBot/1.2; +https://opensiteexplorer.org/dotbot; help@moz.com)"
85.208.96.199 - - [31/Dec/2023:01:17:26 +0100] "GET /-p-39591.html?action=add_product HTTP/1.0" 302 476 "-" "Mozilla/5.0 (compatible; SemrushBot/7~bl; +http://www.semrush.com/bot.html)"
216.244.66.242 - - [31/Dec/2023:01:17:29 +0100] "GET /lego-cone-blue-storage-box-p-12259.html HTTP/1.0" 301 81330 "-" "Mozilla/5.0 (compatible; DotBot/1.2; +https://opensiteexplorer.org/dotbot; help@moz.com)"
216.244.66.242 - - [31/Dec/2023:01:17:35 +0100] "GET /little-buddha-collection-mug-yellow-p-43045.html HTTP/1.0" 301 81498 "-" "Mozilla/5.0 (compatible; DotBot/1.2; +https://opensiteexplorer.org/dotbot; help@moz.com)"
216.244.66.242 - - [31/Dec/2023:01:17:42 +0100] "GET /mani-the-lucky-cat-figurine-11-cm-p-47601.html HTTP/1.0" 301 81330 "-" "Mozilla/5.0 (compatible; DotBot/1.2; +https://opensiteexplorer.org/dotbot; help@moz.com)"
216.244.66.242 - - [31/Dec/2023:01:17:48 +0100] "GET /mani-the-lucky-cat-red-11-cm-p-39917.html HTTP/1.0" 301 81330 "-" "Mozilla/5.0 (compatible; DotBot/1.2; +https://opensiteexplorer.org/dotbot; help@moz.com)"
216.244.66.242 - - [31/Dec/2023:01:17:54 +0100] "GET /marilyn-monroe-black-vertical-shopping-bag-p-39787.html HTTP/1.0" 301 81561 "-" "Mozilla/5.0 (compatible; DotBot/1.2; +https://opensiteexplorer.org/dotbot; help@moz.com)"
216.244.66.242 - - [31/Dec/2023:01:18:02 +0100] "GET /mini-magnetic-plate-retro-p-30534.html HTTP/1.0" 301 81330 "-" "Mozilla/5.0 (compatible; DotBot/1.2; +https://opensiteexplorer.org/dotbot; help@moz.com)"
216.244.66.242 - - [31/Dec/2023:01:18:09 +0100] "GET /mushroom-lamp-in-aged-metal-40-cm-p-48268.html HTTP/1.0" 301 81446 "-" "Mozilla/5.0 (compatible; DotBot/1.2; +https://opensiteexplorer.org/dotbot; help@moz.com)"
85.208.96.198 - - [31/Dec/2023:01:18:14 +0100] "GET /suitcase-braiding-imitation-leather-p-49870.html?action=add_product HTTP/1.0" 302 476 "-" "Mozilla/5.0 (compatible; SemrushBot/7~bl; +http://www.semrush.com/bot.html)"
216.244.66.242 - - [31/Dec/2023:01:18:16 +0100] "GET /nici-horse-and-butterfly-stamp-p-22395.html HTTP/1.0" 301 81489 "-" "Mozilla/5.0 (compatible; DotBot/1.2; +https://opensiteexplorer.org/dotbot; help@moz.com)"
216.244.66.242 - - [31/Dec/2023:01:18:23 +0100] "GET /nici-leopard-plush-15-cm-p-22351.html HTTP/1.0" 301 81330 "-" "Mozilla/5.0 (compatible; DotBot/1.2; +https://opensiteexplorer.org/dotbot; help@moz.com)"
85.208.96.201 - - [31/Dec/2023:01:18:27 +0100] "GET /strawberry-shortcake-fleece-scarf-p-22134.html?action=add_product HTTP/1.0" 302 476 "-" "Mozilla/5.0 (compatible; SemrushBot/7~bl; +http://www.semrush.com/bot.html)"
54.36.149.46 - - [31/Dec/2023:01:18:27 +0100] "GET /isothermic-stainless-steel-bottle-p-56548.html HTTP/1.0" 200 84354 "-" "Mozilla/5.0 (compatible; AhrefsBot/7.0; +http://ahrefs.com/robot/)"
216.244.66.242 - - [31/Dec/2023:01:18:30 +0100] "GET /orange-and-green-buddha-head-glass-lamp-p-47221.html HTTP/1.0" 301 81503 "-" "Mozilla/5.0 (compatible; DotBot/1.2; +https://opensiteexplorer.org/dotbot; help@moz.com)"
216.244.66.242 - - [31/Dec/2023:01:18:37 +0100] "GET /owl-melamine-tray-36-cm-p-45128.html HTTP/1.0" 301 81425 "-" "Mozilla/5.0 (compatible; DotBot/1.2; +https://opensiteexplorer.org/dotbot; help@moz.com)"
17.241.219.186 - - [31/Dec/2023:01:18:38 +0100] "GET /home-fragrance-heart-home-bergamot-marine-musk-p-55307.html HTTP/1.0" 200 81403 "-" "Mozilla/5.0 (Macintosh; Intel Mac OS X 10_15_5) AppleWebKit/605.1.15 (KHTML, like Gecko) Version/13.1.1 Safari/605.1.15 (Applebot/0.1; +http://www.apple.com/go/applebot)"
216.244.66.242 - - [31/Dec/2023:01:18:43 +0100] "GET /owl-tisaniere-with-metal-infuser-mod-p-36541.html HTTP/1.0" 301 81330 "-" "Mozilla/5.0 (compatible; DotBot/1.2; +https://opensiteexplorer.org/dotbot; help@moz.com)"
85.208.96.204 - - [31/Dec/2023:01:18:47 +0100] "GET /mini-metal-tray-dubout-cats-p-52476.html?action=add_product HTTP/1.0" 302 476 "-" "Mozilla/5.0 (compatible; SemrushBot/7~bl; +http://www.semrush.com/bot.html)"
216.244.66.242 - - [31/Dec/2023:01:18:51 +0100] "GET /owls-melamine-tray-50-38-cm-p-42210.html HTTP/1.0" 301 81330 "-" "Mozilla/5.0 (compatible; DotBot/1.2; +https://opensiteexplorer.org/dotbot; help@moz.com)"
216.244.66.242 - - [31/Dec/2023:01:19:00 +0100] "GET /paris-je-aime-orange-small-mug-p-18980.html HTTP/1.0" 301 81330 "-" "Mozilla/5.0 (compatible; DotBot/1.2; +https://opensiteexplorer.org/dotbot; help@moz.com)"
216.244.66.242 - - [31/Dec/2023:01:19:10 +0100] "GET /picchu-door-mat-coconut-fiber-p-45689.html HTTP/1.0" 301 81330 "-" "Mozilla/5.0 (compatible; DotBot/1.2; +https://opensiteexplorer.org/dotbot; help@moz.com)"
216.244.66.242 - - [31/Dec/2023:01:19:18 +0100] "GET /pineapple-deco-box-15-cm-p-44693.html HTTP/1.0" 301 81330 "-" "Mozilla/5.0 (compatible; DotBot/1.2; +https://opensiteexplorer.org/dotbot; help@moz.com)"
216.244.66.242 - - [31/Dec/2023:01:19:26 +0100] "GET /pokemon-long-sleeve-shirt-p-32726.html HTTP/1.0" 301 81330 "-" "Mozilla/5.0 (compatible; DotBot/1.2; +https://opensiteexplorer.org/dotbot; help@moz.com)"
216.244.66.242 - - [31/Dec/2023:01:19:35 +0100] "GET /polar-cover-jacquie-michel-p-39084.html HTTP/1.0" 301 81330 "-" "Mozilla/5.0 (compatible; DotBot/1.2; +https://opensiteexplorer.org/dotbot; help@moz.com)"
54.36.148.11 - - [31/Dec/2023:01:19:42 +0100] "GET /monster-high-companion-wallet-p-15502.html HTTP/1.0" 200 84469 "-" "Mozilla/5.0 (compatible; AhrefsBot/7.0; +http://ahrefs.com/robot/)"
216.244.66.242 - - [31/Dec/2023:01:19:43 +0100] "GET /protects-plastic-mattress-160-200-cm-p-33873.html HTTP/1.0" 301 81471 "-" "Mozilla/5.0 (compatible; DotBot/1.2; +https://opensiteexplorer.org/dotbot; help@moz.com)"
216.244.66.242 - - [31/Dec/2023:01:19:51 +0100] "GET /psg-red-horizontal-toiletry-bag-p-35221.html HTTP/1.0" 301 81330 "-" "Mozilla/5.0 (compatible; DotBot/1.2; +https://opensiteexplorer.org/dotbot; help@moz.com)"
216.244.66.242 - - [31/Dec/2023:01:20:00 +0100] "GET /pusheen-mermaid-star-soft-toy-16-cm-p-41680.html HTTP/1.0" 301 81330 "-" "Mozilla/5.0 (compatible; DotBot/1.2; +https://opensiteexplorer.org/dotbot; help@moz.com)"
40.77.167.22 - - [31/Dec/2023:01:20:05 +0100] "GET /furnishings-c-13_87.html HTTP/1.0" 301 93322 "-" "Mozilla/5.0 AppleWebKit/537.36 (KHTML, like Gecko; compatible; bingbot/2.0; +http://www.bing.com/bingbot.htm) Chrome/116.0.1938.76 Safari/537.36"
216.244.66.242 - - [31/Dec/2023:01:20:08 +0100] "GET /rectangular-basket-braided-willow-p-49695.html HTTP/1.0" 301 81330 "-" "Mozilla/5.0 (compatible; DotBot/1.2; +https://opensiteexplorer.org/dotbot; help@moz.com)"
185.191.171.7 - - [31/Dec/2023:01:20:10 +0100] "GET /toilet-paper-dispenser-p-42986.html?action=add_product HTTP/1.0" 302 476 "-" "Mozilla/5.0 (compatible; SemrushBot/7~bl; +http://www.semrush.com/bot.html)"
216.244.66.242 - - [31/Dec/2023:01:20:15 +0100] "GET /rectangular-clock-quote-50-cm-p-42932.html HTTP/1.0" 301 81330 "-" "Mozilla/5.0 (compatible; DotBot/1.2; +https://opensiteexplorer.org/dotbot; help@moz.com)"
216.244.66.242 - - [31/Dec/2023:01:20:23 +0100] "GET /retro-wooden-shelf-cabinet-white-patina-p-45817.html HTTP/1.0" 301 83925 "-" "Mozilla/5.0 (compatible; DotBot/1.2; +https://opensiteexplorer.org/dotbot; help@moz.com)"
216.244.66.242 - - [31/Dec/2023:01:20:31 +0100] "GET /sacred-heart-of-mary-prayer-candle-novena-p-44461.html HTTP/1.0" 301 81502 "-" "Mozilla/5.0 (compatible; DotBot/1.2; +https://opensiteexplorer.org/dotbot; help@moz.com)"
40.77.167.13 - - [31/Dec/2023:01:20:33 +0100] "GET /fitted-sheet-with-head-foot-lifting-p-42593.html HTTP/1.0" 200 81469 "-" "Mozilla/5.0 AppleWebKit/537.36 (KHTML, like Gecko; compatible; bingbot/2.0; +http://www.bing.com/bingbot.htm) Chrome/116.0.1938.76 Safari/537.36"
216.244.66.242 - - [31/Dec/2023:01:20:40 +0100] "GET /samsung-s2-phone-cover-cbkreation-p-14966.html HTTP/1.0" 301 81330 "-" "Mozilla/5.0 (compatible; DotBot/1.2; +https://opensiteexplorer.org/dotbot; help@moz.com)"
216.244.66.242 - - [31/Dec/2023:01:20:49 +0100] "GET /school-bus-american-retro-peg-29-cm-p-35729.html HTTP/1.0" 301 81453 "-" "Mozilla/5.0 (compatible; DotBot/1.2; +https://opensiteexplorer.org/dotbot; help@moz.com)"
216.244.66.242 - - [31/Dec/2023:01:20:56 +0100] "GET /sentiment-tea-towel-kitchen-towel-70-35-cm-p-43620.html HTTP/1.0" 301 84472 "-" "Mozilla/5.0 (compatible; DotBot/1.2; +https://opensiteexplorer.org/dotbot; help@moz.com)"
54.36.148.2 - - [31/Dec/2023:01:20:57 +0100] "GET /toiletry-p-42975.html HTTP/1.0" 200 83632 "-" "Mozilla/5.0 (compatible; AhrefsBot/7.0; +http://ahrefs.com/robot/)"
216.244.66.242 - - [31/Dec/2023:01:21:04 +0100] "GET /sentiment-tea-towel-kitchen-towel-70-35-cm-p-43627.html HTTP/1.0" 301 84472 "-" "Mozilla/5.0 (compatible; DotBot/1.2; +https://opensiteexplorer.org/dotbot; help@moz.com)"
85.208.96.212 - - [31/Dec/2023:01:21:06 +0100] "GET /beach-shower-curtain-p-37701.html?action=add_product HTTP/1.0" 302 476 "-" "Mozilla/5.0 (compatible; SemrushBot/7~bl; +http://www.semrush.com/bot.html)"
216.244.66.242 - - [31/Dec/2023:01:21:12 +0100] "GET /sevan-bedclothes-260-240-cm-p-41775.html HTTP/1.0" 301 81330 "-" "Mozilla/5.0 (compatible; DotBot/1.2; +https://opensiteexplorer.org/dotbot; help@moz.com)"
216.244.66.242 - - [31/Dec/2023:01:21:18 +0100] "GET /sheer-curtain-eyelets-paris-135-250-cm-p-36471.html HTTP/1.0" 301 81330 "-" "Mozilla/5.0 (compatible; DotBot/1.2; +https://opensiteexplorer.org/dotbot; help@moz.com)"
216.244.66.242 - - [31/Dec/2023:01:21:27 +0100] "GET /small-ceramic-ashtray-the-gourmet-bistro-p-50647.html HTTP/1.0" 301 83852 "-" "Mozilla/5.0 (compatible; DotBot/1.2; +https://opensiteexplorer.org/dotbot; help@moz.com)"
216.244.66.242 - - [31/Dec/2023:01:21:34 +0100] "GET /small-chubby-rabbit-kaloo-blue-p-15732.html HTTP/1.0" 301 81330 "-" "Mozilla/5.0 (compatible; DotBot/1.2; +https://opensiteexplorer.org/dotbot; help@moz.com)"
216.244.66.242 - - [31/Dec/2023:01:21:41 +0100] "GET /spain-flag-mug-by-cbkreation-p-13973.html HTTP/1.0" 301 83716 "-" "Mozilla/5.0 (compatible; DotBot/1.2; +https://opensiteexplorer.org/dotbot; help@moz.com)"
185.191.171.19 - - [31/Dec/2023:01:21:44 +0100] "GET /salt-lamp-tree-life-approx-p-57159.html?action=add_product HTTP/1.0" 302 476 "-" "Mozilla/5.0 (compatible; SemrushBot/7~bl; +http://www.semrush.com/bot.html)"
216.244.66.242 - - [31/Dec/2023:01:21:49 +0100] "GET /spice-rack-natural-wood-33-cm-p-35720.html HTTP/1.0" 301 81330 "-" "Mozilla/5.0 (compatible; DotBot/1.2; +https://opensiteexplorer.org/dotbot; help@moz.com)"
216.244.66.242 - - [31/Dec/2023:01:21:56 +0100] "GET /teo-jasmin-inuit-mini-mug-p-38466.html HTTP/1.0" 301 81330 "-" "Mozilla/5.0 (compatible; DotBot/1.2; +https://opensiteexplorer.org/dotbot; help@moz.com)"
216.244.66.242 - - [31/Dec/2023:01:22:04 +0100] "GET /teo-jasmin-make-up-pouch-teo-koala-grey-p-38838.html HTTP/1.0" 301 81330 "-" "Mozilla/5.0 (compatible; DotBot/1.2; +https://opensiteexplorer.org/dotbot; help@moz.com)"
185.191.171.11 - - [31/Dec/2023:01:22:10 +0100] "GET /calorya-gentle-heat-aromatic-diffuser-p-57371.html?action=add_product HTTP/1.0" 302 476 "-" "Mozilla/5.0 (compatible; SemrushBot/7~bl; +http://www.semrush.com/bot.html)"
216.244.66.242 - - [31/Dec/2023:01:22:11 +0100] "GET /teo-jasmin-medium-cabas-p-44167.html HTTP/1.0" 301 81330 "-" "Mozilla/5.0 (compatible; DotBot/1.2; +https://opensiteexplorer.org/dotbot; help@moz.com)"
54.36.148.50 - - [31/Dec/2023:01:22:14 +0100] "GET /dubout-cats-white-p-59565.html HTTP/1.0" 200 83582 "-" "Mozilla/5.0 (compatible; AhrefsBot/7.0; +http://ahrefs.com/robot/)"
216.244.66.242 - - [31/Dec/2023:01:22:24 +0100] "GET /teo-jasmine-medium-cabas-jasmine-diner-pink-p-38678.html HTTP/1.0" 301 81330 "-" "Mozilla/5.0 (compatible; DotBot/1.2; +https://opensiteexplorer.org/dotbot; help@moz.com)"
216.244.66.242 - - [31/Dec/2023:01:22:39 +0100] "GET /tetsubin-blue-teapot-sheet-below-147-cm-p-40234.html HTTP/1.0" 301 81330 "-" "Mozilla/5.0 (compatible; DotBot/1.2; +https://opensiteexplorer.org/dotbot; help@moz.com)"
216.244.66.242 - - [31/Dec/2023:01:22:57 +0100] "GET /tetsubin-red-teapot-japanese-p-37374.html HTTP/1.0" 301 81448 "-" "Mozilla/5.0 (compatible; DotBot/1.2; +https://opensiteexplorer.org/dotbot; help@moz.com)"
216.244.66.242 - - [31/Dec/2023:01:23:12 +0100] "GET /tree-of-life-towels-coconut-fiber-p-46216.html HTTP/1.0" 301 81330 "-" "Mozilla/5.0 (compatible; DotBot/1.2; +https://opensiteexplorer.org/dotbot; help@moz.com)"
216.244.66.242 - - [31/Dec/2023:01:23:28 +0100] "GET /tree-of-life-wall-sticker-p-41564.html HTTP/1.0" 301 84360 "-" "Mozilla/5.0 (compatible; DotBot/1.2; +https://opensiteexplorer.org/dotbot; help@moz.com)"
216.244.66.242 - - [31/Dec/2023:01:23:42 +0100] "GET /two-beer-or-not-two-beer-metal-plate-deco-p-36751.html HTTP/1.0" 301 81480 "-" "Mozilla/5.0 (compatible; DotBot/1.2; +https://opensiteexplorer.org/dotbot; help@moz.com)"
54.172.212.185 - - [31/Dec/2023:01:23:49 +0100] "GET /images/mini_prod/7601019995375.jpg HTTP/1.0" 200 269 "-" "Go-http-client/1.1"
85.208.96.199 - - [31/Dec/2023:01:23:49 +0100] "GET /little-toiletry-p-43400.html?action=add_product HTTP/1.0" 302 476 "-" "Mozilla/5.0 (compatible; SemrushBot/7~bl; +http://www.semrush.com/bot.html)"
54.36.149.57 - - [31/Dec/2023:01:23:51 +0100] "GET /paperweight-amour-psych-bouguereau-p-53585.html HTTP/1.0" 200 84450 "-" "Mozilla/5.0 (compatible; AhrefsBot/7.0; +http://ahrefs.com/robot/)"
216.244.66.242 - - [31/Dec/2023:01:23:54 +0100] "GET /veux-cuisiner-adult-apron-p-42218.html HTTP/1.0" 301 81330 "-" "Mozilla/5.0 (compatible; DotBot/1.2; +https://opensiteexplorer.org/dotbot; help@moz.com)"
216.244.66.242 - - [31/Dec/2023:01:24:05 +0100] "GET /votive-candle-15-hours-lime-splash-p-39896.html HTTP/1.0" 301 81485 "-" "Mozilla/5.0 (compatible; DotBot/1.2; +https://opensiteexplorer.org/dotbot; help@moz.com)"
128.176.193.69 - - [31/Dec/2023:01:24:10 +0100] "GET /images/mini_prod/1384010202913.jpg HTTP/1.0" 200 269 "-" "python-requests/2.31.0"
85.208.96.197 - - [31/Dec/2023:01:24:15 +0100] "GET /napkin-holder-knotted-wire-gold-p-58522.html?action=add_product HTTP/1.0" 302 476 "-" "Mozilla/5.0 (compatible; SemrushBot/7~bl; +http://www.semrush.com/bot.html)"
216.244.66.242 - - [31/Dec/2023:01:24:15 +0100] "GET /wall-stickers-indian-style-feather-p-39244.html HTTP/1.0" 301 81330 "-" "Mozilla/5.0 (compatible; DotBot/1.2; +https://opensiteexplorer.org/dotbot; help@moz.com)"
216.244.66.242 - - [31/Dec/2023:01:24:25 +0100] "GET /white-resin-skull-figure-15-cm-p-42291.html HTTP/1.0" 301 81330 "-" "Mozilla/5.0 (compatible; DotBot/1.2; +https://opensiteexplorer.org/dotbot; help@moz.com)"
216.244.66.242 - - [31/Dec/2023:01:24:35 +0100] "GET /wooden-box-indian-theme-brown-p-44508.html HTTP/1.0" 301 81330 "-" "Mozilla/5.0 (compatible; DotBot/1.2; +https://opensiteexplorer.org/dotbot; help@moz.com)"
85.208.96.204 - - [31/Dec/2023:01:24:40 +0100] "GET /-p-26829.html?action=add_product HTTP/1.0" 302 476 "-" "Mozilla/5.0 (compatible; SemrushBot/7~bl; +http://www.semrush.com/bot.html)"
216.244.66.242 - - [31/Dec/2023:01:24:43 +0100] "GET /wooden-egg-cellar-18-16-cm-p-44517.html HTTP/1.0" 301 81330 "-" "Mozilla/5.0 (compatible; DotBot/1.2; +https://opensiteexplorer.org/dotbot; help@moz.com)"
216.244.66.242 - - [31/Dec/2023:01:24:50 +0100] "GET /zen-mandala-canvas-frame-p-43098.html HTTP/1.0" 301 81330 "-" "Mozilla/5.0 (compatible; DotBot/1.2; +https://opensiteexplorer.org/dotbot; help@moz.com)"
216.244.66.242 - - [31/Dec/2023:01:25:00 +0100] "GET /zodiac-black-women-tee-shirt-p-30811.html HTTP/1.0" 301 85713 "-" "Mozilla/5.0 (compatible; DotBot/1.2; +https://opensiteexplorer.org/dotbot; help@moz.com)"
216.244.66.242 - - [31/Dec/2023:01:25:08 +0100] "GET /agent-venon-marvel-super-hero-mashers-articulate-figurine-p-32446.html HTTP/1.0" 301 81330 "-" "Mozilla/5.0 (compatible; DotBot/1.2; +https://opensiteexplorer.org/dotbot; help@moz.com)"
216.244.66.242 - - [31/Dec/2023:01:25:16 +0100] "GET /porcelain-mood-espresso-cup-tassen-made-in-germany-p-43289.html HTTP/1.0" 301 81606 "-" "Mozilla/5.0 (compatible; DotBot/1.2; +https://opensiteexplorer.org/dotbot; help@moz.com)"
185.191.171.3 - - [31/Dec/2023:01:25:27 +0100] "GET /-p-24387.html?action=add_product HTTP/1.0" 302 476 "-" "Mozilla/5.0 (compatible; SemrushBot/7~bl; +http://www.semrush.com/bot.html)"
185.191.171.2 - - [31/Dec/2023:01:25:53 +0100] "GET /candle-heart-home-home-christmas-p-53318.html?action=add_product HTTP/1.0" 302 476 "-" "Mozilla/5.0 (compatible; SemrushBot/7~bl; +http://www.semrush.com/bot.html)"
123.127.252.99 - - [31/Dec/2023:01:26:18 +0100] "GET /images/mini_prod/3660173149899.jpg HTTP/1.0" 200 269 "-" "Mozilla/5.0 (X11; Ubuntu; Linux x86_64; rv:72.0) Gecko/20100101 Firefox/72.0"
85.208.96.205 - - [31/Dec/2023:01:26:45 +0100] "GET /littlest-petshop-pink-swimsuit-p-30317.html?action=add_product HTTP/1.0" 302 476 "-" "Mozilla/5.0 (compatible; SemrushBot/7~bl; +http://www.semrush.com/bot.html)"
202.239.4.134 - - [31/Dec/2023:01:27:29 +0100] "GET /small-wooden-magnetic-travel-chess-p-61468.html HTTP/1.0" 200 84989 "-" "Mozilla/5.0 (compatible; Y!J-WSC/1.0; +https://yahoo.jp/3BSZgF)"
85.208.96.205 - - [31/Dec/2023:01:28:08 +0100] "GET /mushroom-sprinkler-p-58567.html?action=add_product HTTP/1.0" 302 476 "-" "Mozilla/5.0 (compatible; SemrushBot/7~bl; +http://www.semrush.com/bot.html)"
51.68.224.127 - - [31/Dec/2023:01:28:10 +0100] "GET /adminweb/export_orders_xml.php?token=256de2z6edz6ed2z6DFSFsed2zed6zeDSFDSGdzedezfzf&maxorders=10&orderstart=1&status=14&start_date=2018-10-01 HTTP/1.0" 200 285 "-" "GesCom CharlotteBoutik Serveur"
51.68.224.127 - - [31/Dec/2023:01:28:10 +0100] "GET /adminweb/export_orders_xml.php?token=256de2z6edz6ed2z6DFSFsed2zed6zeDSFDSGdzedezfzf&maxorders=10&orderstart=1&status=6&start_date=2018-10-01 HTTP/1.0" 200 34422 "-" "GesCom CharlotteBoutik Serveur"
66.249.74.98 - - [31/Dec/2023:01:28:30 +0100] "GET /images/mini_prod/3281640416148.jpg HTTP/1.0" 200 269 "-" "Googlebot-Image/1.0"
85.208.96.207 - - [31/Dec/2023:01:29:09 +0100] "GET /little-prince-soap-p-40109.html?action=add_product HTTP/1.0" 302 476 "-" "Mozilla/5.0 (compatible; SemrushBot/7~bl; +http://www.semrush.com/bot.html)"
85.208.96.194 - - [31/Dec/2023:01:29:36 +0100] "GET /small-japanese-petrol-blue-enameled-cast-iron-teapot-liter-p-57694.html?action=add_product HTTP/1.0" 302 476 "-" "Mozilla/5.0 (compatible; SemrushBot/7~bl; +http://www.semrush.com/bot.html)"
85.208.96.204 - - [31/Dec/2023:01:29:58 +0100] "GET /beige-eyelet-curtain-p-39036.html?action=add_product HTTP/1.0" 302 476 "-" "Mozilla/5.0 (compatible; SemrushBot/7~bl; +http://www.semrush.com/bot.html)"
185.191.171.19 - - [31/Dec/2023:01:31:42 +0100] "GET /keychain-jewel-dream-catcher-black-p-40014.html?action=add_product HTTP/1.0" 302 476 "-" "Mozilla/5.0 (compatible; SemrushBot/7~bl; +http://www.semrush.com/bot.html)"
85.208.96.208 - - [31/Dec/2023:01:31:44 +0100] "GET /stained-pine-wood-chest-p-53486.html?action=add_product HTTP/1.0" 302 476 "-" "Mozilla/5.0 (compatible; SemrushBot/7~bl; +http://www.semrush.com/bot.html)"
85.208.96.204 - - [31/Dec/2023:01:31:58 +0100] "GET /enjoy-your-life-p-40461.html?action=add_product HTTP/1.0" 302 476 "-" "Mozilla/5.0 (compatible; SemrushBot/7~bl; +http://www.semrush.com/bot.html)"
174.192.203.52 - - [31/Dec/2023:01:32:06 +0100] "GET /strawberry-shortcake-bathrobe-size-years-p-12632.html HTTP/1.0" 200 83937 "https://www.google.com/" "Mozilla/5.0 (Linux; Android 10; K) AppleWebKit/537.36 (KHTML, like Gecko) Chrome/120.0.0.0 Mobile Safari/537.36"
174.192.203.52 - - [31/Dec/2023:01:32:09 +0100] "GET /js/jquery.jqzoom.js HTTP/1.0" 200 259 "http://www.wonder-geek.com/strawberry-shortcake-bathrobe-size-years-p-12632.html" "Mozilla/5.0 (Linux; Android 10; K) AppleWebKit/537.36 (KHTML, like Gecko) Chrome/120.0.0.0 Mobile Safari/537.36"
174.192.203.52 - - [31/Dec/2023:01:32:09 +0100] "GET /js/jquery.js HTTP/1.0" 200 252 "http://www.wonder-geek.com/strawberry-shortcake-bathrobe-size-years-p-12632.html" "Mozilla/5.0 (Linux; Android 10; K) AppleWebKit/537.36 (KHTML, like Gecko) Chrome/120.0.0.0 Mobile Safari/537.36"
174.192.203.52 - - [31/Dec/2023:01:32:09 +0100] "GET /highslide/highslide.js HTTP/1.0" 200 262 "http://www.wonder-geek.com/strawberry-shortcake-bathrobe-size-years-p-12632.html" "Mozilla/5.0 (Linux; Android 10; K) AppleWebKit/537.36 (KHTML, like Gecko) Chrome/120.0.0.0 Mobile Safari/537.36"
174.192.203.52 - - [31/Dec/2023:01:32:09 +0100] "GET /templates/Pixame_v1/stylesheet.css HTTP/1.0" 200 267 "http://www.wonder-geek.com/strawberry-shortcake-bathrobe-size-years-p-12632.html" "Mozilla/5.0 (Linux; Android 10; K) AppleWebKit/537.36 (KHTML, like Gecko) Chrome/120.0.0.0 Mobile Safari/537.36"
174.192.203.52 - - [31/Dec/2023:01:32:09 +0100] "GET /mondial_relay/js/jquery-1.3.2.min.js HTTP/1.0" 200 276 "http://www.wonder-geek.com/strawberry-shortcake-bathrobe-size-years-p-12632.html" "Mozilla/5.0 (Linux; Android 10; K) AppleWebKit/537.36 (KHTML, like Gecko) Chrome/120.0.0.0 Mobile Safari/537.36"
174.192.203.52 - - [31/Dec/2023:01:32:09 +0100] "GET /templates/Pixame_v1/images/icon_accueil2.png HTTP/1.0" 200 278 "http://www.wonder-geek.com/strawberry-shortcake-bathrobe-size-years-p-12632.html" "Mozilla/5.0 (Linux; Android 10; K) AppleWebKit/537.36 (KHTML, like Gecko) Chrome/120.0.0.0 Mobile Safari/537.36"
174.192.203.52 - - [31/Dec/2023:01:32:09 +0100] "GET /swfobject.js HTTP/1.0" 404 1308 "http://www.wonder-geek.com/strawberry-shortcake-bathrobe-size-years-p-12632.html" "Mozilla/5.0 (Linux; Android 10; K) AppleWebKit/537.36 (KHTML, like Gecko) Chrome/120.0.0.0 Mobile Safari/537.36"
174.192.203.52 - - [31/Dec/2023:01:32:09 +0100] "GET /templates/Pixame_v1/images/infobox/pixel_trans.gif HTTP/1.0" 200 328 "http://www.wonder-geek.com/strawberry-shortcake-bathrobe-size-years-p-12632.html" "Mozilla/5.0 (Linux; Android 10; K) AppleWebKit/537.36 (KHTML, like Gecko) Chrome/120.0.0.0 Mobile Safari/537.36"
174.192.203.52 - - [31/Dec/2023:01:32:09 +0100] "GET /images/pixel_trans.gif HTTP/1.0" 200 328 "http://www.wonder-geek.com/strawberry-shortcake-bathrobe-size-years-p-12632.html" "Mozilla/5.0 (Linux; Android 10; K) AppleWebKit/537.36 (KHTML, like Gecko) Chrome/120.0.0.0 Mobile Safari/537.36"
174.192.203.52 - - [31/Dec/2023:01:32:09 +0100] "GET /templates/Pixame_v1/images/pixel_trans.gif HTTP/1.0" 200 328 "http://www.wonder-geek.com/strawberry-shortcake-bathrobe-size-years-p-12632.html" "Mozilla/5.0 (Linux; Android 10; K) AppleWebKit/537.36 (KHTML, like Gecko) Chrome/120.0.0.0 Mobile Safari/537.36"
174.192.203.52 - - [31/Dec/2023:01:32:09 +0100] "GET /images/5414629226935.jpg HTTP/1.0" 200 259 "http://www.wonder-geek.com/strawberry-shortcake-bathrobe-size-years-p-12632.html" "Mozilla/5.0 (Linux; Android 10; K) AppleWebKit/537.36 (KHTML, like Gecko) Chrome/120.0.0.0 Mobile Safari/537.36"
174.192.203.52 - - [31/Dec/2023:01:32:09 +0100] "GET /templates/Pixame_v1/images/buttons/english/button_in_cart.gif HTTP/1.0" 200 295 "http://www.wonder-geek.com/strawberry-shortcake-bathrobe-size-years-p-12632.html" "Mozilla/5.0 (Linux; Android 10; K) AppleWebKit/537.36 (KHTML, like Gecko) Chrome/120.0.0.0 Mobile Safari/537.36"
174.192.203.52 - - [31/Dec/2023:01:32:09 +0100] "GET /templates/Pixame_v1/images/Bottom_texture.jpg HTTP/1.0" 200 280 "http://www.wonder-geek.com/templates/Pixame_v1/stylesheet.css" "Mozilla/5.0 (Linux; Android 10; K) AppleWebKit/537.36 (KHTML, like Gecko) Chrome/120.0.0.0 Mobile Safari/537.36"
174.192.203.52 - - [31/Dec/2023:01:32:09 +0100] "GET /templates/Pixame_v1/images/Middle_texture.jpg HTTP/1.0" 200 280 "http://www.wonder-geek.com/templates/Pixame_v1/stylesheet.css" "Mozilla/5.0 (Linux; Android 10; K) AppleWebKit/537.36 (KHTML, like Gecko) Chrome/120.0.0.0 Mobile Safari/537.36"
174.192.203.52 - - [31/Dec/2023:01:32:09 +0100] "GET /templates/Pixame_v1/images/header.png HTTP/1.0" 200 271 "http://www.wonder-geek.com/templates/Pixame_v1/stylesheet.css" "Mozilla/5.0 (Linux; Android 10; K) AppleWebKit/537.36 (KHTML, like Gecko) Chrome/120.0.0.0 Mobile Safari/537.36"
174.192.203.52 - - [31/Dec/2023:01:32:09 +0100] "GET /templates/Pixame_v1/images/header-object.png HTTP/1.0" 200 278 "http://www.wonder-geek.com/templates/Pixame_v1/stylesheet.css" "Mozilla/5.0 (Linux; Android 10; K) AppleWebKit/537.36 (KHTML, like Gecko) Chrome/120.0.0.0 Mobile Safari/537.36"
174.192.203.52 - - [31/Dec/2023:01:32:09 +0100] "GET /templates/Pixame_v1/images/nav.png HTTP/1.0" 200 268 "http://www.wonder-geek.com/templates/Pixame_v1/stylesheet.css" "Mozilla/5.0 (Linux; Android 10; K) AppleWebKit/537.36 (KHTML, like Gecko) Chrome/120.0.0.0 Mobile Safari/537.36"
174.192.203.52 - - [31/Dec/2023:01:32:09 +0100] "GET /highslide/graphics/zoomin.cur HTTP/1.0" 200 614 "http://www.wonder-geek.com/templates/Pixame_v1/stylesheet.css" "Mozilla/5.0 (Linux; Android 10; K) AppleWebKit/537.36 (KHTML, like Gecko) Chrome/120.0.0.0 Mobile Safari/537.36"
