17.241.75.23 - - [02/Jan/2024:08:40:12 +0100] "GET /mondial_relay/js/jquery-1.3.2.min.js HTTP/1.0" 200 276 "http://www.wonder-geek.com/pillowcases-c-11_166.html" "Mozilla/5.0 (Macintosh; Intel Mac OS X 10_15_5) AppleWebKit/605.1.15 (KHTML, like Gecko) Version/13.1.1 Safari/605.1.15 (Applebot/0.1; +http://www.apple.com/go/applebot)"
17.241.75.177 - - [02/Jan/2024:08:40:12 +0100] "GET /js/jquery.jqzoom.js HTTP/1.0" 200 259 "http://www.wonder-geek.com/pillowcases-c-11_166.html" "Mozilla/5.0 (Macintosh; Intel Mac OS X 10_15_5) AppleWebKit/605.1.15 (KHTML, like Gecko) Version/13.1.1 Safari/605.1.15 (Applebot/0.1; +http://www.apple.com/go/applebot)"
17.241.227.29 - - [02/Jan/2024:08:40:13 +0100] "GET /swfobject.js HTTP/1.0" 404 1308 "http://www.wonder-geek.com/pillowcases-c-11_166.html" "Mozilla/5.0 (Macintosh; Intel Mac OS X 10_15_5) AppleWebKit/605.1.15 (KHTML, like Gecko) Version/13.1.1 Safari/605.1.15 (Applebot/0.1; +http://www.apple.com/go/applebot)"
17.241.75.232 - - [02/Jan/2024:08:40:13 +0100] "GET /js/modernizr-transitions.js HTTP/1.0" 200 267 "http://www.wonder-geek.com/pillowcases-c-11_166.html" "Mozilla/5.0 (Macintosh; Intel Mac OS X 10_15_5) AppleWebKit/605.1.15 (KHTML, like Gecko) Version/13.1.1 Safari/605.1.15 (Applebot/0.1; +http://www.apple.com/go/applebot)"
17.241.219.157 - - [02/Jan/2024:08:40:13 +0100] "GET /js/jquery.masonry.min.js HTTP/1.0" 200 264 "http://www.wonder-geek.com/pillowcases-c-11_166.html" "Mozilla/5.0 (Macintosh; Intel Mac OS X 10_15_5) AppleWebKit/605.1.15 (KHTML, like Gecko) Version/13.1.1 Safari/605.1.15 (Applebot/0.1; +http://www.apple.com/go/applebot)"
54.36.148.105 - - [02/Jan/2024:08:40:46 +0100] "GET /avengers-marvel-large-weekend-p-35541.html HTTP/1.0" 200 83817 "-" "Mozilla/5.0 (compatible; AhrefsBot/7.0; +http://ahrefs.com/robot/)"
110.249.202.148 - - [02/Jan/2024:08:41:17 +0100] "GET /robots.txt HTTP/1.0" 200 245 "-" "Mozilla/5.0 (Linux; Android 5.0) AppleWebKit/537.36 (KHTML, like Gecko) Mobile Safari/537.36 (compatible; Bytespider; https://zhanzhang.toutiao.com/)"
101.44.251.121 - - [02/Jan/2024:08:42:01 +0100] "GET /images/mini_prod/3609810031302.jpg HTTP/1.0" 200 269 "-" "Mozilla/5.0 (Windows NT 10.0; Win64; x64) AppleWebKit/537.36 (KHTML, like Gecko) Chrome/58.0.3029.110 Safari/537.3"
216.244.66.242 - - [02/Jan/2024:08:42:21 +0100] "GET /robots.txt HTTP/1.0" 200 245 "-" "Mozilla/5.0 (compatible; DotBot/1.2; +https://opensiteexplorer.org/dotbot; help@moz.com)"
54.36.149.14 - - [02/Jan/2024:08:42:28 +0100] "GET /provence-oven-mitt-p-44526.html HTTP/1.0" 200 83613 "-" "Mozilla/5.0 (compatible; AhrefsBot/7.0; +http://ahrefs.com/robot/)"
110.249.202.145 - - [02/Jan/2024:08:42:36 +0100] "GET /images/4027950.jpg HTTP/1.0" 200 253 "-" "Mozilla/5.0 (Linux; Android 5.0) AppleWebKit/537.36 (KHTML, like Gecko) Mobile Safari/537.36 (compatible; Bytespider; spider-feedback@bytedance.com)"
17.241.227.73 - - [02/Jan/2024:08:42:37 +0100] "GET /kiub-collection-jewels-cool-p-56237.html HTTP/1.0" 200 81393 "-" "Mozilla/5.0 (Macintosh; Intel Mac OS X 10_15_5) AppleWebKit/605.1.15 (KHTML, like Gecko) Version/13.1.1 Safari/605.1.15 (Applebot/0.1; +http://www.apple.com/go/applebot)"
52.167.144.145 - - [02/Jan/2024:08:42:38 +0100] "GET /money-boxes-c-13_83.html HTTP/1.0" 200 102359 "-" "Mozilla/5.0 AppleWebKit/537.36 (KHTML, like Gecko; compatible; bingbot/2.0; +http://www.bing.com/bingbot.htm) Chrome/116.0.1938.76 Safari/537.36"
52.167.144.145 - - [02/Jan/2024:08:42:42 +0100] "GET /lighting-c-13_86.html HTTP/1.0" 200 102169 "-" "Mozilla/5.0 AppleWebKit/537.36 (KHTML, like Gecko; compatible; bingbot/2.0; +http://www.bing.com/bingbot.htm) Chrome/116.0.1938.76 Safari/537.36"
128.176.193.69 - - [02/Jan/2024:08:42:50 +0100] "GET /images/mini_prod/101208_222534_PEEL_QnFmad.jpg HTTP/1.0" 200 281 "-" "python-requests/2.31.0"
54.36.148.236 - - [02/Jan/2024:08:43:59 +0100] "GET /spain-flag-cbkreation-alarm-clock-p-24982.html HTTP/1.0" 200 83754 "-" "Mozilla/5.0 (compatible; AhrefsBot/7.0; +http://ahrefs.com/robot/)"
54.36.148.202 - - [02/Jan/2024:08:45:30 +0100] "GET /vinci-joconde-shoulder-hook-made-france-p-47432.html HTTP/1.0" 200 84063 "-" "Mozilla/5.0 (compatible; AhrefsBot/7.0; +http://ahrefs.com/robot/)"
119.63.195.252 - - [02/Jan/2024:08:46:18 +0100] "GET /images/mini_prod/6942138908640.jpg HTTP/1.0" 200 269 "-" "Mozilla/5.0 (Macintosh; Intel Mac OS X 10_15_7) AppleWebKit/537.36 (KHTML, like Gecko) Chrome/116.0.0.0 Safari/537.36"
103.131.71.23 - - [02/Jan/2024:08:46:51 +0100] "GET /robots.txt HTTP/1.0" 301 531 "-" "Mozilla/5.0 (compatible; coccocbot-image/1.0; +http://help.coccoc.com/searchengine)"
103.131.71.23 - - [02/Jan/2024:08:46:54 +0100] "GET /robots.txt HTTP/1.0" 200 245 "-" "Mozilla/5.0 (compatible; coccocbot-image/1.0; +http://help.coccoc.com/searchengine)"
66.249.66.206 - - [02/Jan/2024:08:47:01 +0100] "GET /kitchen-towel-royal-peacock-p-58546.html HTTP/1.0" 200 84917 "-" "Mozilla/5.0 (Linux; Android 6.0.1; Nexus 5X Build/MMB29P) AppleWebKit/537.36 (KHTML, like Gecko) Chrome/120.0.6099.71 Mobile Safari/537.36 (compatible; Googlebot/2.1; +http://www.google.com/bot.html)"
54.36.148.182 - - [02/Jan/2024:08:47:02 +0100] "GET /transportable-light-brown-table-lamp-p-56450.html HTTP/1.0" 200 84501 "-" "Mozilla/5.0 (compatible; AhrefsBot/7.0; +http://ahrefs.com/robot/)"
3.239.17.152 - - [02/Jan/2024:08:47:07 +0100] "GET /images/mini_prod/76010199927701.jpg HTTP/1.0" 200 270 "-" "Go-http-client/1.1"
54.36.148.182 - - [02/Jan/2024:08:48:45 +0100] "GET /cotton-tablecloth-exotic-spirit-p-39888.html HTTP/1.0" 200 83760 "-" "Mozilla/5.0 (compatible; AhrefsBot/7.0; +http://ahrefs.com/robot/)"
131.96.255.1 - - [02/Jan/2024:08:49:05 +0100] "GET /images/mini_prod/3438100326046.jpg HTTP/1.0" 200 269 "-" "Mozilla/5.0 (X11; Ubuntu; Linux x86_64; rv:72.0) Gecko/20100101 Firefox/72.0"
54.36.148.217 - - [02/Jan/2024:08:50:22 +0100] "GET /marley-pencil-p-5063.html HTTP/1.0" 200 81319 "-" "Mozilla/5.0 (compatible; AhrefsBot/7.0; +http://ahrefs.com/robot/)"
54.36.148.38 - - [02/Jan/2024:08:50:24 +0100] "GET /images/big_prod/1341689800222.jpg HTTP/1.0" 200 268 "-" "Mozilla/5.0 (compatible; AhrefsBot/7.0; +http://ahrefs.com/robot/)"
202.239.4.46 - - [02/Jan/2024:08:50:46 +0100] "GET /-c-95_368.html HTTP/1.0" 200 80131 "-" "Mozilla/5.0 (compatible; Y!J-WSC/1.0; +https://yahoo.jp/3BSZgF)"
40.77.167.13 - - [02/Jan/2024:08:51:46 +0100] "GET /alarms-clocks-c-13_65.html?page=4 HTTP/1.0" 200 90928 "-" "Mozilla/5.0 AppleWebKit/537.36 (KHTML, like Gecko; compatible; bingbot/2.0; +http://www.bing.com/bingbot.htm) Chrome/116.0.1938.76 Safari/537.36"
54.36.148.16 - - [02/Jan/2024:08:51:56 +0100] "GET /fragrances-ambiance-c-231.html?page=19 HTTP/1.0" 200 103899 "-" "Mozilla/5.0 (compatible; AhrefsBot/7.0; +http://ahrefs.com/robot/)"
216.244.66.242 - - [02/Jan/2024:08:52:07 +0100] "GET /-p-36488.html HTTP/1.0" 200 81263 "-" "Mozilla/5.0 (compatible; DotBot/1.2; +https://opensiteexplorer.org/dotbot; help@moz.com)"
101.44.249.107 - - [02/Jan/2024:08:52:15 +0100] "GET /images/mini_prod/8422002209427.jpg HTTP/1.0" 200 269 "-" "Mozilla/5.0 (Windows NT 10.0; Win64; x64) AppleWebKit/537.36 (KHTML, like Gecko) Chrome/58.0.3029.110 Safari/537.3"
216.244.66.242 - - [02/Jan/2024:08:52:16 +0100] "GET /corsica-white-women-shirt-drawing-back-p-31002.html HTTP/1.0" 200 81427 "-" "Mozilla/5.0 (compatible; DotBot/1.2; +https://opensiteexplorer.org/dotbot; help@moz.com)"
216.244.66.242 - - [02/Jan/2024:08:52:25 +0100] "GET /gift-tetsubin-light-green-teapot-japanese-liter-p-38418.html HTTP/1.0" 200 81459 "-" "Mozilla/5.0 (compatible; DotBot/1.2; +https://opensiteexplorer.org/dotbot; help@moz.com)"
216.244.66.242 - - [02/Jan/2024:08:52:33 +0100] "GET /skeleton-black-shirt-p-30128.html HTTP/1.0" 200 84795 "-" "Mozilla/5.0 (compatible; DotBot/1.2; +https://opensiteexplorer.org/dotbot; help@moz.com)"
17.241.227.129 - - [02/Jan/2024:08:52:41 +0100] "GET /glass-lamp-p-53105.html HTTP/1.0" 200 81305 "-" "Mozilla/5.0 (Macintosh; Intel Mac OS X 10_15_5) AppleWebKit/605.1.15 (KHTML, like Gecko) Version/13.1.1 Safari/605.1.15 (Applebot/0.1; +http://www.apple.com/go/applebot)"
66.249.66.205 - - [02/Jan/2024:08:53:16 +0100] "GET /images/mini_prod/3453131139632.jpg HTTP/1.0" 200 269 "-" "Googlebot-Image/1.0"
54.36.148.48 - - [02/Jan/2024:08:53:39 +0100] "GET /moki-bedspread-gold-p-56952.html HTTP/1.0" 200 84449 "-" "Mozilla/5.0 (compatible; AhrefsBot/7.0; +http://ahrefs.com/robot/)"
52.167.144.212 - - [02/Jan/2024:08:53:46 +0100] "GET /tassen-metal-made-germany-p-59644.html HTTP/1.0" 200 84893 "-" "Mozilla/5.0 AppleWebKit/537.36 (KHTML, like Gecko; compatible; bingbot/2.0; +http://www.bing.com/bingbot.htm) Chrome/116.0.1938.76 Safari/537.36"
101.44.250.21 - - [02/Jan/2024:08:54:42 +0100] "GET /images/mini_prod/3442440281705.jpg HTTP/1.0" 200 269 "-" "Mozilla/5.0 (Windows NT 10.0; Win64; x64) AppleWebKit/537.36 (KHTML, like Gecko) Chrome/58.0.3029.110 Safari/537.3"
146.152.225.48 - - [02/Jan/2024:08:54:43 +0100] "GET /images/mini_prod/1384010183458.jpg HTTP/1.0" 200 269 "-" "Mozilla/5.0 (X11; Ubuntu; Linux x86_64; rv:72.0) Gecko/20100101 Firefox/72.0"
54.36.149.102 - - [02/Jan/2024:08:55:18 +0100] "GET /large-maxi-trays-c-12_159_262.html?page=1 HTTP/1.0" 200 100878 "-" "Mozilla/5.0 (compatible; AhrefsBot/7.0; +http://ahrefs.com/robot/)"
65.154.226.169 - - [02/Jan/2024:08:55:28 +0100] "GET /images/mini%5fprod/1384010183458.jpg HTTP/1.0" 200 269 "-" "Mozilla/5.0 (Windows NT 10.0) AppleWebKit/537.36 (KHTML, like Gecko) Chrome/106.0.0.0 Safari/537.36"
180.76.14.15 - - [02/Jan/2024:08:56:10 +0100] "GET /images/mini_prod/3660173212999.jpg HTTP/1.0" 200 269 "-" "Mozilla/5.0 (X11; Ubuntu; Linux x86_64; rv:72.0) Gecko/20100101 Firefox/72.0"
216.244.66.242 - - [02/Jan/2024:08:56:18 +0100] "GET /brown-lampshade-p-54561.html HTTP/1.0" 200 84464 "-" "Mozilla/5.0 (compatible; DotBot/1.2; +https://opensiteexplorer.org/dotbot; help@moz.com)"
216.244.66.242 - - [02/Jan/2024:08:56:27 +0100] "GET /buddha-perfume-diffuser-p-52260.html HTTP/1.0" 200 84345 "-" "Mozilla/5.0 (compatible; DotBot/1.2; +https://opensiteexplorer.org/dotbot; help@moz.com)"
216.244.66.242 - - [02/Jan/2024:08:56:36 +0100] "GET /drink-metal-plate-deco-p-34329.html HTTP/1.0" 200 83757 "-" "Mozilla/5.0 (compatible; DotBot/1.2; +https://opensiteexplorer.org/dotbot; help@moz.com)"
51.68.224.127 - - [02/Jan/2024:08:56:39 +0100] "GET /adminweb/export_orders_xml.php?token=256de2z6edz6ed2z6DFSFsed2zed6zeDSFDSGdzedezfzf&maxorders=10&orderstart=1&status=14&start_date=2018-10-01 HTTP/1.0" 200 285 "-" "GesCom CharlotteBoutik Serveur"
51.68.224.127 - - [02/Jan/2024:08:56:39 +0100] "GET /adminweb/export_orders_xml.php?token=256de2z6edz6ed2z6DFSFsed2zed6zeDSFDSGdzedezfzf&maxorders=10&orderstart=1&status=6&start_date=2018-10-01 HTTP/1.0" 200 34422 "-" "GesCom CharlotteBoutik Serveur"
216.244.66.242 - - [02/Jan/2024:08:56:43 +0100] "GET /kimmi-junior-best-friend-necklaces-p-8755.html HTTP/1.0" 200 83738 "-" "Mozilla/5.0 (compatible; DotBot/1.2; +https://opensiteexplorer.org/dotbot; help@moz.com)"
216.244.66.242 - - [02/Jan/2024:08:56:50 +0100] "GET /kimmi-junior-best-friend-necklaces-p-8756.html HTTP/1.0" 200 83738 "-" "Mozilla/5.0 (compatible; DotBot/1.2; +https://opensiteexplorer.org/dotbot; help@moz.com)"
216.244.66.242 - - [02/Jan/2024:08:56:58 +0100] "GET /paris-macarons-breakfast-p-44553.html HTTP/1.0" 200 83716 "-" "Mozilla/5.0 (compatible; DotBot/1.2; +https://opensiteexplorer.org/dotbot; help@moz.com)"
54.36.149.36 - - [02/Jan/2024:08:57:04 +0100] "GET /stationery-cardmaking-c-129.html?page=20 HTTP/1.0" 200 103266 "-" "Mozilla/5.0 (compatible; AhrefsBot/7.0; +http://ahrefs.com/robot/)"
216.244.66.242 - - [02/Jan/2024:08:57:06 +0100] "GET /plus-grandes-joies-stickers-p-39322.html HTTP/1.0" 200 83766 "-" "Mozilla/5.0 (compatible; DotBot/1.2; +https://opensiteexplorer.org/dotbot; help@moz.com)"
216.244.66.242 - - [02/Jan/2024:08:57:19 +0100] "GET /small-wooden-towel-holder-hang-p-51021.html HTTP/1.0" 200 81387 "-" "Mozilla/5.0 (compatible; DotBot/1.2; +https://opensiteexplorer.org/dotbot; help@moz.com)"
216.244.66.242 - - [02/Jan/2024:08:57:31 +0100] "GET /woodlove-charming-dekor-bedclothes-p-42852.html HTTP/1.0" 200 84524 "-" "Mozilla/5.0 (compatible; DotBot/1.2; +https://opensiteexplorer.org/dotbot; help@moz.com)"
185.191.171.8 - - [02/Jan/2024:08:58:05 +0100] "GET /robots.txt HTTP/1.0" 200 245 "-" "Mozilla/5.0 (compatible; SemrushBot/7~bl; +http://www.semrush.com/bot.html)"
185.191.171.16 - - [02/Jan/2024:08:58:06 +0100] "GET /chef-barbecue-adult-apron-p-47692.html?action=add_product HTTP/1.0" 302 476 "-" "Mozilla/5.0 (compatible; SemrushBot/7~bl; +http://www.semrush.com/bot.html)"
40.77.167.13 - - [02/Jan/2024:08:59:00 +0100] "GET /hello-kitty-m-35.html HTTP/1.0" 200 102001 "-" "Mozilla/5.0 AppleWebKit/537.36 (KHTML, like Gecko; compatible; bingbot/2.0; +http://www.bing.com/bingbot.htm) Chrome/116.0.1938.76 Safari/537.36"
201.184.102.83 - - [02/Jan/2024:08:59:17 +0100] "GET /contact_us.php HTTP/1.0" 200 26241 "http://www.wonder-geek.com/contact_us.php" "Mozilla/5.0 (Windows NT 10.0; WOW64) AppleWebKit/537.36 (KHTML, like Gecko) Chrome/90.0.4430.93 Safari/537.36"
201.184.102.83 - - [02/Jan/2024:08:59:19 +0100] "POST /contact_us.php?action=send HTTP/1.0" 200 26468 "http://www.wonder-geek.com/contact_us.php" "Mozilla/5.0 (Windows NT 10.0; WOW64) AppleWebKit/537.36 (KHTML, like Gecko) Chrome/90.0.4430.93 Safari/537.36"
216.244.66.242 - - [02/Jan/2024:08:59:48 +0100] "GET /lighting-c-13_86.html?page=24 HTTP/1.0" 200 94959 "-" "Mozilla/5.0 (compatible; DotBot/1.2; +https://opensiteexplorer.org/dotbot; help@moz.com)"
216.244.66.242 - - [02/Jan/2024:08:59:57 +0100] "GET /mouse-pad-c-129_85.html?page=5 HTTP/1.0" 301 94002 "-" "Mozilla/5.0 (compatible; DotBot/1.2; +https://opensiteexplorer.org/dotbot; help@moz.com)"
216.244.66.242 - - [02/Jan/2024:09:00:06 +0100] "GET /purse-and-wallet-c-31_76.html?page=1 HTTP/1.0" 301 101557 "-" "Mozilla/5.0 (compatible; DotBot/1.2; +https://opensiteexplorer.org/dotbot; help@moz.com)"
192.95.30.21 - - [02/Jan/2024:09:01:24 +0100] "GET /robots.txt HTTP/1.0" 200 245 "-" "Mozilla/5.0 (compatible; MJ12bot/v1.4.8; http://mj12bot.com/)"
192.95.30.21 - - [02/Jan/2024:09:01:25 +0100] "GET /-c-95_324.html HTTP/1.0" 200 80131 "-" "Mozilla/5.0 (compatible; MJ12bot/v1.4.8; http://mj12bot.com/)"
192.95.30.21 - - [02/Jan/2024:09:01:29 +0100] "GET /-p-17330.html HTTP/1.0" 200 81263 "-" "Mozilla/5.0 (compatible; MJ12bot/v1.4.8; http://mj12bot.com/)"
192.95.30.21 - - [02/Jan/2024:09:01:32 +0100] "GET /-p-22444.html HTTP/1.0" 200 81263 "-" "Mozilla/5.0 (compatible; MJ12bot/v1.4.8; http://mj12bot.com/)"
192.95.30.21 - - [02/Jan/2024:09:01:35 +0100] "GET /-p-22445.html HTTP/1.0" 200 81263 "-" "Mozilla/5.0 (compatible; MJ12bot/v1.4.8; http://mj12bot.com/)"
192.95.30.21 - - [02/Jan/2024:09:01:38 +0100] "GET /-p-22453.html HTTP/1.0" 200 81263 "-" "Mozilla/5.0 (compatible; MJ12bot/v1.4.8; http://mj12bot.com/)"
192.95.30.21 - - [02/Jan/2024:09:01:41 +0100] "GET /-p-22454.html HTTP/1.0" 200 81263 "-" "Mozilla/5.0 (compatible; MJ12bot/v1.4.8; http://mj12bot.com/)"
192.95.30.21 - - [02/Jan/2024:09:01:45 +0100] "GET /-p-26829.html HTTP/1.0" 200 81263 "-" "Mozilla/5.0 (compatible; MJ12bot/v1.4.8; http://mj12bot.com/)"
192.95.30.21 - - [02/Jan/2024:09:01:48 +0100] "GET /-p-29926.html HTTP/1.0" 200 81263 "-" "Mozilla/5.0 (compatible; MJ12bot/v1.4.8; http://mj12bot.com/)"
192.95.30.21 - - [02/Jan/2024:09:01:51 +0100] "GET /-p-31870.html HTTP/1.0" 200 81263 "-" "Mozilla/5.0 (compatible; MJ12bot/v1.4.8; http://mj12bot.com/)"
192.95.30.21 - - [02/Jan/2024:09:01:54 +0100] "GET /-p-33105.html HTTP/1.0" 200 81263 "-" "Mozilla/5.0 (compatible; MJ12bot/v1.4.8; http://mj12bot.com/)"
192.95.30.21 - - [02/Jan/2024:09:01:57 +0100] "GET /-p-33419.html HTTP/1.0" 200 81263 "-" "Mozilla/5.0 (compatible; MJ12bot/v1.4.8; http://mj12bot.com/)"
192.95.30.21 - - [02/Jan/2024:09:02:01 +0100] "GET /-p-33420.html HTTP/1.0" 200 81263 "-" "Mozilla/5.0 (compatible; MJ12bot/v1.4.8; http://mj12bot.com/)"
192.95.30.21 - - [02/Jan/2024:09:02:04 +0100] "GET /-p-33520.html HTTP/1.0" 200 81263 "-" "Mozilla/5.0 (compatible; MJ12bot/v1.4.8; http://mj12bot.com/)"
192.95.30.21 - - [02/Jan/2024:09:02:07 +0100] "GET /-p-35931.html HTTP/1.0" 200 81263 "-" "Mozilla/5.0 (compatible; MJ12bot/v1.4.8; http://mj12bot.com/)"
192.95.30.21 - - [02/Jan/2024:09:02:11 +0100] "GET /-p-37001.html HTTP/1.0" 200 81263 "-" "Mozilla/5.0 (compatible; MJ12bot/v1.4.8; http://mj12bot.com/)"
52.167.144.212 - - [02/Jan/2024:09:02:11 +0100] "GET /bagshandbags-shoulder-bags-c-31_81.html HTTP/1.0" 200 106019 "-" "Mozilla/5.0 AppleWebKit/537.36 (KHTML, like Gecko; compatible; bingbot/2.0; +http://www.bing.com/bingbot.htm) Chrome/116.0.1938.76 Safari/537.36"
192.95.30.21 - - [02/Jan/2024:09:02:14 +0100] "GET /-p-37002.html HTTP/1.0" 200 81263 "-" "Mozilla/5.0 (compatible; MJ12bot/v1.4.8; http://mj12bot.com/)"
192.95.30.21 - - [02/Jan/2024:09:02:17 +0100] "GET /-p-38897.html HTTP/1.0" 200 81263 "-" "Mozilla/5.0 (compatible; MJ12bot/v1.4.8; http://mj12bot.com/)"
54.146.20.88 - - [02/Jan/2024:09:02:21 +0100] "GET /images/mini_prod/3553560083466.jpg HTTP/1.0" 200 269 "-" "Go-http-client/1.1"
192.95.30.21 - - [02/Jan/2024:09:02:20 +0100] "GET /-p-38899.html HTTP/1.0" 200 81263 "-" "Mozilla/5.0 (compatible; MJ12bot/v1.4.8; http://mj12bot.com/)"
192.95.30.21 - - [02/Jan/2024:09:02:23 +0100] "GET /-p-38909.html HTTP/1.0" 200 81263 "-" "Mozilla/5.0 (compatible; MJ12bot/v1.4.8; http://mj12bot.com/)"
192.95.30.21 - - [02/Jan/2024:09:02:27 +0100] "GET /-p-39041.html HTTP/1.0" 200 81263 "-" "Mozilla/5.0 (compatible; MJ12bot/v1.4.8; http://mj12bot.com/)"
192.95.30.21 - - [02/Jan/2024:09:02:30 +0100] "GET /-p-39367.html HTTP/1.0" 200 81263 "-" "Mozilla/5.0 (compatible; MJ12bot/v1.4.8; http://mj12bot.com/)"
192.95.30.21 - - [02/Jan/2024:09:02:33 +0100] "GET /-p-39368.html HTTP/1.0" 200 81263 "-" "Mozilla/5.0 (compatible; MJ12bot/v1.4.8; http://mj12bot.com/)"
192.95.30.21 - - [02/Jan/2024:09:02:36 +0100] "GET /-p-39504.html HTTP/1.0" 200 81263 "-" "Mozilla/5.0 (compatible; MJ12bot/v1.4.8; http://mj12bot.com/)"
192.95.30.21 - - [02/Jan/2024:09:02:39 +0100] "GET /-p-41135.html HTTP/1.0" 200 81263 "-" "Mozilla/5.0 (compatible; MJ12bot/v1.4.8; http://mj12bot.com/)"
192.95.30.21 - - [02/Jan/2024:09:02:43 +0100] "GET /-p-41215.html HTTP/1.0" 200 81263 "-" "Mozilla/5.0 (compatible; MJ12bot/v1.4.8; http://mj12bot.com/)"
192.95.30.21 - - [02/Jan/2024:09:02:46 +0100] "GET /-p-41591.html HTTP/1.0" 200 81263 "-" "Mozilla/5.0 (compatible; MJ12bot/v1.4.8; http://mj12bot.com/)"
192.95.30.21 - - [02/Jan/2024:09:02:50 +0100] "GET /-p-41600.html HTTP/1.0" 200 81263 "-" "Mozilla/5.0 (compatible; MJ12bot/v1.4.8; http://mj12bot.com/)"
192.95.30.21 - - [02/Jan/2024:09:02:53 +0100] "GET /-p-41628.html HTTP/1.0" 200 81263 "-" "Mozilla/5.0 (compatible; MJ12bot/v1.4.8; http://mj12bot.com/)"
192.95.30.21 - - [02/Jan/2024:09:02:56 +0100] "GET /-p-42533.html HTTP/1.0" 200 81263 "-" "Mozilla/5.0 (compatible; MJ12bot/v1.4.8; http://mj12bot.com/)"
185.191.171.15 - - [02/Jan/2024:09:02:58 +0100] "GET /indian-elephant-statue-p-49435.html HTTP/1.0" 200 81353 "-" "Mozilla/5.0 (compatible; SemrushBot/7~bl; +http://www.semrush.com/bot.html)"
192.95.30.21 - - [02/Jan/2024:09:03:00 +0100] "GET /-p-42598.html HTTP/1.0" 200 81263 "-" "Mozilla/5.0 (compatible; MJ12bot/v1.4.8; http://mj12bot.com/)"
192.95.30.21 - - [02/Jan/2024:09:03:04 +0100] "GET /-p-43218.html HTTP/1.0" 200 81263 "-" "Mozilla/5.0 (compatible; MJ12bot/v1.4.8; http://mj12bot.com/)"
192.95.30.21 - - [02/Jan/2024:09:03:07 +0100] "GET /-p-43262.html HTTP/1.0" 200 81263 "-" "Mozilla/5.0 (compatible; MJ12bot/v1.4.8; http://mj12bot.com/)"
192.95.30.21 - - [02/Jan/2024:09:03:10 +0100] "GET /-p-43263.html HTTP/1.0" 200 81263 "-" "Mozilla/5.0 (compatible; MJ12bot/v1.4.8; http://mj12bot.com/)"
192.95.30.21 - - [02/Jan/2024:09:03:14 +0100] "GET /-p-43266.html HTTP/1.0" 200 81263 "-" "Mozilla/5.0 (compatible; MJ12bot/v1.4.8; http://mj12bot.com/)"
128.176.193.69 - - [02/Jan/2024:09:03:18 +0100] "GET /images/mini_prod/52131990360631-fushia.jpg HTTP/1.0" 200 277 "-" "python-requests/2.31.0"
192.95.30.21 - - [02/Jan/2024:09:03:17 +0100] "GET /-p-43356.html HTTP/1.0" 200 81263 "-" "Mozilla/5.0 (compatible; MJ12bot/v1.4.8; http://mj12bot.com/)"
192.95.30.21 - - [02/Jan/2024:09:03:20 +0100] "GET /-p-44870.html HTTP/1.0" 200 81263 "-" "Mozilla/5.0 (compatible; MJ12bot/v1.4.8; http://mj12bot.com/)"
192.95.30.21 - - [02/Jan/2024:09:03:23 +0100] "GET /-p-44871.html HTTP/1.0" 200 81263 "-" "Mozilla/5.0 (compatible; MJ12bot/v1.4.8; http://mj12bot.com/)"
192.95.30.21 - - [02/Jan/2024:09:03:27 +0100] "GET /-p-45158.html HTTP/1.0" 200 81263 "-" "Mozilla/5.0 (compatible; MJ12bot/v1.4.8; http://mj12bot.com/)"
192.95.30.21 - - [02/Jan/2024:09:03:30 +0100] "GET /-p-45159.html HTTP/1.0" 200 81263 "-" "Mozilla/5.0 (compatible; MJ12bot/v1.4.8; http://mj12bot.com/)"
192.95.30.21 - - [02/Jan/2024:09:03:33 +0100] "GET /-p-45160.html HTTP/1.0" 200 81263 "-" "Mozilla/5.0 (compatible; MJ12bot/v1.4.8; http://mj12bot.com/)"
192.95.30.21 - - [02/Jan/2024:09:03:36 +0100] "GET /-p-45163.html HTTP/1.0" 200 81263 "-" "Mozilla/5.0 (compatible; MJ12bot/v1.4.8; http://mj12bot.com/)"
192.95.30.21 - - [02/Jan/2024:09:03:39 +0100] "GET /-p-45175.html HTTP/1.0" 200 81263 "-" "Mozilla/5.0 (compatible; MJ12bot/v1.4.8; http://mj12bot.com/)"
192.95.30.21 - - [02/Jan/2024:09:03:43 +0100] "GET /-p-45190.html HTTP/1.0" 200 81263 "-" "Mozilla/5.0 (compatible; MJ12bot/v1.4.8; http://mj12bot.com/)"
192.95.30.21 - - [02/Jan/2024:09:03:46 +0100] "GET /-p-45683.html HTTP/1.0" 200 81263 "-" "Mozilla/5.0 (compatible; MJ12bot/v1.4.8; http://mj12bot.com/)"
192.95.30.21 - - [02/Jan/2024:09:03:49 +0100] "GET /-p-47108.html HTTP/1.0" 200 81263 "-" "Mozilla/5.0 (compatible; MJ12bot/v1.4.8; http://mj12bot.com/)"
192.95.30.21 - - [02/Jan/2024:09:03:52 +0100] "GET /-p-47236.html HTTP/1.0" 200 81263 "-" "Mozilla/5.0 (compatible; MJ12bot/v1.4.8; http://mj12bot.com/)"
192.95.30.21 - - [02/Jan/2024:09:03:55 +0100] "GET /-p-47237.html HTTP/1.0" 200 81263 "-" "Mozilla/5.0 (compatible; MJ12bot/v1.4.8; http://mj12bot.com/)"
192.95.30.21 - - [02/Jan/2024:09:03:59 +0100] "GET /-p-47240.html HTTP/1.0" 200 81263 "-" "Mozilla/5.0 (compatible; MJ12bot/v1.4.8; http://mj12bot.com/)"
192.95.30.21 - - [02/Jan/2024:09:04:02 +0100] "GET /-p-47321.html HTTP/1.0" 200 81263 "-" "Mozilla/5.0 (compatible; MJ12bot/v1.4.8; http://mj12bot.com/)"
192.95.30.21 - - [02/Jan/2024:09:04:05 +0100] "GET /-p-47358.html HTTP/1.0" 200 81263 "-" "Mozilla/5.0 (compatible; MJ12bot/v1.4.8; http://mj12bot.com/)"
192.95.30.21 - - [02/Jan/2024:09:04:08 +0100] "GET /-p-47398.html HTTP/1.0" 200 81263 "-" "Mozilla/5.0 (compatible; MJ12bot/v1.4.8; http://mj12bot.com/)"
192.95.30.21 - - [02/Jan/2024:09:04:12 +0100] "GET /-p-47506.html HTTP/1.0" 200 81263 "-" "Mozilla/5.0 (compatible; MJ12bot/v1.4.8; http://mj12bot.com/)"
192.95.30.21 - - [02/Jan/2024:09:04:15 +0100] "GET /-p-48431.html HTTP/1.0" 200 81263 "-" "Mozilla/5.0 (compatible; MJ12bot/v1.4.8; http://mj12bot.com/)"
192.95.30.21 - - [02/Jan/2024:09:04:18 +0100] "GET /-p-48452.html HTTP/1.0" 200 81263 "-" "Mozilla/5.0 (compatible; MJ12bot/v1.4.8; http://mj12bot.com/)"
192.95.30.21 - - [02/Jan/2024:09:04:21 +0100] "GET /-p-48535.html HTTP/1.0" 200 81263 "-" "Mozilla/5.0 (compatible; MJ12bot/v1.4.8; http://mj12bot.com/)"
192.95.30.21 - - [02/Jan/2024:09:04:25 +0100] "GET /-p-49113.html HTTP/1.0" 200 81263 "-" "Mozilla/5.0 (compatible; MJ12bot/v1.4.8; http://mj12bot.com/)"
192.95.30.21 - - [02/Jan/2024:09:04:28 +0100] "GET /-p-49128.html HTTP/1.0" 200 81263 "-" "Mozilla/5.0 (compatible; MJ12bot/v1.4.8; http://mj12bot.com/)"
192.95.30.21 - - [02/Jan/2024:09:04:31 +0100] "GET /-p-49138.html HTTP/1.0" 200 81263 "-" "Mozilla/5.0 (compatible; MJ12bot/v1.4.8; http://mj12bot.com/)"
192.95.30.21 - - [02/Jan/2024:09:04:34 +0100] "GET /-p-49159.html HTTP/1.0" 200 81263 "-" "Mozilla/5.0 (compatible; MJ12bot/v1.4.8; http://mj12bot.com/)"
192.95.30.21 - - [02/Jan/2024:09:04:38 +0100] "GET /-p-49282.html HTTP/1.0" 200 81263 "-" "Mozilla/5.0 (compatible; MJ12bot/v1.4.8; http://mj12bot.com/)"
192.95.30.21 - - [02/Jan/2024:09:04:41 +0100] "GET /-p-49283.html HTTP/1.0" 200 81263 "-" "Mozilla/5.0 (compatible; MJ12bot/v1.4.8; http://mj12bot.com/)"
192.95.30.21 - - [02/Jan/2024:09:04:44 +0100] "GET /-p-49366.html HTTP/1.0" 200 81263 "-" "Mozilla/5.0 (compatible; MJ12bot/v1.4.8; http://mj12bot.com/)"
192.95.30.21 - - [02/Jan/2024:09:04:47 +0100] "GET /-p-52503.html HTTP/1.0" 200 81263 "-" "Mozilla/5.0 (compatible; MJ12bot/v1.4.8; http://mj12bot.com/)"
192.95.30.21 - - [02/Jan/2024:09:04:51 +0100] "GET /-p-52540.html HTTP/1.0" 200 81263 "-" "Mozilla/5.0 (compatible; MJ12bot/v1.4.8; http://mj12bot.com/)"
192.95.30.21 - - [02/Jan/2024:09:04:54 +0100] "GET /-p-52546.html HTTP/1.0" 200 81263 "-" "Mozilla/5.0 (compatible; MJ12bot/v1.4.8; http://mj12bot.com/)"
192.95.30.21 - - [02/Jan/2024:09:04:57 +0100] "GET /-p-52629.html HTTP/1.0" 200 81263 "-" "Mozilla/5.0 (compatible; MJ12bot/v1.4.8; http://mj12bot.com/)"
192.95.30.21 - - [02/Jan/2024:09:05:01 +0100] "GET /-p-53919.html HTTP/1.0" 200 81263 "-" "Mozilla/5.0 (compatible; MJ12bot/v1.4.8; http://mj12bot.com/)"
192.95.30.21 - - [02/Jan/2024:09:05:04 +0100] "GET /allen-designs-small-cache-little-p-60696.html HTTP/1.0" 200 84684 "-" "Mozilla/5.0 (compatible; MJ12bot/v1.4.8; http://mj12bot.com/)"
192.95.30.21 - - [02/Jan/2024:09:05:07 +0100] "GET /allen-designs-small-planter-small-p-60694.html HTTP/1.0" 200 84671 "-" "Mozilla/5.0 (compatible; MJ12bot/v1.4.8; http://mj12bot.com/)"
192.95.30.21 - - [02/Jan/2024:09:05:11 +0100] "GET /allen-designs-small-planter-small-panda-p-60695.html HTTP/1.0" 200 84702 "-" "Mozilla/5.0 (compatible; MJ12bot/v1.4.8; http://mj12bot.com/)"
192.95.30.21 - - [02/Jan/2024:09:05:14 +0100] "GET /bamboo-grove-bamboo-flower-cover-p-57715.html HTTP/1.0" 200 84377 "-" "Mozilla/5.0 (compatible; MJ12bot/v1.4.8; http://mj12bot.com/)"
192.95.30.21 - - [02/Jan/2024:09:05:17 +0100] "GET /beige-cement-cover-p-60724.html HTTP/1.0" 200 84224 "-" "Mozilla/5.0 (compatible; MJ12bot/v1.4.8; http://mj12bot.com/)"
192.95.30.21 - - [02/Jan/2024:09:05:21 +0100] "GET /beige-cement-cover-p-60725.html HTTP/1.0" 200 84223 "-" "Mozilla/5.0 (compatible; MJ12bot/v1.4.8; http://mj12bot.com/)"
192.95.30.21 - - [02/Jan/2024:09:05:24 +0100] "GET /bird-large-glass-sold-individually-p-41591.html HTTP/1.0" 301 81330 "-" "Mozilla/5.0 (compatible; MJ12bot/v1.4.8; http://mj12bot.com/)"
192.95.30.21 - - [02/Jan/2024:09:05:27 +0100] "GET /-p-41591.html HTTP/1.0" 200 81263 "-" "Mozilla/5.0 (compatible; MJ12bot/v1.4.8; http://mj12bot.com/)"
192.95.30.21 - - [02/Jan/2024:09:05:30 +0100] "GET /birds-jewels-saucer-p-57182.html HTTP/1.0" 200 83651 "-" "Mozilla/5.0 (compatible; MJ12bot/v1.4.8; http://mj12bot.com/)"
192.95.30.21 - - [02/Jan/2024:09:05:34 +0100] "GET /bistrot-de-paris-napkins-dispenser-p-39504.html HTTP/1.0" 301 81330 "-" "Mozilla/5.0 (compatible; MJ12bot/v1.4.8; http://mj12bot.com/)"
192.95.30.21 - - [02/Jan/2024:09:05:37 +0100] "GET /-p-39504.html HTTP/1.0" 200 81263 "-" "Mozilla/5.0 (compatible; MJ12bot/v1.4.8; http://mj12bot.com/)"
192.95.30.21 - - [02/Jan/2024:09:05:40 +0100] "GET /bistrot-paris-napkins-dispenser-p-39504.html HTTP/1.0" 301 81330 "-" "Mozilla/5.0 (compatible; MJ12bot/v1.4.8; http://mj12bot.com/)"
192.95.30.21 - - [02/Jan/2024:09:05:43 +0100] "GET /-p-39504.html HTTP/1.0" 200 81263 "-" "Mozilla/5.0 (compatible; MJ12bot/v1.4.8; http://mj12bot.com/)"
192.95.30.21 - - [02/Jan/2024:09:05:47 +0100] "GET /blue-keychain-little-prince-p-47479.html HTTP/1.0" 200 83727 "-" "Mozilla/5.0 (compatible; MJ12bot/v1.4.8; http://mj12bot.com/)"
192.95.30.21 - - [02/Jan/2024:09:05:50 +0100] "GET /blue-keychain-the-little-prince-p-47479.html HTTP/1.0" 301 83821 "-" "Mozilla/5.0 (compatible; MJ12bot/v1.4.8; http://mj12bot.com/)"
192.95.30.21 - - [02/Jan/2024:09:05:53 +0100] "GET /blue-keychain-little-prince-p-47479.html HTTP/1.0" 200 83727 "-" "Mozilla/5.0 (compatible; MJ12bot/v1.4.8; http://mj12bot.com/)"
192.95.30.21 - - [02/Jan/2024:09:05:56 +0100] "GET /bob-marley-floor-standing-ashtray-p-9859.html HTTP/1.0" 301 81327 "-" "Mozilla/5.0 (compatible; MJ12bot/v1.4.8; http://mj12bot.com/)"
192.95.30.21 - - [02/Jan/2024:09:06:00 +0100] "GET /-p-9859.html HTTP/1.0" 200 81261 "-" "Mozilla/5.0 (compatible; MJ12bot/v1.4.8; http://mj12bot.com/)"
192.95.30.21 - - [02/Jan/2024:09:06:03 +0100] "GET /bodega-metal-ashtray-p-39510.html HTTP/1.0" 200 81333 "-" "Mozilla/5.0 (compatible; MJ12bot/v1.4.8; http://mj12bot.com/)"
192.95.30.21 - - [02/Jan/2024:09:06:06 +0100] "GET /bohemian-style-burlap-round-table-set-p-47321.html HTTP/1.0" 301 81330 "-" "Mozilla/5.0 (compatible; MJ12bot/v1.4.8; http://mj12bot.com/)"
192.95.30.21 - - [02/Jan/2024:09:06:10 +0100] "GET /-p-47321.html HTTP/1.0" 200 81263 "-" "Mozilla/5.0 (compatible; MJ12bot/v1.4.8; http://mj12bot.com/)"
192.95.30.21 - - [02/Jan/2024:09:06:13 +0100] "GET /bohochic-bedclothes-p-55212.html HTTP/1.0" 200 81337 "-" "Mozilla/5.0 (compatible; MJ12bot/v1.4.8; http://mj12bot.com/)"
192.95.30.21 - - [02/Jan/2024:09:06:16 +0100] "GET /bohochic-sheet-45-75-cm-p-53474.html HTTP/1.0" 301 84643 "-" "Mozilla/5.0 (compatible; MJ12bot/v1.4.8; http://mj12bot.com/)"
192.95.30.21 - - [02/Jan/2024:09:06:19 +0100] "GET /bohochic-sheet-p-53474.html HTTP/1.0" 200 84562 "-" "Mozilla/5.0 (compatible; MJ12bot/v1.4.8; http://mj12bot.com/)"
192.95.30.21 - - [02/Jan/2024:09:06:23 +0100] "GET /bohochic-sheet-45-75-cm-p-53475.html HTTP/1.0" 301 81406 "-" "Mozilla/5.0 (compatible; MJ12bot/v1.4.8; http://mj12bot.com/)"
192.95.30.21 - - [02/Jan/2024:09:06:26 +0100] "GET /exotic-floor-p-53475.html HTTP/1.0" 200 81327 "-" "Mozilla/5.0 (compatible; MJ12bot/v1.4.8; http://mj12bot.com/)"
192.95.30.21 - - [02/Jan/2024:09:06:29 +0100] "GET /bohochic-sheet-p-53474.html HTTP/1.0" 200 84562 "-" "Mozilla/5.0 (compatible; MJ12bot/v1.4.8; http://mj12bot.com/)"
192.95.30.21 - - [02/Jan/2024:09:06:33 +0100] "GET /bottle-opener-apero-recrute-p-53204.html HTTP/1.0" 301 84444 "-" "Mozilla/5.0 (compatible; MJ12bot/v1.4.8; http://mj12bot.com/)"
192.95.30.21 - - [02/Jan/2024:09:06:38 +0100] "GET /bottle-opener-apro-recrute-p-53204.html HTTP/1.0" 200 84351 "-" "Mozilla/5.0 (compatible; MJ12bot/v1.4.8; http://mj12bot.com/)"
192.95.30.21 - - [02/Jan/2024:09:06:43 +0100] "GET /bottle-opener-apro-recrute-p-53204.html HTTP/1.0" 200 84351 "-" "Mozilla/5.0 (compatible; MJ12bot/v1.4.8; http://mj12bot.com/)"
192.95.30.21 - - [02/Jan/2024:09:06:48 +0100] "GET /bowl-crazy-in-love-pink-made-in-germany-p-48475.html HTTP/1.0" 301 85378 "-" "Mozilla/5.0 (compatible; MJ12bot/v1.4.8; http://mj12bot.com/)"
192.95.30.21 - - [02/Jan/2024:09:06:52 +0100] "GET /bowl-crazy-love-pink-made-germany-p-48475.html HTTP/1.0" 200 85278 "-" "Mozilla/5.0 (compatible; MJ12bot/v1.4.8; http://mj12bot.com/)"
192.95.30.21 - - [02/Jan/2024:09:06:58 +0100] "GET /bowl-crazy-love-pink-made-germany-p-48475.html HTTP/1.0" 200 85278 "-" "Mozilla/5.0 (compatible; MJ12bot/v1.4.8; http://mj12bot.com/)"
192.95.30.21 - - [02/Jan/2024:09:07:02 +0100] "GET /bowl-grinning-white-porcelain-1000-made-germany-p-50921.html HTTP/1.0" 200 85990 "-" "Mozilla/5.0 (compatible; MJ12bot/v1.4.8; http://mj12bot.com/)"
192.95.30.21 - - [02/Jan/2024:09:07:07 +0100] "GET /bowl-grinning-white-porcelain-1000-ml-made-in-germany-p-50921.html HTTP/1.0" 301 86104 "-" "Mozilla/5.0 (compatible; MJ12bot/v1.4.8; http://mj12bot.com/)"
192.95.30.21 - - [02/Jan/2024:09:07:12 +0100] "GET /bowl-grinning-white-porcelain-1000-made-germany-p-50921.html HTTP/1.0" 200 85990 "-" "Mozilla/5.0 (compatible; MJ12bot/v1.4.8; http://mj12bot.com/)"
192.95.30.21 - - [02/Jan/2024:09:07:17 +0100] "GET /bowl-happy-white-porcelain-1000-made-germany-p-47554.html HTTP/1.0" 200 86173 "-" "Mozilla/5.0 (compatible; MJ12bot/v1.4.8; http://mj12bot.com/)"
131.96.255.1 - - [02/Jan/2024:09:07:25 +0100] "GET /images/mini_prod/3453131150064.jpg HTTP/1.0" 200 269 "-" "Mozilla/5.0 (X11; Ubuntu; Linux x86_64; rv:72.0) Gecko/20100101 Firefox/72.0"
192.95.30.21 - - [02/Jan/2024:09:07:22 +0100] "GET /bowl-kissing-made-germany-p-48474.html HTTP/1.0" 200 85150 "-" "Mozilla/5.0 (compatible; MJ12bot/v1.4.8; http://mj12bot.com/)"
192.95.30.21 - - [02/Jan/2024:09:07:27 +0100] "GET /bowl-kissing-red-made-in-germany-p-48474.html HTTP/1.0" 301 85242 "-" "Mozilla/5.0 (compatible; MJ12bot/v1.4.8; http://mj12bot.com/)"
85.208.96.209 - - [02/Jan/2024:09:07:31 +0100] "GET /service-moneybox-p-37053.html?action=add_product HTTP/1.0" 302 476 "-" "Mozilla/5.0 (compatible; SemrushBot/7~bl; +http://www.semrush.com/bot.html)"
192.95.30.21 - - [02/Jan/2024:09:07:31 +0100] "GET /bowl-kissing-made-germany-p-48474.html HTTP/1.0" 200 85150 "-" "Mozilla/5.0 (compatible; MJ12bot/v1.4.8; http://mj12bot.com/)"
192.95.30.21 - - [02/Jan/2024:09:07:37 +0100] "GET /bowl-laughing-white-porcelain-1000-made-germany-p-47552.html HTTP/1.0" 200 85963 "-" "Mozilla/5.0 (compatible; MJ12bot/v1.4.8; http://mj12bot.com/)"
192.95.30.21 - - [02/Jan/2024:09:07:42 +0100] "GET /bowl-tasty-white-porcelain-1000-made-germany-p-47553.html HTTP/1.0" 200 85924 "-" "Mozilla/5.0 (compatible; MJ12bot/v1.4.8; http://mj12bot.com/)"
192.95.30.21 - - [02/Jan/2024:09:07:47 +0100] "GET /bowl-white-ceramic-chouchou-p-52620.html HTTP/1.0" 301 83843 "-" "Mozilla/5.0 (compatible; MJ12bot/v1.4.8; http://mj12bot.com/)"
192.95.30.21 - - [02/Jan/2024:09:07:51 +0100] "GET /bowl-white-porcelain-chouchou-collection-p-52620.html HTTP/1.0" 200 83736 "-" "Mozilla/5.0 (compatible; MJ12bot/v1.4.8; http://mj12bot.com/)"
192.95.30.21 - - [02/Jan/2024:09:07:57 +0100] "GET /bowl-white-ceramic-wine-p-45683.html HTTP/1.0" 301 81330 "-" "Mozilla/5.0 (compatible; MJ12bot/v1.4.8; http://mj12bot.com/)"
192.95.30.21 - - [02/Jan/2024:09:08:00 +0100] "GET /-p-45683.html HTTP/1.0" 200 81263 "-" "Mozilla/5.0 (compatible; MJ12bot/v1.4.8; http://mj12bot.com/)"
192.95.30.21 - - [02/Jan/2024:09:08:04 +0100] "GET /bowl-white-porcelain-chouchou-collection-p-52620.html HTTP/1.0" 200 83736 "-" "Mozilla/5.0 (compatible; MJ12bot/v1.4.8; http://mj12bot.com/)"
192.95.30.21 - - [02/Jan/2024:09:08:10 +0100] "GET /bowl-white-porcelain-chouchou-p-52620.html HTTP/1.0" 301 83843 "-" "Mozilla/5.0 (compatible; MJ12bot/v1.4.8; http://mj12bot.com/)"
54.84.91.44 - - [02/Jan/2024:09:08:16 +0100] "GET /images/mini_prod/1399984227282.jpg HTTP/1.0" 200 269 "-" "Go-http-client/1.1"
65.109.155.164 - - [02/Jan/2024:09:08:14 +0100] "GET /horse-mouse-p-24680.html HTTP/1.0" 500 66663 "-" "Mozilla/5.0 (Macintosh; Intel Mac OS X 10_15_7) AppleWebKit/537.36 (KHTML, like Gecko) Chrome/104.0.0.0 Safari/537.36"
192.95.30.21 - - [02/Jan/2024:09:08:14 +0100] "GET /bowl-white-porcelain-chouchou-collection-p-52620.html HTTP/1.0" 200 83736 "-" "Mozilla/5.0 (compatible; MJ12bot/v1.4.8; http://mj12bot.com/)"
65.109.155.164 - - [02/Jan/2024:09:07:59 +0100] "GET /boutis-quilt-bedspread-c-11_194.html HTTP/1.0" 500 66421 "-" "Mozilla/5.0 (Macintosh; Intel Mac OS X 10_15_7) AppleWebKit/537.36 (KHTML, like Gecko) Chrome/104.0.0.0 Safari/537.36"
192.95.30.21 - - [02/Jan/2024:09:08:20 +0100] "GET /box-of-12-sonny-angel-christmas-limited-series-2017-p-53388.html HTTP/1.0" 301 81545 "-" "Mozilla/5.0 (compatible; MJ12bot/v1.4.8; http://mj12bot.com/)"
192.95.30.21 - - [02/Jan/2024:09:08:24 +0100] "GET /sonny-angel-christmas-limited-series-2017-p-53388.html HTTP/1.0" 200 81437 "-" "Mozilla/5.0 (compatible; MJ12bot/v1.4.8; http://mj12bot.com/)"
192.95.30.21 - - [02/Jan/2024:09:08:28 +0100] "GET /boxes-cones-champa-white-sage-incence-cones-p-55202.html HTTP/1.0" 200 85627 "-" "Mozilla/5.0 (compatible; MJ12bot/v1.4.8; http://mj12bot.com/)"
192.95.30.21 - - [02/Jan/2024:09:08:34 +0100] "GET /bracelet-lapis-lazuli-p-53456.html HTTP/1.0" 200 84147 "-" "Mozilla/5.0 (compatible; MJ12bot/v1.4.8; http://mj12bot.com/)"
192.95.30.21 - - [02/Jan/2024:09:08:38 +0100] "GET /brass-compass-ornament-efiltower-france-p-47452.html HTTP/1.0" 200 81413 "-" "Mozilla/5.0 (compatible; MJ12bot/v1.4.8; http://mj12bot.com/)"
192.95.30.21 - - [02/Jan/2024:09:08:43 +0100] "GET /brazil-alarm-clock-by-cbkreation-p-25009.html HTTP/1.0" 301 83826 "-" "Mozilla/5.0 (compatible; MJ12bot/v1.4.8; http://mj12bot.com/)"
65.109.155.164 - - [02/Jan/2024:09:08:29 +0100] "GET /linen-c-11_68.html HTTP/1.0" 500 66345 "-" "Mozilla/5.0 (Macintosh; Intel Mac OS X 10_15_7) AppleWebKit/537.36 (KHTML, like Gecko) Chrome/104.0.0.0 Safari/537.36"
192.95.30.21 - - [02/Jan/2024:09:08:47 +0100] "GET /brazil-alarm-clock-cbkreation-p-25009.html HTTP/1.0" 200 83730 "-" "Mozilla/5.0 (compatible; MJ12bot/v1.4.8; http://mj12bot.com/)"
54.36.148.212 - - [02/Jan/2024:09:08:49 +0100] "GET /espresso-allen-desings-p-54359.html HTTP/1.0" 200 84495 "-" "Mozilla/5.0 (compatible; AhrefsBot/7.0; +http://ahrefs.com/robot/)"
192.95.30.21 - - [02/Jan/2024:09:08:52 +0100] "GET /brazil-alarm-clock-cbkreation-p-25009.html HTTP/1.0" 200 83730 "-" "Mozilla/5.0 (compatible; MJ12bot/v1.4.8; http://mj12bot.com/)"
192.95.30.21 - - [02/Jan/2024:09:08:58 +0100] "GET /britto-cat-ceramic-mug-with-saucer-p-49259.html HTTP/1.0" 301 81466 "-" "Mozilla/5.0 (compatible; MJ12bot/v1.4.8; http://mj12bot.com/)"
192.95.30.21 - - [02/Jan/2024:09:09:02 +0100] "GET /britto-ceramic-with-saucer-p-49259.html HTTP/1.0" 200 81373 "-" "Mozilla/5.0 (compatible; MJ12bot/v1.4.8; http://mj12bot.com/)"
65.109.155.164 - - [02/Jan/2024:09:08:43 +0100] "GET /-c-95_362.html HTTP/1.0" 500 66243 "-" "Mozilla/5.0 (Macintosh; Intel Mac OS X 10_15_7) AppleWebKit/537.36 (KHTML, like Gecko) Chrome/104.0.0.0 Safari/537.36"
192.95.30.21 - - [02/Jan/2024:09:09:06 +0100] "GET /britto-ceramic-with-saucer-p-49259.html HTTP/1.0" 200 81373 "-" "Mozilla/5.0 (compatible; MJ12bot/v1.4.8; http://mj12bot.com/)"
192.95.30.21 - - [02/Jan/2024:09:09:10 +0100] "GET /britto-elephant-limited-edition-numbered-statuette-p-46424.html HTTP/1.0" 200 81435 "-" "Mozilla/5.0 (compatible; MJ12bot/v1.4.8; http://mj12bot.com/)"
192.95.30.21 - - [02/Jan/2024:09:09:14 +0100] "GET /britto-elephant-statuette-20-cm-limited-edition-p-49262.html HTTP/1.0" 301 81541 "-" "Mozilla/5.0 (compatible; MJ12bot/v1.4.8; http://mj12bot.com/)"
65.109.155.164 - - [02/Jan/2024:09:09:00 +0100] "GET /curtains-lace-curtains-c-11_69.html HTTP/1.0" 500 66407 "-" "Mozilla/5.0 (Macintosh; Intel Mac OS X 10_15_7) AppleWebKit/537.36 (KHTML, like Gecko) Chrome/104.0.0.0 Safari/537.36"
192.95.30.21 - - [02/Jan/2024:09:09:18 +0100] "GET /britto-elephant-statuette-limited-edition-p-49262.html HTTP/1.0" 200 81433 "-" "Mozilla/5.0 (compatible; MJ12bot/v1.4.8; http://mj12bot.com/)"
192.95.30.21 - - [02/Jan/2024:09:09:23 +0100] "GET /britto-elephant-statuette-limited-edition-p-49262.html HTTP/1.0" 200 81433 "-" "Mozilla/5.0 (compatible; MJ12bot/v1.4.8; http://mj12bot.com/)"
65.109.155.164 - - [02/Jan/2024:09:09:14 +0100] "GET /outdoor-rugs-c-11_269_320.html HTTP/1.0" 500 66455 "-" "Mozilla/5.0 (Macintosh; Intel Mac OS X 10_15_7) AppleWebKit/537.36 (KHTML, like Gecko) Chrome/104.0.0.0 Safari/537.36"
192.95.30.21 - - [02/Jan/2024:09:09:27 +0100] "GET /buddha-hanging-decoration-p-53410.html HTTP/1.0" 200 81353 "-" "Mozilla/5.0 (compatible; MJ12bot/v1.4.8; http://mj12bot.com/)"
192.95.30.21 - - [02/Jan/2024:09:09:31 +0100] "GET /buddhist-little-monks-keys-happiness-p-46639.html HTTP/1.0" 200 81419 "-" "Mozilla/5.0 (compatible; MJ12bot/v1.4.8; http://mj12bot.com/)"
192.95.30.21 - - [02/Jan/2024:09:09:35 +0100] "GET /buddhist-little-monks-keys-of-happiness-10-cm-p-46639.html HTTP/1.0" 301 81522 "-" "Mozilla/5.0 (compatible; MJ12bot/v1.4.8; http://mj12bot.com/)"
192.95.30.21 - - [02/Jan/2024:09:09:40 +0100] "GET /buddhist-little-monks-keys-happiness-p-46639.html HTTP/1.0" 200 81419 "-" "Mozilla/5.0 (compatible; MJ12bot/v1.4.8; http://mj12bot.com/)"
192.95.30.21 - - [02/Jan/2024:09:09:45 +0100] "GET /buffalo-skull-glass-cutting-board-by-cbkreation-p-51464.html HTTP/1.0" 301 83906 "-" "Mozilla/5.0 (compatible; MJ12bot/v1.4.8; http://mj12bot.com/)"
192.95.30.21 - - [02/Jan/2024:09:09:49 +0100] "GET /buffalo-skull-glass-cutting-board-cbkreation-p-51464.html HTTP/1.0" 200 83795 "-" "Mozilla/5.0 (compatible; MJ12bot/v1.4.8; http://mj12bot.com/)"
65.109.155.164 - - [02/Jan/2024:09:09:29 +0100] "GET /decorations-c-13_89.html HTTP/1.0" 500 66341 "-" "Mozilla/5.0 (Macintosh; Intel Mac OS X 10_15_7) AppleWebKit/537.36 (KHTML, like Gecko) Chrome/104.0.0.0 Safari/537.36"
192.95.30.21 - - [02/Jan/2024:09:09:54 +0100] "GET /buffalo-skull-glass-cutting-board-cbkreation-p-51464.html HTTP/1.0" 200 83795 "-" "Mozilla/5.0 (compatible; MJ12bot/v1.4.8; http://mj12bot.com/)"
192.95.30.21 - - [02/Jan/2024:09:09:58 +0100] "GET /burlap-round-table-boheme-p-56533.html HTTP/1.0" 200 84223 "-" "Mozilla/5.0 (compatible; MJ12bot/v1.4.8; http://mj12bot.com/)"
192.95.30.21 - - [02/Jan/2024:09:10:03 +0100] "GET /burlap-round-table-cuisine-chef-p-56537.html HTTP/1.0" 200 84264 "-" "Mozilla/5.0 (compatible; MJ12bot/v1.4.8; http://mj12bot.com/)"
65.109.155.164 - - [02/Jan/2024:09:09:45 +0100] "GET /photo-frames-memo-clips-c-13_132.html HTTP/1.0" 500 66431 "-" "Mozilla/5.0 (Macintosh; Intel Mac OS X 10_15_7) AppleWebKit/537.36 (KHTML, like Gecko) Chrome/104.0.0.0 Safari/537.36"
65.109.155.164 - - [02/Jan/2024:09:10:00 +0100] "GET /mouse-c-129_85.html?page=5 HTTP/1.0" 500 66347 "-" "Mozilla/5.0 (Macintosh; Intel Mac OS X 10_15_7) AppleWebKit/537.36 (KHTML, like Gecko) Chrome/104.0.0.0 Safari/537.36"
192.95.30.21 - - [02/Jan/2024:09:10:08 +0100] "GET /burlap-round-table-dream-p-48452.html HTTP/1.0" 301 81330 "-" "Mozilla/5.0 (compatible; MJ12bot/v1.4.8; http://mj12bot.com/)"
192.95.30.21 - - [02/Jan/2024:09:10:12 +0100] "GET /-p-48452.html HTTP/1.0" 200 81263 "-" "Mozilla/5.0 (compatible; MJ12bot/v1.4.8; http://mj12bot.com/)"
101.44.248.49 - - [02/Jan/2024:09:10:17 +0100] "GET /images/mini_prod/3457010954415.jpg HTTP/1.0" 200 269 "-" "Mozilla/5.0 (Windows NT 10.0; Win64; x64) AppleWebKit/537.36 (KHTML, like Gecko) Chrome/58.0.3029.110 Safari/537.3"
192.95.30.21 - - [02/Jan/2024:09:10:16 +0100] "GET /burlap-round-table-fait-maison-p-56535.html HTTP/1.0" 200 84258 "-" "Mozilla/5.0 (compatible; MJ12bot/v1.4.8; http://mj12bot.com/)"
192.95.30.21 - - [02/Jan/2024:09:10:21 +0100] "GET /burlap-round-table-saveurs-p-56534.html HTTP/1.0" 200 84230 "-" "Mozilla/5.0 (compatible; MJ12bot/v1.4.8; http://mj12bot.com/)"
192.95.30.21 - - [02/Jan/2024:09:10:26 +0100] "GET /burlap-round-table-set-dream-p-48452.html HTTP/1.0" 301 81330 "-" "Mozilla/5.0 (compatible; MJ12bot/v1.4.8; http://mj12bot.com/)"
54.36.148.112 - - [02/Jan/2024:09:10:26 +0100] "GET /cotton-floor-cushion-naomie-p-61482.html HTTP/1.0" 200 84677 "-" "Mozilla/5.0 (compatible; AhrefsBot/7.0; +http://ahrefs.com/robot/)"
192.95.30.21 - - [02/Jan/2024:09:10:30 +0100] "GET /-p-48452.html HTTP/1.0" 200 81263 "-" "Mozilla/5.0 (compatible; MJ12bot/v1.4.8; http://mj12bot.com/)"
192.95.30.21 - - [02/Jan/2024:09:10:34 +0100] "GET /burlap-round-table-set-love-p-47321.html HTTP/1.0" 301 81330 "-" "Mozilla/5.0 (compatible; MJ12bot/v1.4.8; http://mj12bot.com/)"
65.109.155.164 - - [02/Jan/2024:09:10:15 +0100] "GET /-c-95_372.html HTTP/1.0" 500 66243 "-" "Mozilla/5.0 (Macintosh; Intel Mac OS X 10_15_7) AppleWebKit/537.36 (KHTML, like Gecko) Chrome/104.0.0.0 Safari/537.36"
192.95.30.21 - - [02/Jan/2024:09:10:38 +0100] "GET /-p-47321.html HTTP/1.0" 200 81263 "-" "Mozilla/5.0 (compatible; MJ12bot/v1.4.8; http://mj12bot.com/)"
101.44.249.239 - - [02/Jan/2024:09:10:42 +0100] "GET /images/mini_prod/3524550049182.jpg HTTP/1.0" 200 269 "-" "Mozilla/5.0 (Windows NT 10.0; Win64; x64) AppleWebKit/537.36 (KHTML, like Gecko) Chrome/58.0.3029.110 Safari/537.3"
192.95.30.21 - - [02/Jan/2024:09:10:42 +0100] "GET /butterflies-salt-and-pepper-p-40633.html HTTP/1.0" 301 81471 "-" "Mozilla/5.0 (compatible; MJ12bot/v1.4.8; http://mj12bot.com/)"
192.95.30.21 - - [02/Jan/2024:09:10:46 +0100] "GET /butterflies-salt-pepper-p-40633.html HTTP/1.0" 200 81381 "-" "Mozilla/5.0 (compatible; MJ12bot/v1.4.8; http://mj12bot.com/)"
192.95.30.21 - - [02/Jan/2024:09:10:50 +0100] "GET /butterflies-salt-pepper-p-40633.html HTTP/1.0" 200 81381 "-" "Mozilla/5.0 (compatible; MJ12bot/v1.4.8; http://mj12bot.com/)"
202.239.5.91 - - [02/Jan/2024:09:10:48 +0100] "GET /-c-97_196.html HTTP/1.0" 200 91103 "-" "Mozilla/5.0 (compatible; Y!J-WSC/1.0; +https://yahoo.jp/3BSZgF)"
192.95.30.21 - - [02/Jan/2024:09:10:55 +0100] "GET /butterfly-coffee-cup-with-saucer-blue-p-40632.html HTTP/1.0" 301 81497 "-" "Mozilla/5.0 (compatible; MJ12bot/v1.4.8; http://mj12bot.com/)"
202.239.5.196 - - [02/Jan/2024:09:10:58 +0100] "GET /swfobject.js HTTP/1.0" 404 1308 "http://www.wonder-geek.com/-c-97_196.html" "Mozilla/5.0 (Windows NT 10.0; Win64; x64) AppleWebKit/537.36 (KHTML, like Gecko; compatible; Y!J-WSC/1.0; +https://yahoo.jp/3BSZgF) Chrome/118.0.0.0 Safari/537.36"
192.95.30.21 - - [02/Jan/2024:09:11:00 +0100] "GET /butterfly-coffee-with-saucer-blue-p-40632.html HTTP/1.0" 200 81397 "-" "Mozilla/5.0 (compatible; MJ12bot/v1.4.8; http://mj12bot.com/)"
192.95.30.21 - - [02/Jan/2024:09:11:04 +0100] "GET /butterfly-coffee-cup-with-saucer-purple-p-40630.html HTTP/1.0" 301 81549 "-" "Mozilla/5.0 (compatible; MJ12bot/v1.4.8; http://mj12bot.com/)"
192.95.30.21 - - [02/Jan/2024:09:11:08 +0100] "GET /butterfly-coffee-with-saucer-purple-p-40630.html HTTP/1.0" 200 81447 "-" "Mozilla/5.0 (compatible; MJ12bot/v1.4.8; http://mj12bot.com/)"
192.95.30.21 - - [02/Jan/2024:09:11:12 +0100] "GET /butterfly-coffee-with-saucer-blue-p-40632.html HTTP/1.0" 200 81397 "-" "Mozilla/5.0 (compatible; MJ12bot/v1.4.8; http://mj12bot.com/)"
192.95.30.21 - - [02/Jan/2024:09:11:17 +0100] "GET /butterfly-coffee-with-saucer-purple-p-40630.html HTTP/1.0" 200 81447 "-" "Mozilla/5.0 (compatible; MJ12bot/v1.4.8; http://mj12bot.com/)"
192.95.30.21 - - [02/Jan/2024:09:11:21 +0100] "GET /butterfly-wall-decoration-225-185-cm-blue-model-p-47399.html HTTP/1.0" 301 81526 "-" "Mozilla/5.0 (compatible; MJ12bot/v1.4.8; http://mj12bot.com/)"
192.95.30.21 - - [02/Jan/2024:09:11:25 +0100] "GET /butterfly-wall-decoration-blue-model-p-47399.html HTTP/1.0" 200 81423 "-" "Mozilla/5.0 (compatible; MJ12bot/v1.4.8; http://mj12bot.com/)"
192.95.30.21 - - [02/Jan/2024:09:11:29 +0100] "GET /butterfly-wall-decoration-24-19-cm-blu-model-p-47399.html HTTP/1.0" 301 81526 "-" "Mozilla/5.0 (compatible; MJ12bot/v1.4.8; http://mj12bot.com/)"
192.95.30.21 - - [02/Jan/2024:09:11:33 +0100] "GET /butterfly-wall-decoration-blue-model-p-47399.html HTTP/1.0" 200 81423 "-" "Mozilla/5.0 (compatible; MJ12bot/v1.4.8; http://mj12bot.com/)"
192.95.30.21 - - [02/Jan/2024:09:11:37 +0100] "GET /butterfly-wall-decoration-24-19-cm-pink-model-p-47398.html HTTP/1.0" 301 81330 "-" "Mozilla/5.0 (compatible; MJ12bot/v1.4.8; http://mj12bot.com/)"
192.95.30.21 - - [02/Jan/2024:09:11:41 +0100] "GET /-p-47398.html HTTP/1.0" 200 81263 "-" "Mozilla/5.0 (compatible; MJ12bot/v1.4.8; http://mj12bot.com/)"
192.95.30.21 - - [02/Jan/2024:09:11:45 +0100] "GET /butterfly-wall-decoration-38-28-cm-blu-model-p-47409.html HTTP/1.0" 301 83898 "-" "Mozilla/5.0 (compatible; MJ12bot/v1.4.8; http://mj12bot.com/)"
192.95.30.21 - - [02/Jan/2024:09:11:50 +0100] "GET /butterfly-wall-decoration-model-p-47409.html HTTP/1.0" 200 83800 "-" "Mozilla/5.0 (compatible; MJ12bot/v1.4.8; http://mj12bot.com/)"
192.95.30.21 - - [02/Jan/2024:09:11:55 +0100] "GET /butterfly-wall-decoration-38-28-cm-p-47411.html HTTP/1.0" 301 83844 "-" "Mozilla/5.0 (compatible; MJ12bot/v1.4.8; http://mj12bot.com/)"
192.95.30.21 - - [02/Jan/2024:09:11:59 +0100] "GET /butterfly-wall-decoration-p-47411.html HTTP/1.0" 200 83752 "-" "Mozilla/5.0 (compatible; MJ12bot/v1.4.8; http://mj12bot.com/)"
54.36.148.255 - - [02/Jan/2024:09:12:06 +0100] "GET /porcelain-musician-cats-kiub-p-57953.html HTTP/1.0" 200 84381 "-" "Mozilla/5.0 (compatible; AhrefsBot/7.0; +http://ahrefs.com/robot/)"
192.95.30.21 - - [02/Jan/2024:09:12:08 +0100] "GET /butterfly-wall-decoration-blue-model-p-47399.html HTTP/1.0" 200 81423 "-" "Mozilla/5.0 (compatible; MJ12bot/v1.4.8; http://mj12bot.com/)"
192.95.30.21 - - [02/Jan/2024:09:12:13 +0100] "GET /butterfly-wall-decoration-model-p-47409.html HTTP/1.0" 200 83800 "-" "Mozilla/5.0 (compatible; MJ12bot/v1.4.8; http://mj12bot.com/)"
220.181.157.65 - - [02/Jan/2024:09:12:18 +0100] "GET /images/big_prod_1/493842the.jpg HTTP/1.0" 200 266 "-" "Mozilla/5.0 (Windows NT 10.0; Win64; x64) AppleWebKit/537.36 (KHTML, like Gecko) Chrome/58.0.3029.110 Safari/537.3"
192.95.30.21 - - [02/Jan/2024:09:12:18 +0100] "GET /butterfly-wall-decoration-p-47411.html HTTP/1.0" 200 83752 "-" "Mozilla/5.0 (compatible; MJ12bot/v1.4.8; http://mj12bot.com/)"
192.95.30.21 - - [02/Jan/2024:09:12:23 +0100] "GET /cachepot-arty-white-ceramic-p-58378.html HTTP/1.0" 200 84532 "-" "Mozilla/5.0 (compatible; MJ12bot/v1.4.8; http://mj12bot.com/)"
192.95.30.21 - - [02/Jan/2024:09:12:28 +0100] "GET /cactus-flower-pot-in-resin-p-48535.html HTTP/1.0" 301 81330 "-" "Mozilla/5.0 (compatible; MJ12bot/v1.4.8; http://mj12bot.com/)"
192.95.30.21 - - [02/Jan/2024:09:12:32 +0100] "GET /-p-48535.html HTTP/1.0" 200 81263 "-" "Mozilla/5.0 (compatible; MJ12bot/v1.4.8; http://mj12bot.com/)"
192.95.30.21 - - [02/Jan/2024:09:12:37 +0100] "GET /cactus-flower-resin-p-48535.html HTTP/1.0" 301 81330 "-" "Mozilla/5.0 (compatible; MJ12bot/v1.4.8; http://mj12bot.com/)"
192.95.30.21 - - [02/Jan/2024:09:12:41 +0100] "GET /-p-48535.html HTTP/1.0" 200 81263 "-" "Mozilla/5.0 (compatible; MJ12bot/v1.4.8; http://mj12bot.com/)"
192.95.30.21 - - [02/Jan/2024:09:12:45 +0100] "GET /cactus-jewelry-statuette-p-49179.html HTTP/1.0" 200 81349 "-" "Mozilla/5.0 (compatible; MJ12bot/v1.4.8; http://mj12bot.com/)"
192.95.30.21 - - [02/Jan/2024:09:12:49 +0100] "GET /cafe-coffee-cutting-board-23-14-cm-p-40648.html HTTP/1.0" 301 81452 "-" "Mozilla/5.0 (compatible; MJ12bot/v1.4.8; http://mj12bot.com/)"
192.95.30.21 - - [02/Jan/2024:09:12:52 +0100] "GET /coffee-cutting-board-p-40648.html HTTP/1.0" 200 81365 "-" "Mozilla/5.0 (compatible; MJ12bot/v1.4.8; http://mj12bot.com/)"
