185.191.171.8 - - [02/Jan/2024:04:56:59 +0100] "GET /money-boxes-c-13_83.html?page=15 HTTP/1.0" 200 95614 "-" "Mozilla/5.0 (compatible; SemrushBot/7~bl; +http://www.semrush.com/bot.html)"
54.36.149.83 - - [02/Jan/2024:04:57:18 +0100] "GET /napkins-c-11_285.html HTTP/1.0" 200 92319 "-" "Mozilla/5.0 (compatible; AhrefsBot/7.0; +http://ahrefs.com/robot/)"
185.191.171.16 - - [02/Jan/2024:04:58:07 +0100] "GET /jake-never-land-pirates-money-p-32144.html HTTP/1.0" 200 83839 "-" "Mozilla/5.0 (compatible; SemrushBot/7~bl; +http://www.semrush.com/bot.html)"
17.241.219.117 - - [02/Jan/2024:04:58:18 +0100] "GET /hello-kitty-camomilla-watch-p-7780.html HTTP/1.0" 200 81365 "-" "Mozilla/5.0 (Macintosh; Intel Mac OS X 10_15_5) AppleWebKit/605.1.15 (KHTML, like Gecko) Version/13.1.1 Safari/605.1.15 (Applebot/0.1; +http://www.apple.com/go/applebot)"
54.36.149.36 - - [02/Jan/2024:04:58:38 +0100] "GET /fragrances-ambiance-c-231.html?page=30 HTTP/1.0" 200 104616 "-" "Mozilla/5.0 (compatible; AhrefsBot/7.0; +http://ahrefs.com/robot/)"
52.167.144.203 - - [02/Jan/2024:04:59:35 +0100] "GET /tablecloths-c-11_176.html HTTP/1.0" 200 102079 "-" "Mozilla/5.0 AppleWebKit/537.36 (KHTML, like Gecko; compatible; bingbot/2.0; +http://www.bing.com/bingbot.htm) Chrome/116.0.1938.76 Safari/537.36"
54.36.149.73 - - [02/Jan/2024:05:00:00 +0100] "GET /dopey-mini-figurine-p-55970.html HTTP/1.0" 200 84818 "-" "Mozilla/5.0 (compatible; AhrefsBot/7.0; +http://ahrefs.com/robot/)"
101.44.249.213 - - [02/Jan/2024:05:00:53 +0100] "GET /images/mini_prod/1399984254400.jpg HTTP/1.0" 200 269 "-" "Mozilla/5.0 (Windows NT 10.0; Win64; x64) AppleWebKit/537.36 (KHTML, like Gecko) Chrome/58.0.3029.110 Safari/537.3"
52.167.144.203 - - [02/Jan/2024:05:00:45 +0100] "GET /clocks-c-13_67.html?page=5 HTTP/1.0" 200 103939 "-" "Mozilla/5.0 AppleWebKit/537.36 (KHTML, like Gecko; compatible; bingbot/2.0; +http://www.bing.com/bingbot.htm) Chrome/116.0.1938.76 Safari/537.36"
54.36.149.21 - - [02/Jan/2024:05:01:21 +0100] "GET /gogh-wall-decoration-p-54009.html HTTP/1.0" 200 83709 "-" "Mozilla/5.0 (compatible; AhrefsBot/7.0; +http://ahrefs.com/robot/)"
52.167.144.203 - - [02/Jan/2024:05:01:15 +0100] "GET /personalized-products-c-97.html HTTP/1.0" 200 101171 "-" "Mozilla/5.0 AppleWebKit/537.36 (KHTML, like Gecko; compatible; bingbot/2.0; +http://www.bing.com/bingbot.htm) Chrome/116.0.1938.76 Safari/537.36"
52.167.144.203 - - [02/Jan/2024:05:02:06 +0100] "GET /-m-7.html?page=6 HTTP/1.0" 200 98866 "-" "Mozilla/5.0 AppleWebKit/537.36 (KHTML, like Gecko; compatible; bingbot/2.0; +http://www.bing.com/bingbot.htm) Chrome/116.0.1938.76 Safari/537.36"
51.68.224.127 - - [02/Jan/2024:05:02:33 +0100] "GET /adminweb/export_orders_xml.php?token=256de2z6edz6ed2z6DFSFsed2zed6zeDSFDSGdzedezfzf&maxorders=10&orderstart=1&status=14&start_date=2018-10-01 HTTP/1.0" 200 285 "-" "GesCom CharlotteBoutik Serveur"
51.68.224.127 - - [02/Jan/2024:05:02:33 +0100] "GET /adminweb/export_orders_xml.php?token=256de2z6edz6ed2z6DFSFsed2zed6zeDSFDSGdzedezfzf&maxorders=10&orderstart=1&status=6&start_date=2018-10-01 HTTP/1.0" 200 34422 "-" "GesCom CharlotteBoutik Serveur"
44.222.70.107 - - [02/Jan/2024:05:02:52 +0100] "GET /images/mini_prod/3760116326407.jpg HTTP/1.0" 200 269 "-" "Go-http-client/1.1"
54.36.148.44 - - [02/Jan/2024:05:02:50 +0100] "GET /kimmidoll-buckets-beige-satin-collection-p-13360.html HTTP/1.0" 200 84148 "-" "Mozilla/5.0 (compatible; AhrefsBot/7.0; +http://ahrefs.com/robot/)"
185.191.171.15 - - [02/Jan/2024:05:02:53 +0100] "GET /ganesh-statue-p-42033.html HTTP/1.0" 200 81317 "-" "Mozilla/5.0 (compatible; SemrushBot/7~bl; +http://www.semrush.com/bot.html)"
114.119.131.232 - - [02/Jan/2024:05:03:00 +0100] "GET /images/big_prod_2/8445146097545C.jpg HTTP/1.0" 200 271 "http://www.wonder-geek.com/nativity-statuette-mango-wood-p-61446.html" "Mozilla/5.0 (Linux; Android 7.0;) AppleWebKit/537.36 (KHTML, like Gecko) Mobile Safari/537.36 (compatible; PetalBot;+https://webmaster.petalsearch.com/site/petalbot)"
152.67.124.221 - - [02/Jan/2024:05:03:38 +0100] "GET /images/med_prod/5055071694615.jpg HTTP/1.0" 200 268 "-" "Mozilla/5.0 (X11; Ubuntu; Linux x86_64; rv:72.0) Gecko/20100101 Firefox/72.0"
66.249.66.207 - - [02/Jan/2024:05:03:46 +0100] "GET /cats-dubout-photo-frame-third-p-33753.html HTTP/1.0" 200 84802 "-" "Mozilla/5.0 (Linux; Android 6.0.1; Nexus 5X Build/MMB29P) AppleWebKit/537.36 (KHTML, like Gecko) Chrome/120.0.6099.71 Mobile Safari/537.36 (compatible; Googlebot/2.1; +http://www.google.com/bot.html)"
114.119.154.67 - - [02/Jan/2024:05:04:03 +0100] "GET /frida-mug-with-infuser-blue-p-52861.html HTTP/1.0" 301 81447 "http://www.wonder-geek.com/mug-with-tea-infuser-c-12_221.html" "Mozilla/5.0 (Linux; Android 7.0;) AppleWebKit/537.36 (KHTML, like Gecko) Mobile Safari/537.36 (compatible; PetalBot;+https://webmaster.petalsearch.com/site/petalbot)"
114.119.154.67 - - [02/Jan/2024:05:04:06 +0100] "GET /frida-with-infuser-blue-p-52861.html HTTP/1.0" 200 81357 "http://www.wonder-geek.com/mug-with-tea-infuser-c-12_221.html" "Mozilla/5.0 (Linux; Android 7.0;) AppleWebKit/537.36 (KHTML, like Gecko) Mobile Safari/537.36 (compatible; PetalBot;+https://webmaster.petalsearch.com/site/petalbot)"
213.180.203.252 - - [02/Jan/2024:05:04:09 +0100] "GET /robots.txt HTTP/1.0" 200 245 "-" "Mozilla/5.0 (compatible; YandexBot/3.0; +http://yandex.com/bots)"
54.36.148.142 - - [02/Jan/2024:05:04:11 +0100] "GET /large-round-flowers-wooden-bowl-allen-designs-p-60528.html HTTP/1.0" 200 85249 "-" "Mozilla/5.0 (compatible; AhrefsBot/7.0; +http://ahrefs.com/robot/)"
52.167.144.235 - - [02/Jan/2024:05:04:25 +0100] "GET /images/B2807201314024.jpg HTTP/1.0" 200 260 "-" "Mozilla/5.0 AppleWebKit/537.36 (KHTML, like Gecko; compatible; bingbot/2.0; +http://www.bing.com/bingbot.htm) Chrome/116.0.1938.76 Safari/537.36"
85.208.96.198 - - [02/Jan/2024:05:05:05 +0100] "GET /unicorne-small-bank-p-42514.html HTTP/1.0" 200 81329 "-" "Mozilla/5.0 (compatible; SemrushBot/7~bl; +http://www.semrush.com/bot.html)"
101.44.249.66 - - [02/Jan/2024:05:05:11 +0100] "GET /images/mini_prod/8003990585306.jpg HTTP/1.0" 200 269 "-" "Mozilla/5.0 (Windows NT 10.0; Win64; x64) AppleWebKit/537.36 (KHTML, like Gecko) Chrome/58.0.3029.110 Safari/537.3"
54.36.148.239 - - [02/Jan/2024:05:05:41 +0100] "GET /olla-ppin-terracotta-coral-pink-finish-p-58491.html HTTP/1.0" 200 85335 "-" "Mozilla/5.0 (compatible; AhrefsBot/7.0; +http://ahrefs.com/robot/)"
52.167.144.238 - - [02/Jan/2024:05:06:37 +0100] "GET /images/big_prod/1020322280279.jpg HTTP/1.0" 200 268 "-" "Mozilla/5.0 AppleWebKit/537.36 (KHTML, like Gecko; compatible; bingbot/2.0; +http://www.bing.com/bingbot.htm) Chrome/116.0.1938.76 Safari/537.36"
52.167.144.238 - - [02/Jan/2024:05:06:46 +0100] "GET /pinguin-money-p-61321.html HTTP/1.0" 200 84197 "-" "Mozilla/5.0 AppleWebKit/537.36 (KHTML, like Gecko; compatible; bingbot/2.0; +http://www.bing.com/bingbot.htm) Chrome/116.0.1938.76 Safari/537.36"
44.211.188.107 - - [02/Jan/2024:05:06:56 +0100] "GET /images/mini_prod/4036113830810.jpg HTTP/1.0" 200 269 "-" "Go-http-client/1.1"
54.36.149.85 - - [02/Jan/2024:05:07:02 +0100] "GET /heart-home-spiced-apple-cinnamon-maxi-candle-p-61110.html HTTP/1.0" 200 84996 "-" "Mozilla/5.0 (compatible; AhrefsBot/7.0; +http://ahrefs.com/robot/)"
54.36.148.74 - - [02/Jan/2024:05:08:23 +0100] "GET /noddy-baby-training-p-18269.html HTTP/1.0" 200 83645 "-" "Mozilla/5.0 (compatible; AhrefsBot/7.0; +http://ahrefs.com/robot/)"
158.220.119.236 - - [02/Jan/2024:05:09:03 +0100] "GET /robots.txt HTTP/1.0" 200 245 "-" "Mozilla/5.0 (compatible; MJ12bot/v1.4.8; http://mj12bot.com/)"
103.52.188.152 - - [02/Jan/2024:05:09:18 +0100] "GET /images/big_prod/1345544761390.jpg HTTP/1.0" 200 268 "-" "Mozilla/5.0 (X11; Ubuntu; Linux x86_64; rv:72.0) Gecko/20100101 Firefox/72.0"
158.220.119.236 - - [02/Jan/2024:05:09:19 +0100] "GET /cushion-cover-40-40-cm-birds-p-49955.html HTTP/1.0" 301 81425 "-" "Mozilla/5.0 (compatible; MJ12bot/v1.4.8; http://mj12bot.com/)"
158.220.119.236 - - [02/Jan/2024:05:09:27 +0100] "GET /cushion-cover-birds-p-49955.html HTTP/1.0" 200 81339 "-" "Mozilla/5.0 (compatible; MJ12bot/v1.4.8; http://mj12bot.com/)"
158.220.119.236 - - [02/Jan/2024:05:09:41 +0100] "GET /cushion-cover-40-40-cm-butterflies-p-49956.html HTTP/1.0" 301 81443 "-" "Mozilla/5.0 (compatible; MJ12bot/v1.4.8; http://mj12bot.com/)"
216.244.66.242 - - [02/Jan/2024:05:09:46 +0100] "GET /robots.txt HTTP/1.0" 200 245 "-" "Mozilla/5.0 (compatible; DotBot/1.2; +https://opensiteexplorer.org/dotbot; help@moz.com)"
54.36.149.83 - - [02/Jan/2024:05:09:55 +0100] "GET /flounder-figure-collection-romero-britto-p-57483.html HTTP/1.0" 200 85179 "-" "Mozilla/5.0 (compatible; AhrefsBot/7.0; +http://ahrefs.com/robot/)"
101.44.250.220 - - [02/Jan/2024:05:10:08 +0100] "GET /images/mini_prod/5050293803197.jpg HTTP/1.0" 200 269 "-" "Mozilla/5.0 (Windows NT 10.0; Win64; x64) AppleWebKit/537.36 (KHTML, like Gecko) Chrome/58.0.3029.110 Safari/537.3"
158.220.119.236 - - [02/Jan/2024:05:10:10 +0100] "GET /cushion-cover-butterflies-p-49956.html HTTP/1.0" 200 81351 "-" "Mozilla/5.0 (compatible; MJ12bot/v1.4.8; http://mj12bot.com/)"
66.249.66.207 - - [02/Jan/2024:05:10:18 +0100] "GET /collectible-figurines-decorative-c-13_135.html?page=3 HTTP/1.0" 200 105831 "-" "Mozilla/5.0 (Linux; Android 6.0.1; Nexus 5X Build/MMB29P) AppleWebKit/537.36 (KHTML, like Gecko) Chrome/120.0.6099.71 Mobile Safari/537.36 (compatible; Googlebot/2.1; +http://www.google.com/bot.html)"
158.220.119.236 - - [02/Jan/2024:05:10:26 +0100] "GET /cushion-cover-40-40-cm-cacatoeas-p-52019.html HTTP/1.0" 301 84623 "-" "Mozilla/5.0 (compatible; MJ12bot/v1.4.8; http://mj12bot.com/)"
158.220.119.236 - - [02/Jan/2024:05:10:37 +0100] "GET /cushion-cover-cacatoeas-p-52019.html HTTP/1.0" 200 84533 "-" "Mozilla/5.0 (compatible; MJ12bot/v1.4.8; http://mj12bot.com/)"
202.239.4.238 - - [02/Jan/2024:05:10:40 +0100] "GET /-c-95_376.html HTTP/1.0" 200 80131 "-" "Mozilla/5.0 (compatible; Y!J-WSC/1.0; +https://yahoo.jp/3BSZgF)"
158.220.119.236 - - [02/Jan/2024:05:10:55 +0100] "GET /cushion-cover-40-40-cm-ecru-p-43147.html HTTP/1.0" 301 84661 "-" "Mozilla/5.0 (compatible; MJ12bot/v1.4.8; http://mj12bot.com/)"
158.220.119.236 - - [02/Jan/2024:05:11:04 +0100] "GET /cushion-cover-ecru-p-43147.html HTTP/1.0" 200 84576 "-" "Mozilla/5.0 (compatible; MJ12bot/v1.4.8; http://mj12bot.com/)"
54.36.149.75 - - [02/Jan/2024:05:11:14 +0100] "GET /justitia-thmis-statue-p-37370.html HTTP/1.0" 200 83788 "-" "Mozilla/5.0 (compatible; AhrefsBot/7.0; +http://ahrefs.com/robot/)"
158.220.119.236 - - [02/Jan/2024:05:11:17 +0100] "GET /cushion-cover-40-40-cm-ethnik-p-49952.html HTTP/1.0" 301 84610 "-" "Mozilla/5.0 (compatible; MJ12bot/v1.4.8; http://mj12bot.com/)"
52.167.144.219 - - [02/Jan/2024:05:11:31 +0100] "GET /images/med_prod/4036113830230.jpg HTTP/1.0" 200 268 "-" "Mozilla/5.0 (Windows NT 6.1; WOW64) AppleWebKit/534+ (KHTML, like Gecko) BingPreview/1.0b"
158.220.119.236 - - [02/Jan/2024:05:11:32 +0100] "GET /cushion-cover-ethnik-p-49952.html HTTP/1.0" 200 84523 "-" "Mozilla/5.0 (compatible; MJ12bot/v1.4.8; http://mj12bot.com/)"
158.220.119.236 - - [02/Jan/2024:05:11:41 +0100] "GET /cushion-cover-40-40-cm-leaf-p-52020.html HTTP/1.0" 301 84583 "-" "Mozilla/5.0 (compatible; MJ12bot/v1.4.8; http://mj12bot.com/)"
158.220.119.236 - - [02/Jan/2024:05:12:01 +0100] "GET /cushion-cover-leaf-p-52020.html HTTP/1.0" 200 84498 "-" "Mozilla/5.0 (compatible; MJ12bot/v1.4.8; http://mj12bot.com/)"
158.220.119.236 - - [02/Jan/2024:05:12:20 +0100] "GET /cushion-cover-40-40-cm-white-p-43148.html HTTP/1.0" 301 81441 "-" "Mozilla/5.0 (compatible; MJ12bot/v1.4.8; http://mj12bot.com/)"
158.220.119.236 - - [02/Jan/2024:05:12:30 +0100] "GET /cushion-cover-white-p-43148.html HTTP/1.0" 200 81355 "-" "Mozilla/5.0 (compatible; MJ12bot/v1.4.8; http://mj12bot.com/)"
54.36.148.110 - - [02/Jan/2024:05:12:35 +0100] "GET /bowl-happy-green-made-germany-p-52579.html HTTP/1.0" 200 84733 "-" "Mozilla/5.0 (compatible; AhrefsBot/7.0; +http://ahrefs.com/robot/)"
158.220.119.236 - - [02/Jan/2024:05:12:44 +0100] "GET /cushion-cover-birds-p-49955.html HTTP/1.0" 200 81339 "-" "Mozilla/5.0 (compatible; MJ12bot/v1.4.8; http://mj12bot.com/)"
95.108.213.113 - - [02/Jan/2024:05:12:56 +0100] "GET /robots.txt HTTP/1.0" 200 245 "-" "Mozilla/5.0 (compatible; YandexBot/3.0; +http://yandex.com/bots)"
158.220.119.236 - - [02/Jan/2024:05:12:56 +0100] "GET /cushion-cover-butterflies-p-49956.html HTTP/1.0" 200 81351 "-" "Mozilla/5.0 (compatible; MJ12bot/v1.4.8; http://mj12bot.com/)"
87.250.224.211 - - [02/Jan/2024:05:12:57 +0100] "GET /despicable-pencil-case-p-36235.html HTTP/1.0" 200 81347 "-" "Mozilla/5.0 (compatible; YandexBot/3.0; +http://yandex.com/bots)"
158.220.119.236 - - [02/Jan/2024:05:13:15 +0100] "GET /cushion-cover-cacatoeas-p-52019.html HTTP/1.0" 200 84533 "-" "Mozilla/5.0 (compatible; MJ12bot/v1.4.8; http://mj12bot.com/)"
107.21.19.149 - - [02/Jan/2024:05:13:20 +0100] "GET /images/mini_prod/3609810048348.jpg HTTP/1.0" 200 269 "-" "Go-http-client/1.1"
158.220.119.236 - - [02/Jan/2024:05:13:27 +0100] "GET /cushion-cover-cement-tiles-p-56313.html HTTP/1.0" 200 84553 "-" "Mozilla/5.0 (compatible; MJ12bot/v1.4.8; http://mj12bot.com/)"
85.208.96.193 - - [02/Jan/2024:05:13:29 +0100] "GET /tetsubin-yellow-teapots-japanese-p-36059.html HTTP/1.0" 200 81381 "-" "Mozilla/5.0 (compatible; SemrushBot/7~bl; +http://www.semrush.com/bot.html)"
158.220.119.236 - - [02/Jan/2024:05:13:36 +0100] "GET /cushion-cover-cement-tiles-p-56315.html HTTP/1.0" 200 84563 "-" "Mozilla/5.0 (compatible; MJ12bot/v1.4.8; http://mj12bot.com/)"
101.44.250.47 - - [02/Jan/2024:05:13:54 +0100] "GET /images/big_prod_1/3503420099304b.jpg HTTP/1.0" 200 271 "-" "Mozilla/5.0 (Windows NT 10.0; Win64; x64) AppleWebKit/537.36 (KHTML, like Gecko) Chrome/58.0.3029.110 Safari/537.3"
158.220.119.236 - - [02/Jan/2024:05:13:53 +0100] "GET /cushion-cover-ecru-p-43147.html HTTP/1.0" 200 84576 "-" "Mozilla/5.0 (compatible; MJ12bot/v1.4.8; http://mj12bot.com/)"
54.36.148.145 - - [02/Jan/2024:05:13:56 +0100] "GET /petit-prince-exupry-collection-p-44544.html HTTP/1.0" 200 85144 "-" "Mozilla/5.0 (compatible; AhrefsBot/7.0; +http://ahrefs.com/robot/)"
158.220.119.236 - - [02/Jan/2024:05:14:02 +0100] "GET /cushion-cover-ethnik-p-49952.html HTTP/1.0" 200 84523 "-" "Mozilla/5.0 (compatible; MJ12bot/v1.4.8; http://mj12bot.com/)"
158.220.119.236 - - [02/Jan/2024:05:14:09 +0100] "GET /cushion-cover-leaf-p-52020.html HTTP/1.0" 200 84498 "-" "Mozilla/5.0 (compatible; MJ12bot/v1.4.8; http://mj12bot.com/)"
158.220.119.236 - - [02/Jan/2024:05:14:24 +0100] "GET /cushion-cover-white-p-43148.html HTTP/1.0" 200 81355 "-" "Mozilla/5.0 (compatible; MJ12bot/v1.4.8; http://mj12bot.com/)"
158.220.119.236 - - [02/Jan/2024:05:14:48 +0100] "GET /cushion-for-upholstery-cover-40-40-cm-p-50031.html HTTP/1.0" 301 83926 "-" "Mozilla/5.0 (compatible; MJ12bot/v1.4.8; http://mj12bot.com/)"
158.220.119.236 - - [02/Jan/2024:05:15:02 +0100] "GET /cushion-upholstery-cover-p-50031.html HTTP/1.0" 200 83835 "-" "Mozilla/5.0 (compatible; MJ12bot/v1.4.8; http://mj12bot.com/)"
58.227.158.22 - - [02/Jan/2024:05:15:18 +0100] "GET /images/mini_prod/3660173163628.jpg HTTP/1.0" 200 269 "-" "Mozilla/5.0 (X11; Ubuntu; Linux x86_64; rv:72.0) Gecko/20100101 Firefox/72.0"
54.36.149.64 - - [02/Jan/2024:05:15:18 +0100] "GET /gorjuss-fairy-lights-p-27144.html HTTP/1.0" 200 83830 "-" "Mozilla/5.0 (compatible; AhrefsBot/7.0; +http://ahrefs.com/robot/)"
158.220.119.236 - - [02/Jan/2024:05:15:18 +0100] "GET /cushion-linen-and-taupe-40-cm-verona-model-p-38897.html HTTP/1.0" 301 81330 "-" "Mozilla/5.0 (compatible; MJ12bot/v1.4.8; http://mj12bot.com/)"
158.220.119.236 - - [02/Jan/2024:05:15:33 +0100] "GET /-p-38897.html HTTP/1.0" 200 81263 "-" "Mozilla/5.0 (compatible; MJ12bot/v1.4.8; http://mj12bot.com/)"
158.220.119.236 - - [02/Jan/2024:05:15:47 +0100] "GET /cushion-linen-and-taupe-40-cm-verona-model-p-38899.html HTTP/1.0" 301 81330 "-" "Mozilla/5.0 (compatible; MJ12bot/v1.4.8; http://mj12bot.com/)"
158.220.119.236 - - [02/Jan/2024:05:15:56 +0100] "GET /-p-38899.html HTTP/1.0" 200 81263 "-" "Mozilla/5.0 (compatible; MJ12bot/v1.4.8; http://mj12bot.com/)"
101.44.248.190 - - [02/Jan/2024:05:15:57 +0100] "GET /images/mini_prod/1384010204238.jpg HTTP/1.0" 200 269 "-" "Mozilla/5.0 (Windows NT 10.0; Win64; x64) AppleWebKit/537.36 (KHTML, like Gecko) Chrome/58.0.3029.110 Safari/537.3"
40.77.167.67 - - [02/Jan/2024:05:15:58 +0100] "GET /mugs-mazagrans-c-12_57.html?page=9 HTTP/1.0" 200 106370 "-" "Mozilla/5.0 AppleWebKit/537.36 (KHTML, like Gecko; compatible; bingbot/2.0; +http://www.bing.com/bingbot.htm) Chrome/116.0.1938.76 Safari/537.36"
158.220.119.236 - - [02/Jan/2024:05:16:06 +0100] "GET /cushion-manoir-30-cm-p-39041.html HTTP/1.0" 301 81330 "-" "Mozilla/5.0 (compatible; MJ12bot/v1.4.8; http://mj12bot.com/)"
158.220.119.236 - - [02/Jan/2024:05:16:19 +0100] "GET /-p-39041.html HTTP/1.0" 200 81263 "-" "Mozilla/5.0 (compatible; MJ12bot/v1.4.8; http://mj12bot.com/)"
101.44.249.252 - - [02/Jan/2024:05:16:38 +0100] "GET /images/mini_prod/DSCN943222012012.jpg HTTP/1.0" 200 272 "-" "Mozilla/5.0 (Windows NT 10.0; Win64; x64) AppleWebKit/537.36 (KHTML, like Gecko) Chrome/58.0.3029.110 Safari/537.3"
54.36.148.25 - - [02/Jan/2024:05:16:39 +0100] "GET /robots.txt HTTP/1.0" 200 245 "-" "Mozilla/5.0 (compatible; AhrefsBot/7.0; +http://ahrefs.com/robot/)"
54.36.148.246 - - [02/Jan/2024:05:16:41 +0100] "GET /cleste-bedspread-sage-color-p-60583.html HTTP/1.0" 200 85015 "-" "Mozilla/5.0 (compatible; AhrefsBot/7.0; +http://ahrefs.com/robot/)"
158.220.119.236 - - [02/Jan/2024:05:16:41 +0100] "GET /cushion-p-31870.html HTTP/1.0" 301 81330 "-" "Mozilla/5.0 (compatible; MJ12bot/v1.4.8; http://mj12bot.com/)"
101.44.251.152 - - [02/Jan/2024:05:16:45 +0100] "GET /images/mini_prod/3565750061208.jpg HTTP/1.0" 200 269 "-" "Mozilla/5.0 (Windows NT 10.0; Win64; x64) AppleWebKit/537.36 (KHTML, like Gecko) Chrome/58.0.3029.110 Safari/537.3"
158.220.119.236 - - [02/Jan/2024:05:16:59 +0100] "GET /-p-31870.html HTTP/1.0" 200 81263 "-" "Mozilla/5.0 (compatible; MJ12bot/v1.4.8; http://mj12bot.com/)"
158.220.119.236 - - [02/Jan/2024:05:17:14 +0100] "GET /cushion-upholstery-cover-p-50031.html HTTP/1.0" 200 83835 "-" "Mozilla/5.0 (compatible; MJ12bot/v1.4.8; http://mj12bot.com/)"
158.220.119.236 - - [02/Jan/2024:05:17:29 +0100] "GET /cushions-c-11_71.html?page=1 HTTP/1.0" 301 103400 "-" "Mozilla/5.0 (compatible; MJ12bot/v1.4.8; http://mj12bot.com/)"
158.220.119.236 - - [02/Jan/2024:05:17:45 +0100] "GET /cushions-floor-cushions-cushion-covers-c-71.html?page=1 HTTP/1.0" 301 103284 "-" "Mozilla/5.0 (compatible; MJ12bot/v1.4.8; http://mj12bot.com/)"
158.220.119.236 - - [02/Jan/2024:05:18:05 +0100] "GET /cushions-floor-cushions-cushion-covers-c-11_71.html?page=1 HTTP/1.0" 200 103291 "-" "Mozilla/5.0 (compatible; MJ12bot/v1.4.8; http://mj12bot.com/)"
54.36.148.207 - - [02/Jan/2024:05:18:15 +0100] "GET /friends-ariel-with-flounder-figurine-p-37450.html HTTP/1.0" 200 85091 "-" "Mozilla/5.0 (compatible; AhrefsBot/7.0; +http://ahrefs.com/robot/)"
158.220.119.236 - - [02/Jan/2024:05:18:26 +0100] "GET /cushions-c-11_71.html?page=10 HTTP/1.0" 301 94864 "-" "Mozilla/5.0 (compatible; MJ12bot/v1.4.8; http://mj12bot.com/)"
158.220.119.236 - - [02/Jan/2024:05:18:36 +0100] "GET /cushions-floor-cushions-cushion-covers-c-71.html?page=10 HTTP/1.0" 301 94748 "-" "Mozilla/5.0 (compatible; MJ12bot/v1.4.8; http://mj12bot.com/)"
158.220.119.236 - - [02/Jan/2024:05:18:52 +0100] "GET /cushions-floor-cushions-cushion-covers-c-11_71.html?page=10 HTTP/1.0" 200 94754 "-" "Mozilla/5.0 (compatible; MJ12bot/v1.4.8; http://mj12bot.com/)"
158.220.119.236 - - [02/Jan/2024:05:19:10 +0100] "GET /deco-kit-sommelier-p-41215.html HTTP/1.0" 301 81330 "-" "Mozilla/5.0 (compatible; MJ12bot/v1.4.8; http://mj12bot.com/)"
51.68.224.127 - - [02/Jan/2024:05:19:15 +0100] "GET /adminweb/export_orders_xml.php?token=256de2z6edz6ed2z6DFSFsed2zed6zeDSFDSGdzedezfzf&maxorders=10&orderstart=1&status=14&start_date=2018-10-01 HTTP/1.0" 200 285 "-" "GesCom CharlotteBoutik Serveur"
51.68.224.127 - - [02/Jan/2024:05:19:16 +0100] "GET /adminweb/export_orders_xml.php?token=256de2z6edz6ed2z6DFSFsed2zed6zeDSFDSGdzedezfzf&maxorders=10&orderstart=1&status=6&start_date=2018-10-01 HTTP/1.0" 200 34422 "-" "GesCom CharlotteBoutik Serveur"
158.220.119.236 - - [02/Jan/2024:05:19:24 +0100] "GET /-p-41215.html HTTP/1.0" 200 81263 "-" "Mozilla/5.0 (compatible; MJ12bot/v1.4.8; http://mj12bot.com/)"
54.36.148.151 - - [02/Jan/2024:05:19:34 +0100] "GET /bowl-happy-jade-inside-made-germany-p-53185.html HTTP/1.0" 200 85041 "-" "Mozilla/5.0 (compatible; AhrefsBot/7.0; +http://ahrefs.com/robot/)"
158.220.119.236 - - [02/Jan/2024:05:19:47 +0100] "GET /deco-sommelier-p-41215.html HTTP/1.0" 301 81330 "-" "Mozilla/5.0 (compatible; MJ12bot/v1.4.8; http://mj12bot.com/)"
40.77.167.7 - - [02/Jan/2024:05:19:49 +0100] "GET /dresses-skirts-c-1_19.html HTTP/1.0" 200 90089 "-" "Mozilla/5.0 AppleWebKit/537.36 (KHTML, like Gecko; compatible; bingbot/2.0; +http://www.bing.com/bingbot.htm) Chrome/116.0.1938.76 Safari/537.36"
158.220.119.236 - - [02/Jan/2024:05:20:03 +0100] "GET /-p-41215.html HTTP/1.0" 200 81263 "-" "Mozilla/5.0 (compatible; MJ12bot/v1.4.8; http://mj12bot.com/)"
158.220.119.236 - - [02/Jan/2024:05:20:22 +0100] "GET /decoration-and-protection-of-animal-iphone-cable-p-47277.html HTTP/1.0" 301 85436 "-" "Mozilla/5.0 (compatible; MJ12bot/v1.4.8; http://mj12bot.com/)"
158.220.119.236 - - [02/Jan/2024:05:20:34 +0100] "GET /decoration-protection-animal-iphone-cable-p-47277.html HTTP/1.0" 200 85328 "-" "Mozilla/5.0 (compatible; MJ12bot/v1.4.8; http://mj12bot.com/)"
158.220.119.236 - - [02/Jan/2024:05:20:50 +0100] "GET /decoration-and-protection-of-animal-iphone-cable-p-47278.html HTTP/1.0" 301 81539 "-" "Mozilla/5.0 (compatible; MJ12bot/v1.4.8; http://mj12bot.com/)"
54.36.148.38 - - [02/Jan/2024:05:20:57 +0100] "GET /dessert-dish-glass-with-anti-slip-feet-p-47338.html HTTP/1.0" 200 84349 "-" "Mozilla/5.0 (compatible; AhrefsBot/7.0; +http://ahrefs.com/robot/)"
217.182.175.38 - - [02/Jan/2024:05:21:06 +0100] "GET /robots.txt HTTP/1.0" 200 245 "-" "Mozilla/5.0 (compatible; MJ12bot/v1.4.8; http://mj12bot.com/)"
158.220.119.236 - - [02/Jan/2024:05:21:07 +0100] "GET /decoration-protection-animal-iphone-cable-p-47278.html HTTP/1.0" 200 81431 "-" "Mozilla/5.0 (compatible; MJ12bot/v1.4.8; http://mj12bot.com/)"
158.220.119.236 - - [02/Jan/2024:05:21:21 +0100] "GET /decoration-and-protection-of-animal-iphone-cable-p-47283.html HTTP/1.0" 301 85436 "-" "Mozilla/5.0 (compatible; MJ12bot/v1.4.8; http://mj12bot.com/)"
217.182.175.38 - - [02/Jan/2024:05:21:28 +0100] "GET /ceramic-home-sweet-home-incense-burner-p-59624.html HTTP/1.0" 200 84538 "-" "Mozilla/5.0 (compatible; MJ12bot/v1.4.8; http://mj12bot.com/)"
185.191.171.11 - - [02/Jan/2024:05:21:37 +0100] "GET /robots.txt HTTP/1.0" 200 245 "-" "Mozilla/5.0 (compatible; SemrushBot/7~bl; +http://www.semrush.com/bot.html)"
185.191.171.6 - - [02/Jan/2024:05:21:37 +0100] "GET /-p-11101.html?action=add_product HTTP/1.0" 302 476 "-" "Mozilla/5.0 (compatible; SemrushBot/7~bl; +http://www.semrush.com/bot.html)"
85.208.96.210 - - [02/Jan/2024:05:21:42 +0100] "GET /candy-cloud-coin-purse-bubblegum-p-49849.html HTTP/1.0" 200 83708 "-" "Mozilla/5.0 (compatible; SemrushBot/7~bl; +http://www.semrush.com/bot.html)"
158.220.119.236 - - [02/Jan/2024:05:21:44 +0100] "GET /decoration-protection-animal-iphone-cable-p-47283.html HTTP/1.0" 200 85328 "-" "Mozilla/5.0 (compatible; MJ12bot/v1.4.8; http://mj12bot.com/)"
217.182.175.38 - - [02/Jan/2024:05:21:47 +0100] "GET /cold-ultrasonic-diffuser-essential-oils-pineapple-shape-p-47514.html HTTP/1.0" 200 85141 "-" "Mozilla/5.0 (compatible; MJ12bot/v1.4.8; http://mj12bot.com/)"
35.153.141.89 - - [02/Jan/2024:05:21:53 +0100] "GET /robots.txt HTTP/1.0" 200 245 "-" "Go-http-client/1.1"
158.220.119.236 - - [02/Jan/2024:05:21:57 +0100] "GET /decoration-and-protection-of-animal-iphone-cable-p-47287.html HTTP/1.0" 301 81539 "-" "Mozilla/5.0 (compatible; MJ12bot/v1.4.8; http://mj12bot.com/)"
217.182.175.38 - - [02/Jan/2024:05:22:14 +0100] "GET /corsica-trivet-p-44852.html HTTP/1.0" 200 83530 "-" "Mozilla/5.0 (compatible; MJ12bot/v1.4.8; http://mj12bot.com/)"
158.220.119.236 - - [02/Jan/2024:05:22:19 +0100] "GET /decoration-protection-animal-iphone-cable-p-47287.html HTTP/1.0" 200 81431 "-" "Mozilla/5.0 (compatible; MJ12bot/v1.4.8; http://mj12bot.com/)"
216.244.66.242 - - [02/Jan/2024:05:22:26 +0100] "GET /beatles-p-8886.html HTTP/1.0" 301 81327 "-" "Mozilla/5.0 (compatible; DotBot/1.2; +https://opensiteexplorer.org/dotbot; help@moz.com)"
54.36.149.101 - - [02/Jan/2024:05:22:26 +0100] "GET /pitchers-drink-dispensers-c-12_243.html HTTP/1.0" 200 100768 "-" "Mozilla/5.0 (compatible; AhrefsBot/7.0; +http://ahrefs.com/robot/)"
217.182.175.38 - - [02/Jan/2024:05:22:34 +0100] "GET /dessert-dish-glass-with-anti-slip-feet-p-47336.html HTTP/1.0" 200 84346 "-" "Mozilla/5.0 (compatible; MJ12bot/v1.4.8; http://mj12bot.com/)"
216.244.66.242 - - [02/Jan/2024:05:22:35 +0100] "GET /teapot-p-42246.html HTTP/1.0" 301 81330 "-" "Mozilla/5.0 (compatible; DotBot/1.2; +https://opensiteexplorer.org/dotbot; help@moz.com)"
158.220.119.236 - - [02/Jan/2024:05:22:35 +0100] "GET /decoration-and-protection-of-animal-iphone-cable-p-47288.html HTTP/1.0" 301 81539 "-" "Mozilla/5.0 (compatible; MJ12bot/v1.4.8; http://mj12bot.com/)"
216.244.66.242 - - [02/Jan/2024:05:22:42 +0100] "GET /wooden-p-31734.html HTTP/1.0" 301 81330 "-" "Mozilla/5.0 (compatible; DotBot/1.2; +https://opensiteexplorer.org/dotbot; help@moz.com)"
158.220.119.236 - - [02/Jan/2024:05:22:50 +0100] "GET /decoration-protection-animal-iphone-cable-p-47288.html HTTP/1.0" 200 81431 "-" "Mozilla/5.0 (compatible; MJ12bot/v1.4.8; http://mj12bot.com/)"
66.249.66.205 - - [02/Jan/2024:05:22:54 +0100] "GET /magnet-relief-the-little-prince-of-st-exupery-p-48346.html HTTP/1.0" 301 83907 "-" "Mozilla/5.0 (Linux; Android 6.0.1; Nexus 5X Build/MMB29P) AppleWebKit/537.36 (KHTML, like Gecko) Chrome/120.0.6099.71 Mobile Safari/537.36 (compatible; Googlebot/2.1; +http://www.google.com/bot.html)"
217.182.175.38 - - [02/Jan/2024:05:22:55 +0100] "GET /dessert-dish-glass-with-anti-slip-feet-p-47346.html HTTP/1.0" 200 84346 "-" "Mozilla/5.0 (compatible; MJ12bot/v1.4.8; http://mj12bot.com/)"
66.249.66.207 - - [02/Jan/2024:05:22:56 +0100] "GET /magnet-relief-little-prince-exupery-p-48346.html HTTP/1.0" 200 83805 "-" "Mozilla/5.0 (Linux; Android 6.0.1; Nexus 5X Build/MMB29P) AppleWebKit/537.36 (KHTML, like Gecko) Chrome/120.0.6099.71 Mobile Safari/537.36 (compatible; Googlebot/2.1; +http://www.google.com/bot.html)"
216.244.66.242 - - [02/Jan/2024:05:23:00 +0100] "GET /bob-razowsky-figure-p-22562.html HTTP/1.0" 301 81330 "-" "Mozilla/5.0 (compatible; DotBot/1.2; +https://opensiteexplorer.org/dotbot; help@moz.com)"
216.244.66.242 - - [02/Jan/2024:05:23:08 +0100] "GET /cats-statue-19-cm-p-40409.html HTTP/1.0" 301 81330 "-" "Mozilla/5.0 (compatible; DotBot/1.2; +https://opensiteexplorer.org/dotbot; help@moz.com)"
158.220.119.236 - - [02/Jan/2024:05:23:11 +0100] "GET /decoration-protection-animal-iphone-cable-p-47277.html HTTP/1.0" 200 85328 "-" "Mozilla/5.0 (compatible; MJ12bot/v1.4.8; http://mj12bot.com/)"
85.208.96.209 - - [02/Jan/2024:05:23:17 +0100] "GET /statuette-african-bust-p-48017.html?action=add_product HTTP/1.0" 302 476 "-" "Mozilla/5.0 (compatible; SemrushBot/7~bl; +http://www.semrush.com/bot.html)"
216.244.66.242 - - [02/Jan/2024:05:23:20 +0100] "GET /kimmidoll-doll-10-cm-p-46128.html HTTP/1.0" 301 81423 "-" "Mozilla/5.0 (compatible; DotBot/1.2; +https://opensiteexplorer.org/dotbot; help@moz.com)"
40.77.167.230 - - [02/Jan/2024:05:23:23 +0100] "GET /large-industrial-lamp-metal-bronze-p-48593.html HTTP/1.0" 200 83811 "-" "Mozilla/5.0 AppleWebKit/537.36 (KHTML, like Gecko; compatible; bingbot/2.0; +http://www.bing.com/bingbot.htm) Chrome/116.0.1938.76 Safari/537.36"
216.244.66.242 - - [02/Jan/2024:05:23:30 +0100] "GET /kitten-frame-canvas-p-31829.html HTTP/1.0" 301 81330 "-" "Mozilla/5.0 (compatible; DotBot/1.2; +https://opensiteexplorer.org/dotbot; help@moz.com)"
158.220.119.236 - - [02/Jan/2024:05:23:32 +0100] "GET /decoration-protection-animal-iphone-cable-p-47278.html HTTP/1.0" 200 81431 "-" "Mozilla/5.0 (compatible; MJ12bot/v1.4.8; http://mj12bot.com/)"
216.244.66.242 - - [02/Jan/2024:05:23:38 +0100] "GET /little-shiva-blue-p-39299.html HTTP/1.0" 301 81330 "-" "Mozilla/5.0 (compatible; DotBot/1.2; +https://opensiteexplorer.org/dotbot; help@moz.com)"
158.220.119.236 - - [02/Jan/2024:05:23:46 +0100] "GET /decoration-protection-animal-iphone-cable-p-47283.html HTTP/1.0" 200 85328 "-" "Mozilla/5.0 (compatible; MJ12bot/v1.4.8; http://mj12bot.com/)"
216.244.66.242 - - [02/Jan/2024:05:23:46 +0100] "GET /little-toiletry-bag-p-43374.html HTTP/1.0" 301 81403 "-" "Mozilla/5.0 (compatible; DotBot/1.2; +https://opensiteexplorer.org/dotbot; help@moz.com)"
54.36.148.175 - - [02/Jan/2024:05:23:56 +0100] "GET /magritte-collection-statuette-folie-grandeurs-p-54609.html HTTP/1.0" 200 85708 "-" "Mozilla/5.0 (compatible; AhrefsBot/7.0; +http://ahrefs.com/robot/)"
216.244.66.242 - - [02/Jan/2024:05:23:57 +0100] "GET /metal-bread-p-43986.html HTTP/1.0" 301 81330 "-" "Mozilla/5.0 (compatible; DotBot/1.2; +https://opensiteexplorer.org/dotbot; help@moz.com)"
216.244.66.242 - - [02/Jan/2024:05:24:07 +0100] "GET /mini-green-piggy-bank-p-35639.html HTTP/1.0" 301 81330 "-" "Mozilla/5.0 (compatible; DotBot/1.2; +https://opensiteexplorer.org/dotbot; help@moz.com)"
158.220.119.236 - - [02/Jan/2024:05:24:10 +0100] "GET /decoration-protection-animal-iphone-cable-p-47287.html HTTP/1.0" 200 81431 "-" "Mozilla/5.0 (compatible; MJ12bot/v1.4.8; http://mj12bot.com/)"
216.244.66.242 - - [02/Jan/2024:05:24:17 +0100] "GET /minions-metal-moneybox-p-33478.html HTTP/1.0" 301 81330 "-" "Mozilla/5.0 (compatible; DotBot/1.2; +https://opensiteexplorer.org/dotbot; help@moz.com)"
216.244.66.242 - - [02/Jan/2024:05:24:26 +0100] "GET /minnie-mouse-p-43674.html HTTP/1.0" 301 81330 "-" "Mozilla/5.0 (compatible; DotBot/1.2; +https://opensiteexplorer.org/dotbot; help@moz.com)"
158.220.119.236 - - [02/Jan/2024:05:24:30 +0100] "GET /decoration-protection-animal-iphone-cable-p-47288.html HTTP/1.0" 200 81431 "-" "Mozilla/5.0 (compatible; MJ12bot/v1.4.8; http://mj12bot.com/)"
216.244.66.242 - - [02/Jan/2024:05:24:33 +0100] "GET /model-vespa-1996-white-p-18637.html HTTP/1.0" 301 81330 "-" "Mozilla/5.0 (compatible; DotBot/1.2; +https://opensiteexplorer.org/dotbot; help@moz.com)"
216.244.66.242 - - [02/Jan/2024:05:24:40 +0100] "GET /pink-kids-school-p-40961.html HTTP/1.0" 301 81330 "-" "Mozilla/5.0 (compatible; DotBot/1.2; +https://opensiteexplorer.org/dotbot; help@moz.com)"
216.244.66.242 - - [02/Jan/2024:05:24:46 +0100] "GET /retro-sugar-bowl-p-43485.html HTTP/1.0" 301 81330 "-" "Mozilla/5.0 (compatible; DotBot/1.2; +https://opensiteexplorer.org/dotbot; help@moz.com)"
158.220.119.236 - - [02/Jan/2024:05:24:48 +0100] "GET /decorative-carpets-c-11_269_167.html?page=3 HTTP/1.0" 200 101158 "-" "Mozilla/5.0 (compatible; MJ12bot/v1.4.8; http://mj12bot.com/)"
216.244.66.242 - - [02/Jan/2024:05:24:54 +0100] "GET /ruby-gorjuss-box-p-29450.html HTTP/1.0" 301 81330 "-" "Mozilla/5.0 (compatible; DotBot/1.2; +https://opensiteexplorer.org/dotbot; help@moz.com)"
216.244.66.242 - - [02/Jan/2024:05:25:00 +0100] "GET /shoulder-jasmin-nova-p-43466.html HTTP/1.0" 301 81330 "-" "Mozilla/5.0 (compatible; DotBot/1.2; +https://opensiteexplorer.org/dotbot; help@moz.com)"
158.220.119.236 - - [02/Jan/2024:05:25:10 +0100] "GET /decorative-grey-cat-14-cm-p-47108.html HTTP/1.0" 301 81330 "-" "Mozilla/5.0 (compatible; MJ12bot/v1.4.8; http://mj12bot.com/)"
216.244.66.242 - - [02/Jan/2024:05:25:12 +0100] "GET /small-bamboo-tray-cats-p-49575.html HTTP/1.0" 200 81331 "-" "Mozilla/5.0 (compatible; DotBot/1.2; +https://opensiteexplorer.org/dotbot; help@moz.com)"
216.244.66.242 - - [02/Jan/2024:05:25:22 +0100] "GET /snow-white-figure-p-2868.html HTTP/1.0" 301 81327 "-" "Mozilla/5.0 (compatible; DotBot/1.2; +https://opensiteexplorer.org/dotbot; help@moz.com)"
54.36.148.117 - - [02/Jan/2024:05:25:28 +0100] "GET /salamander-wall-decoration-p-60383.html HTTP/1.0" 200 84552 "-" "Mozilla/5.0 (compatible; AhrefsBot/7.0; +http://ahrefs.com/robot/)"
158.220.119.236 - - [02/Jan/2024:05:25:28 +0100] "GET /-p-47108.html HTTP/1.0" 200 81263 "-" "Mozilla/5.0 (compatible; MJ12bot/v1.4.8; http://mj12bot.com/)"
216.244.66.242 - - [02/Jan/2024:05:25:31 +0100] "GET /spiderman-pajamas-p-32520.html HTTP/1.0" 301 81330 "-" "Mozilla/5.0 (compatible; DotBot/1.2; +https://opensiteexplorer.org/dotbot; help@moz.com)"
216.244.66.242 - - [02/Jan/2024:05:25:39 +0100] "GET /sponge-plastic-plate-p-17131.html HTTP/1.0" 301 81330 "-" "Mozilla/5.0 (compatible; DotBot/1.2; +https://opensiteexplorer.org/dotbot; help@moz.com)"
216.244.66.242 - - [02/Jan/2024:05:25:48 +0100] "GET /teo-jasmin-orange-mug-p-28918.html HTTP/1.0" 301 81330 "-" "Mozilla/5.0 (compatible; DotBot/1.2; +https://opensiteexplorer.org/dotbot; help@moz.com)"
158.220.119.236 - - [02/Jan/2024:05:25:48 +0100] "GET /decorative-grey-p-47108.html HTTP/1.0" 301 81330 "-" "Mozilla/5.0 (compatible; MJ12bot/v1.4.8; http://mj12bot.com/)"
216.244.66.242 - - [02/Jan/2024:05:25:55 +0100] "GET /wall-pajama-p-32528.html HTTP/1.0" 301 81330 "-" "Mozilla/5.0 (compatible; DotBot/1.2; +https://opensiteexplorer.org/dotbot; help@moz.com)"
158.220.119.236 - - [02/Jan/2024:05:26:02 +0100] "GET /-p-47108.html HTTP/1.0" 200 81263 "-" "Mozilla/5.0 (compatible; MJ12bot/v1.4.8; http://mj12bot.com/)"
216.244.66.242 - - [02/Jan/2024:05:26:02 +0100] "GET /winnie-pooh-pull-p-31342.html HTTP/1.0" 301 81330 "-" "Mozilla/5.0 (compatible; DotBot/1.2; +https://opensiteexplorer.org/dotbot; help@moz.com)"
216.244.66.242 - - [02/Jan/2024:05:26:08 +0100] "GET /wooden-tray-p-41921.html HTTP/1.0" 301 81330 "-" "Mozilla/5.0 (compatible; DotBot/1.2; +https://opensiteexplorer.org/dotbot; help@moz.com)"
158.220.119.236 - - [02/Jan/2024:05:26:14 +0100] "GET /decorative-magnifier-in-wooden-box-p-47446.html HTTP/1.0" 301 84500 "-" "Mozilla/5.0 (compatible; MJ12bot/v1.4.8; http://mj12bot.com/)"
128.176.193.69 - - [02/Jan/2024:05:26:18 +0100] "GET /images/mini_prod/1399984257432.jpg HTTP/1.0" 200 269 "-" "python-requests/2.31.0"
216.244.66.242 - - [02/Jan/2024:05:26:18 +0100] "GET /woody-cushion-40-40-cm-p-42724.html HTTP/1.0" 301 81330 "-" "Mozilla/5.0 (compatible; DotBot/1.2; +https://opensiteexplorer.org/dotbot; help@moz.com)"
216.244.66.242 - - [02/Jan/2024:05:26:26 +0100] "GET /asterix-and-obelix-assurancetourix-figure-p-4585.html HTTP/1.0" 301 81552 "-" "Mozilla/5.0 (compatible; DotBot/1.2; +https://opensiteexplorer.org/dotbot; help@moz.com)"
158.220.119.236 - - [02/Jan/2024:05:26:34 +0100] "GET /decorative-magnifier-wooden-p-47446.html HTTP/1.0" 200 84406 "-" "Mozilla/5.0 (compatible; MJ12bot/v1.4.8; http://mj12bot.com/)"
216.244.66.242 - - [02/Jan/2024:05:26:35 +0100] "GET /austin-mini-cooper-large-metal-plate-deco-p-37105.html HTTP/1.0" 200 81417 "-" "Mozilla/5.0 (compatible; DotBot/1.2; +https://opensiteexplorer.org/dotbot; help@moz.com)"
216.244.66.242 - - [02/Jan/2024:05:26:43 +0100] "GET /avengers-marvel-kids-school-p-30187.html HTTP/1.0" 301 81330 "-" "Mozilla/5.0 (compatible; DotBot/1.2; +https://opensiteexplorer.org/dotbot; help@moz.com)"
216.244.66.242 - - [02/Jan/2024:05:26:50 +0100] "GET /bamboo-rain-stick-90-cm-blue-pattern-p-41876.html HTTP/1.0" 301 81330 "-" "Mozilla/5.0 (compatible; DotBot/1.2; +https://opensiteexplorer.org/dotbot; help@moz.com)"
54.36.148.123 - - [02/Jan/2024:05:26:54 +0100] "GET /marseille-enamel-p-57140.html HTTP/1.0" 200 84190 "-" "Mozilla/5.0 (compatible; AhrefsBot/7.0; +http://ahrefs.com/robot/)"
158.220.119.236 - - [02/Jan/2024:05:26:54 +0100] "GET /decorative-magnifier-wooden-p-47446.html HTTP/1.0" 200 84406 "-" "Mozilla/5.0 (compatible; MJ12bot/v1.4.8; http://mj12bot.com/)"
216.244.66.242 - - [02/Jan/2024:05:26:58 +0100] "GET /barbapapa-set-of-two-sets-of-card-games-p-7874.html HTTP/1.0" 301 81327 "-" "Mozilla/5.0 (compatible; DotBot/1.2; +https://opensiteexplorer.org/dotbot; help@moz.com)"
52.167.144.161 - - [02/Jan/2024:05:26:58 +0100] "GET /swimsuit-c-1_18.html HTTP/1.0" 200 102944 "-" "Mozilla/5.0 AppleWebKit/537.36 (KHTML, like Gecko; compatible; bingbot/2.0; +http://www.bing.com/bingbot.htm) Chrome/116.0.1938.76 Safari/537.36"
216.244.66.242 - - [02/Jan/2024:05:27:05 +0100] "GET /bedclothes-140-200-cm-black-p-44339.html HTTP/1.0" 301 81330 "-" "Mozilla/5.0 (compatible; DotBot/1.2; +https://opensiteexplorer.org/dotbot; help@moz.com)"
216.244.66.242 - - [02/Jan/2024:05:27:15 +0100] "GET /bodega-metal-tray-34-cm-p-39514.html HTTP/1.0" 301 81417 "-" "Mozilla/5.0 (compatible; DotBot/1.2; +https://opensiteexplorer.org/dotbot; help@moz.com)"
158.220.119.236 - - [02/Jan/2024:05:27:19 +0100] "GET /decorative-metal-plate-cbkreation-p-57171.html HTTP/1.0" 200 83741 "-" "Mozilla/5.0 (compatible; MJ12bot/v1.4.8; http://mj12bot.com/)"
185.191.171.8 - - [02/Jan/2024:05:27:22 +0100] "GET /small-candle-bergamot-moss-white-musk-p-46872.html?action=add_product HTTP/1.0" 302 476 "-" "Mozilla/5.0 (compatible; SemrushBot/7~bl; +http://www.semrush.com/bot.html)"
216.244.66.242 - - [02/Jan/2024:05:27:23 +0100] "GET /bolster-case-45-185-cm-olive-green-p-36586.html HTTP/1.0" 301 84001 "-" "Mozilla/5.0 (compatible; DotBot/1.2; +https://opensiteexplorer.org/dotbot; help@moz.com)"
17.241.219.192 - - [02/Jan/2024:05:27:30 +0100] "GET /mickey-mouse-disney-small-suitcase-p-33679.html HTTP/1.0" 200 81424 "-" "Mozilla/5.0 (Macintosh; Intel Mac OS X 10_15_5) AppleWebKit/605.1.15 (KHTML, like Gecko) Version/13.1.1 Safari/605.1.15 (Applebot/0.1; +http://www.apple.com/go/applebot)"
216.244.66.242 - - [02/Jan/2024:05:27:31 +0100] "GET /boutis-bedspread-and-pillowcases-olivia-p-39802.html HTTP/1.0" 301 81330 "-" "Mozilla/5.0 (compatible; DotBot/1.2; +https://opensiteexplorer.org/dotbot; help@moz.com)"
216.244.66.242 - - [02/Jan/2024:05:27:41 +0100] "GET /box-of-sardines-corsica-metal-clock-29-cm-p-45129.html HTTP/1.0" 301 81330 "-" "Mozilla/5.0 (compatible; DotBot/1.2; +https://opensiteexplorer.org/dotbot; help@moz.com)"
216.244.66.242 - - [02/Jan/2024:05:27:49 +0100] "GET /buddha-rectangulary-cushion-cbkreation-p-36373.html HTTP/1.0" 301 81330 "-" "Mozilla/5.0 (compatible; DotBot/1.2; +https://opensiteexplorer.org/dotbot; help@moz.com)"
158.220.119.236 - - [02/Jan/2024:05:27:52 +0100] "GET /decorative-turtle-figurine-suspended-decorate-vases-p-52688.html HTTP/1.0" 200 81471 "-" "Mozilla/5.0 (compatible; MJ12bot/v1.4.8; http://mj12bot.com/)"
216.244.66.242 - - [02/Jan/2024:05:28:00 +0100] "GET /carpet-mandala-118-cm-blue-p-42036.html HTTP/1.0" 301 81330 "-" "Mozilla/5.0 (compatible; DotBot/1.2; +https://opensiteexplorer.org/dotbot; help@moz.com)"
216.244.66.242 - - [02/Jan/2024:05:28:09 +0100] "GET /cats-paris-glass-coasters-p-34898.html HTTP/1.0" 301 81330 "-" "Mozilla/5.0 (compatible; DotBot/1.2; +https://opensiteexplorer.org/dotbot; help@moz.com)"
158.220.119.236 - - [02/Jan/2024:05:28:16 +0100] "GET /decorative-turtle-figurine-suspended-to-decorate-the-vases-p-52688.html HTTP/1.0" 301 81589 "-" "Mozilla/5.0 (compatible; MJ12bot/v1.4.8; http://mj12bot.com/)"
216.244.66.242 - - [02/Jan/2024:05:28:18 +0100] "GET /cbkreation-toiletry-bag-p-40655.html HTTP/1.0" 301 81420 "-" "Mozilla/5.0 (compatible; DotBot/1.2; +https://opensiteexplorer.org/dotbot; help@moz.com)"
54.36.149.45 - - [02/Jan/2024:05:28:23 +0100] "GET /storybook-alice-wonderland-party-figure-collection-p-34263.html HTTP/1.0" 200 85214 "-" "Mozilla/5.0 (compatible; AhrefsBot/7.0; +http://ahrefs.com/robot/)"
216.244.66.242 - - [02/Jan/2024:05:28:27 +0100] "GET /charmmy-kitty-cap-glove-set-54-cm-p-22155.html HTTP/1.0" 301 81330 "-" "Mozilla/5.0 (compatible; DotBot/1.2; +https://opensiteexplorer.org/dotbot; help@moz.com)"
158.220.119.236 - - [02/Jan/2024:05:28:30 +0100] "GET /decorative-turtle-figurine-suspended-decorate-vases-p-52688.html HTTP/1.0" 200 81471 "-" "Mozilla/5.0 (compatible; MJ12bot/v1.4.8; http://mj12bot.com/)"
85.208.96.197 - - [02/Jan/2024:05:28:36 +0100] "GET /fitted-sheet-cotton-percale-threads-p-52142.html?action=add_product HTTP/1.0" 302 476 "-" "Mozilla/5.0 (compatible; SemrushBot/7~bl; +http://www.semrush.com/bot.html)"
216.244.66.242 - - [02/Jan/2024:05:28:38 +0100] "GET /clock-union-jack-bedclothes-260-240-cm-p-36879.html HTTP/1.0" 301 81330 "-" "Mozilla/5.0 (compatible; DotBot/1.2; +https://opensiteexplorer.org/dotbot; help@moz.com)"
40.77.167.230 - - [02/Jan/2024:05:28:42 +0100] "GET /images/big_prod_1/8718375753545a.jpg HTTP/1.0" 200 271 "-" "Mozilla/5.0 AppleWebKit/537.36 (KHTML, like Gecko; compatible; bingbot/2.0; +http://www.bing.com/bingbot.htm) Chrome/116.0.1938.76 Safari/537.36"
216.244.66.242 - - [02/Jan/2024:05:28:48 +0100] "GET /corsica-small-cushion-cbkreation-30-cm-p-17317.html HTTP/1.0" 301 81330 "-" "Mozilla/5.0 (compatible; DotBot/1.2; +https://opensiteexplorer.org/dotbot; help@moz.com)"
158.220.119.236 - - [02/Jan/2024:05:28:51 +0100] "GET /dehn-oudh-agarwood-melts-p-55205.html HTTP/1.0" 200 84734 "-" "Mozilla/5.0 (compatible; MJ12bot/v1.4.8; http://mj12bot.com/)"
216.244.66.242 - - [02/Jan/2024:05:28:57 +0100] "GET /crayola-mini-kids-doodle-sand-p-38502.html HTTP/1.0" 301 81330 "-" "Mozilla/5.0 (compatible; DotBot/1.2; +https://opensiteexplorer.org/dotbot; help@moz.com)"
216.244.66.242 - - [02/Jan/2024:05:29:05 +0100] "GET /disney-princess-tee-shirt-p-30840.html HTTP/1.0" 301 81330 "-" "Mozilla/5.0 (compatible; DotBot/1.2; +https://opensiteexplorer.org/dotbot; help@moz.com)"
216.244.66.242 - - [02/Jan/2024:05:29:13 +0100] "GET /europe-phone-cover-for-iphone-cbkreation-p-13965.html HTTP/1.0" 301 81330 "-" "Mozilla/5.0 (compatible; DotBot/1.2; +https://opensiteexplorer.org/dotbot; help@moz.com)"
216.244.66.242 - - [02/Jan/2024:05:29:22 +0100] "GET /fdm-fiers-etre-marseillais-sweatsuit-p-29988.html HTTP/1.0" 301 81330 "-" "Mozilla/5.0 (compatible; DotBot/1.2; +https://opensiteexplorer.org/dotbot; help@moz.com)"
158.220.119.236 - - [02/Jan/2024:05:29:29 +0100] "GET /desert-bloom-clock-allen-p-47469.html HTTP/1.0" 200 83842 "-" "Mozilla/5.0 (compatible; MJ12bot/v1.4.8; http://mj12bot.com/)"
216.244.66.242 - - [02/Jan/2024:05:29:31 +0100] "GET /frog-by-michelle-allen-teapot-and-cup-p-49208.html HTTP/1.0" 301 81330 "-" "Mozilla/5.0 (compatible; DotBot/1.2; +https://opensiteexplorer.org/dotbot; help@moz.com)"
216.244.66.242 - - [02/Jan/2024:05:29:39 +0100] "GET /fuel-pump-metal-decoration-old-shape-yellow-p-39981.html HTTP/1.0" 301 81330 "-" "Mozilla/5.0 (compatible; DotBot/1.2; +https://opensiteexplorer.org/dotbot; help@moz.com)"
216.244.66.242 - - [02/Jan/2024:05:29:48 +0100] "GET /game-of-thrones-all-mens-must-die-poster-p-32306.html HTTP/1.0" 301 81330 "-" "Mozilla/5.0 (compatible; DotBot/1.2; +https://opensiteexplorer.org/dotbot; help@moz.com)"
54.36.148.222 - - [02/Jan/2024:05:29:55 +0100] "GET /curiouser-curiouser-alice-wonderland-figurine-p-47772.html HTTP/1.0" 200 85101 "-" "Mozilla/5.0 (compatible; AhrefsBot/7.0; +http://ahrefs.com/robot/)"
158.220.119.236 - - [02/Jan/2024:05:29:58 +0100] "GET /desert-bloom-clock-by-allen-p-47469.html HTTP/1.0" 301 83933 "-" "Mozilla/5.0 (compatible; MJ12bot/v1.4.8; http://mj12bot.com/)"
216.244.66.242 - - [02/Jan/2024:05:29:58 +0100] "GET /garden-chair-cushion-38-cm-tomato-p-43303.html HTTP/1.0" 301 81330 "-" "Mozilla/5.0 (compatible; DotBot/1.2; +https://opensiteexplorer.org/dotbot; help@moz.com)"
14.161.26.210 - - [02/Jan/2024:05:30:01 +0100] "GET /images/mini_prod/DSCN7544.jpg HTTP/1.0" 200 264 "-" "Mozilla/5.0 (X11; Ubuntu; Linux x86_64; rv:72.0) Gecko/20100101 Firefox/72.0"
185.191.171.4 - - [02/Jan/2024:05:30:02 +0100] "GET /golden-retriever-puppy-small-round-magnet-p-31909.html?action=add_product HTTP/1.0" 302 476 "-" "Mozilla/5.0 (compatible; SemrushBot/7~bl; +http://www.semrush.com/bot.html)"
216.244.66.242 - - [02/Jan/2024:05:30:07 +0100] "GET /glitter-adhesive-roll-45-150-cm-red-p-50480.html HTTP/1.0" 301 81330 "-" "Mozilla/5.0 (compatible; DotBot/1.2; +https://opensiteexplorer.org/dotbot; help@moz.com)"
158.220.119.236 - - [02/Jan/2024:05:30:15 +0100] "GET /desert-bloom-clock-allen-p-47469.html HTTP/1.0" 200 83842 "-" "Mozilla/5.0 (compatible; MJ12bot/v1.4.8; http://mj12bot.com/)"
216.244.66.242 - - [02/Jan/2024:05:30:17 +0100] "GET /gorjuss-little-friend-glasses-box-p-35807.html HTTP/1.0" 301 81330 "-" "Mozilla/5.0 (compatible; DotBot/1.2; +https://opensiteexplorer.org/dotbot; help@moz.com)"
216.244.66.242 - - [02/Jan/2024:05:30:26 +0100] "GET /gorjuss-the-scarf-fontain-pen-p-40492.html HTTP/1.0" 301 81441 "-" "Mozilla/5.0 (compatible; DotBot/1.2; +https://opensiteexplorer.org/dotbot; help@moz.com)"
40.77.167.7 - - [02/Jan/2024:05:30:29 +0100] "GET /images/pyjama2009dbzanthracyte.jpg HTTP/1.0" 200 269 "-" "Mozilla/5.0 AppleWebKit/537.36 (KHTML, like Gecko; compatible; bingbot/2.0; +http://www.bing.com/bingbot.htm) Chrome/116.0.1938.76 Safari/537.36"
216.244.66.242 - - [02/Jan/2024:05:30:34 +0100] "GET /hello-kitty-bathrobe-years-p-7916.html HTTP/1.0" 301 81327 "-" "Mozilla/5.0 (compatible; DotBot/1.2; +https://opensiteexplorer.org/dotbot; help@moz.com)"
158.220.119.236 - - [02/Jan/2024:05:30:35 +0100] "GET /desk-organizer-carved-wood-p-56396.html HTTP/1.0" 301 84656 "-" "Mozilla/5.0 (compatible; MJ12bot/v1.4.8; http://mj12bot.com/)"
216.244.66.242 - - [02/Jan/2024:05:30:41 +0100] "GET /keychain-or-jewel-bag-dream-catcher-white-p-40015.html HTTP/1.0" 301 81330 "-" "Mozilla/5.0 (compatible; DotBot/1.2; +https://opensiteexplorer.org/dotbot; help@moz.com)"
202.239.5.221 - - [02/Jan/2024:05:30:41 +0100] "GET /-c-95_369.html HTTP/1.0" 200 80131 "-" "Mozilla/5.0 (compatible; Y!J-WSC/1.0; +https://yahoo.jp/3BSZgF)"
216.244.66.242 - - [02/Jan/2024:05:30:48 +0100] "GET /led-light-bulb-g95-loop-e27-p-42512.html HTTP/1.0" 301 81419 "-" "Mozilla/5.0 (compatible; DotBot/1.2; +https://opensiteexplorer.org/dotbot; help@moz.com)"
158.220.119.236 - - [02/Jan/2024:05:30:52 +0100] "GET /desk-organizer-patined-wood-p-56396.html HTTP/1.0" 200 84562 "-" "Mozilla/5.0 (compatible; MJ12bot/v1.4.8; http://mj12bot.com/)"
216.244.66.242 - - [02/Jan/2024:05:30:56 +0100] "GET /london-phone-box-moneybox-p-28866.html HTTP/1.0" 301 81330 "-" "Mozilla/5.0 (compatible; DotBot/1.2; +https://opensiteexplorer.org/dotbot; help@moz.com)"
216.244.66.242 - - [02/Jan/2024:05:31:02 +0100] "GET /london-phone-box-moneybox-p-38428.html HTTP/1.0" 301 81330 "-" "Mozilla/5.0 (compatible; DotBot/1.2; +https://opensiteexplorer.org/dotbot; help@moz.com)"
216.244.66.242 - - [02/Jan/2024:05:31:08 +0100] "GET /love-paris-notebook-set-p-49812.html HTTP/1.0" 301 81330 "-" "Mozilla/5.0 (compatible; DotBot/1.2; +https://opensiteexplorer.org/dotbot; help@moz.com)"
158.220.119.236 - - [02/Jan/2024:05:31:11 +0100] "GET /desk-organizer-patined-wood-p-56396.html HTTP/1.0" 200 84562 "-" "Mozilla/5.0 (compatible; MJ12bot/v1.4.8; http://mj12bot.com/)"
216.244.66.242 - - [02/Jan/2024:05:31:15 +0100] "GET /love-wooden-wall-decoration-to-hang-p-36089.html HTTP/1.0" 301 81330 "-" "Mozilla/5.0 (compatible; DotBot/1.2; +https://opensiteexplorer.org/dotbot; help@moz.com)"
158.220.119.236 - - [02/Jan/2024:05:31:22 +0100] "GET /despecable-keyring-p-33080.html HTTP/1.0" 200 81339 "-" "Mozilla/5.0 (compatible; MJ12bot/v1.4.8; http://mj12bot.com/)"
216.244.66.242 - - [02/Jan/2024:05:31:22 +0100] "GET /makeup-kit-retro-pastoral-poetry-p-37594.html HTTP/1.0" 301 83903 "-" "Mozilla/5.0 (compatible; DotBot/1.2; +https://opensiteexplorer.org/dotbot; help@moz.com)"
216.244.66.242 - - [02/Jan/2024:05:31:29 +0100] "GET /mani-the-lucky-cat-black-11-cm-p-42462.html HTTP/1.0" 301 81330 "-" "Mozilla/5.0 (compatible; DotBot/1.2; +https://opensiteexplorer.org/dotbot; help@moz.com)"
54.36.148.115 - - [02/Jan/2024:05:31:34 +0100] "GET /samurai-statue-resin-p-50897.html HTTP/1.0" 200 84755 "-" "Mozilla/5.0 (compatible; AhrefsBot/7.0; +http://ahrefs.com/robot/)"
216.244.66.242 - - [02/Jan/2024:05:31:35 +0100] "GET /mani-the-lucky-cat-compact-mirror-p-37335.html HTTP/1.0" 301 81330 "-" "Mozilla/5.0 (compatible; DotBot/1.2; +https://opensiteexplorer.org/dotbot; help@moz.com)"
158.220.119.236 - - [02/Jan/2024:05:31:43 +0100] "GET /despecable-me-led-keyring-p-33080.html HTTP/1.0" 301 81424 "-" "Mozilla/5.0 (compatible; MJ12bot/v1.4.8; http://mj12bot.com/)"
216.244.66.242 - - [02/Jan/2024:05:31:45 +0100] "GET /mum-and-baby-monkey-statuette-p-46703.html HTTP/1.0" 301 81441 "-" "Mozilla/5.0 (compatible; DotBot/1.2; +https://opensiteexplorer.org/dotbot; help@moz.com)"
216.244.66.242 - - [02/Jan/2024:05:31:53 +0100] "GET /my-own-universe-gorjuss-post-card-p-34620.html HTTP/1.0" 301 81330 "-" "Mozilla/5.0 (compatible; DotBot/1.2; +https://opensiteexplorer.org/dotbot; help@moz.com)"
216.244.66.242 - - [02/Jan/2024:05:32:00 +0100] "GET /nici-bubble-owl-keyring-plush-p-35195.html HTTP/1.0" 301 83764 "-" "Mozilla/5.0 (compatible; DotBot/1.2; +https://opensiteexplorer.org/dotbot; help@moz.com)"
158.220.119.236 - - [02/Jan/2024:05:32:01 +0100] "GET /despecable-keyring-p-33080.html HTTP/1.0" 200 81339 "-" "Mozilla/5.0 (compatible; MJ12bot/v1.4.8; http://mj12bot.com/)"
216.244.66.242 - - [02/Jan/2024:05:32:07 +0100] "GET /nici-sweet-hearts-green-turtle-plush-25-cm-p-35178.html HTTP/1.0" 301 81512 "-" "Mozilla/5.0 (compatible; DotBot/1.2; +https://opensiteexplorer.org/dotbot; help@moz.com)"
216.244.66.242 - - [02/Jan/2024:05:32:14 +0100] "GET /noddy-pairs-of-socks-size-19-22-p-25612.html HTTP/1.0" 301 81330 "-" "Mozilla/5.0 (compatible; DotBot/1.2; +https://opensiteexplorer.org/dotbot; help@moz.com)"
158.220.119.236 - - [02/Jan/2024:05:32:17 +0100] "GET /despecable-me-led-keyring-p-33105.html HTTP/1.0" 301 81330 "-" "Mozilla/5.0 (compatible; MJ12bot/v1.4.8; http://mj12bot.com/)"
216.244.66.242 - - [02/Jan/2024:05:32:20 +0100] "GET /our-lady-of-ftima-prayer-candle-novena-p-44458.html HTTP/1.0" 301 81330 "-" "Mozilla/5.0 (compatible; DotBot/1.2; +https://opensiteexplorer.org/dotbot; help@moz.com)"
