192.95.30.21 - - [02/Jan/2024:09:12:57 +0100] "GET /cafe-coffee-cutting-board-p-35940.html HTTP/1.0" 301 81430 "-" "Mozilla/5.0 (compatible; MJ12bot/v1.4.8; http://mj12bot.com/)"
185.190.20.123 - - [02/Jan/2024:09:13:01 +0100] "GET /templates/Pixame_v1/stylesheet.css HTTP/1.0" 200 267 "http://www.wonder-geek.com/magritte-homme-chapeau-melon-p-43673.html" "Mozilla/5.0 (Windows NT 10.0; Win64; x64) AppleWebKit/537.36 (KHTML, like Gecko) Chrome/120.0.0.0 Safari/537.36"
185.190.20.123 - - [02/Jan/2024:09:13:01 +0100] "GET /js/jquery.js HTTP/1.0" 200 252 "http://www.wonder-geek.com/magritte-homme-chapeau-melon-p-43673.html" "Mozilla/5.0 (Windows NT 10.0; Win64; x64) AppleWebKit/537.36 (KHTML, like Gecko) Chrome/120.0.0.0 Safari/537.36"
185.190.20.123 - - [02/Jan/2024:09:13:01 +0100] "GET /highslide/highslide.js HTTP/1.0" 200 262 "http://www.wonder-geek.com/magritte-homme-chapeau-melon-p-43673.html" "Mozilla/5.0 (Windows NT 10.0; Win64; x64) AppleWebKit/537.36 (KHTML, like Gecko) Chrome/120.0.0.0 Safari/537.36"
185.190.20.123 - - [02/Jan/2024:09:13:02 +0100] "GET /js/jquery.jqzoom.js HTTP/1.0" 200 259 "http://www.wonder-geek.com/magritte-homme-chapeau-melon-p-43673.html" "Mozilla/5.0 (Windows NT 10.0; Win64; x64) AppleWebKit/537.36 (KHTML, like Gecko) Chrome/120.0.0.0 Safari/537.36"
185.190.20.123 - - [02/Jan/2024:09:13:02 +0100] "GET /mondial_relay/js/jquery-1.3.2.min.js HTTP/1.0" 200 276 "http://www.wonder-geek.com/magritte-homme-chapeau-melon-p-43673.html" "Mozilla/5.0 (Windows NT 10.0; Win64; x64) AppleWebKit/537.36 (KHTML, like Gecko) Chrome/120.0.0.0 Safari/537.36"
185.190.20.123 - - [02/Jan/2024:09:13:02 +0100] "GET /templates/Pixame_v1/images/icon_accueil2.png HTTP/1.0" 200 278 "http://www.wonder-geek.com/magritte-homme-chapeau-melon-p-43673.html" "Mozilla/5.0 (Windows NT 10.0; Win64; x64) AppleWebKit/537.36 (KHTML, like Gecko) Chrome/120.0.0.0 Safari/537.36"
185.190.20.123 - - [02/Jan/2024:09:13:02 +0100] "GET /swfobject.js HTTP/1.0" 404 1308 "http://www.wonder-geek.com/magritte-homme-chapeau-melon-p-43673.html" "Mozilla/5.0 (Windows NT 10.0; Win64; x64) AppleWebKit/537.36 (KHTML, like Gecko) Chrome/120.0.0.0 Safari/537.36"
185.190.20.123 - - [02/Jan/2024:09:13:02 +0100] "GET /templates/Pixame_v1/images/infobox/pixel_trans.gif HTTP/1.0" 200 328 "http://www.wonder-geek.com/magritte-homme-chapeau-melon-p-43673.html" "Mozilla/5.0 (Windows NT 10.0; Win64; x64) AppleWebKit/537.36 (KHTML, like Gecko) Chrome/120.0.0.0 Safari/537.36"
185.190.20.123 - - [02/Jan/2024:09:13:02 +0100] "GET /images/pixel_trans.gif HTTP/1.0" 200 328 "http://www.wonder-geek.com/magritte-homme-chapeau-melon-p-43673.html" "Mozilla/5.0 (Windows NT 10.0; Win64; x64) AppleWebKit/537.36 (KHTML, like Gecko) Chrome/120.0.0.0 Safari/537.36"
185.190.20.123 - - [02/Jan/2024:09:13:02 +0100] "GET /templates/Pixame_v1/images/pixel_trans.gif HTTP/1.0" 200 328 "http://www.wonder-geek.com/magritte-homme-chapeau-melon-p-43673.html" "Mozilla/5.0 (Windows NT 10.0; Win64; x64) AppleWebKit/537.36 (KHTML, like Gecko) Chrome/120.0.0.0 Safari/537.36"
185.190.20.123 - - [02/Jan/2024:09:12:59 +0100] "GET /magritte-homme-chapeau-melon-p-43673.html HTTP/1.0" 200 84780 "https://www.google.com/" "Mozilla/5.0 (Windows NT 10.0; Win64; x64) AppleWebKit/537.36 (KHTML, like Gecko) Chrome/120.0.0.0 Safari/537.36"
185.190.20.123 - - [02/Jan/2024:09:13:02 +0100] "GET /templates/Pixame_v1/images/Bottom_texture.jpg HTTP/1.0" 200 280 "http://www.wonder-geek.com/templates/Pixame_v1/stylesheet.css" "Mozilla/5.0 (Windows NT 10.0; Win64; x64) AppleWebKit/537.36 (KHTML, like Gecko) Chrome/120.0.0.0 Safari/537.36"
185.190.20.123 - - [02/Jan/2024:09:13:02 +0100] "GET /templates/Pixame_v1/images/header.png HTTP/1.0" 200 271 "http://www.wonder-geek.com/templates/Pixame_v1/stylesheet.css" "Mozilla/5.0 (Windows NT 10.0; Win64; x64) AppleWebKit/537.36 (KHTML, like Gecko) Chrome/120.0.0.0 Safari/537.36"
185.190.20.123 - - [02/Jan/2024:09:13:02 +0100] "GET /templates/Pixame_v1/images/Middle_texture.jpg HTTP/1.0" 200 280 "http://www.wonder-geek.com/templates/Pixame_v1/stylesheet.css" "Mozilla/5.0 (Windows NT 10.0; Win64; x64) AppleWebKit/537.36 (KHTML, like Gecko) Chrome/120.0.0.0 Safari/537.36"
185.190.20.123 - - [02/Jan/2024:09:13:03 +0100] "GET /templates/Pixame_v1/images/header-object.png HTTP/1.0" 200 278 "http://www.wonder-geek.com/templates/Pixame_v1/stylesheet.css" "Mozilla/5.0 (Windows NT 10.0; Win64; x64) AppleWebKit/537.36 (KHTML, like Gecko) Chrome/120.0.0.0 Safari/537.36"
185.190.20.123 - - [02/Jan/2024:09:13:03 +0100] "GET /templates/Pixame_v1/images/nav.png HTTP/1.0" 200 268 "http://www.wonder-geek.com/templates/Pixame_v1/stylesheet.css" "Mozilla/5.0 (Windows NT 10.0; Win64; x64) AppleWebKit/537.36 (KHTML, like Gecko) Chrome/120.0.0.0 Safari/537.36"
192.95.30.21 - - [02/Jan/2024:09:13:01 +0100] "GET /coffee-cutting-board-p-35940.html HTTP/1.0" 200 81343 "-" "Mozilla/5.0 (compatible; MJ12bot/v1.4.8; http://mj12bot.com/)"
185.190.20.123 - - [02/Jan/2024:09:13:03 +0100] "GET /images/big_prod/8718375754795.jpg HTTP/1.0" 200 268 "http://www.wonder-geek.com/magritte-homme-chapeau-melon-p-43673.html" "Mozilla/5.0 (Windows NT 10.0; Win64; x64) AppleWebKit/537.36 (KHTML, like Gecko) Chrome/120.0.0.0 Safari/537.36"
185.190.20.123 - - [02/Jan/2024:09:13:03 +0100] "GET /highslide/graphics/zoomin.cur HTTP/1.0" 200 614 "http://www.wonder-geek.com/templates/Pixame_v1/stylesheet.css" "Mozilla/5.0 (Windows NT 10.0; Win64; x64) AppleWebKit/537.36 (KHTML, like Gecko) Chrome/120.0.0.0 Safari/537.36"
185.190.20.123 - - [02/Jan/2024:09:13:03 +0100] "GET /design/productsenstock.png HTTP/1.0" 200 260 "http://www.wonder-geek.com/templates/Pixame_v1/stylesheet.css" "Mozilla/5.0 (Windows NT 10.0; Win64; x64) AppleWebKit/537.36 (KHTML, like Gecko) Chrome/120.0.0.0 Safari/537.36"
185.190.20.123 - - [02/Jan/2024:09:13:03 +0100] "GET /templates/Pixame_v1/images/infobox/infobox_footer_middle.gif HTTP/1.0" 200 357 "http://www.wonder-geek.com/magritte-homme-chapeau-melon-p-43673.html" "Mozilla/5.0 (Windows NT 10.0; Win64; x64) AppleWebKit/537.36 (KHTML, like Gecko) Chrome/120.0.0.0 Safari/537.36"
185.190.20.123 - - [02/Jan/2024:09:13:03 +0100] "GET /images/big_prod_1/b8718375754795.jpg HTTP/1.0" 200 271 "http://www.wonder-geek.com/magritte-homme-chapeau-melon-p-43673.html" "Mozilla/5.0 (Windows NT 10.0; Win64; x64) AppleWebKit/537.36 (KHTML, like Gecko) Chrome/120.0.0.0 Safari/537.36"
185.190.20.123 - - [02/Jan/2024:09:13:03 +0100] "GET /images/big_prod_2/c8718375754795.jpg HTTP/1.0" 200 271 "http://www.wonder-geek.com/magritte-homme-chapeau-melon-p-43673.html" "Mozilla/5.0 (Windows NT 10.0; Win64; x64) AppleWebKit/537.36 (KHTML, like Gecko) Chrome/120.0.0.0 Safari/537.36"
185.190.20.123 - - [02/Jan/2024:09:13:04 +0100] "GET /templates/Pixame_v1/images/buttons/english/button_in_cart.gif HTTP/1.0" 200 295 "http://www.wonder-geek.com/magritte-homme-chapeau-melon-p-43673.html" "Mozilla/5.0 (Windows NT 10.0; Win64; x64) AppleWebKit/537.36 (KHTML, like Gecko) Chrome/120.0.0.0 Safari/537.36"
185.190.20.123 - - [02/Jan/2024:09:13:04 +0100] "GET /highslide/graphics/outlines/drop-shadow.png HTTP/1.0" 200 277 "http://www.wonder-geek.com/magritte-homme-chapeau-melon-p-43673.html" "Mozilla/5.0 (Windows NT 10.0; Win64; x64) AppleWebKit/537.36 (KHTML, like Gecko) Chrome/120.0.0.0 Safari/537.36"
185.190.20.123 - - [02/Jan/2024:09:13:04 +0100] "GET /highslide/graphics/loader.white.gif HTTP/1.0" 200 960 "http://www.wonder-geek.com/templates/Pixame_v1/stylesheet.css" "Mozilla/5.0 (Windows NT 10.0; Win64; x64) AppleWebKit/537.36 (KHTML, like Gecko) Chrome/120.0.0.0 Safari/537.36"
185.190.20.123 - - [02/Jan/2024:09:13:04 +0100] "GET /highslide/graphics/zoomout.cur HTTP/1.0" 200 614 "http://www.wonder-geek.com/magritte-homme-chapeau-melon-p-43673.html" "Mozilla/5.0 (Windows NT 10.0; Win64; x64) AppleWebKit/537.36 (KHTML, like Gecko) Chrome/120.0.0.0 Safari/537.36"
185.190.20.123 - - [02/Jan/2024:09:13:05 +0100] "GET /favicon.ico HTTP/1.0" 200 260 "http://www.wonder-geek.com/magritte-homme-chapeau-melon-p-43673.html" "Mozilla/5.0 (Windows NT 10.0; Win64; x64) AppleWebKit/537.36 (KHTML, like Gecko) Chrome/120.0.0.0 Safari/537.36"
128.176.193.69 - - [02/Jan/2024:09:13:06 +0100] "GET /images/mini_prod/5036278062209.jpg HTTP/1.0" 200 269 "-" "python-requests/2.31.0"
192.95.30.21 - - [02/Jan/2024:09:13:05 +0100] "GET /cake-oilcloth-p-47363.html HTTP/1.0" 200 81340 "-" "Mozilla/5.0 (compatible; MJ12bot/v1.4.8; http://mj12bot.com/)"
192.95.30.21 - - [02/Jan/2024:09:13:09 +0100] "GET /candle-holder-in-selenite-flower-of-life-p-48489.html HTTP/1.0" 301 81502 "-" "Mozilla/5.0 (compatible; MJ12bot/v1.4.8; http://mj12bot.com/)"
192.95.30.21 - - [02/Jan/2024:09:13:13 +0100] "GET /candle-holder-selenite-flower-life-p-48489.html HTTP/1.0" 200 81401 "-" "Mozilla/5.0 (compatible; MJ12bot/v1.4.8; http://mj12bot.com/)"
192.95.30.21 - - [02/Jan/2024:09:13:17 +0100] "GET /candle-holder-selenite-flower-life-p-48489.html HTTP/1.0" 200 81401 "-" "Mozilla/5.0 (compatible; MJ12bot/v1.4.8; http://mj12bot.com/)"
192.95.30.21 - - [02/Jan/2024:09:13:21 +0100] "GET /candy-cloud-compact-mirror-bella-p-49891.html HTTP/1.0" 200 84882 "-" "Mozilla/5.0 (compatible; MJ12bot/v1.4.8; http://mj12bot.com/)"
192.95.30.21 - - [02/Jan/2024:09:13:26 +0100] "GET /candy-cloud-hair-brush-pistachio-p-46654.html HTTP/1.0" 200 81361 "-" "Mozilla/5.0 (compatible; MJ12bot/v1.4.8; http://mj12bot.com/)"
192.95.30.21 - - [02/Jan/2024:09:13:30 +0100] "GET /candy-cloud-hair-brush-stardust-p-46651.html HTTP/1.0" 200 84318 "-" "Mozilla/5.0 (compatible; MJ12bot/v1.4.8; http://mj12bot.com/)"
192.95.30.21 - - [02/Jan/2024:09:13:35 +0100] "GET /candy-cloud-unicorn-buttercup-p-46649.html HTTP/1.0" 200 81349 "-" "Mozilla/5.0 (compatible; MJ12bot/v1.4.8; http://mj12bot.com/)"
192.95.30.21 - - [02/Jan/2024:09:13:40 +0100] "GET /candy-cloud-unicorn-pistachio-p-46648.html HTTP/1.0" 200 81349 "-" "Mozilla/5.0 (compatible; MJ12bot/v1.4.8; http://mj12bot.com/)"
54.36.149.83 - - [02/Jan/2024:09:13:41 +0100] "GET /flowerpot-filled-with-white-feathers-resin-artificial-plant-p-58089.html HTTP/1.0" 200 84191 "-" "Mozilla/5.0 (compatible; AhrefsBot/7.0; +http://ahrefs.com/robot/)"
192.95.30.21 - - [02/Jan/2024:09:13:44 +0100] "GET /canvas-fatima-hand-p-47493.html HTTP/1.0" 200 81329 "-" "Mozilla/5.0 (compatible; MJ12bot/v1.4.8; http://mj12bot.com/)"
192.95.30.21 - - [02/Jan/2024:09:13:48 +0100] "GET /caramel-dragonfly-p-55641.html HTTP/1.0" 200 81349 "-" "Mozilla/5.0 (compatible; MJ12bot/v1.4.8; http://mj12bot.com/)"
192.95.30.21 - - [02/Jan/2024:09:13:53 +0100] "GET /caramel-shoulder-glitter-p-55816.html HTTP/1.0" 200 81375 "-" "Mozilla/5.0 (compatible; MJ12bot/v1.4.8; http://mj12bot.com/)"
192.95.30.21 - - [02/Jan/2024:09:13:57 +0100] "GET /cast-iron-wall-bell-p-47228.html HTTP/1.0" 200 81349 "-" "Mozilla/5.0 (compatible; MJ12bot/v1.4.8; http://mj12bot.com/)"
192.95.30.21 - - [02/Jan/2024:09:14:01 +0100] "GET /cat-all-over-purse-by-michelle-allen-p-53362.html HTTP/1.0" 301 83826 "-" "Mozilla/5.0 (compatible; MJ12bot/v1.4.8; http://mj12bot.com/)"
192.95.30.21 - - [02/Jan/2024:09:14:05 +0100] "GET /over-purse-michelle-allen-p-53362.html HTTP/1.0" 200 83734 "-" "Mozilla/5.0 (compatible; MJ12bot/v1.4.8; http://mj12bot.com/)"
51.68.224.127 - - [02/Jan/2024:09:14:10 +0100] "GET /adminweb/export_orders_xml.php?token=256de2z6edz6ed2z6DFSFsed2zed6zeDSFDSGdzedezfzf&maxorders=10&orderstart=1&status=14&start_date=2018-10-01 HTTP/1.0" 200 285 "-" "GesCom CharlotteBoutik Serveur"
192.95.30.21 - - [02/Jan/2024:09:14:10 +0100] "GET /cat-glass-trivet-p-45186.html HTTP/1.0" 301 81330 "-" "Mozilla/5.0 (compatible; MJ12bot/v1.4.8; http://mj12bot.com/)"
51.68.224.127 - - [02/Jan/2024:09:14:10 +0100] "GET /adminweb/export_orders_xml.php?token=256de2z6edz6ed2z6DFSFsed2zed6zeDSFDSGdzedezfzf&maxorders=10&orderstart=1&status=6&start_date=2018-10-01 HTTP/1.0" 200 34422 "-" "GesCom CharlotteBoutik Serveur"
192.95.30.21 - - [02/Jan/2024:09:14:14 +0100] "GET /-p-45186.html HTTP/1.0" 200 81263 "-" "Mozilla/5.0 (compatible; MJ12bot/v1.4.8; http://mj12bot.com/)"
192.95.30.21 - - [02/Jan/2024:09:14:18 +0100] "GET /cat-glass-trivet-p-45188.html HTTP/1.0" 301 81330 "-" "Mozilla/5.0 (compatible; MJ12bot/v1.4.8; http://mj12bot.com/)"
192.95.30.21 - - [02/Jan/2024:09:14:22 +0100] "GET /-p-45188.html HTTP/1.0" 200 81263 "-" "Mozilla/5.0 (compatible; MJ12bot/v1.4.8; http://mj12bot.com/)"
192.95.30.21 - - [02/Jan/2024:09:14:26 +0100] "GET /cats-adult-apron-p-41606.html HTTP/1.0" 200 83549 "-" "Mozilla/5.0 (compatible; MJ12bot/v1.4.8; http://mj12bot.com/)"
192.95.30.21 - - [02/Jan/2024:09:14:31 +0100] "GET /cats-and-cactus-mini-mug-p-45199.html HTTP/1.0" 301 81416 "-" "Mozilla/5.0 (compatible; MJ12bot/v1.4.8; http://mj12bot.com/)"
192.95.30.21 - - [02/Jan/2024:09:14:35 +0100] "GET /cats-cactus-mini-p-45199.html HTTP/1.0" 200 81333 "-" "Mozilla/5.0 (compatible; MJ12bot/v1.4.8; http://mj12bot.com/)"
192.95.30.21 - - [02/Jan/2024:09:14:39 +0100] "GET /cats-and-fish-small-melamine-tray-p-45175.html HTTP/1.0" 301 81330 "-" "Mozilla/5.0 (compatible; MJ12bot/v1.4.8; http://mj12bot.com/)"
192.95.30.21 - - [02/Jan/2024:09:14:44 +0100] "GET /-p-45175.html HTTP/1.0" 200 81263 "-" "Mozilla/5.0 (compatible; MJ12bot/v1.4.8; http://mj12bot.com/)"
192.95.30.21 - - [02/Jan/2024:09:14:48 +0100] "GET /cats-by-dubout-figurine-nonchalant-p-48431.html HTTP/1.0" 301 81330 "-" "Mozilla/5.0 (compatible; MJ12bot/v1.4.8; http://mj12bot.com/)"
192.95.30.21 - - [02/Jan/2024:09:14:52 +0100] "GET /-p-48431.html HTTP/1.0" 200 81263 "-" "Mozilla/5.0 (compatible; MJ12bot/v1.4.8; http://mj12bot.com/)"
192.95.30.21 - - [02/Jan/2024:09:14:56 +0100] "GET /cats-cactus-mini-p-45199.html HTTP/1.0" 200 81333 "-" "Mozilla/5.0 (compatible; MJ12bot/v1.4.8; http://mj12bot.com/)"
192.95.30.21 - - [02/Jan/2024:09:15:01 +0100] "GET /cats-dubout-figurine-hunt-p-52022.html HTTP/1.0" 200 84969 "-" "Mozilla/5.0 (compatible; MJ12bot/v1.4.8; http://mj12bot.com/)"
192.95.30.21 - - [02/Jan/2024:09:15:07 +0100] "GET /cats-dubout-paper-towel-dispenser-p-26829.html HTTP/1.0" 301 81330 "-" "Mozilla/5.0 (compatible; MJ12bot/v1.4.8; http://mj12bot.com/)"
5.255.231.107 - - [02/Jan/2024:09:15:13 +0100] "GET /robots.txt HTTP/1.0" 200 245 "-" "Mozilla/5.0 (compatible; YandexBot/3.0; +http://yandex.com/bots)"
192.95.30.21 - - [02/Jan/2024:09:15:12 +0100] "GET /-p-26829.html HTTP/1.0" 200 81263 "-" "Mozilla/5.0 (compatible; MJ12bot/v1.4.8; http://mj12bot.com/)"
54.36.149.14 - - [02/Jan/2024:09:15:12 +0100] "GET /copper-bottle-hammered-p-55208.html HTTP/1.0" 200 86289 "-" "Mozilla/5.0 (compatible; AhrefsBot/7.0; +http://ahrefs.com/robot/)"
95.108.213.110 - - [02/Jan/2024:09:15:14 +0100] "GET /-p-4703.html HTTP/1.0" 200 81261 "-" "Mozilla/5.0 (compatible; YandexBot/3.0; +http://yandex.com/bots)"
192.95.30.21 - - [02/Jan/2024:09:15:17 +0100] "GET /cats-fish-small-melamine-tray-p-45175.html HTTP/1.0" 301 81330 "-" "Mozilla/5.0 (compatible; MJ12bot/v1.4.8; http://mj12bot.com/)"
192.95.30.21 - - [02/Jan/2024:09:15:22 +0100] "GET /-p-45175.html HTTP/1.0" 200 81263 "-" "Mozilla/5.0 (compatible; MJ12bot/v1.4.8; http://mj12bot.com/)"
192.95.30.21 - - [02/Jan/2024:09:15:27 +0100] "GET /cats-ground-sheet-p-52148.html HTTP/1.0" 200 81343 "-" "Mozilla/5.0 (compatible; MJ12bot/v1.4.8; http://mj12bot.com/)"
192.95.30.21 - - [02/Jan/2024:09:15:31 +0100] "GET /cats-large-soup-bowl-p-41628.html HTTP/1.0" 301 81330 "-" "Mozilla/5.0 (compatible; MJ12bot/v1.4.8; http://mj12bot.com/)"
192.95.30.21 - - [02/Jan/2024:09:15:36 +0100] "GET /-p-41628.html HTTP/1.0" 200 81263 "-" "Mozilla/5.0 (compatible; MJ12bot/v1.4.8; http://mj12bot.com/)"
192.95.30.21 - - [02/Jan/2024:09:15:40 +0100] "GET /cats-saucer-p-57187.html HTTP/1.0" 200 84188 "-" "Mozilla/5.0 (compatible; MJ12bot/v1.4.8; http://mj12bot.com/)"
192.95.30.21 - - [02/Jan/2024:09:15:46 +0100] "GET /cats-with-pendulum-clock-p-41600.html HTTP/1.0" 301 81330 "-" "Mozilla/5.0 (compatible; MJ12bot/v1.4.8; http://mj12bot.com/)"
192.95.30.21 - - [02/Jan/2024:09:15:50 +0100] "GET /-p-41600.html HTTP/1.0" 200 81263 "-" "Mozilla/5.0 (compatible; MJ12bot/v1.4.8; http://mj12bot.com/)"
101.44.250.207 - - [02/Jan/2024:09:15:54 +0100] "GET /images/mini_prod/1384010206300.jpg HTTP/1.0" 200 269 "-" "Mozilla/5.0 (Windows NT 10.0; Win64; x64) AppleWebKit/537.36 (KHTML, like Gecko) Chrome/58.0.3029.110 Safari/537.3"
192.95.30.21 - - [02/Jan/2024:09:15:55 +0100] "GET /cement-planter-rings-beige-p-60728.html HTTP/1.0" 301 84371 "-" "Mozilla/5.0 (compatible; MJ12bot/v1.4.8; http://mj12bot.com/)"
192.95.30.21 - - [02/Jan/2024:09:15:59 +0100] "GET /cement-planter-rings-pink-p-60728.html HTTP/1.0" 200 84279 "-" "Mozilla/5.0 (compatible; MJ12bot/v1.4.8; http://mj12bot.com/)"
192.95.30.21 - - [02/Jan/2024:09:16:04 +0100] "GET /cement-planter-rings-beige-p-60729.html HTTP/1.0" 301 84460 "-" "Mozilla/5.0 (compatible; MJ12bot/v1.4.8; http://mj12bot.com/)"
192.95.30.21 - - [02/Jan/2024:09:16:08 +0100] "GET /cement-planter-rings-pink-p-60729.html HTTP/1.0" 200 84368 "-" "Mozilla/5.0 (compatible; MJ12bot/v1.4.8; http://mj12bot.com/)"
192.95.30.21 - - [02/Jan/2024:09:16:13 +0100] "GET /cement-planter-rings-pink-p-60728.html HTTP/1.0" 200 84279 "-" "Mozilla/5.0 (compatible; MJ12bot/v1.4.8; http://mj12bot.com/)"
192.95.30.21 - - [02/Jan/2024:09:16:18 +0100] "GET /cement-planter-rings-pink-p-60729.html HTTP/1.0" 200 84368 "-" "Mozilla/5.0 (compatible; MJ12bot/v1.4.8; http://mj12bot.com/)"
192.95.30.21 - - [02/Jan/2024:09:16:24 +0100] "GET /cement-tile-stickers-15-15-cm-p-50343.html HTTP/1.0" 301 84645 "-" "Mozilla/5.0 (compatible; MJ12bot/v1.4.8; http://mj12bot.com/)"
192.95.30.21 - - [02/Jan/2024:09:16:28 +0100] "GET /cement-tile-stickers-p-50343.html HTTP/1.0" 200 84558 "-" "Mozilla/5.0 (compatible; MJ12bot/v1.4.8; http://mj12bot.com/)"
192.95.30.21 - - [02/Jan/2024:09:16:33 +0100] "GET /cement-tile-stickers-p-50343.html HTTP/1.0" 200 84558 "-" "Mozilla/5.0 (compatible; MJ12bot/v1.4.8; http://mj12bot.com/)"
128.176.193.69 - - [02/Jan/2024:09:16:37 +0100] "GET /images/mini_prod/3661443279162.jpg HTTP/1.0" 200 269 "-" "python-requests/2.31.0"
192.95.30.21 - - [02/Jan/2024:09:16:38 +0100] "GET /ceramic-flower-p-53370.html HTTP/1.0" 200 81317 "-" "Mozilla/5.0 (compatible; MJ12bot/v1.4.8; http://mj12bot.com/)"
192.95.30.21 - - [02/Jan/2024:09:16:42 +0100] "GET /ceramic-flower-pot-p-49282.html HTTP/1.0" 301 81330 "-" "Mozilla/5.0 (compatible; MJ12bot/v1.4.8; http://mj12bot.com/)"
192.95.30.21 - - [02/Jan/2024:09:16:45 +0100] "GET /-p-49282.html HTTP/1.0" 200 81263 "-" "Mozilla/5.0 (compatible; MJ12bot/v1.4.8; http://mj12bot.com/)"
192.95.30.21 - - [02/Jan/2024:09:16:49 +0100] "GET /ceramic-flower-pot-p-49283.html HTTP/1.0" 301 81330 "-" "Mozilla/5.0 (compatible; MJ12bot/v1.4.8; http://mj12bot.com/)"
54.36.149.62 - - [02/Jan/2024:09:16:49 +0100] "GET /seagrass-basket-p-50216.html HTTP/1.0" 200 83593 "-" "Mozilla/5.0 (compatible; AhrefsBot/7.0; +http://ahrefs.com/robot/)"
192.95.30.21 - - [02/Jan/2024:09:16:53 +0100] "GET /-p-49283.html HTTP/1.0" 200 81263 "-" "Mozilla/5.0 (compatible; MJ12bot/v1.4.8; http://mj12bot.com/)"
192.95.30.21 - - [02/Jan/2024:09:16:57 +0100] "GET /ceramic-flower-pot-p-53370.html HTTP/1.0" 301 81398 "-" "Mozilla/5.0 (compatible; MJ12bot/v1.4.8; http://mj12bot.com/)"
192.95.30.21 - - [02/Jan/2024:09:17:01 +0100] "GET /ceramic-flower-p-53370.html HTTP/1.0" 200 81317 "-" "Mozilla/5.0 (compatible; MJ12bot/v1.4.8; http://mj12bot.com/)"
192.95.30.21 - - [02/Jan/2024:09:17:05 +0100] "GET /ceramic-vase-klimt-kiss-p-55168.html HTTP/1.0" 200 84852 "-" "Mozilla/5.0 (compatible; MJ12bot/v1.4.8; http://mj12bot.com/)"
192.95.30.21 - - [02/Jan/2024:09:17:11 +0100] "GET /chair-cushion-in-pink-cotton-p-47759.html HTTP/1.0" 301 83747 "-" "Mozilla/5.0 (compatible; MJ12bot/v1.4.8; http://mj12bot.com/)"
192.95.30.21 - - [02/Jan/2024:09:17:16 +0100] "GET /chair-cushion-pink-cotton-p-47759.html HTTP/1.0" 200 83655 "-" "Mozilla/5.0 (compatible; MJ12bot/v1.4.8; http://mj12bot.com/)"
192.95.30.21 - - [02/Jan/2024:09:17:21 +0100] "GET /chair-cushion-p-52165.html HTTP/1.0" 200 83612 "-" "Mozilla/5.0 (compatible; MJ12bot/v1.4.8; http://mj12bot.com/)"
44.192.103.158 - - [02/Jan/2024:09:17:27 +0100] "GET /images/mini_prod/5051265800404.jpg HTTP/1.0" 200 269 "-" "Go-http-client/1.1"
192.95.30.21 - - [02/Jan/2024:09:17:26 +0100] "GET /chair-cushion-pink-cotton-p-47759.html HTTP/1.0" 200 83655 "-" "Mozilla/5.0 (compatible; MJ12bot/v1.4.8; http://mj12bot.com/)"
192.95.30.21 - - [02/Jan/2024:09:17:31 +0100] "GET /chair-cushion-scandi-blue-40-cm-p-49138.html HTTP/1.0" 301 81330 "-" "Mozilla/5.0 (compatible; MJ12bot/v1.4.8; http://mj12bot.com/)"
192.95.30.21 - - [02/Jan/2024:09:17:35 +0100] "GET /-p-49138.html HTTP/1.0" 200 81263 "-" "Mozilla/5.0 (compatible; MJ12bot/v1.4.8; http://mj12bot.com/)"
192.95.30.21 - - [02/Jan/2024:09:17:39 +0100] "GET /chair-cushion-sides-beige-and-blue-40-cm-p-49315.html HTTP/1.0" 301 84758 "-" "Mozilla/5.0 (compatible; MJ12bot/v1.4.8; http://mj12bot.com/)"
192.95.30.21 - - [02/Jan/2024:09:17:43 +0100] "GET /chair-cushion-sides-beige-blue-p-49315.html HTTP/1.0" 200 84661 "-" "Mozilla/5.0 (compatible; MJ12bot/v1.4.8; http://mj12bot.com/)"
192.95.30.21 - - [02/Jan/2024:09:17:48 +0100] "GET /chair-cushion-sides-beige-blue-p-49315.html HTTP/1.0" 200 84661 "-" "Mozilla/5.0 (compatible; MJ12bot/v1.4.8; http://mj12bot.com/)"
192.95.30.21 - - [02/Jan/2024:09:17:53 +0100] "GET /chair-cushion-velcro-blue-and-lin-38-cm-p-49314.html HTTP/1.0" 301 83846 "-" "Mozilla/5.0 (compatible; MJ12bot/v1.4.8; http://mj12bot.com/)"
192.95.30.21 - - [02/Jan/2024:09:17:57 +0100] "GET /chair-cushion-scratchs-blue-p-49314.html HTTP/1.0" 200 83752 "-" "Mozilla/5.0 (compatible; MJ12bot/v1.4.8; http://mj12bot.com/)"
192.95.30.21 - - [02/Jan/2024:09:18:02 +0100] "GET /chair-cushion-with-fringes-grey-p-48318.html HTTP/1.0" 200 81367 "-" "Mozilla/5.0 (compatible; MJ12bot/v1.4.8; http://mj12bot.com/)"
192.95.30.21 - - [02/Jan/2024:09:18:06 +0100] "GET /chair-cushion-with-fringes-navy-blue-p-48322.html HTTP/1.0" 200 81377 "-" "Mozilla/5.0 (compatible; MJ12bot/v1.4.8; http://mj12bot.com/)"
192.95.30.21 - - [02/Jan/2024:09:18:11 +0100] "GET /champa-backflow-incense-cones-p-51976.html HTTP/1.0" 301 81330 "-" "Mozilla/5.0 (compatible; MJ12bot/v1.4.8; http://mj12bot.com/)"
192.95.30.21 - - [02/Jan/2024:09:18:15 +0100] "GET /-p-51976.html HTTP/1.0" 200 81263 "-" "Mozilla/5.0 (compatible; MJ12bot/v1.4.8; http://mj12bot.com/)"
192.95.30.21 - - [02/Jan/2024:09:18:19 +0100] "GET /chandeliers-suspensions-c-86_280.html?page=1 HTTP/1.0" 200 101108 "-" "Mozilla/5.0 (compatible; MJ12bot/v1.4.8; http://mj12bot.com/)"
54.36.148.234 - - [02/Jan/2024:09:18:33 +0100] "GET /mickey-mouse-with-candy-canes-figurine-p-53260.html HTTP/1.0" 200 85428 "-" "Mozilla/5.0 (compatible; AhrefsBot/7.0; +http://ahrefs.com/robot/)"
192.95.30.21 - - [02/Jan/2024:09:18:33 +0100] "GET /chandeliers-suspensions-c-86_280.html?page=2 HTTP/1.0" 200 100204 "-" "Mozilla/5.0 (compatible; MJ12bot/v1.4.8; http://mj12bot.com/)"
192.95.30.21 - - [02/Jan/2024:09:18:47 +0100] "GET /charmelia-lampshade-p-51605.html HTTP/1.0" 200 81329 "-" "Mozilla/5.0 (compatible; MJ12bot/v1.4.8; http://mj12bot.com/)"
192.95.30.21 - - [02/Jan/2024:09:18:51 +0100] "GET /charmmy-kitty-swimming-ring-p-5988.html HTTP/1.0" 200 83809 "-" "Mozilla/5.0 (compatible; MJ12bot/v1.4.8; http://mj12bot.com/)"
192.95.30.21 - - [02/Jan/2024:09:18:56 +0100] "GET /chic-mariniere-mug-p-45190.html HTTP/1.0" 301 81330 "-" "Mozilla/5.0 (compatible; MJ12bot/v1.4.8; http://mj12bot.com/)"
192.95.30.21 - - [02/Jan/2024:09:19:00 +0100] "GET /-p-45190.html HTTP/1.0" 200 81263 "-" "Mozilla/5.0 (compatible; MJ12bot/v1.4.8; http://mj12bot.com/)"
192.95.30.21 - - [02/Jan/2024:09:19:04 +0100] "GET /chic-mariniere-p-45190.html HTTP/1.0" 301 81330 "-" "Mozilla/5.0 (compatible; MJ12bot/v1.4.8; http://mj12bot.com/)"
192.95.30.21 - - [02/Jan/2024:09:19:08 +0100] "GET /-p-45190.html HTTP/1.0" 200 81263 "-" "Mozilla/5.0 (compatible; MJ12bot/v1.4.8; http://mj12bot.com/)"
192.95.30.21 - - [02/Jan/2024:09:19:13 +0100] "GET /chouchou-tea-cup-tisaniere-p-52619.html HTTP/1.0" 301 81405 "-" "Mozilla/5.0 (compatible; MJ12bot/v1.4.8; http://mj12bot.com/)"
192.95.30.21 - - [02/Jan/2024:09:19:17 +0100] "GET /chouchou-tisanire-p-52619.html HTTP/1.0" 200 81321 "-" "Mozilla/5.0 (compatible; MJ12bot/v1.4.8; http://mj12bot.com/)"
192.95.30.21 - - [02/Jan/2024:09:19:21 +0100] "GET /chouchou-tisanire-p-52619.html HTTP/1.0" 200 81321 "-" "Mozilla/5.0 (compatible; MJ12bot/v1.4.8; http://mj12bot.com/)"
3.109.69.49 - - [02/Jan/2024:09:19:26 +0100] "GET / HTTP/1.0" 301 511 "-" "-"
192.95.30.21 - - [02/Jan/2024:09:19:26 +0100] "GET /christmas-spirit-hot-water-bottle-p-52607.html HTTP/1.0" 301 84413 "-" "Mozilla/5.0 (compatible; MJ12bot/v1.4.8; http://mj12bot.com/)"
192.95.30.21 - - [02/Jan/2024:09:19:30 +0100] "GET /christmas-spirit-water-bottle-p-52607.html HTTP/1.0" 200 84317 "-" "Mozilla/5.0 (compatible; MJ12bot/v1.4.8; http://mj12bot.com/)"
192.95.30.21 - - [02/Jan/2024:09:19:36 +0100] "GET /christmas-spirit-water-bottle-p-52607.html HTTP/1.0" 200 84317 "-" "Mozilla/5.0 (compatible; MJ12bot/v1.4.8; http://mj12bot.com/)"
17.241.227.114 - - [02/Jan/2024:09:19:38 +0100] "GET /round-pencil-case-p-22606.html HTTP/1.0" 200 84203 "-" "Mozilla/5.0 (Macintosh; Intel Mac OS X 10_15_5) AppleWebKit/605.1.15 (KHTML, like Gecko) Version/13.1.1 Safari/605.1.15 (Applebot/0.1; +http://www.apple.com/go/applebot)"
192.95.30.21 - - [02/Jan/2024:09:19:42 +0100] "GET /citrine-chip-bracelet-p-57759.html HTTP/1.0" 200 83584 "-" "Mozilla/5.0 (compatible; MJ12bot/v1.4.8; http://mj12bot.com/)"
192.95.30.21 - - [02/Jan/2024:09:19:47 +0100] "GET /city-groundsheet-150-80-cm-p-53472.html HTTP/1.0" 301 81424 "-" "Mozilla/5.0 (compatible; MJ12bot/v1.4.8; http://mj12bot.com/)"
192.95.30.21 - - [02/Jan/2024:09:19:52 +0100] "GET /city-groundsheet-p-53472.html HTTP/1.0" 200 81341 "-" "Mozilla/5.0 (compatible; MJ12bot/v1.4.8; http://mj12bot.com/)"
192.95.30.21 - - [02/Jan/2024:09:19:56 +0100] "GET /city-groundsheet-p-53472.html HTTP/1.0" 200 81341 "-" "Mozilla/5.0 (compatible; MJ12bot/v1.4.8; http://mj12bot.com/)"
101.44.250.71 - - [02/Jan/2024:09:20:01 +0100] "GET /images/mini_prod/3418175465390.jpg HTTP/1.0" 200 269 "-" "Mozilla/5.0 (Windows NT 10.0; Win64; x64) AppleWebKit/537.36 (KHTML, like Gecko) Chrome/58.0.3029.110 Safari/537.3"
3.109.69.49 - - [02/Jan/2024:09:19:26 +0100] "GET / HTTP/1.0" 200 160533 "-" "-"
192.95.30.21 - - [02/Jan/2024:09:20:01 +0100] "GET /coca-bottle-night-light-p-47506.html HTTP/1.0" 301 81330 "-" "Mozilla/5.0 (compatible; MJ12bot/v1.4.8; http://mj12bot.com/)"
192.95.30.21 - - [02/Jan/2024:09:20:09 +0100] "GET /-p-47506.html HTTP/1.0" 200 81263 "-" "Mozilla/5.0 (compatible; MJ12bot/v1.4.8; http://mj12bot.com/)"
192.95.30.21 - - [02/Jan/2024:09:20:13 +0100] "GET /coca-cola-beauty-bag-p-49159.html HTTP/1.0" 301 81330 "-" "Mozilla/5.0 (compatible; MJ12bot/v1.4.8; http://mj12bot.com/)"
54.36.149.5 - - [02/Jan/2024:09:20:15 +0100] "GET /support-metal-bottle-biker-p-41011.html HTTP/1.0" 200 83728 "-" "Mozilla/5.0 (compatible; AhrefsBot/7.0; +http://ahrefs.com/robot/)"
192.95.30.21 - - [02/Jan/2024:09:20:17 +0100] "GET /-p-49159.html HTTP/1.0" 200 81263 "-" "Mozilla/5.0 (compatible; MJ12bot/v1.4.8; http://mj12bot.com/)"
192.95.30.21 - - [02/Jan/2024:09:20:21 +0100] "GET /coca-cola-beauty-p-49159.html HTTP/1.0" 301 81330 "-" "Mozilla/5.0 (compatible; MJ12bot/v1.4.8; http://mj12bot.com/)"
192.95.30.21 - - [02/Jan/2024:09:20:25 +0100] "GET /-p-49159.html HTTP/1.0" 200 81263 "-" "Mozilla/5.0 (compatible; MJ12bot/v1.4.8; http://mj12bot.com/)"
192.95.30.21 - - [02/Jan/2024:09:20:29 +0100] "GET /coca-cola-bottle-lamp-p-52629.html HTTP/1.0" 301 81330 "-" "Mozilla/5.0 (compatible; MJ12bot/v1.4.8; http://mj12bot.com/)"
192.95.30.21 - - [02/Jan/2024:09:20:33 +0100] "GET /-p-52629.html HTTP/1.0" 200 81263 "-" "Mozilla/5.0 (compatible; MJ12bot/v1.4.8; http://mj12bot.com/)"
192.95.30.21 - - [02/Jan/2024:09:20:38 +0100] "GET /coffee-cutting-board-p-35940.html HTTP/1.0" 200 81343 "-" "Mozilla/5.0 (compatible; MJ12bot/v1.4.8; http://mj12bot.com/)"
192.95.30.21 - - [02/Jan/2024:09:20:42 +0100] "GET /coffee-cutting-board-p-40648.html HTTP/1.0" 200 81365 "-" "Mozilla/5.0 (compatible; MJ12bot/v1.4.8; http://mj12bot.com/)"
192.95.30.21 - - [02/Jan/2024:09:20:46 +0100] "GET /cold-ultrasonic-diffuser-of-essential-oils-pineapple-shape-p-47514.html HTTP/1.0" 301 85263 "-" "Mozilla/5.0 (compatible; MJ12bot/v1.4.8; http://mj12bot.com/)"
192.95.30.21 - - [02/Jan/2024:09:20:50 +0100] "GET /cold-ultrasonic-diffuser-essential-oils-pineapple-shape-p-47514.html HTTP/1.0" 200 85141 "-" "Mozilla/5.0 (compatible; MJ12bot/v1.4.8; http://mj12bot.com/)"
192.95.30.21 - - [02/Jan/2024:09:20:55 +0100] "GET /comptoir-bowl-p-50626.html HTTP/1.0" 200 83564 "-" "Mozilla/5.0 (compatible; MJ12bot/v1.4.8; http://mj12bot.com/)"
192.95.30.21 - - [02/Jan/2024:09:21:01 +0100] "GET /comptoir-du-cafe-bowl-p-50626.html HTTP/1.0" 301 83644 "-" "Mozilla/5.0 (compatible; MJ12bot/v1.4.8; http://mj12bot.com/)"
192.95.30.21 - - [02/Jan/2024:09:21:05 +0100] "GET /comptoir-bowl-p-50626.html HTTP/1.0" 200 83564 "-" "Mozilla/5.0 (compatible; MJ12bot/v1.4.8; http://mj12bot.com/)"
192.95.30.21 - - [02/Jan/2024:09:21:10 +0100] "GET /corsica-box-of-coasters-p-44319.html HTTP/1.0" 301 84255 "-" "Mozilla/5.0 (compatible; MJ12bot/v1.4.8; http://mj12bot.com/)"
192.95.30.21 - - [02/Jan/2024:09:21:14 +0100] "GET /corsica-coasters-p-44319.html HTTP/1.0" 200 84172 "-" "Mozilla/5.0 (compatible; MJ12bot/v1.4.8; http://mj12bot.com/)"
192.95.30.21 - - [02/Jan/2024:09:21:19 +0100] "GET /corsica-calvi-vintage-poster-30-40-cm-p-44871.html HTTP/1.0" 301 81330 "-" "Mozilla/5.0 (compatible; MJ12bot/v1.4.8; http://mj12bot.com/)"
192.95.30.21 - - [02/Jan/2024:09:21:23 +0100] "GET /-p-44871.html HTTP/1.0" 200 81263 "-" "Mozilla/5.0 (compatible; MJ12bot/v1.4.8; http://mj12bot.com/)"
192.95.30.21 - - [02/Jan/2024:09:21:28 +0100] "GET /corsica-calvi-vintage-poster-p-44871.html HTTP/1.0" 301 81330 "-" "Mozilla/5.0 (compatible; MJ12bot/v1.4.8; http://mj12bot.com/)"
192.95.30.21 - - [02/Jan/2024:09:21:32 +0100] "GET /-p-44871.html HTTP/1.0" 200 81263 "-" "Mozilla/5.0 (compatible; MJ12bot/v1.4.8; http://mj12bot.com/)"
192.95.30.21 - - [02/Jan/2024:09:21:36 +0100] "GET /corsica-coasters-p-44319.html HTTP/1.0" 200 84172 "-" "Mozilla/5.0 (compatible; MJ12bot/v1.4.8; http://mj12bot.com/)"
192.95.30.21 - - [02/Jan/2024:09:21:42 +0100] "GET /corsica-mini-metal-tray-p-44856.html HTTP/1.0" 200 83708 "-" "Mozilla/5.0 (compatible; MJ12bot/v1.4.8; http://mj12bot.com/)"
192.95.30.21 - - [02/Jan/2024:09:21:47 +0100] "GET /corsica-mini-metal-tray-p-44857.html HTTP/1.0" 200 83708 "-" "Mozilla/5.0 (compatible; MJ12bot/v1.4.8; http://mj12bot.com/)"
54.36.148.16 - - [02/Jan/2024:09:21:51 +0100] "GET /retro-shoulder-beige-p-49821.html HTTP/1.0" 200 83851 "-" "Mozilla/5.0 (compatible; AhrefsBot/7.0; +http://ahrefs.com/robot/)"
192.95.30.21 - - [02/Jan/2024:09:21:52 +0100] "GET /corsica-shooter-p-48511.html HTTP/1.0" 200 83545 "-" "Mozilla/5.0 (compatible; MJ12bot/v1.4.8; http://mj12bot.com/)"
101.44.248.226 - - [02/Jan/2024:09:21:58 +0100] "GET /images/mini_prod/1399984254424.jpg HTTP/1.0" 200 269 "-" "Mozilla/5.0 (Windows NT 10.0; Win64; x64) AppleWebKit/537.36 (KHTML, like Gecko) Chrome/58.0.3029.110 Safari/537.3"
192.95.30.21 - - [02/Jan/2024:09:21:58 +0100] "GET /corsica-visa-vintage-poster-30-40-cm-p-44870.html HTTP/1.0" 301 81330 "-" "Mozilla/5.0 (compatible; MJ12bot/v1.4.8; http://mj12bot.com/)"
192.95.30.21 - - [02/Jan/2024:09:22:02 +0100] "GET /-p-44870.html HTTP/1.0" 200 81263 "-" "Mozilla/5.0 (compatible; MJ12bot/v1.4.8; http://mj12bot.com/)"
192.95.30.21 - - [02/Jan/2024:09:22:07 +0100] "GET /corsica-visa-vintage-poster-p-44870.html HTTP/1.0" 301 81330 "-" "Mozilla/5.0 (compatible; MJ12bot/v1.4.8; http://mj12bot.com/)"
192.95.30.21 - - [02/Jan/2024:09:22:11 +0100] "GET /-p-44870.html HTTP/1.0" 200 81263 "-" "Mozilla/5.0 (compatible; MJ12bot/v1.4.8; http://mj12bot.com/)"
192.95.30.21 - - [02/Jan/2024:09:22:16 +0100] "GET /cotton-floor-cushion-benin-40-40-30-cm-p-45163.html HTTP/1.0" 301 81330 "-" "Mozilla/5.0 (compatible; MJ12bot/v1.4.8; http://mj12bot.com/)"
192.95.30.21 - - [02/Jan/2024:09:22:20 +0100] "GET /-p-45163.html HTTP/1.0" 200 81263 "-" "Mozilla/5.0 (compatible; MJ12bot/v1.4.8; http://mj12bot.com/)"
128.176.193.69 - - [02/Jan/2024:09:22:24 +0100] "GET /images/mini_prod/DSCN7557.jpg HTTP/1.0" 200 264 "-" "python-requests/2.31.0"
192.95.30.21 - - [02/Jan/2024:09:22:24 +0100] "GET /cotton-floor-cushion-blue-45-cm-p-49366.html HTTP/1.0" 301 81330 "-" "Mozilla/5.0 (compatible; MJ12bot/v1.4.8; http://mj12bot.com/)"
192.95.30.21 - - [02/Jan/2024:09:22:28 +0100] "GET /-p-49366.html HTTP/1.0" 200 81263 "-" "Mozilla/5.0 (compatible; MJ12bot/v1.4.8; http://mj12bot.com/)"
192.95.30.21 - - [02/Jan/2024:09:22:32 +0100] "GET /cotton-floor-cushion-blue-45-cm-pepsy-funny-p-49113.html HTTP/1.0" 301 81330 "-" "Mozilla/5.0 (compatible; MJ12bot/v1.4.8; http://mj12bot.com/)"
192.95.30.21 - - [02/Jan/2024:09:22:36 +0100] "GET /-p-49113.html HTTP/1.0" 200 81263 "-" "Mozilla/5.0 (compatible; MJ12bot/v1.4.8; http://mj12bot.com/)"
192.95.30.21 - - [02/Jan/2024:09:22:40 +0100] "GET /cotton-floor-cushion-blue-p-48314.html HTTP/1.0" 200 81355 "-" "Mozilla/5.0 (compatible; MJ12bot/v1.4.8; http://mj12bot.com/)"
192.95.30.21 - - [02/Jan/2024:09:22:44 +0100] "GET /cotton-floor-cushion-bohochic-p-52546.html HTTP/1.0" 301 81330 "-" "Mozilla/5.0 (compatible; MJ12bot/v1.4.8; http://mj12bot.com/)"
192.95.30.21 - - [02/Jan/2024:09:22:48 +0100] "GET /-p-52546.html HTTP/1.0" 200 81263 "-" "Mozilla/5.0 (compatible; MJ12bot/v1.4.8; http://mj12bot.com/)"
192.95.30.21 - - [02/Jan/2024:09:22:53 +0100] "GET /cotton-floor-cushion-brown-45-cm-p-53470.html HTTP/1.0" 301 84548 "-" "Mozilla/5.0 (compatible; MJ12bot/v1.4.8; http://mj12bot.com/)"
192.95.30.21 - - [02/Jan/2024:09:22:57 +0100] "GET /cotton-floor-cushion-brown-p-53470.html HTTP/1.0" 200 84455 "-" "Mozilla/5.0 (compatible; MJ12bot/v1.4.8; http://mj12bot.com/)"
192.95.30.21 - - [02/Jan/2024:09:23:02 +0100] "GET /cotton-floor-cushion-brown-p-53470.html HTTP/1.0" 200 84455 "-" "Mozilla/5.0 (compatible; MJ12bot/v1.4.8; http://mj12bot.com/)"
192.95.30.21 - - [02/Jan/2024:09:23:07 +0100] "GET /cotton-floor-cushion-chick-40-40-30-cm-p-42598.html HTTP/1.0" 301 81330 "-" "Mozilla/5.0 (compatible; MJ12bot/v1.4.8; http://mj12bot.com/)"
192.95.30.21 - - [02/Jan/2024:09:23:11 +0100] "GET /-p-42598.html HTTP/1.0" 200 81263 "-" "Mozilla/5.0 (compatible; MJ12bot/v1.4.8; http://mj12bot.com/)"
192.95.30.21 - - [02/Jan/2024:09:23:16 +0100] "GET /cotton-floor-cushion-christie-40-40-30-cm-p-45158.html HTTP/1.0" 301 81330 "-" "Mozilla/5.0 (compatible; MJ12bot/v1.4.8; http://mj12bot.com/)"
192.95.30.21 - - [02/Jan/2024:09:23:20 +0100] "GET /-p-45158.html HTTP/1.0" 200 81263 "-" "Mozilla/5.0 (compatible; MJ12bot/v1.4.8; http://mj12bot.com/)"
192.95.30.21 - - [02/Jan/2024:09:23:24 +0100] "GET /cotton-floor-cushion-chrysler-40-40-30-cm-p-49128.html HTTP/1.0" 301 81330 "-" "Mozilla/5.0 (compatible; MJ12bot/v1.4.8; http://mj12bot.com/)"
192.95.30.21 - - [02/Jan/2024:09:23:28 +0100] "GET /-p-49128.html HTTP/1.0" 200 81263 "-" "Mozilla/5.0 (compatible; MJ12bot/v1.4.8; http://mj12bot.com/)"
54.36.148.140 - - [02/Jan/2024:09:23:27 +0100] "GET /tinkerbell-stationery-p-4492.html HTTP/1.0" 200 83745 "-" "Mozilla/5.0 (compatible; AhrefsBot/7.0; +http://ahrefs.com/robot/)"
192.95.30.21 - - [02/Jan/2024:09:23:32 +0100] "GET /cotton-floor-cushion-chrysler-p-49128.html HTTP/1.0" 301 81330 "-" "Mozilla/5.0 (compatible; MJ12bot/v1.4.8; http://mj12bot.com/)"
192.95.30.21 - - [02/Jan/2024:09:23:36 +0100] "GET /-p-49128.html HTTP/1.0" 200 81263 "-" "Mozilla/5.0 (compatible; MJ12bot/v1.4.8; http://mj12bot.com/)"
114.119.153.211 - - [02/Jan/2024:09:23:40 +0100] "GET /backpack-chicago-bulls-p-55758.html HTTP/1.0" 200 81353 "http://www.wonder-geek.com/backpacks-c-31_77.html?page=4" "Mozilla/5.0 (Linux; Android 7.0;) AppleWebKit/537.36 (KHTML, like Gecko) Mobile Safari/537.36 (compatible; PetalBot;+https://webmaster.petalsearch.com/site/petalbot)"
192.95.30.21 - - [02/Jan/2024:09:23:41 +0100] "GET /cotton-floor-cushion-eliane-40-40-30-cm-p-49129.html HTTP/1.0" 301 81473 "-" "Mozilla/5.0 (compatible; MJ12bot/v1.4.8; http://mj12bot.com/)"
192.95.30.21 - - [02/Jan/2024:09:23:45 +0100] "GET /cotton-floor-cushion-eliane-p-49129.html HTTP/1.0" 200 81379 "-" "Mozilla/5.0 (compatible; MJ12bot/v1.4.8; http://mj12bot.com/)"
192.95.30.21 - - [02/Jan/2024:09:23:49 +0100] "GET /cotton-floor-cushion-eliane-p-49129.html HTTP/1.0" 200 81379 "-" "Mozilla/5.0 (compatible; MJ12bot/v1.4.8; http://mj12bot.com/)"
192.95.30.21 - - [02/Jan/2024:09:23:53 +0100] "GET /cotton-floor-cushion-elisabeth-p-52549.html HTTP/1.0" 200 84493 "-" "Mozilla/5.0 (compatible; MJ12bot/v1.4.8; http://mj12bot.com/)"
192.95.30.21 - - [02/Jan/2024:09:23:58 +0100] "GET /cotton-floor-cushion-green-45-cm-goya-p-43262.html HTTP/1.0" 301 81330 "-" "Mozilla/5.0 (compatible; MJ12bot/v1.4.8; http://mj12bot.com/)"
192.95.30.21 - - [02/Jan/2024:09:24:03 +0100] "GET /-p-43262.html HTTP/1.0" 200 81263 "-" "Mozilla/5.0 (compatible; MJ12bot/v1.4.8; http://mj12bot.com/)"
192.95.30.21 - - [02/Jan/2024:09:24:06 +0100] "GET /cotton-floor-cushion-grey-45-cm-manoir-p-43266.html HTTP/1.0" 301 81330 "-" "Mozilla/5.0 (compatible; MJ12bot/v1.4.8; http://mj12bot.com/)"
192.95.30.21 - - [02/Jan/2024:09:24:10 +0100] "GET /-p-43266.html HTTP/1.0" 200 81263 "-" "Mozilla/5.0 (compatible; MJ12bot/v1.4.8; http://mj12bot.com/)"
192.95.30.21 - - [02/Jan/2024:09:24:14 +0100] "GET /cotton-floor-cushion-grey-45-cm-roma-p-43263.html HTTP/1.0" 301 81330 "-" "Mozilla/5.0 (compatible; MJ12bot/v1.4.8; http://mj12bot.com/)"
192.95.30.21 - - [02/Jan/2024:09:24:18 +0100] "GET /-p-43263.html HTTP/1.0" 200 81263 "-" "Mozilla/5.0 (compatible; MJ12bot/v1.4.8; http://mj12bot.com/)"
192.95.30.21 - - [02/Jan/2024:09:24:22 +0100] "GET /cotton-floor-cushion-grey-p-48312.html HTTP/1.0" 200 84448 "-" "Mozilla/5.0 (compatible; MJ12bot/v1.4.8; http://mj12bot.com/)"
192.95.30.21 - - [02/Jan/2024:09:24:27 +0100] "GET /cotton-floor-cushion-guimard-40-40-30-cm-p-49367.html HTTP/1.0" 301 81476 "-" "Mozilla/5.0 (compatible; MJ12bot/v1.4.8; http://mj12bot.com/)"
192.95.30.21 - - [02/Jan/2024:09:24:31 +0100] "GET /cotton-floor-cushion-guimard-p-49367.html HTTP/1.0" 200 81381 "-" "Mozilla/5.0 (compatible; MJ12bot/v1.4.8; http://mj12bot.com/)"
114.119.135.42 - - [02/Jan/2024:09:24:30 +0100] "GET /renault-alpine-monte-carlo-73-large-metal-plate-deco-p-38624.html HTTP/1.0" 301 84020 "http://www.wonder-geek.com/home-and-decoration-c-13.html?page=176" "Mozilla/5.0 (Linux; Android 7.0;) AppleWebKit/537.36 (KHTML, like Gecko) Mobile Safari/537.36 (compatible; PetalBot;+https://webmaster.petalsearch.com/site/petalbot)"
192.95.30.21 - - [02/Jan/2024:09:24:36 +0100] "GET /cotton-floor-cushion-guimard-p-49367.html HTTP/1.0" 200 81381 "-" "Mozilla/5.0 (compatible; MJ12bot/v1.4.8; http://mj12bot.com/)"
114.119.135.42 - - [02/Jan/2024:09:24:36 +0100] "GET /renault-alpine-mont-carlo-large-metal-plate-deco-p-38624.html HTTP/1.0" 200 83905 "http://www.wonder-geek.com/home-and-decoration-c-13.html?page=176" "Mozilla/5.0 (Linux; Android 7.0;) AppleWebKit/537.36 (KHTML, like Gecko) Mobile Safari/537.36 (compatible; PetalBot;+https://webmaster.petalsearch.com/site/petalbot)"
192.95.30.21 - - [02/Jan/2024:09:24:39 +0100] "GET /cotton-floor-cushion-halden-p-52540.html HTTP/1.0" 301 81330 "-" "Mozilla/5.0 (compatible; MJ12bot/v1.4.8; http://mj12bot.com/)"
192.95.30.21 - - [02/Jan/2024:09:24:43 +0100] "GET /-p-52540.html HTTP/1.0" 200 81263 "-" "Mozilla/5.0 (compatible; MJ12bot/v1.4.8; http://mj12bot.com/)"
192.95.30.21 - - [02/Jan/2024:09:24:48 +0100] "GET /cotton-floor-cushion-harlan-40-40-30-cm-p-45160.html HTTP/1.0" 301 81330 "-" "Mozilla/5.0 (compatible; MJ12bot/v1.4.8; http://mj12bot.com/)"
192.95.30.21 - - [02/Jan/2024:09:24:52 +0100] "GET /-p-45160.html HTTP/1.0" 200 81263 "-" "Mozilla/5.0 (compatible; MJ12bot/v1.4.8; http://mj12bot.com/)"
192.95.30.21 - - [02/Jan/2024:09:24:56 +0100] "GET /cotton-floor-cushion-iceland-40-40-30-cm-p-45159.html HTTP/1.0" 301 81330 "-" "Mozilla/5.0 (compatible; MJ12bot/v1.4.8; http://mj12bot.com/)"
192.95.30.21 - - [02/Jan/2024:09:25:00 +0100] "GET /-p-45159.html HTTP/1.0" 200 81263 "-" "Mozilla/5.0 (compatible; MJ12bot/v1.4.8; http://mj12bot.com/)"
192.95.30.21 - - [02/Jan/2024:09:25:04 +0100] "GET /cotton-floor-cushion-louison-p-51658.html HTTP/1.0" 200 84700 "-" "Mozilla/5.0 (compatible; MJ12bot/v1.4.8; http://mj12bot.com/)"
192.95.30.21 - - [02/Jan/2024:09:25:09 +0100] "GET /cotton-floor-cushion-navy-blue-p-48315.html HTTP/1.0" 200 81365 "-" "Mozilla/5.0 (compatible; MJ12bot/v1.4.8; http://mj12bot.com/)"
54.36.148.37 - - [02/Jan/2024:09:25:09 +0100] "GET /summit-imagination-sorcerer-mickey-masterpiece-figurine-p-53339.html HTTP/1.0" 200 85699 "-" "Mozilla/5.0 (compatible; AhrefsBot/7.0; +http://ahrefs.com/robot/)"
192.95.30.21 - - [02/Jan/2024:09:25:13 +0100] "GET /cotton-floor-cushion-nelia-p-53917.html HTTP/1.0" 200 81373 "-" "Mozilla/5.0 (compatible; MJ12bot/v1.4.8; http://mj12bot.com/)"
192.95.30.21 - - [02/Jan/2024:09:25:17 +0100] "GET /cotton-floor-cushion-niro-blue-p-52503.html HTTP/1.0" 301 81330 "-" "Mozilla/5.0 (compatible; MJ12bot/v1.4.8; http://mj12bot.com/)"
192.95.30.21 - - [02/Jan/2024:09:25:21 +0100] "GET /-p-52503.html HTTP/1.0" 200 81263 "-" "Mozilla/5.0 (compatible; MJ12bot/v1.4.8; http://mj12bot.com/)"
192.95.30.21 - - [02/Jan/2024:09:25:26 +0100] "GET /cotton-floor-cushion-p-52451.html HTTP/1.0" 200 81345 "-" "Mozilla/5.0 (compatible; MJ12bot/v1.4.8; http://mj12bot.com/)"
128.176.193.69 - - [02/Jan/2024:09:25:29 +0100] "GET /images/mini_prod/DSCN7544.jpg HTTP/1.0" 200 264 "-" "python-requests/2.31.0"
192.95.30.21 - - [02/Jan/2024:09:25:30 +0100] "GET /cotton-floor-cushion-red-45-cm-darla-p-43218.html HTTP/1.0" 301 81330 "-" "Mozilla/5.0 (compatible; MJ12bot/v1.4.8; http://mj12bot.com/)"
192.95.30.21 - - [02/Jan/2024:09:25:34 +0100] "GET /-p-43218.html HTTP/1.0" 200 81263 "-" "Mozilla/5.0 (compatible; MJ12bot/v1.4.8; http://mj12bot.com/)"
128.176.193.69 - - [02/Jan/2024:09:25:39 +0100] "GET /images/mini_prod/Image15.jpg HTTP/1.0" 200 263 "-" "python-requests/2.31.0"
192.95.30.21 - - [02/Jan/2024:09:25:38 +0100] "GET /cotton-floor-cushion-terracotta-p-48313.html HTTP/1.0" 200 81367 "-" "Mozilla/5.0 (compatible; MJ12bot/v1.4.8; http://mj12bot.com/)"
192.95.30.21 - - [02/Jan/2024:09:25:42 +0100] "GET /cotton-floor-cushion-yellow-p-53919.html HTTP/1.0" 301 81330 "-" "Mozilla/5.0 (compatible; MJ12bot/v1.4.8; http://mj12bot.com/)"
192.95.30.21 - - [02/Jan/2024:09:25:46 +0100] "GET /-p-53919.html HTTP/1.0" 200 81263 "-" "Mozilla/5.0 (compatible; MJ12bot/v1.4.8; http://mj12bot.com/)"
192.95.30.21 - - [02/Jan/2024:09:25:51 +0100] "GET /cotton-pallet-kit-coral-color-p-47237.html HTTP/1.0" 301 81330 "-" "Mozilla/5.0 (compatible; MJ12bot/v1.4.8; http://mj12bot.com/)"
192.95.30.21 - - [02/Jan/2024:09:25:55 +0100] "GET /-p-47237.html HTTP/1.0" 200 81263 "-" "Mozilla/5.0 (compatible; MJ12bot/v1.4.8; http://mj12bot.com/)"
192.95.30.21 - - [02/Jan/2024:09:25:59 +0100] "GET /cotton-pallet-kit-grey-color-delivery-to-march-20th-p-47240.html HTTP/1.0" 301 81330 "-" "Mozilla/5.0 (compatible; MJ12bot/v1.4.8; http://mj12bot.com/)"
192.95.30.21 - - [02/Jan/2024:09:26:03 +0100] "GET /-p-47240.html HTTP/1.0" 200 81263 "-" "Mozilla/5.0 (compatible; MJ12bot/v1.4.8; http://mj12bot.com/)"
192.95.30.21 - - [02/Jan/2024:09:26:07 +0100] "GET /cotton-pallet-kit-taupe-color-delivery-to-march-20th-p-47236.html HTTP/1.0" 301 81330 "-" "Mozilla/5.0 (compatible; MJ12bot/v1.4.8; http://mj12bot.com/)"
192.95.30.21 - - [02/Jan/2024:09:26:11 +0100] "GET /-p-47236.html HTTP/1.0" 200 81263 "-" "Mozilla/5.0 (compatible; MJ12bot/v1.4.8; http://mj12bot.com/)"
192.95.30.21 - - [02/Jan/2024:09:26:15 +0100] "GET /cotton-pallet-kit-taupe-color-p-47236.html HTTP/1.0" 301 81330 "-" "Mozilla/5.0 (compatible; MJ12bot/v1.4.8; http://mj12bot.com/)"
192.95.30.21 - - [02/Jan/2024:09:26:19 +0100] "GET /-p-47236.html HTTP/1.0" 200 81263 "-" "Mozilla/5.0 (compatible; MJ12bot/v1.4.8; http://mj12bot.com/)"
192.95.30.21 - - [02/Jan/2024:09:26:24 +0100] "GET /cotton-plaid-mandala-125-150-cm-p-43356.html HTTP/1.0" 301 81330 "-" "Mozilla/5.0 (compatible; MJ12bot/v1.4.8; http://mj12bot.com/)"
192.95.30.21 - - [02/Jan/2024:09:26:28 +0100] "GET /-p-43356.html HTTP/1.0" 200 81263 "-" "Mozilla/5.0 (compatible; MJ12bot/v1.4.8; http://mj12bot.com/)"
192.95.30.21 - - [02/Jan/2024:09:26:32 +0100] "GET /cotton-plaid-roma-125-150-cm-p-43356.html HTTP/1.0" 301 81330 "-" "Mozilla/5.0 (compatible; MJ12bot/v1.4.8; http://mj12bot.com/)"
192.95.30.21 - - [02/Jan/2024:09:26:36 +0100] "GET /-p-43356.html HTTP/1.0" 200 81263 "-" "Mozilla/5.0 (compatible; MJ12bot/v1.4.8; http://mj12bot.com/)"
40.77.167.45 - - [02/Jan/2024:09:26:21 +0100] "GET /salt-pepper-shaker-sets-c-12_160.html HTTP/1.0" 200 101086 "-" "Mozilla/5.0 AppleWebKit/537.36 (KHTML, like Gecko; compatible; bingbot/2.0; +http://www.bing.com/bingbot.htm) Chrome/116.0.1938.76 Safari/537.36"
192.95.30.21 - - [02/Jan/2024:09:26:41 +0100] "GET /cotton-tablecloth-fish-bank-p-39887.html HTTP/1.0" 200 81387 "-" "Mozilla/5.0 (compatible; MJ12bot/v1.4.8; http://mj12bot.com/)"
192.95.30.21 - - [02/Jan/2024:09:26:45 +0100] "GET /cotton-towel-mojito-p-42578.html HTTP/1.0" 200 81333 "-" "Mozilla/5.0 (compatible; MJ12bot/v1.4.8; http://mj12bot.com/)"
192.95.30.21 - - [02/Jan/2024:09:26:49 +0100] "GET /cotton-towel-retro-style-p-42572.html HTTP/1.0" 200 81380 "-" "Mozilla/5.0 (compatible; MJ12bot/v1.4.8; http://mj12bot.com/)"
54.36.148.164 - - [02/Jan/2024:09:26:50 +0100] "GET /littlest-petshop-magic-tracer-p-6917.html HTTP/1.0" 200 83970 "-" "Mozilla/5.0 (compatible; AhrefsBot/7.0; +http://ahrefs.com/robot/)"
192.95.30.21 - - [02/Jan/2024:09:26:53 +0100] "GET /cotton-towel-retro-style-p-42573.html HTTP/1.0" 200 81353 "-" "Mozilla/5.0 (compatible; MJ12bot/v1.4.8; http://mj12bot.com/)"
192.95.30.21 - - [02/Jan/2024:09:26:58 +0100] "GET /couture-wooden-box-p-33520.html HTTP/1.0" 301 81330 "-" "Mozilla/5.0 (compatible; MJ12bot/v1.4.8; http://mj12bot.com/)"
192.95.30.21 - - [02/Jan/2024:09:27:02 +0100] "GET /-p-33520.html HTTP/1.0" 200 81263 "-" "Mozilla/5.0 (compatible; MJ12bot/v1.4.8; http://mj12bot.com/)"
192.95.30.21 - - [02/Jan/2024:09:27:06 +0100] "GET /cow-cast-iron-wall-bell-16-cm-p-47228.html HTTP/1.0" 301 81435 "-" "Mozilla/5.0 (compatible; MJ12bot/v1.4.8; http://mj12bot.com/)"
192.95.30.21 - - [02/Jan/2024:09:27:10 +0100] "GET /cast-iron-wall-bell-p-47228.html HTTP/1.0" 200 81349 "-" "Mozilla/5.0 (compatible; MJ12bot/v1.4.8; http://mj12bot.com/)"
192.95.30.21 - - [02/Jan/2024:09:27:15 +0100] "GET /cow-flower-power-adult-apron-p-39869.html HTTP/1.0" 301 81448 "-" "Mozilla/5.0 (compatible; MJ12bot/v1.4.8; http://mj12bot.com/)"
103.164.204.45 - - [02/Jan/2024:09:27:16 +0100] "GET /contact_us.php HTTP/1.0" 200 26241 "http://www.wonder-geek.com/contact_us.php" "Mozilla/5.0 (Windows NT 6.3; Win64; x64) AppleWebKit/537.36 (KHTML, like Gecko) Chrome/90.0.4430.72 Safari/537.36 Edg/90.0.818.42"
192.95.30.21 - - [02/Jan/2024:09:27:19 +0100] "GET /flower-power-adult-apron-p-39869.html HTTP/1.0" 200 81357 "-" "Mozilla/5.0 (compatible; MJ12bot/v1.4.8; http://mj12bot.com/)"
192.95.30.21 - - [02/Jan/2024:09:27:23 +0100] "GET /cow-plush-by-britto-p-29926.html HTTP/1.0" 301 81330 "-" "Mozilla/5.0 (compatible; MJ12bot/v1.4.8; http://mj12bot.com/)"
192.95.30.21 - - [02/Jan/2024:09:27:27 +0100] "GET /-p-29926.html HTTP/1.0" 200 81263 "-" "Mozilla/5.0 (compatible; MJ12bot/v1.4.8; http://mj12bot.com/)"
192.95.30.21 - - [02/Jan/2024:09:27:31 +0100] "GET /crane-blue-beige-p-57173.html HTTP/1.0" 200 84495 "-" "Mozilla/5.0 (compatible; MJ12bot/v1.4.8; http://mj12bot.com/)"
91.195.200.30 - - [02/Jan/2024:09:27:36 +0100] "GET /images/mini_prod/3520071411903.jpg HTTP/1.0" 200 269 "-" "python-requests/2.31.0"
192.95.30.21 - - [02/Jan/2024:09:27:36 +0100] "GET /crane-blue-brown-p-57174.html HTTP/1.0" 200 84496 "-" "Mozilla/5.0 (compatible; MJ12bot/v1.4.8; http://mj12bot.com/)"
192.95.30.21 - - [02/Jan/2024:09:27:41 +0100] "GET /crystal-glass-and-metal-lamp-p-52024.html HTTP/1.0" 301 81448 "-" "Mozilla/5.0 (compatible; MJ12bot/v1.4.8; http://mj12bot.com/)"
192.95.30.21 - - [02/Jan/2024:09:27:46 +0100] "GET /crystal-glass-metal-lamp-p-52024.html HTTP/1.0" 200 81357 "-" "Mozilla/5.0 (compatible; MJ12bot/v1.4.8; http://mj12bot.com/)"
192.95.30.21 - - [02/Jan/2024:09:27:50 +0100] "GET /crystal-glass-metal-lamp-p-52024.html HTTP/1.0" 200 81357 "-" "Mozilla/5.0 (compatible; MJ12bot/v1.4.8; http://mj12bot.com/)"
192.95.30.21 - - [02/Jan/2024:09:27:54 +0100] "GET /cuba-cars-ashtray-p-35931.html HTTP/1.0" 301 81330 "-" "Mozilla/5.0 (compatible; MJ12bot/v1.4.8; http://mj12bot.com/)"
192.95.30.21 - - [02/Jan/2024:09:27:58 +0100] "GET /-p-35931.html HTTP/1.0" 200 81263 "-" "Mozilla/5.0 (compatible; MJ12bot/v1.4.8; http://mj12bot.com/)"
192.95.30.21 - - [02/Jan/2024:09:28:02 +0100] "GET /cuba-metal-ashtray-p-39507.html HTTP/1.0" 200 81325 "-" "Mozilla/5.0 (compatible; MJ12bot/v1.4.8; http://mj12bot.com/)"
192.95.30.21 - - [02/Jan/2024:09:28:06 +0100] "GET /cuba-old-cars-ashtray-p-35931.html HTTP/1.0" 301 81330 "-" "Mozilla/5.0 (compatible; MJ12bot/v1.4.8; http://mj12bot.com/)"
192.95.30.21 - - [02/Jan/2024:09:28:10 +0100] "GET /-p-35931.html HTTP/1.0" 200 81263 "-" "Mozilla/5.0 (compatible; MJ12bot/v1.4.8; http://mj12bot.com/)"
192.95.30.21 - - [02/Jan/2024:09:28:14 +0100] "GET /cuba-pencil-p-50323.html HTTP/1.0" 200 83603 "-" "Mozilla/5.0 (compatible; MJ12bot/v1.4.8; http://mj12bot.com/)"
192.95.30.21 - - [02/Jan/2024:09:28:19 +0100] "GET /cuba-pencil-pot-p-50323.html HTTP/1.0" 301 83681 "-" "Mozilla/5.0 (compatible; MJ12bot/v1.4.8; http://mj12bot.com/)"
