89.22.104.80 - - [02/Jan/2024:22:04:09 +0100] "GET /wp-content/plugins/doyanz/config.php HTTP/1.0" 301 583 "-" "Mozlila/5.0 (Linux; Android 7.0; SM-G892A Bulid/NRD90M; wv) AppleWebKit/537.36 (KHTML, like Gecko) Version/4.0 Chrome/60.0.3112.107 Moblie Safari/537.36"
89.22.104.80 - - [02/Jan/2024:22:04:11 +0100] "GET /wp-content/plugins/doyanz/config.php HTTP/1.0" 404 1308 "-" "Mozlila/5.0 (Linux; Android 7.0; SM-G892A Bulid/NRD90M; wv) AppleWebKit/537.36 (KHTML, like Gecko) Version/4.0 Chrome/60.0.3112.107 Moblie Safari/537.36"
89.22.104.80 - - [02/Jan/2024:22:04:14 +0100] "GET /wp-content/themes/panama/json.php HTTP/1.0" 301 577 "-" "Mozlila/5.0 (Linux; Android 7.0; SM-G892A Bulid/NRD90M; wv) AppleWebKit/537.36 (KHTML, like Gecko) Version/4.0 Chrome/60.0.3112.107 Moblie Safari/537.36"
89.22.104.80 - - [02/Jan/2024:22:04:15 +0100] "GET /wp-content/themes/panama/json.php HTTP/1.0" 404 1308 "-" "Mozlila/5.0 (Linux; Android 7.0; SM-G892A Bulid/NRD90M; wv) AppleWebKit/537.36 (KHTML, like Gecko) Version/4.0 Chrome/60.0.3112.107 Moblie Safari/537.36"
89.22.104.80 - - [02/Jan/2024:22:04:22 +0100] "GET /wp-content/themes/moog/config.php HTTP/1.0" 301 577 "-" "Mozlila/5.0 (Linux; Android 7.0; SM-G892A Bulid/NRD90M; wv) AppleWebKit/537.36 (KHTML, like Gecko) Version/4.0 Chrome/60.0.3112.107 Moblie Safari/537.36"
89.22.104.80 - - [02/Jan/2024:22:04:23 +0100] "GET /wp-content/themes/moog/config.php HTTP/1.0" 404 1308 "-" "Mozlila/5.0 (Linux; Android 7.0; SM-G892A Bulid/NRD90M; wv) AppleWebKit/537.36 (KHTML, like Gecko) Version/4.0 Chrome/60.0.3112.107 Moblie Safari/537.36"
89.22.104.80 - - [02/Jan/2024:22:04:25 +0100] "GET /wp-content/uploads/2023/11/config.php HTTP/1.0" 301 585 "-" "Mozlila/5.0 (Linux; Android 7.0; SM-G892A Bulid/NRD90M; wv) AppleWebKit/537.36 (KHTML, like Gecko) Version/4.0 Chrome/60.0.3112.107 Moblie Safari/537.36"
89.22.104.80 - - [02/Jan/2024:22:04:27 +0100] "GET /wp-content/uploads/2023/11/config.php HTTP/1.0" 404 1308 "-" "Mozlila/5.0 (Linux; Android 7.0; SM-G892A Bulid/NRD90M; wv) AppleWebKit/537.36 (KHTML, like Gecko) Version/4.0 Chrome/60.0.3112.107 Moblie Safari/537.36"
146.152.225.48 - - [02/Jan/2024:22:04:30 +0100] "GET /images/mini_prod/8422019609036.jpg HTTP/1.0" 200 269 "-" "Mozilla/5.0 (X11; Ubuntu; Linux x86_64; rv:72.0) Gecko/20100101 Firefox/72.0"
89.22.104.80 - - [02/Jan/2024:22:04:30 +0100] "GET /wp-content/uploads/2023/12/config.php HTTP/1.0" 301 585 "-" "Mozlila/5.0 (Linux; Android 7.0; SM-G892A Bulid/NRD90M; wv) AppleWebKit/537.36 (KHTML, like Gecko) Version/4.0 Chrome/60.0.3112.107 Moblie Safari/537.36"
89.22.104.80 - - [02/Jan/2024:22:04:31 +0100] "GET /wp-content/uploads/2023/12/config.php HTTP/1.0" 404 1308 "-" "Mozlila/5.0 (Linux; Android 7.0; SM-G892A Bulid/NRD90M; wv) AppleWebKit/537.36 (KHTML, like Gecko) Version/4.0 Chrome/60.0.3112.107 Moblie Safari/537.36"
89.22.104.80 - - [02/Jan/2024:22:04:34 +0100] "GET /wp-content/themes/blogai/issue.php HTTP/1.0" 301 579 "-" "Mozlila/5.0 (Linux; Android 7.0; SM-G892A Bulid/NRD90M; wv) AppleWebKit/537.36 (KHTML, like Gecko) Version/4.0 Chrome/60.0.3112.107 Moblie Safari/537.36"
89.22.104.80 - - [02/Jan/2024:22:04:35 +0100] "GET /wp-content/themes/blogai/issue.php HTTP/1.0" 404 1308 "-" "Mozlila/5.0 (Linux; Android 7.0; SM-G892A Bulid/NRD90M; wv) AppleWebKit/537.36 (KHTML, like Gecko) Version/4.0 Chrome/60.0.3112.107 Moblie Safari/537.36"
89.22.104.80 - - [02/Jan/2024:22:04:37 +0100] "GET /wp-content/themes/agwin/config.php HTTP/1.0" 301 579 "-" "Mozlila/5.0 (Linux; Android 7.0; SM-G892A Bulid/NRD90M; wv) AppleWebKit/537.36 (KHTML, like Gecko) Version/4.0 Chrome/60.0.3112.107 Moblie Safari/537.36"
89.22.104.80 - - [02/Jan/2024:22:04:38 +0100] "GET /wp-content/themes/agwin/config.php HTTP/1.0" 404 1308 "-" "Mozlila/5.0 (Linux; Android 7.0; SM-G892A Bulid/NRD90M; wv) AppleWebKit/537.36 (KHTML, like Gecko) Version/4.0 Chrome/60.0.3112.107 Moblie Safari/537.36"
89.22.104.80 - - [02/Jan/2024:22:04:41 +0100] "GET /wp-content/themes/quext/config.php HTTP/1.0" 301 579 "-" "Mozlila/5.0 (Linux; Android 7.0; SM-G892A Bulid/NRD90M; wv) AppleWebKit/537.36 (KHTML, like Gecko) Version/4.0 Chrome/60.0.3112.107 Moblie Safari/537.36"
89.22.104.80 - - [02/Jan/2024:22:04:42 +0100] "GET /wp-content/themes/quext/config.php HTTP/1.0" 404 1308 "-" "Mozlila/5.0 (Linux; Android 7.0; SM-G892A Bulid/NRD90M; wv) AppleWebKit/537.36 (KHTML, like Gecko) Version/4.0 Chrome/60.0.3112.107 Moblie Safari/537.36"
89.22.104.80 - - [02/Jan/2024:22:04:45 +0100] "GET /wp-content/plugins/app-calendar/config.php HTTP/1.0" 301 595 "-" "Mozlila/5.0 (Linux; Android 7.0; SM-G892A Bulid/NRD90M; wv) AppleWebKit/537.36 (KHTML, like Gecko) Version/4.0 Chrome/60.0.3112.107 Moblie Safari/537.36"
89.22.104.80 - - [02/Jan/2024:22:04:47 +0100] "GET /wp-content/plugins/app-calendar/config.php HTTP/1.0" 404 1308 "-" "Mozlila/5.0 (Linux; Android 7.0; SM-G892A Bulid/NRD90M; wv) AppleWebKit/537.36 (KHTML, like Gecko) Version/4.0 Chrome/60.0.3112.107 Moblie Safari/537.36"
65.154.226.169 - - [02/Jan/2024:22:05:09 +0100] "GET /images/mini%5fprod/8422019609036.jpg HTTP/1.0" 200 269 "-" "Mozilla/5.0 (Windows NT 10.0) AppleWebKit/537.36 (KHTML, like Gecko) Chrome/106.0.0.0 Safari/537.36"
66.249.66.205 - - [02/Jan/2024:22:06:19 +0100] "GET /koala-nightlight-p-53123.html HTTP/1.0" 200 84581 "-" "Mozilla/5.0 (Linux; Android 6.0.1; Nexus 5X Build/MMB29P) AppleWebKit/537.36 (KHTML, like Gecko) Chrome/120.0.6099.71 Mobile Safari/537.36 (compatible; Googlebot/2.1; +http://www.google.com/bot.html)"
66.249.66.206 - - [02/Jan/2024:22:06:21 +0100] "GET /vintage-stitch-pendulum-clock-p-45657.html HTTP/1.0" 200 81369 "-" "Mozilla/5.0 (Linux; Android 6.0.1; Nexus 5X Build/MMB29P) AppleWebKit/537.36 (KHTML, like Gecko) Chrome/120.0.6099.71 Mobile Safari/537.36 (compatible; Googlebot/2.1; +http://www.google.com/bot.html)"
66.249.66.207 - - [02/Jan/2024:22:06:23 +0100] "GET /artist-jimmy-liao-rabbit-figure-sonny-angel-p-56919.html HTTP/1.0" 200 81429 "-" "Mozilla/5.0 (Linux; Android 6.0.1; Nexus 5X Build/MMB29P) AppleWebKit/537.36 (KHTML, like Gecko) Chrome/120.0.6099.71 Mobile Safari/537.36 (compatible; Googlebot/2.1; +http://www.google.com/bot.html)"
66.249.66.205 - - [02/Jan/2024:22:06:25 +0100] "GET /naruto-black-swimsuit-p-30583.html HTTP/1.0" 200 84757 "-" "Mozilla/5.0 (Linux; Android 6.0.1; Nexus 5X Build/MMB29P) AppleWebKit/537.36 (KHTML, like Gecko) Chrome/120.0.6099.71 Mobile Safari/537.36 (compatible; Googlebot/2.1; +http://www.google.com/bot.html)"
66.249.66.205 - - [02/Jan/2024:22:06:27 +0100] "GET /swfobject.js HTTP/1.0" 404 1308 "http://www.wonder-geek.com/naruto-black-swimsuit-p-30583.html" "Mozilla/5.0 (Linux; Android 6.0.1; Nexus 5X Build/MMB29P) AppleWebKit/537.36 (KHTML, like Gecko) Chrome/120.0.6099.71 Mobile Safari/537.36 (compatible; Googlebot/2.1; +http://www.google.com/bot.html)"
47.128.63.143 - - [02/Jan/2024:22:06:28 +0100] "GET /floral-cushion-saucer-p-59035.html HTTP/1.0" 200 84288 "-" "Mozilla/5.0 (compatible; Bytespider; spider-feedback@bytedance.com) AppleWebKit/537.36 (KHTML, like Gecko) Chrome/70.0.0.0 Safari/537.36"
47.128.63.143 - - [02/Jan/2024:22:06:31 +0100] "GET /swfobject.js HTTP/1.0" 404 1308 "http://www.wonder-geek.com/floral-cushion-saucer-p-59035.html" "Mozilla/5.0 (compatible; Bytespider; spider-feedback@bytedance.com) AppleWebKit/537.36 (KHTML, like Gecko) Chrome/70.0.0.0 Safari/537.36"
47.128.63.143 - - [02/Jan/2024:22:06:36 +0100] "GET /images/big_prod_1/3700572739342B.jpg HTTP/1.0" 200 271 "http://www.wonder-geek.com/floral-cushion-saucer-p-59035.html" "Mozilla/5.0 (compatible; Bytespider; spider-feedback@bytedance.com) AppleWebKit/537.36 (KHTML, like Gecko) Chrome/70.0.0.0 Safari/537.36"
47.128.63.143 - - [02/Jan/2024:22:06:57 +0100] "GET /highslide/graphics/outlines/drop-shadow.png HTTP/1.0" 200 277 "http://www.wonder-geek.com/floral-cushion-saucer-p-59035.html" "Mozilla/5.0 (compatible; Bytespider; spider-feedback@bytedance.com) AppleWebKit/537.36 (KHTML, like Gecko) Chrome/70.0.0.0 Safari/537.36"
47.128.63.143 - - [02/Jan/2024:22:06:57 +0100] "GET /highslide/graphics/zoomout.cur HTTP/1.0" 200 614 "http://www.wonder-geek.com/floral-cushion-saucer-p-59035.html" "Mozilla/5.0 (compatible; Bytespider; spider-feedback@bytedance.com) AppleWebKit/537.36 (KHTML, like Gecko) Chrome/70.0.0.0 Safari/537.36"
47.128.63.143 - - [02/Jan/2024:22:06:57 +0100] "GET /images/big_prod/3700572739342.jpg HTTP/1.0" 200 268 "http://www.wonder-geek.com/floral-cushion-saucer-p-59035.html" "Mozilla/5.0 (compatible; Bytespider; spider-feedback@bytedance.com) AppleWebKit/537.36 (KHTML, like Gecko) Chrome/70.0.0.0 Safari/537.36"
51.68.224.127 - - [02/Jan/2024:22:07:28 +0100] "GET /adminweb/export_orders_xml.php?token=256de2z6edz6ed2z6DFSFsed2zed6zeDSFDSGdzedezfzf&maxorders=10&orderstart=1&status=14&start_date=2018-10-01 HTTP/1.0" 200 285 "-" "GesCom CharlotteBoutik Serveur"
51.68.224.127 - - [02/Jan/2024:22:07:28 +0100] "GET /adminweb/export_orders_xml.php?token=256de2z6edz6ed2z6DFSFsed2zed6zeDSFDSGdzedezfzf&maxorders=10&orderstart=1&status=6&start_date=2018-10-01 HTTP/1.0" 200 34422 "-" "GesCom CharlotteBoutik Serveur"
66.249.66.207 - - [02/Jan/2024:22:07:39 +0100] "GET /decoration-african-water-carrier-p-55667.html HTTP/1.0" 200 81389 "-" "Mozilla/5.0 (Linux; Android 6.0.1; Nexus 5X Build/MMB29P) AppleWebKit/537.36 (KHTML, like Gecko) Chrome/120.0.6099.71 Mobile Safari/537.36 (compatible; Googlebot/2.1; +http://www.google.com/bot.html)"
66.249.66.205 - - [02/Jan/2024:22:07:41 +0100] "GET /decorative-baskets-blue-p-58597.html HTTP/1.0" 200 81367 "-" "Mozilla/5.0 (Linux; Android 6.0.1; Nexus 5X Build/MMB29P) AppleWebKit/537.36 (KHTML, like Gecko) Chrome/120.0.6099.71 Mobile Safari/537.36 (compatible; Googlebot/2.1; +http://www.google.com/bot.html)"
66.249.66.206 - - [02/Jan/2024:22:07:43 +0100] "GET /food-grade-bamboo-cutting-board-p-60312.html HTTP/1.0" 200 83748 "-" "Mozilla/5.0 (Linux; Android 6.0.1; Nexus 5X Build/MMB29P) AppleWebKit/537.36 (KHTML, like Gecko) Chrome/120.0.6099.71 Mobile Safari/537.36 (compatible; Googlebot/2.1; +http://www.google.com/bot.html)"
54.36.148.27 - - [02/Jan/2024:22:07:48 +0100] "GET /-c-95_305.html HTTP/1.0" 200 80131 "-" "Mozilla/5.0 (compatible; AhrefsBot/7.0; +http://ahrefs.com/robot/)"
95.70.220.173 - - [02/Jan/2024:22:07:59 +0100] "GET /contact_us.php HTTP/1.0" 200 26241 "http://www.wonder-geek.com/contact_us.php" "Mozilla/5.0 (Windows NT 6.1; Win64; x64) AppleWebKit/537.36 (KHTML, like Gecko) Chrome/90.0.4430.85 Safari/537.36 Edg/90.0.818.49"
40.77.167.50 - - [02/Jan/2024:22:08:57 +0100] "GET /adults-c-53.html HTTP/1.0" 200 102571 "-" "Mozilla/5.0 AppleWebKit/537.36 (KHTML, like Gecko; compatible; bingbot/2.0; +http://www.bing.com/bingbot.htm) Chrome/116.0.1938.76 Safari/537.36"
40.77.167.50 - - [02/Jan/2024:22:09:06 +0100] "GET /vanity-beauty-bags-c-31_78.html HTTP/1.0" 200 89891 "-" "Mozilla/5.0 AppleWebKit/537.36 (KHTML, like Gecko; compatible; bingbot/2.0; +http://www.bing.com/bingbot.htm) Chrome/116.0.1938.76 Safari/537.36"
216.244.66.242 - - [02/Jan/2024:22:10:28 +0100] "GET /robots.txt HTTP/1.0" 200 245 "-" "Mozilla/5.0 (compatible; DotBot/1.2; +https://opensiteexplorer.org/dotbot; help@moz.com)"
66.249.66.207 - - [02/Jan/2024:22:10:48 +0100] "GET /images/mini_prod/8422010086720.jpg HTTP/1.0" 200 269 "-" "Googlebot-Image/1.0"
54.36.149.19 - - [02/Jan/2024:22:10:53 +0100] "GET /ceramic-metal-lamp-p-61448.html HTTP/1.0" 200 84379 "-" "Mozilla/5.0 (compatible; AhrefsBot/7.0; +http://ahrefs.com/robot/)"
202.239.5.56 - - [02/Jan/2024:22:11:17 +0100] "GET /magnets-c-13_134.html HTTP/1.0" 200 101486 "-" "Mozilla/5.0 (compatible; Y!J-WSC/1.0; +https://yahoo.jp/3BSZgF)"
66.249.66.206 - - [02/Jan/2024:22:11:45 +0100] "GET /amys-p-54765.html HTTP/1.0" 200 84329 "-" "Mozilla/5.0 (Linux; Android 6.0.1; Nexus 5X Build/MMB29P) AppleWebKit/537.36 (KHTML, like Gecko) Chrome/120.0.6099.71 Mobile Safari/537.36 (compatible; Googlebot/2.1; +http://www.google.com/bot.html)"
40.77.167.18 - - [02/Jan/2024:22:12:16 +0100] "GET /soft-toys-security-blanket-c-4_46.html?page=6 HTTP/1.0" 301 96650 "-" "Mozilla/5.0 AppleWebKit/537.36 (KHTML, like Gecko; compatible; bingbot/2.0; +http://www.bing.com/bingbot.htm) Chrome/116.0.1938.76 Safari/537.36"
65.109.155.169 - - [02/Jan/2024:22:12:48 +0100] "GET /-c-95_398.html HTTP/1.0" 500 66243 "-" "Mozilla/5.0 (Macintosh; Intel Mac OS X 10_15_7) AppleWebKit/537.36 (KHTML, like Gecko) Chrome/104.0.0.0 Safari/537.36"
65.109.155.169 - - [02/Jan/2024:22:13:02 +0100] "GET /-c-95_332.html HTTP/1.0" 500 66243 "-" "Mozilla/5.0 (Macintosh; Intel Mac OS X 10_15_7) AppleWebKit/537.36 (KHTML, like Gecko) Chrome/104.0.0.0 Safari/537.36"
65.109.155.169 - - [02/Jan/2024:22:13:17 +0100] "GET /water-outdoor-games-c-4_143.html HTTP/1.0" 200 102714 "-" "Mozilla/5.0 (Macintosh; Intel Mac OS X 10_15_7) AppleWebKit/537.36 (KHTML, like Gecko) Chrome/104.0.0.0 Safari/537.36"
65.109.155.169 - - [02/Jan/2024:22:13:35 +0100] "GET /-c-95_400.html HTTP/1.0" 500 66243 "-" "Mozilla/5.0 (Macintosh; Intel Mac OS X 10_15_7) AppleWebKit/537.36 (KHTML, like Gecko) Chrome/104.0.0.0 Safari/537.36"
65.109.155.169 - - [02/Jan/2024:22:13:52 +0100] "GET /linen-c-11_68.html HTTP/1.0" 500 66345 "-" "Mozilla/5.0 (Macintosh; Intel Mac OS X 10_15_7) AppleWebKit/537.36 (KHTML, like Gecko) Chrome/104.0.0.0 Safari/537.36"
54.36.149.99 - - [02/Jan/2024:22:13:54 +0100] "GET /unicorn-shower-curtain-p-57406.html HTTP/1.0" 200 84348 "-" "Mozilla/5.0 (compatible; AhrefsBot/7.0; +http://ahrefs.com/robot/)"
65.109.155.169 - - [02/Jan/2024:22:14:06 +0100] "GET /-c-95_362.html HTTP/1.0" 500 66243 "-" "Mozilla/5.0 (Macintosh; Intel Mac OS X 10_15_7) AppleWebKit/537.36 (KHTML, like Gecko) Chrome/104.0.0.0 Safari/537.36"
65.109.155.169 - - [02/Jan/2024:22:14:24 +0100] "GET /mattress-cover-c-11_197.html HTTP/1.0" 500 66357 "-" "Mozilla/5.0 (Macintosh; Intel Mac OS X 10_15_7) AppleWebKit/537.36 (KHTML, like Gecko) Chrome/104.0.0.0 Safari/537.36"
65.109.155.169 - - [02/Jan/2024:22:14:39 +0100] "GET /-c-95_340.html HTTP/1.0" 500 66243 "-" "Mozilla/5.0 (Macintosh; Intel Mac OS X 10_15_7) AppleWebKit/537.36 (KHTML, like Gecko) Chrome/104.0.0.0 Safari/537.36"
65.109.155.169 - - [02/Jan/2024:22:14:55 +0100] "GET /-c-95_343.html HTTP/1.0" 500 66243 "-" "Mozilla/5.0 (Macintosh; Intel Mac OS X 10_15_7) AppleWebKit/537.36 (KHTML, like Gecko) Chrome/104.0.0.0 Safari/537.36"
52.167.144.212 - - [02/Jan/2024:22:15:06 +0100] "GET /array-m-26.html HTTP/1.0" 200 101390 "-" "Mozilla/5.0 AppleWebKit/537.36 (KHTML, like Gecko; compatible; bingbot/2.0; +http://www.bing.com/bingbot.htm) Chrome/116.0.1938.76 Safari/537.36"
65.109.155.169 - - [02/Jan/2024:22:15:13 +0100] "GET /-c-95_360.html HTTP/1.0" 500 66243 "-" "Mozilla/5.0 (Macintosh; Intel Mac OS X 10_15_7) AppleWebKit/537.36 (KHTML, like Gecko) Chrome/104.0.0.0 Safari/537.36"
54.36.149.96 - - [02/Jan/2024:22:16:52 +0100] "GET /bookend-c-13_202.html HTTP/1.0" 200 100490 "-" "Mozilla/5.0 (compatible; AhrefsBot/7.0; +http://ahrefs.com/robot/)"
216.244.66.242 - - [02/Jan/2024:22:18:13 +0100] "GET /mani-the-lucky-cat-cm-p-44086.html HTTP/1.0" 301 81330 "-" "Mozilla/5.0 (compatible; DotBot/1.2; +https://opensiteexplorer.org/dotbot; help@moz.com)"
216.244.66.242 - - [02/Jan/2024:22:18:22 +0100] "GET /ninja-turtles-boxer-p-29503.html HTTP/1.0" 301 81330 "-" "Mozilla/5.0 (compatible; DotBot/1.2; +https://opensiteexplorer.org/dotbot; help@moz.com)"
216.244.66.242 - - [02/Jan/2024:22:18:33 +0100] "GET /owl-statue-26-cm-p-41886.html HTTP/1.0" 301 81370 "-" "Mozilla/5.0 (compatible; DotBot/1.2; +https://opensiteexplorer.org/dotbot; help@moz.com)"
216.244.66.242 - - [02/Jan/2024:22:18:42 +0100] "GET /paris-chandelier-p-29400.html HTTP/1.0" 301 81330 "-" "Mozilla/5.0 (compatible; DotBot/1.2; +https://opensiteexplorer.org/dotbot; help@moz.com)"
216.244.66.242 - - [02/Jan/2024:22:18:51 +0100] "GET /rio-blister-figures-p-27814.html HTTP/1.0" 301 81330 "-" "Mozilla/5.0 (compatible; DotBot/1.2; +https://opensiteexplorer.org/dotbot; help@moz.com)"
216.244.66.242 - - [02/Jan/2024:22:18:59 +0100] "GET /rtro-circus-pill-zebra-p-34398.html HTTP/1.0" 301 81330 "-" "Mozilla/5.0 (compatible; DotBot/1.2; +https://opensiteexplorer.org/dotbot; help@moz.com)"
216.244.66.242 - - [02/Jan/2024:22:19:06 +0100] "GET /simpsons-alarm-clock-p-1940.html HTTP/1.0" 301 81327 "-" "Mozilla/5.0 (compatible; DotBot/1.2; +https://opensiteexplorer.org/dotbot; help@moz.com)"
216.244.66.242 - - [02/Jan/2024:22:19:13 +0100] "GET /simpsons-black-mug-p-12806.html HTTP/1.0" 301 81417 "-" "Mozilla/5.0 (compatible; DotBot/1.2; +https://opensiteexplorer.org/dotbot; help@moz.com)"
216.244.66.242 - - [02/Jan/2024:22:19:24 +0100] "GET /soy-luna-small-box-p-40844.html HTTP/1.0" 301 81330 "-" "Mozilla/5.0 (compatible; DotBot/1.2; +https://opensiteexplorer.org/dotbot; help@moz.com)"
216.244.66.242 - - [02/Jan/2024:22:19:33 +0100] "GET /the-simpsons-shirt-p-29591.html HTTP/1.0" 301 81330 "-" "Mozilla/5.0 (compatible; DotBot/1.2; +https://opensiteexplorer.org/dotbot; help@moz.com)"
216.244.66.242 - - [02/Jan/2024:22:19:41 +0100] "GET /boho-wooden-frame-60-40-cm-dream-catcher-p-41820.html HTTP/1.0" 301 83890 "-" "Mozilla/5.0 (compatible; DotBot/1.2; +https://opensiteexplorer.org/dotbot; help@moz.com)"
216.244.66.242 - - [02/Jan/2024:22:19:48 +0100] "GET /candle-made-in-france-40-hours-white-musk-p-43881.html HTTP/1.0" 301 84213 "-" "Mozilla/5.0 (compatible; DotBot/1.2; +https://opensiteexplorer.org/dotbot; help@moz.com)"
17.241.75.108 - - [02/Jan/2024:22:19:48 +0100] "GET /cement-tile-stickers-p-51622.html HTTP/1.0" 200 84772 "-" "Mozilla/5.0 (Macintosh; Intel Mac OS X 10_15_5) AppleWebKit/605.1.15 (KHTML, like Gecko) Version/13.1.1 Safari/605.1.15 (Applebot/0.1; +http://www.apple.com/go/applebot)"
216.244.66.242 - - [02/Jan/2024:22:19:54 +0100] "GET /charmmy-kitty-embroidered-funky-bag-p-8380.html HTTP/1.0" 301 81327 "-" "Mozilla/5.0 (compatible; DotBot/1.2; +https://opensiteexplorer.org/dotbot; help@moz.com)"
216.244.66.242 - - [02/Jan/2024:22:20:02 +0100] "GET /chest-india-inspiration-blue-wooden-box-p-34255.html HTTP/1.0" 301 81330 "-" "Mozilla/5.0 (compatible; DotBot/1.2; +https://opensiteexplorer.org/dotbot; help@moz.com)"
216.244.66.242 - - [02/Jan/2024:22:20:08 +0100] "GET /citron-cv-collection-large-metal-plate-deco-p-37106.html HTTP/1.0" 301 81579 "-" "Mozilla/5.0 (compatible; DotBot/1.2; +https://opensiteexplorer.org/dotbot; help@moz.com)"
54.36.148.221 - - [02/Jan/2024:22:20:13 +0100] "GET /night-lights-c-86_278.html?page=4 HTTP/1.0" 200 97483 "-" "Mozilla/5.0 (compatible; AhrefsBot/7.0; +http://ahrefs.com/robot/)"
216.244.66.242 - - [02/Jan/2024:22:20:17 +0100] "GET /expresso-cups-with-saucers-cyclades-p-51542.html HTTP/1.0" 301 81330 "-" "Mozilla/5.0 (compatible; DotBot/1.2; +https://opensiteexplorer.org/dotbot; help@moz.com)"
47.128.24.40 - - [02/Jan/2024:22:20:20 +0100] "GET /angola-bedclothes-p-61520.html HTTP/1.0" 200 84420 "-" "Mozilla/5.0 (compatible; Bytespider; spider-feedback@bytedance.com) AppleWebKit/537.36 (KHTML, like Gecko) Chrome/70.0.0.0 Safari/537.36"
47.128.24.40 - - [02/Jan/2024:22:20:22 +0100] "GET /swfobject.js HTTP/1.0" 404 1308 "http://www.wonder-geek.com/angola-bedclothes-p-61520.html" "Mozilla/5.0 (compatible; Bytespider; spider-feedback@bytedance.com) AppleWebKit/537.36 (KHTML, like Gecko) Chrome/70.0.0.0 Safari/537.36"
47.128.24.40 - - [02/Jan/2024:22:20:24 +0100] "GET /images/big_prod_1/3665269293029a.jpg HTTP/1.0" 200 271 "http://www.wonder-geek.com/angola-bedclothes-p-61520.html" "Mozilla/5.0 (compatible; Bytespider; spider-feedback@bytedance.com) AppleWebKit/537.36 (KHTML, like Gecko) Chrome/70.0.0.0 Safari/537.36"
66.249.66.207 - - [02/Jan/2024:22:20:23 +0100] "GET /small-tree-life-bonsai-citrine-p-47195.html HTTP/1.0" 200 83656 "-" "Mozilla/5.0 (Linux; Android 6.0.1; Nexus 5X Build/MMB29P) AppleWebKit/537.36 (KHTML, like Gecko) Chrome/120.0.6099.71 Mobile Safari/537.36 (compatible; Googlebot/2.1; +http://www.google.com/bot.html)"
216.244.66.242 - - [02/Jan/2024:22:20:24 +0100] "GET /figure-finding-dory-collectible-surprise-p-35273.html HTTP/1.0" 301 81330 "-" "Mozilla/5.0 (compatible; DotBot/1.2; +https://opensiteexplorer.org/dotbot; help@moz.com)"
216.244.66.242 - - [02/Jan/2024:22:20:38 +0100] "GET /fouta-in-cotton-watermelon-95-180-cm-p-39193.html HTTP/1.0" 301 81330 "-" "Mozilla/5.0 (compatible; DotBot/1.2; +https://opensiteexplorer.org/dotbot; help@moz.com)"
47.128.24.40 - - [02/Jan/2024:22:20:45 +0100] "GET /highslide/graphics/outlines/drop-shadow.png HTTP/1.0" 200 277 "http://www.wonder-geek.com/angola-bedclothes-p-61520.html" "Mozilla/5.0 (compatible; Bytespider; spider-feedback@bytedance.com) AppleWebKit/537.36 (KHTML, like Gecko) Chrome/70.0.0.0 Safari/537.36"
47.128.24.40 - - [02/Jan/2024:22:20:45 +0100] "GET /highslide/graphics/zoomout.cur HTTP/1.0" 200 614 "http://www.wonder-geek.com/angola-bedclothes-p-61520.html" "Mozilla/5.0 (compatible; Bytespider; spider-feedback@bytedance.com) AppleWebKit/537.36 (KHTML, like Gecko) Chrome/70.0.0.0 Safari/537.36"
47.128.24.40 - - [02/Jan/2024:22:20:45 +0100] "GET /images/big_prod/3665269293029.jpg HTTP/1.0" 200 268 "http://www.wonder-geek.com/angola-bedclothes-p-61520.html" "Mozilla/5.0 (compatible; Bytespider; spider-feedback@bytedance.com) AppleWebKit/537.36 (KHTML, like Gecko) Chrome/70.0.0.0 Safari/537.36"
66.249.66.206 - - [02/Jan/2024:22:20:48 +0100] "GET /images/mini_prod/5060021928634.jpg HTTP/1.0" 200 269 "-" "Googlebot-Image/1.0"
216.244.66.242 - - [02/Jan/2024:22:20:50 +0100] "GET /grey-curtain-eyelets-marie-140-260-cm-p-43367.html HTTP/1.0" 301 81330 "-" "Mozilla/5.0 (compatible; DotBot/1.2; +https://opensiteexplorer.org/dotbot; help@moz.com)"
216.244.66.242 - - [02/Jan/2024:22:21:01 +0100] "GET /guardian-angel-statue-angel-baptism-p-40010.html HTTP/1.0" 301 81330 "-" "Mozilla/5.0 (compatible; DotBot/1.2; +https://opensiteexplorer.org/dotbot; help@moz.com)"
216.244.66.242 - - [02/Jan/2024:22:21:11 +0100] "GET /lot-totema-charcoal-grey-napkins-p-34059.html HTTP/1.0" 301 81330 "-" "Mozilla/5.0 (compatible; DotBot/1.2; +https://opensiteexplorer.org/dotbot; help@moz.com)"
216.244.66.242 - - [02/Jan/2024:22:21:20 +0100] "GET /luffy-pirates-one-piece-poster-p-15390.html HTTP/1.0" 301 81330 "-" "Mozilla/5.0 (compatible; DotBot/1.2; +https://opensiteexplorer.org/dotbot; help@moz.com)"
40.77.167.18 - - [02/Jan/2024:22:21:27 +0100] "GET /images/3760116328180.jpg HTTP/1.0" 200 259 "-" "Mozilla/5.0 AppleWebKit/537.36 (KHTML, like Gecko; compatible; bingbot/2.0; +http://www.bing.com/bingbot.htm) Chrome/116.0.1938.76 Safari/537.36"
216.244.66.242 - - [02/Jan/2024:22:21:29 +0100] "GET /marilyn-monroe-vertical-shopping-p-5399.html HTTP/1.0" 301 81327 "-" "Mozilla/5.0 (compatible; DotBot/1.2; +https://opensiteexplorer.org/dotbot; help@moz.com)"
216.244.66.242 - - [02/Jan/2024:22:21:39 +0100] "GET /masha-and-the-bear-figure-masha-p-32187.html HTTP/1.0" 301 81330 "-" "Mozilla/5.0 (compatible; DotBot/1.2; +https://opensiteexplorer.org/dotbot; help@moz.com)"
216.244.66.242 - - [02/Jan/2024:22:21:48 +0100] "GET /medusa-white-small-glass-paperweight-p-40367.html HTTP/1.0" 301 81330 "-" "Mozilla/5.0 (compatible; DotBot/1.2; +https://opensiteexplorer.org/dotbot; help@moz.com)"
216.244.66.242 - - [02/Jan/2024:22:21:56 +0100] "GET /metal-and-wood-retro-lamp-64-cm-p-41261.html HTTP/1.0" 301 81445 "-" "Mozilla/5.0 (compatible; DotBot/1.2; +https://opensiteexplorer.org/dotbot; help@moz.com)"
216.244.66.242 - - [02/Jan/2024:22:22:09 +0100] "GET /metal-pin-up-pill-box-striped-blue-p-34369.html HTTP/1.0" 301 81330 "-" "Mozilla/5.0 (compatible; DotBot/1.2; +https://opensiteexplorer.org/dotbot; help@moz.com)"
17.241.227.108 - - [02/Jan/2024:22:22:09 +0100] "GET /lotus-candle-holder-glass-p-42829.html HTTP/1.0" 200 81359 "-" "Mozilla/5.0 (Macintosh; Intel Mac OS X 10_15_5) AppleWebKit/605.1.15 (KHTML, like Gecko) Version/13.1.1 Safari/605.1.15 (Applebot/0.1; +http://www.apple.com/go/applebot)"
216.244.66.242 - - [02/Jan/2024:22:22:20 +0100] "GET /mini-magnetic-plate-retro-p-30541.html HTTP/1.0" 301 81330 "-" "Mozilla/5.0 (compatible; DotBot/1.2; +https://opensiteexplorer.org/dotbot; help@moz.com)"
216.244.66.242 - - [02/Jan/2024:22:22:30 +0100] "GET /nici-ayumi-green-mirror-bag-p-33428.html HTTP/1.0" 301 83772 "-" "Mozilla/5.0 (compatible; DotBot/1.2; +https://opensiteexplorer.org/dotbot; help@moz.com)"
216.244.66.242 - - [02/Jan/2024:22:22:40 +0100] "GET /nici-ayumi-white-plush-20-cm-p-33422.html HTTP/1.0" 301 81442 "-" "Mozilla/5.0 (compatible; DotBot/1.2; +https://opensiteexplorer.org/dotbot; help@moz.com)"
17.241.227.130 - - [02/Jan/2024:22:22:41 +0100] "GET /fine-bone-china-lampions-p-60482.html HTTP/1.0" 200 84575 "-" "Mozilla/5.0 (Macintosh; Intel Mac OS X 10_15_5) AppleWebKit/605.1.15 (KHTML, like Gecko) Version/13.1.1 Safari/605.1.15 (Applebot/0.1; +http://www.apple.com/go/applebot)"
216.244.66.242 - - [02/Jan/2024:22:22:48 +0100] "GET /on-ne-dit-pas-set-of-coasters-p-42564.html HTTP/1.0" 301 81378 "-" "Mozilla/5.0 (compatible; DotBot/1.2; +https://opensiteexplorer.org/dotbot; help@moz.com)"
216.244.66.242 - - [02/Jan/2024:22:22:56 +0100] "GET /oriental-round-metal-tin-box-p-46105.html HTTP/1.0" 301 81330 "-" "Mozilla/5.0 (compatible; DotBot/1.2; +https://opensiteexplorer.org/dotbot; help@moz.com)"
216.244.66.242 - - [02/Jan/2024:22:23:03 +0100] "GET /petit-akio-night-light-bear-p-46405.html HTTP/1.0" 301 81330 "-" "Mozilla/5.0 (compatible; DotBot/1.2; +https://opensiteexplorer.org/dotbot; help@moz.com)"
54.36.148.255 - - [02/Jan/2024:22:23:15 +0100] "GET /cotton-floor-cushion-adonis-p-60520.html HTTP/1.0" 200 84821 "-" "Mozilla/5.0 (compatible; AhrefsBot/7.0; +http://ahrefs.com/robot/)"
216.244.66.242 - - [02/Jan/2024:22:23:15 +0100] "GET /pill-box-all-for-love-mirabelle-p-38205.html HTTP/1.0" 301 81330 "-" "Mozilla/5.0 (compatible; DotBot/1.2; +https://opensiteexplorer.org/dotbot; help@moz.com)"
52.167.144.216 - - [02/Jan/2024:22:23:17 +0100] "GET /games-toys-c-4.html HTTP/1.0" 200 103446 "-" "Mozilla/5.0 AppleWebKit/537.36 (KHTML, like Gecko; compatible; bingbot/2.0; +http://www.bing.com/bingbot.htm) Chrome/116.0.1938.76 Safari/537.36"
216.244.66.242 - - [02/Jan/2024:22:23:25 +0100] "GET /retro-red-van-wood-clock-33-cm-p-35409.html HTTP/1.0" 301 81330 "-" "Mozilla/5.0 (compatible; DotBot/1.2; +https://opensiteexplorer.org/dotbot; help@moz.com)"
35.175.108.185 - - [02/Jan/2024:22:23:34 +0100] "GET /robots.txt HTTP/1.0" 200 245 "-" "Go-http-client/1.1"
66.249.66.207 - - [02/Jan/2024:22:23:33 +0100] "GET /index.php?manufacturers_id= HTTP/1.0" 301 80403 "-" "Mozilla/5.0 (Linux; Android 6.0.1; Nexus 5X Build/MMB29P) AppleWebKit/537.36 (KHTML, like Gecko) Chrome/120.0.6099.71 Mobile Safari/537.36 (compatible; Googlebot/2.1; +http://www.google.com/bot.html)"
216.244.66.242 - - [02/Jan/2024:22:23:35 +0100] "GET /ruby-vintage-rose-gorjuss-post-card-p-34616.html HTTP/1.0" 301 81330 "-" "Mozilla/5.0 (compatible; DotBot/1.2; +https://opensiteexplorer.org/dotbot; help@moz.com)"
66.249.66.205 - - [02/Jan/2024:22:23:35 +0100] "GET / HTTP/1.0" 200 160478 "-" "Mozilla/5.0 (Linux; Android 6.0.1; Nexus 5X Build/MMB29P) AppleWebKit/537.36 (KHTML, like Gecko) Chrome/120.0.6099.71 Mobile Safari/537.36 (compatible; Googlebot/2.1; +http://www.google.com/bot.html)"
216.244.66.242 - - [02/Jan/2024:22:23:43 +0100] "GET /sagittarus-mousepad-by-cbkreation-p-43307.html HTTP/1.0" 301 83820 "-" "Mozilla/5.0 (compatible; DotBot/1.2; +https://opensiteexplorer.org/dotbot; help@moz.com)"
51.68.224.127 - - [02/Jan/2024:22:23:46 +0100] "GET /adminweb/export_orders_xml.php?token=256de2z6edz6ed2z6DFSFsed2zed6zeDSFDSGdzedezfzf&maxorders=10&orderstart=1&status=14&start_date=2018-10-01 HTTP/1.0" 200 285 "-" "GesCom CharlotteBoutik Serveur"
51.68.224.127 - - [02/Jan/2024:22:23:46 +0100] "GET /adminweb/export_orders_xml.php?token=256de2z6edz6ed2z6DFSFsed2zed6zeDSFDSGdzedezfzf&maxorders=10&orderstart=1&status=6&start_date=2018-10-01 HTTP/1.0" 200 34422 "-" "GesCom CharlotteBoutik Serveur"
216.244.66.242 - - [02/Jan/2024:22:23:51 +0100] "GET /skull-money-box-resin-skated-silver-p-37766.html HTTP/1.0" 301 81477 "-" "Mozilla/5.0 (compatible; DotBot/1.2; +https://opensiteexplorer.org/dotbot; help@moz.com)"
216.244.66.242 - - [02/Jan/2024:22:23:58 +0100] "GET /small-orange-notebook-top-model-p-20195.html HTTP/1.0" 301 81495 "-" "Mozilla/5.0 (compatible; DotBot/1.2; +https://opensiteexplorer.org/dotbot; help@moz.com)"
216.244.66.242 - - [02/Jan/2024:22:24:05 +0100] "GET /small-spongebob-alarm-clock-p-5171.html HTTP/1.0" 301 81327 "-" "Mozilla/5.0 (compatible; DotBot/1.2; +https://opensiteexplorer.org/dotbot; help@moz.com)"
216.244.66.242 - - [02/Jan/2024:22:24:12 +0100] "GET /sonny-angel-flowers-series-p-27664.html HTTP/1.0" 301 81330 "-" "Mozilla/5.0 (compatible; DotBot/1.2; +https://opensiteexplorer.org/dotbot; help@moz.com)"
216.244.66.242 - - [02/Jan/2024:22:24:18 +0100] "GET /spongebob-bedclothes-135-200-p-9259.html HTTP/1.0" 301 81327 "-" "Mozilla/5.0 (compatible; DotBot/1.2; +https://opensiteexplorer.org/dotbot; help@moz.com)"
216.244.66.242 - - [02/Jan/2024:22:24:25 +0100] "GET /sun-and-bells-metal-chime-105-cm-p-42072.html HTTP/1.0" 301 83786 "-" "Mozilla/5.0 (compatible; DotBot/1.2; +https://opensiteexplorer.org/dotbot; help@moz.com)"
216.244.66.242 - - [02/Jan/2024:22:24:32 +0100] "GET /table-lamp-baseball-glove-80-cm-p-38582.html HTTP/1.0" 301 81457 "-" "Mozilla/5.0 (compatible; DotBot/1.2; +https://opensiteexplorer.org/dotbot; help@moz.com)"
216.244.66.242 - - [02/Jan/2024:22:24:38 +0100] "GET /teo-jasmin-teo-racing-handbag-hanger-p-34890.html HTTP/1.0" 301 81476 "-" "Mozilla/5.0 (compatible; DotBot/1.2; +https://opensiteexplorer.org/dotbot; help@moz.com)"
216.244.66.242 - - [02/Jan/2024:22:24:45 +0100] "GET /the-little-prince-gift-box-pieces-p-30323.html HTTP/1.0" 301 81501 "-" "Mozilla/5.0 (compatible; DotBot/1.2; +https://opensiteexplorer.org/dotbot; help@moz.com)"
216.244.66.242 - - [02/Jan/2024:22:24:52 +0100] "GET /tinkerbell-large-backpack-p-10149.html HTTP/1.0" 301 81330 "-" "Mozilla/5.0 (compatible; DotBot/1.2; +https://opensiteexplorer.org/dotbot; help@moz.com)"
216.244.66.242 - - [02/Jan/2024:22:24:59 +0100] "GET /tom-et-jerry-paper-tablecover-p-17216.html HTTP/1.0" 301 81330 "-" "Mozilla/5.0 (compatible; DotBot/1.2; +https://opensiteexplorer.org/dotbot; help@moz.com)"
216.244.66.242 - - [02/Jan/2024:22:25:06 +0100] "GET /usa-guitar-small-photo-frame-p-33041.html HTTP/1.0" 301 81330 "-" "Mozilla/5.0 (compatible; DotBot/1.2; +https://opensiteexplorer.org/dotbot; help@moz.com)"
216.244.66.242 - - [02/Jan/2024:22:25:20 +0100] "GET /vanity-by-teo-jasmin-jasmine-liberty-p-39245.html HTTP/1.0" 301 81330 "-" "Mozilla/5.0 (compatible; DotBot/1.2; +https://opensiteexplorer.org/dotbot; help@moz.com)"
216.244.66.242 - - [02/Jan/2024:22:25:33 +0100] "GET /verity-rose-cupcake-mirror-bag-p-29171.html HTTP/1.0" 301 81458 "-" "Mozilla/5.0 (compatible; DotBot/1.2; +https://opensiteexplorer.org/dotbot; help@moz.com)"
216.244.66.242 - - [02/Jan/2024:22:25:45 +0100] "GET /volkswagen-beetle-white-p-28516.html HTTP/1.0" 301 81330 "-" "Mozilla/5.0 (compatible; DotBot/1.2; +https://opensiteexplorer.org/dotbot; help@moz.com)"
216.244.66.242 - - [02/Jan/2024:22:25:55 +0100] "GET /white-poodle-statue-decorative-p-33176.html HTTP/1.0" 301 81330 "-" "Mozilla/5.0 (compatible; DotBot/1.2; +https://opensiteexplorer.org/dotbot; help@moz.com)"
216.244.66.242 - - [02/Jan/2024:22:26:05 +0100] "GET /black-samsung-galaxy-note-moustach-phone-cover-cbkreation-p-16976.html HTTP/1.0" 301 81330 "-" "Mozilla/5.0 (compatible; DotBot/1.2; +https://opensiteexplorer.org/dotbot; help@moz.com)"
216.244.66.242 - - [02/Jan/2024:22:26:14 +0100] "GET /gormiti-pairs-trainer-liner-socks-size-27-30-p-25199.html HTTP/1.0" 301 81330 "-" "Mozilla/5.0 (compatible; DotBot/1.2; +https://opensiteexplorer.org/dotbot; help@moz.com)"
54.36.148.86 - - [02/Jan/2024:22:26:48 +0100] "GET /home-decoration-c-13.html?page=24 HTTP/1.0" 200 103556 "-" "Mozilla/5.0 (compatible; AhrefsBot/7.0; +http://ahrefs.com/robot/)"
119.63.195.252 - - [02/Jan/2024:22:27:46 +0100] "GET /images/mini_prod/3272760377433.jpg HTTP/1.0" 200 269 "-" "Mozilla/5.0 (Macintosh; Intel Mac OS X 10_15_7) AppleWebKit/537.36 (KHTML, like Gecko) Chrome/116.0.0.0 Safari/537.36"
216.244.66.242 - - [02/Jan/2024:22:29:01 +0100] "GET /-p-29765.html HTTP/1.0" 200 81263 "-" "Mozilla/5.0 (compatible; DotBot/1.2; +https://opensiteexplorer.org/dotbot; help@moz.com)"
216.244.66.242 - - [02/Jan/2024:22:29:08 +0100] "GET /-p-39825.html HTTP/1.0" 200 81263 "-" "Mozilla/5.0 (compatible; DotBot/1.2; +https://opensiteexplorer.org/dotbot; help@moz.com)"
216.244.66.242 - - [02/Jan/2024:22:29:15 +0100] "GET /accessories-mobiles-c-3_17.html?page=10 HTTP/1.0" 200 100046 "-" "Mozilla/5.0 (compatible; DotBot/1.2; +https://opensiteexplorer.org/dotbot; help@moz.com)"
216.244.66.242 - - [02/Jan/2024:22:29:22 +0100] "GET /accessories-mobiles-c-3_17.html?page=14 HTTP/1.0" 200 100046 "-" "Mozilla/5.0 (compatible; DotBot/1.2; +https://opensiteexplorer.org/dotbot; help@moz.com)"
54.162.127.15 - - [02/Jan/2024:22:29:34 +0100] "GET /images/mini_prod/8422000971012.jpg HTTP/1.0" 200 269 "-" "Go-http-client/1.1"
216.244.66.242 - - [02/Jan/2024:22:29:37 +0100] "GET /amazing-surfing-wooden-wall-decoration-hang-p-41387.html HTTP/1.0" 200 81431 "-" "Mozilla/5.0 (compatible; DotBot/1.2; +https://opensiteexplorer.org/dotbot; help@moz.com)"
216.244.66.242 - - [02/Jan/2024:22:29:49 +0100] "GET /julia-ultrasonic-aromatic-diffuser-p-57376.html HTTP/1.0" 200 84902 "-" "Mozilla/5.0 (compatible; DotBot/1.2; +https://opensiteexplorer.org/dotbot; help@moz.com)"
216.244.66.242 - - [02/Jan/2024:22:30:00 +0100] "GET /metal-coffee-capacity-poppy-p-58334.html HTTP/1.0" 200 84666 "-" "Mozilla/5.0 (compatible; DotBot/1.2; +https://opensiteexplorer.org/dotbot; help@moz.com)"
54.36.149.12 - - [02/Jan/2024:22:30:09 +0100] "GET /adults-c-53.html?page=6 HTTP/1.0" 200 97718 "-" "Mozilla/5.0 (compatible; AhrefsBot/7.0; +http://ahrefs.com/robot/)"
64.64.123.105 - - [02/Jan/2024:22:30:13 +0100] "GET /images/big_prod_1/8424001704484a.jpg HTTP/1.0" 200 271 "-" "Mozilla/5.0 (X11; Ubuntu; Linux x86_64; rv:72.0) Gecko/20100101 Firefox/72.0"
216.244.66.242 - - [02/Jan/2024:22:30:10 +0100] "GET /mojito-metal-plate-deco-p-60370.html HTTP/1.0" 200 84201 "-" "Mozilla/5.0 (compatible; DotBot/1.2; +https://opensiteexplorer.org/dotbot; help@moz.com)"
152.67.124.221 - - [02/Jan/2024:22:30:47 +0100] "GET /images/3764116323329.jpg HTTP/1.0" 200 259 "-" "Mozilla/5.0 (X11; Ubuntu; Linux x86_64; rv:72.0) Gecko/20100101 Firefox/72.0"
66.249.66.205 - - [02/Jan/2024:22:30:48 +0100] "GET /images/big_prod/8006180205312.jpg HTTP/1.0" 200 268 "-" "Googlebot-Image/1.0"
17.241.219.207 - - [02/Jan/2024:22:31:08 +0100] "GET /salt-with-spoon-cabourg-p-50636.html HTTP/1.0" 200 83733 "-" "Mozilla/5.0 (Macintosh; Intel Mac OS X 10_15_5) AppleWebKit/605.1.15 (KHTML, like Gecko) Version/13.1.1 Safari/605.1.15 (Applebot/0.1; +http://www.apple.com/go/applebot)"
64.64.123.105 - - [02/Jan/2024:22:31:34 +0100] "GET /images/big_prod_1/8424001704484a.jpg HTTP/1.0" 200 271 "-" "Mozilla/5.0 (X11; Ubuntu; Linux x86_64; rv:72.0) Gecko/20100101 Firefox/72.0"
44.200.134.232 - - [02/Jan/2024:22:32:53 +0100] "GET /robots.txt HTTP/1.0" 200 245 "-" "Go-http-client/1.1"
54.36.149.29 - - [02/Jan/2024:22:32:58 +0100] "GET /home-decoration-c-13.html?page=22 HTTP/1.0" 200 103317 "-" "Mozilla/5.0 (compatible; AhrefsBot/7.0; +http://ahrefs.com/robot/)"
180.76.14.130 - - [02/Jan/2024:22:33:47 +0100] "GET /images/mini_prod/cuba1300010240182.jpg HTTP/1.0" 200 273 "-" "Mozilla/5.0 (X11; Ubuntu; Linux x86_64; rv:72.0) Gecko/20100101 Firefox/72.0"
66.249.66.205 - - [02/Jan/2024:22:34:23 +0100] "GET /boite-bons-points-voucher-p-54188.html HTTP/1.0" 200 81371 "-" "Mozilla/5.0 (Linux; Android 6.0.1; Nexus 5X Build/MMB29P) AppleWebKit/537.36 (KHTML, like Gecko) Chrome/120.0.6099.71 Mobile Safari/537.36 (compatible; Googlebot/2.1; +http://www.google.com/bot.html)"
66.249.66.206 - - [02/Jan/2024:22:34:27 +0100] "GET /thinker-statue-deep-contemplation-rodin-p-43678.html HTTP/1.0" 200 84656 "-" "Mozilla/5.0 (Linux; Android 6.0.1; Nexus 5X Build/MMB29P) AppleWebKit/537.36 (KHTML, like Gecko) Chrome/120.0.6099.71 Mobile Safari/537.36 (compatible; Googlebot/2.1; +http://www.google.com/bot.html)"
17.241.227.110 - - [02/Jan/2024:22:34:57 +0100] "GET /keyrings-c-3_52.html?page=6 HTTP/1.0" 200 105571 "-" "Mozilla/5.0 (Macintosh; Intel Mac OS X 10_15_5) AppleWebKit/605.1.15 (KHTML, like Gecko) Version/13.1.1 Safari/605.1.15 (Applebot/0.1; +http://www.apple.com/go/applebot)"
54.36.148.73 - - [02/Jan/2024:22:35:35 +0100] "GET /sweethearts-swing-mickey-minnie-swing-figurine-p-57287.html HTTP/1.0" 200 85022 "-" "Mozilla/5.0 (compatible; AhrefsBot/7.0; +http://ahrefs.com/robot/)"
54.36.148.126 - - [02/Jan/2024:22:37:55 +0100] "GET /decorative-metal-plate-cbkreation-p-61385.html HTTP/1.0" 200 84379 "-" "Mozilla/5.0 (compatible; AhrefsBot/7.0; +http://ahrefs.com/robot/)"
51.68.224.127 - - [02/Jan/2024:22:40:09 +0100] "GET /adminweb/export_orders_xml.php?token=256de2z6edz6ed2z6DFSFsed2zed6zeDSFDSGdzedezfzf&maxorders=10&orderstart=1&status=14&start_date=2018-10-01 HTTP/1.0" 200 285 "-" "GesCom CharlotteBoutik Serveur"
51.68.224.127 - - [02/Jan/2024:22:40:09 +0100] "GET /adminweb/export_orders_xml.php?token=256de2z6edz6ed2z6DFSFsed2zed6zeDSFDSGdzedezfzf&maxorders=10&orderstart=1&status=6&start_date=2018-10-01 HTTP/1.0" 200 34422 "-" "GesCom CharlotteBoutik Serveur"
54.36.149.53 - - [02/Jan/2024:22:40:09 +0100] "GET /flower-life-hanging-banner-p-56160.html HTTP/1.0" 200 84393 "-" "Mozilla/5.0 (compatible; AhrefsBot/7.0; +http://ahrefs.com/robot/)"
181.143.59.140 - - [02/Jan/2024:22:40:21 +0100] "GET /contact_us.php HTTP/1.0" 200 26241 "http://www.wonder-geek.com/contact_us.php" "Mozilla/5.0 (Windows NT 6.1; ) AppleWebKit/537.36 (KHTML, like Gecko) Chrome/90.0.4430.85 Safari/537.36"
181.143.59.140 - - [02/Jan/2024:22:40:32 +0100] "POST /contact_us.php?action=send HTTP/1.0" 200 26505 "http://www.wonder-geek.com/contact_us.php" "Mozilla/5.0 (Windows NT 6.1; ) AppleWebKit/537.36 (KHTML, like Gecko) Chrome/90.0.4430.85 Safari/537.36"
66.249.66.207 - - [02/Jan/2024:22:40:48 +0100] "GET /images/mini_prod/8422010086737.jpg HTTP/1.0" 200 269 "-" "Googlebot-Image/1.0"
58.227.158.22 - - [02/Jan/2024:22:42:35 +0100] "GET /images/mini_prod/1399984241806.jpg HTTP/1.0" 200 269 "-" "Mozilla/5.0 (X11; Ubuntu; Linux x86_64; rv:72.0) Gecko/20100101 Firefox/72.0"
54.36.149.68 - - [02/Jan/2024:22:42:42 +0100] "GET /adults-c-53.html?page=3 HTTP/1.0" 200 101790 "-" "Mozilla/5.0 (compatible; AhrefsBot/7.0; +http://ahrefs.com/robot/)"
40.77.167.22 - - [02/Jan/2024:22:43:10 +0100] "GET /heureux-anniversaire-card-p-20043.html HTTP/1.0" 200 83708 "-" "Mozilla/5.0 AppleWebKit/537.36 (KHTML, like Gecko; compatible; bingbot/2.0; +http://www.bing.com/bingbot.htm) Chrome/116.0.1938.76 Safari/537.36"
40.77.167.132 - - [02/Jan/2024:22:43:26 +0100] "GET /jasmin-large-round-melamine-plate-p-32028.html HTTP/1.0" 200 81393 "-" "Mozilla/5.0 AppleWebKit/537.36 (KHTML, like Gecko; compatible; bingbot/2.0; +http://www.bing.com/bingbot.htm) Chrome/116.0.1938.76 Safari/537.36"
66.249.66.206 - - [02/Jan/2024:22:43:49 +0100] "GET /corduroy-charcoal-basket-p-59640.html HTTP/1.0" 200 84507 "-" "Mozilla/5.0 (Linux; Android 6.0.1; Nexus 5X Build/MMB29P) AppleWebKit/537.36 (KHTML, like Gecko) Chrome/120.0.6099.71 Mobile Safari/537.36 (compatible; Googlebot/2.1; +http://www.google.com/bot.html)"
66.249.66.207 - - [02/Jan/2024:22:45:14 +0100] "GET /dinosaur-light-garland-p-55387.html HTTP/1.0" 200 84606 "-" "Mozilla/5.0 (Linux; Android 6.0.1; Nexus 5X Build/MMB29P) AppleWebKit/537.36 (KHTML, like Gecko) Chrome/120.0.6099.71 Mobile Safari/537.36 (compatible; Googlebot/2.1; +http://www.google.com/bot.html)"
54.36.148.243 - - [02/Jan/2024:22:45:20 +0100] "GET /billy-bowl-p-52642.html HTTP/1.0" 200 83529 "-" "Mozilla/5.0 (compatible; AhrefsBot/7.0; +http://ahrefs.com/robot/)"
44.200.134.232 - - [02/Jan/2024:22:47:33 +0100] "GET /robots.txt HTTP/1.0" 200 245 "-" "Go-http-client/1.1"
54.36.148.3 - - [02/Jan/2024:22:47:52 +0100] "GET /adults-c-53.html?page=2 HTTP/1.0" 200 102957 "-" "Mozilla/5.0 (compatible; AhrefsBot/7.0; +http://ahrefs.com/robot/)"
18.210.113.192 - - [02/Jan/2024:22:48:30 +0100] "GET /images/mini_prod/8935770604696.jpg HTTP/1.0" 200 269 "-" "Mozilla/5.0 (X11; Ubuntu; Linux x86_64; rv:72.0) Gecko/20100101 Firefox/72.0"
66.249.66.207 - - [02/Jan/2024:22:48:31 +0100] "GET /small-school-caramel-p-55815.html HTTP/1.0" 200 84716 "-" "Mozilla/5.0 (Linux; Android 6.0.1; Nexus 5X Build/MMB29P) AppleWebKit/537.36 (KHTML, like Gecko) Chrome/120.0.6099.71 Mobile Safari/537.36 (compatible; Googlebot/2.1; +http://www.google.com/bot.html)"
14.137.153.211 - - [02/Jan/2024:22:48:56 +0100] "GET /images/mini_prod/1384010203149.jpg HTTP/1.0" 200 269 "-" "Mozilla/5.0 (X11; Ubuntu; Linux x86_64; rv:72.0) Gecko/20100101 Firefox/72.0"
43.129.172.249 - - [02/Jan/2024:22:49:27 +0100] "GET /images/mini_prod/4260082934655B.jpg HTTP/1.0" 200 270 "-" "Mozilla/5.0 (X11; Ubuntu; Linux x86_64; rv:72.0) Gecko/20100101 Firefox/72.0"
54.36.148.111 - - [02/Jan/2024:22:50:22 +0100] "GET /gold-ceramic-vase-p-60010.html HTTP/1.0" 200 84216 "-" "Mozilla/5.0 (compatible; AhrefsBot/7.0; +http://ahrefs.com/robot/)"
66.249.66.206 - - [02/Jan/2024:22:50:27 +0100] "GET /christmas-sock-hang-maman-amour-p-59571.html HTTP/1.0" 200 84380 "-" "Mozilla/5.0 (Linux; Android 6.0.1; Nexus 5X Build/MMB29P) AppleWebKit/537.36 (KHTML, like Gecko) Chrome/120.0.6099.71 Mobile Safari/537.36 (compatible; Googlebot/2.1; +http://www.google.com/bot.html)"
66.249.66.206 - - [02/Jan/2024:22:50:48 +0100] "GET /images/big_prod/8420015240130.jpg HTTP/1.0" 200 268 "-" "Googlebot-Image/1.0"
119.63.195.252 - - [02/Jan/2024:22:51:29 +0100] "GET /images/big_prod_1/8424346366101B.jpg HTTP/1.0" 200 271 "-" "Mozilla/5.0 (Macintosh; Intel Mac OS X 10_15_7) AppleWebKit/537.36 (KHTML, like Gecko) Chrome/116.0.0.0 Safari/537.36"
40.77.167.7 - - [02/Jan/2024:22:51:48 +0100] "GET /photo-frames-and-memo-clips-c-13_132.html HTTP/1.0" 301 101596 "-" "Mozilla/5.0 AppleWebKit/537.36 (KHTML, like Gecko; compatible; bingbot/2.0; +http://www.bing.com/bingbot.htm) Chrome/116.0.1938.76 Safari/537.36"
54.36.148.111 - - [02/Jan/2024:22:53:00 +0100] "GET /polar-blankets-blankets-c-11_73.html?page=3 HTTP/1.0" 200 89983 "-" "Mozilla/5.0 (compatible; AhrefsBot/7.0; +http://ahrefs.com/robot/)"
40.77.167.26 - - [02/Jan/2024:22:55:31 +0100] "GET /images/1328399029723.jpg HTTP/1.0" 200 259 "-" "Mozilla/5.0 (Windows NT 6.1; WOW64) AppleWebKit/534+ (KHTML, like Gecko) BingPreview/1.0b"
54.36.148.221 - - [02/Jan/2024:22:55:50 +0100] "GET /large-bowl-p-53013.html HTTP/1.0" 200 83485 "-" "Mozilla/5.0 (compatible; AhrefsBot/7.0; +http://ahrefs.com/robot/)"
47.128.45.54 - - [02/Jan/2024:22:55:54 +0100] "GET /love-cats-saucer-for-tea-bag-p-37305.html HTTP/1.0" 301 81330 "-" "Mozilla/5.0 (compatible; Bytespider; spider-feedback@bytedance.com) AppleWebKit/537.36 (KHTML, like Gecko) Chrome/70.0.0.0 Safari/537.36"
47.128.45.54 - - [02/Jan/2024:22:55:56 +0100] "GET /-p-37305.html HTTP/1.0" 200 81263 "-" "Mozilla/5.0 (compatible; Bytespider; spider-feedback@bytedance.com) AppleWebKit/537.36 (KHTML, like Gecko) Chrome/70.0.0.0 Safari/537.36"
47.128.45.54 - - [02/Jan/2024:22:55:58 +0100] "GET /swfobject.js HTTP/1.0" 404 1308 "http://www.wonder-geek.com/-p-37305.html" "Mozilla/5.0 (compatible; Bytespider; spider-feedback@bytedance.com) AppleWebKit/537.36 (KHTML, like Gecko) Chrome/70.0.0.0 Safari/537.36"
47.128.45.54 - - [02/Jan/2024:22:55:58 +0100] "GET /highslide/graphics/outlines/drop-shadow.png HTTP/1.0" 200 277 "http://www.wonder-geek.com/-p-37305.html" "Mozilla/5.0 (compatible; Bytespider; spider-feedback@bytedance.com) AppleWebKit/537.36 (KHTML, like Gecko) Chrome/70.0.0.0 Safari/537.36"
66.249.66.205 - - [02/Jan/2024:22:56:05 +0100] "GET /jane-crowther-ziggy-elephant-saucer-p-57190.html HTTP/1.0" 200 84494 "-" "Mozilla/5.0 (Linux; Android 6.0.1; Nexus 5X Build/MMB29P) AppleWebKit/537.36 (KHTML, like Gecko) Chrome/120.0.6099.71 Mobile Safari/537.36 (compatible; Googlebot/2.1; +http://www.google.com/bot.html)"
51.68.224.127 - - [02/Jan/2024:22:56:23 +0100] "GET /adminweb/export_orders_xml.php?token=256de2z6edz6ed2z6DFSFsed2zed6zeDSFDSGdzedezfzf&maxorders=10&orderstart=1&status=14&start_date=2018-10-01 HTTP/1.0" 200 285 "-" "GesCom CharlotteBoutik Serveur"
51.68.224.127 - - [02/Jan/2024:22:56:24 +0100] "GET /adminweb/export_orders_xml.php?token=256de2z6edz6ed2z6DFSFsed2zed6zeDSFDSGdzedezfzf&maxorders=10&orderstart=1&status=6&start_date=2018-10-01 HTTP/1.0" 200 34422 "-" "GesCom CharlotteBoutik Serveur"
40.77.167.254 - - [02/Jan/2024:22:56:39 +0100] "GET /mugs-mazagrans-c-12_57.html?page=14 HTTP/1.0" 200 106414 "-" "Mozilla/5.0 AppleWebKit/537.36 (KHTML, like Gecko; compatible; bingbot/2.0; +http://www.bing.com/bingbot.htm) Chrome/116.0.1938.76 Safari/537.36"
54.36.148.133 - - [02/Jan/2024:22:58:18 +0100] "GET /snowman-pocket-heater-p-59454.html HTTP/1.0" 200 84615 "-" "Mozilla/5.0 (compatible; AhrefsBot/7.0; +http://ahrefs.com/robot/)"
18.210.113.192 - - [02/Jan/2024:22:59:29 +0100] "GET /images/big_prod_1/4029811411795N.jpg HTTP/1.0" 200 271 "-" "Mozilla/5.0 (X11; Ubuntu; Linux x86_64; rv:72.0) Gecko/20100101 Firefox/72.0"
40.77.167.26 - - [02/Jan/2024:22:59:42 +0100] "GET /images/5010994734862.jpg HTTP/1.0" 200 259 "-" "Mozilla/5.0 (Windows NT 6.1; WOW64) AppleWebKit/534+ (KHTML, like Gecko) BingPreview/1.0b"
47.128.113.70 - - [02/Jan/2024:23:00:44 +0100] "GET /ganesh-incense-holder-in-golden-aluminum-p-50384.html HTTP/1.0" 301 83947 "-" "Mozilla/5.0 (compatible; Bytespider; spider-feedback@bytedance.com) AppleWebKit/537.36 (KHTML, like Gecko) Chrome/70.0.0.0 Safari/537.36"
66.249.66.205 - - [02/Jan/2024:23:00:48 +0100] "GET /images/mini_prod/3453291117860.jpg HTTP/1.0" 200 269 "-" "Googlebot-Image/1.0"
47.128.113.70 - - [02/Jan/2024:23:00:46 +0100] "GET /ganesh-incense-holder-golden-aluminum-p-50384.html HTTP/1.0" 200 83843 "-" "Mozilla/5.0 (compatible; Bytespider; spider-feedback@bytedance.com) AppleWebKit/537.36 (KHTML, like Gecko) Chrome/70.0.0.0 Safari/537.36"
47.128.113.70 - - [02/Jan/2024:23:00:49 +0100] "GET /swfobject.js HTTP/1.0" 404 1308 "http://www.wonder-geek.com/ganesh-incense-holder-golden-aluminum-p-50384.html" "Mozilla/5.0 (compatible; Bytespider; spider-feedback@bytedance.com) AppleWebKit/537.36 (KHTML, like Gecko) Chrome/70.0.0.0 Safari/537.36"
54.36.148.122 - - [02/Jan/2024:23:00:50 +0100] "GET /gorjuss-fiesta-triple-pocket-rucksack-dreamer-p-47758.html HTTP/1.0" 200 83985 "-" "Mozilla/5.0 (compatible; AhrefsBot/7.0; +http://ahrefs.com/robot/)"
47.128.113.70 - - [02/Jan/2024:23:00:54 +0100] "GET /highslide/graphics/outlines/drop-shadow.png HTTP/1.0" 200 277 "http://www.wonder-geek.com/ganesh-incense-holder-golden-aluminum-p-50384.html" "Mozilla/5.0 (compatible; Bytespider; spider-feedback@bytedance.com) AppleWebKit/537.36 (KHTML, like Gecko) Chrome/70.0.0.0 Safari/537.36"
47.128.113.70 - - [02/Jan/2024:23:00:54 +0100] "GET /highslide/graphics/zoomout.cur HTTP/1.0" 200 614 "http://www.wonder-geek.com/ganesh-incense-holder-golden-aluminum-p-50384.html" "Mozilla/5.0 (compatible; Bytespider; spider-feedback@bytedance.com) AppleWebKit/537.36 (KHTML, like Gecko) Chrome/70.0.0.0 Safari/537.36"
47.128.113.70 - - [02/Jan/2024:23:00:55 +0100] "GET /images/big_prod/190643014627555642.jpg HTTP/1.0" 200 273 "http://www.wonder-geek.com/ganesh-incense-holder-golden-aluminum-p-50384.html" "Mozilla/5.0 (compatible; Bytespider; spider-feedback@bytedance.com) AppleWebKit/537.36 (KHTML, like Gecko) Chrome/70.0.0.0 Safari/537.36"
40.77.167.35 - - [02/Jan/2024:23:01:51 +0100] "GET /flatwares-c-12_63.html HTTP/1.0" 200 99491 "-" "Mozilla/5.0 AppleWebKit/537.36 (KHTML, like Gecko; compatible; bingbot/2.0; +http://www.bing.com/bingbot.htm) Chrome/116.0.1938.76 Safari/537.36"
52.167.144.181 - - [02/Jan/2024:23:02:08 +0100] "GET /mugs-mazagrans-c-12_57.html?page=17 HTTP/1.0" 200 106515 "-" "Mozilla/5.0 AppleWebKit/537.36 (KHTML, like Gecko; compatible; bingbot/2.0; +http://www.bing.com/bingbot.htm) Chrome/116.0.1938.76 Safari/537.36"
54.36.148.180 - - [02/Jan/2024:23:04:14 +0100] "GET /santa-claus-pocket-heater-p-59451.html HTTP/1.0" 200 84464 "-" "Mozilla/5.0 (compatible; AhrefsBot/7.0; +http://ahrefs.com/robot/)"
44.200.134.232 - - [02/Jan/2024:23:04:37 +0100] "GET /robots.txt HTTP/1.0" 200 245 "-" "Go-http-client/1.1"
52.167.144.181 - - [02/Jan/2024:23:05:09 +0100] "GET /indoor-fountains-c-13_272.html HTTP/1.0" 200 91615 "-" "Mozilla/5.0 AppleWebKit/537.36 (KHTML, like Gecko; compatible; bingbot/2.0; +http://www.bing.com/bingbot.htm) Chrome/116.0.1938.76 Safari/537.36"
216.244.66.242 - - [02/Jan/2024:23:06:05 +0100] "GET /robots.txt HTTP/1.0" 200 245 "-" "Mozilla/5.0 (compatible; DotBot/1.2; +https://opensiteexplorer.org/dotbot; help@moz.com)"
54.36.148.198 - - [02/Jan/2024:23:06:53 +0100] "GET /dubout-cats-white-p-56342.html HTTP/1.0" 200 84176 "-" "Mozilla/5.0 (compatible; AhrefsBot/7.0; +http://ahrefs.com/robot/)"
66.249.66.205 - - [02/Jan/2024:23:06:55 +0100] "GET /disney-princesses-pull-under-p-31127.html HTTP/1.0" 200 84842 "-" "Mozilla/5.0 (Linux; Android 6.0.1; Nexus 5X Build/MMB29P) AppleWebKit/537.36 (KHTML, like Gecko) Chrome/120.0.6099.71 Mobile Safari/537.36 (compatible; Googlebot/2.1; +http://www.google.com/bot.html)"
54.36.148.6 - - [02/Jan/2024:23:09:31 +0100] "GET /heart-home-candle-hours-starry-night-p-61115.html HTTP/1.0" 200 85227 "-" "Mozilla/5.0 (compatible; AhrefsBot/7.0; +http://ahrefs.com/robot/)"
161.35.86.79 - - [02/Jan/2024:23:09:51 +0100] "GET /simple.php HTTP/1.0" 301 531 "-" "python-requests/2.27.1"
161.35.86.79 - - [02/Jan/2024:23:09:51 +0100] "GET /simple.php HTTP/1.0" 404 1308 "-" "python-requests/2.27.1"
66.249.66.207 - - [02/Jan/2024:23:10:48 +0100] "GET /images/mini_prod/5060021936714.jpg HTTP/1.0" 200 269 "-" "Googlebot-Image/1.0"
