52.167.144.181 - - [02/Jan/2024:23:11:19 +0100] "GET /images/3760116310338.jpg HTTP/1.0" 200 259 "-" "Mozilla/5.0 AppleWebKit/537.36 (KHTML, like Gecko; compatible; bingbot/2.0; +http://www.bing.com/bingbot.htm) Chrome/116.0.1938.76 Safari/537.36"
54.36.148.167 - - [02/Jan/2024:23:12:14 +0100] "GET /large-bowl-p-53016.html HTTP/1.0" 200 83491 "-" "Mozilla/5.0 (compatible; AhrefsBot/7.0; +http://ahrefs.com/robot/)"
51.68.224.127 - - [02/Jan/2024:23:12:44 +0100] "GET /adminweb/export_orders_xml.php?token=256de2z6edz6ed2z6DFSFsed2zed6zeDSFDSGdzedezfzf&maxorders=10&orderstart=1&status=14&start_date=2018-10-01 HTTP/1.0" 200 285 "-" "GesCom CharlotteBoutik Serveur"
51.68.224.127 - - [02/Jan/2024:23:12:44 +0100] "GET /adminweb/export_orders_xml.php?token=256de2z6edz6ed2z6DFSFsed2zed6zeDSFDSGdzedezfzf&maxorders=10&orderstart=1&status=6&start_date=2018-10-01 HTTP/1.0" 200 34422 "-" "GesCom CharlotteBoutik Serveur"
123.127.249.38 - - [02/Jan/2024:23:14:02 +0100] "GET /images/mini_prod/5028486153565.jpg HTTP/1.0" 200 269 "-" "Mozilla/5.0 (X11; Ubuntu; Linux x86_64; rv:72.0) Gecko/20100101 Firefox/72.0"
52.167.144.181 - - [02/Jan/2024:23:15:59 +0100] "GET /images/3760116310338.jpg HTTP/1.0" 200 259 "-" "Mozilla/5.0 (Windows NT 6.1; WOW64) AppleWebKit/534+ (KHTML, like Gecko) BingPreview/1.0b"
66.249.66.205 - - [02/Jan/2024:23:16:38 +0100] "GET /bike-porcelain-kiub-p-57949.html HTTP/1.0" 200 81361 "-" "Mozilla/5.0 (Linux; Android 6.0.1; Nexus 5X Build/MMB29P) AppleWebKit/537.36 (KHTML, like Gecko) Chrome/120.0.6099.71 Mobile Safari/537.36 (compatible; Googlebot/2.1; +http://www.google.com/bot.html)"
54.36.148.199 - - [02/Jan/2024:23:17:44 +0100] "GET /poetic-birds-p-56856.html HTTP/1.0" 200 84310 "-" "Mozilla/5.0 (compatible; AhrefsBot/7.0; +http://ahrefs.com/robot/)"
66.249.66.205 - - [02/Jan/2024:23:17:46 +0100] "GET /game-over-moneybox-p-60958.html HTTP/1.0" 200 84378 "-" "Mozilla/5.0 (Linux; Android 6.0.1; Nexus 5X Build/MMB29P) AppleWebKit/537.36 (KHTML, like Gecko) Chrome/120.0.6099.71 Mobile Safari/537.36 (compatible; Googlebot/2.1; +http://www.google.com/bot.html)"
114.119.150.90 - - [02/Jan/2024:23:18:06 +0100] "GET /porcelain-rabab-p-52622.html HTTP/1.0" 200 83578 "http://www.wonder-geek.com/mugs-mazagrans-c-12_57.html?page=7" "Mozilla/5.0 (Linux; Android 7.0;) AppleWebKit/537.36 (KHTML, like Gecko) Mobile Safari/537.36 (compatible; PetalBot;+https://webmaster.petalsearch.com/site/petalbot)"
114.119.154.41 - - [02/Jan/2024:23:18:41 +0100] "GET /%20images/big_prod/8433933153086.jpg HTTP/1.0" 404 1308 "http://www.wonder-geek.com/owls-cast-iron-trivet-p-53642.html" "Mozilla/5.0 (Linux; Android 7.0;) AppleWebKit/537.36 (KHTML, like Gecko) Mobile Safari/537.36 (compatible; PetalBot;+https://webmaster.petalsearch.com/site/petalbot)"
35.175.108.185 - - [02/Jan/2024:23:19:39 +0100] "GET /robots.txt HTTP/1.0" 200 245 "-" "Go-http-client/1.1"
54.36.148.45 - - [02/Jan/2024:23:20:21 +0100] "GET /embossed-kitchen-door-plate-p-57208.html HTTP/1.0" 200 84251 "-" "Mozilla/5.0 (compatible; AhrefsBot/7.0; +http://ahrefs.com/robot/)"
216.244.66.242 - - [02/Jan/2024:23:20:42 +0100] "GET /moroccan-ashtray-p-40669.html HTTP/1.0" 200 83592 "-" "Mozilla/5.0 (compatible; DotBot/1.2; +https://opensiteexplorer.org/dotbot; help@moz.com)"
66.249.66.207 - - [02/Jan/2024:23:20:48 +0100] "GET /images/big_prod/1345544973465.jpg HTTP/1.0" 200 268 "-" "Googlebot-Image/1.0"
216.244.66.242 - - [02/Jan/2024:23:21:11 +0100] "GET /blue-coat-rack-fatima-hand-wooden-hooks-p-50570.html HTTP/1.0" 200 81413 "-" "Mozilla/5.0 (compatible; DotBot/1.2; +https://opensiteexplorer.org/dotbot; help@moz.com)"
216.244.66.242 - - [02/Jan/2024:23:21:19 +0100] "GET /cat-shadow-ceramic-pitcher-p-46408.html HTTP/1.0" 301 81438 "-" "Mozilla/5.0 (compatible; DotBot/1.2; +https://opensiteexplorer.org/dotbot; help@moz.com)"
66.249.66.205 - - [02/Jan/2024:23:21:20 +0100] "GET /egyptian-isis-statue-resin-p-46664.html HTTP/1.0" 200 81375 "-" "Mozilla/5.0 (Linux; Android 6.0.1; Nexus 5X Build/MMB29P) AppleWebKit/537.36 (KHTML, like Gecko) Chrome/120.0.6099.71 Mobile Safari/537.36 (compatible; Googlebot/2.1; +http://www.google.com/bot.html)"
216.244.66.242 - - [02/Jan/2024:23:21:25 +0100] "GET /child-watch-football-p-29223.html HTTP/1.0" 200 81337 "-" "Mozilla/5.0 (compatible; DotBot/1.2; +https://opensiteexplorer.org/dotbot; help@moz.com)"
76.133.252.206 - - [02/Jan/2024:23:21:29 +0100] "GET /images/big_prod/5027148026254.jpg HTTP/1.0" 200 268 "-" "Mozilla/5.0 (iPhone; CPU iPhone OS 17_2_1 like Mac OS X) AppleWebKit/605.1.15 (KHTML, like Gecko) Version/17.2 Mobile/15E148 Safari/604.1"
216.244.66.242 - - [02/Jan/2024:23:21:31 +0100] "GET /gorjuss-bath-towel-p-41021.html HTTP/1.0" 301 81330 "-" "Mozilla/5.0 (compatible; DotBot/1.2; +https://opensiteexplorer.org/dotbot; help@moz.com)"
216.244.66.242 - - [02/Jan/2024:23:21:41 +0100] "GET /incense-stick-holder-buddha-p-44895.html HTTP/1.0" 200 81395 "-" "Mozilla/5.0 (compatible; DotBot/1.2; +https://opensiteexplorer.org/dotbot; help@moz.com)"
216.244.66.242 - - [02/Jan/2024:23:21:47 +0100] "GET /jasmin-large-cabas-p-44153.html HTTP/1.0" 301 81330 "-" "Mozilla/5.0 (compatible; DotBot/1.2; +https://opensiteexplorer.org/dotbot; help@moz.com)"
216.244.66.242 - - [02/Jan/2024:23:21:55 +0100] "GET /metal-moneybox-star-wars-kylo-p-34870.html HTTP/1.0" 301 81330 "-" "Mozilla/5.0 (compatible; DotBot/1.2; +https://opensiteexplorer.org/dotbot; help@moz.com)"
216.244.66.242 - - [02/Jan/2024:23:22:01 +0100] "GET /ninja-turtles-large-sticker-p-27890.html HTTP/1.0" 200 83663 "-" "Mozilla/5.0 (compatible; DotBot/1.2; +https://opensiteexplorer.org/dotbot; help@moz.com)"
216.244.66.242 - - [02/Jan/2024:23:22:08 +0100] "GET /owl-by-allen-mug-p-25809.html HTTP/1.0" 301 81367 "-" "Mozilla/5.0 (compatible; DotBot/1.2; +https://opensiteexplorer.org/dotbot; help@moz.com)"
216.244.66.242 - - [02/Jan/2024:23:22:15 +0100] "GET /premium-beer-metal-tray-p-35051.html HTTP/1.0" 301 81330 "-" "Mozilla/5.0 (compatible; DotBot/1.2; +https://opensiteexplorer.org/dotbot; help@moz.com)"
216.244.66.242 - - [02/Jan/2024:23:22:22 +0100] "GET /quebec-by-cbkreation-mug-p-13977.html HTTP/1.0" 301 84292 "-" "Mozilla/5.0 (compatible; DotBot/1.2; +https://opensiteexplorer.org/dotbot; help@moz.com)"
216.244.66.242 - - [02/Jan/2024:23:22:29 +0100] "GET /red-hen-figurine-decorative-p-34553.html HTTP/1.0" 301 81431 "-" "Mozilla/5.0 (compatible; DotBot/1.2; +https://opensiteexplorer.org/dotbot; help@moz.com)"
154.206.79.131 - - [02/Jan/2024:23:22:36 +0100] "GET /images/mini_prod/Image91.jpg HTTP/1.0" 200 263 "-" "Mozilla/5.0 (X11; Ubuntu; Linux x86_64; rv:72.0) Gecko/20100101 Firefox/72.0"
216.244.66.242 - - [02/Jan/2024:23:22:36 +0100] "GET /shelf-mailbox-red-metal-98-cm-p-42352.html HTTP/1.0" 301 81330 "-" "Mozilla/5.0 (compatible; DotBot/1.2; +https://opensiteexplorer.org/dotbot; help@moz.com)"
216.244.66.242 - - [02/Jan/2024:23:22:49 +0100] "GET /teddy-bear-lamp-p-38598.html HTTP/1.0" 301 81330 "-" "Mozilla/5.0 (compatible; DotBot/1.2; +https://opensiteexplorer.org/dotbot; help@moz.com)"
54.36.148.128 - - [02/Jan/2024:23:22:58 +0100] "GET /london-cbkreation-p-28432.html HTTP/1.0" 200 83584 "-" "Mozilla/5.0 (compatible; AhrefsBot/7.0; +http://ahrefs.com/robot/)"
216.244.66.242 - - [02/Jan/2024:23:22:59 +0100] "GET /bamboo-fiber-plant-cover-like-bird-p-49556.html HTTP/1.0" 301 81330 "-" "Mozilla/5.0 (compatible; DotBot/1.2; +https://opensiteexplorer.org/dotbot; help@moz.com)"
216.244.66.242 - - [02/Jan/2024:23:23:12 +0100] "GET /bistro-des-arts-little-tray-20-14-cm-p-39726.html HTTP/1.0" 301 81330 "-" "Mozilla/5.0 (compatible; DotBot/1.2; +https://opensiteexplorer.org/dotbot; help@moz.com)"
216.244.66.242 - - [02/Jan/2024:23:23:22 +0100] "GET /bull-terrier-saltshaker-and-pepper-pot-p-28652.html HTTP/1.0" 301 81330 "-" "Mozilla/5.0 (compatible; DotBot/1.2; +https://opensiteexplorer.org/dotbot; help@moz.com)"
216.244.66.242 - - [02/Jan/2024:23:23:31 +0100] "GET /cement-tile-stickers-15-15-cm-beige-and-gold-p-45005.html HTTP/1.0" 301 81330 "-" "Mozilla/5.0 (compatible; DotBot/1.2; +https://opensiteexplorer.org/dotbot; help@moz.com)"
216.244.66.242 - - [02/Jan/2024:23:23:40 +0100] "GET /italia-dolce-vita-breakfast-set-p-25932.html HTTP/1.0" 301 84432 "-" "Mozilla/5.0 (compatible; DotBot/1.2; +https://opensiteexplorer.org/dotbot; help@moz.com)"
216.244.66.242 - - [02/Jan/2024:23:23:47 +0100] "GET /laissez-lucie-faire-make-up-kit-maria-p-38980.html HTTP/1.0" 301 84618 "-" "Mozilla/5.0 (compatible; DotBot/1.2; +https://opensiteexplorer.org/dotbot; help@moz.com)"
216.244.66.242 - - [02/Jan/2024:23:23:55 +0100] "GET /retro-industriel-small-lighting-p-41453.html HTTP/1.0" 301 81330 "-" "Mozilla/5.0 (compatible; DotBot/1.2; +https://opensiteexplorer.org/dotbot; help@moz.com)"
216.244.66.242 - - [02/Jan/2024:23:24:02 +0100] "GET /saint-cure-of-ars-prayer-candle-novena-p-51640.html HTTP/1.0" 301 81476 "-" "Mozilla/5.0 (compatible; DotBot/1.2; +https://opensiteexplorer.org/dotbot; help@moz.com)"
216.244.66.242 - - [02/Jan/2024:23:24:09 +0100] "GET /small-tinbox-retro-motorcycle-55-25-cm-p-41335.html HTTP/1.0" 301 81330 "-" "Mozilla/5.0 (compatible; DotBot/1.2; +https://opensiteexplorer.org/dotbot; help@moz.com)"
216.244.66.242 - - [02/Jan/2024:23:24:18 +0100] "GET /tetsubin-blue-japanese-teapot-12-liter-p-41730.html HTTP/1.0" 301 81330 "-" "Mozilla/5.0 (compatible; DotBot/1.2; +https://opensiteexplorer.org/dotbot; help@moz.com)"
216.244.66.242 - - [02/Jan/2024:23:24:25 +0100] "GET /tetsubin-green-teapot-japanese-11-liter-p-41729.html HTTP/1.0" 301 81330 "-" "Mozilla/5.0 (compatible; DotBot/1.2; +https://opensiteexplorer.org/dotbot; help@moz.com)"
216.244.66.242 - - [02/Jan/2024:23:24:37 +0100] "GET /une-petite-pensee-pour-toi-card-p-20053.html HTTP/1.0" 301 83805 "-" "Mozilla/5.0 (compatible; DotBot/1.2; +https://opensiteexplorer.org/dotbot; help@moz.com)"
216.244.66.242 - - [02/Jan/2024:23:24:47 +0100] "GET /polypropylene-blue-and-beige-outdoor-carpet-160-260-cm-p-44348.html HTTP/1.0" 301 81330 "-" "Mozilla/5.0 (compatible; DotBot/1.2; +https://opensiteexplorer.org/dotbot; help@moz.com)"
54.36.148.238 - - [02/Jan/2024:23:25:32 +0100] "GET /dubout-cats-white-p-56346.html HTTP/1.0" 200 84176 "-" "Mozilla/5.0 (compatible; AhrefsBot/7.0; +http://ahrefs.com/robot/)"
93.124.15.235 - - [02/Jan/2024:23:26:36 +0100] "GET / HTTP/1.0" 301 511 "-" "Mozilla/5.0 (Windows NT 6.3; Win64; x64) AppleWebKit/537.36 (KHTML, like Gecko) Chrome/75.0.3770.100 Safari/537.36"
185.41.152.214 - - [02/Jan/2024:23:27:46 +0100] "GET / HTTP/1.0" 301 511 "-" "Mozilla/5.0 (X11; U; Linux i686; en-US; rv:0.9.3) Gecko/20010801"
185.41.152.214 - - [02/Jan/2024:23:27:46 +0100] "GET / HTTP/1.0" 200 160714 "-" "Mozilla/5.0 (X11; U; Linux i686; en-US; rv:0.9.3) Gecko/20010801"
66.249.66.207 - - [02/Jan/2024:23:28:36 +0100] "GET /frozen-disney-white-pencil-p-37025.html HTTP/1.0" 200 81365 "-" "Mozilla/5.0 (Linux; Android 6.0.1; Nexus 5X Build/MMB29P) AppleWebKit/537.36 (KHTML, like Gecko) Chrome/120.0.6099.71 Mobile Safari/537.36 (compatible; Googlebot/2.1; +http://www.google.com/bot.html)"
52.167.144.181 - - [02/Jan/2024:23:28:53 +0100] "GET /swimwear-c-2_35.html HTTP/1.0" 200 100878 "-" "Mozilla/5.0 AppleWebKit/537.36 (KHTML, like Gecko; compatible; bingbot/2.0; +http://www.bing.com/bingbot.htm) Chrome/116.0.1938.76 Safari/537.36"
216.244.66.242 - - [02/Jan/2024:23:29:03 +0100] "GET /gorjuss-teapot-hatter-p-46965.html HTTP/1.0" 200 81349 "-" "Mozilla/5.0 (compatible; DotBot/1.2; +https://opensiteexplorer.org/dotbot; help@moz.com)"
51.68.224.127 - - [02/Jan/2024:23:29:04 +0100] "GET /adminweb/export_orders_xml.php?token=256de2z6edz6ed2z6DFSFsed2zed6zeDSFDSGdzedezfzf&maxorders=10&orderstart=1&status=14&start_date=2018-10-01 HTTP/1.0" 200 285 "-" "GesCom CharlotteBoutik Serveur"
51.68.224.127 - - [02/Jan/2024:23:29:05 +0100] "GET /adminweb/export_orders_xml.php?token=256de2z6edz6ed2z6DFSFsed2zed6zeDSFDSGdzedezfzf&maxorders=10&orderstart=1&status=6&start_date=2018-10-01 HTTP/1.0" 200 34422 "-" "GesCom CharlotteBoutik Serveur"
95.70.220.173 - - [02/Jan/2024:23:29:07 +0100] "GET /contact_us.php HTTP/1.0" 200 26241 "http://www.wonder-geek.com/contact_us.php" "Mozilla/5.0 (Windows NT 6.1; ) AppleWebKit/537.36 (KHTML, like Gecko) Chrome/90.0.4430.72 Safari/537.36"
44.200.134.232 - - [02/Jan/2024:23:29:56 +0100] "GET /robots.txt HTTP/1.0" 200 245 "-" "Go-http-client/1.1"
17.241.227.189 - - [02/Jan/2024:23:30:28 +0100] "GET /snowman-shore-heartwood-creek-p-52396.html HTTP/1.0" 200 85065 "-" "Mozilla/5.0 (Macintosh; Intel Mac OS X 10_15_5) AppleWebKit/605.1.15 (KHTML, like Gecko) Version/13.1.1 Safari/605.1.15 (Applebot/0.1; +http://www.apple.com/go/applebot)"
66.249.66.206 - - [02/Jan/2024:23:30:42 +0100] "GET /cake-dish-pastry-p-54999.html HTTP/1.0" 200 81321 "-" "Mozilla/5.0 (Linux; Android 6.0.1; Nexus 5X Build/MMB29P) AppleWebKit/537.36 (KHTML, like Gecko) Chrome/120.0.6099.71 Mobile Safari/537.36 (compatible; Googlebot/2.1; +http://www.google.com/bot.html)"
66.249.66.205 - - [02/Jan/2024:23:30:49 +0100] "GET /images/mini_prod/8422010086744.jpg HTTP/1.0" 200 269 "-" "Googlebot-Image/1.0"
66.249.66.206 - - [02/Jan/2024:23:31:25 +0100] "GET /bahamas-mousepad-by-cbkreation-p-36713.html HTTP/1.0" 301 83793 "-" "Mozilla/5.0 (Linux; Android 6.0.1; Nexus 5X Build/MMB29P) AppleWebKit/537.36 (KHTML, like Gecko) Chrome/120.0.6099.71 Mobile Safari/537.36 (compatible; Googlebot/2.1; +http://www.google.com/bot.html)"
66.249.66.206 - - [02/Jan/2024:23:31:27 +0100] "GET /bahamas-mousepad-cbkreation-p-36713.html HTTP/1.0" 200 83699 "-" "Mozilla/5.0 (Linux; Android 6.0.1; Nexus 5X Build/MMB29P) AppleWebKit/537.36 (KHTML, like Gecko) Chrome/120.0.6099.71 Mobile Safari/537.36 (compatible; Googlebot/2.1; +http://www.google.com/bot.html)"
93.159.230.87 - - [02/Jan/2024:23:31:43 +0100] "GET / HTTP/1.0" 301 511 "-" "Mozilla/5.0 (Linux; arm_64; Android 12; CPH2205) AppleWebKit/537.36 (KHTML, like Gecko) Chrome/110.0.0.0 YaBrowser/23.3.3.86.00 SA/3 Mobile Safari/537.36"
93.159.230.87 - - [02/Jan/2024:23:31:43 +0100] "GET / HTTP/1.0" 200 160697 "http://wonder-geek.com" "Mozilla/5.0 (Linux; arm_64; Android 12; CPH2205) AppleWebKit/537.36 (KHTML, like Gecko) Chrome/110.0.0.0 YaBrowser/23.3.3.86.00 SA/3 Mobile Safari/537.36"
114.119.139.167 - - [02/Jan/2024:23:32:44 +0100] "GET /tweety-money-p-24161.html HTTP/1.0" 200 81326 "http://www.wonder-geek.com/money-boxes-c-13_83.html?page=12" "Mozilla/5.0 (Linux; Android 7.0;) AppleWebKit/537.36 (KHTML, like Gecko) Mobile Safari/537.36 (compatible; PetalBot;+https://webmaster.petalsearch.com/site/petalbot)"
114.119.156.111 - - [02/Jan/2024:23:34:10 +0100] "GET /nippon-doll-shoulder-bag-p-27008.html HTTP/1.0" 301 84102 "http://www.wonder-geek.com/bagshandbags-shoulder-bags-c-31_81.html?page=2" "Mozilla/5.0 (Linux; Android 7.0;) AppleWebKit/537.36 (KHTML, like Gecko) Mobile Safari/537.36 (compatible; PetalBot;+https://webmaster.petalsearch.com/site/petalbot)"
114.119.156.111 - - [02/Jan/2024:23:34:16 +0100] "GET /nippon-doll-shoulder-p-27008.html HTTP/1.0" 200 84015 "http://www.wonder-geek.com/bagshandbags-shoulder-bags-c-31_81.html?page=2" "Mozilla/5.0 (Linux; Android 7.0;) AppleWebKit/537.36 (KHTML, like Gecko) Mobile Safari/537.36 (compatible; PetalBot;+https://webmaster.petalsearch.com/site/petalbot)"
66.249.66.207 - - [02/Jan/2024:23:34:34 +0100] "GET /corsica-decorative-metal-plate-cbkration-p-51911.html HTTP/1.0" 200 83794 "-" "Mozilla/5.0 (Linux; Android 6.0.1; Nexus 5X Build/MMB29P) AppleWebKit/537.36 (KHTML, like Gecko) Chrome/120.0.6099.71 Mobile Safari/537.36 (compatible; Googlebot/2.1; +http://www.google.com/bot.html)"
180.76.14.18 - - [02/Jan/2024:23:35:25 +0100] "GET /images/mini_prod/5028486343256.jpg HTTP/1.0" 404 1308 "-" "Mozilla/5.0 (X11; Ubuntu; Linux x86_64; rv:72.0) Gecko/20100101 Firefox/72.0"
180.76.14.15 - - [02/Jan/2024:23:35:25 +0100] "GET /images/mini_prod/5028486343256.jpg HTTP/1.0" 404 1308 "-" "Mozilla/5.0 (X11; Ubuntu; Linux x86_64; rv:72.0) Gecko/20100101 Firefox/72.0"
180.76.14.21 - - [02/Jan/2024:23:35:25 +0100] "GET /images/mini_prod/5028486343256.jpg HTTP/1.0" 404 1308 "-" "Mozilla/5.0 (X11; Ubuntu; Linux x86_64; rv:72.0) Gecko/20100101 Firefox/72.0"
114.119.157.239 - - [02/Jan/2024:23:35:27 +0100] "GET /mini-mood-salt-lamp-sphere-white-p-47212.html HTTP/1.0" 301 81330 "http://www.wonder-geek.com/lighting-c-13_86.html?page=8" "Mozilla/5.0 (Linux; Android 7.0;) AppleWebKit/537.36 (KHTML, like Gecko) Mobile Safari/537.36 (compatible; PetalBot;+https://webmaster.petalsearch.com/site/petalbot)"
114.119.157.239 - - [02/Jan/2024:23:35:31 +0100] "GET /-p-47212.html HTTP/1.0" 200 81263 "http://www.wonder-geek.com/lighting-c-13_86.html?page=8" "Mozilla/5.0 (Linux; Android 7.0;) AppleWebKit/537.36 (KHTML, like Gecko) Mobile Safari/537.36 (compatible; PetalBot;+https://webmaster.petalsearch.com/site/petalbot)"
17.241.75.118 - - [02/Jan/2024:23:36:57 +0100] "GET /bluetooth-guitar-speaker-p-47522.html HTTP/1.0" 200 81349 "-" "Mozilla/5.0 (Macintosh; Intel Mac OS X 10_15_5) AppleWebKit/605.1.15 (KHTML, like Gecko) Version/13.1.1 Safari/605.1.15 (Applebot/0.1; +http://www.apple.com/go/applebot)"
114.119.128.50 - - [02/Jan/2024:23:37:05 +0100] "GET /industrial-pouf-storage-box-small-size-26-cm-only-p-45099.html HTTP/1.0" 301 81539 "http://www.wonder-geek.com/ottomans-and-storage-ottomans-c-13_209.html" "Mozilla/5.0 (Linux; Android 7.0;) AppleWebKit/537.36 (KHTML, like Gecko) Mobile Safari/537.36 (compatible; PetalBot;+https://webmaster.petalsearch.com/site/petalbot)"
114.119.128.50 - - [02/Jan/2024:23:37:09 +0100] "GET /industrial-pouf-storage-small-size-only-p-45099.html HTTP/1.0" 200 81433 "http://www.wonder-geek.com/ottomans-and-storage-ottomans-c-13_209.html" "Mozilla/5.0 (Linux; Android 7.0;) AppleWebKit/537.36 (KHTML, like Gecko) Mobile Safari/537.36 (compatible; PetalBot;+https://webmaster.petalsearch.com/site/petalbot)"
54.36.149.30 - - [02/Jan/2024:23:38:04 +0100] "GET /paris-macarons-little-tray-p-44545.html HTTP/1.0" 200 84413 "-" "Mozilla/5.0 (compatible; AhrefsBot/7.0; +http://ahrefs.com/robot/)"
66.249.66.205 - - [02/Jan/2024:23:39:27 +0100] "GET /avengers-lunchbox-p-37539.html HTTP/1.0" 200 81321 "-" "Mozilla/5.0 (Linux; Android 6.0.1; Nexus 5X Build/MMB29P) AppleWebKit/537.36 (KHTML, like Gecko) Chrome/120.0.6099.71 Mobile Safari/537.36 (compatible; Googlebot/2.1; +http://www.google.com/bot.html)"
114.119.157.24 - - [02/Jan/2024:23:40:14 +0100] "GET /household-linen-c-11.html?page=73 HTTP/1.0" 200 89955 "http://www.wonder-geek.com/household-linen-c-11.html?page=76" "Mozilla/5.0 (Linux; Android 7.0;) AppleWebKit/537.36 (KHTML, like Gecko) Mobile Safari/537.36 (compatible; PetalBot;+https://webmaster.petalsearch.com/site/petalbot)"
66.249.66.206 - - [02/Jan/2024:23:40:48 +0100] "GET /images/mini_prod/8422010086751.jpg HTTP/1.0" 200 269 "-" "Googlebot-Image/1.0"
54.36.148.14 - - [02/Jan/2024:23:40:58 +0100] "GET /camera-metal-clock-p-56606.html HTTP/1.0" 200 84731 "-" "Mozilla/5.0 (compatible; AhrefsBot/7.0; +http://ahrefs.com/robot/)"
114.119.152.149 - - [02/Jan/2024:23:41:01 +0100] "GET /%20images/big_prod/3665269245097.jpg HTTP/1.0" 404 1308 "http://www.wonder-geek.com/adonis-ecru-square-cushion-p-61011.html" "Mozilla/5.0 (Linux; Android 7.0;) AppleWebKit/537.36 (KHTML, like Gecko) Mobile Safari/537.36 (compatible; PetalBot;+https://webmaster.petalsearch.com/site/petalbot)"
114.119.157.57 - - [02/Jan/2024:23:42:26 +0100] "GET /small-heart-home-candle-fresh-line-p-57270.html HTTP/1.0" 200 85022 "http://www.wonder-geek.com/scented-candles-and-novenas-c-231_227.html?page=5" "Mozilla/5.0 (Linux; Android 7.0;) AppleWebKit/537.36 (KHTML, like Gecko) Mobile Safari/537.36 (compatible; PetalBot;+https://webmaster.petalsearch.com/site/petalbot)"
54.36.148.164 - - [02/Jan/2024:23:43:50 +0100] "GET /dubout-cats-white-p-56343.html HTTP/1.0" 200 84176 "-" "Mozilla/5.0 (compatible; AhrefsBot/7.0; +http://ahrefs.com/robot/)"
52.167.144.186 - - [02/Jan/2024:23:44:02 +0100] "GET /images/med_prod/8435306276187.jpg HTTP/1.0" 200 268 "-" "Mozilla/5.0 AppleWebKit/537.36 (KHTML, like Gecko; compatible; bingbot/2.0; +http://www.bing.com/bingbot.htm) Chrome/116.0.1938.76 Safari/537.36"
40.77.167.8 - - [02/Jan/2024:23:44:12 +0100] "GET /-c-95_363.html HTTP/1.0" 200 80131 "-" "Mozilla/5.0 AppleWebKit/537.36 (KHTML, like Gecko; compatible; bingbot/2.0; +http://www.bing.com/bingbot.htm) Chrome/116.0.1938.76 Safari/537.36"
114.119.158.156 - - [02/Jan/2024:23:44:20 +0100] "GET /soft-toys-c-4_46.html?page=6 HTTP/1.0" 200 96570 "http://www.wonder-geek.com/soft-toys-c-4_46.html?page=4" "Mozilla/5.0 (Linux; Android 7.0;) AppleWebKit/537.36 (KHTML, like Gecko) Mobile Safari/537.36 (compatible; PetalBot;+https://webmaster.petalsearch.com/site/petalbot)"
17.241.227.24 - - [02/Jan/2024:23:44:23 +0100] "GET /small-indoor-buddha-fountain-p-41301.html HTTP/1.0" 200 81377 "-" "Mozilla/5.0 (Macintosh; Intel Mac OS X 10_15_5) AppleWebKit/605.1.15 (KHTML, like Gecko) Version/13.1.1 Safari/605.1.15 (Applebot/0.1; +http://www.apple.com/go/applebot)"
40.77.167.8 - - [02/Jan/2024:23:44:34 +0100] "GET /luggages-schoolbags-leather-shop-c-31.html HTTP/1.0" 200 103303 "-" "Mozilla/5.0 AppleWebKit/537.36 (KHTML, like Gecko; compatible; bingbot/2.0; +http://www.bing.com/bingbot.htm) Chrome/116.0.1938.76 Safari/537.36"
51.68.224.127 - - [02/Jan/2024:23:45:32 +0100] "GET /adminweb/export_orders_xml.php?token=256de2z6edz6ed2z6DFSFsed2zed6zeDSFDSGdzedezfzf&maxorders=10&orderstart=1&status=14&start_date=2018-10-01 HTTP/1.0" 200 285 "-" "GesCom CharlotteBoutik Serveur"
51.68.224.127 - - [02/Jan/2024:23:45:32 +0100] "GET /adminweb/export_orders_xml.php?token=256de2z6edz6ed2z6DFSFsed2zed6zeDSFDSGdzedezfzf&maxorders=10&orderstart=1&status=6&start_date=2018-10-01 HTTP/1.0" 200 34422 "-" "GesCom CharlotteBoutik Serveur"
40.77.167.18 - - [02/Jan/2024:23:46:07 +0100] "GET /black-swan-money-p-54822.html HTTP/1.0" 200 81325 "-" "Mozilla/5.0 AppleWebKit/537.36 (KHTML, like Gecko; compatible; bingbot/2.0; +http://www.bing.com/bingbot.htm) Chrome/116.0.1938.76 Safari/537.36"
44.211.188.107 - - [02/Jan/2024:23:46:15 +0100] "GET /images/mini_prod/1399986107230.jpg HTTP/1.0" 200 269 "-" "Go-http-client/1.1"
40.77.167.18 - - [02/Jan/2024:23:46:34 +0100] "GET /images/big_prod/4250255859304.jpg HTTP/1.0" 200 268 "-" "Mozilla/5.0 AppleWebKit/537.36 (KHTML, like Gecko; compatible; bingbot/2.0; +http://www.bing.com/bingbot.htm) Chrome/116.0.1938.76 Safari/537.36"
40.77.167.18 - - [02/Jan/2024:23:46:54 +0100] "GET /images/big_prod/8432699030303.jpg HTTP/1.0" 200 268 "-" "Mozilla/5.0 (Windows NT 6.1; WOW64) AppleWebKit/534+ (KHTML, like Gecko) BingPreview/1.0b"
54.36.148.138 - - [02/Jan/2024:23:46:58 +0100] "GET /glitters-green-p-53396.html HTTP/1.0" 200 83584 "-" "Mozilla/5.0 (compatible; AhrefsBot/7.0; +http://ahrefs.com/robot/)"
114.119.153.132 - - [02/Jan/2024:23:48:28 +0100] "GET /salt-made-ceramic-bamboo-p-55754.html HTTP/1.0" 200 81371 "http://www.wonder-geek.com/salt-boxes-jars-c-12_223.html" "Mozilla/5.0 (Linux; Android 7.0;) AppleWebKit/537.36 (KHTML, like Gecko) Mobile Safari/537.36 (compatible; PetalBot;+https://webmaster.petalsearch.com/site/petalbot)"
54.36.148.202 - - [02/Jan/2024:23:49:47 +0100] "GET /cats-dubout-figurine-threesome-p-32707.html HTTP/1.0" 200 84976 "-" "Mozilla/5.0 (compatible; AhrefsBot/7.0; +http://ahrefs.com/robot/)"
52.167.144.226 - - [02/Jan/2024:23:49:55 +0100] "GET /mugs-mazagrans-c-12_57.html?page=3 HTTP/1.0" 200 105494 "-" "Mozilla/5.0 AppleWebKit/537.36 (KHTML, like Gecko; compatible; bingbot/2.0; +http://www.bing.com/bingbot.htm) Chrome/116.0.1938.76 Safari/537.36"
66.249.66.205 - - [02/Jan/2024:23:50:16 +0100] "GET /panda-water-bottle-p-48676.html HTTP/1.0" 200 84233 "-" "Mozilla/5.0 (Linux; Android 6.0.1; Nexus 5X Build/MMB29P) AppleWebKit/537.36 (KHTML, like Gecko) Chrome/120.0.6099.71 Mobile Safari/537.36 (compatible; Googlebot/2.1; +http://www.google.com/bot.html)"
66.249.66.205 - - [02/Jan/2024:23:50:46 +0100] "GET /images/mini_prod/3453131146104.jpg HTTP/1.0" 200 269 "-" "Googlebot-Image/1.0"
54.36.148.128 - - [02/Jan/2024:23:52:42 +0100] "GET /mathilde-plush-beige-water-bottle-p-57521.html HTTP/1.0" 200 84576 "-" "Mozilla/5.0 (compatible; AhrefsBot/7.0; +http://ahrefs.com/robot/)"
58.227.158.22 - - [02/Jan/2024:23:53:19 +0100] "GET /images/med_prod/3662468004678.jpg HTTP/1.0" 200 268 "-" "Mozilla/5.0 (X11; Ubuntu; Linux x86_64; rv:72.0) Gecko/20100101 Firefox/72.0"
52.167.144.219 - - [02/Jan/2024:23:55:14 +0100] "GET / HTTP/1.0" 200 160513 "-" "Mozilla/5.0 AppleWebKit/537.36 (KHTML, like Gecko; compatible; bingbot/2.0; +http://www.bing.com/bingbot.htm) Chrome/116.0.1938.76 Safari/537.36"
54.36.149.44 - - [02/Jan/2024:23:55:58 +0100] "GET /gift-heart-home-friendly-stick-diffusers-p-59005.html HTTP/1.0" 200 84673 "-" "Mozilla/5.0 (compatible; AhrefsBot/7.0; +http://ahrefs.com/robot/)"
54.175.159.235 - - [02/Jan/2024:23:58:23 +0100] "GET /images/mini_prod/1399984227305.jpg HTTP/1.0" 200 269 "-" "Go-http-client/1.1"
66.249.66.207 - - [02/Jan/2024:23:58:48 +0100] "GET /planes-bath-towel-p-24585.html HTTP/1.0" 200 85819 "-" "Mozilla/5.0 (Linux; Android 6.0.1; Nexus 5X Build/MMB29P) AppleWebKit/537.36 (KHTML, like Gecko) Chrome/120.0.6099.71 Mobile Safari/537.36 (compatible; Googlebot/2.1; +http://www.google.com/bot.html)"
66.249.66.207 - - [02/Jan/2024:23:58:50 +0100] "GET /placemat-kiub-cats-love-paris-p-60034.html HTTP/1.0" 200 83770 "-" "Mozilla/5.0 (Linux; Android 6.0.1; Nexus 5X Build/MMB29P) AppleWebKit/537.36 (KHTML, like Gecko) Chrome/120.0.6099.71 Mobile Safari/537.36 (compatible; Googlebot/2.1; +http://www.google.com/bot.html)"
54.36.148.41 - - [02/Jan/2024:23:59:12 +0100] "GET /tractor-metal-clock-p-56608.html HTTP/1.0" 200 84649 "-" "Mozilla/5.0 (compatible; AhrefsBot/7.0; +http://ahrefs.com/robot/)"
66.249.66.207 - - [03/Jan/2024:00:00:46 +0100] "GET /images/8029759023926.jpg HTTP/1.0" 200 259 "-" "Googlebot-Image/1.0"
66.249.66.207 - - [03/Jan/2024:00:01:06 +0100] "GET /marley-pencil-p-5062.html HTTP/1.0" 200 83567 "-" "Mozilla/5.0 (Linux; Android 6.0.1; Nexus 5X Build/MMB29P) AppleWebKit/537.36 (KHTML, like Gecko) Chrome/120.0.6099.71 Mobile Safari/537.36 (compatible; Googlebot/2.1; +http://www.google.com/bot.html)"
54.36.149.82 - - [03/Jan/2024:00:02:02 +0100] "GET /glitters-black-p-53392.html HTTP/1.0" 200 83583 "-" "Mozilla/5.0 (compatible; AhrefsBot/7.0; +http://ahrefs.com/robot/)"
51.68.224.127 - - [03/Jan/2024:00:02:15 +0100] "GET /adminweb/export_orders_xml.php?token=256de2z6edz6ed2z6DFSFsed2zed6zeDSFDSGdzedezfzf&maxorders=10&orderstart=1&status=14&start_date=2018-10-01 HTTP/1.0" 200 285 "-" "GesCom CharlotteBoutik Serveur"
51.68.224.127 - - [03/Jan/2024:00:02:15 +0100] "GET /adminweb/export_orders_xml.php?token=256de2z6edz6ed2z6DFSFsed2zed6zeDSFDSGdzedezfzf&maxorders=10&orderstart=1&status=6&start_date=2018-10-01 HTTP/1.0" 200 34422 "-" "GesCom CharlotteBoutik Serveur"
47.128.46.109 - - [03/Jan/2024:00:02:22 +0100] "GET /owl-glass-lamp-33-cm-p-47224.html HTTP/1.0" 301 84301 "-" "Mozilla/5.0 (compatible; Bytespider; spider-feedback@bytedance.com) AppleWebKit/537.36 (KHTML, like Gecko) Chrome/70.0.0.0 Safari/537.36"
216.244.66.242 - - [03/Jan/2024:00:02:25 +0100] "GET /robots.txt HTTP/1.0" 200 245 "-" "Mozilla/5.0 (compatible; DotBot/1.2; +https://opensiteexplorer.org/dotbot; help@moz.com)"
47.128.46.109 - - [03/Jan/2024:00:02:24 +0100] "GET /glass-lamp-p-47224.html HTTP/1.0" 200 84224 "-" "Mozilla/5.0 (compatible; Bytespider; spider-feedback@bytedance.com) AppleWebKit/537.36 (KHTML, like Gecko) Chrome/70.0.0.0 Safari/537.36"
47.128.46.109 - - [03/Jan/2024:00:02:26 +0100] "GET /swfobject.js HTTP/1.0" 404 1308 "http://www.wonder-geek.com/glass-lamp-p-47224.html" "Mozilla/5.0 (compatible; Bytespider; spider-feedback@bytedance.com) AppleWebKit/537.36 (KHTML, like Gecko) Chrome/70.0.0.0 Safari/537.36"
47.128.46.109 - - [03/Jan/2024:00:02:31 +0100] "GET /images/big_prod_1/8422133370133.jpg HTTP/1.0" 200 270 "http://www.wonder-geek.com/glass-lamp-p-47224.html" "Mozilla/5.0 (compatible; Bytespider; spider-feedback@bytedance.com) AppleWebKit/537.36 (KHTML, like Gecko) Chrome/70.0.0.0 Safari/537.36"
35.153.141.89 - - [03/Jan/2024:00:02:49 +0100] "GET /robots.txt HTTP/1.0" 200 245 "-" "Go-http-client/1.1"
47.128.46.109 - - [03/Jan/2024:00:02:57 +0100] "GET /highslide/graphics/outlines/drop-shadow.png HTTP/1.0" 200 277 "http://www.wonder-geek.com/glass-lamp-p-47224.html" "Mozilla/5.0 (compatible; Bytespider; spider-feedback@bytedance.com) AppleWebKit/537.36 (KHTML, like Gecko) Chrome/70.0.0.0 Safari/537.36"
47.128.46.109 - - [03/Jan/2024:00:02:57 +0100] "GET /highslide/graphics/zoomout.cur HTTP/1.0" 200 614 "http://www.wonder-geek.com/glass-lamp-p-47224.html" "Mozilla/5.0 (compatible; Bytespider; spider-feedback@bytedance.com) AppleWebKit/537.36 (KHTML, like Gecko) Chrome/70.0.0.0 Safari/537.36"
47.128.46.109 - - [03/Jan/2024:00:02:58 +0100] "GET /images/big_prod/8422133370133N.jpg HTTP/1.0" 200 269 "http://www.wonder-geek.com/glass-lamp-p-47224.html" "Mozilla/5.0 (compatible; Bytespider; spider-feedback@bytedance.com) AppleWebKit/537.36 (KHTML, like Gecko) Chrome/70.0.0.0 Safari/537.36"
54.144.105.216 - - [03/Jan/2024:00:03:28 +0100] "GET /images/mini_prod/3014627885879.jpg HTTP/1.0" 200 269 "-" "Go-http-client/1.1"
54.36.148.0 - - [03/Jan/2024:00:04:51 +0100] "GET /incense-holder-incense-burner-c-231_229.html?page=1 HTTP/1.0" 200 102067 "-" "Mozilla/5.0 (compatible; AhrefsBot/7.0; +http://ahrefs.com/robot/)"
3.93.68.67 - - [03/Jan/2024:00:05:28 +0100] "GET /images/mini_prod/8422702358005.jpg HTTP/1.0" 200 269 "-" "Go-http-client/1.1"
47.128.48.183 - - [03/Jan/2024:00:07:51 +0100] "GET /large-decorative-wall-bottle-opener-p-59325.html HTTP/1.0" 200 84438 "-" "Mozilla/5.0 (compatible; Bytespider; spider-feedback@bytedance.com) AppleWebKit/537.36 (KHTML, like Gecko) Chrome/70.0.0.0 Safari/537.36"
47.128.48.183 - - [03/Jan/2024:00:07:54 +0100] "GET /swfobject.js HTTP/1.0" 404 1308 "http://www.wonder-geek.com/large-decorative-wall-bottle-opener-p-59325.html" "Mozilla/5.0 (compatible; Bytespider; spider-feedback@bytedance.com) AppleWebKit/537.36 (KHTML, like Gecko) Chrome/70.0.0.0 Safari/537.36"
54.36.148.206 - - [03/Jan/2024:00:07:53 +0100] "GET /frames-flags-decorative-paintings-c-13_148.html?page=4 HTTP/1.0" 200 104485 "-" "Mozilla/5.0 (compatible; AhrefsBot/7.0; +http://ahrefs.com/robot/)"
47.128.48.183 - - [03/Jan/2024:00:07:59 +0100] "GET /images/big_prod_1/3700281667486B.jpg HTTP/1.0" 200 271 "http://www.wonder-geek.com/large-decorative-wall-bottle-opener-p-59325.html" "Mozilla/5.0 (compatible; Bytespider; spider-feedback@bytedance.com) AppleWebKit/537.36 (KHTML, like Gecko) Chrome/70.0.0.0 Safari/537.36"
47.128.48.183 - - [03/Jan/2024:00:08:29 +0100] "GET /highslide/graphics/zoomout.cur HTTP/1.0" 200 614 "http://www.wonder-geek.com/large-decorative-wall-bottle-opener-p-59325.html" "Mozilla/5.0 (compatible; Bytespider; spider-feedback@bytedance.com) AppleWebKit/537.36 (KHTML, like Gecko) Chrome/70.0.0.0 Safari/537.36"
47.128.48.183 - - [03/Jan/2024:00:08:30 +0100] "GET /highslide/graphics/outlines/drop-shadow.png HTTP/1.0" 200 277 "http://www.wonder-geek.com/large-decorative-wall-bottle-opener-p-59325.html" "Mozilla/5.0 (compatible; Bytespider; spider-feedback@bytedance.com) AppleWebKit/537.36 (KHTML, like Gecko) Chrome/70.0.0.0 Safari/537.36"
47.128.48.183 - - [03/Jan/2024:00:08:30 +0100] "GET /images/big_prod/3700281667486.jpg HTTP/1.0" 200 268 "http://www.wonder-geek.com/large-decorative-wall-bottle-opener-p-59325.html" "Mozilla/5.0 (compatible; Bytespider; spider-feedback@bytedance.com) AppleWebKit/537.36 (KHTML, like Gecko) Chrome/70.0.0.0 Safari/537.36"
103.52.188.152 - - [03/Jan/2024:00:09:47 +0100] "GET /images/mini_prod/1399984241820.jpg HTTP/1.0" 200 269 "-" "Mozilla/5.0 (X11; Ubuntu; Linux x86_64; rv:72.0) Gecko/20100101 Firefox/72.0"
40.77.167.64 - - [03/Jan/2024:00:09:56 +0100] "GET /placemat-bistrot-copains-p-61510.html HTTP/1.0" 200 84282 "-" "Mozilla/5.0 AppleWebKit/537.36 (KHTML, like Gecko; compatible; bingbot/2.0; +http://www.bing.com/bingbot.htm) Chrome/116.0.1938.76 Safari/537.36"
54.36.148.240 - - [03/Jan/2024:00:10:38 +0100] "GET /ford-motors-since-1903-metal-plate-deco-p-44853.html HTTP/1.0" 200 83904 "-" "Mozilla/5.0 (compatible; AhrefsBot/7.0; +http://ahrefs.com/robot/)"
66.249.66.206 - - [03/Jan/2024:00:10:46 +0100] "GET /images/big_prod_1/1345544960069b.jpg HTTP/1.0" 200 271 "-" "Googlebot-Image/1.0"
66.249.66.205 - - [03/Jan/2024:00:11:57 +0100] "GET /game-over-moneybox-p-60959.html HTTP/1.0" 200 84197 "-" "Mozilla/5.0 (Linux; Android 6.0.1; Nexus 5X Build/MMB29P) AppleWebKit/537.36 (KHTML, like Gecko) Chrome/120.0.6099.71 Mobile Safari/537.36 (compatible; Googlebot/2.1; +http://www.google.com/bot.html)"
54.36.148.248 - - [03/Jan/2024:00:13:28 +0100] "GET /small-adjustable-brown-lampshade-p-59431.html HTTP/1.0" 200 84582 "-" "Mozilla/5.0 (compatible; AhrefsBot/7.0; +http://ahrefs.com/robot/)"
52.167.144.235 - - [03/Jan/2024:00:13:56 +0100] "GET /array-m-20.html HTTP/1.0" 200 101121 "-" "Mozilla/5.0 AppleWebKit/537.36 (KHTML, like Gecko; compatible; bingbot/2.0; +http://www.bing.com/bingbot.htm) Chrome/116.0.1938.76 Safari/537.36"
66.249.66.205 - - [03/Jan/2024:00:15:01 +0100] "GET /figurine-ursula-disney-traditions-deep-trouble-p-44932.html HTTP/1.0" 200 84758 "-" "Mozilla/5.0 (Linux; Android 6.0.1; Nexus 5X Build/MMB29P) AppleWebKit/537.36 (KHTML, like Gecko) Chrome/120.0.6099.71 Mobile Safari/537.36 (compatible; Googlebot/2.1; +http://www.google.com/bot.html)"
216.244.66.242 - - [03/Jan/2024:00:16:07 +0100] "GET /bears-decoration-statuette-p-49225.html HTTP/1.0" 200 81357 "-" "Mozilla/5.0 (compatible; DotBot/1.2; +https://opensiteexplorer.org/dotbot; help@moz.com)"
216.244.66.242 - - [03/Jan/2024:00:16:14 +0100] "GET /bleu-lampshade-p-58054.html HTTP/1.0" 200 81309 "-" "Mozilla/5.0 (compatible; DotBot/1.2; +https://opensiteexplorer.org/dotbot; help@moz.com)"
216.244.66.242 - - [03/Jan/2024:00:16:21 +0100] "GET /harley-davidson-garage-metal-plate-p-33719.html HTTP/1.0" 200 81387 "-" "Mozilla/5.0 (compatible; DotBot/1.2; +https://opensiteexplorer.org/dotbot; help@moz.com)"
54.36.148.105 - - [03/Jan/2024:00:16:21 +0100] "GET /london-metal-keyring-mail-p-35350.html HTTP/1.0" 200 83692 "-" "Mozilla/5.0 (compatible; AhrefsBot/7.0; +http://ahrefs.com/robot/)"
216.244.66.242 - - [03/Jan/2024:00:16:33 +0100] "GET /jamaca-lamp-p-43451.html HTTP/1.0" 301 81330 "-" "Mozilla/5.0 (compatible; DotBot/1.2; +https://opensiteexplorer.org/dotbot; help@moz.com)"
216.244.66.242 - - [03/Jan/2024:00:16:43 +0100] "GET /angry-birds-mlamine-plate-p-23218.html HTTP/1.0" 301 81330 "-" "Mozilla/5.0 (compatible; DotBot/1.2; +https://opensiteexplorer.org/dotbot; help@moz.com)"
216.244.66.242 - - [03/Jan/2024:00:16:51 +0100] "GET /black-dress-bedclothes-p-39286.html HTTP/1.0" 301 81330 "-" "Mozilla/5.0 (compatible; DotBot/1.2; +https://opensiteexplorer.org/dotbot; help@moz.com)"
216.244.66.242 - - [03/Jan/2024:00:16:59 +0100] "GET /ethnik-round-side-table-p-50229.html HTTP/1.0" 200 83592 "-" "Mozilla/5.0 (compatible; DotBot/1.2; +https://opensiteexplorer.org/dotbot; help@moz.com)"
216.244.66.242 - - [03/Jan/2024:00:17:05 +0100] "GET /hedgehogs-potholder-glove-p-42230.html HTTP/1.0" 301 81330 "-" "Mozilla/5.0 (compatible; DotBot/1.2; +https://opensiteexplorer.org/dotbot; help@moz.com)"
66.249.66.206 - - [03/Jan/2024:00:17:12 +0100] "GET /images/mini_prod/3453281117856.jpg HTTP/1.0" 200 269 "-" "Googlebot-Image/1.0"
216.244.66.242 - - [03/Jan/2024:00:17:13 +0100] "GET /la-coq-sportif-black-backpack-p-35853.html HTTP/1.0" 301 81330 "-" "Mozilla/5.0 (compatible; DotBot/1.2; +https://opensiteexplorer.org/dotbot; help@moz.com)"
216.244.66.242 - - [03/Jan/2024:00:17:20 +0100] "GET /lego-cones-blue-storage-box-p-32574.html HTTP/1.0" 301 81330 "-" "Mozilla/5.0 (compatible; DotBot/1.2; +https://opensiteexplorer.org/dotbot; help@moz.com)"
216.244.66.242 - - [03/Jan/2024:00:17:27 +0100] "GET /maisy-oilcloth-p-19470.html HTTP/1.0" 301 81330 "-" "Mozilla/5.0 (compatible; DotBot/1.2; +https://opensiteexplorer.org/dotbot; help@moz.com)"
216.244.66.242 - - [03/Jan/2024:00:17:35 +0100] "GET /mani-lucky-glasses-case-p-39907.html HTTP/1.0" 301 81330 "-" "Mozilla/5.0 (compatible; DotBot/1.2; +https://opensiteexplorer.org/dotbot; help@moz.com)"
216.244.66.242 - - [03/Jan/2024:00:17:42 +0100] "GET /rectangular-serving-tray-frida-khalo-model-p-49549.html HTTP/1.0" 200 81425 "-" "Mozilla/5.0 (compatible; DotBot/1.2; +https://opensiteexplorer.org/dotbot; help@moz.com)"
216.244.66.242 - - [03/Jan/2024:00:17:49 +0100] "GET /rolling-stones-zippo-lighter-p-29788.html HTTP/1.0" 301 81330 "-" "Mozilla/5.0 (compatible; DotBot/1.2; +https://opensiteexplorer.org/dotbot; help@moz.com)"
216.244.66.242 - - [03/Jan/2024:00:17:58 +0100] "GET /shoulder-gorjuss-story-p-40509.html HTTP/1.0" 301 81330 "-" "Mozilla/5.0 (compatible; DotBot/1.2; +https://opensiteexplorer.org/dotbot; help@moz.com)"
216.244.66.242 - - [03/Jan/2024:00:18:07 +0100] "GET /shoulder-jasmine-jasmin-p-39251.html HTTP/1.0" 301 81330 "-" "Mozilla/5.0 (compatible; DotBot/1.2; +https://opensiteexplorer.org/dotbot; help@moz.com)"
216.244.66.242 - - [03/Jan/2024:00:18:14 +0100] "GET /small-baby-teeth-white-p-32046.html HTTP/1.0" 301 81330 "-" "Mozilla/5.0 (compatible; DotBot/1.2; +https://opensiteexplorer.org/dotbot; help@moz.com)"
216.244.66.242 - - [03/Jan/2024:00:18:20 +0100] "GET /star-wars-large-backpack-p-30760.html HTTP/1.0" 200 81374 "-" "Mozilla/5.0 (compatible; DotBot/1.2; +https://opensiteexplorer.org/dotbot; help@moz.com)"
216.244.66.242 - - [03/Jan/2024:00:18:27 +0100] "GET /tin-and-metal-signs-c-130.html HTTP/1.0" 301 103876 "-" "Mozilla/5.0 (compatible; DotBot/1.2; +https://opensiteexplorer.org/dotbot; help@moz.com)"
51.68.224.127 - - [03/Jan/2024:00:18:34 +0100] "GET /adminweb/export_orders_xml.php?token=256de2z6edz6ed2z6DFSFsed2zed6zeDSFDSGdzedezfzf&maxorders=10&orderstart=1&status=14&start_date=2018-10-01 HTTP/1.0" 200 285 "-" "GesCom CharlotteBoutik Serveur"
51.68.224.127 - - [03/Jan/2024:00:18:34 +0100] "GET /adminweb/export_orders_xml.php?token=256de2z6edz6ed2z6DFSFsed2zed6zeDSFDSGdzedezfzf&maxorders=10&orderstart=1&status=6&start_date=2018-10-01 HTTP/1.0" 200 34422 "-" "GesCom CharlotteBoutik Serveur"
216.244.66.242 - - [03/Jan/2024:00:18:36 +0100] "GET /volkswagen-clock-p-23274.html HTTP/1.0" 301 81330 "-" "Mozilla/5.0 (compatible; DotBot/1.2; +https://opensiteexplorer.org/dotbot; help@moz.com)"
216.244.66.242 - - [03/Jan/2024:00:18:43 +0100] "GET /winnie-pooh-with-honey-figure-p-15643.html HTTP/1.0" 301 81330 "-" "Mozilla/5.0 (compatible; DotBot/1.2; +https://opensiteexplorer.org/dotbot; help@moz.com)"
216.244.66.242 - - [03/Jan/2024:00:18:50 +0100] "GET /baked-goods-since-1923-wooden-wall-decoration-to-hang-p-35922.html HTTP/1.0" 301 81330 "-" "Mozilla/5.0 (compatible; DotBot/1.2; +https://opensiteexplorer.org/dotbot; help@moz.com)"
216.244.66.242 - - [03/Jan/2024:00:18:57 +0100] "GET /bambi-disney-birthday-card-with-envelope-p-34442.html HTTP/1.0" 301 81330 "-" "Mozilla/5.0 (compatible; DotBot/1.2; +https://opensiteexplorer.org/dotbot; help@moz.com)"
216.244.66.242 - - [03/Jan/2024:00:19:04 +0100] "GET /cement-tile-stickers-15-15-cm-gray-p-43006.html HTTP/1.0" 301 84948 "-" "Mozilla/5.0 (compatible; DotBot/1.2; +https://opensiteexplorer.org/dotbot; help@moz.com)"
54.36.148.77 - - [03/Jan/2024:00:19:04 +0100] "GET /cats-dubout-figurine-cats-p-33343.html HTTP/1.0" 200 84189 "-" "Mozilla/5.0 (compatible; AhrefsBot/7.0; +http://ahrefs.com/robot/)"
216.244.66.242 - - [03/Jan/2024:00:19:10 +0100] "GET /cotton-floor-cushion-red-45-cm-verone-p-39209.html HTTP/1.0" 301 81330 "-" "Mozilla/5.0 (compatible; DotBot/1.2; +https://opensiteexplorer.org/dotbot; help@moz.com)"
216.244.66.242 - - [03/Jan/2024:00:19:17 +0100] "GET /dubout-cats-white-ceramic-plate-p-41048.html HTTP/1.0" 301 81330 "-" "Mozilla/5.0 (compatible; DotBot/1.2; +https://opensiteexplorer.org/dotbot; help@moz.com)"
216.244.66.242 - - [03/Jan/2024:00:19:23 +0100] "GET /embroidered-rectangular-tablecloth-kolam-140-240-cm-p-44468.html HTTP/1.0" 301 81546 "-" "Mozilla/5.0 (compatible; DotBot/1.2; +https://opensiteexplorer.org/dotbot; help@moz.com)"
216.244.66.242 - - [03/Jan/2024:00:19:30 +0100] "GET /gorjuss-fold-out-zip-wallet-pastel-print-toadstools-p-34749.html HTTP/1.0" 301 81553 "-" "Mozilla/5.0 (compatible; DotBot/1.2; +https://opensiteexplorer.org/dotbot; help@moz.com)"
216.244.66.242 - - [03/Jan/2024:00:19:38 +0100] "GET /gorjuss-tall-tails-manicure-set-p-46951.html HTTP/1.0" 301 81441 "-" "Mozilla/5.0 (compatible; DotBot/1.2; +https://opensiteexplorer.org/dotbot; help@moz.com)"
216.244.66.242 - - [03/Jan/2024:00:19:46 +0100] "GET /gustav-klimt-the-fulfilment-figurine-23-cm-p-44951.html HTTP/1.0" 301 85115 "-" "Mozilla/5.0 (compatible; DotBot/1.2; +https://opensiteexplorer.org/dotbot; help@moz.com)"
216.244.66.242 - - [03/Jan/2024:00:19:53 +0100] "GET /hello-kitty-large-flat-high-street-camomilla-p-14844.html HTTP/1.0" 301 81330 "-" "Mozilla/5.0 (compatible; DotBot/1.2; +https://opensiteexplorer.org/dotbot; help@moz.com)"
216.244.66.242 - - [03/Jan/2024:00:19:59 +0100] "GET /hello-kitty-set-of-10-paper-plates-p-17203.html HTTP/1.0" 301 81330 "-" "Mozilla/5.0 (compatible; DotBot/1.2; +https://opensiteexplorer.org/dotbot; help@moz.com)"
216.244.66.242 - - [03/Jan/2024:00:20:06 +0100] "GET /jacquard-cozy-curtain-135-260-cm-p-50738.html HTTP/1.0" 301 81455 "-" "Mozilla/5.0 (compatible; DotBot/1.2; +https://opensiteexplorer.org/dotbot; help@moz.com)"
216.244.66.242 - - [03/Jan/2024:00:20:12 +0100] "GET /laissez-lucie-faire-calendar-school-year-2017-2018-p-40860.html HTTP/1.0" 301 81330 "-" "Mozilla/5.0 (compatible; DotBot/1.2; +https://opensiteexplorer.org/dotbot; help@moz.com)"
18.207.102.178 - - [03/Jan/2024:00:20:14 +0100] "GET /images/mini_prod/1384010202036.jpg HTTP/1.0" 200 269 "-" "Go-http-client/1.1"
216.244.66.242 - - [03/Jan/2024:00:20:20 +0100] "GET /large-jar-candle-70-hours-snow-angel-p-38115.html HTTP/1.0" 301 81522 "-" "Mozilla/5.0 (compatible; DotBot/1.2; +https://opensiteexplorer.org/dotbot; help@moz.com)"
216.244.66.242 - - [03/Jan/2024:00:20:31 +0100] "GET /lotus-padmasana-yoga-statuette-p-50181.html HTTP/1.0" 301 81330 "-" "Mozilla/5.0 (compatible; DotBot/1.2; +https://opensiteexplorer.org/dotbot; help@moz.com)"
216.244.66.242 - - [03/Jan/2024:00:20:42 +0100] "GET /makeup-kit-mani-the-lucky-cat-pink-p-37355.html HTTP/1.0" 301 83905 "-" "Mozilla/5.0 (compatible; DotBot/1.2; +https://opensiteexplorer.org/dotbot; help@moz.com)"
52.167.144.182 - - [03/Jan/2024:00:20:53 +0100] "GET /images/big_prod_2/6000971c.jpg HTTP/1.0" 200 265 "-" "Mozilla/5.0 AppleWebKit/537.36 (KHTML, like Gecko; compatible; bingbot/2.0; +http://www.bing.com/bingbot.htm) Chrome/116.0.1938.76 Safari/537.36"
216.244.66.242 - - [03/Jan/2024:00:20:54 +0100] "GET /mani-the-lucky-cat-charm-size-paix-p-33286.html HTTP/1.0" 301 81330 "-" "Mozilla/5.0 (compatible; DotBot/1.2; +https://opensiteexplorer.org/dotbot; help@moz.com)"
216.244.66.242 - - [03/Jan/2024:00:21:04 +0100] "GET /mareva-coated-tablecloth-grey-and-blue-p-44305.html HTTP/1.0" 301 83866 "-" "Mozilla/5.0 (compatible; DotBot/1.2; +https://opensiteexplorer.org/dotbot; help@moz.com)"
216.244.66.242 - - [03/Jan/2024:00:21:13 +0100] "GET /mattress-protector-tray-shape-90-190-cm-single-bed-p-43576.html HTTP/1.0" 301 81330 "-" "Mozilla/5.0 (compatible; DotBot/1.2; +https://opensiteexplorer.org/dotbot; help@moz.com)"
216.244.66.242 - - [03/Jan/2024:00:21:22 +0100] "GET /microfibre-bed-base-cover-160-200-cm-black-p-39796.html HTTP/1.0" 301 81330 "-" "Mozilla/5.0 (compatible; DotBot/1.2; +https://opensiteexplorer.org/dotbot; help@moz.com)"
216.244.66.242 - - [03/Jan/2024:00:21:29 +0100] "GET /mini-magnetic-plate-give-chocolate-p-34461.html HTTP/1.0" 301 81330 "-" "Mozilla/5.0 (compatible; DotBot/1.2; +https://opensiteexplorer.org/dotbot; help@moz.com)"
216.244.66.242 - - [03/Jan/2024:00:21:37 +0100] "GET /occitano-cross-mat-in-aged-metal-24-cm-p-45722.html HTTP/1.0" 301 81471 "-" "Mozilla/5.0 (compatible; DotBot/1.2; +https://opensiteexplorer.org/dotbot; help@moz.com)"
216.244.66.242 - - [03/Jan/2024:00:21:44 +0100] "GET /pin-up-demonia-figure-by-stephan-saint-emett-p-35270.html HTTP/1.0" 301 81555 "-" "Mozilla/5.0 (compatible; DotBot/1.2; +https://opensiteexplorer.org/dotbot; help@moz.com)"
216.244.66.242 - - [03/Jan/2024:00:21:50 +0100] "GET /pin-up-pill-box-fashion-and-flavours-p-34378.html HTTP/1.0" 301 81330 "-" "Mozilla/5.0 (compatible; DotBot/1.2; +https://opensiteexplorer.org/dotbot; help@moz.com)"
54.36.148.212 - - [03/Jan/2024:00:21:52 +0100] "GET /gekoa-salt-pepper-p-37400.html HTTP/1.0" 200 83812 "-" "Mozilla/5.0 (compatible; AhrefsBot/7.0; +http://ahrefs.com/robot/)"
52.167.144.181 - - [03/Jan/2024:00:21:55 +0100] "GET /-p-22487.html HTTP/1.0" 200 81263 "-" "Mozilla/5.0 AppleWebKit/537.36 (KHTML, like Gecko; compatible; bingbot/2.0; +http://www.bing.com/bingbot.htm) Chrome/116.0.1938.76 Safari/537.36"
216.244.66.242 - - [03/Jan/2024:00:21:57 +0100] "GET /pink-ipad-paris-by-cbkreation-cover-p-17262.html HTTP/1.0" 301 81330 "-" "Mozilla/5.0 (compatible; DotBot/1.2; +https://opensiteexplorer.org/dotbot; help@moz.com)"
216.244.66.242 - - [03/Jan/2024:00:22:05 +0100] "GET /polypropylene-grey-outdoor-carpet-120-180-cm-p-44049.html HTTP/1.0" 301 84892 "-" "Mozilla/5.0 (compatible; DotBot/1.2; +https://opensiteexplorer.org/dotbot; help@moz.com)"
216.244.66.242 - - [03/Jan/2024:00:22:12 +0100] "GET /small-box-for-baby-teeth-grey-hedgehog-p-36687.html HTTP/1.0" 301 81330 "-" "Mozilla/5.0 (compatible; DotBot/1.2; +https://opensiteexplorer.org/dotbot; help@moz.com)"
216.244.66.242 - - [03/Jan/2024:00:22:23 +0100] "GET /snow-white-birthday-card-with-envelope-p-25268.html HTTP/1.0" 301 81330 "-" "Mozilla/5.0 (compatible; DotBot/1.2; +https://opensiteexplorer.org/dotbot; help@moz.com)"
216.244.66.242 - - [03/Jan/2024:00:22:32 +0100] "GET /strawberry-shortcake-cap-and-scarf-set-years-p-22138.html HTTP/1.0" 301 81330 "-" "Mozilla/5.0 (compatible; DotBot/1.2; +https://opensiteexplorer.org/dotbot; help@moz.com)"
216.244.66.242 - - [03/Jan/2024:00:22:40 +0100] "GET /teo-jasmin-companion-portfolio-steed-grey-p-38698.html HTTP/1.0" 301 81491 "-" "Mozilla/5.0 (compatible; DotBot/1.2; +https://opensiteexplorer.org/dotbot; help@moz.com)"
52.167.144.182 - - [03/Jan/2024:00:22:45 +0100] "GET /cheshire-figure-britto-p-44594.html HTTP/1.0" 200 81355 "-" "Mozilla/5.0 AppleWebKit/537.36 (KHTML, like Gecko; compatible; bingbot/2.0; +http://www.bing.com/bingbot.htm) Chrome/116.0.1938.76 Safari/537.36"
216.244.66.242 - - [03/Jan/2024:00:22:47 +0100] "GET /the-ballerina-statue-collection-white-30-cm-p-40417.html HTTP/1.0" 301 81513 "-" "Mozilla/5.0 (compatible; DotBot/1.2; +https://opensiteexplorer.org/dotbot; help@moz.com)"
216.244.66.242 - - [03/Jan/2024:00:22:54 +0100] "GET /the-little-prince-toddler-flatware-set-p-30325.html HTTP/1.0" 301 81486 "-" "Mozilla/5.0 (compatible; DotBot/1.2; +https://opensiteexplorer.org/dotbot; help@moz.com)"
216.244.66.242 - - [03/Jan/2024:00:23:01 +0100] "GET /tigger-winnie-the-pooh-disney-glitter-globe-p-33591.html HTTP/1.0" 301 81330 "-" "Mozilla/5.0 (compatible; DotBot/1.2; +https://opensiteexplorer.org/dotbot; help@moz.com)"
216.244.66.242 - - [03/Jan/2024:00:23:09 +0100] "GET /un-petit-coin-de-paradis-wall-sticker-p-39310.html HTTP/1.0" 301 84531 "-" "Mozilla/5.0 (compatible; DotBot/1.2; +https://opensiteexplorer.org/dotbot; help@moz.com)"
216.244.66.242 - - [03/Jan/2024:00:23:16 +0100] "GET /votive-candle-15-hours-christmas-tree-p-38126.html HTTP/1.0" 301 81540 "-" "Mozilla/5.0 (compatible; DotBot/1.2; +https://opensiteexplorer.org/dotbot; help@moz.com)"
216.244.66.242 - - [03/Jan/2024:00:23:26 +0100] "GET /weight-of-tablecloth-cicada-in-pack-of-p-48624.html HTTP/1.0" 301 81330 "-" "Mozilla/5.0 (compatible; DotBot/1.2; +https://opensiteexplorer.org/dotbot; help@moz.com)"
216.244.66.242 - - [03/Jan/2024:00:23:34 +0100] "GET /world-flag-cover-for-samsung-s4-cbkreation-p-27026.html HTTP/1.0" 301 81330 "-" "Mozilla/5.0 (compatible; DotBot/1.2; +https://opensiteexplorer.org/dotbot; help@moz.com)"
66.249.66.205 - - [03/Jan/2024:00:23:37 +0100] "GET /images/5018997517512.jpg HTTP/1.0" 200 259 "-" "Googlebot-Image/1.0"
54.162.127.15 - - [03/Jan/2024:00:23:43 +0100] "GET /images/mini_prod/3418170317052.jpg HTTP/1.0" 200 269 "-" "Go-http-client/1.1"
216.244.66.242 - - [03/Jan/2024:00:23:41 +0100] "GET /zebra-phone-cover-iphone-cbkreation-p-14151.html HTTP/1.0" 301 81330 "-" "Mozilla/5.0 (compatible; DotBot/1.2; +https://opensiteexplorer.org/dotbot; help@moz.com)"
216.244.66.242 - - [03/Jan/2024:00:23:52 +0100] "GET /zen-wooden-wall-decoration-to-hang-34-23-cm-p-41541.html HTTP/1.0" 301 81330 "-" "Mozilla/5.0 (compatible; DotBot/1.2; +https://opensiteexplorer.org/dotbot; help@moz.com)"
216.244.66.242 - - [03/Jan/2024:00:24:00 +0100] "GET /zombie-sniper-mouse-pad-by-cbkreation-p-30148.html HTTP/1.0" 301 83810 "-" "Mozilla/5.0 (compatible; DotBot/1.2; +https://opensiteexplorer.org/dotbot; help@moz.com)"
216.244.66.242 - - [03/Jan/2024:00:24:07 +0100] "GET /tablecloth-coustellet-treated-anti-stain-yellow-150-150-cm-p-48524.html HTTP/1.0" 301 81330 "-" "Mozilla/5.0 (compatible; DotBot/1.2; +https://opensiteexplorer.org/dotbot; help@moz.com)"
216.244.66.242 - - [03/Jan/2024:00:24:14 +0100] "GET /fireflower-metal-capacity-p-55185.html HTTP/1.0" 200 84573 "-" "Mozilla/5.0 (compatible; DotBot/1.2; +https://opensiteexplorer.org/dotbot; help@moz.com)"
54.36.149.81 - - [03/Jan/2024:00:24:46 +0100] "GET /maleficent-limited-edition-figurine-p-54360.html HTTP/1.0" 200 86177 "-" "Mozilla/5.0 (compatible; AhrefsBot/7.0; +http://ahrefs.com/robot/)"
216.244.66.242 - - [03/Jan/2024:00:25:05 +0100] "GET /french-kiss-paris-little-tray-p-39730.html HTTP/1.0" 200 81395 "-" "Mozilla/5.0 (compatible; DotBot/1.2; +https://opensiteexplorer.org/dotbot; help@moz.com)"
