218.188.41.122 - - [09/Jan/2024:04:32:52 +0100] "GET /-p-20669.html HTTP/1.0" 200 81263 "-" "Mozilla/5.0 (compatible; MJ12bot/v1.4.8; http://mj12bot.com/)"
218.188.41.122 - - [09/Jan/2024:04:32:59 +0100] "GET /-p-20671.html HTTP/1.0" 200 81263 "-" "Mozilla/5.0 (compatible; MJ12bot/v1.4.8; http://mj12bot.com/)"
218.188.41.122 - - [09/Jan/2024:04:33:03 +0100] "GET /-p-20799.html HTTP/1.0" 200 81263 "-" "Mozilla/5.0 (compatible; MJ12bot/v1.4.8; http://mj12bot.com/)"
218.188.41.122 - - [09/Jan/2024:04:33:10 +0100] "GET /-p-21352.html HTTP/1.0" 200 81263 "-" "Mozilla/5.0 (compatible; MJ12bot/v1.4.8; http://mj12bot.com/)"
218.188.41.122 - - [09/Jan/2024:04:33:14 +0100] "GET /-p-21401.html HTTP/1.0" 200 81263 "-" "Mozilla/5.0 (compatible; MJ12bot/v1.4.8; http://mj12bot.com/)"
216.244.66.242 - - [09/Jan/2024:04:33:17 +0100] "GET /golden-gorilla-table-lamp-p-59001.html HTTP/1.0" 200 84784 "-" "Mozilla/5.0 (compatible; DotBot/1.2; +https://opensiteexplorer.org/dotbot; help@moz.com)"
218.188.41.122 - - [09/Jan/2024:04:33:21 +0100] "GET /-p-21416.html HTTP/1.0" 200 81263 "-" "Mozilla/5.0 (compatible; MJ12bot/v1.4.8; http://mj12bot.com/)"
218.188.41.122 - - [09/Jan/2024:04:33:27 +0100] "GET /-p-21463.html HTTP/1.0" 200 81263 "-" "Mozilla/5.0 (compatible; MJ12bot/v1.4.8; http://mj12bot.com/)"
218.188.41.122 - - [09/Jan/2024:04:33:33 +0100] "GET /-p-21567.html HTTP/1.0" 200 81263 "-" "Mozilla/5.0 (compatible; MJ12bot/v1.4.8; http://mj12bot.com/)"
218.188.41.122 - - [09/Jan/2024:04:33:38 +0100] "GET /-p-2166.html HTTP/1.0" 200 81261 "-" "Mozilla/5.0 (compatible; MJ12bot/v1.4.8; http://mj12bot.com/)"
218.188.41.122 - - [09/Jan/2024:04:33:44 +0100] "GET /-p-21809.html HTTP/1.0" 200 81263 "-" "Mozilla/5.0 (compatible; MJ12bot/v1.4.8; http://mj12bot.com/)"
218.188.41.122 - - [09/Jan/2024:04:33:49 +0100] "GET /-p-21854.html HTTP/1.0" 200 81263 "-" "Mozilla/5.0 (compatible; MJ12bot/v1.4.8; http://mj12bot.com/)"
54.36.148.49 - - [09/Jan/2024:04:33:55 +0100] "GET /silver-surfaced-candle-p-61488.html HTTP/1.0" 200 83829 "-" "Mozilla/5.0 (compatible; AhrefsBot/7.0; +http://ahrefs.com/robot/)"
218.188.41.122 - - [09/Jan/2024:04:33:55 +0100] "GET /-p-22117.html HTTP/1.0" 200 81263 "-" "Mozilla/5.0 (compatible; MJ12bot/v1.4.8; http://mj12bot.com/)"
218.188.41.122 - - [09/Jan/2024:04:34:02 +0100] "GET /-p-22149.html HTTP/1.0" 200 81263 "-" "Mozilla/5.0 (compatible; MJ12bot/v1.4.8; http://mj12bot.com/)"
218.188.41.122 - - [09/Jan/2024:04:34:07 +0100] "GET /-p-22222.html HTTP/1.0" 200 81263 "-" "Mozilla/5.0 (compatible; MJ12bot/v1.4.8; http://mj12bot.com/)"
218.188.41.122 - - [09/Jan/2024:04:34:13 +0100] "GET /-p-22612.html HTTP/1.0" 200 81263 "-" "Mozilla/5.0 (compatible; MJ12bot/v1.4.8; http://mj12bot.com/)"
218.188.41.122 - - [09/Jan/2024:04:34:19 +0100] "GET /-p-22670.html HTTP/1.0" 200 81263 "-" "Mozilla/5.0 (compatible; MJ12bot/v1.4.8; http://mj12bot.com/)"
218.188.41.122 - - [09/Jan/2024:04:34:25 +0100] "GET /-p-22870.html HTTP/1.0" 200 81263 "-" "Mozilla/5.0 (compatible; MJ12bot/v1.4.8; http://mj12bot.com/)"
106.15.61.113 - - [09/Jan/2024:04:34:26 +0100] "GET /dishes-c-12.html?page=70 HTTP/1.0" 200 102818 "-" "Mozilla/5.0 (iPhone; CPU iPhone OS 7_0 like Mac OS X) AppleWebKit/537.51.1 (KHTML, like Gecko) Version/7.0 Mobile/11A465 Safari/9537.53 BingPreview/1.0b"
218.188.41.122 - - [09/Jan/2024:04:34:31 +0100] "GET /-p-22871.html HTTP/1.0" 200 81263 "-" "Mozilla/5.0 (compatible; MJ12bot/v1.4.8; http://mj12bot.com/)"
218.188.41.122 - - [09/Jan/2024:04:34:38 +0100] "GET /-p-23025.html HTTP/1.0" 200 81263 "-" "Mozilla/5.0 (compatible; MJ12bot/v1.4.8; http://mj12bot.com/)"
52.167.144.226 - - [09/Jan/2024:04:34:41 +0100] "GET /towel-bath-towels-c-11_70.html?page=3 HTTP/1.0" 200 91583 "-" "Mozilla/5.0 AppleWebKit/537.36 (KHTML, like Gecko; compatible; bingbot/2.0; +http://www.bing.com/bingbot.htm) Chrome/116.0.1938.76 Safari/537.36"
134.94.0.71 - - [09/Jan/2024:04:34:45 +0100] "GET /images/mini_prod/MISES-EN-SITUATION-07.jpg HTTP/1.0" 200 277 "-" "Mozilla/5.0 (X11; Ubuntu; Linux x86_64; rv:72.0) Gecko/20100101 Firefox/72.0"
218.188.41.122 - - [09/Jan/2024:04:34:45 +0100] "GET /-p-23458.html HTTP/1.0" 200 81263 "-" "Mozilla/5.0 (compatible; MJ12bot/v1.4.8; http://mj12bot.com/)"
218.188.41.122 - - [09/Jan/2024:04:34:51 +0100] "GET /-p-23951.html HTTP/1.0" 200 81263 "-" "Mozilla/5.0 (compatible; MJ12bot/v1.4.8; http://mj12bot.com/)"
218.188.41.122 - - [09/Jan/2024:04:34:56 +0100] "GET /-p-23952.html HTTP/1.0" 200 81263 "-" "Mozilla/5.0 (compatible; MJ12bot/v1.4.8; http://mj12bot.com/)"
218.188.41.122 - - [09/Jan/2024:04:35:01 +0100] "GET /-p-24185.html HTTP/1.0" 200 81263 "-" "Mozilla/5.0 (compatible; MJ12bot/v1.4.8; http://mj12bot.com/)"
218.188.41.122 - - [09/Jan/2024:04:35:08 +0100] "GET /-p-24188.html HTTP/1.0" 200 81263 "-" "Mozilla/5.0 (compatible; MJ12bot/v1.4.8; http://mj12bot.com/)"
218.188.41.122 - - [09/Jan/2024:04:35:14 +0100] "GET /-p-24227.html HTTP/1.0" 200 81263 "-" "Mozilla/5.0 (compatible; MJ12bot/v1.4.8; http://mj12bot.com/)"
218.188.41.122 - - [09/Jan/2024:04:35:20 +0100] "GET /-p-244.html HTTP/1.0" 200 81259 "-" "Mozilla/5.0 (compatible; MJ12bot/v1.4.8; http://mj12bot.com/)"
218.188.41.122 - - [09/Jan/2024:04:35:25 +0100] "GET /-p-24586.html HTTP/1.0" 200 81263 "-" "Mozilla/5.0 (compatible; MJ12bot/v1.4.8; http://mj12bot.com/)"
218.188.41.122 - - [09/Jan/2024:04:35:31 +0100] "GET /-p-24837.html HTTP/1.0" 200 81263 "-" "Mozilla/5.0 (compatible; MJ12bot/v1.4.8; http://mj12bot.com/)"
218.188.41.122 - - [09/Jan/2024:04:35:37 +0100] "GET /-p-25008.html HTTP/1.0" 200 81263 "-" "Mozilla/5.0 (compatible; MJ12bot/v1.4.8; http://mj12bot.com/)"
218.188.41.122 - - [09/Jan/2024:04:35:43 +0100] "GET /-p-25025.html HTTP/1.0" 200 81263 "-" "Mozilla/5.0 (compatible; MJ12bot/v1.4.8; http://mj12bot.com/)"
218.188.41.122 - - [09/Jan/2024:04:35:49 +0100] "GET /-p-25627.html HTTP/1.0" 200 81263 "-" "Mozilla/5.0 (compatible; MJ12bot/v1.4.8; http://mj12bot.com/)"
218.188.41.122 - - [09/Jan/2024:04:35:56 +0100] "GET /-p-25951.html HTTP/1.0" 200 81263 "-" "Mozilla/5.0 (compatible; MJ12bot/v1.4.8; http://mj12bot.com/)"
218.188.41.122 - - [09/Jan/2024:04:36:00 +0100] "GET /-p-26021.html HTTP/1.0" 200 81263 "-" "Mozilla/5.0 (compatible; MJ12bot/v1.4.8; http://mj12bot.com/)"
218.188.41.122 - - [09/Jan/2024:04:36:07 +0100] "GET /-p-26166.html HTTP/1.0" 200 81263 "-" "Mozilla/5.0 (compatible; MJ12bot/v1.4.8; http://mj12bot.com/)"
218.188.41.122 - - [09/Jan/2024:04:36:14 +0100] "GET /-p-26317.html HTTP/1.0" 200 81263 "-" "Mozilla/5.0 (compatible; MJ12bot/v1.4.8; http://mj12bot.com/)"
218.188.41.122 - - [09/Jan/2024:04:36:18 +0100] "GET /-p-26320.html HTTP/1.0" 200 81263 "-" "Mozilla/5.0 (compatible; MJ12bot/v1.4.8; http://mj12bot.com/)"
218.188.41.122 - - [09/Jan/2024:04:36:24 +0100] "GET /-p-26322.html HTTP/1.0" 200 81263 "-" "Mozilla/5.0 (compatible; MJ12bot/v1.4.8; http://mj12bot.com/)"
134.94.0.71 - - [09/Jan/2024:04:36:27 +0100] "GET /images/mini_prod/3014627830107.jpg HTTP/1.0" 404 1308 "-" "Mozilla/5.0 (X11; Ubuntu; Linux x86_64; rv:72.0) Gecko/20100101 Firefox/72.0"
218.188.41.122 - - [09/Jan/2024:04:36:29 +0100] "GET /-p-2639.html HTTP/1.0" 200 81261 "-" "Mozilla/5.0 (compatible; MJ12bot/v1.4.8; http://mj12bot.com/)"
218.188.41.122 - - [09/Jan/2024:04:36:35 +0100] "GET /-p-26518.html HTTP/1.0" 200 81263 "-" "Mozilla/5.0 (compatible; MJ12bot/v1.4.8; http://mj12bot.com/)"
218.188.41.122 - - [09/Jan/2024:04:36:41 +0100] "GET /-p-26627.html HTTP/1.0" 200 81263 "-" "Mozilla/5.0 (compatible; MJ12bot/v1.4.8; http://mj12bot.com/)"
218.188.41.122 - - [09/Jan/2024:04:36:47 +0100] "GET /-p-26691.html HTTP/1.0" 200 81263 "-" "Mozilla/5.0 (compatible; MJ12bot/v1.4.8; http://mj12bot.com/)"
218.188.41.122 - - [09/Jan/2024:04:36:52 +0100] "GET /-p-2672.html HTTP/1.0" 200 81261 "-" "Mozilla/5.0 (compatible; MJ12bot/v1.4.8; http://mj12bot.com/)"
218.188.41.122 - - [09/Jan/2024:04:36:59 +0100] "GET /-p-26729.html HTTP/1.0" 200 81263 "-" "Mozilla/5.0 (compatible; MJ12bot/v1.4.8; http://mj12bot.com/)"
218.188.41.122 - - [09/Jan/2024:04:37:05 +0100] "GET /-p-2673.html HTTP/1.0" 200 81261 "-" "Mozilla/5.0 (compatible; MJ12bot/v1.4.8; http://mj12bot.com/)"
218.188.41.122 - - [09/Jan/2024:04:37:10 +0100] "GET /-p-26748.html HTTP/1.0" 200 81263 "-" "Mozilla/5.0 (compatible; MJ12bot/v1.4.8; http://mj12bot.com/)"
218.188.41.122 - - [09/Jan/2024:04:37:15 +0100] "GET /-p-26749.html HTTP/1.0" 200 81263 "-" "Mozilla/5.0 (compatible; MJ12bot/v1.4.8; http://mj12bot.com/)"
54.36.148.139 - - [09/Jan/2024:04:37:17 +0100] "GET /figurines-statuettes-statues-decoration-collection-c-292.html?page=1 HTTP/1.0" 200 103747 "-" "Mozilla/5.0 (compatible; AhrefsBot/7.0; +http://ahrefs.com/robot/)"
218.188.41.122 - - [09/Jan/2024:04:37:20 +0100] "GET /-p-26825.html HTTP/1.0" 200 81263 "-" "Mozilla/5.0 (compatible; MJ12bot/v1.4.8; http://mj12bot.com/)"
218.188.41.122 - - [09/Jan/2024:04:37:26 +0100] "GET /-p-26851.html HTTP/1.0" 200 81263 "-" "Mozilla/5.0 (compatible; MJ12bot/v1.4.8; http://mj12bot.com/)"
218.188.41.122 - - [09/Jan/2024:04:37:32 +0100] "GET /-p-26883.html HTTP/1.0" 200 81263 "-" "Mozilla/5.0 (compatible; MJ12bot/v1.4.8; http://mj12bot.com/)"
218.188.41.122 - - [09/Jan/2024:04:37:38 +0100] "GET /-p-26890.html HTTP/1.0" 200 81263 "-" "Mozilla/5.0 (compatible; MJ12bot/v1.4.8; http://mj12bot.com/)"
218.188.41.122 - - [09/Jan/2024:04:37:44 +0100] "GET /-p-27166.html HTTP/1.0" 200 81263 "-" "Mozilla/5.0 (compatible; MJ12bot/v1.4.8; http://mj12bot.com/)"
218.188.41.122 - - [09/Jan/2024:04:37:49 +0100] "GET /-p-27167.html HTTP/1.0" 200 81263 "-" "Mozilla/5.0 (compatible; MJ12bot/v1.4.8; http://mj12bot.com/)"
134.94.0.71 - - [09/Jan/2024:04:37:57 +0100] "GET /images/mini_prod/8028501269865.jpg HTTP/1.0" 200 269 "-" "Mozilla/5.0 (X11; Ubuntu; Linux x86_64; rv:72.0) Gecko/20100101 Firefox/72.0"
218.188.41.122 - - [09/Jan/2024:04:37:55 +0100] "GET /-p-27183.html HTTP/1.0" 200 81263 "-" "Mozilla/5.0 (compatible; MJ12bot/v1.4.8; http://mj12bot.com/)"
218.188.41.122 - - [09/Jan/2024:04:38:01 +0100] "GET /-p-27929.html HTTP/1.0" 200 81263 "-" "Mozilla/5.0 (compatible; MJ12bot/v1.4.8; http://mj12bot.com/)"
218.188.41.122 - - [09/Jan/2024:04:38:07 +0100] "GET /-p-28005.html HTTP/1.0" 200 81263 "-" "Mozilla/5.0 (compatible; MJ12bot/v1.4.8; http://mj12bot.com/)"
218.188.41.122 - - [09/Jan/2024:04:38:12 +0100] "GET /-p-28008.html HTTP/1.0" 200 81263 "-" "Mozilla/5.0 (compatible; MJ12bot/v1.4.8; http://mj12bot.com/)"
218.188.41.122 - - [09/Jan/2024:04:38:18 +0100] "GET /-p-28009.html HTTP/1.0" 200 81263 "-" "Mozilla/5.0 (compatible; MJ12bot/v1.4.8; http://mj12bot.com/)"
218.188.41.122 - - [09/Jan/2024:04:38:23 +0100] "GET /-p-28188.html HTTP/1.0" 200 81263 "-" "Mozilla/5.0 (compatible; MJ12bot/v1.4.8; http://mj12bot.com/)"
218.188.41.122 - - [09/Jan/2024:04:38:28 +0100] "GET /-p-28237.html HTTP/1.0" 200 81263 "-" "Mozilla/5.0 (compatible; MJ12bot/v1.4.8; http://mj12bot.com/)"
218.188.41.122 - - [09/Jan/2024:04:38:34 +0100] "GET /-p-28369.html HTTP/1.0" 200 81263 "-" "Mozilla/5.0 (compatible; MJ12bot/v1.4.8; http://mj12bot.com/)"
218.188.41.122 - - [09/Jan/2024:04:38:39 +0100] "GET /-p-28489.html HTTP/1.0" 200 81263 "-" "Mozilla/5.0 (compatible; MJ12bot/v1.4.8; http://mj12bot.com/)"
134.94.0.71 - - [09/Jan/2024:04:38:41 +0100] "GET /images/mini_prod/080109_161031_PEEL_xdwZBP.jpg HTTP/1.0" 200 281 "-" "Mozilla/5.0 (X11; Ubuntu; Linux x86_64; rv:72.0) Gecko/20100101 Firefox/72.0"
218.188.41.122 - - [09/Jan/2024:04:38:44 +0100] "GET /-p-2854.html HTTP/1.0" 200 81261 "-" "Mozilla/5.0 (compatible; MJ12bot/v1.4.8; http://mj12bot.com/)"
218.188.41.122 - - [09/Jan/2024:04:38:49 +0100] "GET /-p-28542.html HTTP/1.0" 200 81263 "-" "Mozilla/5.0 (compatible; MJ12bot/v1.4.8; http://mj12bot.com/)"
218.188.41.122 - - [09/Jan/2024:04:38:54 +0100] "GET /-p-28545.html HTTP/1.0" 200 81263 "-" "Mozilla/5.0 (compatible; MJ12bot/v1.4.8; http://mj12bot.com/)"
218.188.41.122 - - [09/Jan/2024:04:38:59 +0100] "GET /-p-28571.html HTTP/1.0" 200 81263 "-" "Mozilla/5.0 (compatible; MJ12bot/v1.4.8; http://mj12bot.com/)"
216.244.66.242 - - [09/Jan/2024:04:38:59 +0100] "GET /beatles-multifunction-bag-p-7756.html HTTP/1.0" 301 81430 "-" "Mozilla/5.0 (compatible; DotBot/1.2; +https://opensiteexplorer.org/dotbot; help@moz.com)"
218.188.41.122 - - [09/Jan/2024:04:39:05 +0100] "GET /-p-28577.html HTTP/1.0" 200 81263 "-" "Mozilla/5.0 (compatible; MJ12bot/v1.4.8; http://mj12bot.com/)"
218.188.41.122 - - [09/Jan/2024:04:39:09 +0100] "GET /-p-28578.html HTTP/1.0" 200 81263 "-" "Mozilla/5.0 (compatible; MJ12bot/v1.4.8; http://mj12bot.com/)"
218.188.41.122 - - [09/Jan/2024:04:39:15 +0100] "GET /-p-28580.html HTTP/1.0" 200 81263 "-" "Mozilla/5.0 (compatible; MJ12bot/v1.4.8; http://mj12bot.com/)"
216.244.66.242 - - [09/Jan/2024:04:39:14 +0100] "GET /beauty-nail-kit-p-29232.html HTTP/1.0" 301 83751 "-" "Mozilla/5.0 (compatible; DotBot/1.2; +https://opensiteexplorer.org/dotbot; help@moz.com)"
218.188.41.122 - - [09/Jan/2024:04:39:21 +0100] "GET /-p-28639.html HTTP/1.0" 200 81263 "-" "Mozilla/5.0 (compatible; MJ12bot/v1.4.8; http://mj12bot.com/)"
216.244.66.242 - - [09/Jan/2024:04:39:26 +0100] "GET /cats-shower-curtain-p-50729.html HTTP/1.0" 301 81330 "-" "Mozilla/5.0 (compatible; DotBot/1.2; +https://opensiteexplorer.org/dotbot; help@moz.com)"
218.188.41.122 - - [09/Jan/2024:04:39:27 +0100] "GET /-p-28784.html HTTP/1.0" 200 81263 "-" "Mozilla/5.0 (compatible; MJ12bot/v1.4.8; http://mj12bot.com/)"
218.188.41.122 - - [09/Jan/2024:04:39:32 +0100] "GET /-p-28914.html HTTP/1.0" 200 81263 "-" "Mozilla/5.0 (compatible; MJ12bot/v1.4.8; http://mj12bot.com/)"
216.244.66.242 - - [09/Jan/2024:04:39:37 +0100] "GET /cotton-floor-cushion-burundi-p-51051.html HTTP/1.0" 301 81330 "-" "Mozilla/5.0 (compatible; DotBot/1.2; +https://opensiteexplorer.org/dotbot; help@moz.com)"
218.188.41.122 - - [09/Jan/2024:04:39:37 +0100] "GET /-p-29022.html HTTP/1.0" 200 81263 "-" "Mozilla/5.0 (compatible; MJ12bot/v1.4.8; http://mj12bot.com/)"
218.188.41.122 - - [09/Jan/2024:04:39:43 +0100] "GET /-p-29064.html HTTP/1.0" 200 81263 "-" "Mozilla/5.0 (compatible; MJ12bot/v1.4.8; http://mj12bot.com/)"
216.244.66.242 - - [09/Jan/2024:04:39:48 +0100] "GET /gund-mini-cat-sound-plush-grey-p-36875.html HTTP/1.0" 301 81462 "-" "Mozilla/5.0 (compatible; DotBot/1.2; +https://opensiteexplorer.org/dotbot; help@moz.com)"
218.188.41.122 - - [09/Jan/2024:04:39:49 +0100] "GET /-p-29066.html HTTP/1.0" 200 81263 "-" "Mozilla/5.0 (compatible; MJ12bot/v1.4.8; http://mj12bot.com/)"
218.188.41.122 - - [09/Jan/2024:04:39:54 +0100] "GET /-p-29481.html HTTP/1.0" 200 81263 "-" "Mozilla/5.0 (compatible; MJ12bot/v1.4.8; http://mj12bot.com/)"
216.244.66.242 - - [09/Jan/2024:04:39:58 +0100] "GET /laissez-lucie-faire-bear-sugar-p-42262.html HTTP/1.0" 301 81330 "-" "Mozilla/5.0 (compatible; DotBot/1.2; +https://opensiteexplorer.org/dotbot; help@moz.com)"
218.188.41.122 - - [09/Jan/2024:04:39:59 +0100] "GET /-p-29590.html HTTP/1.0" 200 81263 "-" "Mozilla/5.0 (compatible; MJ12bot/v1.4.8; http://mj12bot.com/)"
218.188.41.122 - - [09/Jan/2024:04:40:05 +0100] "GET /-p-29602.html HTTP/1.0" 200 81263 "-" "Mozilla/5.0 (compatible; MJ12bot/v1.4.8; http://mj12bot.com/)"
216.244.66.242 - - [09/Jan/2024:04:40:07 +0100] "GET /retro-case-for-cigarettes-pack-p-42576.html HTTP/1.0" 301 81486 "-" "Mozilla/5.0 (compatible; DotBot/1.2; +https://opensiteexplorer.org/dotbot; help@moz.com)"
218.188.41.122 - - [09/Jan/2024:04:40:10 +0100] "GET /-p-29651.html HTTP/1.0" 200 81263 "-" "Mozilla/5.0 (compatible; MJ12bot/v1.4.8; http://mj12bot.com/)"
216.244.66.242 - - [09/Jan/2024:04:40:15 +0100] "GET /retro-sugar-bowl-p-39539.html HTTP/1.0" 301 81330 "-" "Mozilla/5.0 (compatible; DotBot/1.2; +https://opensiteexplorer.org/dotbot; help@moz.com)"
218.188.41.122 - - [09/Jan/2024:04:40:15 +0100] "GET /-p-29653.html HTTP/1.0" 200 81263 "-" "Mozilla/5.0 (compatible; MJ12bot/v1.4.8; http://mj12bot.com/)"
218.188.41.122 - - [09/Jan/2024:04:40:21 +0100] "GET /-p-29696.html HTTP/1.0" 200 81263 "-" "Mozilla/5.0 (compatible; MJ12bot/v1.4.8; http://mj12bot.com/)"
216.244.66.242 - - [09/Jan/2024:04:40:22 +0100] "GET /small-box-for-baby-teeth-jade-p-50813.html HTTP/1.0" 301 84483 "-" "Mozilla/5.0 (compatible; DotBot/1.2; +https://opensiteexplorer.org/dotbot; help@moz.com)"
218.188.41.122 - - [09/Jan/2024:04:40:26 +0100] "GET /-p-29839.html HTTP/1.0" 200 81263 "-" "Mozilla/5.0 (compatible; MJ12bot/v1.4.8; http://mj12bot.com/)"
216.244.66.242 - - [09/Jan/2024:04:40:29 +0100] "GET /stationery-cardmaking-c-129.html?page=3 HTTP/1.0" 200 103361 "-" "Mozilla/5.0 (compatible; DotBot/1.2; +https://opensiteexplorer.org/dotbot; help@moz.com)"
218.188.41.122 - - [09/Jan/2024:04:40:31 +0100] "GET /-p-29874.html HTTP/1.0" 200 81263 "-" "Mozilla/5.0 (compatible; MJ12bot/v1.4.8; http://mj12bot.com/)"
54.36.148.167 - - [09/Jan/2024:04:40:33 +0100] "GET /christmas-tree-decoration-hanging-p-49643.html HTTP/1.0" 200 83759 "-" "Mozilla/5.0 (compatible; AhrefsBot/7.0; +http://ahrefs.com/robot/)"
218.188.41.122 - - [09/Jan/2024:04:40:36 +0100] "GET /-p-29902.html HTTP/1.0" 200 81263 "-" "Mozilla/5.0 (compatible; MJ12bot/v1.4.8; http://mj12bot.com/)"
216.244.66.242 - - [09/Jan/2024:04:40:36 +0100] "GET /andorra-rectangulary-cushion-cbkreation-p-36715.html HTTP/1.0" 301 81330 "-" "Mozilla/5.0 (compatible; DotBot/1.2; +https://opensiteexplorer.org/dotbot; help@moz.com)"
218.188.41.122 - - [09/Jan/2024:04:40:41 +0100] "GET /-p-29903.html HTTP/1.0" 200 81263 "-" "Mozilla/5.0 (compatible; MJ12bot/v1.4.8; http://mj12bot.com/)"
218.188.41.122 - - [09/Jan/2024:04:40:47 +0100] "GET /-p-29962.html HTTP/1.0" 200 81263 "-" "Mozilla/5.0 (compatible; MJ12bot/v1.4.8; http://mj12bot.com/)"
218.188.41.122 - - [09/Jan/2024:04:40:52 +0100] "GET /-p-30051.html HTTP/1.0" 200 81263 "-" "Mozilla/5.0 (compatible; MJ12bot/v1.4.8; http://mj12bot.com/)"
216.244.66.242 - - [09/Jan/2024:04:40:52 +0100] "GET /ford-shelby-gt500-metal-plate-deco-405-215-cm-p-47178.html HTTP/1.0" 301 83910 "-" "Mozilla/5.0 (compatible; DotBot/1.2; +https://opensiteexplorer.org/dotbot; help@moz.com)"
218.188.41.122 - - [09/Jan/2024:04:40:58 +0100] "GET /-p-30053.html HTTP/1.0" 200 81263 "-" "Mozilla/5.0 (compatible; MJ12bot/v1.4.8; http://mj12bot.com/)"
218.188.41.122 - - [09/Jan/2024:04:41:02 +0100] "GET /-p-30168.html HTTP/1.0" 200 81263 "-" "Mozilla/5.0 (compatible; MJ12bot/v1.4.8; http://mj12bot.com/)"
216.244.66.242 - - [09/Jan/2024:04:41:05 +0100] "GET /jasmin-jasmine-mood-companion-portfolio-p-35089.html HTTP/1.0" 301 81330 "-" "Mozilla/5.0 (compatible; DotBot/1.2; +https://opensiteexplorer.org/dotbot; help@moz.com)"
218.188.41.122 - - [09/Jan/2024:04:41:07 +0100] "GET /-p-30294.html HTTP/1.0" 200 81263 "-" "Mozilla/5.0 (compatible; MJ12bot/v1.4.8; http://mj12bot.com/)"
202.239.4.25 - - [09/Jan/2024:04:41:10 +0100] "GET /baskets-c-13_289.html HTTP/1.0" 200 100827 "-" "Mozilla/5.0 (compatible; Y!J-WSC/1.0; +https://yahoo.jp/3BSZgF)"
218.188.41.122 - - [09/Jan/2024:04:41:12 +0100] "GET /-p-30295.html HTTP/1.0" 200 81263 "-" "Mozilla/5.0 (compatible; MJ12bot/v1.4.8; http://mj12bot.com/)"
202.239.4.209 - - [09/Jan/2024:04:41:15 +0100] "GET /js/jquery.min.js HTTP/1.0" 404 1308 "http://www.wonder-geek.com/baskets-c-13_289.html" "Mozilla/5.0 (Windows NT 10.0; Win64; x64) AppleWebKit/537.36 (KHTML, like Gecko; compatible; Y!J-WSC/1.0; +https://yahoo.jp/3BSZgF) Chrome/118.0.0.0 Safari/537.36"
216.244.66.242 - - [09/Jan/2024:04:41:16 +0100] "GET /love-personnalized-iphone-shell-44s-p-17686.html HTTP/1.0" 301 84372 "-" "Mozilla/5.0 (compatible; DotBot/1.2; +https://opensiteexplorer.org/dotbot; help@moz.com)"
218.188.41.122 - - [09/Jan/2024:04:41:18 +0100] "GET /-p-30322.html HTTP/1.0" 200 81263 "-" "Mozilla/5.0 (compatible; MJ12bot/v1.4.8; http://mj12bot.com/)"
218.188.41.122 - - [09/Jan/2024:04:41:24 +0100] "GET /-p-30432.html HTTP/1.0" 200 81263 "-" "Mozilla/5.0 (compatible; MJ12bot/v1.4.8; http://mj12bot.com/)"
216.244.66.242 - - [09/Jan/2024:04:41:27 +0100] "GET /mani-the-lucky-cat-glasses-case-p-49902.html HTTP/1.0" 301 83823 "-" "Mozilla/5.0 (compatible; DotBot/1.2; +https://opensiteexplorer.org/dotbot; help@moz.com)"
218.188.41.122 - - [09/Jan/2024:04:41:29 +0100] "GET /-p-30551.html HTTP/1.0" 200 81263 "-" "Mozilla/5.0 (compatible; MJ12bot/v1.4.8; http://mj12bot.com/)"
134.94.0.71 - - [09/Jan/2024:04:41:34 +0100] "GET /images/mini_prod/5411854151674.jpg HTTP/1.0" 200 269 "-" "Mozilla/5.0 (X11; Ubuntu; Linux x86_64; rv:72.0) Gecko/20100101 Firefox/72.0"
218.188.41.122 - - [09/Jan/2024:04:41:33 +0100] "GET /-p-30704.html HTTP/1.0" 200 81263 "-" "Mozilla/5.0 (compatible; MJ12bot/v1.4.8; http://mj12bot.com/)"
216.244.66.242 - - [09/Jan/2024:04:41:36 +0100] "GET /protective-cover-for-cotton-fleece-43-180-cm-p-39152.html HTTP/1.0" 301 84566 "-" "Mozilla/5.0 (compatible; DotBot/1.2; +https://opensiteexplorer.org/dotbot; help@moz.com)"
218.188.41.122 - - [09/Jan/2024:04:41:38 +0100] "GET /-p-30885.html HTTP/1.0" 200 81263 "-" "Mozilla/5.0 (compatible; MJ12bot/v1.4.8; http://mj12bot.com/)"
218.188.41.122 - - [09/Jan/2024:04:41:43 +0100] "GET /-p-30930.html HTTP/1.0" 200 81263 "-" "Mozilla/5.0 (compatible; MJ12bot/v1.4.8; http://mj12bot.com/)"
216.244.66.242 - - [09/Jan/2024:04:41:45 +0100] "GET /pusheen-mermaid-clam-soft-toy-16-cm-p-41681.html HTTP/1.0" 301 81330 "-" "Mozilla/5.0 (compatible; DotBot/1.2; +https://opensiteexplorer.org/dotbot; help@moz.com)"
134.94.0.71 - - [09/Jan/2024:04:41:47 +0100] "GET /images/mini_prod/8424346248957.jpg HTTP/1.0" 200 269 "-" "Mozilla/5.0 (X11; Ubuntu; Linux x86_64; rv:72.0) Gecko/20100101 Firefox/72.0"
218.188.41.122 - - [09/Jan/2024:04:41:48 +0100] "GET /-p-30937.html HTTP/1.0" 200 81263 "-" "Mozilla/5.0 (compatible; MJ12bot/v1.4.8; http://mj12bot.com/)"
218.188.41.122 - - [09/Jan/2024:04:41:53 +0100] "GET /-p-30962.html HTTP/1.0" 200 81263 "-" "Mozilla/5.0 (compatible; MJ12bot/v1.4.8; http://mj12bot.com/)"
216.244.66.242 - - [09/Jan/2024:04:41:56 +0100] "GET /rhinoceros-jar-utensil-cbkreation-p-33799.html HTTP/1.0" 301 83798 "-" "Mozilla/5.0 (compatible; DotBot/1.2; +https://opensiteexplorer.org/dotbot; help@moz.com)"
218.188.41.122 - - [09/Jan/2024:04:41:59 +0100] "GET /-p-30969.html HTTP/1.0" 200 81263 "-" "Mozilla/5.0 (compatible; MJ12bot/v1.4.8; http://mj12bot.com/)"
216.244.66.242 - - [09/Jan/2024:04:42:03 +0100] "GET /set-of-bears-fir-decoration-10-cm-p-49238.html HTTP/1.0" 301 81330 "-" "Mozilla/5.0 (compatible; DotBot/1.2; +https://opensiteexplorer.org/dotbot; help@moz.com)"
218.188.41.122 - - [09/Jan/2024:04:42:03 +0100] "GET /-p-31045.html HTTP/1.0" 200 81263 "-" "Mozilla/5.0 (compatible; MJ12bot/v1.4.8; http://mj12bot.com/)"
218.188.41.122 - - [09/Jan/2024:04:42:09 +0100] "GET /-p-31081.html HTTP/1.0" 200 81263 "-" "Mozilla/5.0 (compatible; MJ12bot/v1.4.8; http://mj12bot.com/)"
218.188.41.122 - - [09/Jan/2024:04:42:14 +0100] "GET /-p-31099.html HTTP/1.0" 200 81263 "-" "Mozilla/5.0 (compatible; MJ12bot/v1.4.8; http://mj12bot.com/)"
218.188.41.122 - - [09/Jan/2024:04:42:19 +0100] "GET /-p-31227.html HTTP/1.0" 200 81263 "-" "Mozilla/5.0 (compatible; MJ12bot/v1.4.8; http://mj12bot.com/)"
218.188.41.122 - - [09/Jan/2024:04:42:24 +0100] "GET /-p-31291.html HTTP/1.0" 200 81263 "-" "Mozilla/5.0 (compatible; MJ12bot/v1.4.8; http://mj12bot.com/)"
218.188.41.122 - - [09/Jan/2024:04:42:29 +0100] "GET /-p-31425.html HTTP/1.0" 200 81263 "-" "Mozilla/5.0 (compatible; MJ12bot/v1.4.8; http://mj12bot.com/)"
218.188.41.122 - - [09/Jan/2024:04:42:33 +0100] "GET /-p-31462.html HTTP/1.0" 200 81263 "-" "Mozilla/5.0 (compatible; MJ12bot/v1.4.8; http://mj12bot.com/)"
218.188.41.122 - - [09/Jan/2024:04:42:38 +0100] "GET /-p-31473.html HTTP/1.0" 200 81263 "-" "Mozilla/5.0 (compatible; MJ12bot/v1.4.8; http://mj12bot.com/)"
218.188.41.122 - - [09/Jan/2024:04:42:43 +0100] "GET /-p-31505.html HTTP/1.0" 200 81263 "-" "Mozilla/5.0 (compatible; MJ12bot/v1.4.8; http://mj12bot.com/)"
218.188.41.122 - - [09/Jan/2024:04:42:47 +0100] "GET /-p-31822.html HTTP/1.0" 200 81263 "-" "Mozilla/5.0 (compatible; MJ12bot/v1.4.8; http://mj12bot.com/)"
120.92.12.206 - - [09/Jan/2024:04:42:50 +0100] "GET /images/3438100341247.jpg HTTP/1.0" 200 259 "-" "Mozilla/5.0 (X11; Ubuntu; Linux x86_64; rv:72.0) Gecko/20100101 Firefox/72.0"
218.188.41.122 - - [09/Jan/2024:04:42:52 +0100] "GET /-p-3188.html HTTP/1.0" 200 81261 "-" "Mozilla/5.0 (compatible; MJ12bot/v1.4.8; http://mj12bot.com/)"
51.68.224.127 - - [09/Jan/2024:04:42:55 +0100] "GET /adminweb/export_orders_xml.php?token=256de2z6edz6ed2z6DFSFsed2zed6zeDSFDSGdzedezfzf&maxorders=10&orderstart=1&status=14&start_date=2018-10-01 HTTP/1.0" 200 285 "-" "GesCom CharlotteBoutik Serveur"
51.68.224.127 - - [09/Jan/2024:04:42:55 +0100] "GET /adminweb/export_orders_xml.php?token=256de2z6edz6ed2z6DFSFsed2zed6zeDSFDSGdzedezfzf&maxorders=10&orderstart=1&status=6&start_date=2018-10-01 HTTP/1.0" 200 34422 "-" "GesCom CharlotteBoutik Serveur"
218.188.41.122 - - [09/Jan/2024:04:42:56 +0100] "GET /-p-31937.html HTTP/1.0" 200 81263 "-" "Mozilla/5.0 (compatible; MJ12bot/v1.4.8; http://mj12bot.com/)"
218.188.41.122 - - [09/Jan/2024:04:43:01 +0100] "GET /-p-31951.html HTTP/1.0" 200 81263 "-" "Mozilla/5.0 (compatible; MJ12bot/v1.4.8; http://mj12bot.com/)"
114.119.134.106 - - [09/Jan/2024:04:43:03 +0100] "GET /tinted-candle-mass-pink-color-p-52036.html HTTP/1.0" 200 81361 "http://www.wonder-geek.com/scented-candles-novenas-c-231_227.html" "Mozilla/5.0 (Linux; Android 7.0;) AppleWebKit/537.36 (KHTML, like Gecko) Mobile Safari/537.36 (compatible; PetalBot;+https://webmaster.petalsearch.com/site/petalbot)"
218.188.41.122 - - [09/Jan/2024:04:43:06 +0100] "GET /-p-32029.html HTTP/1.0" 200 81263 "-" "Mozilla/5.0 (compatible; MJ12bot/v1.4.8; http://mj12bot.com/)"
3.208.29.156 - - [09/Jan/2024:04:43:11 +0100] "GET /robots.txt HTTP/1.0" 200 245 "-" "Go-http-client/1.1"
218.188.41.122 - - [09/Jan/2024:04:43:11 +0100] "GET /-p-32035.html HTTP/1.0" 200 81263 "-" "Mozilla/5.0 (compatible; MJ12bot/v1.4.8; http://mj12bot.com/)"
218.188.41.122 - - [09/Jan/2024:04:43:15 +0100] "GET /-p-32109.html HTTP/1.0" 200 81263 "-" "Mozilla/5.0 (compatible; MJ12bot/v1.4.8; http://mj12bot.com/)"
218.188.41.122 - - [09/Jan/2024:04:43:20 +0100] "GET /-p-32172.html HTTP/1.0" 200 81263 "-" "Mozilla/5.0 (compatible; MJ12bot/v1.4.8; http://mj12bot.com/)"
218.188.41.122 - - [09/Jan/2024:04:43:25 +0100] "GET /-p-32267.html HTTP/1.0" 200 81263 "-" "Mozilla/5.0 (compatible; MJ12bot/v1.4.8; http://mj12bot.com/)"
218.188.41.122 - - [09/Jan/2024:04:43:30 +0100] "GET /-p-32340.html HTTP/1.0" 200 81263 "-" "Mozilla/5.0 (compatible; MJ12bot/v1.4.8; http://mj12bot.com/)"
213.180.203.115 - - [09/Jan/2024:04:43:35 +0100] "GET /robots.txt HTTP/1.0" 200 245 "-" "Mozilla/5.0 (compatible; YandexBot/3.0; +http://yandex.com/bots)"
213.180.203.112 - - [09/Jan/2024:04:43:36 +0100] "GET /images/6953270928366.jpg HTTP/1.0" 200 259 "-" "Mozilla/5.0 (compatible; YandexImages/3.0; +http://yandex.com/bots)"
218.188.41.122 - - [09/Jan/2024:04:43:35 +0100] "GET /-p-32432.html HTTP/1.0" 200 81263 "-" "Mozilla/5.0 (compatible; MJ12bot/v1.4.8; http://mj12bot.com/)"
218.188.41.122 - - [09/Jan/2024:04:43:40 +0100] "GET /-p-32581.html HTTP/1.0" 200 81263 "-" "Mozilla/5.0 (compatible; MJ12bot/v1.4.8; http://mj12bot.com/)"
218.188.41.122 - - [09/Jan/2024:04:43:45 +0100] "GET /-p-32877.html HTTP/1.0" 200 81263 "-" "Mozilla/5.0 (compatible; MJ12bot/v1.4.8; http://mj12bot.com/)"
216.244.66.242 - - [09/Jan/2024:04:43:51 +0100] "GET /images/med_prod/1341689696832.jpg HTTP/1.0" 200 268 "-" "Mozilla/5.0 (compatible; DotBot/1.2; +https://opensiteexplorer.org/dotbot; help@moz.com)"
218.188.41.122 - - [09/Jan/2024:04:43:50 +0100] "GET /-p-32927.html HTTP/1.0" 200 81263 "-" "Mozilla/5.0 (compatible; MJ12bot/v1.4.8; http://mj12bot.com/)"
218.188.41.122 - - [09/Jan/2024:04:43:54 +0100] "GET /-p-32943.html HTTP/1.0" 200 81263 "-" "Mozilla/5.0 (compatible; MJ12bot/v1.4.8; http://mj12bot.com/)"
216.244.66.242 - - [09/Jan/2024:04:43:55 +0100] "GET /winnie-pooh-ball-filled-p-11522.html HTTP/1.0" 200 84093 "-" "Mozilla/5.0 (compatible; DotBot/1.2; +https://opensiteexplorer.org/dotbot; help@moz.com)"
54.36.148.199 - - [09/Jan/2024:04:43:57 +0100] "GET /home-decoration-c-13.html?page=41 HTTP/1.0" 200 103317 "-" "Mozilla/5.0 (compatible; AhrefsBot/7.0; +http://ahrefs.com/robot/)"
218.188.41.122 - - [09/Jan/2024:04:43:59 +0100] "GET /-p-32959.html HTTP/1.0" 200 81263 "-" "Mozilla/5.0 (compatible; MJ12bot/v1.4.8; http://mj12bot.com/)"
218.188.41.122 - - [09/Jan/2024:04:44:05 +0100] "GET /-p-33112.html HTTP/1.0" 200 81263 "-" "Mozilla/5.0 (compatible; MJ12bot/v1.4.8; http://mj12bot.com/)"
114.119.157.221 - - [09/Jan/2024:04:44:06 +0100] "GET /simpsons-black-p-12806.html HTTP/1.0" 200 81336 "http://www.wonder-geek.com/mugs-mazagrans-c-12_57.html?page=9" "Mozilla/5.0 (Linux; Android 7.0;) AppleWebKit/537.36 (KHTML, like Gecko) Mobile Safari/537.36 (compatible; PetalBot;+https://webmaster.petalsearch.com/site/petalbot)"
218.188.41.122 - - [09/Jan/2024:04:44:10 +0100] "GET /-p-33114.html HTTP/1.0" 200 81263 "-" "Mozilla/5.0 (compatible; MJ12bot/v1.4.8; http://mj12bot.com/)"
52.167.144.203 - - [09/Jan/2024:04:44:11 +0100] "GET /adults-c-53.html HTTP/1.0" 200 102571 "-" "Mozilla/5.0 AppleWebKit/537.36 (KHTML, like Gecko; compatible; bingbot/2.0; +http://www.bing.com/bingbot.htm) Chrome/116.0.1938.76 Safari/537.36"
218.188.41.122 - - [09/Jan/2024:04:44:15 +0100] "GET /-p-33373.html HTTP/1.0" 200 81263 "-" "Mozilla/5.0 (compatible; MJ12bot/v1.4.8; http://mj12bot.com/)"
218.188.41.122 - - [09/Jan/2024:04:44:20 +0100] "GET /-p-33610.html HTTP/1.0" 200 81263 "-" "Mozilla/5.0 (compatible; MJ12bot/v1.4.8; http://mj12bot.com/)"
54.152.245.59 - - [09/Jan/2024:04:44:22 +0100] "GET /robots.txt HTTP/1.0" 200 245 "-" "Go-http-client/1.1"
218.188.41.122 - - [09/Jan/2024:04:44:24 +0100] "GET /-p-33912.html HTTP/1.0" 200 81263 "-" "Mozilla/5.0 (compatible; MJ12bot/v1.4.8; http://mj12bot.com/)"
218.188.41.122 - - [09/Jan/2024:04:44:29 +0100] "GET /-p-34353.html HTTP/1.0" 200 81263 "-" "Mozilla/5.0 (compatible; MJ12bot/v1.4.8; http://mj12bot.com/)"
218.188.41.122 - - [09/Jan/2024:04:44:33 +0100] "GET /-p-34354.html HTTP/1.0" 200 81263 "-" "Mozilla/5.0 (compatible; MJ12bot/v1.4.8; http://mj12bot.com/)"
218.188.41.122 - - [09/Jan/2024:04:44:37 +0100] "GET /-p-34592.html HTTP/1.0" 200 81263 "-" "Mozilla/5.0 (compatible; MJ12bot/v1.4.8; http://mj12bot.com/)"
218.188.41.122 - - [09/Jan/2024:04:44:42 +0100] "GET /-p-34877.html HTTP/1.0" 200 81263 "-" "Mozilla/5.0 (compatible; MJ12bot/v1.4.8; http://mj12bot.com/)"
218.188.41.122 - - [09/Jan/2024:04:44:49 +0100] "GET /-p-34937.html HTTP/1.0" 200 81263 "-" "Mozilla/5.0 (compatible; MJ12bot/v1.4.8; http://mj12bot.com/)"
218.188.41.122 - - [09/Jan/2024:04:44:55 +0100] "GET /-p-34938.html HTTP/1.0" 200 81263 "-" "Mozilla/5.0 (compatible; MJ12bot/v1.4.8; http://mj12bot.com/)"
218.188.41.122 - - [09/Jan/2024:04:45:00 +0100] "GET /-p-35057.html HTTP/1.0" 200 81263 "-" "Mozilla/5.0 (compatible; MJ12bot/v1.4.8; http://mj12bot.com/)"
218.188.41.122 - - [09/Jan/2024:04:45:06 +0100] "GET /-p-35089.html HTTP/1.0" 200 81263 "-" "Mozilla/5.0 (compatible; MJ12bot/v1.4.8; http://mj12bot.com/)"
5.255.231.177 - - [09/Jan/2024:04:45:10 +0100] "GET /robots.txt HTTP/1.0" 200 245 "-" "Mozilla/5.0 (compatible; YandexBot/3.0; +http://yandex.com/bots)"
95.108.213.127 - - [09/Jan/2024:04:45:10 +0100] "GET /-p-21779.html HTTP/1.0" 200 81263 "-" "Mozilla/5.0 (compatible; YandexBot/3.0; +http://yandex.com/bots)"
218.188.41.122 - - [09/Jan/2024:04:45:12 +0100] "GET /-p-35106.html HTTP/1.0" 200 81263 "-" "Mozilla/5.0 (compatible; MJ12bot/v1.4.8; http://mj12bot.com/)"
218.188.41.122 - - [09/Jan/2024:04:45:19 +0100] "GET /-p-35218.html HTTP/1.0" 200 81263 "-" "Mozilla/5.0 (compatible; MJ12bot/v1.4.8; http://mj12bot.com/)"
218.188.41.122 - - [09/Jan/2024:04:45:25 +0100] "GET /-p-35220.html HTTP/1.0" 200 81263 "-" "Mozilla/5.0 (compatible; MJ12bot/v1.4.8; http://mj12bot.com/)"
218.188.41.122 - - [09/Jan/2024:04:45:31 +0100] "GET /-p-35221.html HTTP/1.0" 200 81263 "-" "Mozilla/5.0 (compatible; MJ12bot/v1.4.8; http://mj12bot.com/)"
218.188.41.122 - - [09/Jan/2024:04:45:36 +0100] "GET /-p-35246.html HTTP/1.0" 200 81263 "-" "Mozilla/5.0 (compatible; MJ12bot/v1.4.8; http://mj12bot.com/)"
180.76.14.19 - - [09/Jan/2024:04:45:41 +0100] "GET /images/mini_prod/1300000020282.jpg HTTP/1.0" 200 269 "-" "Mozilla/5.0 (X11; Ubuntu; Linux x86_64; rv:72.0) Gecko/20100101 Firefox/72.0"
218.188.41.122 - - [09/Jan/2024:04:45:43 +0100] "GET /-p-35290.html HTTP/1.0" 200 81263 "-" "Mozilla/5.0 (compatible; MJ12bot/v1.4.8; http://mj12bot.com/)"
218.188.41.122 - - [09/Jan/2024:04:45:49 +0100] "GET /-p-35451.html HTTP/1.0" 200 81263 "-" "Mozilla/5.0 (compatible; MJ12bot/v1.4.8; http://mj12bot.com/)"
218.188.41.122 - - [09/Jan/2024:04:45:54 +0100] "GET /-p-35777.html HTTP/1.0" 200 81263 "-" "Mozilla/5.0 (compatible; MJ12bot/v1.4.8; http://mj12bot.com/)"
218.188.41.122 - - [09/Jan/2024:04:46:01 +0100] "GET /-p-35964.html HTTP/1.0" 200 81263 "-" "Mozilla/5.0 (compatible; MJ12bot/v1.4.8; http://mj12bot.com/)"
218.188.41.122 - - [09/Jan/2024:04:46:06 +0100] "GET /-p-3607.html HTTP/1.0" 200 81261 "-" "Mozilla/5.0 (compatible; MJ12bot/v1.4.8; http://mj12bot.com/)"
218.188.41.122 - - [09/Jan/2024:04:46:12 +0100] "GET /-p-36072.html HTTP/1.0" 200 81263 "-" "Mozilla/5.0 (compatible; MJ12bot/v1.4.8; http://mj12bot.com/)"
218.188.41.122 - - [09/Jan/2024:04:46:17 +0100] "GET /-p-36191.html HTTP/1.0" 200 81263 "-" "Mozilla/5.0 (compatible; MJ12bot/v1.4.8; http://mj12bot.com/)"
218.188.41.122 - - [09/Jan/2024:04:46:23 +0100] "GET /-p-36271.html HTTP/1.0" 200 81263 "-" "Mozilla/5.0 (compatible; MJ12bot/v1.4.8; http://mj12bot.com/)"
218.188.41.122 - - [09/Jan/2024:04:46:28 +0100] "GET /-p-36362.html HTTP/1.0" 200 81263 "-" "Mozilla/5.0 (compatible; MJ12bot/v1.4.8; http://mj12bot.com/)"
218.188.41.122 - - [09/Jan/2024:04:46:33 +0100] "GET /-p-36569.html HTTP/1.0" 200 81263 "-" "Mozilla/5.0 (compatible; MJ12bot/v1.4.8; http://mj12bot.com/)"
218.188.41.122 - - [09/Jan/2024:04:46:39 +0100] "GET /-p-36879.html HTTP/1.0" 200 81263 "-" "Mozilla/5.0 (compatible; MJ12bot/v1.4.8; http://mj12bot.com/)"
218.188.41.122 - - [09/Jan/2024:04:46:45 +0100] "GET /-p-36970.html HTTP/1.0" 200 81263 "-" "Mozilla/5.0 (compatible; MJ12bot/v1.4.8; http://mj12bot.com/)"
218.188.41.122 - - [09/Jan/2024:04:46:51 +0100] "GET /-p-37010.html HTTP/1.0" 200 81263 "-" "Mozilla/5.0 (compatible; MJ12bot/v1.4.8; http://mj12bot.com/)"
218.188.41.122 - - [09/Jan/2024:04:46:57 +0100] "GET /-p-37346.html HTTP/1.0" 200 81263 "-" "Mozilla/5.0 (compatible; MJ12bot/v1.4.8; http://mj12bot.com/)"
218.188.41.122 - - [09/Jan/2024:04:47:03 +0100] "GET /-p-37347.html HTTP/1.0" 200 81263 "-" "Mozilla/5.0 (compatible; MJ12bot/v1.4.8; http://mj12bot.com/)"
218.188.41.122 - - [09/Jan/2024:04:47:08 +0100] "GET /-p-37349.html HTTP/1.0" 200 81263 "-" "Mozilla/5.0 (compatible; MJ12bot/v1.4.8; http://mj12bot.com/)"
218.188.41.122 - - [09/Jan/2024:04:47:14 +0100] "GET /-p-3740.html HTTP/1.0" 200 81261 "-" "Mozilla/5.0 (compatible; MJ12bot/v1.4.8; http://mj12bot.com/)"
218.188.41.122 - - [09/Jan/2024:04:47:19 +0100] "GET /-p-37515.html HTTP/1.0" 200 81263 "-" "Mozilla/5.0 (compatible; MJ12bot/v1.4.8; http://mj12bot.com/)"
218.188.41.122 - - [09/Jan/2024:04:47:24 +0100] "GET /-p-37875.html HTTP/1.0" 200 81263 "-" "Mozilla/5.0 (compatible; MJ12bot/v1.4.8; http://mj12bot.com/)"
218.188.41.122 - - [09/Jan/2024:04:47:31 +0100] "GET /-p-3845.html HTTP/1.0" 200 81261 "-" "Mozilla/5.0 (compatible; MJ12bot/v1.4.8; http://mj12bot.com/)"
218.188.41.122 - - [09/Jan/2024:04:47:36 +0100] "GET /-p-38838.html HTTP/1.0" 200 81263 "-" "Mozilla/5.0 (compatible; MJ12bot/v1.4.8; http://mj12bot.com/)"
54.36.148.157 - - [09/Jan/2024:04:47:36 +0100] "GET /eyelet-curtain-p-52357.html HTTP/1.0" 200 85807 "-" "Mozilla/5.0 (compatible; AhrefsBot/7.0; +http://ahrefs.com/robot/)"
218.188.41.122 - - [09/Jan/2024:04:47:42 +0100] "GET /-p-38839.html HTTP/1.0" 200 81263 "-" "Mozilla/5.0 (compatible; MJ12bot/v1.4.8; http://mj12bot.com/)"
218.188.41.122 - - [09/Jan/2024:04:47:47 +0100] "GET /-p-38840.html HTTP/1.0" 200 81263 "-" "Mozilla/5.0 (compatible; MJ12bot/v1.4.8; http://mj12bot.com/)"
218.188.41.122 - - [09/Jan/2024:04:47:53 +0100] "GET /-p-39573.html HTTP/1.0" 200 81263 "-" "Mozilla/5.0 (compatible; MJ12bot/v1.4.8; http://mj12bot.com/)"
218.188.41.122 - - [09/Jan/2024:04:47:58 +0100] "GET /-p-39589.html HTTP/1.0" 200 81263 "-" "Mozilla/5.0 (compatible; MJ12bot/v1.4.8; http://mj12bot.com/)"
218.188.41.122 - - [09/Jan/2024:04:48:03 +0100] "GET /-p-39594.html HTTP/1.0" 200 81263 "-" "Mozilla/5.0 (compatible; MJ12bot/v1.4.8; http://mj12bot.com/)"
218.188.41.122 - - [09/Jan/2024:04:48:10 +0100] "GET /-p-39694.html HTTP/1.0" 200 81263 "-" "Mozilla/5.0 (compatible; MJ12bot/v1.4.8; http://mj12bot.com/)"
218.188.41.122 - - [09/Jan/2024:04:48:17 +0100] "GET /-p-39698.html HTTP/1.0" 200 81263 "-" "Mozilla/5.0 (compatible; MJ12bot/v1.4.8; http://mj12bot.com/)"
218.188.41.122 - - [09/Jan/2024:04:48:22 +0100] "GET /-p-39713.html HTTP/1.0" 200 81263 "-" "Mozilla/5.0 (compatible; MJ12bot/v1.4.8; http://mj12bot.com/)"
218.188.41.122 - - [09/Jan/2024:04:48:27 +0100] "GET /-p-39734.html HTTP/1.0" 200 81263 "-" "Mozilla/5.0 (compatible; MJ12bot/v1.4.8; http://mj12bot.com/)"
218.188.41.122 - - [09/Jan/2024:04:48:33 +0100] "GET /-p-40579.html HTTP/1.0" 200 81263 "-" "Mozilla/5.0 (compatible; MJ12bot/v1.4.8; http://mj12bot.com/)"
218.188.41.122 - - [09/Jan/2024:04:48:39 +0100] "GET /-p-40582.html HTTP/1.0" 200 81263 "-" "Mozilla/5.0 (compatible; MJ12bot/v1.4.8; http://mj12bot.com/)"
218.188.41.122 - - [09/Jan/2024:04:48:45 +0100] "GET /-p-40586.html HTTP/1.0" 200 81263 "-" "Mozilla/5.0 (compatible; MJ12bot/v1.4.8; http://mj12bot.com/)"
218.188.41.122 - - [09/Jan/2024:04:48:50 +0100] "GET /-p-40984.html HTTP/1.0" 200 81263 "-" "Mozilla/5.0 (compatible; MJ12bot/v1.4.8; http://mj12bot.com/)"
218.188.41.122 - - [09/Jan/2024:04:48:55 +0100] "GET /-p-41613.html HTTP/1.0" 200 81263 "-" "Mozilla/5.0 (compatible; MJ12bot/v1.4.8; http://mj12bot.com/)"
218.188.41.122 - - [09/Jan/2024:04:49:01 +0100] "GET /-p-41770.html HTTP/1.0" 200 81263 "-" "Mozilla/5.0 (compatible; MJ12bot/v1.4.8; http://mj12bot.com/)"
218.188.41.122 - - [09/Jan/2024:04:49:06 +0100] "GET /-p-41800.html HTTP/1.0" 200 81263 "-" "Mozilla/5.0 (compatible; MJ12bot/v1.4.8; http://mj12bot.com/)"
218.188.41.122 - - [09/Jan/2024:04:49:11 +0100] "GET /-p-42.html HTTP/1.0" 200 81257 "-" "Mozilla/5.0 (compatible; MJ12bot/v1.4.8; http://mj12bot.com/)"
218.188.41.122 - - [09/Jan/2024:04:49:16 +0100] "GET /-p-42252.html HTTP/1.0" 200 81263 "-" "Mozilla/5.0 (compatible; MJ12bot/v1.4.8; http://mj12bot.com/)"
218.188.41.122 - - [09/Jan/2024:04:49:22 +0100] "GET /-p-42713.html HTTP/1.0" 200 81263 "-" "Mozilla/5.0 (compatible; MJ12bot/v1.4.8; http://mj12bot.com/)"
218.188.41.122 - - [09/Jan/2024:04:49:28 +0100] "GET /-p-42855.html HTTP/1.0" 200 81263 "-" "Mozilla/5.0 (compatible; MJ12bot/v1.4.8; http://mj12bot.com/)"
218.188.41.122 - - [09/Jan/2024:04:49:33 +0100] "GET /-p-42929.html HTTP/1.0" 200 81263 "-" "Mozilla/5.0 (compatible; MJ12bot/v1.4.8; http://mj12bot.com/)"
218.188.41.122 - - [09/Jan/2024:04:49:39 +0100] "GET /-p-42932.html HTTP/1.0" 200 81263 "-" "Mozilla/5.0 (compatible; MJ12bot/v1.4.8; http://mj12bot.com/)"
218.188.41.122 - - [09/Jan/2024:04:49:45 +0100] "GET /-p-42935.html HTTP/1.0" 200 81263 "-" "Mozilla/5.0 (compatible; MJ12bot/v1.4.8; http://mj12bot.com/)"
218.188.41.122 - - [09/Jan/2024:04:49:50 +0100] "GET /-p-42956.html HTTP/1.0" 200 81263 "-" "Mozilla/5.0 (compatible; MJ12bot/v1.4.8; http://mj12bot.com/)"
218.188.41.122 - - [09/Jan/2024:04:49:55 +0100] "GET /-p-42962.html HTTP/1.0" 200 81263 "-" "Mozilla/5.0 (compatible; MJ12bot/v1.4.8; http://mj12bot.com/)"
218.188.41.122 - - [09/Jan/2024:04:50:01 +0100] "GET /-p-43010.html HTTP/1.0" 200 81263 "-" "Mozilla/5.0 (compatible; MJ12bot/v1.4.8; http://mj12bot.com/)"
218.188.41.122 - - [09/Jan/2024:04:50:07 +0100] "GET /-p-43012.html HTTP/1.0" 200 81263 "-" "Mozilla/5.0 (compatible; MJ12bot/v1.4.8; http://mj12bot.com/)"
218.188.41.122 - - [09/Jan/2024:04:50:13 +0100] "GET /-p-43127.html HTTP/1.0" 200 81263 "-" "Mozilla/5.0 (compatible; MJ12bot/v1.4.8; http://mj12bot.com/)"
218.188.41.122 - - [09/Jan/2024:04:50:19 +0100] "GET /-p-43129.html HTTP/1.0" 200 81263 "-" "Mozilla/5.0 (compatible; MJ12bot/v1.4.8; http://mj12bot.com/)"
218.188.41.122 - - [09/Jan/2024:04:50:24 +0100] "GET /-p-43130.html HTTP/1.0" 200 81263 "-" "Mozilla/5.0 (compatible; MJ12bot/v1.4.8; http://mj12bot.com/)"
218.188.41.122 - - [09/Jan/2024:04:50:29 +0100] "GET /-p-43131.html HTTP/1.0" 200 81263 "-" "Mozilla/5.0 (compatible; MJ12bot/v1.4.8; http://mj12bot.com/)"
218.188.41.122 - - [09/Jan/2024:04:50:34 +0100] "GET /-p-43136.html HTTP/1.0" 200 81263 "-" "Mozilla/5.0 (compatible; MJ12bot/v1.4.8; http://mj12bot.com/)"
218.188.41.122 - - [09/Jan/2024:04:50:39 +0100] "GET /-p-43137.html HTTP/1.0" 200 81263 "-" "Mozilla/5.0 (compatible; MJ12bot/v1.4.8; http://mj12bot.com/)"
218.188.41.122 - - [09/Jan/2024:04:50:44 +0100] "GET /-p-43456.html HTTP/1.0" 200 81263 "-" "Mozilla/5.0 (compatible; MJ12bot/v1.4.8; http://mj12bot.com/)"
134.94.0.71 - - [09/Jan/2024:04:50:49 +0100] "GET /images/mini_prod/3438100349946.jpg HTTP/1.0" 200 269 "-" "Mozilla/5.0 (X11; Ubuntu; Linux x86_64; rv:72.0) Gecko/20100101 Firefox/72.0"
218.188.41.122 - - [09/Jan/2024:04:50:49 +0100] "GET /-p-43457.html HTTP/1.0" 200 81263 "-" "Mozilla/5.0 (compatible; MJ12bot/v1.4.8; http://mj12bot.com/)"
218.188.41.122 - - [09/Jan/2024:04:50:55 +0100] "GET /-p-43459.html HTTP/1.0" 200 81263 "-" "Mozilla/5.0 (compatible; MJ12bot/v1.4.8; http://mj12bot.com/)"
218.188.41.122 - - [09/Jan/2024:04:51:00 +0100] "GET /-p-43460.html HTTP/1.0" 200 81263 "-" "Mozilla/5.0 (compatible; MJ12bot/v1.4.8; http://mj12bot.com/)"
87.250.224.22 - - [09/Jan/2024:04:51:08 +0100] "GET /robots.txt HTTP/1.0" 200 245 "-" "Mozilla/5.0 (compatible; YandexBot/3.0; +http://yandex.com/bots)"
218.188.41.122 - - [09/Jan/2024:04:51:06 +0100] "GET /-p-43469.html HTTP/1.0" 200 81263 "-" "Mozilla/5.0 (compatible; MJ12bot/v1.4.8; http://mj12bot.com/)"
95.108.213.153 - - [09/Jan/2024:04:51:08 +0100] "GET /-p-24720.html HTTP/1.0" 200 81263 "-" "Mozilla/5.0 (compatible; YandexBot/3.0; +http://yandex.com/bots)"
218.188.41.122 - - [09/Jan/2024:04:51:11 +0100] "GET /-p-43471.html HTTP/1.0" 200 81263 "-" "Mozilla/5.0 (compatible; MJ12bot/v1.4.8; http://mj12bot.com/)"
218.188.41.122 - - [09/Jan/2024:04:51:16 +0100] "GET /-p-43472.html HTTP/1.0" 200 81263 "-" "Mozilla/5.0 (compatible; MJ12bot/v1.4.8; http://mj12bot.com/)"
54.36.149.57 - - [09/Jan/2024:04:51:16 +0100] "GET /cats-paris-rigid-glasses-p-60610.html HTTP/1.0" 200 84373 "-" "Mozilla/5.0 (compatible; AhrefsBot/7.0; +http://ahrefs.com/robot/)"
218.188.41.122 - - [09/Jan/2024:04:51:22 +0100] "GET /-p-43478.html HTTP/1.0" 200 81263 "-" "Mozilla/5.0 (compatible; MJ12bot/v1.4.8; http://mj12bot.com/)"
218.188.41.122 - - [09/Jan/2024:04:51:27 +0100] "GET /-p-43479.html HTTP/1.0" 200 81263 "-" "Mozilla/5.0 (compatible; MJ12bot/v1.4.8; http://mj12bot.com/)"
218.188.41.122 - - [09/Jan/2024:04:51:32 +0100] "GET /-p-43482.html HTTP/1.0" 200 81263 "-" "Mozilla/5.0 (compatible; MJ12bot/v1.4.8; http://mj12bot.com/)"
218.188.41.122 - - [09/Jan/2024:04:51:37 +0100] "GET /-p-44337.html HTTP/1.0" 200 81263 "-" "Mozilla/5.0 (compatible; MJ12bot/v1.4.8; http://mj12bot.com/)"
66.249.66.205 - - [09/Jan/2024:04:51:40 +0100] "GET /images/big_prod_3/8445146035851D.jpg HTTP/1.0" 200 271 "-" "Googlebot-Image/1.0"
218.188.41.122 - - [09/Jan/2024:04:51:42 +0100] "GET /-p-44338.html HTTP/1.0" 200 81263 "-" "Mozilla/5.0 (compatible; MJ12bot/v1.4.8; http://mj12bot.com/)"
218.188.41.122 - - [09/Jan/2024:04:51:48 +0100] "GET /-p-44339.html HTTP/1.0" 200 81263 "-" "Mozilla/5.0 (compatible; MJ12bot/v1.4.8; http://mj12bot.com/)"
218.188.41.122 - - [09/Jan/2024:04:51:52 +0100] "GET /-p-44340.html HTTP/1.0" 200 81263 "-" "Mozilla/5.0 (compatible; MJ12bot/v1.4.8; http://mj12bot.com/)"
218.188.41.122 - - [09/Jan/2024:04:51:57 +0100] "GET /-p-44341.html HTTP/1.0" 200 81263 "-" "Mozilla/5.0 (compatible; MJ12bot/v1.4.8; http://mj12bot.com/)"
218.188.41.122 - - [09/Jan/2024:04:52:02 +0100] "GET /-p-44343.html HTTP/1.0" 200 81263 "-" "Mozilla/5.0 (compatible; MJ12bot/v1.4.8; http://mj12bot.com/)"
218.188.41.122 - - [09/Jan/2024:04:52:07 +0100] "GET /-p-44865.html HTTP/1.0" 200 81263 "-" "Mozilla/5.0 (compatible; MJ12bot/v1.4.8; http://mj12bot.com/)"
218.188.41.122 - - [09/Jan/2024:04:52:13 +0100] "GET /-p-45223.html HTTP/1.0" 200 81263 "-" "Mozilla/5.0 (compatible; MJ12bot/v1.4.8; http://mj12bot.com/)"
218.188.41.122 - - [09/Jan/2024:04:52:18 +0100] "GET /-p-457.html HTTP/1.0" 200 81259 "-" "Mozilla/5.0 (compatible; MJ12bot/v1.4.8; http://mj12bot.com/)"
218.188.41.122 - - [09/Jan/2024:04:52:23 +0100] "GET /-p-46614.html HTTP/1.0" 200 81263 "-" "Mozilla/5.0 (compatible; MJ12bot/v1.4.8; http://mj12bot.com/)"
218.188.41.122 - - [09/Jan/2024:04:52:28 +0100] "GET /-p-470.html HTTP/1.0" 200 81259 "-" "Mozilla/5.0 (compatible; MJ12bot/v1.4.8; http://mj12bot.com/)"
218.188.41.122 - - [09/Jan/2024:04:52:33 +0100] "GET /-p-47456.html HTTP/1.0" 200 81263 "-" "Mozilla/5.0 (compatible; MJ12bot/v1.4.8; http://mj12bot.com/)"
218.188.41.122 - - [09/Jan/2024:04:52:38 +0100] "GET /-p-47509.html HTTP/1.0" 200 81263 "-" "Mozilla/5.0 (compatible; MJ12bot/v1.4.8; http://mj12bot.com/)"
218.188.41.122 - - [09/Jan/2024:04:52:44 +0100] "GET /-p-47583.html HTTP/1.0" 200 81263 "-" "Mozilla/5.0 (compatible; MJ12bot/v1.4.8; http://mj12bot.com/)"
218.188.41.122 - - [09/Jan/2024:04:52:49 +0100] "GET /-p-47585.html HTTP/1.0" 200 81263 "-" "Mozilla/5.0 (compatible; MJ12bot/v1.4.8; http://mj12bot.com/)"
218.188.41.122 - - [09/Jan/2024:04:52:54 +0100] "GET /-p-48524.html HTTP/1.0" 200 81263 "-" "Mozilla/5.0 (compatible; MJ12bot/v1.4.8; http://mj12bot.com/)"
218.188.41.122 - - [09/Jan/2024:04:52:58 +0100] "GET /-p-48582.html HTTP/1.0" 200 81263 "-" "Mozilla/5.0 (compatible; MJ12bot/v1.4.8; http://mj12bot.com/)"
218.188.41.122 - - [09/Jan/2024:04:53:04 +0100] "GET /-p-48599.html HTTP/1.0" 200 81263 "-" "Mozilla/5.0 (compatible; MJ12bot/v1.4.8; http://mj12bot.com/)"
134.94.0.71 - - [09/Jan/2024:04:53:10 +0100] "GET /images/mini_prod/1384010202913.jpg HTTP/1.0" 200 269 "-" "Mozilla/5.0 (X11; Ubuntu; Linux x86_64; rv:72.0) Gecko/20100101 Firefox/72.0"
218.188.41.122 - - [09/Jan/2024:04:53:09 +0100] "GET /-p-48600.html HTTP/1.0" 200 81263 "-" "Mozilla/5.0 (compatible; MJ12bot/v1.4.8; http://mj12bot.com/)"
218.188.41.122 - - [09/Jan/2024:04:53:14 +0100] "GET /-p-48606.html HTTP/1.0" 200 81263 "-" "Mozilla/5.0 (compatible; MJ12bot/v1.4.8; http://mj12bot.com/)"
218.188.41.122 - - [09/Jan/2024:04:53:20 +0100] "GET /-p-49293.html HTTP/1.0" 200 81263 "-" "Mozilla/5.0 (compatible; MJ12bot/v1.4.8; http://mj12bot.com/)"
218.188.41.122 - - [09/Jan/2024:04:53:25 +0100] "GET /-p-49382.html HTTP/1.0" 200 81263 "-" "Mozilla/5.0 (compatible; MJ12bot/v1.4.8; http://mj12bot.com/)"
218.188.41.122 - - [09/Jan/2024:04:53:30 +0100] "GET /-p-49425.html HTTP/1.0" 200 81263 "-" "Mozilla/5.0 (compatible; MJ12bot/v1.4.8; http://mj12bot.com/)"
218.188.41.122 - - [09/Jan/2024:04:53:36 +0100] "GET /-p-49686.html HTTP/1.0" 200 81263 "-" "Mozilla/5.0 (compatible; MJ12bot/v1.4.8; http://mj12bot.com/)"
218.188.41.122 - - [09/Jan/2024:04:53:41 +0100] "GET /-p-50134.html HTTP/1.0" 200 81263 "-" "Mozilla/5.0 (compatible; MJ12bot/v1.4.8; http://mj12bot.com/)"
218.188.41.122 - - [09/Jan/2024:04:53:46 +0100] "GET /-p-50607.html HTTP/1.0" 200 81263 "-" "Mozilla/5.0 (compatible; MJ12bot/v1.4.8; http://mj12bot.com/)"
52.167.144.170 - - [09/Jan/2024:04:54:02 +0100] "GET /the-smurfs-chess-set-p-7308.html HTTP/1.0" 301 81327 "-" "Mozilla/5.0 AppleWebKit/537.36 (KHTML, like Gecko; compatible; bingbot/2.0; +http://www.bing.com/bingbot.htm) Chrome/116.0.1938.76 Safari/537.36"
52.167.144.235 - - [09/Jan/2024:04:54:11 +0100] "GET /images/big_prod/1384010207987.jpg HTTP/1.0" 200 268 "-" "Mozilla/5.0 AppleWebKit/537.36 (KHTML, like Gecko; compatible; bingbot/2.0; +http://www.bing.com/bingbot.htm) Chrome/116.0.1938.76 Safari/537.36"
40.77.167.255 - - [09/Jan/2024:04:54:19 +0100] "GET /images/1399984242629.jpg HTTP/1.0" 200 259 "-" "Mozilla/5.0 AppleWebKit/537.36 (KHTML, like Gecko; compatible; bingbot/2.0; +http://www.bing.com/bingbot.htm) Chrome/116.0.1938.76 Safari/537.36"
54.234.143.13 - - [09/Jan/2024:04:54:42 +0100] "GET /images/mini_prod/8718375751022.jpg HTTP/1.0" 200 269 "-" "Go-http-client/1.1"
40.77.167.255 - - [09/Jan/2024:04:54:29 +0100] "GET /mugs-mazagrans-c-12_57.html?page=14 HTTP/1.0" 200 106494 "-" "Mozilla/5.0 AppleWebKit/537.36 (KHTML, like Gecko; compatible; bingbot/2.0; +http://www.bing.com/bingbot.htm) Chrome/116.0.1938.76 Safari/537.36"
54.36.149.81 - - [09/Jan/2024:04:54:48 +0100] "GET /playboy-keyring-p-33107.html HTTP/1.0" 200 83638 "-" "Mozilla/5.0 (compatible; AhrefsBot/7.0; +http://ahrefs.com/robot/)"
47.254.180.114 - - [09/Jan/2024:04:54:56 +0100] "HEAD /images/mini_prod/8003990566909.jpg HTTP/1.0" 200 290 "-" "Go-http-client/1.1"
47.254.180.208 - - [09/Jan/2024:04:54:57 +0100] "GET /images/mini_prod/8003990566909.jpg HTTP/1.0" 200 269 "-" "Go-http-client/1.1"
134.94.0.71 - - [09/Jan/2024:04:56:25 +0100] "GET /images/mini_prod/34DSCN8150.jpg HTTP/1.0" 200 266 "-" "Mozilla/5.0 (X11; Ubuntu; Linux x86_64; rv:72.0) Gecko/20100101 Firefox/72.0"
65.108.128.54 - - [09/Jan/2024:04:57:46 +0100] "GET /robots.txt HTTP/1.0" 200 245 "-" "Mozilla/5.0 (compatible; MJ12bot/v1.4.8; http://mj12bot.com/)"
134.94.0.71 - - [09/Jan/2024:04:57:50 +0100] "GET /images/mini_prod/c8427787034837.jpg HTTP/1.0" 200 270 "-" "Mozilla/5.0 (X11; Ubuntu; Linux x86_64; rv:72.0) Gecko/20100101 Firefox/72.0"
65.108.128.54 - - [09/Jan/2024:04:57:48 +0100] "GET /sorcerer-mickey-figure-collection-britto-p-18000.html HTTP/1.0" 200 86498 "-" "Mozilla/5.0 (compatible; MJ12bot/v1.4.8; http://mj12bot.com/)"
