52.167.144.201 - - [09/Jan/2024:05:14:34 +0100] "GET /swimsuit-c-1_18.html HTTP/1.0" 200 102944 "-" "Mozilla/5.0 AppleWebKit/537.36 (KHTML, like Gecko; compatible; bingbot/2.0; +http://www.bing.com/bingbot.htm) Chrome/116.0.1938.76 Safari/537.36"
65.108.128.54 - - [09/Jan/2024:05:14:37 +0100] "GET /toiletry-bag-p-43390.html HTTP/1.0" 301 81368 "-" "Mozilla/5.0 (compatible; MJ12bot/v1.4.8; http://mj12bot.com/)"
65.108.128.54 - - [09/Jan/2024:05:14:40 +0100] "GET /toiletry-p-43390.html HTTP/1.0" 200 81293 "-" "Mozilla/5.0 (compatible; MJ12bot/v1.4.8; http://mj12bot.com/)"
65.108.128.54 - - [09/Jan/2024:05:14:44 +0100] "GET /toiletry-bag-p-43422.html HTTP/1.0" 301 83707 "-" "Mozilla/5.0 (compatible; MJ12bot/v1.4.8; http://mj12bot.com/)"
65.108.128.54 - - [09/Jan/2024:05:14:47 +0100] "GET /toiletry-p-43422.html HTTP/1.0" 200 83632 "-" "Mozilla/5.0 (compatible; MJ12bot/v1.4.8; http://mj12bot.com/)"
65.108.128.54 - - [09/Jan/2024:05:14:50 +0100] "GET /toiletry-bag-p-43423.html HTTP/1.0" 301 83707 "-" "Mozilla/5.0 (compatible; MJ12bot/v1.4.8; http://mj12bot.com/)"
65.108.128.54 - - [09/Jan/2024:05:14:53 +0100] "GET /toiletry-p-43423.html HTTP/1.0" 200 83632 "-" "Mozilla/5.0 (compatible; MJ12bot/v1.4.8; http://mj12bot.com/)"
65.108.128.54 - - [09/Jan/2024:05:14:56 +0100] "GET /toiletry-p-43390.html HTTP/1.0" 200 81293 "-" "Mozilla/5.0 (compatible; MJ12bot/v1.4.8; http://mj12bot.com/)"
65.108.128.54 - - [09/Jan/2024:05:14:59 +0100] "GET /toiletry-p-43422.html HTTP/1.0" 200 83632 "-" "Mozilla/5.0 (compatible; MJ12bot/v1.4.8; http://mj12bot.com/)"
65.108.128.54 - - [09/Jan/2024:05:15:02 +0100] "GET /toiletry-p-43423.html HTTP/1.0" 200 83632 "-" "Mozilla/5.0 (compatible; MJ12bot/v1.4.8; http://mj12bot.com/)"
65.108.128.54 - - [09/Jan/2024:05:15:06 +0100] "GET /toneko-by-neko-black-shirt-p-30192.html HTTP/1.0" 301 81474 "-" "Mozilla/5.0 (compatible; MJ12bot/v1.4.8; http://mj12bot.com/)"
65.108.128.54 - - [09/Jan/2024:05:15:10 +0100] "GET /toneko-neko-black-shirt-p-30192.html HTTP/1.0" 200 81384 "-" "Mozilla/5.0 (compatible; MJ12bot/v1.4.8; http://mj12bot.com/)"
65.108.128.54 - - [09/Jan/2024:05:15:13 +0100] "GET /toneko-neko-black-shirt-p-30192.html HTTP/1.0" 200 81384 "-" "Mozilla/5.0 (compatible; MJ12bot/v1.4.8; http://mj12bot.com/)"
65.108.128.54 - - [09/Jan/2024:05:15:17 +0100] "GET /top-model-brush-p-24936.html HTTP/1.0" 301 81330 "-" "Mozilla/5.0 (compatible; MJ12bot/v1.4.8; http://mj12bot.com/)"
65.108.128.54 - - [09/Jan/2024:05:15:20 +0100] "GET /-p-24936.html HTTP/1.0" 200 81263 "-" "Mozilla/5.0 (compatible; MJ12bot/v1.4.8; http://mj12bot.com/)"
65.108.128.54 - - [09/Jan/2024:05:15:24 +0100] "GET /top-model-coloured-pencil-set-p-13116.html HTTP/1.0" 301 81471 "-" "Mozilla/5.0 (compatible; MJ12bot/v1.4.8; http://mj12bot.com/)"
65.108.128.54 - - [09/Jan/2024:05:15:28 +0100] "GET /model-coloured-pencil-p-13116.html HTTP/1.0" 200 81383 "-" "Mozilla/5.0 (compatible; MJ12bot/v1.4.8; http://mj12bot.com/)"
65.108.128.54 - - [09/Jan/2024:05:15:31 +0100] "GET /top-model-fantasy-wolf-personal-diary-p-35451.html HTTP/1.0" 301 81330 "-" "Mozilla/5.0 (compatible; MJ12bot/v1.4.8; http://mj12bot.com/)"
65.108.128.54 - - [09/Jan/2024:05:15:34 +0100] "GET /-p-35451.html HTTP/1.0" 200 81263 "-" "Mozilla/5.0 (compatible; MJ12bot/v1.4.8; http://mj12bot.com/)"
65.108.128.54 - - [09/Jan/2024:05:15:38 +0100] "GET /top-model-flat-pocket-cosmetics-customize-p-29913.html HTTP/1.0" 301 81513 "-" "Mozilla/5.0 (compatible; MJ12bot/v1.4.8; http://mj12bot.com/)"
65.108.128.54 - - [09/Jan/2024:05:15:41 +0100] "GET /model-flat-pocket-cosmetics-customize-p-29913.html HTTP/1.0" 200 81409 "-" "Mozilla/5.0 (compatible; MJ12bot/v1.4.8; http://mj12bot.com/)"
65.108.128.54 - - [09/Jan/2024:05:15:45 +0100] "GET /top-model-letter-set-p-23458.html HTTP/1.0" 301 81330 "-" "Mozilla/5.0 (compatible; MJ12bot/v1.4.8; http://mj12bot.com/)"
65.108.128.54 - - [09/Jan/2024:05:15:48 +0100] "GET /-p-23458.html HTTP/1.0" 200 81263 "-" "Mozilla/5.0 (compatible; MJ12bot/v1.4.8; http://mj12bot.com/)"
65.108.128.54 - - [09/Jan/2024:05:15:51 +0100] "GET /top-model-notebook-and-pen-lipstick-p-26729.html HTTP/1.0" 301 81330 "-" "Mozilla/5.0 (compatible; MJ12bot/v1.4.8; http://mj12bot.com/)"
65.108.128.54 - - [09/Jan/2024:05:15:54 +0100] "GET /-p-26729.html HTTP/1.0" 200 81263 "-" "Mozilla/5.0 (compatible; MJ12bot/v1.4.8; http://mj12bot.com/)"
65.108.128.54 - - [09/Jan/2024:05:15:57 +0100] "GET /top-model-pen-p-26748.html HTTP/1.0" 301 81330 "-" "Mozilla/5.0 (compatible; MJ12bot/v1.4.8; http://mj12bot.com/)"
65.108.128.54 - - [09/Jan/2024:05:16:01 +0100] "GET /-p-26748.html HTTP/1.0" 200 81263 "-" "Mozilla/5.0 (compatible; MJ12bot/v1.4.8; http://mj12bot.com/)"
65.108.128.54 - - [09/Jan/2024:05:16:04 +0100] "GET /top-model-pen-p-26749.html HTTP/1.0" 301 81330 "-" "Mozilla/5.0 (compatible; MJ12bot/v1.4.8; http://mj12bot.com/)"
65.108.128.54 - - [09/Jan/2024:05:16:07 +0100] "GET /-p-26749.html HTTP/1.0" 200 81263 "-" "Mozilla/5.0 (compatible; MJ12bot/v1.4.8; http://mj12bot.com/)"
65.108.128.54 - - [09/Jan/2024:05:16:10 +0100] "GET /top-model-pencil-case-p-23463.html HTTP/1.0" 301 81330 "-" "Mozilla/5.0 (compatible; MJ12bot/v1.4.8; http://mj12bot.com/)"
65.108.128.54 - - [09/Jan/2024:05:16:13 +0100] "GET /-p-23463.html HTTP/1.0" 200 81263 "-" "Mozilla/5.0 (compatible; MJ12bot/v1.4.8; http://mj12bot.com/)"
65.108.128.54 - - [09/Jan/2024:05:16:16 +0100] "GET /top-model-pencils-gray-p-21463.html HTTP/1.0" 301 81330 "-" "Mozilla/5.0 (compatible; MJ12bot/v1.4.8; http://mj12bot.com/)"
65.108.128.54 - - [09/Jan/2024:05:16:19 +0100] "GET /-p-21463.html HTTP/1.0" 200 81263 "-" "Mozilla/5.0 (compatible; MJ12bot/v1.4.8; http://mj12bot.com/)"
51.68.224.127 - - [09/Jan/2024:05:16:20 +0100] "GET /adminweb/export_orders_xml.php?token=256de2z6edz6ed2z6DFSFsed2zed6zeDSFDSGdzedezfzf&maxorders=10&orderstart=1&status=14&start_date=2018-10-01 HTTP/1.0" 200 285 "-" "GesCom CharlotteBoutik Serveur"
51.68.224.127 - - [09/Jan/2024:05:16:21 +0100] "GET /adminweb/export_orders_xml.php?token=256de2z6edz6ed2z6DFSFsed2zed6zeDSFDSGdzedezfzf&maxorders=10&orderstart=1&status=6&start_date=2018-10-01 HTTP/1.0" 200 34422 "-" "GesCom CharlotteBoutik Serveur"
65.108.128.54 - - [09/Jan/2024:05:16:22 +0100] "GET /top-model-personal-diary-p-29696.html HTTP/1.0" 301 81330 "-" "Mozilla/5.0 (compatible; MJ12bot/v1.4.8; http://mj12bot.com/)"
65.108.128.54 - - [09/Jan/2024:05:16:26 +0100] "GET /-p-29696.html HTTP/1.0" 200 81263 "-" "Mozilla/5.0 (compatible; MJ12bot/v1.4.8; http://mj12bot.com/)"
65.108.128.54 - - [09/Jan/2024:05:16:29 +0100] "GET /top-model-personal-diary-p-29902.html HTTP/1.0" 301 81330 "-" "Mozilla/5.0 (compatible; MJ12bot/v1.4.8; http://mj12bot.com/)"
65.108.128.54 - - [09/Jan/2024:05:16:32 +0100] "GET /-p-29902.html HTTP/1.0" 200 81263 "-" "Mozilla/5.0 (compatible; MJ12bot/v1.4.8; http://mj12bot.com/)"
65.108.128.54 - - [09/Jan/2024:05:16:35 +0100] "GET /top-model-pink-jewelry-box-p-23459.html HTTP/1.0" 301 81330 "-" "Mozilla/5.0 (compatible; MJ12bot/v1.4.8; http://mj12bot.com/)"
65.108.128.54 - - [09/Jan/2024:05:16:38 +0100] "GET /-p-23459.html HTTP/1.0" 200 81263 "-" "Mozilla/5.0 (compatible; MJ12bot/v1.4.8; http://mj12bot.com/)"
54.36.149.51 - - [09/Jan/2024:05:16:41 +0100] "GET /decorative-wooden-plate-wifi-p-61166.html HTTP/1.0" 200 84783 "-" "Mozilla/5.0 (compatible; AhrefsBot/7.0; +http://ahrefs.com/robot/)"
65.108.128.54 - - [09/Jan/2024:05:16:42 +0100] "GET /top-model-pink-memo-box-p-26627.html HTTP/1.0" 301 81330 "-" "Mozilla/5.0 (compatible; MJ12bot/v1.4.8; http://mj12bot.com/)"
65.108.128.54 - - [09/Jan/2024:05:16:46 +0100] "GET /-p-26627.html HTTP/1.0" 200 81263 "-" "Mozilla/5.0 (compatible; MJ12bot/v1.4.8; http://mj12bot.com/)"
65.108.128.54 - - [09/Jan/2024:05:16:49 +0100] "GET /top-model-vanity-p-24957.html HTTP/1.0" 301 81330 "-" "Mozilla/5.0 (compatible; MJ12bot/v1.4.8; http://mj12bot.com/)"
65.108.128.54 - - [09/Jan/2024:05:16:52 +0100] "GET /-p-24957.html HTTP/1.0" 200 81263 "-" "Mozilla/5.0 (compatible; MJ12bot/v1.4.8; http://mj12bot.com/)"
65.108.128.54 - - [09/Jan/2024:05:16:56 +0100] "GET /united-states-marshall-cover-iphone-p-19107.html HTTP/1.0" 200 84044 "-" "Mozilla/5.0 (compatible; MJ12bot/v1.4.8; http://mj12bot.com/)"
65.108.128.54 - - [09/Jan/2024:05:16:59 +0100] "GET /united-states-marshall-cover-iphone-p-19395.html HTTP/1.0" 200 84022 "-" "Mozilla/5.0 (compatible; MJ12bot/v1.4.8; http://mj12bot.com/)"
65.108.128.54 - - [09/Jan/2024:05:17:02 +0100] "GET /vespa-blue-pocket-keychain-p-32658.html HTTP/1.0" 200 81357 "-" "Mozilla/5.0 (compatible; MJ12bot/v1.4.8; http://mj12bot.com/)"
65.108.128.54 - - [09/Jan/2024:05:17:05 +0100] "GET /wax-melt-lemon-of-amalfi-p-47628.html HTTP/1.0" 301 81450 "-" "Mozilla/5.0 (compatible; MJ12bot/v1.4.8; http://mj12bot.com/)"
65.108.128.54 - - [09/Jan/2024:05:17:08 +0100] "GET /melt-lemon-amalfi-p-47628.html HTTP/1.0" 200 81366 "-" "Mozilla/5.0 (compatible; MJ12bot/v1.4.8; http://mj12bot.com/)"
65.108.128.54 - - [09/Jan/2024:05:17:11 +0100] "GET /wax-melt-warmer-moroccan-lattice-p-48096.html HTTP/1.0" 301 81472 "-" "Mozilla/5.0 (compatible; MJ12bot/v1.4.8; http://mj12bot.com/)"
65.108.128.54 - - [09/Jan/2024:05:17:14 +0100] "GET /melt-warmer-moroccan-lattice-p-48096.html HTTP/1.0" 200 81377 "-" "Mozilla/5.0 (compatible; MJ12bot/v1.4.8; http://mj12bot.com/)"
216.244.66.242 - - [09/Jan/2024:05:17:18 +0100] "GET /robots.txt HTTP/1.0" 200 245 "-" "Mozilla/5.0 (compatible; DotBot/1.2; +https://opensiteexplorer.org/dotbot; help@moz.com)"
65.108.128.54 - - [09/Jan/2024:05:17:18 +0100] "GET /white-cereal-dispenser-p-47517.html HTTP/1.0" 200 81341 "-" "Mozilla/5.0 (compatible; MJ12bot/v1.4.8; http://mj12bot.com/)"
65.108.128.54 - - [09/Jan/2024:05:17:21 +0100] "GET /yogi-yogini-yogamat-purple-p-48660.html HTTP/1.0" 200 84262 "-" "Mozilla/5.0 (compatible; MJ12bot/v1.4.8; http://mj12bot.com/)"
3.90.150.4 - - [09/Jan/2024:05:18:03 +0100] "GET /images/mini_prod/3453131150064.jpg HTTP/1.0" 200 269 "-" "Go-http-client/1.1"
40.77.167.25 - - [09/Jan/2024:05:19:22 +0100] "GET /candy-cloud-unicorn-dancer-p-51815.html HTTP/1.0" 200 81343 "-" "Mozilla/5.0 AppleWebKit/537.36 (KHTML, like Gecko; compatible; bingbot/2.0; +http://www.bing.com/bingbot.htm) Chrome/116.0.1938.76 Safari/537.36"
40.77.167.52 - - [09/Jan/2024:05:20:14 +0100] "GET /images/mini_prod/3700281669862.jpg HTTP/1.0" 200 269 "-" "Mozilla/5.0 AppleWebKit/537.36 (KHTML, like Gecko; compatible; bingbot/2.0; +http://www.bing.com/bingbot.htm) Chrome/116.0.1938.76 Safari/537.36"
54.36.148.111 - - [09/Jan/2024:05:20:15 +0100] "GET /cotton-glove-holder-cook-p-60591.html HTTP/1.0" 200 84676 "-" "Mozilla/5.0 (compatible; AhrefsBot/7.0; +http://ahrefs.com/robot/)"
23.20.231.9 - - [09/Jan/2024:05:20:34 +0100] "GET /robots.txt HTTP/1.0" 200 245 "-" "Go-http-client/1.1"
213.180.203.142 - - [09/Jan/2024:05:20:38 +0100] "GET /robots.txt HTTP/1.0" 200 245 "-" "Mozilla/5.0 (compatible; YandexBot/3.0; +http://yandex.com/bots)"
95.108.213.223 - - [09/Jan/2024:05:20:38 +0100] "GET /doormats-entrance-carpets-c-11_269_266.html HTTP/1.0" 200 101879 "-" "Mozilla/5.0 (compatible; YandexBot/3.0; +http://yandex.com/bots)"
202.239.4.91 - - [09/Jan/2024:05:21:11 +0100] "GET /bookend-c-13_202.html HTTP/1.0" 200 100490 "-" "Mozilla/5.0 (compatible; Y!J-WSC/1.0; +https://yahoo.jp/3BSZgF)"
78.145.195.209 - - [09/Jan/2024:05:22:26 +0100] "GET /robots.txt HTTP/1.0" 200 245 "-" "Mozilla/5.0 (compatible; MJ12bot/v1.4.8; http://mj12bot.com/)"
78.145.195.209 - - [09/Jan/2024:05:22:27 +0100] "GET /-p-50653.html HTTP/1.0" 200 81263 "-" "Mozilla/5.0 (compatible; MJ12bot/v1.4.8; http://mj12bot.com/)"
78.145.195.209 - - [09/Jan/2024:05:22:33 +0100] "GET /-p-51275.html HTTP/1.0" 200 81263 "-" "Mozilla/5.0 (compatible; MJ12bot/v1.4.8; http://mj12bot.com/)"
78.145.195.209 - - [09/Jan/2024:05:22:36 +0100] "GET /-p-52170.html HTTP/1.0" 200 81263 "-" "Mozilla/5.0 (compatible; MJ12bot/v1.4.8; http://mj12bot.com/)"
78.145.195.209 - - [09/Jan/2024:05:22:43 +0100] "GET /-p-52172.html HTTP/1.0" 200 81263 "-" "Mozilla/5.0 (compatible; MJ12bot/v1.4.8; http://mj12bot.com/)"
103.131.71.38 - - [09/Jan/2024:05:22:47 +0100] "GET /robots.txt HTTP/1.0" 301 531 "-" "Mozilla/5.0 (compatible; coccocbot-image/1.0; +http://help.coccoc.com/searchengine)"
78.145.195.209 - - [09/Jan/2024:05:22:46 +0100] "GET /-p-52175.html HTTP/1.0" 200 81263 "-" "Mozilla/5.0 (compatible; MJ12bot/v1.4.8; http://mj12bot.com/)"
103.131.71.38 - - [09/Jan/2024:05:22:49 +0100] "GET /robots.txt HTTP/1.0" 200 245 "-" "Mozilla/5.0 (compatible; coccocbot-image/1.0; +http://help.coccoc.com/searchengine)"
78.145.195.209 - - [09/Jan/2024:05:22:49 +0100] "GET /-p-52784.html HTTP/1.0" 200 81263 "-" "Mozilla/5.0 (compatible; MJ12bot/v1.4.8; http://mj12bot.com/)"
78.145.195.209 - - [09/Jan/2024:05:22:52 +0100] "GET /-p-5391.html HTTP/1.0" 200 81261 "-" "Mozilla/5.0 (compatible; MJ12bot/v1.4.8; http://mj12bot.com/)"
78.145.195.209 - - [09/Jan/2024:05:22:56 +0100] "GET /-p-5518.html HTTP/1.0" 200 81261 "-" "Mozilla/5.0 (compatible; MJ12bot/v1.4.8; http://mj12bot.com/)"
78.145.195.209 - - [09/Jan/2024:05:22:59 +0100] "GET /-p-55240.html HTTP/1.0" 200 81263 "-" "Mozilla/5.0 (compatible; MJ12bot/v1.4.8; http://mj12bot.com/)"
78.145.195.209 - - [09/Jan/2024:05:23:02 +0100] "GET /-p-6242.html HTTP/1.0" 200 81261 "-" "Mozilla/5.0 (compatible; MJ12bot/v1.4.8; http://mj12bot.com/)"
78.145.195.209 - - [09/Jan/2024:05:23:05 +0100] "GET /-p-6694.html HTTP/1.0" 200 81261 "-" "Mozilla/5.0 (compatible; MJ12bot/v1.4.8; http://mj12bot.com/)"
78.145.195.209 - - [09/Jan/2024:05:23:14 +0100] "GET /-p-6850.html HTTP/1.0" 200 81261 "-" "Mozilla/5.0 (compatible; MJ12bot/v1.4.8; http://mj12bot.com/)"
78.145.195.209 - - [09/Jan/2024:05:23:17 +0100] "GET /-p-6962.html HTTP/1.0" 200 81261 "-" "Mozilla/5.0 (compatible; MJ12bot/v1.4.8; http://mj12bot.com/)"
78.145.195.209 - - [09/Jan/2024:05:23:34 +0100] "GET /-p-7332.html HTTP/1.0" 200 81261 "-" "Mozilla/5.0 (compatible; MJ12bot/v1.4.8; http://mj12bot.com/)"
78.145.195.209 - - [09/Jan/2024:05:23:37 +0100] "GET /-p-7729.html HTTP/1.0" 200 81261 "-" "Mozilla/5.0 (compatible; MJ12bot/v1.4.8; http://mj12bot.com/)"
54.36.148.142 - - [09/Jan/2024:05:23:38 +0100] "GET /hello-kitty-gothic-lolita-elastic-p-19421.html HTTP/1.0" 200 84674 "-" "Mozilla/5.0 (compatible; AhrefsBot/7.0; +http://ahrefs.com/robot/)"
78.145.195.209 - - [09/Jan/2024:05:23:44 +0100] "GET /-p-7731.html HTTP/1.0" 200 81261 "-" "Mozilla/5.0 (compatible; MJ12bot/v1.4.8; http://mj12bot.com/)"
78.145.195.209 - - [09/Jan/2024:05:23:49 +0100] "GET /-p-7868.html HTTP/1.0" 200 81261 "-" "Mozilla/5.0 (compatible; MJ12bot/v1.4.8; http://mj12bot.com/)"
78.145.195.209 - - [09/Jan/2024:05:23:52 +0100] "GET /-p-8380.html HTTP/1.0" 200 81261 "-" "Mozilla/5.0 (compatible; MJ12bot/v1.4.8; http://mj12bot.com/)"
78.145.195.209 - - [09/Jan/2024:05:23:55 +0100] "GET /-p-8425.html HTTP/1.0" 200 81261 "-" "Mozilla/5.0 (compatible; MJ12bot/v1.4.8; http://mj12bot.com/)"
78.145.195.209 - - [09/Jan/2024:05:23:58 +0100] "GET /-p-8562.html HTTP/1.0" 200 81261 "-" "Mozilla/5.0 (compatible; MJ12bot/v1.4.8; http://mj12bot.com/)"
78.145.195.209 - - [09/Jan/2024:05:24:01 +0100] "GET /-p-8653.html HTTP/1.0" 200 81261 "-" "Mozilla/5.0 (compatible; MJ12bot/v1.4.8; http://mj12bot.com/)"
78.145.195.209 - - [09/Jan/2024:05:24:04 +0100] "GET /-p-8759.html HTTP/1.0" 200 81261 "-" "Mozilla/5.0 (compatible; MJ12bot/v1.4.8; http://mj12bot.com/)"
78.145.195.209 - - [09/Jan/2024:05:24:07 +0100] "GET /-p-9348.html HTTP/1.0" 200 81261 "-" "Mozilla/5.0 (compatible; MJ12bot/v1.4.8; http://mj12bot.com/)"
78.145.195.209 - - [09/Jan/2024:05:24:10 +0100] "GET /-p-9726.html HTTP/1.0" 200 81261 "-" "Mozilla/5.0 (compatible; MJ12bot/v1.4.8; http://mj12bot.com/)"
78.145.195.209 - - [09/Jan/2024:05:24:14 +0100] "GET /20-saint-georges-aromatika-incense-sticks-p-52658.html HTTP/1.0" 301 84559 "-" "Mozilla/5.0 (compatible; MJ12bot/v1.4.8; http://mj12bot.com/)"
78.145.195.209 - - [09/Jan/2024:05:24:17 +0100] "GET /saint-georges-aromatika-incense-sticks-p-52658.html HTTP/1.0" 200 84454 "-" "Mozilla/5.0 (compatible; MJ12bot/v1.4.8; http://mj12bot.com/)"
78.145.195.209 - - [09/Jan/2024:05:24:30 +0100] "GET /adult-apron-arabica-collection-p-52678.html HTTP/1.0" 200 83672 "-" "Mozilla/5.0 (compatible; MJ12bot/v1.4.8; http://mj12bot.com/)"
78.145.195.209 - - [09/Jan/2024:05:24:34 +0100] "GET /adult-apron-gaston-collection-p-52676.html HTTP/1.0" 200 83665 "-" "Mozilla/5.0 (compatible; MJ12bot/v1.4.8; http://mj12bot.com/)"
78.145.195.209 - - [09/Jan/2024:05:24:37 +0100] "GET /adult-cbkreation-p-29960.html HTTP/1.0" 200 81325 "-" "Mozilla/5.0 (compatible; MJ12bot/v1.4.8; http://mj12bot.com/)"
36.110.140.160 - - [09/Jan/2024:05:24:41 +0100] "GET /images/mini_prod/34DSCN8150.jpg HTTP/1.0" 200 266 "-" "Mozilla/5.0 (X11; Ubuntu; Linux x86_64; rv:72.0) Gecko/20100101 Firefox/72.0"
78.145.195.209 - - [09/Jan/2024:05:24:40 +0100] "GET /african-water-carrier-figurine-p-55283.html HTTP/1.0" 200 84405 "-" "Mozilla/5.0 (compatible; MJ12bot/v1.4.8; http://mj12bot.com/)"
40.77.167.52 - - [09/Jan/2024:05:24:44 +0100] "GET /images/mini_prod/3700344928776.jpg HTTP/1.0" 200 269 "-" "Mozilla/5.0 AppleWebKit/537.36 (KHTML, like Gecko; compatible; bingbot/2.0; +http://www.bing.com/bingbot.htm) Chrome/116.0.1938.76 Safari/537.36"
78.145.195.209 - - [09/Jan/2024:05:24:43 +0100] "GET /african-water-carrier-figurine-p-55284.html HTTP/1.0" 200 81373 "-" "Mozilla/5.0 (compatible; MJ12bot/v1.4.8; http://mj12bot.com/)"
78.145.195.209 - - [09/Jan/2024:05:24:46 +0100] "GET /african-woman-decoration-p-54106.html HTTP/1.0" 200 81349 "-" "Mozilla/5.0 (compatible; MJ12bot/v1.4.8; http://mj12bot.com/)"
78.145.195.209 - - [09/Jan/2024:05:24:49 +0100] "GET /african-woman-profile-statue-p-55291.html HTTP/1.0" 200 81377 "-" "Mozilla/5.0 (compatible; MJ12bot/v1.4.8; http://mj12bot.com/)"
78.145.195.209 - - [09/Jan/2024:05:24:52 +0100] "GET /aladdin-figure-p-2854.html HTTP/1.0" 301 81327 "-" "Mozilla/5.0 (compatible; MJ12bot/v1.4.8; http://mj12bot.com/)"
78.145.195.209 - - [09/Jan/2024:05:24:55 +0100] "GET /-p-2854.html HTTP/1.0" 200 81261 "-" "Mozilla/5.0 (compatible; MJ12bot/v1.4.8; http://mj12bot.com/)"
78.145.195.209 - - [09/Jan/2024:05:24:59 +0100] "GET /aladin-laissez-lucie-faire-p-49019.html HTTP/1.0" 200 81365 "-" "Mozilla/5.0 (compatible; MJ12bot/v1.4.8; http://mj12bot.com/)"
78.145.195.209 - - [09/Jan/2024:05:25:02 +0100] "GET /alarm-clock-calimero-p-50096.html HTTP/1.0" 200 81333 "-" "Mozilla/5.0 (compatible; MJ12bot/v1.4.8; http://mj12bot.com/)"
78.145.195.209 - - [09/Jan/2024:05:25:05 +0100] "GET /alarm-clock-cbkreation-p-24991.html HTTP/1.0" 200 83694 "-" "Mozilla/5.0 (compatible; MJ12bot/v1.4.8; http://mj12bot.com/)"
78.145.195.209 - - [09/Jan/2024:05:25:08 +0100] "GET /alarm-clock-cbkreation-p-24995.html HTTP/1.0" 200 83698 "-" "Mozilla/5.0 (compatible; MJ12bot/v1.4.8; http://mj12bot.com/)"
78.145.195.209 - - [09/Jan/2024:05:25:11 +0100] "GET /alarm-clock-induction-charger-bubble-p-51765.html HTTP/1.0" 200 81397 "-" "Mozilla/5.0 (compatible; MJ12bot/v1.4.8; http://mj12bot.com/)"
78.145.195.209 - - [09/Jan/2024:05:25:14 +0100] "GET /alarm-clock-small-cloud-led-p-47509.html HTTP/1.0" 301 81330 "-" "Mozilla/5.0 (compatible; MJ12bot/v1.4.8; http://mj12bot.com/)"
78.145.195.209 - - [09/Jan/2024:05:25:17 +0100] "GET /-p-47509.html HTTP/1.0" 200 81263 "-" "Mozilla/5.0 (compatible; MJ12bot/v1.4.8; http://mj12bot.com/)"
78.145.195.209 - - [09/Jan/2024:05:25:20 +0100] "GET /alarms-clocks-clocks-and-watches/alarms-clocks/little-prince-alarm-clock-p-20384.html HTTP/1.0" 301 81330 "-" "Mozilla/5.0 (compatible; MJ12bot/v1.4.8; http://mj12bot.com/)"
40.77.167.255 - - [09/Jan/2024:05:25:24 +0100] "GET /images/big_prod/8719497611546.jpg HTTP/1.0" 200 268 "-" "Mozilla/5.0 AppleWebKit/537.36 (KHTML, like Gecko; compatible; bingbot/2.0; +http://www.bing.com/bingbot.htm) Chrome/116.0.1938.76 Safari/537.36"
78.145.195.209 - - [09/Jan/2024:05:25:23 +0100] "GET /-p-20384.html HTTP/1.0" 200 81263 "-" "Mozilla/5.0 (compatible; MJ12bot/v1.4.8; http://mj12bot.com/)"
78.145.195.209 - - [09/Jan/2024:05:25:26 +0100] "GET /alarms-clocks-clocks-and-watches/alarms-clocks/little-prince-alarm-clock-p-20385.html HTTP/1.0" 301 81330 "-" "Mozilla/5.0 (compatible; MJ12bot/v1.4.8; http://mj12bot.com/)"
78.145.195.209 - - [09/Jan/2024:05:25:29 +0100] "GET /-p-20385.html HTTP/1.0" 200 81263 "-" "Mozilla/5.0 (compatible; MJ12bot/v1.4.8; http://mj12bot.com/)"
78.145.195.209 - - [09/Jan/2024:05:25:33 +0100] "GET /alarms-clocks-clocks-and-watches/alarms-clocks/paris-alarm-clock-cbk-p-25008.html HTTP/1.0" 301 81330 "-" "Mozilla/5.0 (compatible; MJ12bot/v1.4.8; http://mj12bot.com/)"
78.145.195.209 - - [09/Jan/2024:05:25:36 +0100] "GET /-p-25008.html HTTP/1.0" 200 81263 "-" "Mozilla/5.0 (compatible; MJ12bot/v1.4.8; http://mj12bot.com/)"
78.145.195.209 - - [09/Jan/2024:05:25:39 +0100] "GET /alarms-clocks-clocks-and-watches/alarms-clocks/record-alarm-clock-cbk-p-25000.html HTTP/1.0" 301 83824 "-" "Mozilla/5.0 (compatible; MJ12bot/v1.4.8; http://mj12bot.com/)"
78.145.195.209 - - [09/Jan/2024:05:25:42 +0100] "GET /record-alarm-clock-cbkreation-p-25000.html HTTP/1.0" 200 83728 "-" "Mozilla/5.0 (compatible; MJ12bot/v1.4.8; http://mj12bot.com/)"
107.23.221.245 - - [09/Jan/2024:05:25:45 +0100] "GET /images/mini_prod/8422020415008.jpg HTTP/1.0" 200 269 "-" "Go-http-client/1.1"
78.145.195.209 - - [09/Jan/2024:05:25:45 +0100] "GET /alaska-mousepad-cbkreation-p-36707.html HTTP/1.0" 200 83686 "-" "Mozilla/5.0 (compatible; MJ12bot/v1.4.8; http://mj12bot.com/)"
78.145.195.209 - - [09/Jan/2024:05:25:52 +0100] "GET /albania-mousepad-cbkreation-p-36708.html HTTP/1.0" 200 83693 "-" "Mozilla/5.0 (compatible; MJ12bot/v1.4.8; http://mj12bot.com/)"
78.145.195.209 - - [09/Jan/2024:05:25:55 +0100] "GET /albator-poster-p-26021.html HTTP/1.0" 301 81330 "-" "Mozilla/5.0 (compatible; MJ12bot/v1.4.8; http://mj12bot.com/)"
78.145.195.209 - - [09/Jan/2024:05:25:58 +0100] "GET /-p-26021.html HTTP/1.0" 200 81263 "-" "Mozilla/5.0 (compatible; MJ12bot/v1.4.8; http://mj12bot.com/)"
78.145.195.209 - - [09/Jan/2024:05:26:01 +0100] "GET /alezan-door-mat-coconut-fiber-p-41800.html HTTP/1.0" 301 81330 "-" "Mozilla/5.0 (compatible; MJ12bot/v1.4.8; http://mj12bot.com/)"
78.145.195.209 - - [09/Jan/2024:05:26:04 +0100] "GET /-p-41800.html HTTP/1.0" 200 81263 "-" "Mozilla/5.0 (compatible; MJ12bot/v1.4.8; http://mj12bot.com/)"
40.77.167.45 - - [09/Jan/2024:05:26:04 +0100] "GET /musical-c-13_150_149.html HTTP/1.0" 200 102138 "-" "Mozilla/5.0 AppleWebKit/537.36 (KHTML, like Gecko; compatible; bingbot/2.0; +http://www.bing.com/bingbot.htm) Chrome/116.0.1938.76 Safari/537.36"
78.145.195.209 - - [09/Jan/2024:05:26:12 +0100] "GET /all-blacks-little-bath-towel-p-12182.html HTTP/1.0" 301 81330 "-" "Mozilla/5.0 (compatible; MJ12bot/v1.4.8; http://mj12bot.com/)"
78.145.195.209 - - [09/Jan/2024:05:26:15 +0100] "GET /-p-12182.html HTTP/1.0" 200 81263 "-" "Mozilla/5.0 (compatible; MJ12bot/v1.4.8; http://mj12bot.com/)"
78.145.195.209 - - [09/Jan/2024:05:26:18 +0100] "GET /allium-wall-stickers-50-70-cm-p-42962.html HTTP/1.0" 301 81330 "-" "Mozilla/5.0 (compatible; MJ12bot/v1.4.8; http://mj12bot.com/)"
78.145.195.209 - - [09/Jan/2024:05:26:22 +0100] "GET /-p-42962.html HTTP/1.0" 200 81263 "-" "Mozilla/5.0 (compatible; MJ12bot/v1.4.8; http://mj12bot.com/)"
78.145.195.209 - - [09/Jan/2024:05:26:25 +0100] "GET /allium-wall-stickers-p-42962.html HTTP/1.0" 301 81330 "-" "Mozilla/5.0 (compatible; MJ12bot/v1.4.8; http://mj12bot.com/)"
78.145.195.209 - - [09/Jan/2024:05:26:28 +0100] "GET /-p-42962.html HTTP/1.0" 200 81263 "-" "Mozilla/5.0 (compatible; MJ12bot/v1.4.8; http://mj12bot.com/)"
78.145.195.209 - - [09/Jan/2024:05:26:31 +0100] "GET /alpaca-cups-espresso-p-48606.html HTTP/1.0" 301 81330 "-" "Mozilla/5.0 (compatible; MJ12bot/v1.4.8; http://mj12bot.com/)"
78.145.195.209 - - [09/Jan/2024:05:26:34 +0100] "GET /-p-48606.html HTTP/1.0" 200 81263 "-" "Mozilla/5.0 (compatible; MJ12bot/v1.4.8; http://mj12bot.com/)"
78.145.195.209 - - [09/Jan/2024:05:26:37 +0100] "GET /alpaca-set-cups-espresso-p-48606.html HTTP/1.0" 301 81330 "-" "Mozilla/5.0 (compatible; MJ12bot/v1.4.8; http://mj12bot.com/)"
78.145.195.209 - - [09/Jan/2024:05:26:40 +0100] "GET /-p-48606.html HTTP/1.0" 200 81263 "-" "Mozilla/5.0 (compatible; MJ12bot/v1.4.8; http://mj12bot.com/)"
203.205.219.188 - - [09/Jan/2024:05:26:43 +0100] "GET /images/mini_prod/MISES-EN-SITUATION-D02.jpg HTTP/1.0" 200 278 "-" "Mozilla/5.0 (X11; Ubuntu; Linux x86_64; rv:72.0) Gecko/20100101 Firefox/72.0"
78.145.195.209 - - [09/Jan/2024:05:26:43 +0100] "GET /aluminum-bottle-journe-printed-france-p-56361.html HTTP/1.0" 200 84538 "-" "Mozilla/5.0 (compatible; MJ12bot/v1.4.8; http://mj12bot.com/)"
78.145.195.209 - - [09/Jan/2024:05:26:47 +0100] "GET /aluminum-bottle-little-prince-printed-france-p-56357.html HTTP/1.0" 200 81407 "-" "Mozilla/5.0 (compatible; MJ12bot/v1.4.8; http://mj12bot.com/)"
78.145.195.209 - - [09/Jan/2024:05:26:50 +0100] "GET /aluminum-bottle-nanani-nananre-printed-france-p-56358.html HTTP/1.0" 200 84586 "-" "Mozilla/5.0 (compatible; MJ12bot/v1.4.8; http://mj12bot.com/)"
78.145.195.209 - - [09/Jan/2024:05:26:53 +0100] "GET /aluminum-bottle-think-green-printed-france-p-56363.html HTTP/1.0" 200 84541 "-" "Mozilla/5.0 (compatible; MJ12bot/v1.4.8; http://mj12bot.com/)"
134.94.0.71 - - [09/Jan/2024:05:26:55 +0100] "GET /images/mini_prod/MISES-EN-SITUATION-06.jpg HTTP/1.0" 200 277 "-" "Mozilla/5.0 (X11; Ubuntu; Linux x86_64; rv:72.0) Gecko/20100101 Firefox/72.0"
54.36.148.65 - - [09/Jan/2024:05:26:53 +0100] "GET /saturnin-bedclothes-p-57076.html HTTP/1.0" 200 84373 "-" "Mozilla/5.0 (compatible; AhrefsBot/7.0; +http://ahrefs.com/robot/)"
78.145.195.209 - - [09/Jan/2024:05:26:56 +0100] "GET /amazon-love-coin-purse-butterflies-p-50272.html HTTP/1.0" 200 84718 "-" "Mozilla/5.0 (compatible; MJ12bot/v1.4.8; http://mj12bot.com/)"
78.145.195.209 - - [09/Jan/2024:05:26:59 +0100] "GET /amazon-love-coin-purse-macaws-p-50274.html HTTP/1.0" 200 84683 "-" "Mozilla/5.0 (compatible; MJ12bot/v1.4.8; http://mj12bot.com/)"
78.145.195.209 - - [09/Jan/2024:05:27:03 +0100] "GET /amazon-love-glasses-case-blue-p-50270.html HTTP/1.0" 200 81359 "-" "Mozilla/5.0 (compatible; MJ12bot/v1.4.8; http://mj12bot.com/)"
24.18.91.225 - - [09/Jan/2024:05:27:06 +0100] "GET /images/1300010240274.jpg HTTP/1.0" 200 259 "-" "Mozilla/5.0 (X11; Ubuntu; Linux x86_64; rv:72.0) Gecko/20100101 Firefox/72.0"
78.145.195.209 - - [09/Jan/2024:05:27:06 +0100] "GET /amazon-love-glasses-case-light-pink-p-50268.html HTTP/1.0" 200 81371 "-" "Mozilla/5.0 (compatible; MJ12bot/v1.4.8; http://mj12bot.com/)"
78.145.195.209 - - [09/Jan/2024:05:27:09 +0100] "GET /amazon-love-glasses-case-navy-blue-p-50269.html HTTP/1.0" 200 81369 "-" "Mozilla/5.0 (compatible; MJ12bot/v1.4.8; http://mj12bot.com/)"
78.145.195.209 - - [09/Jan/2024:05:27:12 +0100] "GET /amazon-love-macaws-p-50275.html HTTP/1.0" 200 81319 "-" "Mozilla/5.0 (compatible; MJ12bot/v1.4.8; http://mj12bot.com/)"
78.145.195.209 - - [09/Jan/2024:05:27:15 +0100] "GET /amazon-love-mug-macaws-p-50275.html HTTP/1.0" 301 81404 "-" "Mozilla/5.0 (compatible; MJ12bot/v1.4.8; http://mj12bot.com/)"
78.145.195.209 - - [09/Jan/2024:05:27:18 +0100] "GET /amazon-love-macaws-p-50275.html HTTP/1.0" 200 81319 "-" "Mozilla/5.0 (compatible; MJ12bot/v1.4.8; http://mj12bot.com/)"
78.145.195.209 - - [09/Jan/2024:05:27:29 +0100] "GET /amazon-love-tote-bag-butterflies-p-50285.html HTTP/1.0" 301 84827 "-" "Mozilla/5.0 (compatible; MJ12bot/v1.4.8; http://mj12bot.com/)"
78.145.195.209 - - [09/Jan/2024:05:27:32 +0100] "GET /amazon-love-tote-butterflies-p-50285.html HTTP/1.0" 200 84732 "-" "Mozilla/5.0 (compatible; MJ12bot/v1.4.8; http://mj12bot.com/)"
40.77.167.255 - - [09/Jan/2024:05:27:34 +0100] "GET /images/mini_prod/3700281697544.jpg HTTP/1.0" 200 269 "-" "Mozilla/5.0 AppleWebKit/537.36 (KHTML, like Gecko; compatible; bingbot/2.0; +http://www.bing.com/bingbot.htm) Chrome/116.0.1938.76 Safari/537.36"
44.204.208.133 - - [09/Jan/2024:05:27:35 +0100] "GET /images/mini_prod/MUG-BLC-POLAROID.jpg HTTP/1.0" 200 272 "-" "Go-http-client/1.1"
78.145.195.209 - - [09/Jan/2024:05:27:35 +0100] "GET /amazon-love-tote-butterflies-p-50285.html HTTP/1.0" 200 84732 "-" "Mozilla/5.0 (compatible; MJ12bot/v1.4.8; http://mj12bot.com/)"
78.145.195.209 - - [09/Jan/2024:05:27:38 +0100] "GET /amber-wood-vetiver-candle-heart-home-p-57875.html HTTP/1.0" 200 85421 "-" "Mozilla/5.0 (compatible; MJ12bot/v1.4.8; http://mj12bot.com/)"
78.145.195.209 - - [09/Jan/2024:05:27:41 +0100] "GET /american-blue-old-car-mug-p-33082.html HTTP/1.0" 301 83692 "-" "Mozilla/5.0 (compatible; MJ12bot/v1.4.8; http://mj12bot.com/)"
78.145.195.209 - - [09/Jan/2024:05:27:44 +0100] "GET /american-blue-p-33082.html HTTP/1.0" 200 83612 "-" "Mozilla/5.0 (compatible; MJ12bot/v1.4.8; http://mj12bot.com/)"
78.145.195.209 - - [09/Jan/2024:05:27:49 +0100] "GET /american-blue-p-33082.html HTTP/1.0" 200 83612 "-" "Mozilla/5.0 (compatible; MJ12bot/v1.4.8; http://mj12bot.com/)"
78.145.195.209 - - [09/Jan/2024:05:27:53 +0100] "GET /american-flag-grey-floor-mat-p-33610.html HTTP/1.0" 301 81330 "-" "Mozilla/5.0 (compatible; MJ12bot/v1.4.8; http://mj12bot.com/)"
78.145.195.209 - - [09/Jan/2024:05:27:56 +0100] "GET /-p-33610.html HTTP/1.0" 200 81263 "-" "Mozilla/5.0 (compatible; MJ12bot/v1.4.8; http://mj12bot.com/)"
78.145.195.209 - - [09/Jan/2024:05:27:59 +0100] "GET /amika-kimmidoll-dolls-20-cm-p-27435.html HTTP/1.0" 301 81465 "-" "Mozilla/5.0 (compatible; MJ12bot/v1.4.8; http://mj12bot.com/)"
78.145.195.209 - - [09/Jan/2024:05:28:02 +0100] "GET /amika-kimmidoll-dolls-p-27435.html HTTP/1.0" 200 81377 "-" "Mozilla/5.0 (compatible; MJ12bot/v1.4.8; http://mj12bot.com/)"
78.145.195.209 - - [09/Jan/2024:05:28:05 +0100] "GET /amika-kimmidoll-dolls-p-27435.html HTTP/1.0" 200 81377 "-" "Mozilla/5.0 (compatible; MJ12bot/v1.4.8; http://mj12bot.com/)"
78.145.195.209 - - [09/Jan/2024:05:28:08 +0100] "GET /amys-cats-espresso-p-54275.html HTTP/1.0" 200 81349 "-" "Mozilla/5.0 (compatible; MJ12bot/v1.4.8; http://mj12bot.com/)"
78.145.195.209 - - [09/Jan/2024:05:28:11 +0100] "GET /anakin-skywalker-stars-wars-10-cm-figure-p-21567.html HTTP/1.0" 301 81330 "-" "Mozilla/5.0 (compatible; MJ12bot/v1.4.8; http://mj12bot.com/)"
78.145.195.209 - - [09/Jan/2024:05:28:14 +0100] "GET /-p-21567.html HTTP/1.0" 200 81263 "-" "Mozilla/5.0 (compatible; MJ12bot/v1.4.8; http://mj12bot.com/)"
78.145.195.209 - - [09/Jan/2024:05:28:17 +0100] "GET /anarchy-adult-cap-by-cbkreation-p-29962.html HTTP/1.0" 301 81330 "-" "Mozilla/5.0 (compatible; MJ12bot/v1.4.8; http://mj12bot.com/)"
78.145.195.209 - - [09/Jan/2024:05:28:21 +0100] "GET /-p-29962.html HTTP/1.0" 200 81263 "-" "Mozilla/5.0 (compatible; MJ12bot/v1.4.8; http://mj12bot.com/)"
78.145.195.209 - - [09/Jan/2024:05:28:24 +0100] "GET /anarchy-adult-cbkreation-p-29962.html HTTP/1.0" 301 81330 "-" "Mozilla/5.0 (compatible; MJ12bot/v1.4.8; http://mj12bot.com/)"
78.145.195.209 - - [09/Jan/2024:05:28:27 +0100] "GET /-p-29962.html HTTP/1.0" 200 81263 "-" "Mozilla/5.0 (compatible; MJ12bot/v1.4.8; http://mj12bot.com/)"
78.145.195.209 - - [09/Jan/2024:05:28:30 +0100] "GET /anarchy-shirt-by-cbkreation-p-30051.html HTTP/1.0" 301 81330 "-" "Mozilla/5.0 (compatible; MJ12bot/v1.4.8; http://mj12bot.com/)"
78.145.195.209 - - [09/Jan/2024:05:28:33 +0100] "GET /-p-30051.html HTTP/1.0" 200 81263 "-" "Mozilla/5.0 (compatible; MJ12bot/v1.4.8; http://mj12bot.com/)"
78.145.195.209 - - [09/Jan/2024:05:28:36 +0100] "GET /andorra-mousepad-cbkreation-p-36710.html HTTP/1.0" 200 83698 "-" "Mozilla/5.0 (compatible; MJ12bot/v1.4.8; http://mj12bot.com/)"
78.145.195.209 - - [09/Jan/2024:05:28:40 +0100] "GET /angel-and-hands-crossed-on-his-chest-small-box-p-34198.html HTTP/1.0" 301 81552 "-" "Mozilla/5.0 (compatible; MJ12bot/v1.4.8; http://mj12bot.com/)"
78.145.195.209 - - [09/Jan/2024:05:28:43 +0100] "GET /angel-hands-crossed-chest-small-p-34198.html HTTP/1.0" 200 81454 "-" "Mozilla/5.0 (compatible; MJ12bot/v1.4.8; http://mj12bot.com/)"
78.145.195.209 - - [09/Jan/2024:05:28:51 +0100] "GET /angel-basket-roses-small-p-34195.html HTTP/1.0" 200 81371 "-" "Mozilla/5.0 (compatible; MJ12bot/v1.4.8; http://mj12bot.com/)"
78.145.195.209 - - [09/Jan/2024:05:28:54 +0100] "GET /angel-glitter-ball-p-27609.html HTTP/1.0" 200 81325 "-" "Mozilla/5.0 (compatible; MJ12bot/v1.4.8; http://mj12bot.com/)"
52.167.144.170 - - [09/Jan/2024:05:28:56 +0100] "GET /boutis-quilt-bedspread-c-11_194.html HTTP/1.0" 200 101174 "-" "Mozilla/5.0 AppleWebKit/537.36 (KHTML, like Gecko; compatible; bingbot/2.0; +http://www.bing.com/bingbot.htm) Chrome/116.0.1938.76 Safari/537.36"
78.145.195.209 - - [09/Jan/2024:05:28:57 +0100] "GET /angel-glitter-ball-p-27610.html HTTP/1.0" 200 81325 "-" "Mozilla/5.0 (compatible; MJ12bot/v1.4.8; http://mj12bot.com/)"
78.145.195.209 - - [09/Jan/2024:05:29:00 +0100] "GET /angel-hands-crossed-chest-small-p-34198.html HTTP/1.0" 200 81454 "-" "Mozilla/5.0 (compatible; MJ12bot/v1.4.8; http://mj12bot.com/)"
78.145.195.209 - - [09/Jan/2024:05:29:03 +0100] "GET /angel-rose-hand-small-box-p-34199.html HTTP/1.0" 301 81437 "-" "Mozilla/5.0 (compatible; MJ12bot/v1.4.8; http://mj12bot.com/)"
78.145.195.209 - - [09/Jan/2024:05:29:06 +0100] "GET /angel-rose-hand-small-p-34199.html HTTP/1.0" 200 81349 "-" "Mozilla/5.0 (compatible; MJ12bot/v1.4.8; http://mj12bot.com/)"
78.145.195.209 - - [09/Jan/2024:05:29:09 +0100] "GET /angel-rose-hand-small-p-34199.html HTTP/1.0" 200 81349 "-" "Mozilla/5.0 (compatible; MJ12bot/v1.4.8; http://mj12bot.com/)"
78.145.195.209 - - [09/Jan/2024:05:29:12 +0100] "GET /angel-white-women-shirt-p-30731.html HTTP/1.0" 200 85895 "-" "Mozilla/5.0 (compatible; MJ12bot/v1.4.8; http://mj12bot.com/)"
78.145.195.209 - - [09/Jan/2024:05:29:16 +0100] "GET /angel-white-women-tee-shirt-p-30731.html HTTP/1.0" 301 85985 "-" "Mozilla/5.0 (compatible; MJ12bot/v1.4.8; http://mj12bot.com/)"
78.145.195.209 - - [09/Jan/2024:05:29:19 +0100] "GET /angel-white-women-shirt-p-30731.html HTTP/1.0" 200 85895 "-" "Mozilla/5.0 (compatible; MJ12bot/v1.4.8; http://mj12bot.com/)"
78.145.195.209 - - [09/Jan/2024:05:29:22 +0100] "GET /angel-wings-black-shirt-cbkreation-p-30122.html HTTP/1.0" 200 84724 "-" "Mozilla/5.0 (compatible; MJ12bot/v1.4.8; http://mj12bot.com/)"
78.145.195.209 - - [09/Jan/2024:05:29:26 +0100] "GET /angel-zebra-amethyst-p-47527.html HTTP/1.0" 200 81333 "-" "Mozilla/5.0 (compatible; MJ12bot/v1.4.8; http://mj12bot.com/)"
78.145.195.209 - - [09/Jan/2024:05:29:29 +0100] "GET /angry-birds-backpack-p-26317.html HTTP/1.0" 301 81330 "-" "Mozilla/5.0 (compatible; MJ12bot/v1.4.8; http://mj12bot.com/)"
78.145.195.209 - - [09/Jan/2024:05:29:32 +0100] "GET /-p-26317.html HTTP/1.0" 200 81263 "-" "Mozilla/5.0 (compatible; MJ12bot/v1.4.8; http://mj12bot.com/)"
78.145.195.209 - - [09/Jan/2024:05:29:37 +0100] "GET /angry-birds-pencil-sharpener-bright-p-19141.html HTTP/1.0" 200 81393 "-" "Mozilla/5.0 (compatible; MJ12bot/v1.4.8; http://mj12bot.com/)"
78.145.195.209 - - [09/Jan/2024:05:29:40 +0100] "GET /angry-birds-shoulder-bag-for-laptop-pc-p-16737.html HTTP/1.0" 301 84138 "-" "Mozilla/5.0 (compatible; MJ12bot/v1.4.8; http://mj12bot.com/)"
78.145.195.209 - - [09/Jan/2024:05:29:43 +0100] "GET /angry-birds-shoulder-laptop-p-16737.html HTTP/1.0" 200 84044 "-" "Mozilla/5.0 (compatible; MJ12bot/v1.4.8; http://mj12bot.com/)"
78.145.195.209 - - [09/Jan/2024:05:29:46 +0100] "GET /angry-birds-shoulder-laptop-p-16737.html HTTP/1.0" 200 84044 "-" "Mozilla/5.0 (compatible; MJ12bot/v1.4.8; http://mj12bot.com/)"
78.145.195.209 - - [09/Jan/2024:05:29:49 +0100] "GET /animals-pencil-cbkreation-p-45063.html HTTP/1.0" 200 83695 "-" "Mozilla/5.0 (compatible; MJ12bot/v1.4.8; http://mj12bot.com/)"
78.145.195.209 - - [09/Jan/2024:05:29:52 +0100] "GET /animals-pencil-cbkreation-p-45077.html HTTP/1.0" 200 83694 "-" "Mozilla/5.0 (compatible; MJ12bot/v1.4.8; http://mj12bot.com/)"
78.145.195.209 - - [09/Jan/2024:05:29:56 +0100] "GET /anti-mite-pillow-50-70-cm-p-41115.html HTTP/1.0" 301 81422 "-" "Mozilla/5.0 (compatible; MJ12bot/v1.4.8; http://mj12bot.com/)"
78.145.195.209 - - [09/Jan/2024:05:29:59 +0100] "GET /anti-mite-pillow-p-41115.html HTTP/1.0" 200 81339 "-" "Mozilla/5.0 (compatible; MJ12bot/v1.4.8; http://mj12bot.com/)"
78.145.195.209 - - [09/Jan/2024:05:30:02 +0100] "GET /anti-mite-pillow-p-41115.html HTTP/1.0" 200 81339 "-" "Mozilla/5.0 (compatible; MJ12bot/v1.4.8; http://mj12bot.com/)"
47.254.180.67 - - [09/Jan/2024:05:30:04 +0100] "HEAD /images/mini_prod/1384010206997.jpg HTTP/1.0" 200 290 "-" "Go-http-client/1.1"
78.145.195.209 - - [09/Jan/2024:05:30:05 +0100] "GET /antique-buddha-bust-statue-p-57932.html HTTP/1.0" 200 84770 "-" "Mozilla/5.0 (compatible; MJ12bot/v1.4.8; http://mj12bot.com/)"
78.145.195.209 - - [09/Jan/2024:05:30:09 +0100] "GET /apache-cushion-35-35-cm-p-43010.html HTTP/1.0" 301 81330 "-" "Mozilla/5.0 (compatible; MJ12bot/v1.4.8; http://mj12bot.com/)"
54.36.148.111 - - [09/Jan/2024:05:30:10 +0100] "GET /gloss-lips-london-letters-p-28848.html HTTP/1.0" 200 83831 "-" "Mozilla/5.0 (compatible; AhrefsBot/7.0; +http://ahrefs.com/robot/)"
78.145.195.209 - - [09/Jan/2024:05:30:12 +0100] "GET /-p-43010.html HTTP/1.0" 200 81263 "-" "Mozilla/5.0 (compatible; MJ12bot/v1.4.8; http://mj12bot.com/)"
78.145.195.209 - - [09/Jan/2024:05:30:18 +0100] "GET /apache-cushion-35-35-cm-p-43011.html HTTP/1.0" 301 81412 "-" "Mozilla/5.0 (compatible; MJ12bot/v1.4.8; http://mj12bot.com/)"
78.145.195.209 - - [09/Jan/2024:05:30:21 +0100] "GET /apache-cushion-p-43011.html HTTP/1.0" 200 81331 "-" "Mozilla/5.0 (compatible; MJ12bot/v1.4.8; http://mj12bot.com/)"
78.145.195.209 - - [09/Jan/2024:05:30:25 +0100] "GET /apache-cushion-35-35-cm-p-43012.html HTTP/1.0" 301 81330 "-" "Mozilla/5.0 (compatible; MJ12bot/v1.4.8; http://mj12bot.com/)"
78.145.195.209 - - [09/Jan/2024:05:30:28 +0100] "GET /-p-43012.html HTTP/1.0" 200 81263 "-" "Mozilla/5.0 (compatible; MJ12bot/v1.4.8; http://mj12bot.com/)"
78.145.195.209 - - [09/Jan/2024:05:30:31 +0100] "GET /apache-cushion-p-43011.html HTTP/1.0" 200 81331 "-" "Mozilla/5.0 (compatible; MJ12bot/v1.4.8; http://mj12bot.com/)"
78.145.195.209 - - [09/Jan/2024:05:30:35 +0100] "GET /apache-women-watch-multicolor-dream-catcher-p-41561.html HTTP/1.0" 200 81433 "-" "Mozilla/5.0 (compatible; MJ12bot/v1.4.8; http://mj12bot.com/)"
47.254.180.67 - - [09/Jan/2024:05:30:40 +0100] "GET /images/mini_prod/1384010206997.jpg HTTP/1.0" 200 269 "-" "Go-http-client/1.1"
78.145.195.209 - - [09/Jan/2024:05:30:38 +0100] "GET /apro-recrute-coasters-p-54549.html HTTP/1.0" 200 84270 "-" "Mozilla/5.0 (compatible; MJ12bot/v1.4.8; http://mj12bot.com/)"
78.145.195.209 - - [09/Jan/2024:05:30:42 +0100] "GET /aprons-tablecloths-and-linen-c-11_74.html?page=11 HTTP/1.0" 301 89937 "-" "Mozilla/5.0 (compatible; MJ12bot/v1.4.8; http://mj12bot.com/)"
78.145.195.209 - - [09/Jan/2024:05:30:46 +0100] "GET /aprons-c-74.html?page=11 HTTP/1.0" 301 89818 "-" "Mozilla/5.0 (compatible; MJ12bot/v1.4.8; http://mj12bot.com/)"
78.145.195.209 - - [09/Jan/2024:05:30:49 +0100] "GET /aprons-c-11_74.html?page=11 HTTP/1.0" 200 89859 "-" "Mozilla/5.0 (compatible; MJ12bot/v1.4.8; http://mj12bot.com/)"
78.145.195.209 - - [09/Jan/2024:05:30:52 +0100] "GET /aquarius-cookware-cbkreation-p-43286.html HTTP/1.0" 200 83745 "-" "Mozilla/5.0 (compatible; MJ12bot/v1.4.8; http://mj12bot.com/)"
78.145.195.209 - - [09/Jan/2024:05:30:55 +0100] "GET /aquarius-pot-cookware-cbkreation-p-43286.html HTTP/1.0" 301 83840 "-" "Mozilla/5.0 (compatible; MJ12bot/v1.4.8; http://mj12bot.com/)"
78.145.195.209 - - [09/Jan/2024:05:30:58 +0100] "GET /aquarius-cookware-cbkreation-p-43286.html HTTP/1.0" 200 83745 "-" "Mozilla/5.0 (compatible; MJ12bot/v1.4.8; http://mj12bot.com/)"
78.145.195.209 - - [09/Jan/2024:05:31:02 +0100] "GET /arcenal-football-club-sport-bag-p-36271.html HTTP/1.0" 301 81330 "-" "Mozilla/5.0 (compatible; MJ12bot/v1.4.8; http://mj12bot.com/)"
78.145.195.209 - - [09/Jan/2024:05:31:05 +0100] "GET /-p-36271.html HTTP/1.0" 200 81263 "-" "Mozilla/5.0 (compatible; MJ12bot/v1.4.8; http://mj12bot.com/)"
78.145.195.209 - - [09/Jan/2024:05:31:08 +0100] "GET /arcenal-football-club-sport-p-36271.html HTTP/1.0" 301 81330 "-" "Mozilla/5.0 (compatible; MJ12bot/v1.4.8; http://mj12bot.com/)"
78.145.195.209 - - [09/Jan/2024:05:31:11 +0100] "GET /-p-36271.html HTTP/1.0" 200 81263 "-" "Mozilla/5.0 (compatible; MJ12bot/v1.4.8; http://mj12bot.com/)"
78.145.195.209 - - [09/Jan/2024:05:31:14 +0100] "GET /are-you-radis-black-shirt-p-30133.html HTTP/1.0" 301 81330 "-" "Mozilla/5.0 (compatible; MJ12bot/v1.4.8; http://mj12bot.com/)"
78.145.195.209 - - [09/Jan/2024:05:31:18 +0100] "GET /-p-30133.html HTTP/1.0" 200 81263 "-" "Mozilla/5.0 (compatible; MJ12bot/v1.4.8; http://mj12bot.com/)"
78.145.195.209 - - [09/Jan/2024:05:31:21 +0100] "GET /argentina-mouse-cbkreation-p-13982.html HTTP/1.0" 200 83629 "-" "Mozilla/5.0 (compatible; MJ12bot/v1.4.8; http://mj12bot.com/)"
78.145.195.209 - - [09/Jan/2024:05:31:24 +0100] "GET /ariel-sitting-rock-moon-p-51161.html HTTP/1.0" 200 85195 "-" "Mozilla/5.0 (compatible; MJ12bot/v1.4.8; http://mj12bot.com/)"
78.145.195.209 - - [09/Jan/2024:05:31:27 +0100] "GET /aries-cookware-cbkreation-p-43270.html HTTP/1.0" 200 83715 "-" "Mozilla/5.0 (compatible; MJ12bot/v1.4.8; http://mj12bot.com/)"
47.254.180.90 - - [09/Jan/2024:05:31:30 +0100] "HEAD /images/mini_prod/8003990572825.jpg HTTP/1.0" 200 290 "-" "Go-http-client/1.1"
78.145.195.209 - - [09/Jan/2024:05:31:30 +0100] "GET /aries-pot-cookware-cbkreation-p-43270.html HTTP/1.0" 301 83807 "-" "Mozilla/5.0 (compatible; MJ12bot/v1.4.8; http://mj12bot.com/)"
78.145.195.209 - - [09/Jan/2024:05:31:33 +0100] "GET /aries-cookware-cbkreation-p-43270.html HTTP/1.0" 200 83715 "-" "Mozilla/5.0 (compatible; MJ12bot/v1.4.8; http://mj12bot.com/)"
78.145.195.209 - - [09/Jan/2024:05:31:37 +0100] "GET /aristocats-carved-by-heart-figurine-collection-p-52193.html HTTP/1.0" 301 85507 "-" "Mozilla/5.0 (compatible; MJ12bot/v1.4.8; http://mj12bot.com/)"
78.145.195.209 - - [09/Jan/2024:05:31:40 +0100] "GET /aristocats-carved-heart-figurine-collection-p-52193.html HTTP/1.0" 200 85397 "-" "Mozilla/5.0 (compatible; MJ12bot/v1.4.8; http://mj12bot.com/)"
216.244.66.242 - - [09/Jan/2024:05:31:42 +0100] "GET /ceramic-flower-pots-lamp-p-52531.html HTTP/1.0" 200 81361 "-" "Mozilla/5.0 (compatible; DotBot/1.2; +https://opensiteexplorer.org/dotbot; help@moz.com)"
78.145.195.209 - - [09/Jan/2024:05:31:43 +0100] "GET /aristocats-carved-heart-figurine-collection-p-52193.html HTTP/1.0" 200 85397 "-" "Mozilla/5.0 (compatible; MJ12bot/v1.4.8; http://mj12bot.com/)"
78.145.195.209 - - [09/Jan/2024:05:31:46 +0100] "GET /assassin-creed-mug-p-16033.html HTTP/1.0" 301 81330 "-" "Mozilla/5.0 (compatible; MJ12bot/v1.4.8; http://mj12bot.com/)"
78.145.195.209 - - [09/Jan/2024:05:31:49 +0100] "GET /-p-16033.html HTTP/1.0" 200 81263 "-" "Mozilla/5.0 (compatible; MJ12bot/v1.4.8; http://mj12bot.com/)"
78.145.195.209 - - [09/Jan/2024:05:31:52 +0100] "GET /asterix-bath-towel-p-24586.html HTTP/1.0" 301 81330 "-" "Mozilla/5.0 (compatible; MJ12bot/v1.4.8; http://mj12bot.com/)"
78.145.195.209 - - [09/Jan/2024:05:31:55 +0100] "GET /-p-24586.html HTTP/1.0" 200 81263 "-" "Mozilla/5.0 (compatible; MJ12bot/v1.4.8; http://mj12bot.com/)"
78.145.195.209 - - [09/Jan/2024:05:31:59 +0100] "GET /astrix-bath-towel-p-24586.html HTTP/1.0" 301 81330 "-" "Mozilla/5.0 (compatible; MJ12bot/v1.4.8; http://mj12bot.com/)"
78.145.195.209 - - [09/Jan/2024:05:32:02 +0100] "GET /-p-24586.html HTTP/1.0" 200 81263 "-" "Mozilla/5.0 (compatible; MJ12bot/v1.4.8; http://mj12bot.com/)"
78.145.195.209 - - [09/Jan/2024:05:32:05 +0100] "GET /astro-round-wood-p-57886.html HTTP/1.0" 200 84581 "-" "Mozilla/5.0 (compatible; MJ12bot/v1.4.8; http://mj12bot.com/)"
78.145.195.209 - - [09/Jan/2024:05:32:09 +0100] "GET /atlantic-surf-spot-wooden-wall-decoration-hang-p-39679.html HTTP/1.0" 200 81443 "-" "Mozilla/5.0 (compatible; MJ12bot/v1.4.8; http://mj12bot.com/)"
78.145.195.209 - - [09/Jan/2024:05:32:15 +0100] "GET /atlantic-surf-spot-wooden-wall-decoration-hang-p-39693.html HTTP/1.0" 200 81443 "-" "Mozilla/5.0 (compatible; MJ12bot/v1.4.8; http://mj12bot.com/)"
78.145.195.209 - - [09/Jan/2024:05:32:19 +0100] "GET /atlantic-surf-spot-wooden-wall-decoration-to-hang-p-39679.html HTTP/1.0" 301 81556 "-" "Mozilla/5.0 (compatible; MJ12bot/v1.4.8; http://mj12bot.com/)"
216.244.66.242 - - [09/Jan/2024:05:32:22 +0100] "GET /chair-cushion-grey-p-39096.html HTTP/1.0" 301 81330 "-" "Mozilla/5.0 (compatible; DotBot/1.2; +https://opensiteexplorer.org/dotbot; help@moz.com)"
78.145.195.209 - - [09/Jan/2024:05:32:22 +0100] "GET /atlantic-surf-spot-wooden-wall-decoration-hang-p-39679.html HTTP/1.0" 200 81443 "-" "Mozilla/5.0 (compatible; MJ12bot/v1.4.8; http://mj12bot.com/)"
78.145.195.209 - - [09/Jan/2024:05:32:25 +0100] "GET /atlantic-surf-spot-wooden-wall-decoration-to-hang-p-39693.html HTTP/1.0" 301 81556 "-" "Mozilla/5.0 (compatible; MJ12bot/v1.4.8; http://mj12bot.com/)"
78.145.195.209 - - [09/Jan/2024:05:32:28 +0100] "GET /atlantic-surf-spot-wooden-wall-decoration-hang-p-39693.html HTTP/1.0" 200 81443 "-" "Mozilla/5.0 (compatible; MJ12bot/v1.4.8; http://mj12bot.com/)"
36.110.140.160 - - [09/Jan/2024:05:32:31 +0100] "GET /images/mini_prod/3453131062558.jpg HTTP/1.0" 200 269 "-" "Mozilla/5.0 (X11; Ubuntu; Linux x86_64; rv:72.0) Gecko/20100101 Firefox/72.0"
78.145.195.209 - - [09/Jan/2024:05:32:31 +0100] "GET /atlantic-surf-spot-wooden-wall-hook-p-39694.html HTTP/1.0" 301 81330 "-" "Mozilla/5.0 (compatible; MJ12bot/v1.4.8; http://mj12bot.com/)"
216.244.66.242 - - [09/Jan/2024:05:32:32 +0100] "GET /forest-friends-glasses-case-fennec-p-51864.html HTTP/1.0" 200 81375 "-" "Mozilla/5.0 (compatible; DotBot/1.2; +https://opensiteexplorer.org/dotbot; help@moz.com)"
78.145.195.209 - - [09/Jan/2024:05:32:34 +0100] "GET /-p-39694.html HTTP/1.0" 200 81263 "-" "Mozilla/5.0 (compatible; MJ12bot/v1.4.8; http://mj12bot.com/)"
78.145.195.209 - - [09/Jan/2024:05:32:37 +0100] "GET /au-fil-du-temps-cotton-adult-apron-p-45253.html HTTP/1.0" 301 83716 "-" "Mozilla/5.0 (compatible; MJ12bot/v1.4.8; http://mj12bot.com/)"
78.145.195.209 - - [09/Jan/2024:05:32:40 +0100] "GET /temps-cotton-adult-apron-p-45253.html HTTP/1.0" 200 83625 "-" "Mozilla/5.0 (compatible; MJ12bot/v1.4.8; http://mj12bot.com/)"
51.68.224.127 - - [09/Jan/2024:05:32:42 +0100] "GET /adminweb/export_orders_xml.php?token=256de2z6edz6ed2z6DFSFsed2zed6zeDSFDSGdzedezfzf&maxorders=10&orderstart=1&status=14&start_date=2018-10-01 HTTP/1.0" 200 285 "-" "GesCom CharlotteBoutik Serveur"
216.244.66.242 - - [09/Jan/2024:05:32:42 +0100] "GET /minnie-puppy-figure-p-19479.html HTTP/1.0" 301 81330 "-" "Mozilla/5.0 (compatible; DotBot/1.2; +https://opensiteexplorer.org/dotbot; help@moz.com)"
51.68.224.127 - - [09/Jan/2024:05:32:43 +0100] "GET /adminweb/export_orders_xml.php?token=256de2z6edz6ed2z6DFSFsed2zed6zeDSFDSGdzedezfzf&maxorders=10&orderstart=1&status=6&start_date=2018-10-01 HTTP/1.0" 200 34422 "-" "GesCom CharlotteBoutik Serveur"
78.145.195.209 - - [09/Jan/2024:05:32:43 +0100] "GET /au-pays-des-reves-wall-stickers-50-70-cm-p-42956.html HTTP/1.0" 301 81330 "-" "Mozilla/5.0 (compatible; MJ12bot/v1.4.8; http://mj12bot.com/)"
78.145.195.209 - - [09/Jan/2024:05:32:48 +0100] "GET /-p-42956.html HTTP/1.0" 200 81263 "-" "Mozilla/5.0 (compatible; MJ12bot/v1.4.8; http://mj12bot.com/)"
78.145.195.209 - - [09/Jan/2024:05:32:51 +0100] "GET /aurora-figure-p-15677.html HTTP/1.0" 301 81330 "-" "Mozilla/5.0 (compatible; MJ12bot/v1.4.8; http://mj12bot.com/)"
216.244.66.242 - - [09/Jan/2024:05:32:51 +0100] "GET /pill-want-ride-bicycle-p-34375.html HTTP/1.0" 301 81330 "-" "Mozilla/5.0 (compatible; DotBot/1.2; +https://opensiteexplorer.org/dotbot; help@moz.com)"
78.145.195.209 - - [09/Jan/2024:05:32:54 +0100] "GET /-p-15677.html HTTP/1.0" 200 81263 "-" "Mozilla/5.0 (compatible; MJ12bot/v1.4.8; http://mj12bot.com/)"
47.254.180.93 - - [09/Jan/2024:05:32:56 +0100] "GET /images/mini_prod/8003990572825.jpg HTTP/1.0" 200 269 "-" "Go-http-client/1.1"
78.145.195.209 - - [09/Jan/2024:05:32:57 +0100] "GET /aurora-small-silicone-mold-pink-model-p-28237.html HTTP/1.0" 301 81330 "-" "Mozilla/5.0 (compatible; MJ12bot/v1.4.8; http://mj12bot.com/)"
216.244.66.242 - - [09/Jan/2024:05:33:00 +0100] "GET /princess-toddler-flatware-p-20347.html HTTP/1.0" 301 81330 "-" "Mozilla/5.0 (compatible; DotBot/1.2; +https://opensiteexplorer.org/dotbot; help@moz.com)"
78.145.195.209 - - [09/Jan/2024:05:33:00 +0100] "GET /-p-28237.html HTTP/1.0" 200 81263 "-" "Mozilla/5.0 (compatible; MJ12bot/v1.4.8; http://mj12bot.com/)"
78.145.195.209 - - [09/Jan/2024:05:33:03 +0100] "GET /austin-mini-cooper-metal-plate-deco-p-37173.html HTTP/1.0" 200 81393 "-" "Mozilla/5.0 (compatible; MJ12bot/v1.4.8; http://mj12bot.com/)"
78.145.195.209 - - [09/Jan/2024:05:33:06 +0100] "GET /austin-mini-cooper-mini-magnets-enamelled-p-38439.html HTTP/1.0" 200 81439 "-" "Mozilla/5.0 (compatible; MJ12bot/v1.4.8; http://mj12bot.com/)"
216.244.66.242 - - [09/Jan/2024:05:33:07 +0100] "GET /pyramid-shungite-base-quality-p-44009.html HTTP/1.0" 301 81330 "-" "Mozilla/5.0 (compatible; DotBot/1.2; +https://opensiteexplorer.org/dotbot; help@moz.com)"
78.145.195.209 - - [09/Jan/2024:05:33:10 +0100] "GET /avengers-marvel-bowling-set-p-35057.html HTTP/1.0" 301 81330 "-" "Mozilla/5.0 (compatible; MJ12bot/v1.4.8; http://mj12bot.com/)"
78.145.195.209 - - [09/Jan/2024:05:33:13 +0100] "GET /-p-35057.html HTTP/1.0" 200 81263 "-" "Mozilla/5.0 (compatible; MJ12bot/v1.4.8; http://mj12bot.com/)"
216.244.66.242 - - [09/Jan/2024:05:33:14 +0100] "GET /sixtine-plaid-180-130-cm-p-51299.html HTTP/1.0" 301 84401 "-" "Mozilla/5.0 (compatible; DotBot/1.2; +https://opensiteexplorer.org/dotbot; help@moz.com)"
78.145.195.209 - - [09/Jan/2024:05:33:16 +0100] "GET /avengers-marvel-large-weekend-bag-p-35541.html HTTP/1.0" 301 83913 "-" "Mozilla/5.0 (compatible; MJ12bot/v1.4.8; http://mj12bot.com/)"
78.145.195.209 - - [09/Jan/2024:05:33:19 +0100] "GET /avengers-marvel-large-weekend-p-35541.html HTTP/1.0" 200 83817 "-" "Mozilla/5.0 (compatible; MJ12bot/v1.4.8; http://mj12bot.com/)"
