66.249.77.201 - - [09/Jan/2024:20:56:07 +0100] "GET /plush-keeleco-friendly-p-55368.html HTTP/1.0" 200 81365 "-" "Mozilla/5.0 (Linux; Android 6.0.1; Nexus 5X Build/MMB29P) AppleWebKit/537.36 (KHTML, like Gecko) Chrome/120.0.6099.199 Mobile Safari/537.36 (compatible; Googlebot/2.1; +http://www.google.com/bot.html)"
54.36.148.53 - - [09/Jan/2024:20:56:16 +0100] "GET /bamboo-wall-sticker-p-38329.html HTTP/1.0" 200 83625 "-" "Mozilla/5.0 (compatible; AhrefsBot/7.0; +http://ahrefs.com/robot/)"
34.201.6.165 - - [09/Jan/2024:20:56:26 +0100] "GET /robots.txt HTTP/1.0" 200 245 "-" "Go-http-client/1.1"
54.36.148.252 - - [09/Jan/2024:20:58:27 +0100] "GET /salt-pepper-camargua-p-55003.html HTTP/1.0" 200 83669 "-" "Mozilla/5.0 (compatible; AhrefsBot/7.0; +http://ahrefs.com/robot/)"
17.241.227.188 - - [09/Jan/2024:20:58:54 +0100] "GET /images/big_prod/3442440272529.jpg HTTP/1.0" 200 268 "-" "Mozilla/5.0 (Macintosh; Intel Mac OS X 10_15_5) AppleWebKit/605.1.15 (KHTML, like Gecko) Version/13.1.1 Safari/605.1.15 (Applebot/0.1; +http://www.apple.com/go/applebot)"
69.63.189.4 - - [09/Jan/2024:20:59:06 +0100] "GET /images/mini_prod/3503420208249.jpg HTTP/1.0" 200 269 "-" "facebookexternalhit/1.1 (+http://www.facebook.com/externalhit_uatext.php)"
69.63.189.5 - - [09/Jan/2024:20:59:18 +0100] "GET /images/mini_prod/1399986107216.jpg HTTP/1.0" 200 269 "-" "facebookexternalhit/1.1 (+http://www.facebook.com/externalhit_uatext.php)"
69.63.189.119 - - [09/Jan/2024:20:59:20 +0100] "GET /images/mini_prod/3014627950003.jpg HTTP/1.0" 200 269 "-" "facebookexternalhit/1.1 (+http://www.facebook.com/externalhit_uatext.php)"
69.63.189.118 - - [09/Jan/2024:20:59:31 +0100] "GET /images/mini_prod/3453131148221.jpg HTTP/1.0" 200 269 "-" "facebookexternalhit/1.1 (+http://www.facebook.com/externalhit_uatext.php)"
54.36.148.37 - - [09/Jan/2024:21:00:11 +0100] "GET /lotus-candleholder-pink-goldlining-p-47014.html HTTP/1.0" 200 85130 "-" "Mozilla/5.0 (compatible; AhrefsBot/7.0; +http://ahrefs.com/robot/)"
180.76.14.130 - - [09/Jan/2024:21:00:32 +0100] "GET /images/mini_prod/3660173176284.jpg HTTP/1.0" 200 269 "-" "Mozilla/5.0 (X11; Ubuntu; Linux x86_64; rv:72.0) Gecko/20100101 Firefox/72.0"
23.20.231.9 - - [09/Jan/2024:21:01:08 +0100] "GET /robots.txt HTTP/1.0" 200 245 "-" "Go-http-client/1.1"
69.63.189.13 - - [09/Jan/2024:21:01:14 +0100] "GET /images/mini_prod/3494150100432.jpg HTTP/1.0" 200 269 "-" "facebookexternalhit/1.1 (+http://www.facebook.com/externalhit_uatext.php)"
202.239.4.151 - - [09/Jan/2024:21:01:16 +0100] "GET /hair-accessories-c-3_205.html HTTP/1.0" 200 98315 "-" "Mozilla/5.0 (compatible; Y!J-WSC/1.0; +https://yahoo.jp/3BSZgF)"
69.63.189.6 - - [09/Jan/2024:21:01:21 +0100] "GET /images/mini_prod/8719497611546.jpg HTTP/1.0" 200 269 "-" "facebookexternalhit/1.1 (+http://www.facebook.com/externalhit_uatext.php)"
216.244.66.242 - - [09/Jan/2024:21:01:22 +0100] "GET /window-stickers-birds-p-49970.html HTTP/1.0" 301 81330 "-" "Mozilla/5.0 (compatible; DotBot/1.2; +https://opensiteexplorer.org/dotbot; help@moz.com)"
54.36.148.129 - - [09/Jan/2024:21:01:53 +0100] "GET /barbecue-party-cutting-board-p-42579.html HTTP/1.0" 200 83661 "-" "Mozilla/5.0 (compatible; AhrefsBot/7.0; +http://ahrefs.com/robot/)"
101.44.250.233 - - [09/Jan/2024:21:01:59 +0100] "GET /images/mini_prod/5018997632260.jpg HTTP/1.0" 200 269 "-" "Mozilla/5.0 (Windows NT 10.0; Win64; x64) AppleWebKit/537.36 (KHTML, like Gecko) Chrome/58.0.3029.110 Safari/537.3"
69.63.189.4 - - [09/Jan/2024:21:02:25 +0100] "GET /images/mini_prod/1399984228029.jpg HTTP/1.0" 200 269 "-" "facebookexternalhit/1.1 (+http://www.facebook.com/externalhit_uatext.php)"
69.63.189.7 - - [09/Jan/2024:21:02:37 +0100] "GET /images/mini_prod/3760116328203.jpg HTTP/1.0" 200 269 "-" "facebookexternalhit/1.1 (+http://www.facebook.com/externalhit_uatext.php)"
178.254.12.205 - - [09/Jan/2024:21:02:59 +0100] "GET /orgonite-pyramid-tourmaline-flower-life-p-59456.html HTTP/1.0" 200 86120 "-" "Mozilla/5.0 (Windows NT 10.0; Win64; x64) AppleWebKit/537.36 (KHTML, like Gecko) Chrome/91.0.4472.114 Safari/537.36 Edg/91.0.864.54"
69.63.189.12 - - [09/Jan/2024:21:03:24 +0100] "GET /images/mini_prod/5060108718141.jpg HTTP/1.0" 200 269 "-" "facebookexternalhit/1.1 (+http://www.facebook.com/externalhit_uatext.php)"
51.68.224.127 - - [09/Jan/2024:21:03:28 +0100] "GET /adminweb/export_orders_xml.php?token=256de2z6edz6ed2z6DFSFsed2zed6zeDSFDSGdzedezfzf&maxorders=10&orderstart=1&status=14&start_date=2018-10-01 HTTP/1.0" 200 285 "-" "GesCom CharlotteBoutik Serveur"
51.68.224.127 - - [09/Jan/2024:21:03:28 +0100] "GET /adminweb/export_orders_xml.php?token=256de2z6edz6ed2z6DFSFsed2zed6zeDSFDSGdzedezfzf&maxorders=10&orderstart=1&status=6&start_date=2018-10-01 HTTP/1.0" 200 34422 "-" "GesCom CharlotteBoutik Serveur"
54.36.148.126 - - [09/Jan/2024:21:03:37 +0100] "GET /disco-duck-frame-canvas-p-31826.html HTTP/1.0" 200 83671 "-" "Mozilla/5.0 (compatible; AhrefsBot/7.0; +http://ahrefs.com/robot/)"
52.167.144.198 - - [09/Jan/2024:21:03:51 +0100] "GET /images/big_prod/5401924021044.jpg HTTP/1.0" 200 268 "-" "Mozilla/5.0 (Windows NT 6.1; WOW64) AppleWebKit/534+ (KHTML, like Gecko) BingPreview/1.0b"
69.63.189.113 - - [09/Jan/2024:21:04:01 +0100] "GET /images/mini_prod/1399986107193.jpg HTTP/1.0" 200 269 "-" "facebookexternalhit/1.1 (+http://www.facebook.com/externalhit_uatext.php)"
69.63.189.2 - - [09/Jan/2024:21:04:13 +0100] "GET /images/mini_prod/3503420083075B.jpg HTTP/1.0" 200 270 "-" "facebookexternalhit/1.1 (+http://www.facebook.com/externalhit_uatext.php)"
69.63.189.116 - - [09/Jan/2024:21:04:25 +0100] "GET /images/mini_prod/5414629226935.jpg HTTP/1.0" 200 269 "-" "facebookexternalhit/1.1 (+http://www.facebook.com/externalhit_uatext.php)"
69.63.189.10 - - [09/Jan/2024:21:04:49 +0100] "GET /images/mini_prod/3565750238211B.jpg HTTP/1.0" 200 270 "-" "facebookexternalhit/1.1 (+http://www.facebook.com/externalhit_uatext.php)"
69.63.189.12 - - [09/Jan/2024:21:04:57 +0100] "GET /images/mini_prod/4250255859946.jpg HTTP/1.0" 200 269 "-" "facebookexternalhit/1.1 (+http://www.facebook.com/externalhit_uatext.php)"
216.244.66.242 - - [09/Jan/2024:21:04:59 +0100] "GET /erasers-delivered-model-depending-availability-p-33660.html HTTP/1.0" 200 83997 "-" "Mozilla/5.0 (compatible; DotBot/1.2; +https://opensiteexplorer.org/dotbot; help@moz.com)"
216.244.66.242 - - [09/Jan/2024:21:05:06 +0100] "GET /images/12357.jpg HTTP/1.0" 200 251 "-" "Mozilla/5.0 (compatible; DotBot/1.2; +https://opensiteexplorer.org/dotbot; help@moz.com)"
216.244.66.242 - - [09/Jan/2024:21:05:11 +0100] "GET /images/3681643102664.jpg HTTP/1.0" 200 259 "-" "Mozilla/5.0 (compatible; DotBot/1.2; +https://opensiteexplorer.org/dotbot; help@moz.com)"
216.244.66.242 - - [09/Jan/2024:21:05:15 +0100] "GET /images/5010994809850.jpg HTTP/1.0" 200 259 "-" "Mozilla/5.0 (compatible; DotBot/1.2; +https://opensiteexplorer.org/dotbot; help@moz.com)"
54.36.148.110 - - [09/Jan/2024:21:05:16 +0100] "GET /writing-correction-c-129_186.html?page=2 HTTP/1.0" 200 102566 "-" "Mozilla/5.0 (compatible; AhrefsBot/7.0; +http://ahrefs.com/robot/)"
216.244.66.242 - - [09/Jan/2024:21:05:19 +0100] "GET /images/5055071670404.jpg HTTP/1.0" 200 259 "-" "Mozilla/5.0 (compatible; DotBot/1.2; +https://opensiteexplorer.org/dotbot; help@moz.com)"
69.63.189.9 - - [09/Jan/2024:21:05:24 +0100] "GET /images/mini_prod/3609810075191.jpg HTTP/1.0" 200 269 "-" "facebookexternalhit/1.1 (+http://www.facebook.com/externalhit_uatext.php)"
216.244.66.242 - - [09/Jan/2024:21:05:24 +0100] "GET /images/8003990616154.jpg HTTP/1.0" 200 259 "-" "Mozilla/5.0 (compatible; DotBot/1.2; +https://opensiteexplorer.org/dotbot; help@moz.com)"
216.244.66.242 - - [09/Jan/2024:21:05:27 +0100] "GET /images/8412906960203.jpg HTTP/1.0" 200 259 "-" "Mozilla/5.0 (compatible; DotBot/1.2; +https://opensiteexplorer.org/dotbot; help@moz.com)"
216.244.66.242 - - [09/Jan/2024:21:05:30 +0100] "GET /images/maxine.jpg HTTP/1.0" 200 252 "-" "Mozilla/5.0 (compatible; DotBot/1.2; +https://opensiteexplorer.org/dotbot; help@moz.com)"
101.44.250.4 - - [09/Jan/2024:21:05:30 +0100] "GET /images/mini_prod/5701359690298.jpg HTTP/1.0" 200 269 "-" "Mozilla/5.0 (Windows NT 10.0; Win64; x64) AppleWebKit/537.36 (KHTML, like Gecko) Chrome/58.0.3029.110 Safari/537.3"
216.244.66.242 - - [09/Jan/2024:21:05:32 +0100] "GET /mtal-small-baby-teeth-pink-p-47099.html HTTP/1.0" 200 84440 "-" "Mozilla/5.0 (compatible; DotBot/1.2; +https://opensiteexplorer.org/dotbot; help@moz.com)"
52.167.144.238 - - [09/Jan/2024:21:05:38 +0100] "GET /clocks-c-13_67.html?page=3 HTTP/1.0" 200 103659 "-" "Mozilla/5.0 AppleWebKit/537.36 (KHTML, like Gecko; compatible; bingbot/2.0; +http://www.bing.com/bingbot.htm) Chrome/116.0.1938.76 Safari/537.36"
69.63.189.11 - - [09/Jan/2024:21:06:51 +0100] "GET /images/mini_prod/3700281666762.jpg HTTP/1.0" 200 269 "-" "facebookexternalhit/1.1 (+http://www.facebook.com/externalhit_uatext.php)"
54.36.148.36 - - [09/Jan/2024:21:07:00 +0100] "GET /scooter-pink-girly-heyring-p-24913.html HTTP/1.0" 200 83683 "-" "Mozilla/5.0 (compatible; AhrefsBot/7.0; +http://ahrefs.com/robot/)"
17.241.75.14 - - [09/Jan/2024:21:07:07 +0100] "GET /images/mini_prod/8012052169064Z.jpg HTTP/1.0" 200 270 "-" "Mozilla/5.0 (Macintosh; Intel Mac OS X 10_15_5) AppleWebKit/605.1.15 (KHTML, like Gecko) Version/13.1.1 Safari/605.1.15 (Applebot/0.1; +http://www.apple.com/go/applebot)"
216.244.66.242 - - [09/Jan/2024:21:07:25 +0100] "GET /rtro-metal-plate-p-28412.html HTTP/1.0" 200 83691 "-" "Mozilla/5.0 (compatible; DotBot/1.2; +https://opensiteexplorer.org/dotbot; help@moz.com)"
69.63.189.120 - - [09/Jan/2024:21:07:30 +0100] "GET /images/mini_prod/8445148003353.jpg HTTP/1.0" 200 269 "-" "facebookexternalhit/1.1 (+http://www.facebook.com/externalhit_uatext.php)"
69.63.189.117 - - [09/Jan/2024:21:07:48 +0100] "GET /images/mini_prod/3665269067408.jpg HTTP/1.0" 200 269 "-" "facebookexternalhit/1.1 (+http://www.facebook.com/externalhit_uatext.php)"
69.63.189.4 - - [09/Jan/2024:21:07:59 +0100] "GET /images/mini_prod/3453131143288.jpg HTTP/1.0" 200 269 "-" "facebookexternalhit/1.1 (+http://www.facebook.com/externalhit_uatext.php)"
213.180.203.144 - - [09/Jan/2024:21:08:15 +0100] "GET /robots.txt HTTP/1.0" 200 245 "-" "Mozilla/5.0 (compatible; YandexBot/3.0; +http://yandex.com/bots)"
213.180.203.167 - - [09/Jan/2024:21:08:15 +0100] "GET / HTTP/1.0" 200 161650 "-" "Mozilla/5.0 (compatible; YandexBot/3.0; +http://yandex.com/bots)"
109.128.8.131 - - [09/Jan/2024:21:08:19 +0100] "GET / HTTP/1.0" 500 66102 "-" "Mozilla/5.0 (Windows NT 10.0; Win64; x64) AppleWebKit/537.36 (KHTML, like Gecko) Chrome/120.0.0.0 Safari/537.36"
109.128.8.131 - - [09/Jan/2024:21:08:25 +0100] "GET /templates/Pixame_v1/stylesheet.css HTTP/1.0" 200 267 "http://www.wonder-geek.com/" "Mozilla/5.0 (Windows NT 10.0; Win64; x64) AppleWebKit/537.36 (KHTML, like Gecko) Chrome/120.0.0.0 Safari/537.36"
109.128.8.131 - - [09/Jan/2024:21:08:25 +0100] "GET /highslide/highslide.js HTTP/1.0" 200 262 "http://www.wonder-geek.com/" "Mozilla/5.0 (Windows NT 10.0; Win64; x64) AppleWebKit/537.36 (KHTML, like Gecko) Chrome/120.0.0.0 Safari/537.36"
109.128.8.131 - - [09/Jan/2024:21:08:25 +0100] "GET /js/jquery.js HTTP/1.0" 200 252 "http://www.wonder-geek.com/" "Mozilla/5.0 (Windows NT 10.0; Win64; x64) AppleWebKit/537.36 (KHTML, like Gecko) Chrome/120.0.0.0 Safari/537.36"
109.128.8.131 - - [09/Jan/2024:21:08:25 +0100] "GET /js/jquery.jqzoom.js HTTP/1.0" 200 259 "http://www.wonder-geek.com/" "Mozilla/5.0 (Windows NT 10.0; Win64; x64) AppleWebKit/537.36 (KHTML, like Gecko) Chrome/120.0.0.0 Safari/537.36"
109.128.8.131 - - [09/Jan/2024:21:08:25 +0100] "GET /mondial_relay/js/jquery-1.3.2.min.js HTTP/1.0" 200 276 "http://www.wonder-geek.com/" "Mozilla/5.0 (Windows NT 10.0; Win64; x64) AppleWebKit/537.36 (KHTML, like Gecko) Chrome/120.0.0.0 Safari/537.36"
109.128.8.131 - - [09/Jan/2024:21:08:26 +0100] "GET /templates/Pixame_v1/images/icon_accueil2.png HTTP/1.0" 200 278 "http://www.wonder-geek.com/" "Mozilla/5.0 (Windows NT 10.0; Win64; x64) AppleWebKit/537.36 (KHTML, like Gecko) Chrome/120.0.0.0 Safari/537.36"
109.128.8.131 - - [09/Jan/2024:21:08:26 +0100] "GET /swfobject.js HTTP/1.0" 404 1308 "http://www.wonder-geek.com/" "Mozilla/5.0 (Windows NT 10.0; Win64; x64) AppleWebKit/537.36 (KHTML, like Gecko) Chrome/120.0.0.0 Safari/537.36"
109.128.8.131 - - [09/Jan/2024:21:08:26 +0100] "GET /templates/Pixame_v1/images/infobox/pixel_trans.gif HTTP/1.0" 200 328 "http://www.wonder-geek.com/" "Mozilla/5.0 (Windows NT 10.0; Win64; x64) AppleWebKit/537.36 (KHTML, like Gecko) Chrome/120.0.0.0 Safari/537.36"
109.128.8.131 - - [09/Jan/2024:21:08:26 +0100] "GET /images/pixel_trans.gif HTTP/1.0" 200 328 "http://www.wonder-geek.com/" "Mozilla/5.0 (Windows NT 10.0; Win64; x64) AppleWebKit/537.36 (KHTML, like Gecko) Chrome/120.0.0.0 Safari/537.36"
109.128.8.131 - - [09/Jan/2024:21:08:26 +0100] "GET /templates/Pixame_v1/images/pixel_trans.gif HTTP/1.0" 200 328 "http://www.wonder-geek.com/" "Mozilla/5.0 (Windows NT 10.0; Win64; x64) AppleWebKit/537.36 (KHTML, like Gecko) Chrome/120.0.0.0 Safari/537.36"
109.128.8.131 - - [09/Jan/2024:21:08:26 +0100] "GET /templates/Pixame_v1/images/Bottom_texture.jpg HTTP/1.0" 200 280 "http://www.wonder-geek.com/templates/Pixame_v1/stylesheet.css" "Mozilla/5.0 (Windows NT 10.0; Win64; x64) AppleWebKit/537.36 (KHTML, like Gecko) Chrome/120.0.0.0 Safari/537.36"
109.128.8.131 - - [09/Jan/2024:21:08:26 +0100] "GET /templates/Pixame_v1/images/Middle_texture.jpg HTTP/1.0" 200 280 "http://www.wonder-geek.com/templates/Pixame_v1/stylesheet.css" "Mozilla/5.0 (Windows NT 10.0; Win64; x64) AppleWebKit/537.36 (KHTML, like Gecko) Chrome/120.0.0.0 Safari/537.36"
109.128.8.131 - - [09/Jan/2024:21:08:26 +0100] "GET /templates/Pixame_v1/images/nav.png HTTP/1.0" 200 268 "http://www.wonder-geek.com/templates/Pixame_v1/stylesheet.css" "Mozilla/5.0 (Windows NT 10.0; Win64; x64) AppleWebKit/537.36 (KHTML, like Gecko) Chrome/120.0.0.0 Safari/537.36"
109.128.8.131 - - [09/Jan/2024:21:08:26 +0100] "GET /templates/Pixame_v1/images/header.png HTTP/1.0" 200 271 "http://www.wonder-geek.com/templates/Pixame_v1/stylesheet.css" "Mozilla/5.0 (Windows NT 10.0; Win64; x64) AppleWebKit/537.36 (KHTML, like Gecko) Chrome/120.0.0.0 Safari/537.36"
109.128.8.131 - - [09/Jan/2024:21:08:26 +0100] "GET /templates/Pixame_v1/images/header-object.png HTTP/1.0" 200 278 "http://www.wonder-geek.com/templates/Pixame_v1/stylesheet.css" "Mozilla/5.0 (Windows NT 10.0; Win64; x64) AppleWebKit/537.36 (KHTML, like Gecko) Chrome/120.0.0.0 Safari/537.36"
109.128.8.131 - - [09/Jan/2024:21:08:26 +0100] "GET /design/productsenstock.png HTTP/1.0" 200 260 "http://www.wonder-geek.com/templates/Pixame_v1/stylesheet.css" "Mozilla/5.0 (Windows NT 10.0; Win64; x64) AppleWebKit/537.36 (KHTML, like Gecko) Chrome/120.0.0.0 Safari/537.36"
109.128.8.131 - - [09/Jan/2024:21:08:27 +0100] "GET /js/jquery.min.js HTTP/1.0" 404 1308 "http://www.wonder-geek.com/" "Mozilla/5.0 (Windows NT 10.0; Win64; x64) AppleWebKit/537.36 (KHTML, like Gecko) Chrome/120.0.0.0 Safari/537.36"
109.128.8.131 - - [09/Jan/2024:21:08:27 +0100] "GET /js/jquery.masonry.min.js HTTP/1.0" 200 264 "http://www.wonder-geek.com/" "Mozilla/5.0 (Windows NT 10.0; Win64; x64) AppleWebKit/537.36 (KHTML, like Gecko) Chrome/120.0.0.0 Safari/537.36"
109.128.8.131 - - [09/Jan/2024:21:08:27 +0100] "GET /templates/Pixame_v1/images/infobox/infobox_footer_middle.gif HTTP/1.0" 200 357 "http://www.wonder-geek.com/" "Mozilla/5.0 (Windows NT 10.0; Win64; x64) AppleWebKit/537.36 (KHTML, like Gecko) Chrome/120.0.0.0 Safari/537.36"
109.128.8.131 - - [09/Jan/2024:21:08:27 +0100] "GET /js/modernizr-transitions.js HTTP/1.0" 200 267 "http://www.wonder-geek.com/" "Mozilla/5.0 (Windows NT 10.0; Win64; x64) AppleWebKit/537.36 (KHTML, like Gecko) Chrome/120.0.0.0 Safari/537.36"
109.128.8.131 - - [09/Jan/2024:21:08:27 +0100] "GET /images/mini_prod/8422091017606.jpg HTTP/1.0" 200 269 "http://www.wonder-geek.com/" "Mozilla/5.0 (Windows NT 10.0; Win64; x64) AppleWebKit/537.36 (KHTML, like Gecko) Chrome/120.0.0.0 Safari/537.36"
109.128.8.131 - - [09/Jan/2024:21:08:27 +0100] "GET /images/mini_prod/3700344928776.jpg HTTP/1.0" 200 269 "http://www.wonder-geek.com/" "Mozilla/5.0 (Windows NT 10.0; Win64; x64) AppleWebKit/537.36 (KHTML, like Gecko) Chrome/120.0.0.0 Safari/537.36"
109.128.8.131 - - [09/Jan/2024:21:08:27 +0100] "GET /images/mini_prod/3700281697476.jpg HTTP/1.0" 200 269 "http://www.wonder-geek.com/" "Mozilla/5.0 (Windows NT 10.0; Win64; x64) AppleWebKit/537.36 (KHTML, like Gecko) Chrome/120.0.0.0 Safari/537.36"
109.128.8.131 - - [09/Jan/2024:21:08:27 +0100] "GET /images/mini_prod/8712159195767z.jpg HTTP/1.0" 200 270 "http://www.wonder-geek.com/" "Mozilla/5.0 (Windows NT 10.0; Win64; x64) AppleWebKit/537.36 (KHTML, like Gecko) Chrome/120.0.0.0 Safari/537.36"
109.128.8.131 - - [09/Jan/2024:21:08:27 +0100] "GET /images/mini_prod/3700281660364.jpg HTTP/1.0" 200 269 "http://www.wonder-geek.com/" "Mozilla/5.0 (Windows NT 10.0; Win64; x64) AppleWebKit/537.36 (KHTML, like Gecko) Chrome/120.0.0.0 Safari/537.36"
109.128.8.131 - - [09/Jan/2024:21:08:27 +0100] "GET /images/mini_prod/3700281697490.jpg HTTP/1.0" 200 269 "http://www.wonder-geek.com/" "Mozilla/5.0 (Windows NT 10.0; Win64; x64) AppleWebKit/537.36 (KHTML, like Gecko) Chrome/120.0.0.0 Safari/537.36"
109.128.8.131 - - [09/Jan/2024:21:08:27 +0100] "GET /images/mini_prod/4029825004402.jpg HTTP/1.0" 200 269 "http://www.wonder-geek.com/" "Mozilla/5.0 (Windows NT 10.0; Win64; x64) AppleWebKit/537.36 (KHTML, like Gecko) Chrome/120.0.0.0 Safari/537.36"
109.128.8.131 - - [09/Jan/2024:21:08:27 +0100] "GET /images/mini_prod/3665269293029.jpg HTTP/1.0" 200 269 "http://www.wonder-geek.com/" "Mozilla/5.0 (Windows NT 10.0; Win64; x64) AppleWebKit/537.36 (KHTML, like Gecko) Chrome/120.0.0.0 Safari/537.36"
109.128.8.131 - - [09/Jan/2024:21:08:27 +0100] "GET /images/mini_prod/3700344871706.jpg HTTP/1.0" 200 269 "http://www.wonder-geek.com/" "Mozilla/5.0 (Windows NT 10.0; Win64; x64) AppleWebKit/537.36 (KHTML, like Gecko) Chrome/120.0.0.0 Safari/537.36"
109.128.8.131 - - [09/Jan/2024:21:08:27 +0100] "GET /images/mini_prod/8712159195774z.jpg HTTP/1.0" 200 270 "http://www.wonder-geek.com/" "Mozilla/5.0 (Windows NT 10.0; Win64; x64) AppleWebKit/537.36 (KHTML, like Gecko) Chrome/120.0.0.0 Safari/537.36"
109.128.8.131 - - [09/Jan/2024:21:08:27 +0100] "GET /images/mini_prod/3700281697469.jpg HTTP/1.0" 200 269 "http://www.wonder-geek.com/" "Mozilla/5.0 (Windows NT 10.0; Win64; x64) AppleWebKit/537.36 (KHTML, like Gecko) Chrome/120.0.0.0 Safari/537.36"
109.128.8.131 - - [09/Jan/2024:21:08:27 +0100] "GET /images/mini_prod/3700344950432.jpg HTTP/1.0" 200 269 "http://www.wonder-geek.com/" "Mozilla/5.0 (Windows NT 10.0; Win64; x64) AppleWebKit/537.36 (KHTML, like Gecko) Chrome/120.0.0.0 Safari/537.36"
109.128.8.131 - - [09/Jan/2024:21:08:27 +0100] "GET /images/mini_prod/8712159194913z.jpg HTTP/1.0" 200 270 "http://www.wonder-geek.com/" "Mozilla/5.0 (Windows NT 10.0; Win64; x64) AppleWebKit/537.36 (KHTML, like Gecko) Chrome/120.0.0.0 Safari/537.36"
109.128.8.131 - - [09/Jan/2024:21:08:27 +0100] "GET /images/mini_prod/8712159194692z.jpg HTTP/1.0" 200 270 "http://www.wonder-geek.com/" "Mozilla/5.0 (Windows NT 10.0; Win64; x64) AppleWebKit/537.36 (KHTML, like Gecko) Chrome/120.0.0.0 Safari/537.36"
109.128.8.131 - - [09/Jan/2024:21:08:27 +0100] "GET /images/mini_prod/3700281697537.jpg HTTP/1.0" 200 269 "http://www.wonder-geek.com/" "Mozilla/5.0 (Windows NT 10.0; Win64; x64) AppleWebKit/537.36 (KHTML, like Gecko) Chrome/120.0.0.0 Safari/537.36"
109.128.8.131 - - [09/Jan/2024:21:08:27 +0100] "GET /images/mini_prod/4029811459711.jpg HTTP/1.0" 200 269 "http://www.wonder-geek.com/" "Mozilla/5.0 (Windows NT 10.0; Win64; x64) AppleWebKit/537.36 (KHTML, like Gecko) Chrome/120.0.0.0 Safari/537.36"
109.128.8.131 - - [09/Jan/2024:21:08:27 +0100] "GET /images/mini_prod/3664944133339.jpg HTTP/1.0" 200 269 "http://www.wonder-geek.com/" "Mozilla/5.0 (Windows NT 10.0; Win64; x64) AppleWebKit/537.36 (KHTML, like Gecko) Chrome/120.0.0.0 Safari/537.36"
109.128.8.131 - - [09/Jan/2024:21:08:27 +0100] "GET /images/mini_prod/5605247646148.jpg HTTP/1.0" 200 269 "http://www.wonder-geek.com/" "Mozilla/5.0 (Windows NT 10.0; Win64; x64) AppleWebKit/537.36 (KHTML, like Gecko) Chrome/120.0.0.0 Safari/537.36"
109.128.8.131 - - [09/Jan/2024:21:08:23 +0100] "GET / HTTP/1.0" 200 161689 "-" "Mozilla/5.0 (Windows NT 10.0; Win64; x64) AppleWebKit/537.36 (KHTML, like Gecko) Chrome/120.0.0.0 Safari/537.36"
109.128.8.131 - - [09/Jan/2024:21:08:27 +0100] "GET /images/mini_prod/8712159193633z.jpg HTTP/1.0" 200 270 "http://www.wonder-geek.com/" "Mozilla/5.0 (Windows NT 10.0; Win64; x64) AppleWebKit/537.36 (KHTML, like Gecko) Chrome/120.0.0.0 Safari/537.36"
109.128.8.131 - - [09/Jan/2024:21:08:27 +0100] "GET /images/mini_prod/3700281669862.jpg HTTP/1.0" 200 269 "http://www.wonder-geek.com/" "Mozilla/5.0 (Windows NT 10.0; Win64; x64) AppleWebKit/537.36 (KHTML, like Gecko) Chrome/120.0.0.0 Safari/537.36"
109.128.8.131 - - [09/Jan/2024:21:08:27 +0100] "GET /images/mini_prod/3700281697452.jpg HTTP/1.0" 200 269 "http://www.wonder-geek.com/" "Mozilla/5.0 (Windows NT 10.0; Win64; x64) AppleWebKit/537.36 (KHTML, like Gecko) Chrome/120.0.0.0 Safari/537.36"
109.128.8.131 - - [09/Jan/2024:21:08:27 +0100] "GET /images/mini_prod/3700281697520.jpg HTTP/1.0" 200 269 "http://www.wonder-geek.com/" "Mozilla/5.0 (Windows NT 10.0; Win64; x64) AppleWebKit/537.36 (KHTML, like Gecko) Chrome/120.0.0.0 Safari/537.36"
109.128.8.131 - - [09/Jan/2024:21:08:27 +0100] "GET /images/mini_prod/8712159196085.jpg HTTP/1.0" 200 269 "http://www.wonder-geek.com/" "Mozilla/5.0 (Windows NT 10.0; Win64; x64) AppleWebKit/537.36 (KHTML, like Gecko) Chrome/120.0.0.0 Safari/537.36"
109.128.8.131 - - [09/Jan/2024:21:08:27 +0100] "GET /images/mini_prod/3700344906873.jpg HTTP/1.0" 200 269 "http://www.wonder-geek.com/" "Mozilla/5.0 (Windows NT 10.0; Win64; x64) AppleWebKit/537.36 (KHTML, like Gecko) Chrome/120.0.0.0 Safari/537.36"
109.128.8.131 - - [09/Jan/2024:21:08:27 +0100] "GET /images/mini_prod/8712159193626z.jpg HTTP/1.0" 200 270 "http://www.wonder-geek.com/" "Mozilla/5.0 (Windows NT 10.0; Win64; x64) AppleWebKit/537.36 (KHTML, like Gecko) Chrome/120.0.0.0 Safari/537.36"
109.128.8.131 - - [09/Jan/2024:21:08:27 +0100] "GET /images/mini_prod/8422001017405.jpg HTTP/1.0" 200 269 "http://www.wonder-geek.com/" "Mozilla/5.0 (Windows NT 10.0; Win64; x64) AppleWebKit/537.36 (KHTML, like Gecko) Chrome/120.0.0.0 Safari/537.36"
109.128.8.131 - - [09/Jan/2024:21:08:27 +0100] "GET /images/mini_prod/8712159193770.jpg HTTP/1.0" 200 269 "http://www.wonder-geek.com/" "Mozilla/5.0 (Windows NT 10.0; Win64; x64) AppleWebKit/537.36 (KHTML, like Gecko) Chrome/120.0.0.0 Safari/537.36"
109.128.8.131 - - [09/Jan/2024:21:08:27 +0100] "GET /images/mini_prod/3700344910351B.jpg HTTP/1.0" 200 270 "http://www.wonder-geek.com/" "Mozilla/5.0 (Windows NT 10.0; Win64; x64) AppleWebKit/537.36 (KHTML, like Gecko) Chrome/120.0.0.0 Safari/537.36"
109.128.8.131 - - [09/Jan/2024:21:08:27 +0100] "GET /images/mini_prod/3700281697551.jpg HTTP/1.0" 200 269 "http://www.wonder-geek.com/" "Mozilla/5.0 (Windows NT 10.0; Win64; x64) AppleWebKit/537.36 (KHTML, like Gecko) Chrome/120.0.0.0 Safari/537.36"
109.128.8.131 - - [09/Jan/2024:21:08:27 +0100] "GET /images/mini_prod/3665269292886.jpg HTTP/1.0" 200 269 "http://www.wonder-geek.com/" "Mozilla/5.0 (Windows NT 10.0; Win64; x64) AppleWebKit/537.36 (KHTML, like Gecko) Chrome/120.0.0.0 Safari/537.36"
109.128.8.131 - - [09/Jan/2024:21:08:28 +0100] "GET /images/mini_prod/5602972699180.jpg HTTP/1.0" 200 269 "http://www.wonder-geek.com/" "Mozilla/5.0 (Windows NT 10.0; Win64; x64) AppleWebKit/537.36 (KHTML, like Gecko) Chrome/120.0.0.0 Safari/537.36"
109.128.8.131 - - [09/Jan/2024:21:08:28 +0100] "GET /images/mini_prod/3664944133322.jpg HTTP/1.0" 200 269 "http://www.wonder-geek.com/" "Mozilla/5.0 (Windows NT 10.0; Win64; x64) AppleWebKit/537.36 (KHTML, like Gecko) Chrome/120.0.0.0 Safari/537.36"
109.128.8.131 - - [09/Jan/2024:21:08:28 +0100] "GET /images/mini_prod/8712159193121z.jpg HTTP/1.0" 200 270 "http://www.wonder-geek.com/" "Mozilla/5.0 (Windows NT 10.0; Win64; x64) AppleWebKit/537.36 (KHTML, like Gecko) Chrome/120.0.0.0 Safari/537.36"
109.128.8.131 - - [09/Jan/2024:21:08:28 +0100] "GET /images/mini_prod/8712159193244z.jpg HTTP/1.0" 200 270 "http://www.wonder-geek.com/" "Mozilla/5.0 (Windows NT 10.0; Win64; x64) AppleWebKit/537.36 (KHTML, like Gecko) Chrome/120.0.0.0 Safari/537.36"
109.128.8.131 - - [09/Jan/2024:21:08:28 +0100] "GET /images/mini_prod/5602972699197.jpg HTTP/1.0" 200 269 "http://www.wonder-geek.com/" "Mozilla/5.0 (Windows NT 10.0; Win64; x64) AppleWebKit/537.36 (KHTML, like Gecko) Chrome/120.0.0.0 Safari/537.36"
109.128.8.131 - - [09/Jan/2024:21:08:28 +0100] "GET /images/mini_prod/3665269295016.jpg HTTP/1.0" 200 269 "http://www.wonder-geek.com/" "Mozilla/5.0 (Windows NT 10.0; Win64; x64) AppleWebKit/537.36 (KHTML, like Gecko) Chrome/120.0.0.0 Safari/537.36"
109.128.8.131 - - [09/Jan/2024:21:08:28 +0100] "GET /images/mini_prod/8712159192995z.jpg HTTP/1.0" 200 270 "http://www.wonder-geek.com/" "Mozilla/5.0 (Windows NT 10.0; Win64; x64) AppleWebKit/537.36 (KHTML, like Gecko) Chrome/120.0.0.0 Safari/537.36"
109.128.8.131 - - [09/Jan/2024:21:08:28 +0100] "GET /images/mini_prod/8422001017504.jpg HTTP/1.0" 200 269 "http://www.wonder-geek.com/" "Mozilla/5.0 (Windows NT 10.0; Win64; x64) AppleWebKit/537.36 (KHTML, like Gecko) Chrome/120.0.0.0 Safari/537.36"
109.128.8.131 - - [09/Jan/2024:21:08:28 +0100] "GET /images/mini_prod/3700281697544.jpg HTTP/1.0" 200 269 "http://www.wonder-geek.com/" "Mozilla/5.0 (Windows NT 10.0; Win64; x64) AppleWebKit/537.36 (KHTML, like Gecko) Chrome/120.0.0.0 Safari/537.36"
109.128.8.131 - - [09/Jan/2024:21:08:28 +0100] "GET /images/mini_prod/8712159194043z.jpg HTTP/1.0" 200 270 "http://www.wonder-geek.com/" "Mozilla/5.0 (Windows NT 10.0; Win64; x64) AppleWebKit/537.36 (KHTML, like Gecko) Chrome/120.0.0.0 Safari/537.36"
109.128.8.131 - - [09/Jan/2024:21:08:28 +0100] "GET /images/mini_prod/3609810014503.jpg HTTP/1.0" 200 269 "http://www.wonder-geek.com/" "Mozilla/5.0 (Windows NT 10.0; Win64; x64) AppleWebKit/537.36 (KHTML, like Gecko) Chrome/120.0.0.0 Safari/537.36"
109.128.8.131 - - [09/Jan/2024:21:08:28 +0100] "GET /images/mini_prod/8718375753064.jpg HTTP/1.0" 200 269 "http://www.wonder-geek.com/" "Mozilla/5.0 (Windows NT 10.0; Win64; x64) AppleWebKit/537.36 (KHTML, like Gecko) Chrome/120.0.0.0 Safari/537.36"
109.128.8.131 - - [09/Jan/2024:21:08:29 +0100] "GET /images/mini_prod/3664944400486.jpg HTTP/1.0" 200 269 "http://www.wonder-geek.com/" "Mozilla/5.0 (Windows NT 10.0; Win64; x64) AppleWebKit/537.36 (KHTML, like Gecko) Chrome/120.0.0.0 Safari/537.36"
109.128.8.131 - - [09/Jan/2024:21:08:29 +0100] "GET /images/mini_prod/4029811459650.jpg HTTP/1.0" 200 269 "http://www.wonder-geek.com/" "Mozilla/5.0 (Windows NT 10.0; Win64; x64) AppleWebKit/537.36 (KHTML, like Gecko) Chrome/120.0.0.0 Safari/537.36"
109.128.8.131 - - [09/Jan/2024:21:08:29 +0100] "GET /images/mini_prod/3700344906866.jpg HTTP/1.0" 200 269 "http://www.wonder-geek.com/" "Mozilla/5.0 (Windows NT 10.0; Win64; x64) AppleWebKit/537.36 (KHTML, like Gecko) Chrome/120.0.0.0 Safari/537.36"
109.128.8.131 - - [09/Jan/2024:21:08:29 +0100] "GET /images/mini_prod/3700281690057.jpg HTTP/1.0" 200 269 "http://www.wonder-geek.com/" "Mozilla/5.0 (Windows NT 10.0; Win64; x64) AppleWebKit/537.36 (KHTML, like Gecko) Chrome/120.0.0.0 Safari/537.36"
109.128.8.131 - - [09/Jan/2024:21:08:29 +0100] "GET /images/mini_prod/3700281697506.jpg HTTP/1.0" 200 269 "http://www.wonder-geek.com/" "Mozilla/5.0 (Windows NT 10.0; Win64; x64) AppleWebKit/537.36 (KHTML, like Gecko) Chrome/120.0.0.0 Safari/537.36"
109.128.8.131 - - [09/Jan/2024:21:08:29 +0100] "GET /images/mini_prod/3700344871737.jpg HTTP/1.0" 200 269 "http://www.wonder-geek.com/" "Mozilla/5.0 (Windows NT 10.0; Win64; x64) AppleWebKit/537.36 (KHTML, like Gecko) Chrome/120.0.0.0 Safari/537.36"
109.128.8.131 - - [09/Jan/2024:21:08:29 +0100] "GET /images/mini_prod/3665269293081.jpg HTTP/1.0" 200 269 "http://www.wonder-geek.com/" "Mozilla/5.0 (Windows NT 10.0; Win64; x64) AppleWebKit/537.36 (KHTML, like Gecko) Chrome/120.0.0.0 Safari/537.36"
109.128.8.131 - - [09/Jan/2024:21:08:29 +0100] "GET /images/mini_prod/3700344940433.jpg HTTP/1.0" 200 269 "http://www.wonder-geek.com/" "Mozilla/5.0 (Windows NT 10.0; Win64; x64) AppleWebKit/537.36 (KHTML, like Gecko) Chrome/120.0.0.0 Safari/537.36"
109.128.8.131 - - [09/Jan/2024:21:08:29 +0100] "GET /images/mini_prod/8712159195781z.jpg HTTP/1.0" 200 270 "http://www.wonder-geek.com/" "Mozilla/5.0 (Windows NT 10.0; Win64; x64) AppleWebKit/537.36 (KHTML, like Gecko) Chrome/120.0.0.0 Safari/537.36"
109.128.8.131 - - [09/Jan/2024:21:08:29 +0100] "GET /images/mini_prod/3665269271003.jpg HTTP/1.0" 200 269 "http://www.wonder-geek.com/" "Mozilla/5.0 (Windows NT 10.0; Win64; x64) AppleWebKit/537.36 (KHTML, like Gecko) Chrome/120.0.0.0 Safari/537.36"
109.128.8.131 - - [09/Jan/2024:21:08:29 +0100] "GET /images/mini_prod/4029811455379.jpg HTTP/1.0" 200 269 "http://www.wonder-geek.com/" "Mozilla/5.0 (Windows NT 10.0; Win64; x64) AppleWebKit/537.36 (KHTML, like Gecko) Chrome/120.0.0.0 Safari/537.36"
109.128.8.131 - - [09/Jan/2024:21:08:29 +0100] "GET /images/mini_prod/8712159194739.jpg HTTP/1.0" 200 269 "http://www.wonder-geek.com/" "Mozilla/5.0 (Windows NT 10.0; Win64; x64) AppleWebKit/537.36 (KHTML, like Gecko) Chrome/120.0.0.0 Safari/537.36"
109.128.8.131 - - [09/Jan/2024:21:08:29 +0100] "GET /images/mini_prod/3700281697445.jpg HTTP/1.0" 200 269 "http://www.wonder-geek.com/" "Mozilla/5.0 (Windows NT 10.0; Win64; x64) AppleWebKit/537.36 (KHTML, like Gecko) Chrome/120.0.0.0 Safari/537.36"
109.128.8.131 - - [09/Jan/2024:21:08:29 +0100] "GET /images/mini_prod/8712159193558z.jpg HTTP/1.0" 200 270 "http://www.wonder-geek.com/" "Mozilla/5.0 (Windows NT 10.0; Win64; x64) AppleWebKit/537.36 (KHTML, like Gecko) Chrome/120.0.0.0 Safari/537.36"
109.128.8.131 - - [09/Jan/2024:21:08:29 +0100] "GET /images/mini_prod/3664944133308N.jpg HTTP/1.0" 200 270 "http://www.wonder-geek.com/" "Mozilla/5.0 (Windows NT 10.0; Win64; x64) AppleWebKit/537.36 (KHTML, like Gecko) Chrome/120.0.0.0 Safari/537.36"
109.128.8.131 - - [09/Jan/2024:21:08:29 +0100] "GET /images/mini_prod/8712159196429.jpg HTTP/1.0" 200 269 "http://www.wonder-geek.com/" "Mozilla/5.0 (Windows NT 10.0; Win64; x64) AppleWebKit/537.36 (KHTML, like Gecko) Chrome/120.0.0.0 Safari/537.36"
109.128.8.131 - - [09/Jan/2024:21:08:29 +0100] "GET /images/mini_prod/5605247647152.jpg HTTP/1.0" 200 269 "http://www.wonder-geek.com/" "Mozilla/5.0 (Windows NT 10.0; Win64; x64) AppleWebKit/537.36 (KHTML, like Gecko) Chrome/120.0.0.0 Safari/537.36"
109.128.8.131 - - [09/Jan/2024:21:08:29 +0100] "GET /images/mini_prod/6944197142065.jpg HTTP/1.0" 200 269 "http://www.wonder-geek.com/" "Mozilla/5.0 (Windows NT 10.0; Win64; x64) AppleWebKit/537.36 (KHTML, like Gecko) Chrome/120.0.0.0 Safari/537.36"
109.128.8.131 - - [09/Jan/2024:21:08:29 +0100] "GET /images/mini_prod/4029811480852.jpg HTTP/1.0" 200 269 "http://www.wonder-geek.com/" "Mozilla/5.0 (Windows NT 10.0; Win64; x64) AppleWebKit/537.36 (KHTML, like Gecko) Chrome/120.0.0.0 Safari/537.36"
109.128.8.131 - - [09/Jan/2024:21:08:29 +0100] "GET /images/mini_prod/3664944577782.jpg HTTP/1.0" 200 269 "http://www.wonder-geek.com/" "Mozilla/5.0 (Windows NT 10.0; Win64; x64) AppleWebKit/537.36 (KHTML, like Gecko) Chrome/120.0.0.0 Safari/537.36"
109.128.8.131 - - [09/Jan/2024:21:08:29 +0100] "GET /images/mini_prod/8712159192919z.jpg HTTP/1.0" 200 270 "http://www.wonder-geek.com/" "Mozilla/5.0 (Windows NT 10.0; Win64; x64) AppleWebKit/537.36 (KHTML, like Gecko) Chrome/120.0.0.0 Safari/537.36"
109.128.8.131 - - [09/Jan/2024:21:08:29 +0100] "GET /images/mini_prod/3700344910450B.jpg HTTP/1.0" 200 270 "http://www.wonder-geek.com/" "Mozilla/5.0 (Windows NT 10.0; Win64; x64) AppleWebKit/537.36 (KHTML, like Gecko) Chrome/120.0.0.0 Safari/537.36"
109.128.8.131 - - [09/Jan/2024:21:08:31 +0100] "GET /highslide/graphics/outlines/drop-shadow.png HTTP/1.0" 200 277 "http://www.wonder-geek.com/" "Mozilla/5.0 (Windows NT 10.0; Win64; x64) AppleWebKit/537.36 (KHTML, like Gecko) Chrome/120.0.0.0 Safari/537.36"
109.128.8.131 - - [09/Jan/2024:21:08:31 +0100] "GET /highslide/graphics/zoomout.cur HTTP/1.0" 200 614 "http://www.wonder-geek.com/" "Mozilla/5.0 (Windows NT 10.0; Win64; x64) AppleWebKit/537.36 (KHTML, like Gecko) Chrome/120.0.0.0 Safari/537.36"
109.128.8.131 - - [09/Jan/2024:21:08:31 +0100] "GET /highslide/graphics/loader.white.gif HTTP/1.0" 200 960 "http://www.wonder-geek.com/templates/Pixame_v1/stylesheet.css" "Mozilla/5.0 (Windows NT 10.0; Win64; x64) AppleWebKit/537.36 (KHTML, like Gecko) Chrome/120.0.0.0 Safari/537.36"
109.128.8.131 - - [09/Jan/2024:21:08:31 +0100] "GET /favicon.ico HTTP/1.0" 200 260 "http://www.wonder-geek.com/" "Mozilla/5.0 (Windows NT 10.0; Win64; x64) AppleWebKit/537.36 (KHTML, like Gecko) Chrome/120.0.0.0 Safari/537.36"
54.36.149.97 - - [09/Jan/2024:21:08:47 +0100] "GET /diffuser-perfume-essential-oils-c-231_162.html?page=1 HTTP/1.0" 200 101693 "-" "Mozilla/5.0 (compatible; AhrefsBot/7.0; +http://ahrefs.com/robot/)"
69.63.189.9 - - [09/Jan/2024:21:09:39 +0100] "GET /images/mini_prod/3503420192906.jpg HTTP/1.0" 200 269 "-" "facebookexternalhit/1.1 (+http://www.facebook.com/externalhit_uatext.php)"
52.167.144.203 - - [09/Jan/2024:21:09:43 +0100] "GET /images/mini_prod/8435306265839.jpg HTTP/1.0" 200 269 "-" "Mozilla/5.0 AppleWebKit/537.36 (KHTML, like Gecko; compatible; bingbot/2.0; +http://www.bing.com/bingbot.htm) Chrome/116.0.1938.76 Safari/537.36"
216.244.66.242 - - [09/Jan/2024:21:09:57 +0100] "GET /flag-clock-p-31846.html HTTP/1.0" 200 81301 "-" "Mozilla/5.0 (compatible; DotBot/1.2; +https://opensiteexplorer.org/dotbot; help@moz.com)"
216.244.66.242 - - [09/Jan/2024:21:10:09 +0100] "GET /paris-placemat-p-40660.html HTTP/1.0" 200 81309 "-" "Mozilla/5.0 (compatible; DotBot/1.2; +https://opensiteexplorer.org/dotbot; help@moz.com)"
216.244.66.242 - - [09/Jan/2024:21:10:21 +0100] "GET /yoga-bolster-meditation-cushion-chakra-manipura-p-45367.html HTTP/1.0" 200 85894 "-" "Mozilla/5.0 (compatible; DotBot/1.2; +https://opensiteexplorer.org/dotbot; help@moz.com)"
69.63.189.2 - - [09/Jan/2024:21:10:28 +0100] "GET /images/mini_prod/3574642012723a.jpg HTTP/1.0" 200 270 "-" "facebookexternalhit/1.1 (+http://www.facebook.com/externalhit_uatext.php)"
54.36.148.214 - - [09/Jan/2024:21:10:34 +0100] "GET /salt-pepper-clock-collection-p-30169.html HTTP/1.0" 200 83746 "-" "Mozilla/5.0 (compatible; AhrefsBot/7.0; +http://ahrefs.com/robot/)"
66.249.77.200 - - [09/Jan/2024:21:11:02 +0100] "GET /cake-molds-cube-molds-c-12_246.html HTTP/1.0" 200 94232 "-" "Mozilla/5.0 (Linux; Android 6.0.1; Nexus 5X Build/MMB29P) AppleWebKit/537.36 (KHTML, like Gecko) Chrome/120.0.6099.199 Mobile Safari/537.36 (compatible; Googlebot/2.1; +http://www.google.com/bot.html)"
212.25.11.56 - - [09/Jan/2024:21:11:18 +0100] "GET /images/mini_prod/1348422000543.jpg HTTP/1.0" 200 269 "-" "Mozilla/5.0 (X11; Ubuntu; Linux x86_64; rv:72.0) Gecko/20100101 Firefox/72.0"
74.125.208.12 - - [09/Jan/2024:21:12:22 +0100] "GET /images/big_prod_1/3713572712277a.jpg HTTP/1.0" 200 271 "-" "Mozilla/5.0 (Windows NT 5.1; rv:11.0) Gecko Firefox/11.0 (via ggpht.com GoogleImageProxy)"
54.36.148.60 - - [09/Jan/2024:21:12:25 +0100] "GET /purple-monster-piggy-bank-spring-p-28124.html HTTP/1.0" 200 84413 "-" "Mozilla/5.0 (compatible; AhrefsBot/7.0; +http://ahrefs.com/robot/)"
69.63.189.13 - - [09/Jan/2024:21:12:49 +0100] "GET /images/mini_prod/3664944557371.jpg HTTP/1.0" 200 269 "-" "facebookexternalhit/1.1 (+http://www.facebook.com/externalhit_uatext.php)"
74.125.208.12 - - [09/Jan/2024:21:13:08 +0100] "GET /images/big_prod_1/3700572755366C.jpg HTTP/1.0" 200 271 "-" "Mozilla/5.0 (Windows NT 5.1; rv:11.0) Gecko Firefox/11.0 (via ggpht.com GoogleImageProxy)"
52.167.144.238 - - [09/Jan/2024:21:13:10 +0100] "GET /mini-rectangular-tray-loving-birds-p-61545.html HTTP/1.0" 200 84062 "-" "Mozilla/5.0 AppleWebKit/537.36 (KHTML, like Gecko; compatible; bingbot/2.0; +http://www.bing.com/bingbot.htm) Chrome/116.0.1938.76 Safari/537.36"
216.244.66.242 - - [09/Jan/2024:21:13:14 +0100] "GET /corsica-mini-metal-tray-p-44857.html HTTP/1.0" 200 83708 "-" "Mozilla/5.0 (compatible; DotBot/1.2; +https://opensiteexplorer.org/dotbot; help@moz.com)"
216.244.66.242 - - [09/Jan/2024:21:13:25 +0100] "GET /mhari-collection-metal-plate-deco-p-37160.html HTTP/1.0" 200 81422 "-" "Mozilla/5.0 (compatible; DotBot/1.2; +https://opensiteexplorer.org/dotbot; help@moz.com)"
216.244.66.242 - - [09/Jan/2024:21:13:35 +0100] "GET /smurf-toddler-flatware-p-27536.html HTTP/1.0" 200 81349 "-" "Mozilla/5.0 (compatible; DotBot/1.2; +https://opensiteexplorer.org/dotbot; help@moz.com)"
216.244.66.242 - - [09/Jan/2024:21:13:43 +0100] "GET /tetsubin-teapots-japanese-p-37550.html HTTP/1.0" 200 81361 "-" "Mozilla/5.0 (compatible; DotBot/1.2; +https://opensiteexplorer.org/dotbot; help@moz.com)"
69.63.189.10 - - [09/Jan/2024:21:13:46 +0100] "GET /images/mini_prod/4029811346349.jpg HTTP/1.0" 200 269 "-" "facebookexternalhit/1.1 (+http://www.facebook.com/externalhit_uatext.php)"
69.63.189.7 - - [09/Jan/2024:21:13:52 +0100] "GET /images/mini_prod/8424001284559a.jpg HTTP/1.0" 200 270 "-" "facebookexternalhit/1.1 (+http://www.facebook.com/externalhit_uatext.php)"
54.36.148.213 - - [09/Jan/2024:21:14:11 +0100] "GET /coconut-fibers-doormat-pink-home-p-56982.html HTTP/1.0" 200 84597 "-" "Mozilla/5.0 (compatible; AhrefsBot/7.0; +http://ahrefs.com/robot/)"
52.167.144.238 - - [09/Jan/2024:21:14:19 +0100] "GET /array-m-26.html HTTP/1.0" 200 101390 "-" "Mozilla/5.0 AppleWebKit/537.36 (KHTML, like Gecko; compatible; bingbot/2.0; +http://www.bing.com/bingbot.htm) Chrome/116.0.1938.76 Safari/537.36"
69.63.189.16 - - [09/Jan/2024:21:14:54 +0100] "GET /images/mini_prod/8412497761951.jpg HTTP/1.0" 200 269 "-" "facebookexternalhit/1.1 (+http://www.facebook.com/externalhit_uatext.php)"
66.249.77.201 - - [09/Jan/2024:21:15:03 +0100] "GET /cake-dish-pastry-p-54999.html HTTP/1.0" 200 81321 "-" "Mozilla/5.0 (Linux; Android 6.0.1; Nexus 5X Build/MMB29P) AppleWebKit/537.36 (KHTML, like Gecko) Chrome/120.0.6099.199 Mobile Safari/537.36 (compatible; Googlebot/2.1; +http://www.google.com/bot.html)"
44.192.89.38 - - [09/Jan/2024:21:15:22 +0100] "GET /images/mini_prod/3453131139168.jpg HTTP/1.0" 200 269 "-" "Go-http-client/1.1"
109.128.8.131 - - [09/Jan/2024:21:15:37 +0100] "GET /jane-crowther-black-p-53852.html HTTP/1.0" 200 81367 "-" "Mozilla/5.0 (Windows NT 10.0; Win64; x64) AppleWebKit/537.36 (KHTML, like Gecko) Chrome/120.0.0.0 Safari/537.36"
109.128.8.131 - - [09/Jan/2024:21:15:39 +0100] "GET /swfobject.js HTTP/1.0" 404 1308 "http://www.wonder-geek.com/jane-crowther-black-p-53852.html" "Mozilla/5.0 (Windows NT 10.0; Win64; x64) AppleWebKit/537.36 (KHTML, like Gecko) Chrome/120.0.0.0 Safari/537.36"
109.128.8.131 - - [09/Jan/2024:21:15:39 +0100] "GET /templates/Pixame_v1/images/buttons/english/button_continue.gif HTTP/1.0" 200 1264 "http://www.wonder-geek.com/jane-crowther-black-p-53852.html" "Mozilla/5.0 (Windows NT 10.0; Win64; x64) AppleWebKit/537.36 (KHTML, like Gecko) Chrome/120.0.0.0 Safari/537.36"
69.63.189.120 - - [09/Jan/2024:21:15:58 +0100] "GET /images/mini_prod/3665269293548.jpg HTTP/1.0" 200 269 "-" "facebookexternalhit/1.1 (+http://www.facebook.com/externalhit_uatext.php)"
54.36.148.36 - - [09/Jan/2024:21:15:57 +0100] "GET /hand-fatma-acrylic-magnet-p-52883.html HTTP/1.0" 200 83655 "-" "Mozilla/5.0 (compatible; AhrefsBot/7.0; +http://ahrefs.com/robot/)"
69.63.189.3 - - [09/Jan/2024:21:16:27 +0100] "GET /images/mini_prod/1328399282357b.jpg HTTP/1.0" 200 270 "-" "facebookexternalhit/1.1 (+http://www.facebook.com/externalhit_uatext.php)"
69.63.189.10 - - [09/Jan/2024:21:16:43 +0100] "GET /%20images/big_prod/8460070111952.jpg HTTP/1.0" 404 1308 "-" "facebookexternalhit/1.1 (+http://www.facebook.com/externalhit_uatext.php)"
52.167.144.18 - - [09/Jan/2024:21:16:55 +0100] "GET /clocks-c-13_67.html?page=10 HTTP/1.0" 200 98669 "-" "Mozilla/5.0 AppleWebKit/537.36 (KHTML, like Gecko; compatible; bingbot/2.0; +http://www.bing.com/bingbot.htm) Chrome/116.0.1938.76 Safari/537.36"
109.128.8.131 - - [09/Jan/2024:21:17:06 +0100] "GET /swfobject.js HTTP/1.0" 404 1308 "http://www.wonder-geek.com/chandeliers-suspensions-c-86_280.html" "Mozilla/5.0 (Windows NT 10.0; Win64; x64) AppleWebKit/537.36 (KHTML, like Gecko) Chrome/120.0.0.0 Safari/537.36"
109.128.8.131 - - [09/Jan/2024:21:17:04 +0100] "GET /chandeliers-suspensions-c-86_280.html HTTP/1.0" 200 101097 "http://www.wonder-geek.com/jane-crowther-black-p-53852.html" "Mozilla/5.0 (Windows NT 10.0; Win64; x64) AppleWebKit/537.36 (KHTML, like Gecko) Chrome/120.0.0.0 Safari/537.36"
109.128.8.131 - - [09/Jan/2024:21:17:07 +0100] "GET /images/mini_prod/75256bis.jpg HTTP/1.0" 200 264 "http://www.wonder-geek.com/chandeliers-suspensions-c-86_280.html" "Mozilla/5.0 (Windows NT 10.0; Win64; x64) AppleWebKit/537.36 (KHTML, like Gecko) Chrome/120.0.0.0 Safari/537.36"
109.128.8.131 - - [09/Jan/2024:21:17:07 +0100] "GET /images/mini_prod/8424345986188.jpg HTTP/1.0" 200 269 "http://www.wonder-geek.com/chandeliers-suspensions-c-86_280.html" "Mozilla/5.0 (Windows NT 10.0; Win64; x64) AppleWebKit/537.36 (KHTML, like Gecko) Chrome/120.0.0.0 Safari/537.36"
109.128.8.131 - - [09/Jan/2024:21:17:07 +0100] "GET /js/jquery.min.js HTTP/1.0" 404 1308 "http://www.wonder-geek.com/chandeliers-suspensions-c-86_280.html" "Mozilla/5.0 (Windows NT 10.0; Win64; x64) AppleWebKit/537.36 (KHTML, like Gecko) Chrome/120.0.0.0 Safari/537.36"
109.128.8.131 - - [09/Jan/2024:21:17:07 +0100] "GET /images/mini_prod/8424345986164.jpg HTTP/1.0" 200 269 "http://www.wonder-geek.com/chandeliers-suspensions-c-86_280.html" "Mozilla/5.0 (Windows NT 10.0; Win64; x64) AppleWebKit/537.36 (KHTML, like Gecko) Chrome/120.0.0.0 Safari/537.36"
109.128.8.131 - - [09/Jan/2024:21:17:07 +0100] "GET /images/mini_prod/8424346085309.jpg HTTP/1.0" 200 269 "http://www.wonder-geek.com/chandeliers-suspensions-c-86_280.html" "Mozilla/5.0 (Windows NT 10.0; Win64; x64) AppleWebKit/537.36 (KHTML, like Gecko) Chrome/120.0.0.0 Safari/537.36"
109.128.8.131 - - [09/Jan/2024:21:17:07 +0100] "GET /images/mini_prod/8424346366064.jpg HTTP/1.0" 200 269 "http://www.wonder-geek.com/chandeliers-suspensions-c-86_280.html" "Mozilla/5.0 (Windows NT 10.0; Win64; x64) AppleWebKit/537.36 (KHTML, like Gecko) Chrome/120.0.0.0 Safari/537.36"
109.128.8.131 - - [09/Jan/2024:21:17:07 +0100] "GET /images/mini_prod/8424345932444.jpg HTTP/1.0" 200 269 "http://www.wonder-geek.com/chandeliers-suspensions-c-86_280.html" "Mozilla/5.0 (Windows NT 10.0; Win64; x64) AppleWebKit/537.36 (KHTML, like Gecko) Chrome/120.0.0.0 Safari/537.36"
109.128.8.131 - - [09/Jan/2024:21:17:07 +0100] "GET /images/mini_prod/8424345932437.jpg HTTP/1.0" 200 269 "http://www.wonder-geek.com/chandeliers-suspensions-c-86_280.html" "Mozilla/5.0 (Windows NT 10.0; Win64; x64) AppleWebKit/537.36 (KHTML, like Gecko) Chrome/120.0.0.0 Safari/537.36"
109.128.8.131 - - [09/Jan/2024:21:17:07 +0100] "GET /images/mini_prod/8424345490944.jpg HTTP/1.0" 200 269 "http://www.wonder-geek.com/chandeliers-suspensions-c-86_280.html" "Mozilla/5.0 (Windows NT 10.0; Win64; x64) AppleWebKit/537.36 (KHTML, like Gecko) Chrome/120.0.0.0 Safari/537.36"
109.128.8.131 - - [09/Jan/2024:21:17:07 +0100] "GET /images/mini_prod/4250255881022.jpg HTTP/1.0" 200 269 "http://www.wonder-geek.com/chandeliers-suspensions-c-86_280.html" "Mozilla/5.0 (Windows NT 10.0; Win64; x64) AppleWebKit/537.36 (KHTML, like Gecko) Chrome/120.0.0.0 Safari/537.36"
109.128.8.131 - - [09/Jan/2024:21:17:07 +0100] "GET /images/mini_prod/4250255881039E.jpg HTTP/1.0" 200 270 "http://www.wonder-geek.com/chandeliers-suspensions-c-86_280.html" "Mozilla/5.0 (Windows NT 10.0; Win64; x64) AppleWebKit/537.36 (KHTML, like Gecko) Chrome/120.0.0.0 Safari/537.36"
109.128.8.131 - - [09/Jan/2024:21:17:07 +0100] "GET /images/mini_prod/4250255881053N.jpg HTTP/1.0" 200 270 "http://www.wonder-geek.com/chandeliers-suspensions-c-86_280.html" "Mozilla/5.0 (Windows NT 10.0; Win64; x64) AppleWebKit/537.36 (KHTML, like Gecko) Chrome/120.0.0.0 Safari/537.36"
109.128.8.131 - - [09/Jan/2024:21:17:07 +0100] "GET /design/fondothers.jpg HTTP/1.0" 200 667 "http://www.wonder-geek.com/templates/Pixame_v1/stylesheet.css" "Mozilla/5.0 (Windows NT 10.0; Win64; x64) AppleWebKit/537.36 (KHTML, like Gecko) Chrome/120.0.0.0 Safari/537.36"
109.128.8.131 - - [09/Jan/2024:21:17:07 +0100] "GET /design/fondcurrent.jpg HTTP/1.0" 200 683 "http://www.wonder-geek.com/templates/Pixame_v1/stylesheet.css" "Mozilla/5.0 (Windows NT 10.0; Win64; x64) AppleWebKit/537.36 (KHTML, like Gecko) Chrome/120.0.0.0 Safari/537.36"
109.128.8.131 - - [09/Jan/2024:21:17:07 +0100] "GET /images/mini_prod/4250255881046N.jpg HTTP/1.0" 200 270 "http://www.wonder-geek.com/chandeliers-suspensions-c-86_280.html" "Mozilla/5.0 (Windows NT 10.0; Win64; x64) AppleWebKit/537.36 (KHTML, like Gecko) Chrome/120.0.0.0 Safari/537.36"
109.128.8.131 - - [09/Jan/2024:21:17:07 +0100] "GET /images/mini_prod/8424345986195.jpg HTTP/1.0" 200 269 "http://www.wonder-geek.com/chandeliers-suspensions-c-86_280.html" "Mozilla/5.0 (Windows NT 10.0; Win64; x64) AppleWebKit/537.36 (KHTML, like Gecko) Chrome/120.0.0.0 Safari/537.36"
109.128.8.131 - - [09/Jan/2024:21:17:07 +0100] "GET /images/mini_prod/8424345986171.jpg HTTP/1.0" 200 269 "http://www.wonder-geek.com/chandeliers-suspensions-c-86_280.html" "Mozilla/5.0 (Windows NT 10.0; Win64; x64) AppleWebKit/537.36 (KHTML, like Gecko) Chrome/120.0.0.0 Safari/537.36"
109.128.8.131 - - [09/Jan/2024:21:17:07 +0100] "GET /images/mini_prod/8445146107176.jpg HTTP/1.0" 200 269 "http://www.wonder-geek.com/chandeliers-suspensions-c-86_280.html" "Mozilla/5.0 (Windows NT 10.0; Win64; x64) AppleWebKit/537.36 (KHTML, like Gecko) Chrome/120.0.0.0 Safari/537.36"
109.128.8.131 - - [09/Jan/2024:21:17:07 +0100] "GET /images/mini_prod/4250255881008.jpg HTTP/1.0" 200 269 "http://www.wonder-geek.com/chandeliers-suspensions-c-86_280.html" "Mozilla/5.0 (Windows NT 10.0; Win64; x64) AppleWebKit/537.36 (KHTML, like Gecko) Chrome/120.0.0.0 Safari/537.36"
109.128.8.131 - - [09/Jan/2024:21:17:07 +0100] "GET /images/mini_prod/4250255881015.jpg HTTP/1.0" 200 269 "http://www.wonder-geek.com/chandeliers-suspensions-c-86_280.html" "Mozilla/5.0 (Windows NT 10.0; Win64; x64) AppleWebKit/537.36 (KHTML, like Gecko) Chrome/120.0.0.0 Safari/537.36"
109.128.8.131 - - [09/Jan/2024:21:17:07 +0100] "GET /images/mini_prod/8445146000378.jpg HTTP/1.0" 200 269 "http://www.wonder-geek.com/chandeliers-suspensions-c-86_280.html" "Mozilla/5.0 (Windows NT 10.0; Win64; x64) AppleWebKit/537.36 (KHTML, like Gecko) Chrome/120.0.0.0 Safari/537.36"
109.128.8.131 - - [09/Jan/2024:21:17:07 +0100] "GET /images/mini_prod/8433933018613.jpg HTTP/1.0" 200 269 "http://www.wonder-geek.com/chandeliers-suspensions-c-86_280.html" "Mozilla/5.0 (Windows NT 10.0; Win64; x64) AppleWebKit/537.36 (KHTML, like Gecko) Chrome/120.0.0.0 Safari/537.36"
109.128.8.131 - - [09/Jan/2024:21:17:07 +0100] "GET /images/mini_prod/1300000021654.jpg HTTP/1.0" 200 269 "http://www.wonder-geek.com/chandeliers-suspensions-c-86_280.html" "Mozilla/5.0 (Windows NT 10.0; Win64; x64) AppleWebKit/537.36 (KHTML, like Gecko) Chrome/120.0.0.0 Safari/537.36"
69.63.189.118 - - [09/Jan/2024:21:17:12 +0100] "GET /images/mini_prod/8433933294321.jpg HTTP/1.0" 200 269 "-" "facebookexternalhit/1.1 (+http://www.facebook.com/externalhit_uatext.php)"
54.36.148.169 - - [09/Jan/2024:21:17:31 +0100] "GET /christmas-arrangement-fine-bone-china-p-61356.html HTTP/1.0" 200 83877 "-" "Mozilla/5.0 (compatible; AhrefsBot/7.0; +http://ahrefs.com/robot/)"
114.119.145.163 - - [09/Jan/2024:21:17:49 +0100] "GET /%20images/big_prod/3453131159012.jpg HTTP/1.0" 404 1308 "http://www.wonder-geek.com/gourmandise-commence-adult-apron-p-55964.html" "Mozilla/5.0 (Linux; Android 7.0;) AppleWebKit/537.36 (KHTML, like Gecko) Mobile Safari/537.36 (compatible; PetalBot;+https://webmaster.petalsearch.com/site/petalbot)"
47.128.38.97 - - [09/Jan/2024:21:18:19 +0100] "GET /-p-27043.html HTTP/1.0" 200 81263 "-" "Mozilla/5.0 (compatible; Bytespider; spider-feedback@bytedance.com) AppleWebKit/537.36 (KHTML, like Gecko) Chrome/70.0.0.0 Safari/537.36"
47.128.38.97 - - [09/Jan/2024:21:18:21 +0100] "GET /swfobject.js HTTP/1.0" 404 1308 "http://www.wonder-geek.com/-p-27043.html" "Mozilla/5.0 (compatible; Bytespider; spider-feedback@bytedance.com) AppleWebKit/537.36 (KHTML, like Gecko) Chrome/70.0.0.0 Safari/537.36"
47.128.38.97 - - [09/Jan/2024:21:18:22 +0100] "GET /highslide/graphics/outlines/drop-shadow.png HTTP/1.0" 200 277 "http://www.wonder-geek.com/-p-27043.html" "Mozilla/5.0 (compatible; Bytespider; spider-feedback@bytedance.com) AppleWebKit/537.36 (KHTML, like Gecko) Chrome/70.0.0.0 Safari/537.36"
47.128.38.97 - - [09/Jan/2024:21:18:22 +0100] "GET /highslide/graphics/zoomout.cur HTTP/1.0" 200 614 "http://www.wonder-geek.com/-p-27043.html" "Mozilla/5.0 (compatible; Bytespider; spider-feedback@bytedance.com) AppleWebKit/537.36 (KHTML, like Gecko) Chrome/70.0.0.0 Safari/537.36"
69.63.189.14 - - [09/Jan/2024:21:18:29 +0100] "GET /images/mini_prod/1399984255278.jpg HTTP/1.0" 200 269 "-" "facebookexternalhit/1.1 (+http://www.facebook.com/externalhit_uatext.php)"
69.63.189.18 - - [09/Jan/2024:21:18:34 +0100] "GET /images/mini_prod/5425023554142NC.jpg HTTP/1.0" 200 271 "-" "facebookexternalhit/1.1 (+http://www.facebook.com/externalhit_uatext.php)"
69.63.189.117 - - [09/Jan/2024:21:18:55 +0100] "GET /images/mini_prod/3384156585084W.jpg HTTP/1.0" 200 270 "-" "facebookexternalhit/1.1 (+http://www.facebook.com/externalhit_uatext.php)"
109.128.8.131 - - [09/Jan/2024:21:18:58 +0100] "GET /swfobject.js HTTP/1.0" 404 1308 "http://www.wonder-geek.com/poncho-towels-bathrobes-c-11_72.html" "Mozilla/5.0 (Windows NT 10.0; Win64; x64) AppleWebKit/537.36 (KHTML, like Gecko) Chrome/120.0.0.0 Safari/537.36"
