65.108.128.54 - - [09/Jan/2024:04:57:53 +0100] "GET /sorcerer-mickey-figure-collection-by-britto-p-18000.html HTTP/1.0" 301 86605 "-" "Mozilla/5.0 (compatible; MJ12bot/v1.4.8; http://mj12bot.com/)"
65.108.128.54 - - [09/Jan/2024:04:57:57 +0100] "GET /sorcerer-mickey-figure-collection-britto-p-18000.html HTTP/1.0" 200 86498 "-" "Mozilla/5.0 (compatible; MJ12bot/v1.4.8; http://mj12bot.com/)"
65.108.128.54 - - [09/Jan/2024:04:58:02 +0100] "GET /sound-chamboul-tout-maximouss-p-19894.html HTTP/1.0" 301 81330 "-" "Mozilla/5.0 (compatible; MJ12bot/v1.4.8; http://mj12bot.com/)"
65.108.128.54 - - [09/Jan/2024:04:58:09 +0100] "GET /-p-19894.html HTTP/1.0" 200 81263 "-" "Mozilla/5.0 (compatible; MJ12bot/v1.4.8; http://mj12bot.com/)"
36.110.138.166 - - [09/Jan/2024:04:58:15 +0100] "GET /images/mini_prod/3700516221759.jpg HTTP/1.0" 200 269 "-" "Mozilla/5.0 (X11; Ubuntu; Linux x86_64; rv:72.0) Gecko/20100101 Firefox/72.0"
54.36.148.59 - - [09/Jan/2024:04:58:13 +0100] "GET /welcome-coconut-fibers-doormat-p-58059.html HTTP/1.0" 200 84601 "-" "Mozilla/5.0 (compatible; AhrefsBot/7.0; +http://ahrefs.com/robot/)"
65.108.128.54 - - [09/Jan/2024:04:58:13 +0100] "GET /soy-luna-small-box-p-44806.html HTTP/1.0" 301 81368 "-" "Mozilla/5.0 (compatible; MJ12bot/v1.4.8; http://mj12bot.com/)"
65.108.128.54 - - [09/Jan/2024:04:58:18 +0100] "GET /luna-small-p-44806.html HTTP/1.0" 200 81291 "-" "Mozilla/5.0 (compatible; MJ12bot/v1.4.8; http://mj12bot.com/)"
65.108.128.54 - - [09/Jan/2024:04:58:22 +0100] "GET /spiderman-small-plush-backpack-p-18835.html HTTP/1.0" 301 81330 "-" "Mozilla/5.0 (compatible; MJ12bot/v1.4.8; http://mj12bot.com/)"
65.108.128.54 - - [09/Jan/2024:04:58:26 +0100] "GET /-p-18835.html HTTP/1.0" 200 81263 "-" "Mozilla/5.0 (compatible; MJ12bot/v1.4.8; http://mj12bot.com/)"
65.108.128.54 - - [09/Jan/2024:04:58:30 +0100] "GET /spiderman-trolley-bag-p-30363.html HTTP/1.0" 301 81413 "-" "Mozilla/5.0 (compatible; MJ12bot/v1.4.8; http://mj12bot.com/)"
65.108.128.54 - - [09/Jan/2024:04:58:34 +0100] "GET /spiderman-trolley-p-30363.html HTTP/1.0" 200 81329 "-" "Mozilla/5.0 (compatible; MJ12bot/v1.4.8; http://mj12bot.com/)"
65.108.128.54 - - [09/Jan/2024:04:58:38 +0100] "GET /spiderman-trolley-p-30363.html HTTP/1.0" 200 81329 "-" "Mozilla/5.0 (compatible; MJ12bot/v1.4.8; http://mj12bot.com/)"
95.108.213.215 - - [09/Jan/2024:04:58:44 +0100] "GET /robots.txt HTTP/1.0" 200 245 "-" "Mozilla/5.0 (compatible; YandexBot/3.0; +http://yandex.com/bots)"
65.108.128.54 - - [09/Jan/2024:04:58:43 +0100] "GET /spongebob-ceiling-light-p-16142.html HTTP/1.0" 301 81330 "-" "Mozilla/5.0 (compatible; MJ12bot/v1.4.8; http://mj12bot.com/)"
5.255.231.62 - - [09/Jan/2024:04:58:45 +0100] "GET /star-wars-kylo-flametrooper-pencil-case-p-32492.html HTTP/1.0" 200 81397 "-" "Mozilla/5.0 (compatible; YandexBot/3.0; +http://yandex.com/bots)"
65.108.128.54 - - [09/Jan/2024:04:58:47 +0100] "GET /-p-16142.html HTTP/1.0" 200 81263 "-" "Mozilla/5.0 (compatible; MJ12bot/v1.4.8; http://mj12bot.com/)"
65.108.128.54 - - [09/Jan/2024:04:58:51 +0100] "GET /star-wars-black-sries-snowtrooper-figure-p-34592.html HTTP/1.0" 301 81330 "-" "Mozilla/5.0 (compatible; MJ12bot/v1.4.8; http://mj12bot.com/)"
65.108.128.54 - - [09/Jan/2024:04:58:55 +0100] "GET /-p-34592.html HTTP/1.0" 200 81263 "-" "Mozilla/5.0 (compatible; MJ12bot/v1.4.8; http://mj12bot.com/)"
65.108.128.54 - - [09/Jan/2024:04:58:59 +0100] "GET /star-wars-pencil-case-p-41164.html HTTP/1.0" 200 83782 "-" "Mozilla/5.0 (compatible; MJ12bot/v1.4.8; http://mj12bot.com/)"
65.108.128.54 - - [09/Jan/2024:04:59:04 +0100] "GET /star-wars-shirt-p-29590.html HTTP/1.0" 301 81330 "-" "Mozilla/5.0 (compatible; MJ12bot/v1.4.8; http://mj12bot.com/)"
65.108.128.54 - - [09/Jan/2024:04:59:08 +0100] "GET /-p-29590.html HTTP/1.0" 200 81263 "-" "Mozilla/5.0 (compatible; MJ12bot/v1.4.8; http://mj12bot.com/)"
65.108.128.54 - - [09/Jan/2024:04:59:12 +0100] "GET /star-wars-tee-shirt-p-29590.html HTTP/1.0" 301 81330 "-" "Mozilla/5.0 (compatible; MJ12bot/v1.4.8; http://mj12bot.com/)"
65.108.128.54 - - [09/Jan/2024:04:59:16 +0100] "GET /-p-29590.html HTTP/1.0" 200 81263 "-" "Mozilla/5.0 (compatible; MJ12bot/v1.4.8; http://mj12bot.com/)"
65.108.128.54 - - [09/Jan/2024:04:59:20 +0100] "GET /star-wars-the-black-series-snowtrooper-figure-p-34592.html HTTP/1.0" 301 81330 "-" "Mozilla/5.0 (compatible; MJ12bot/v1.4.8; http://mj12bot.com/)"
65.108.128.54 - - [09/Jan/2024:04:59:25 +0100] "GET /-p-34592.html HTTP/1.0" 200 81263 "-" "Mozilla/5.0 (compatible; MJ12bot/v1.4.8; http://mj12bot.com/)"
65.108.128.54 - - [09/Jan/2024:04:59:28 +0100] "GET /stars-phosphorescent-polar-plaid-p-45223.html HTTP/1.0" 301 81330 "-" "Mozilla/5.0 (compatible; MJ12bot/v1.4.8; http://mj12bot.com/)"
65.108.128.54 - - [09/Jan/2024:04:59:33 +0100] "GET /-p-45223.html HTTP/1.0" 200 81263 "-" "Mozilla/5.0 (compatible; MJ12bot/v1.4.8; http://mj12bot.com/)"
65.108.128.54 - - [09/Jan/2024:04:59:36 +0100] "GET /stars-wars-darth-vader-figure-79-cm-p-21809.html HTTP/1.0" 301 81330 "-" "Mozilla/5.0 (compatible; MJ12bot/v1.4.8; http://mj12bot.com/)"
51.68.224.127 - - [09/Jan/2024:04:59:40 +0100] "GET /adminweb/export_orders_xml.php?token=256de2z6edz6ed2z6DFSFsed2zed6zeDSFDSGdzedezfzf&maxorders=10&orderstart=1&status=14&start_date=2018-10-01 HTTP/1.0" 200 285 "-" "GesCom CharlotteBoutik Serveur"
65.108.128.54 - - [09/Jan/2024:04:59:40 +0100] "GET /-p-21809.html HTTP/1.0" 200 81263 "-" "Mozilla/5.0 (compatible; MJ12bot/v1.4.8; http://mj12bot.com/)"
51.68.224.127 - - [09/Jan/2024:04:59:40 +0100] "GET /adminweb/export_orders_xml.php?token=256de2z6edz6ed2z6DFSFsed2zed6zeDSFDSGdzedezfzf&maxorders=10&orderstart=1&status=6&start_date=2018-10-01 HTTP/1.0" 200 34422 "-" "GesCom CharlotteBoutik Serveur"
65.108.128.54 - - [09/Jan/2024:04:59:45 +0100] "GET /starwars-your-father-cosmetic-bag-p-16888.html HTTP/1.0" 301 81330 "-" "Mozilla/5.0 (compatible; MJ12bot/v1.4.8; http://mj12bot.com/)"
65.108.128.54 - - [09/Jan/2024:04:59:49 +0100] "GET /-p-16888.html HTTP/1.0" 200 81263 "-" "Mozilla/5.0 (compatible; MJ12bot/v1.4.8; http://mj12bot.com/)"
65.108.128.54 - - [09/Jan/2024:04:59:53 +0100] "GET /stationery-and-cardmaking-c-129.html?page=12 HTTP/1.0" 301 103597 "-" "Mozilla/5.0 (compatible; MJ12bot/v1.4.8; http://mj12bot.com/)"
65.108.128.54 - - [09/Jan/2024:04:59:59 +0100] "GET /stationery-cardmaking-c-129.html?page=12 HTTP/1.0" 200 103503 "-" "Mozilla/5.0 (compatible; MJ12bot/v1.4.8; http://mj12bot.com/)"
65.108.128.54 - - [09/Jan/2024:05:00:23 +0100] "GET /stationery-and-cardmaking-c-129.html?page=13 HTTP/1.0" 301 103617 "-" "Mozilla/5.0 (compatible; MJ12bot/v1.4.8; http://mj12bot.com/)"
65.108.128.54 - - [09/Jan/2024:05:00:30 +0100] "GET /stationery-cardmaking-c-129.html?page=13 HTTP/1.0" 200 103523 "-" "Mozilla/5.0 (compatible; MJ12bot/v1.4.8; http://mj12bot.com/)"
47.252.71.198 - - [09/Jan/2024:05:00:56 +0100] "HEAD /images/mini_prod/8424001528226.jpg HTTP/1.0" 200 290 "-" "Go-http-client/1.1"
47.252.71.198 - - [09/Jan/2024:05:01:04 +0100] "GET /images/mini_prod/8424001528226.jpg HTTP/1.0" 200 269 "-" "Go-http-client/1.1"
134.94.0.71 - - [09/Jan/2024:05:01:07 +0100] "GET /images/mini_prod/3503420077364.jpg HTTP/1.0" 200 269 "-" "Mozilla/5.0 (X11; Ubuntu; Linux x86_64; rv:72.0) Gecko/20100101 Firefox/72.0"
65.108.128.54 - - [09/Jan/2024:05:00:49 +0100] "GET /stationery-and-cardmaking-c-129.html?page=14 HTTP/1.0" 301 103617 "-" "Mozilla/5.0 (compatible; MJ12bot/v1.4.8; http://mj12bot.com/)"
65.108.128.54 - - [09/Jan/2024:05:00:55 +0100] "GET /stationery-cardmaking-c-129.html?page=14 HTTP/1.0" 200 103523 "-" "Mozilla/5.0 (compatible; MJ12bot/v1.4.8; http://mj12bot.com/)"
202.239.5.39 - - [09/Jan/2024:05:01:10 +0100] "GET /earrings-c-3_242.html HTTP/1.0" 200 94202 "-" "Mozilla/5.0 (compatible; Y!J-WSC/1.0; +https://yahoo.jp/3BSZgF)"
202.239.4.44 - - [09/Jan/2024:05:01:25 +0100] "GET /swfobject.js HTTP/1.0" 404 1308 "http://www.wonder-geek.com/earrings-c-3_242.html" "Mozilla/5.0 (Windows NT 10.0; Win64; x64) AppleWebKit/537.36 (KHTML, like Gecko; compatible; Y!J-WSC/1.0; +https://yahoo.jp/3BSZgF) Chrome/118.0.0.0 Safari/537.36"
134.94.0.71 - - [09/Jan/2024:05:01:29 +0100] "GET /images/mini_prod/1384010202883.jpg HTTP/1.0" 200 269 "-" "Mozilla/5.0 (X11; Ubuntu; Linux x86_64; rv:72.0) Gecko/20100101 Firefox/72.0"
65.108.128.54 - - [09/Jan/2024:05:01:14 +0100] "GET /stationery-and-cardmaking-c-129.html?page=15 HTTP/1.0" 301 103722 "-" "Mozilla/5.0 (compatible; MJ12bot/v1.4.8; http://mj12bot.com/)"
65.108.128.54 - - [09/Jan/2024:05:01:20 +0100] "GET /stationery-cardmaking-c-129.html?page=15 HTTP/1.0" 200 103628 "-" "Mozilla/5.0 (compatible; MJ12bot/v1.4.8; http://mj12bot.com/)"
65.108.128.54 - - [09/Jan/2024:05:01:38 +0100] "GET /stationery-and-cardmaking-c-129.html?page=16 HTTP/1.0" 301 103628 "-" "Mozilla/5.0 (compatible; MJ12bot/v1.4.8; http://mj12bot.com/)"
65.108.128.54 - - [09/Jan/2024:05:01:44 +0100] "GET /stationery-cardmaking-c-129.html?page=16 HTTP/1.0" 200 103534 "-" "Mozilla/5.0 (compatible; MJ12bot/v1.4.8; http://mj12bot.com/)"
54.36.148.250 - - [09/Jan/2024:05:01:58 +0100] "GET /white-gold-ciment-flower-p-58068.html HTTP/1.0" 200 84432 "-" "Mozilla/5.0 (compatible; AhrefsBot/7.0; +http://ahrefs.com/robot/)"
65.108.128.54 - - [09/Jan/2024:05:01:58 +0100] "GET /stationery-and-cardmaking-c-129.html?page=17 HTTP/1.0" 301 103543 "-" "Mozilla/5.0 (compatible; MJ12bot/v1.4.8; http://mj12bot.com/)"
65.108.128.54 - - [09/Jan/2024:05:02:04 +0100] "GET /stationery-cardmaking-c-129.html?page=17 HTTP/1.0" 200 103449 "-" "Mozilla/5.0 (compatible; MJ12bot/v1.4.8; http://mj12bot.com/)"
65.108.128.54 - - [09/Jan/2024:05:02:22 +0100] "GET /stationery-and-cardmaking-c-129.html?page=18 HTTP/1.0" 301 103419 "-" "Mozilla/5.0 (compatible; MJ12bot/v1.4.8; http://mj12bot.com/)"
65.108.128.54 - - [09/Jan/2024:05:02:27 +0100] "GET /stationery-cardmaking-c-129.html?page=18 HTTP/1.0" 200 103325 "-" "Mozilla/5.0 (compatible; MJ12bot/v1.4.8; http://mj12bot.com/)"
65.108.128.54 - - [09/Jan/2024:05:02:41 +0100] "GET /stationery-and-cardmaking-c-129.html?page=19 HTTP/1.0" 301 103217 "-" "Mozilla/5.0 (compatible; MJ12bot/v1.4.8; http://mj12bot.com/)"
65.108.128.54 - - [09/Jan/2024:05:02:46 +0100] "GET /stationery-cardmaking-c-129.html?page=19 HTTP/1.0" 200 103123 "-" "Mozilla/5.0 (compatible; MJ12bot/v1.4.8; http://mj12bot.com/)"
65.108.128.54 - - [09/Jan/2024:05:03:01 +0100] "GET /stationery-and-cardmaking-c-129.html?page=20 HTTP/1.0" 301 103291 "-" "Mozilla/5.0 (compatible; MJ12bot/v1.4.8; http://mj12bot.com/)"
65.108.128.54 - - [09/Jan/2024:05:03:06 +0100] "GET /stationery-cardmaking-c-129.html?page=20 HTTP/1.0" 200 103197 "-" "Mozilla/5.0 (compatible; MJ12bot/v1.4.8; http://mj12bot.com/)"
17.241.227.116 - - [09/Jan/2024:05:03:19 +0100] "GET /csarine-potholder-p-43822.html HTTP/1.0" 301 81330 "-" "Mozilla/5.0 (Macintosh; Intel Mac OS X 10_15_5) AppleWebKit/605.1.15 (KHTML, like Gecko) Version/13.1.1 Safari/605.1.15 (Applebot/0.1; +http://www.apple.com/go/applebot)"
17.241.227.116 - - [09/Jan/2024:05:03:22 +0100] "GET /-p-43822.html HTTP/1.0" 200 81263 "-" "Mozilla/5.0 (Macintosh; Intel Mac OS X 10_15_5) AppleWebKit/605.1.15 (KHTML, like Gecko) Version/13.1.1 Safari/605.1.15 (Applebot/0.1; +http://www.apple.com/go/applebot)"
65.108.128.54 - - [09/Jan/2024:05:03:20 +0100] "GET /stationery-and-cardmaking-c-129.html?page=21 HTTP/1.0" 301 102774 "-" "Mozilla/5.0 (compatible; MJ12bot/v1.4.8; http://mj12bot.com/)"
65.108.128.54 - - [09/Jan/2024:05:03:26 +0100] "GET /stationery-cardmaking-c-129.html?page=21 HTTP/1.0" 200 102680 "-" "Mozilla/5.0 (compatible; MJ12bot/v1.4.8; http://mj12bot.com/)"
65.108.128.54 - - [09/Jan/2024:05:03:40 +0100] "GET /stationery-cardmaking-c-129.html?page=12 HTTP/1.0" 200 103503 "-" "Mozilla/5.0 (compatible; MJ12bot/v1.4.8; http://mj12bot.com/)"
65.108.128.54 - - [09/Jan/2024:05:03:54 +0100] "GET /stationery-cardmaking-c-129.html?page=13 HTTP/1.0" 200 103523 "-" "Mozilla/5.0 (compatible; MJ12bot/v1.4.8; http://mj12bot.com/)"
65.108.128.54 - - [09/Jan/2024:05:04:08 +0100] "GET /stationery-cardmaking-c-129.html?page=14 HTTP/1.0" 200 103523 "-" "Mozilla/5.0 (compatible; MJ12bot/v1.4.8; http://mj12bot.com/)"
65.108.128.54 - - [09/Jan/2024:05:04:22 +0100] "GET /stationery-cardmaking-c-129.html?page=15 HTTP/1.0" 200 103628 "-" "Mozilla/5.0 (compatible; MJ12bot/v1.4.8; http://mj12bot.com/)"
40.77.167.44 - - [09/Jan/2024:05:04:35 +0100] "GET /marble-mortar-pestle-p-60082.html HTTP/1.0" 200 81341 "-" "Mozilla/5.0 AppleWebKit/537.36 (KHTML, like Gecko; compatible; bingbot/2.0; +http://www.bing.com/bingbot.htm) Chrome/116.0.1938.76 Safari/537.36"
65.108.128.54 - - [09/Jan/2024:05:04:37 +0100] "GET /stationery-cardmaking-c-129.html?page=16 HTTP/1.0" 200 103534 "-" "Mozilla/5.0 (compatible; MJ12bot/v1.4.8; http://mj12bot.com/)"
65.108.128.54 - - [09/Jan/2024:05:04:51 +0100] "GET /stationery-cardmaking-c-129.html?page=17 HTTP/1.0" 200 103449 "-" "Mozilla/5.0 (compatible; MJ12bot/v1.4.8; http://mj12bot.com/)"
65.108.128.54 - - [09/Jan/2024:05:05:05 +0100] "GET /stationery-cardmaking-c-129.html?page=18 HTTP/1.0" 200 103325 "-" "Mozilla/5.0 (compatible; MJ12bot/v1.4.8; http://mj12bot.com/)"
54.36.148.101 - - [09/Jan/2024:05:05:29 +0100] "GET /mobile-tealight-brown-patinated-metal-butterfly-heart-p-37208.html HTTP/1.0" 200 83923 "-" "Mozilla/5.0 (compatible; AhrefsBot/7.0; +http://ahrefs.com/robot/)"
65.108.128.54 - - [09/Jan/2024:05:05:20 +0100] "GET /stationery-cardmaking-c-129.html?page=19 HTTP/1.0" 200 103123 "-" "Mozilla/5.0 (compatible; MJ12bot/v1.4.8; http://mj12bot.com/)"
65.108.128.54 - - [09/Jan/2024:05:05:34 +0100] "GET /stationery-cardmaking-c-129.html?page=20 HTTP/1.0" 200 103197 "-" "Mozilla/5.0 (compatible; MJ12bot/v1.4.8; http://mj12bot.com/)"
65.108.128.54 - - [09/Jan/2024:05:05:49 +0100] "GET /stationery-cardmaking-c-129.html?page=21 HTTP/1.0" 200 102680 "-" "Mozilla/5.0 (compatible; MJ12bot/v1.4.8; http://mj12bot.com/)"
65.108.128.54 - - [09/Jan/2024:05:06:03 +0100] "GET /stationery-school-supplies-c-129_30.html?page=13 HTTP/1.0" 301 96535 "-" "Mozilla/5.0 (compatible; MJ12bot/v1.4.8; http://mj12bot.com/)"
52.167.144.145 - - [09/Jan/2024:05:05:52 +0100] "GET /wall-sticker-c-13_187.html HTTP/1.0" 200 104811 "-" "Mozilla/5.0 AppleWebKit/537.36 (KHTML, like Gecko; compatible; bingbot/2.0; +http://www.bing.com/bingbot.htm) Chrome/116.0.1938.76 Safari/537.36"
65.108.128.54 - - [09/Jan/2024:05:06:09 +0100] "GET /creative-hobbies-coloring-c-30.html?page=13 HTTP/1.0" 301 96399 "-" "Mozilla/5.0 (compatible; MJ12bot/v1.4.8; http://mj12bot.com/)"
65.108.128.54 - - [09/Jan/2024:05:06:12 +0100] "GET /creative-hobbies-coloring-c-129_30.html?page=13 HTTP/1.0" 200 96438 "-" "Mozilla/5.0 (compatible; MJ12bot/v1.4.8; http://mj12bot.com/)"
65.108.128.54 - - [09/Jan/2024:05:06:23 +0100] "GET /stationery-school-supplies-c-129_30.html?page=14 HTTP/1.0" 301 96535 "-" "Mozilla/5.0 (compatible; MJ12bot/v1.4.8; http://mj12bot.com/)"
65.108.128.54 - - [09/Jan/2024:05:06:29 +0100] "GET /creative-hobbies-coloring-c-30.html?page=14 HTTP/1.0" 301 96399 "-" "Mozilla/5.0 (compatible; MJ12bot/v1.4.8; http://mj12bot.com/)"
65.108.128.54 - - [09/Jan/2024:05:06:32 +0100] "GET /creative-hobbies-coloring-c-129_30.html?page=14 HTTP/1.0" 200 96438 "-" "Mozilla/5.0 (compatible; MJ12bot/v1.4.8; http://mj12bot.com/)"
65.108.128.54 - - [09/Jan/2024:05:06:43 +0100] "GET /stationery-school-supplies-c-129_30.html?page=15 HTTP/1.0" 301 96535 "-" "Mozilla/5.0 (compatible; MJ12bot/v1.4.8; http://mj12bot.com/)"
65.108.128.54 - - [09/Jan/2024:05:06:48 +0100] "GET /creative-hobbies-coloring-c-30.html?page=15 HTTP/1.0" 301 96399 "-" "Mozilla/5.0 (compatible; MJ12bot/v1.4.8; http://mj12bot.com/)"
65.108.128.54 - - [09/Jan/2024:05:06:52 +0100] "GET /creative-hobbies-coloring-c-129_30.html?page=15 HTTP/1.0" 200 96438 "-" "Mozilla/5.0 (compatible; MJ12bot/v1.4.8; http://mj12bot.com/)"
65.108.128.54 - - [09/Jan/2024:05:07:02 +0100] "GET /stationery-school-supplies-c-129_30.html?page=16 HTTP/1.0" 301 96535 "-" "Mozilla/5.0 (compatible; MJ12bot/v1.4.8; http://mj12bot.com/)"
65.108.128.54 - - [09/Jan/2024:05:07:08 +0100] "GET /creative-hobbies-coloring-c-30.html?page=16 HTTP/1.0" 301 96399 "-" "Mozilla/5.0 (compatible; MJ12bot/v1.4.8; http://mj12bot.com/)"
65.108.128.54 - - [09/Jan/2024:05:07:11 +0100] "GET /creative-hobbies-coloring-c-129_30.html?page=16 HTTP/1.0" 200 96438 "-" "Mozilla/5.0 (compatible; MJ12bot/v1.4.8; http://mj12bot.com/)"
47.252.71.231 - - [09/Jan/2024:05:07:28 +0100] "HEAD /images/mini_prod/DSCN6554.jpg HTTP/1.0" 200 290 "-" "Go-http-client/1.1"
65.108.128.54 - - [09/Jan/2024:05:07:23 +0100] "GET /stationery-school-supplies-c-129_30.html?page=17 HTTP/1.0" 301 96535 "-" "Mozilla/5.0 (compatible; MJ12bot/v1.4.8; http://mj12bot.com/)"
65.108.128.54 - - [09/Jan/2024:05:07:28 +0100] "GET /creative-hobbies-coloring-c-30.html?page=17 HTTP/1.0" 301 96399 "-" "Mozilla/5.0 (compatible; MJ12bot/v1.4.8; http://mj12bot.com/)"
65.108.128.54 - - [09/Jan/2024:05:07:31 +0100] "GET /creative-hobbies-coloring-c-129_30.html?page=17 HTTP/1.0" 200 96438 "-" "Mozilla/5.0 (compatible; MJ12bot/v1.4.8; http://mj12bot.com/)"
139.196.104.174 - - [09/Jan/2024:05:07:30 +0100] "GET /dishes-c-12.html?page=62 HTTP/1.0" 500 66197 "-" "Mozilla/5.0 (Macintosh; Intel Mac OS X 11_1) AppleWebKit/537.36 (KHTML, like Gecko) Chrome/87.0.4280.88 Safari/537.36 OPR/73.0.3856.284"
40.77.167.44 - - [09/Jan/2024:05:07:43 +0100] "GET /-m-7.html?page=6 HTTP/1.0" 200 98866 "-" "Mozilla/5.0 AppleWebKit/537.36 (KHTML, like Gecko; compatible; bingbot/2.0; +http://www.bing.com/bingbot.htm) Chrome/116.0.1938.76 Safari/537.36"
65.108.128.54 - - [09/Jan/2024:05:07:44 +0100] "GET /stationery-school-supplies-c-129_30.html?page=18 HTTP/1.0" 301 96535 "-" "Mozilla/5.0 (compatible; MJ12bot/v1.4.8; http://mj12bot.com/)"
65.108.128.54 - - [09/Jan/2024:05:07:51 +0100] "GET /creative-hobbies-coloring-c-30.html?page=18 HTTP/1.0" 301 96399 "-" "Mozilla/5.0 (compatible; MJ12bot/v1.4.8; http://mj12bot.com/)"
65.108.128.54 - - [09/Jan/2024:05:07:54 +0100] "GET /creative-hobbies-coloring-c-129_30.html?page=18 HTTP/1.0" 200 96438 "-" "Mozilla/5.0 (compatible; MJ12bot/v1.4.8; http://mj12bot.com/)"
65.108.128.54 - - [09/Jan/2024:05:08:07 +0100] "GET /stationery-school-supplies-c-129_30.html?page=19 HTTP/1.0" 301 96535 "-" "Mozilla/5.0 (compatible; MJ12bot/v1.4.8; http://mj12bot.com/)"
65.108.128.54 - - [09/Jan/2024:05:08:12 +0100] "GET /creative-hobbies-coloring-c-30.html?page=19 HTTP/1.0" 301 96399 "-" "Mozilla/5.0 (compatible; MJ12bot/v1.4.8; http://mj12bot.com/)"
65.108.128.54 - - [09/Jan/2024:05:08:16 +0100] "GET /creative-hobbies-coloring-c-129_30.html?page=19 HTTP/1.0" 200 96438 "-" "Mozilla/5.0 (compatible; MJ12bot/v1.4.8; http://mj12bot.com/)"
65.108.128.54 - - [09/Jan/2024:05:08:22 +0100] "GET /stationery-school-supplies-c-129_30.html?page=20 HTTP/1.0" 301 96535 "-" "Mozilla/5.0 (compatible; MJ12bot/v1.4.8; http://mj12bot.com/)"
65.108.128.54 - - [09/Jan/2024:05:08:25 +0100] "GET /creative-hobbies-coloring-c-30.html?page=20 HTTP/1.0" 301 96399 "-" "Mozilla/5.0 (compatible; MJ12bot/v1.4.8; http://mj12bot.com/)"
65.108.128.54 - - [09/Jan/2024:05:08:28 +0100] "GET /creative-hobbies-coloring-c-129_30.html?page=20 HTTP/1.0" 200 96438 "-" "Mozilla/5.0 (compatible; MJ12bot/v1.4.8; http://mj12bot.com/)"
65.108.128.54 - - [09/Jan/2024:05:08:32 +0100] "GET /stationery-school-supplies-c-129_30.html?page=21 HTTP/1.0" 301 96535 "-" "Mozilla/5.0 (compatible; MJ12bot/v1.4.8; http://mj12bot.com/)"
65.108.128.54 - - [09/Jan/2024:05:08:35 +0100] "GET /creative-hobbies-coloring-c-30.html?page=21 HTTP/1.0" 301 96399 "-" "Mozilla/5.0 (compatible; MJ12bot/v1.4.8; http://mj12bot.com/)"
65.108.128.54 - - [09/Jan/2024:05:08:38 +0100] "GET /creative-hobbies-coloring-c-129_30.html?page=21 HTTP/1.0" 200 96438 "-" "Mozilla/5.0 (compatible; MJ12bot/v1.4.8; http://mj12bot.com/)"
65.108.128.54 - - [09/Jan/2024:05:08:41 +0100] "GET /stones-rock-crystal-grams-p-46607.html HTTP/1.0" 200 85019 "-" "Mozilla/5.0 (compatible; MJ12bot/v1.4.8; http://mj12bot.com/)"
65.108.128.54 - - [09/Jan/2024:05:08:45 +0100] "GET /tablecloth-azulejos-treated-anti-stain-orange-150-150-cm-p-48522.html HTTP/1.0" 301 81571 "-" "Mozilla/5.0 (compatible; MJ12bot/v1.4.8; http://mj12bot.com/)"
65.108.128.54 - - [09/Jan/2024:05:08:48 +0100] "GET /tablecloth-azulejos-treated-anti-stain-orange-p-48522.html HTTP/1.0" 200 81459 "-" "Mozilla/5.0 (compatible; MJ12bot/v1.4.8; http://mj12bot.com/)"
65.108.128.54 - - [09/Jan/2024:05:08:51 +0100] "GET /tablecloth-azulejos-treated-anti-stain-orange-p-48522.html HTTP/1.0" 200 81459 "-" "Mozilla/5.0 (compatible; MJ12bot/v1.4.8; http://mj12bot.com/)"
65.108.128.54 - - [09/Jan/2024:05:08:54 +0100] "GET /tarot-tree-life-engraved-p-57938.html HTTP/1.0" 200 84951 "-" "Mozilla/5.0 (compatible; MJ12bot/v1.4.8; http://mj12bot.com/)"
65.108.128.54 - - [09/Jan/2024:05:08:58 +0100] "GET /temps-cotton-adult-apron-p-45253.html HTTP/1.0" 200 83625 "-" "Mozilla/5.0 (compatible; MJ12bot/v1.4.8; http://mj12bot.com/)"
65.108.128.54 - - [09/Jan/2024:05:09:01 +0100] "GET /teo-jasmin-companion-portfolio-nova-p-43160.html HTTP/1.0" 301 81473 "-" "Mozilla/5.0 (compatible; MJ12bot/v1.4.8; http://mj12bot.com/)"
65.108.128.54 - - [09/Jan/2024:05:09:04 +0100] "GET /jasmin-companion-portfolio-nova-p-43160.html HTTP/1.0" 200 81375 "-" "Mozilla/5.0 (compatible; MJ12bot/v1.4.8; http://mj12bot.com/)"
65.108.128.54 - - [09/Jan/2024:05:09:07 +0100] "GET /teo-jasmin-companion-portfolio-p-38837.html HTTP/1.0" 301 81458 "-" "Mozilla/5.0 (compatible; MJ12bot/v1.4.8; http://mj12bot.com/)"
65.108.128.54 - - [09/Jan/2024:05:09:10 +0100] "GET /jasmin-companion-portfolio-p-38837.html HTTP/1.0" 200 81365 "-" "Mozilla/5.0 (compatible; MJ12bot/v1.4.8; http://mj12bot.com/)"
65.108.128.54 - - [09/Jan/2024:05:09:13 +0100] "GET /teo-jasmin-companion-portfolio-p-43462.html HTTP/1.0" 301 81458 "-" "Mozilla/5.0 (compatible; MJ12bot/v1.4.8; http://mj12bot.com/)"
65.108.128.54 - - [09/Jan/2024:05:09:16 +0100] "GET /jasmin-companion-portfolio-p-43462.html HTTP/1.0" 200 81365 "-" "Mozilla/5.0 (compatible; MJ12bot/v1.4.8; http://mj12bot.com/)"
65.108.128.54 - - [09/Jan/2024:05:09:19 +0100] "GET /teo-jasmin-glass-coasters-jasmine-p-42252.html HTTP/1.0" 301 81330 "-" "Mozilla/5.0 (compatible; MJ12bot/v1.4.8; http://mj12bot.com/)"
65.108.128.54 - - [09/Jan/2024:05:09:22 +0100] "GET /-p-42252.html HTTP/1.0" 200 81263 "-" "Mozilla/5.0 (compatible; MJ12bot/v1.4.8; http://mj12bot.com/)"
65.108.128.54 - - [09/Jan/2024:05:09:26 +0100] "GET /teo-jasmin-green-melamine-tray-p-34938.html HTTP/1.0" 301 81330 "-" "Mozilla/5.0 (compatible; MJ12bot/v1.4.8; http://mj12bot.com/)"
65.108.128.54 - - [09/Jan/2024:05:09:29 +0100] "GET /-p-34938.html HTTP/1.0" 200 81263 "-" "Mozilla/5.0 (compatible; MJ12bot/v1.4.8; http://mj12bot.com/)"
213.180.203.71 - - [09/Jan/2024:05:09:31 +0100] "GET /robots.txt HTTP/1.0" 200 245 "-" "Mozilla/5.0 (compatible; YandexBot/3.0; +http://yandex.com/bots)"
213.180.203.244 - - [09/Jan/2024:05:09:31 +0100] "GET /skeleton-black-shirt-p-30128.html HTTP/1.0" 200 84795 "-" "Mozilla/5.0 (compatible; YandexBot/3.0; +http://yandex.com/bots)"
65.108.128.54 - - [09/Jan/2024:05:09:32 +0100] "GET /teo-jasmin-jasmine-mood-companion-portfolio-p-35089.html HTTP/1.0" 301 81330 "-" "Mozilla/5.0 (compatible; MJ12bot/v1.4.8; http://mj12bot.com/)"
65.108.128.54 - - [09/Jan/2024:05:09:35 +0100] "GET /-p-35089.html HTTP/1.0" 200 81263 "-" "Mozilla/5.0 (compatible; MJ12bot/v1.4.8; http://mj12bot.com/)"
65.108.128.54 - - [09/Jan/2024:05:09:38 +0100] "GET /teo-jasmin-jasmine-mug-p-43457.html HTTP/1.0" 301 81330 "-" "Mozilla/5.0 (compatible; MJ12bot/v1.4.8; http://mj12bot.com/)"
37.204.68.71 - - [09/Jan/2024:05:09:42 +0100] "GET /templates/Pixame_v1/stylesheet.css HTTP/1.0" 200 267 "http://www.wonder-geek.com/christmas-tree-decoration-little-prince-p-50292.html" "Mozilla/5.0 (Windows NT 10.0.0; Win64; x64; ) AppleWebKit/537.36 (KHTML, like Gecko) Chrome/118.0.5993.159 Not=A?Brand/99 YaBrowser/23.11.3.935 Yowser/2.5  Safari/537.36"
37.204.68.71 - - [09/Jan/2024:05:09:42 +0100] "GET /highslide/highslide.js HTTP/1.0" 200 262 "http://www.wonder-geek.com/christmas-tree-decoration-little-prince-p-50292.html" "Mozilla/5.0 (Windows NT 10.0.0; Win64; x64; ) AppleWebKit/537.36 (KHTML, like Gecko) Chrome/118.0.5993.159 Not=A?Brand/99 YaBrowser/23.11.3.935 Yowser/2.5  Safari/537.36"
37.204.68.71 - - [09/Jan/2024:05:09:42 +0100] "GET /js/jquery.js HTTP/1.0" 200 252 "http://www.wonder-geek.com/christmas-tree-decoration-little-prince-p-50292.html" "Mozilla/5.0 (Windows NT 10.0.0; Win64; x64; ) AppleWebKit/537.36 (KHTML, like Gecko) Chrome/118.0.5993.159 Not=A?Brand/99 YaBrowser/23.11.3.935 Yowser/2.5  Safari/537.36"
37.204.68.71 - - [09/Jan/2024:05:09:42 +0100] "GET /mondial_relay/js/jquery-1.3.2.min.js HTTP/1.0" 200 276 "http://www.wonder-geek.com/christmas-tree-decoration-little-prince-p-50292.html" "Mozilla/5.0 (Windows NT 10.0.0; Win64; x64; ) AppleWebKit/537.36 (KHTML, like Gecko) Chrome/118.0.5993.159 Not=A?Brand/99 YaBrowser/23.11.3.935 Yowser/2.5  Safari/537.36"
37.204.68.71 - - [09/Jan/2024:05:09:42 +0100] "GET /js/jquery.jqzoom.js HTTP/1.0" 200 259 "http://www.wonder-geek.com/christmas-tree-decoration-little-prince-p-50292.html" "Mozilla/5.0 (Windows NT 10.0.0; Win64; x64; ) AppleWebKit/537.36 (KHTML, like Gecko) Chrome/118.0.5993.159 Not=A?Brand/99 YaBrowser/23.11.3.935 Yowser/2.5  Safari/537.36"
37.204.68.71 - - [09/Jan/2024:05:09:40 +0100] "GET /christmas-tree-decoration-little-prince-p-50292.html HTTP/1.0" 200 83852 "-" "Mozilla/5.0 (Windows NT 10.0.0; Win64; x64; ) AppleWebKit/537.36 (KHTML, like Gecko) Chrome/118.0.5993.159 Not=A?Brand/99 YaBrowser/23.11.3.935 Yowser/2.5  Safari/537.36"
37.204.68.71 - - [09/Jan/2024:05:09:42 +0100] "GET /templates/Pixame_v1/images/icon_accueil2.png HTTP/1.0" 200 278 "http://www.wonder-geek.com/christmas-tree-decoration-little-prince-p-50292.html" "Mozilla/5.0 (Windows NT 10.0.0; Win64; x64; ) AppleWebKit/537.36 (KHTML, like Gecko) Chrome/118.0.5993.159 Not=A?Brand/99 YaBrowser/23.11.3.935 Yowser/2.5  Safari/537.36"
37.204.68.71 - - [09/Jan/2024:05:09:42 +0100] "GET /swfobject.js HTTP/1.0" 404 1308 "http://www.wonder-geek.com/christmas-tree-decoration-little-prince-p-50292.html" "Mozilla/5.0 (Windows NT 10.0.0; Win64; x64; ) AppleWebKit/537.36 (KHTML, like Gecko) Chrome/118.0.5993.159 Not=A?Brand/99 YaBrowser/23.11.3.935 Yowser/2.5  Safari/537.36"
37.204.68.71 - - [09/Jan/2024:05:09:42 +0100] "GET /templates/Pixame_v1/images/infobox/pixel_trans.gif HTTP/1.0" 200 328 "http://www.wonder-geek.com/christmas-tree-decoration-little-prince-p-50292.html" "Mozilla/5.0 (Windows NT 10.0.0; Win64; x64; ) AppleWebKit/537.36 (KHTML, like Gecko) Chrome/118.0.5993.159 Not=A?Brand/99 YaBrowser/23.11.3.935 Yowser/2.5  Safari/537.36"
37.204.68.71 - - [09/Jan/2024:05:09:42 +0100] "GET /images/pixel_trans.gif HTTP/1.0" 200 328 "http://www.wonder-geek.com/christmas-tree-decoration-little-prince-p-50292.html" "Mozilla/5.0 (Windows NT 10.0.0; Win64; x64; ) AppleWebKit/537.36 (KHTML, like Gecko) Chrome/118.0.5993.159 Not=A?Brand/99 YaBrowser/23.11.3.935 Yowser/2.5  Safari/537.36"
37.204.68.71 - - [09/Jan/2024:05:09:42 +0100] "GET /templates/Pixame_v1/images/pixel_trans.gif HTTP/1.0" 200 328 "http://www.wonder-geek.com/christmas-tree-decoration-little-prince-p-50292.html" "Mozilla/5.0 (Windows NT 10.0.0; Win64; x64; ) AppleWebKit/537.36 (KHTML, like Gecko) Chrome/118.0.5993.159 Not=A?Brand/99 YaBrowser/23.11.3.935 Yowser/2.5  Safari/537.36"
37.204.68.71 - - [09/Jan/2024:05:09:42 +0100] "GET /images/big_prod/3453131148917.jpg HTTP/1.0" 200 268 "http://www.wonder-geek.com/christmas-tree-decoration-little-prince-p-50292.html" "Mozilla/5.0 (Windows NT 10.0.0; Win64; x64; ) AppleWebKit/537.36 (KHTML, like Gecko) Chrome/118.0.5993.159 Not=A?Brand/99 YaBrowser/23.11.3.935 Yowser/2.5  Safari/537.36"
37.204.68.71 - - [09/Jan/2024:05:09:42 +0100] "GET /templates/Pixame_v1/images/Bottom_texture.jpg HTTP/1.0" 200 280 "http://www.wonder-geek.com/templates/Pixame_v1/stylesheet.css" "Mozilla/5.0 (Windows NT 10.0.0; Win64; x64; ) AppleWebKit/537.36 (KHTML, like Gecko) Chrome/118.0.5993.159 Not=A?Brand/99 YaBrowser/23.11.3.935 Yowser/2.5  Safari/537.36"
37.204.68.71 - - [09/Jan/2024:05:09:42 +0100] "GET /templates/Pixame_v1/images/Middle_texture.jpg HTTP/1.0" 200 280 "http://www.wonder-geek.com/templates/Pixame_v1/stylesheet.css" "Mozilla/5.0 (Windows NT 10.0.0; Win64; x64; ) AppleWebKit/537.36 (KHTML, like Gecko) Chrome/118.0.5993.159 Not=A?Brand/99 YaBrowser/23.11.3.935 Yowser/2.5  Safari/537.36"
37.204.68.71 - - [09/Jan/2024:05:09:42 +0100] "GET /templates/Pixame_v1/images/nav.png HTTP/1.0" 200 268 "http://www.wonder-geek.com/templates/Pixame_v1/stylesheet.css" "Mozilla/5.0 (Windows NT 10.0.0; Win64; x64; ) AppleWebKit/537.36 (KHTML, like Gecko) Chrome/118.0.5993.159 Not=A?Brand/99 YaBrowser/23.11.3.935 Yowser/2.5  Safari/537.36"
37.204.68.71 - - [09/Jan/2024:05:09:42 +0100] "GET /templates/Pixame_v1/images/header.png HTTP/1.0" 200 271 "http://www.wonder-geek.com/templates/Pixame_v1/stylesheet.css" "Mozilla/5.0 (Windows NT 10.0.0; Win64; x64; ) AppleWebKit/537.36 (KHTML, like Gecko) Chrome/118.0.5993.159 Not=A?Brand/99 YaBrowser/23.11.3.935 Yowser/2.5  Safari/537.36"
37.204.68.71 - - [09/Jan/2024:05:09:42 +0100] "GET /templates/Pixame_v1/images/header-object.png HTTP/1.0" 200 278 "http://www.wonder-geek.com/templates/Pixame_v1/stylesheet.css" "Mozilla/5.0 (Windows NT 10.0.0; Win64; x64; ) AppleWebKit/537.36 (KHTML, like Gecko) Chrome/118.0.5993.159 Not=A?Brand/99 YaBrowser/23.11.3.935 Yowser/2.5  Safari/537.36"
37.204.68.71 - - [09/Jan/2024:05:09:43 +0100] "GET /templates/Pixame_v1/images/buttons/english/button_in_cart.gif HTTP/1.0" 200 295 "http://www.wonder-geek.com/christmas-tree-decoration-little-prince-p-50292.html" "Mozilla/5.0 (Windows NT 10.0.0; Win64; x64; ) AppleWebKit/537.36 (KHTML, like Gecko) Chrome/118.0.5993.159 Not=A?Brand/99 YaBrowser/23.11.3.935 Yowser/2.5  Safari/537.36"
37.204.68.71 - - [09/Jan/2024:05:09:43 +0100] "GET /design/productsenstock.png HTTP/1.0" 200 260 "http://www.wonder-geek.com/templates/Pixame_v1/stylesheet.css" "Mozilla/5.0 (Windows NT 10.0.0; Win64; x64; ) AppleWebKit/537.36 (KHTML, like Gecko) Chrome/118.0.5993.159 Not=A?Brand/99 YaBrowser/23.11.3.935 Yowser/2.5  Safari/537.36"
37.204.68.71 - - [09/Jan/2024:05:09:43 +0100] "GET /templates/Pixame_v1/images/infobox/infobox_footer_middle.gif HTTP/1.0" 200 357 "http://www.wonder-geek.com/christmas-tree-decoration-little-prince-p-50292.html" "Mozilla/5.0 (Windows NT 10.0.0; Win64; x64; ) AppleWebKit/537.36 (KHTML, like Gecko) Chrome/118.0.5993.159 Not=A?Brand/99 YaBrowser/23.11.3.935 Yowser/2.5  Safari/537.36"
37.204.68.71 - - [09/Jan/2024:05:09:43 +0100] "GET /highslide/graphics/zoomin.cur HTTP/1.0" 200 614 "http://www.wonder-geek.com/templates/Pixame_v1/stylesheet.css" "Mozilla/5.0 (Windows NT 10.0.0; Win64; x64; ) AppleWebKit/537.36 (KHTML, like Gecko) Chrome/118.0.5993.159 Not=A?Brand/99 YaBrowser/23.11.3.935 Yowser/2.5  Safari/537.36"
65.108.128.54 - - [09/Jan/2024:05:09:42 +0100] "GET /-p-43457.html HTTP/1.0" 200 81263 "-" "Mozilla/5.0 (compatible; MJ12bot/v1.4.8; http://mj12bot.com/)"
65.108.128.54 - - [09/Jan/2024:05:09:45 +0100] "GET /teo-jasmin-jasmine-mug-p-43458.html HTTP/1.0" 301 81429 "-" "Mozilla/5.0 (compatible; MJ12bot/v1.4.8; http://mj12bot.com/)"
65.108.128.54 - - [09/Jan/2024:05:09:48 +0100] "GET /jasmin-jasmine-p-43458.html HTTP/1.0" 200 81348 "-" "Mozilla/5.0 (compatible; MJ12bot/v1.4.8; http://mj12bot.com/)"
54.36.149.20 - - [09/Jan/2024:05:09:47 +0100] "GET /zippo-candle-utility-lighter-p-61013.html HTTP/1.0" 200 84389 "-" "Mozilla/5.0 (compatible; AhrefsBot/7.0; +http://ahrefs.com/robot/)"
65.108.128.54 - - [09/Jan/2024:05:09:51 +0100] "GET /teo-jasmin-jasmine-mug-p-43459.html HTTP/1.0" 301 81330 "-" "Mozilla/5.0 (compatible; MJ12bot/v1.4.8; http://mj12bot.com/)"
37.204.68.71 - - [09/Jan/2024:05:09:53 +0100] "GET /highslide/graphics/outlines/drop-shadow.png HTTP/1.0" 200 277 "http://www.wonder-geek.com/christmas-tree-decoration-little-prince-p-50292.html" "Mozilla/5.0 (Windows NT 10.0.0; Win64; x64; ) AppleWebKit/537.36 (KHTML, like Gecko) Chrome/118.0.5993.159 Not=A?Brand/99 YaBrowser/23.11.3.935 Yowser/2.5  Safari/537.36"
37.204.68.71 - - [09/Jan/2024:05:09:53 +0100] "GET /highslide/graphics/zoomout.cur HTTP/1.0" 200 614 "http://www.wonder-geek.com/christmas-tree-decoration-little-prince-p-50292.html" "Mozilla/5.0 (Windows NT 10.0.0; Win64; x64; ) AppleWebKit/537.36 (KHTML, like Gecko) Chrome/118.0.5993.159 Not=A?Brand/99 YaBrowser/23.11.3.935 Yowser/2.5  Safari/537.36"
37.204.68.71 - - [09/Jan/2024:05:09:53 +0100] "GET /highslide/graphics/loader.white.gif HTTP/1.0" 200 960 "http://www.wonder-geek.com/templates/Pixame_v1/stylesheet.css" "Mozilla/5.0 (Windows NT 10.0.0; Win64; x64; ) AppleWebKit/537.36 (KHTML, like Gecko) Chrome/118.0.5993.159 Not=A?Brand/99 YaBrowser/23.11.3.935 Yowser/2.5  Safari/537.36"
65.108.128.54 - - [09/Jan/2024:05:09:54 +0100] "GET /-p-43459.html HTTP/1.0" 200 81263 "-" "Mozilla/5.0 (compatible; MJ12bot/v1.4.8; http://mj12bot.com/)"
65.108.128.54 - - [09/Jan/2024:05:09:57 +0100] "GET /teo-jasmin-jasmine-mug-p-43460.html HTTP/1.0" 301 81330 "-" "Mozilla/5.0 (compatible; MJ12bot/v1.4.8; http://mj12bot.com/)"
65.108.128.54 - - [09/Jan/2024:05:10:00 +0100] "GET /-p-43460.html HTTP/1.0" 200 81263 "-" "Mozilla/5.0 (compatible; MJ12bot/v1.4.8; http://mj12bot.com/)"
65.108.128.54 - - [09/Jan/2024:05:10:03 +0100] "GET /teo-jasmin-jasmine-stardust-companion-portfolio-p-40984.html HTTP/1.0" 301 81330 "-" "Mozilla/5.0 (compatible; MJ12bot/v1.4.8; http://mj12bot.com/)"
65.108.128.54 - - [09/Jan/2024:05:10:06 +0100] "GET /-p-40984.html HTTP/1.0" 200 81263 "-" "Mozilla/5.0 (compatible; MJ12bot/v1.4.8; http://mj12bot.com/)"
65.108.128.54 - - [09/Jan/2024:05:10:09 +0100] "GET /teo-jasmin-large-cabas-teo-labaule-p-40586.html HTTP/1.0" 301 81330 "-" "Mozilla/5.0 (compatible; MJ12bot/v1.4.8; http://mj12bot.com/)"
65.108.128.54 - - [09/Jan/2024:05:10:12 +0100] "GET /-p-40586.html HTTP/1.0" 200 81263 "-" "Mozilla/5.0 (compatible; MJ12bot/v1.4.8; http://mj12bot.com/)"
65.108.128.54 - - [09/Jan/2024:05:10:15 +0100] "GET /teo-jasmin-large-make-up-pouch-p-36072.html HTTP/1.0" 301 81330 "-" "Mozilla/5.0 (compatible; MJ12bot/v1.4.8; http://mj12bot.com/)"
65.108.128.54 - - [09/Jan/2024:05:10:18 +0100] "GET /-p-36072.html HTTP/1.0" 200 81263 "-" "Mozilla/5.0 (compatible; MJ12bot/v1.4.8; http://mj12bot.com/)"
65.108.128.54 - - [09/Jan/2024:05:10:21 +0100] "GET /teo-jasmin-make-up-pouch-teo-koala-grey-p-38838.html HTTP/1.0" 301 81330 "-" "Mozilla/5.0 (compatible; MJ12bot/v1.4.8; http://mj12bot.com/)"
65.108.128.54 - - [09/Jan/2024:05:10:24 +0100] "GET /-p-38838.html HTTP/1.0" 200 81263 "-" "Mozilla/5.0 (compatible; MJ12bot/v1.4.8; http://mj12bot.com/)"
65.108.128.54 - - [09/Jan/2024:05:10:28 +0100] "GET /teo-jasmin-make-up-pouch-teo-leopard-grey-p-38839.html HTTP/1.0" 301 81330 "-" "Mozilla/5.0 (compatible; MJ12bot/v1.4.8; http://mj12bot.com/)"
65.108.128.54 - - [09/Jan/2024:05:10:31 +0100] "GET /-p-38839.html HTTP/1.0" 200 81263 "-" "Mozilla/5.0 (compatible; MJ12bot/v1.4.8; http://mj12bot.com/)"
65.108.128.54 - - [09/Jan/2024:05:10:34 +0100] "GET /teo-jasmin-make-up-pouch-teo-magic-grey-p-38840.html HTTP/1.0" 301 81330 "-" "Mozilla/5.0 (compatible; MJ12bot/v1.4.8; http://mj12bot.com/)"
134.94.0.71 - - [09/Jan/2024:05:10:38 +0100] "GET /images/mini_prod/3760116310345.jpg HTTP/1.0" 200 269 "-" "Mozilla/5.0 (X11; Ubuntu; Linux x86_64; rv:72.0) Gecko/20100101 Firefox/72.0"
65.108.128.54 - - [09/Jan/2024:05:10:37 +0100] "GET /-p-38840.html HTTP/1.0" 200 81263 "-" "Mozilla/5.0 (compatible; MJ12bot/v1.4.8; http://mj12bot.com/)"
65.108.128.54 - - [09/Jan/2024:05:10:40 +0100] "GET /teo-jasmin-medium-cabas-jasmine-p-43473.html HTTP/1.0" 301 81447 "-" "Mozilla/5.0 (compatible; MJ12bot/v1.4.8; http://mj12bot.com/)"
65.108.128.54 - - [09/Jan/2024:05:10:43 +0100] "GET /jasmin-medium-cabas-jasmine-p-43473.html HTTP/1.0" 200 81353 "-" "Mozilla/5.0 (compatible; MJ12bot/v1.4.8; http://mj12bot.com/)"
65.108.128.54 - - [09/Jan/2024:05:10:46 +0100] "GET /teo-jasmin-medium-cabas-jasmine-p-43474.html HTTP/1.0" 301 81447 "-" "Mozilla/5.0 (compatible; MJ12bot/v1.4.8; http://mj12bot.com/)"
65.108.128.54 - - [09/Jan/2024:05:10:49 +0100] "GET /jasmin-medium-cabas-jasmine-p-43474.html HTTP/1.0" 200 81353 "-" "Mozilla/5.0 (compatible; MJ12bot/v1.4.8; http://mj12bot.com/)"
123.127.249.38 - - [09/Jan/2024:05:10:52 +0100] "GET /images/mini_prod/3438100349946.jpg HTTP/1.0" 200 269 "-" "Mozilla/5.0 (X11; Ubuntu; Linux x86_64; rv:72.0) Gecko/20100101 Firefox/72.0"
65.108.128.54 - - [09/Jan/2024:05:10:52 +0100] "GET /teo-jasmin-medium-cabas-jasmine-tropical-p-40582.html HTTP/1.0" 301 81330 "-" "Mozilla/5.0 (compatible; MJ12bot/v1.4.8; http://mj12bot.com/)"
65.108.128.54 - - [09/Jan/2024:05:10:55 +0100] "GET /-p-40582.html HTTP/1.0" 200 81263 "-" "Mozilla/5.0 (compatible; MJ12bot/v1.4.8; http://mj12bot.com/)"
65.108.128.54 - - [09/Jan/2024:05:10:59 +0100] "GET /teo-jasmin-medium-cabas-p-43478.html HTTP/1.0" 301 81330 "-" "Mozilla/5.0 (compatible; MJ12bot/v1.4.8; http://mj12bot.com/)"
65.108.128.54 - - [09/Jan/2024:05:11:01 +0100] "GET /-p-43478.html HTTP/1.0" 200 81263 "-" "Mozilla/5.0 (compatible; MJ12bot/v1.4.8; http://mj12bot.com/)"
65.108.128.54 - - [09/Jan/2024:05:11:05 +0100] "GET /teo-jasmin-medium-cabas-p-43479.html HTTP/1.0" 301 81330 "-" "Mozilla/5.0 (compatible; MJ12bot/v1.4.8; http://mj12bot.com/)"
65.108.128.54 - - [09/Jan/2024:05:11:08 +0100] "GET /-p-43479.html HTTP/1.0" 200 81263 "-" "Mozilla/5.0 (compatible; MJ12bot/v1.4.8; http://mj12bot.com/)"
65.108.128.54 - - [09/Jan/2024:05:11:11 +0100] "GET /teo-jasmin-medium-cabas-teo-nova-p-43136.html HTTP/1.0" 301 81330 "-" "Mozilla/5.0 (compatible; MJ12bot/v1.4.8; http://mj12bot.com/)"
65.108.128.54 - - [09/Jan/2024:05:11:14 +0100] "GET /-p-43136.html HTTP/1.0" 200 81263 "-" "Mozilla/5.0 (compatible; MJ12bot/v1.4.8; http://mj12bot.com/)"
65.108.128.54 - - [09/Jan/2024:05:11:17 +0100] "GET /teo-jasmin-medium-cabas-teo-nova-p-43482.html HTTP/1.0" 301 81330 "-" "Mozilla/5.0 (compatible; MJ12bot/v1.4.8; http://mj12bot.com/)"
65.108.128.54 - - [09/Jan/2024:05:11:20 +0100] "GET /-p-43482.html HTTP/1.0" 200 81263 "-" "Mozilla/5.0 (compatible; MJ12bot/v1.4.8; http://mj12bot.com/)"
65.108.128.54 - - [09/Jan/2024:05:11:23 +0100] "GET /teo-jasmin-medium-cabas-teo-racing-grey-p-43482.html HTTP/1.0" 301 81330 "-" "Mozilla/5.0 (compatible; MJ12bot/v1.4.8; http://mj12bot.com/)"
65.108.128.54 - - [09/Jan/2024:05:11:26 +0100] "GET /-p-43482.html HTTP/1.0" 200 81263 "-" "Mozilla/5.0 (compatible; MJ12bot/v1.4.8; http://mj12bot.com/)"
65.108.128.54 - - [09/Jan/2024:05:11:29 +0100] "GET /teo-jasmin-medium-cabas-teo-roller-p-43137.html HTTP/1.0" 301 81330 "-" "Mozilla/5.0 (compatible; MJ12bot/v1.4.8; http://mj12bot.com/)"
65.108.128.54 - - [09/Jan/2024:05:11:33 +0100] "GET /-p-43137.html HTTP/1.0" 200 81263 "-" "Mozilla/5.0 (compatible; MJ12bot/v1.4.8; http://mj12bot.com/)"
65.108.128.54 - - [09/Jan/2024:05:11:36 +0100] "GET /teo-jasmin-mimine-cushion-with-removable-p-38847.html HTTP/1.0" 301 81330 "-" "Mozilla/5.0 (compatible; MJ12bot/v1.4.8; http://mj12bot.com/)"
65.108.128.54 - - [09/Jan/2024:05:11:39 +0100] "GET /-p-38847.html HTTP/1.0" 200 81263 "-" "Mozilla/5.0 (compatible; MJ12bot/v1.4.8; http://mj12bot.com/)"
65.108.128.54 - - [09/Jan/2024:05:11:42 +0100] "GET /teo-jasmin-mug-p-43127.html HTTP/1.0" 301 81330 "-" "Mozilla/5.0 (compatible; MJ12bot/v1.4.8; http://mj12bot.com/)"
65.108.128.54 - - [09/Jan/2024:05:11:45 +0100] "GET /-p-43127.html HTTP/1.0" 200 81263 "-" "Mozilla/5.0 (compatible; MJ12bot/v1.4.8; http://mj12bot.com/)"
65.108.128.54 - - [09/Jan/2024:05:11:48 +0100] "GET /teo-jasmin-mug-p-43128.html HTTP/1.0" 301 81381 "-" "Mozilla/5.0 (compatible; MJ12bot/v1.4.8; http://mj12bot.com/)"
65.108.128.54 - - [09/Jan/2024:05:11:51 +0100] "GET /jasmin-p-43128.html HTTP/1.0" 200 81308 "-" "Mozilla/5.0 (compatible; MJ12bot/v1.4.8; http://mj12bot.com/)"
65.108.128.54 - - [09/Jan/2024:05:11:54 +0100] "GET /teo-jasmin-mug-p-43129.html HTTP/1.0" 301 81330 "-" "Mozilla/5.0 (compatible; MJ12bot/v1.4.8; http://mj12bot.com/)"
65.108.128.54 - - [09/Jan/2024:05:11:57 +0100] "GET /-p-43129.html HTTP/1.0" 200 81263 "-" "Mozilla/5.0 (compatible; MJ12bot/v1.4.8; http://mj12bot.com/)"
20.72.242.93 - - [09/Jan/2024:05:12:00 +0100] "GET /images/big_prod/1332202662281NN.jpg HTTP/1.0" 200 270 "-" "DuckDuckBot/1.1; (+http://duckduckgo.com/duckduckbot.html)"
65.108.128.54 - - [09/Jan/2024:05:12:00 +0100] "GET /teo-jasmin-mug-p-43130.html HTTP/1.0" 301 81330 "-" "Mozilla/5.0 (compatible; MJ12bot/v1.4.8; http://mj12bot.com/)"
65.108.128.54 - - [09/Jan/2024:05:12:03 +0100] "GET /-p-43130.html HTTP/1.0" 200 81263 "-" "Mozilla/5.0 (compatible; MJ12bot/v1.4.8; http://mj12bot.com/)"
65.108.128.54 - - [09/Jan/2024:05:12:06 +0100] "GET /teo-jasmin-mug-p-43131.html HTTP/1.0" 301 81330 "-" "Mozilla/5.0 (compatible; MJ12bot/v1.4.8; http://mj12bot.com/)"
65.108.128.54 - - [09/Jan/2024:05:12:09 +0100] "GET /-p-43131.html HTTP/1.0" 200 81263 "-" "Mozilla/5.0 (compatible; MJ12bot/v1.4.8; http://mj12bot.com/)"
65.108.128.54 - - [09/Jan/2024:05:12:12 +0100] "GET /teo-jasmin-mug-p-43456.html HTTP/1.0" 301 81330 "-" "Mozilla/5.0 (compatible; MJ12bot/v1.4.8; http://mj12bot.com/)"
65.108.128.54 - - [09/Jan/2024:05:12:15 +0100] "GET /-p-43456.html HTTP/1.0" 200 81263 "-" "Mozilla/5.0 (compatible; MJ12bot/v1.4.8; http://mj12bot.com/)"
65.108.128.54 - - [09/Jan/2024:05:12:19 +0100] "GET /teo-jasmin-pencil-case-teo-nova-p-43465.html HTTP/1.0" 301 81433 "-" "Mozilla/5.0 (compatible; MJ12bot/v1.4.8; http://mj12bot.com/)"
65.108.128.54 - - [09/Jan/2024:05:12:22 +0100] "GET /jasmin-pencil-case-nova-p-43465.html HTTP/1.0" 200 81343 "-" "Mozilla/5.0 (compatible; MJ12bot/v1.4.8; http://mj12bot.com/)"
20.72.242.93 - - [09/Jan/2024:05:12:25 +0100] "GET /images/big_prod/4542202662175NN.jpg HTTP/1.0" 200 270 "-" "DuckDuckBot/1.1; (+http://duckduckgo.com/duckduckbot.html)"
65.108.128.54 - - [09/Jan/2024:05:12:25 +0100] "GET /teo-jasmin-pink-melamine-tray-p-34937.html HTTP/1.0" 301 81330 "-" "Mozilla/5.0 (compatible; MJ12bot/v1.4.8; http://mj12bot.com/)"
65.108.128.54 - - [09/Jan/2024:05:12:28 +0100] "GET /-p-34937.html HTTP/1.0" 200 81263 "-" "Mozilla/5.0 (compatible; MJ12bot/v1.4.8; http://mj12bot.com/)"
65.108.128.54 - - [09/Jan/2024:05:12:31 +0100] "GET /teo-jasmin-racing-pencil-case-p-35964.html HTTP/1.0" 301 81330 "-" "Mozilla/5.0 (compatible; MJ12bot/v1.4.8; http://mj12bot.com/)"
65.108.128.54 - - [09/Jan/2024:05:12:34 +0100] "GET /-p-35964.html HTTP/1.0" 200 81263 "-" "Mozilla/5.0 (compatible; MJ12bot/v1.4.8; http://mj12bot.com/)"
65.108.128.54 - - [09/Jan/2024:05:12:37 +0100] "GET /teo-jasmin-red-bowl-p-32942.html HTTP/1.0" 301 81391 "-" "Mozilla/5.0 (compatible; MJ12bot/v1.4.8; http://mj12bot.com/)"
65.108.128.54 - - [09/Jan/2024:05:12:40 +0100] "GET /jasmin-bowl-p-32942.html HTTP/1.0" 200 81313 "-" "Mozilla/5.0 (compatible; MJ12bot/v1.4.8; http://mj12bot.com/)"
47.252.71.239 - - [09/Jan/2024:05:12:43 +0100] "GET /images/mini_prod/DSCN6554.jpg HTTP/1.0" 200 264 "-" "Go-http-client/1.1"
65.108.128.54 - - [09/Jan/2024:05:12:43 +0100] "GET /teo-jasmin-small-cabas-boho-p-43471.html HTTP/1.0" 301 81330 "-" "Mozilla/5.0 (compatible; MJ12bot/v1.4.8; http://mj12bot.com/)"
65.108.128.54 - - [09/Jan/2024:05:12:46 +0100] "GET /-p-43471.html HTTP/1.0" 200 81263 "-" "Mozilla/5.0 (compatible; MJ12bot/v1.4.8; http://mj12bot.com/)"
65.108.128.54 - - [09/Jan/2024:05:12:49 +0100] "GET /teo-jasmin-small-cabas-boho-p-43472.html HTTP/1.0" 301 81330 "-" "Mozilla/5.0 (compatible; MJ12bot/v1.4.8; http://mj12bot.com/)"
65.108.128.54 - - [09/Jan/2024:05:12:52 +0100] "GET /-p-43472.html HTTP/1.0" 200 81263 "-" "Mozilla/5.0 (compatible; MJ12bot/v1.4.8; http://mj12bot.com/)"
65.108.128.54 - - [09/Jan/2024:05:12:55 +0100] "GET /teo-jasmin-small-cabas-jasmine-p-43468.html HTTP/1.0" 301 81478 "-" "Mozilla/5.0 (compatible; MJ12bot/v1.4.8; http://mj12bot.com/)"
65.108.128.54 - - [09/Jan/2024:05:12:58 +0100] "GET /jasmin-small-cabas-jasmine-p-43468.html HTTP/1.0" 200 81385 "-" "Mozilla/5.0 (compatible; MJ12bot/v1.4.8; http://mj12bot.com/)"
65.108.128.54 - - [09/Jan/2024:05:13:01 +0100] "GET /teo-jasmin-small-cabas-nova-p-43469.html HTTP/1.0" 301 81330 "-" "Mozilla/5.0 (compatible; MJ12bot/v1.4.8; http://mj12bot.com/)"
65.108.128.54 - - [09/Jan/2024:05:13:04 +0100] "GET /-p-43469.html HTTP/1.0" 200 81263 "-" "Mozilla/5.0 (compatible; MJ12bot/v1.4.8; http://mj12bot.com/)"
65.108.128.54 - - [09/Jan/2024:05:13:07 +0100] "GET /teo-jasmin-small-cabas-nova-p-43470.html HTTP/1.0" 301 81433 "-" "Mozilla/5.0 (compatible; MJ12bot/v1.4.8; http://mj12bot.com/)"
65.108.128.54 - - [09/Jan/2024:05:13:10 +0100] "GET /jasmin-small-cabas-nova-p-43470.html HTTP/1.0" 200 81343 "-" "Mozilla/5.0 (compatible; MJ12bot/v1.4.8; http://mj12bot.com/)"
65.108.128.54 - - [09/Jan/2024:05:13:14 +0100] "GET /teo-jasmin-small-notebook-p-31099.html HTTP/1.0" 301 81330 "-" "Mozilla/5.0 (compatible; MJ12bot/v1.4.8; http://mj12bot.com/)"
65.108.128.54 - - [09/Jan/2024:05:13:17 +0100] "GET /-p-31099.html HTTP/1.0" 200 81263 "-" "Mozilla/5.0 (compatible; MJ12bot/v1.4.8; http://mj12bot.com/)"
65.108.128.54 - - [09/Jan/2024:05:13:20 +0100] "GET /teo-jasmin-teo-apache-companion-portfolio-p-40531.html HTTP/1.0" 301 81501 "-" "Mozilla/5.0 (compatible; MJ12bot/v1.4.8; http://mj12bot.com/)"
54.36.148.106 - - [09/Jan/2024:05:13:22 +0100] "GET /daisy-duck-small-cosmetic-pouch-p-28835.html HTTP/1.0" 200 83769 "-" "Mozilla/5.0 (compatible; AhrefsBot/7.0; +http://ahrefs.com/robot/)"
65.108.128.54 - - [09/Jan/2024:05:13:23 +0100] "GET /jasmin-apache-companion-portfolio-p-40531.html HTTP/1.0" 200 81401 "-" "Mozilla/5.0 (compatible; MJ12bot/v1.4.8; http://mj12bot.com/)"
65.108.128.54 - - [09/Jan/2024:05:13:26 +0100] "GET /teo-jasmin-teo-giorgio-notebook-p-34954.html HTTP/1.0" 301 83845 "-" "Mozilla/5.0 (compatible; MJ12bot/v1.4.8; http://mj12bot.com/)"
65.108.128.54 - - [09/Jan/2024:05:13:29 +0100] "GET /jasmin-giorgio-notebook-p-34954.html HTTP/1.0" 200 83755 "-" "Mozilla/5.0 (compatible; MJ12bot/v1.4.8; http://mj12bot.com/)"
65.108.128.54 - - [09/Jan/2024:05:13:32 +0100] "GET /teo-jasmin-xxl-cabas-racing-p-40579.html HTTP/1.0" 301 81330 "-" "Mozilla/5.0 (compatible; MJ12bot/v1.4.8; http://mj12bot.com/)"
65.108.128.54 - - [09/Jan/2024:05:13:35 +0100] "GET /-p-40579.html HTTP/1.0" 200 81263 "-" "Mozilla/5.0 (compatible; MJ12bot/v1.4.8; http://mj12bot.com/)"
65.108.128.54 - - [09/Jan/2024:05:13:38 +0100] "GET /tetsubin-black-cast-iron-flat-heater-p-47456.html HTTP/1.0" 301 81330 "-" "Mozilla/5.0 (compatible; MJ12bot/v1.4.8; http://mj12bot.com/)"
65.108.128.54 - - [09/Jan/2024:05:13:41 +0100] "GET /-p-47456.html HTTP/1.0" 200 81263 "-" "Mozilla/5.0 (compatible; MJ12bot/v1.4.8; http://mj12bot.com/)"
65.108.128.54 - - [09/Jan/2024:05:13:45 +0100] "GET /tetsubin-blue-teapot-japanese-11-liter-p-49382.html HTTP/1.0" 301 81330 "-" "Mozilla/5.0 (compatible; MJ12bot/v1.4.8; http://mj12bot.com/)"
65.108.128.54 - - [09/Jan/2024:05:13:48 +0100] "GET /-p-49382.html HTTP/1.0" 200 81263 "-" "Mozilla/5.0 (compatible; MJ12bot/v1.4.8; http://mj12bot.com/)"
65.108.128.54 - - [09/Jan/2024:05:13:51 +0100] "GET /tetsubin-blue-teapot-japanese-liter-p-49382.html HTTP/1.0" 301 81330 "-" "Mozilla/5.0 (compatible; MJ12bot/v1.4.8; http://mj12bot.com/)"
65.108.128.54 - - [09/Jan/2024:05:13:54 +0100] "GET /-p-49382.html HTTP/1.0" 200 81263 "-" "Mozilla/5.0 (compatible; MJ12bot/v1.4.8; http://mj12bot.com/)"
65.108.128.54 - - [09/Jan/2024:05:13:57 +0100] "GET /tetsubin-teapots-japanese-p-36743.html HTTP/1.0" 200 81353 "-" "Mozilla/5.0 (compatible; MJ12bot/v1.4.8; http://mj12bot.com/)"
65.108.128.54 - - [09/Jan/2024:05:14:00 +0100] "GET /thinkerbell-cap-and-scarf-set-51-cm-p-22151.html HTTP/1.0" 301 83924 "-" "Mozilla/5.0 (compatible; MJ12bot/v1.4.8; http://mj12bot.com/)"
65.108.128.54 - - [09/Jan/2024:05:14:03 +0100] "GET /thinkerbell-scarf-p-22151.html HTTP/1.0" 200 83840 "-" "Mozilla/5.0 (compatible; MJ12bot/v1.4.8; http://mj12bot.com/)"
65.108.128.54 - - [09/Jan/2024:05:14:07 +0100] "GET /thinkerbell-cap-and-scarf-set-54-cm-p-22149.html HTTP/1.0" 301 81330 "-" "Mozilla/5.0 (compatible; MJ12bot/v1.4.8; http://mj12bot.com/)"
65.108.128.54 - - [09/Jan/2024:05:14:10 +0100] "GET /-p-22149.html HTTP/1.0" 200 81263 "-" "Mozilla/5.0 (compatible; MJ12bot/v1.4.8; http://mj12bot.com/)"
65.108.128.54 - - [09/Jan/2024:05:14:13 +0100] "GET /thinkerbell-cap-and-scarf-set-54-cm-p-22150.html HTTP/1.0" 301 83924 "-" "Mozilla/5.0 (compatible; MJ12bot/v1.4.8; http://mj12bot.com/)"
65.108.128.54 - - [09/Jan/2024:05:14:16 +0100] "GET /thinkerbell-scarf-p-22150.html HTTP/1.0" 200 83840 "-" "Mozilla/5.0 (compatible; MJ12bot/v1.4.8; http://mj12bot.com/)"
65.108.128.54 - - [09/Jan/2024:05:14:19 +0100] "GET /thinkerbell-cushion-p-21854.html HTTP/1.0" 301 81330 "-" "Mozilla/5.0 (compatible; MJ12bot/v1.4.8; http://mj12bot.com/)"
65.108.128.54 - - [09/Jan/2024:05:14:22 +0100] "GET /-p-21854.html HTTP/1.0" 200 81263 "-" "Mozilla/5.0 (compatible; MJ12bot/v1.4.8; http://mj12bot.com/)"
65.108.128.54 - - [09/Jan/2024:05:14:25 +0100] "GET /thinkerbell-scarf-p-22150.html HTTP/1.0" 200 83840 "-" "Mozilla/5.0 (compatible; MJ12bot/v1.4.8; http://mj12bot.com/)"
65.108.128.54 - - [09/Jan/2024:05:14:28 +0100] "GET /thinkerbell-scarf-p-22151.html HTTP/1.0" 200 83840 "-" "Mozilla/5.0 (compatible; MJ12bot/v1.4.8; http://mj12bot.com/)"
65.108.128.54 - - [09/Jan/2024:05:14:31 +0100] "GET /to-beer-or-not-to-beer-poster-p-32267.html HTTP/1.0" 301 81330 "-" "Mozilla/5.0 (compatible; MJ12bot/v1.4.8; http://mj12bot.com/)"
65.108.128.54 - - [09/Jan/2024:05:14:34 +0100] "GET /-p-32267.html HTTP/1.0" 200 81263 "-" "Mozilla/5.0 (compatible; MJ12bot/v1.4.8; http://mj12bot.com/)"
