181.49.212.101 - - [09/Jan/2024:08:50:27 +0100] "GET / HTTP/1.0" 301 511 "-" "Mozilla/5.0 (Windows NT 10.0; Win64; x64) AppleWebKit/537.36 (KHTML, like Gecko) Chrome/118.0.0.0 Safari/537.36"
181.49.212.101 - - [09/Jan/2024:08:50:28 +0100] "GET / HTTP/1.0" 200 161916 "-" "Mozilla/5.0 (Windows NT 10.0; Win64; x64) AppleWebKit/537.36 (KHTML, like Gecko) Chrome/118.0.0.0 Safari/537.36"
181.49.212.101 - - [09/Jan/2024:08:50:33 +0100] "GET /contact_us.php HTTP/1.0" 200 26241 "-" "Mozilla/5.0 (Windows NT 10.0; Win64; x64) AppleWebKit/537.36 (KHTML, like Gecko) Chrome/118.0.0.0 Safari/537.36"
181.49.212.101 - - [09/Jan/2024:08:50:34 +0100] "POST /contact_us.php?action=send HTTP/1.0" 200 26468 "-" "Mozilla/5.0 (Windows NT 10.0; Win64; x64) AppleWebKit/537.36 (KHTML, like Gecko) Chrome/118.0.0.0 Safari/537.36"
181.49.212.101 - - [09/Jan/2024:08:50:36 +0100] "POST /contact_us.php?action=send HTTP/1.0" 200 26462 "-" "Mozilla/5.0 (Windows NT 10.0; Win64; x64) AppleWebKit/537.36 (KHTML, like Gecko) Chrome/118.0.0.0 Safari/537.36"
181.49.212.101 - - [09/Jan/2024:08:50:37 +0100] "POST /contact_us.php?action=send HTTP/1.0" 200 26257 "-" "Mozilla/5.0 (Windows NT 10.0; Win64; x64) AppleWebKit/537.36 (KHTML, like Gecko) Chrome/118.0.0.0 Safari/537.36"
181.49.212.101 - - [09/Jan/2024:08:50:39 +0100] "GET /mtal-signs-c-13_130.html HTTP/1.0" 200 103924 "-" "Mozilla/5.0 (Windows NT 10.0; Win64; x64) AppleWebKit/537.36 (KHTML, like Gecko) Chrome/118.0.0.0 Safari/537.36"
217.113.194.122 - - [09/Jan/2024:08:50:41 +0100] "GET /pillow-case-green-blue-p-43619.html HTTP/1.0" 200 84465 "-" "Mozilla/5.0 (compatible; Barkrowler/0.9; +https://babbar.tech/crawler)"
181.49.212.101 - - [09/Jan/2024:08:50:42 +0100] "GET /mtal-signs-c-13_130.html?page=11 HTTP/1.0" 200 103483 "-" "Mozilla/5.0 (Windows NT 10.0; Win64; x64) AppleWebKit/537.36 (KHTML, like Gecko) Chrome/118.0.0.0 Safari/537.36"
181.49.212.101 - - [09/Jan/2024:08:50:47 +0100] "GET /mtal-signs-c-13_130.html?page=6 HTTP/1.0" 200 105618 "-" "Mozilla/5.0 (Windows NT 10.0; Win64; x64) AppleWebKit/537.36 (KHTML, like Gecko) Chrome/118.0.0.0 Safari/537.36"
181.49.212.101 - - [09/Jan/2024:08:50:50 +0100] "GET /mtal-signs-c-13_130.html?page=4 HTTP/1.0" 200 105200 "-" "Mozilla/5.0 (Windows NT 10.0; Win64; x64) AppleWebKit/537.36 (KHTML, like Gecko) Chrome/118.0.0.0 Safari/537.36"
181.49.212.101 - - [09/Jan/2024:08:50:53 +0100] "GET /mtal-signs-c-13_130.html?page=3 HTTP/1.0" 200 104816 "-" "Mozilla/5.0 (Windows NT 10.0; Win64; x64) AppleWebKit/537.36 (KHTML, like Gecko) Chrome/118.0.0.0 Safari/537.36"
181.49.212.101 - - [09/Jan/2024:08:50:57 +0100] "GET /mtal-signs-c-13_130.html?page=7 HTTP/1.0" 200 105735 "-" "Mozilla/5.0 (Windows NT 10.0; Win64; x64) AppleWebKit/537.36 (KHTML, like Gecko) Chrome/118.0.0.0 Safari/537.36"
181.49.212.101 - - [09/Jan/2024:08:51:00 +0100] "GET /mtal-signs-c-13_130.html?page=8 HTTP/1.0" 200 105286 "-" "Mozilla/5.0 (Windows NT 10.0; Win64; x64) AppleWebKit/537.36 (KHTML, like Gecko) Chrome/118.0.0.0 Safari/537.36"
181.49.212.101 - - [09/Jan/2024:08:51:04 +0100] "GET /mtal-signs-c-13_130.html?page=2 HTTP/1.0" 200 104494 "-" "Mozilla/5.0 (Windows NT 10.0; Win64; x64) AppleWebKit/537.36 (KHTML, like Gecko) Chrome/118.0.0.0 Safari/537.36"
181.49.212.101 - - [09/Jan/2024:08:51:07 +0100] "GET /mtal-signs-c-13_130.html?page=5 HTTP/1.0" 200 105521 "-" "Mozilla/5.0 (Windows NT 10.0; Win64; x64) AppleWebKit/537.36 (KHTML, like Gecko) Chrome/118.0.0.0 Safari/537.36"
54.36.148.50 - - [09/Jan/2024:08:51:10 +0100] "GET /robots.txt HTTP/1.0" 200 245 "-" "Mozilla/5.0 (compatible; AhrefsBot/7.0; +http://ahrefs.com/robot/)"
181.49.212.101 - - [09/Jan/2024:08:51:11 +0100] "GET /mtal-signs-c-13_130.html?page=10 HTTP/1.0" 200 104963 "-" "Mozilla/5.0 (Windows NT 10.0; Win64; x64) AppleWebKit/537.36 (KHTML, like Gecko) Chrome/118.0.0.0 Safari/537.36"
217.113.194.67 - - [09/Jan/2024:08:51:11 +0100] "GET /saint-seiya-stickers-p-15397.html HTTP/1.0" 200 83567 "-" "Mozilla/5.0 (compatible; Barkrowler/0.9; +https://babbar.tech/crawler)"
54.36.148.136 - - [09/Jan/2024:08:51:11 +0100] "GET /flower-pots-plant-accessories-c-13_275.html?page=13 HTTP/1.0" 200 101902 "-" "Mozilla/5.0 (compatible; AhrefsBot/7.0; +http://ahrefs.com/robot/)"
181.49.212.101 - - [09/Jan/2024:08:51:14 +0100] "GET /mtal-signs-c-13_130.html?page=9 HTTP/1.0" 200 105710 "-" "Mozilla/5.0 (Windows NT 10.0; Win64; x64) AppleWebKit/537.36 (KHTML, like Gecko) Chrome/118.0.0.0 Safari/537.36"
181.49.212.101 - - [09/Jan/2024:08:51:18 +0100] "GET /flasks-c-12_245.html HTTP/1.0" 200 93619 "-" "Mozilla/5.0 (Windows NT 10.0; Win64; x64) AppleWebKit/537.36 (KHTML, like Gecko) Chrome/118.0.0.0 Safari/537.36"
181.49.212.101 - - [09/Jan/2024:08:51:21 +0100] "GET /stainless-steel-cork-flask-p-61467.html HTTP/1.0" 200 84615 "-" "Mozilla/5.0 (Windows NT 10.0; Win64; x64) AppleWebKit/537.36 (KHTML, like Gecko) Chrome/118.0.0.0 Safari/537.36"
181.49.212.101 - - [09/Jan/2024:08:51:23 +0100] "GET /black-metal-flask-whiskey-p-37762.html HTTP/1.0" 200 83677 "-" "Mozilla/5.0 (Windows NT 10.0; Win64; x64) AppleWebKit/537.36 (KHTML, like Gecko) Chrome/118.0.0.0 Safari/537.36"
181.49.212.101 - - [09/Jan/2024:08:51:26 +0100] "GET /metal-flask-aperophiles-p-48468.html HTTP/1.0" 200 84252 "-" "Mozilla/5.0 (Windows NT 10.0; Win64; x64) AppleWebKit/537.36 (KHTML, like Gecko) Chrome/118.0.0.0 Safari/537.36"
181.49.212.101 - - [09/Jan/2024:08:51:29 +0100] "GET /black-metal-flask-scotch-p-37759.html HTTP/1.0" 200 83669 "-" "Mozilla/5.0 (Windows NT 10.0; Win64; x64) AppleWebKit/537.36 (KHTML, like Gecko) Chrome/118.0.0.0 Safari/537.36"
181.49.212.101 - - [09/Jan/2024:08:51:32 +0100] "GET /stainless-steel-mustache-flask-p-59103.html HTTP/1.0" 200 84263 "-" "Mozilla/5.0 (Windows NT 10.0; Win64; x64) AppleWebKit/537.36 (KHTML, like Gecko) Chrome/118.0.0.0 Safari/537.36"
181.49.212.101 - - [09/Jan/2024:08:51:34 +0100] "GET /cork-stainless-steel-flask-p-59102.html HTTP/1.0" 200 84266 "-" "Mozilla/5.0 (Windows NT 10.0; Win64; x64) AppleWebKit/537.36 (KHTML, like Gecko) Chrome/118.0.0.0 Safari/537.36"
181.49.212.101 - - [09/Jan/2024:08:51:37 +0100] "GET /black-metal-flask-bourbon-p-37761.html HTTP/1.0" 200 83653 "-" "Mozilla/5.0 (Windows NT 10.0; Win64; x64) AppleWebKit/537.36 (KHTML, like Gecko) Chrome/118.0.0.0 Safari/537.36"
181.49.212.101 - - [09/Jan/2024:08:51:40 +0100] "GET /chess-flask-shot-glasses-gift-p-59104.html HTTP/1.0" 200 84885 "-" "Mozilla/5.0 (Windows NT 10.0; Win64; x64) AppleWebKit/537.36 (KHTML, like Gecko) Chrome/118.0.0.0 Safari/537.36"
217.113.194.84 - - [09/Jan/2024:08:51:42 +0100] "GET /bulldog-statue-p-58607.html HTTP/1.0" 200 84596 "-" "Mozilla/5.0 (compatible; Barkrowler/0.9; +https://babbar.tech/crawler)"
181.49.212.101 - - [09/Jan/2024:08:51:43 +0100] "GET /stainless-steel-flask-p-59341.html HTTP/1.0" 200 83609 "-" "Mozilla/5.0 (Windows NT 10.0; Win64; x64) AppleWebKit/537.36 (KHTML, like Gecko) Chrome/118.0.0.0 Safari/537.36"
181.49.212.101 - - [09/Jan/2024:08:51:45 +0100] "GET /zippo-flask-black-p-61014.html HTTP/1.0" 200 84265 "-" "Mozilla/5.0 (Windows NT 10.0; Win64; x64) AppleWebKit/537.36 (KHTML, like Gecko) Chrome/118.0.0.0 Safari/537.36"
181.49.212.101 - - [09/Jan/2024:08:51:48 +0100] "GET /zippo-steel-flask-p-61015.html HTTP/1.0" 200 84257 "-" "Mozilla/5.0 (Windows NT 10.0; Win64; x64) AppleWebKit/537.36 (KHTML, like Gecko) Chrome/118.0.0.0 Safari/537.36"
181.49.212.101 - - [09/Jan/2024:08:51:51 +0100] "GET /fragrance-case-cabinet-diffuser-c-231_228.html HTTP/1.0" 200 95512 "-" "Mozilla/5.0 (Windows NT 10.0; Win64; x64) AppleWebKit/537.36 (KHTML, like Gecko) Chrome/118.0.0.0 Safari/537.36"
181.49.212.101 - - [09/Jan/2024:08:51:54 +0100] "GET /products_new.php HTTP/1.0" 200 103127 "-" "Mozilla/5.0 (Windows NT 10.0; Win64; x64) AppleWebKit/537.36 (KHTML, like Gecko) Chrome/118.0.0.0 Safari/537.36"
181.49.212.101 - - [09/Jan/2024:08:51:57 +0100] "GET /products_new.php?page=2 HTTP/1.0" 200 104140 "-" "Mozilla/5.0 (Windows NT 10.0; Win64; x64) AppleWebKit/537.36 (KHTML, like Gecko) Chrome/118.0.0.0 Safari/537.36"
181.49.212.101 - - [09/Jan/2024:08:52:00 +0100] "GET /products_new.php?page=4 HTTP/1.0" 200 104231 "-" "Mozilla/5.0 (Windows NT 10.0; Win64; x64) AppleWebKit/537.36 (KHTML, like Gecko) Chrome/118.0.0.0 Safari/537.36"
181.49.212.101 - - [09/Jan/2024:08:52:03 +0100] "GET /products_new.php?page=5 HTTP/1.0" 200 95555 "-" "Mozilla/5.0 (Windows NT 10.0; Win64; x64) AppleWebKit/537.36 (KHTML, like Gecko) Chrome/118.0.0.0 Safari/537.36"
181.49.212.101 - - [09/Jan/2024:08:52:07 +0100] "GET /products_new.php?page=3 HTTP/1.0" 200 102901 "-" "Mozilla/5.0 (Windows NT 10.0; Win64; x64) AppleWebKit/537.36 (KHTML, like Gecko) Chrome/118.0.0.0 Safari/537.36"
181.49.212.101 - - [09/Jan/2024:08:52:10 +0100] "GET /checkout_shipping.php HTTP/1.0" 302 468 "-" "Mozilla/5.0 (Windows NT 10.0; Win64; x64) AppleWebKit/537.36 (KHTML, like Gecko) Chrome/118.0.0.0 Safari/537.36"
181.49.212.101 - - [09/Jan/2024:08:52:11 +0100] "GET /login.php HTTP/1.0" 200 17155 "-" "Mozilla/5.0 (Windows NT 10.0; Win64; x64) AppleWebKit/537.36 (KHTML, like Gecko) Chrome/118.0.0.0 Safari/537.36"
181.49.212.101 - - [09/Jan/2024:08:52:12 +0100] "POST /login.php?action=process HTTP/1.0" 200 17657 "-" "Mozilla/5.0 (Windows NT 10.0; Win64; x64) AppleWebKit/537.36 (KHTML, like Gecko) Chrome/118.0.0.0 Safari/537.36"
181.49.212.101 - - [09/Jan/2024:08:52:13 +0100] "POST /login.php?action=process HTTP/1.0" 200 17657 "-" "Mozilla/5.0 (Windows NT 10.0; Win64; x64) AppleWebKit/537.36 (KHTML, like Gecko) Chrome/118.0.0.0 Safari/537.36"
217.113.194.73 - - [09/Jan/2024:08:52:12 +0100] "GET /citroen-large-metal-plate-p-15172.html HTTP/1.0" 200 83596 "-" "Mozilla/5.0 (compatible; Barkrowler/0.9; +https://babbar.tech/crawler)"
181.49.212.101 - - [09/Jan/2024:08:52:15 +0100] "POST /login.php?action=process HTTP/1.0" 200 17625 "-" "Mozilla/5.0 (Windows NT 10.0; Win64; x64) AppleWebKit/537.36 (KHTML, like Gecko) Chrome/118.0.0.0 Safari/537.36"
181.49.212.101 - - [09/Jan/2024:08:52:16 +0100] "GET /password_forgotten.php HTTP/1.0" 200 82404 "-" "Mozilla/5.0 (Windows NT 10.0; Win64; x64) AppleWebKit/537.36 (KHTML, like Gecko) Chrome/118.0.0.0 Safari/537.36"
181.49.212.101 - - [09/Jan/2024:08:52:18 +0100] "POST /password_forgotten.php?action=process HTTP/1.0" 200 82922 "-" "Mozilla/5.0 (Windows NT 10.0; Win64; x64) AppleWebKit/537.36 (KHTML, like Gecko) Chrome/118.0.0.0 Safari/537.36"
181.49.212.101 - - [09/Jan/2024:08:52:21 +0100] "POST /password_forgotten.php?action=process HTTP/1.0" 200 82922 "-" "Mozilla/5.0 (Windows NT 10.0; Win64; x64) AppleWebKit/537.36 (KHTML, like Gecko) Chrome/118.0.0.0 Safari/537.36"
181.49.212.101 - - [09/Jan/2024:08:52:24 +0100] "POST /password_forgotten.php?action=process HTTP/1.0" 200 82890 "-" "Mozilla/5.0 (Windows NT 10.0; Win64; x64) AppleWebKit/537.36 (KHTML, like Gecko) Chrome/118.0.0.0 Safari/537.36"
181.49.212.101 - - [09/Jan/2024:08:52:26 +0100] "GET /jewels-beauty-accessories-c-3_29.html HTTP/1.0" 200 92728 "-" "Mozilla/5.0 (Windows NT 10.0; Win64; x64) AppleWebKit/537.36 (KHTML, like Gecko) Chrome/118.0.0.0 Safari/537.36"
181.49.212.101 - - [09/Jan/2024:08:52:29 +0100] "GET /gloss-duckling-random-color-according-arrival-p-31892.html HTTP/1.0" 200 84012 "-" "Mozilla/5.0 (Windows NT 10.0; Win64; x64) AppleWebKit/537.36 (KHTML, like Gecko) Chrome/118.0.0.0 Safari/537.36"
181.49.212.101 - - [09/Jan/2024:08:52:32 +0100] "GET /hair-accessories-c-3_205.html HTTP/1.0" 200 98315 "-" "Mozilla/5.0 (Windows NT 10.0; Win64; x64) AppleWebKit/537.36 (KHTML, like Gecko) Chrome/118.0.0.0 Safari/537.36"
181.49.212.101 - - [09/Jan/2024:08:52:35 +0100] "GET /diffuser-perfume-essential-oils-c-231_162.html HTTP/1.0" 200 101682 "-" "Mozilla/5.0 (Windows NT 10.0; Win64; x64) AppleWebKit/537.36 (KHTML, like Gecko) Chrome/118.0.0.0 Safari/537.36"
181.49.212.101 - - [09/Jan/2024:08:52:38 +0100] "GET /diffuser-perfume-essential-oils-c-231_162.html?page=2 HTTP/1.0" 200 101944 "-" "Mozilla/5.0 (Windows NT 10.0; Win64; x64) AppleWebKit/537.36 (KHTML, like Gecko) Chrome/118.0.0.0 Safari/537.36"
217.113.194.80 - - [09/Jan/2024:08:52:41 +0100] "GET /fitted-sheet-blue-p-26402.html HTTP/1.0" 200 83569 "-" "Mozilla/5.0 (compatible; Barkrowler/0.9; +https://babbar.tech/crawler)"
181.49.212.101 - - [09/Jan/2024:08:52:41 +0100] "GET /buddha-perfume-diffuser-p-31887.html HTTP/1.0" 200 84345 "-" "Mozilla/5.0 (Windows NT 10.0; Win64; x64) AppleWebKit/537.36 (KHTML, like Gecko) Chrome/118.0.0.0 Safari/537.36"
181.49.212.101 - - [09/Jan/2024:08:52:44 +0100] "GET /diffuser-perfume-essential-oils-c-231_162.html?page=3 HTTP/1.0" 200 102716 "-" "Mozilla/5.0 (Windows NT 10.0; Win64; x64) AppleWebKit/537.36 (KHTML, like Gecko) Chrome/118.0.0.0 Safari/537.36"
181.49.212.101 - - [09/Jan/2024:08:52:47 +0100] "GET /diffuser-perfume-essential-oils-c-231_162.html?page=5 HTTP/1.0" 200 89918 "-" "Mozilla/5.0 (Windows NT 10.0; Win64; x64) AppleWebKit/537.36 (KHTML, like Gecko) Chrome/118.0.0.0 Safari/537.36"
181.49.212.101 - - [09/Jan/2024:08:52:50 +0100] "GET /blue-perfume-diffuser-p-35888.html HTTP/1.0" 200 83732 "-" "Mozilla/5.0 (Windows NT 10.0; Win64; x64) AppleWebKit/537.36 (KHTML, like Gecko) Chrome/118.0.0.0 Safari/537.36"
181.49.212.101 - - [09/Jan/2024:08:52:53 +0100] "GET /diffuser-perfume-essential-oils-c-231_162.html?page=4 HTTP/1.0" 200 102978 "-" "Mozilla/5.0 (Windows NT 10.0; Win64; x64) AppleWebKit/537.36 (KHTML, like Gecko) Chrome/118.0.0.0 Safari/537.36"
181.49.212.101 - - [09/Jan/2024:08:52:56 +0100] "GET /green-perfume-diffuser-p-35889.html HTTP/1.0" 200 83740 "-" "Mozilla/5.0 (Windows NT 10.0; Win64; x64) AppleWebKit/537.36 (KHTML, like Gecko) Chrome/118.0.0.0 Safari/537.36"
181.49.212.101 - - [09/Jan/2024:08:52:59 +0100] "GET /parma-perfume-diffuser-p-35891.html HTTP/1.0" 200 83740 "-" "Mozilla/5.0 (Windows NT 10.0; Win64; x64) AppleWebKit/537.36 (KHTML, like Gecko) Chrome/118.0.0.0 Safari/537.36"
181.49.212.101 - - [09/Jan/2024:08:53:01 +0100] "GET /infuser-rest-c-12_247.html HTTP/1.0" 200 100832 "-" "Mozilla/5.0 (Windows NT 10.0; Win64; x64) AppleWebKit/537.36 (KHTML, like Gecko) Chrome/118.0.0.0 Safari/537.36"
181.49.212.101 - - [09/Jan/2024:08:53:04 +0100] "GET /infuser-rest-c-12_247.html?page=4 HTTP/1.0" 200 94219 "-" "Mozilla/5.0 (Windows NT 10.0; Win64; x64) AppleWebKit/537.36 (KHTML, like Gecko) Chrome/118.0.0.0 Safari/537.36"
181.49.212.101 - - [09/Jan/2024:08:53:07 +0100] "GET /infuser-rest-c-12_247.html?page=2 HTTP/1.0" 200 101817 "-" "Mozilla/5.0 (Windows NT 10.0; Win64; x64) AppleWebKit/537.36 (KHTML, like Gecko) Chrome/118.0.0.0 Safari/537.36"
217.113.194.108 - - [09/Jan/2024:08:53:10 +0100] "GET /fitted-sheet-pink-p-60007.html HTTP/1.0" 200 84918 "-" "Mozilla/5.0 (compatible; Barkrowler/0.9; +https://babbar.tech/crawler)"
181.49.212.101 - - [09/Jan/2024:08:53:11 +0100] "GET /infuser-rest-c-12_247.html?page=3 HTTP/1.0" 200 101467 "-" "Mozilla/5.0 (Windows NT 10.0; Win64; x64) AppleWebKit/537.36 (KHTML, like Gecko) Chrome/118.0.0.0 Safari/537.36"
181.49.212.101 - - [09/Jan/2024:08:53:14 +0100] "GET /baskets-c-13_289.html HTTP/1.0" 200 100827 "-" "Mozilla/5.0 (Windows NT 10.0; Win64; x64) AppleWebKit/537.36 (KHTML, like Gecko) Chrome/118.0.0.0 Safari/537.36"
181.49.212.101 - - [09/Jan/2024:08:53:17 +0100] "GET /laundry-basket-p-49920.html HTTP/1.0" 200 84222 "-" "Mozilla/5.0 (Windows NT 10.0; Win64; x64) AppleWebKit/537.36 (KHTML, like Gecko) Chrome/118.0.0.0 Safari/537.36"
181.49.212.101 - - [09/Jan/2024:08:53:20 +0100] "GET /baskets-c-13_289.html?page=2 HTTP/1.0" 200 101297 "-" "Mozilla/5.0 (Windows NT 10.0; Win64; x64) AppleWebKit/537.36 (KHTML, like Gecko) Chrome/118.0.0.0 Safari/537.36"
181.49.212.101 - - [09/Jan/2024:08:53:24 +0100] "GET /seagrass-basket-black-natural-p-58114.html HTTP/1.0" 200 84353 "-" "Mozilla/5.0 (Windows NT 10.0; Win64; x64) AppleWebKit/537.36 (KHTML, like Gecko) Chrome/118.0.0.0 Safari/537.36"
181.49.212.101 - - [09/Jan/2024:08:53:27 +0100] "GET /braided-paper-fiber-basket-grey-p-58191.html HTTP/1.0" 200 84328 "-" "Mozilla/5.0 (Windows NT 10.0; Win64; x64) AppleWebKit/537.36 (KHTML, like Gecko) Chrome/118.0.0.0 Safari/537.36"
181.49.212.101 - - [09/Jan/2024:08:53:30 +0100] "GET /cozy-rectangular-corduroy-basket-p-59641.html HTTP/1.0" 200 84595 "-" "Mozilla/5.0 (Windows NT 10.0; Win64; x64) AppleWebKit/537.36 (KHTML, like Gecko) Chrome/118.0.0.0 Safari/537.36"
181.49.212.101 - - [09/Jan/2024:08:53:33 +0100] "GET /corduroy-charcoal-basket-p-59640.html HTTP/1.0" 200 84507 "-" "Mozilla/5.0 (Windows NT 10.0; Win64; x64) AppleWebKit/537.36 (KHTML, like Gecko) Chrome/118.0.0.0 Safari/537.36"
181.49.212.101 - - [09/Jan/2024:08:53:35 +0100] "GET /blue-basket-corduroy-p-59639.html HTTP/1.0" 200 84489 "-" "Mozilla/5.0 (Windows NT 10.0; Win64; x64) AppleWebKit/537.36 (KHTML, like Gecko) Chrome/118.0.0.0 Safari/537.36"
40.77.167.143 - - [09/Jan/2024:08:53:36 +0100] "GET /mini-metal-tray-dubout-cats-p-36474.html HTTP/1.0" 200 81361 "-" "Mozilla/5.0 AppleWebKit/537.36 (KHTML, like Gecko; compatible; bingbot/2.0; +http://www.bing.com/bingbot.htm) Chrome/116.0.1938.76 Safari/537.36"
217.113.194.93 - - [09/Jan/2024:08:53:38 +0100] "GET /fitted-sheet-color-p-38875.html HTTP/1.0" 200 83711 "-" "Mozilla/5.0 (compatible; Barkrowler/0.9; +https://babbar.tech/crawler)"
181.49.212.101 - - [09/Jan/2024:08:53:38 +0100] "GET /baskets-c-13_289.html?page=4 HTTP/1.0" 200 92255 "-" "Mozilla/5.0 (Windows NT 10.0; Win64; x64) AppleWebKit/537.36 (KHTML, like Gecko) Chrome/118.0.0.0 Safari/537.36"
181.49.212.101 - - [09/Jan/2024:08:53:41 +0100] "GET /cozy-rectangular-corduroy-basket-p-59643.html HTTP/1.0" 200 84808 "-" "Mozilla/5.0 (Windows NT 10.0; Win64; x64) AppleWebKit/537.36 (KHTML, like Gecko) Chrome/118.0.0.0 Safari/537.36"
181.49.212.101 - - [09/Jan/2024:08:53:44 +0100] "GET /laundry-basket-p-49919.html HTTP/1.0" 200 84223 "-" "Mozilla/5.0 (Windows NT 10.0; Win64; x64) AppleWebKit/537.36 (KHTML, like Gecko) Chrome/118.0.0.0 Safari/537.36"
181.49.212.101 - - [09/Jan/2024:08:53:47 +0100] "GET /braided-paper-fiber-basket-grey-p-58193.html HTTP/1.0" 200 84336 "-" "Mozilla/5.0 (Windows NT 10.0; Win64; x64) AppleWebKit/537.36 (KHTML, like Gecko) Chrome/118.0.0.0 Safari/537.36"
181.49.212.101 - - [09/Jan/2024:08:53:49 +0100] "GET /braided-polypropylene-decorative-basket-p-58197.html HTTP/1.0" 200 84433 "-" "Mozilla/5.0 (Windows NT 10.0; Win64; x64) AppleWebKit/537.36 (KHTML, like Gecko) Chrome/118.0.0.0 Safari/537.36"
181.49.212.101 - - [09/Jan/2024:08:53:52 +0100] "GET /baskets-c-13_289.html?page=3 HTTP/1.0" 200 101252 "-" "Mozilla/5.0 (Windows NT 10.0; Win64; x64) AppleWebKit/537.36 (KHTML, like Gecko) Chrome/118.0.0.0 Safari/537.36"
181.49.212.101 - - [09/Jan/2024:08:53:56 +0100] "GET /laundry-basket-p-52239.html HTTP/1.0" 200 84176 "-" "Mozilla/5.0 (Windows NT 10.0; Win64; x64) AppleWebKit/537.36 (KHTML, like Gecko) Chrome/118.0.0.0 Safari/537.36"
181.49.212.101 - - [09/Jan/2024:08:53:59 +0100] "GET /bronze-basket-corduroy-p-59638.html HTTP/1.0" 200 84712 "-" "Mozilla/5.0 (Windows NT 10.0; Win64; x64) AppleWebKit/537.36 (KHTML, like Gecko) Chrome/118.0.0.0 Safari/537.36"
181.49.212.101 - - [09/Jan/2024:08:54:02 +0100] "GET /laundry-basket-p-52238.html HTTP/1.0" 200 84176 "-" "Mozilla/5.0 (Windows NT 10.0; Win64; x64) AppleWebKit/537.36 (KHTML, like Gecko) Chrome/118.0.0.0 Safari/537.36"
181.49.212.101 - - [09/Jan/2024:08:54:04 +0100] "GET /vanua-cotton-basket-planter-p-58822.html HTTP/1.0" 200 84516 "-" "Mozilla/5.0 (Windows NT 10.0; Win64; x64) AppleWebKit/537.36 (KHTML, like Gecko) Chrome/118.0.0.0 Safari/537.36"
217.113.194.83 - - [09/Jan/2024:08:54:06 +0100] "GET /tweety-figurine-p-45055.html HTTP/1.0" 200 83677 "-" "Mozilla/5.0 (compatible; Barkrowler/0.9; +https://babbar.tech/crawler)"
181.49.212.101 - - [09/Jan/2024:08:54:07 +0100] "GET /seagrass-basket-black-natural-p-58115.html HTTP/1.0" 200 84353 "-" "Mozilla/5.0 (Windows NT 10.0; Win64; x64) AppleWebKit/537.36 (KHTML, like Gecko) Chrome/118.0.0.0 Safari/537.36"
54.36.148.98 - - [09/Jan/2024:08:54:09 +0100] "GET /beleme-bedding-p-61196.html HTTP/1.0" 200 84504 "-" "Mozilla/5.0 (compatible; AhrefsBot/7.0; +http://ahrefs.com/robot/)"
181.49.212.101 - - [09/Jan/2024:08:54:10 +0100] "GET /braided-paper-fiber-basket-grey-p-58192.html HTTP/1.0" 200 84330 "-" "Mozilla/5.0 (Windows NT 10.0; Win64; x64) AppleWebKit/537.36 (KHTML, like Gecko) Chrome/118.0.0.0 Safari/537.36"
181.49.212.101 - - [09/Jan/2024:08:54:13 +0100] "GET /cozy-rectangular-corduroy-basket-p-59642.html HTTP/1.0" 200 84595 "-" "Mozilla/5.0 (Windows NT 10.0; Win64; x64) AppleWebKit/537.36 (KHTML, like Gecko) Chrome/118.0.0.0 Safari/537.36"
181.49.212.101 - - [09/Jan/2024:08:54:16 +0100] "GET /bathroom-accessories-c-13_172.html HTTP/1.0" 200 100817 "-" "Mozilla/5.0 (Windows NT 10.0; Win64; x64) AppleWebKit/537.36 (KHTML, like Gecko) Chrome/118.0.0.0 Safari/537.36"
181.49.212.101 - - [09/Jan/2024:08:54:19 +0100] "GET /bathroom-accessories-c-13_172.html?page=3 HTTP/1.0" 200 97027 "-" "Mozilla/5.0 (Windows NT 10.0; Win64; x64) AppleWebKit/537.36 (KHTML, like Gecko) Chrome/118.0.0.0 Safari/537.36"
181.49.212.101 - - [09/Jan/2024:08:54:22 +0100] "GET /bathroom-accessories-c-13_172.html?page=2 HTTP/1.0" 200 101518 "-" "Mozilla/5.0 (Windows NT 10.0; Win64; x64) AppleWebKit/537.36 (KHTML, like Gecko) Chrome/118.0.0.0 Safari/537.36"
181.49.212.101 - - [09/Jan/2024:08:54:26 +0100] "GET /cologne-soap-dish-p-36618.html HTTP/1.0" 200 83662 "-" "Mozilla/5.0 (Windows NT 10.0; Win64; x64) AppleWebKit/537.36 (KHTML, like Gecko) Chrome/118.0.0.0 Safari/537.36"
181.49.212.101 - - [09/Jan/2024:08:54:29 +0100] "GET /cologne-toothbrushes-p-36617.html HTTP/1.0" 200 83713 "-" "Mozilla/5.0 (Windows NT 10.0; Win64; x64) AppleWebKit/537.36 (KHTML, like Gecko) Chrome/118.0.0.0 Safari/537.36"
181.49.212.101 - - [09/Jan/2024:08:54:32 +0100] "GET /login.php HTTP/1.0" 200 17155 "-" "Mozilla/5.0 (Windows NT 10.0; Win64; x64) AppleWebKit/537.36 (KHTML, like Gecko) Chrome/118.0.0.0 Safari/537.36"
181.49.212.101 - - [09/Jan/2024:08:54:33 +0100] "POST /login.php?action=process HTTP/1.0" 200 17657 "-" "Mozilla/5.0 (Windows NT 10.0; Win64; x64) AppleWebKit/537.36 (KHTML, like Gecko) Chrome/118.0.0.0 Safari/537.36"
181.49.212.101 - - [09/Jan/2024:08:54:35 +0100] "POST /login.php?action=process HTTP/1.0" 200 17657 "-" "Mozilla/5.0 (Windows NT 10.0; Win64; x64) AppleWebKit/537.36 (KHTML, like Gecko) Chrome/118.0.0.0 Safari/537.36"
217.113.194.123 - - [09/Jan/2024:08:54:33 +0100] "GET /winter-greens-double-wall-p-61054.html HTTP/1.0" 200 83753 "-" "Mozilla/5.0 (compatible; Barkrowler/0.9; +https://babbar.tech/crawler)"
181.49.212.101 - - [09/Jan/2024:08:54:36 +0100] "POST /login.php?action=process HTTP/1.0" 200 17625 "-" "Mozilla/5.0 (Windows NT 10.0; Win64; x64) AppleWebKit/537.36 (KHTML, like Gecko) Chrome/118.0.0.0 Safari/537.36"
181.49.212.101 - - [09/Jan/2024:08:54:37 +0100] "GET /with-infuser-c-12_221.html HTTP/1.0" 200 102005 "-" "Mozilla/5.0 (Windows NT 10.0; Win64; x64) AppleWebKit/537.36 (KHTML, like Gecko) Chrome/118.0.0.0 Safari/537.36"
181.49.212.101 - - [09/Jan/2024:08:54:40 +0100] "GET /porcelain-teapot-with-buddha-infuser-p-61451.html HTTP/1.0" 200 84489 "-" "Mozilla/5.0 (Windows NT 10.0; Win64; x64) AppleWebKit/537.36 (KHTML, like Gecko) Chrome/118.0.0.0 Safari/537.36"
181.49.212.101 - - [09/Jan/2024:08:54:43 +0100] "GET /with-infuser-asia-pink-p-52651.html HTTP/1.0" 200 83704 "-" "Mozilla/5.0 (Windows NT 10.0; Win64; x64) AppleWebKit/537.36 (KHTML, like Gecko) Chrome/118.0.0.0 Safari/537.36"
181.49.212.101 - - [09/Jan/2024:08:54:46 +0100] "GET /porcelain-teapot-with-buddha-infuser-p-61450.html HTTP/1.0" 200 84492 "-" "Mozilla/5.0 (Windows NT 10.0; Win64; x64) AppleWebKit/537.36 (KHTML, like Gecko) Chrome/118.0.0.0 Safari/537.36"
181.49.212.101 - - [09/Jan/2024:08:54:49 +0100] "GET /porcelain-with-infuser-cement-tiles-p-58103.html HTTP/1.0" 200 83730 "-" "Mozilla/5.0 (Windows NT 10.0; Win64; x64) AppleWebKit/537.36 (KHTML, like Gecko) Chrome/118.0.0.0 Safari/537.36"
181.49.212.101 - - [09/Jan/2024:08:54:51 +0100] "GET /gift-infuser-mandala-grey-p-43795.html HTTP/1.0" 200 84222 "-" "Mozilla/5.0 (Windows NT 10.0; Win64; x64) AppleWebKit/537.36 (KHTML, like Gecko) Chrome/118.0.0.0 Safari/537.36"
181.49.212.101 - - [09/Jan/2024:08:54:54 +0100] "GET /with-infuser-c-12_221.html?page=2 HTTP/1.0" 200 101864 "-" "Mozilla/5.0 (Windows NT 10.0; Win64; x64) AppleWebKit/537.36 (KHTML, like Gecko) Chrome/118.0.0.0 Safari/537.36"
181.49.212.101 - - [09/Jan/2024:08:54:57 +0100] "GET /native-american-herbal-teapot-with-metal-infuser-chabada-collec-p-45719.html HTTP/1.0" 200 84071 "-" "Mozilla/5.0 (Windows NT 10.0; Win64; x64) AppleWebKit/537.36 (KHTML, like Gecko) Chrome/118.0.0.0 Safari/537.36"
181.49.212.101 - - [09/Jan/2024:08:55:00 +0100] "GET /porcelain-with-infuser-cement-tiles-p-58105.html HTTP/1.0" 200 83730 "-" "Mozilla/5.0 (Windows NT 10.0; Win64; x64) AppleWebKit/537.36 (KHTML, like Gecko) Chrome/118.0.0.0 Safari/537.36"
217.113.194.79 - - [09/Jan/2024:08:55:01 +0100] "GET /valdrome-grenadine-p-43960.html HTTP/1.0" 200 83791 "-" "Mozilla/5.0 (compatible; Barkrowler/0.9; +https://babbar.tech/crawler)"
181.49.212.101 - - [09/Jan/2024:08:55:03 +0100] "GET /porcelain-teapot-with-buddha-infuser-p-61453.html HTTP/1.0" 200 84489 "-" "Mozilla/5.0 (Windows NT 10.0; Win64; x64) AppleWebKit/537.36 (KHTML, like Gecko) Chrome/118.0.0.0 Safari/537.36"
181.49.212.101 - - [09/Jan/2024:08:55:06 +0100] "GET /porcelain-with-infuser-cement-tiles-p-58106.html HTTP/1.0" 200 83730 "-" "Mozilla/5.0 (Windows NT 10.0; Win64; x64) AppleWebKit/537.36 (KHTML, like Gecko) Chrome/118.0.0.0 Safari/537.36"
181.49.212.101 - - [09/Jan/2024:08:55:08 +0100] "GET /with-infuser-cabourg-p-47841.html HTTP/1.0" 200 83668 "-" "Mozilla/5.0 (Windows NT 10.0; Win64; x64) AppleWebKit/537.36 (KHTML, like Gecko) Chrome/118.0.0.0 Safari/537.36"
181.49.212.101 - - [09/Jan/2024:08:55:11 +0100] "GET /hand-fatma-with-infuser-p-56676.html HTTP/1.0" 200 84253 "-" "Mozilla/5.0 (Windows NT 10.0; Win64; x64) AppleWebKit/537.36 (KHTML, like Gecko) Chrome/118.0.0.0 Safari/537.36"
181.49.212.101 - - [09/Jan/2024:08:55:14 +0100] "GET /city-with-infuser-model-p-54154.html HTTP/1.0" 200 83697 "-" "Mozilla/5.0 (Windows NT 10.0; Win64; x64) AppleWebKit/537.36 (KHTML, like Gecko) Chrome/118.0.0.0 Safari/537.36"
181.49.212.101 - - [09/Jan/2024:08:55:17 +0100] "GET /with-infuser-c-12_221.html?page=4 HTTP/1.0" 200 102016 "-" "Mozilla/5.0 (Windows NT 10.0; Win64; x64) AppleWebKit/537.36 (KHTML, like Gecko) Chrome/118.0.0.0 Safari/537.36"
181.49.212.101 - - [09/Jan/2024:08:55:20 +0100] "GET /porcelain-with-infuser-cement-tiles-p-58104.html HTTP/1.0" 200 83730 "-" "Mozilla/5.0 (Windows NT 10.0; Win64; x64) AppleWebKit/537.36 (KHTML, like Gecko) Chrome/118.0.0.0 Safari/537.36"
181.49.212.101 - - [09/Jan/2024:08:55:23 +0100] "GET /with-infuser-c-12_221.html?page=3 HTTP/1.0" 200 102108 "-" "Mozilla/5.0 (Windows NT 10.0; Win64; x64) AppleWebKit/537.36 (KHTML, like Gecko) Chrome/118.0.0.0 Safari/537.36"
181.49.212.101 - - [09/Jan/2024:08:55:26 +0100] "GET /porcelain-teapot-with-buddha-infuser-p-61452.html HTTP/1.0" 200 84489 "-" "Mozilla/5.0 (Windows NT 10.0; Win64; x64) AppleWebKit/537.36 (KHTML, like Gecko) Chrome/118.0.0.0 Safari/537.36"
181.49.212.101 - - [09/Jan/2024:08:55:29 +0100] "GET /paris-bucolic-ceramic-with-infuser-p-34962.html HTTP/1.0" 200 83725 "-" "Mozilla/5.0 (Windows NT 10.0; Win64; x64) AppleWebKit/537.36 (KHTML, like Gecko) Chrome/118.0.0.0 Safari/537.36"
181.49.212.101 - - [09/Jan/2024:08:55:31 +0100] "GET /dream-catcher-ceramic-with-infuser-p-37891.html HTTP/1.0" 200 83725 "-" "Mozilla/5.0 (Windows NT 10.0; Win64; x64) AppleWebKit/537.36 (KHTML, like Gecko) Chrome/118.0.0.0 Safari/537.36"
181.49.212.101 - - [09/Jan/2024:08:55:34 +0100] "GET /difference-accessoriess-c-12_59.html HTTP/1.0" 200 95347 "-" "Mozilla/5.0 (Windows NT 10.0; Win64; x64) AppleWebKit/537.36 (KHTML, like Gecko) Chrome/118.0.0.0 Safari/537.36"
217.113.194.116 - - [09/Jan/2024:08:55:35 +0100] "GET /placemat-little-prince-p-56245.html HTTP/1.0" 200 81361 "-" "Mozilla/5.0 (compatible; Barkrowler/0.9; +https://babbar.tech/crawler)"
181.49.212.101 - - [09/Jan/2024:08:55:37 +0100] "GET /wastebasket-c-129_184.html HTTP/1.0" 200 89594 "-" "Mozilla/5.0 (Windows NT 10.0; Win64; x64) AppleWebKit/537.36 (KHTML, like Gecko) Chrome/118.0.0.0 Safari/537.36"
181.49.212.101 - - [09/Jan/2024:08:55:40 +0100] "GET /flower-pots-plant-accessories-c-13_275.html HTTP/1.0" 200 103542 "-" "Mozilla/5.0 (Windows NT 10.0; Win64; x64) AppleWebKit/537.36 (KHTML, like Gecko) Chrome/118.0.0.0 Safari/537.36"
181.49.212.101 - - [09/Jan/2024:08:55:43 +0100] "GET /flower-pots-plant-accessories-c-13_275.html?page=11 HTTP/1.0" 200 102905 "-" "Mozilla/5.0 (Windows NT 10.0; Win64; x64) AppleWebKit/537.36 (KHTML, like Gecko) Chrome/118.0.0.0 Safari/537.36"
181.49.212.101 - - [09/Jan/2024:08:55:46 +0100] "GET /flower-pots-plant-accessories-c-13_275.html?page=6 HTTP/1.0" 200 104354 "-" "Mozilla/5.0 (Windows NT 10.0; Win64; x64) AppleWebKit/537.36 (KHTML, like Gecko) Chrome/118.0.0.0 Safari/537.36"
181.49.212.101 - - [09/Jan/2024:08:55:50 +0100] "GET /flower-pots-plant-accessories-c-13_275.html?page=3 HTTP/1.0" 200 104331 "-" "Mozilla/5.0 (Windows NT 10.0; Win64; x64) AppleWebKit/537.36 (KHTML, like Gecko) Chrome/118.0.0.0 Safari/537.36"
181.49.212.101 - - [09/Jan/2024:08:55:54 +0100] "GET /flower-pots-plant-accessories-c-13_275.html?page=10 HTTP/1.0" 200 104550 "-" "Mozilla/5.0 (Windows NT 10.0; Win64; x64) AppleWebKit/537.36 (KHTML, like Gecko) Chrome/118.0.0.0 Safari/537.36"
40.77.167.10 - - [09/Jan/2024:08:55:57 +0100] "GET /images/big_prod/3503420103131B.jpg HTTP/1.0" 200 269 "-" "Mozilla/5.0 (Windows NT 6.1; WOW64) AppleWebKit/534+ (KHTML, like Gecko) BingPreview/1.0b"
128.135.24.101 - - [09/Jan/2024:08:55:59 +0100] "GET /images/mini_prod/1348422000543.jpg HTTP/1.0" 200 269 "-" "Mozilla/5.0 (X11; Ubuntu; Linux x86_64; rv:72.0) Gecko/20100101 Firefox/72.0"
181.49.212.101 - - [09/Jan/2024:08:55:58 +0100] "GET /flower-pots-plant-accessories-c-13_275.html?page=7 HTTP/1.0" 200 104182 "-" "Mozilla/5.0 (Windows NT 10.0; Win64; x64) AppleWebKit/537.36 (KHTML, like Gecko) Chrome/118.0.0.0 Safari/537.36"
181.49.212.101 - - [09/Jan/2024:08:56:02 +0100] "GET /flower-pots-plant-accessories-c-13_275.html?page=2 HTTP/1.0" 200 104048 "-" "Mozilla/5.0 (Windows NT 10.0; Win64; x64) AppleWebKit/537.36 (KHTML, like Gecko) Chrome/118.0.0.0 Safari/537.36"
217.113.194.124 - - [09/Jan/2024:08:56:03 +0100] "GET /placemat-little-prince-p-56243.html HTTP/1.0" 200 81361 "-" "Mozilla/5.0 (compatible; Barkrowler/0.9; +https://babbar.tech/crawler)"
181.49.212.101 - - [09/Jan/2024:08:56:05 +0100] "GET /flower-pots-plant-accessories-c-13_275.html?page=9 HTTP/1.0" 200 104735 "-" "Mozilla/5.0 (Windows NT 10.0; Win64; x64) AppleWebKit/537.36 (KHTML, like Gecko) Chrome/118.0.0.0 Safari/537.36"
181.49.212.101 - - [09/Jan/2024:08:56:09 +0100] "GET /flower-pots-plant-accessories-c-13_275.html?page=4 HTTP/1.0" 200 104860 "-" "Mozilla/5.0 (Windows NT 10.0; Win64; x64) AppleWebKit/537.36 (KHTML, like Gecko) Chrome/118.0.0.0 Safari/537.36"
134.94.0.65 - - [09/Jan/2024:08:56:11 +0100] "GET /images/med_prod/1384010178423.jpg HTTP/1.0" 200 268 "-" "Mozilla/5.0 (X11; Ubuntu; Linux x86_64; rv:72.0) Gecko/20100101 Firefox/72.0"
181.49.212.101 - - [09/Jan/2024:08:56:12 +0100] "GET /flower-pots-plant-accessories-c-13_275.html?page=8 HTTP/1.0" 200 104410 "-" "Mozilla/5.0 (Windows NT 10.0; Win64; x64) AppleWebKit/537.36 (KHTML, like Gecko) Chrome/118.0.0.0 Safari/537.36"
181.49.212.101 - - [09/Jan/2024:08:56:16 +0100] "GET /flower-pots-plant-accessories-c-13_275.html?page=5 HTTP/1.0" 200 104413 "-" "Mozilla/5.0 (Windows NT 10.0; Win64; x64) AppleWebKit/537.36 (KHTML, like Gecko) Chrome/118.0.0.0 Safari/537.36"
181.49.212.101 - - [09/Jan/2024:08:56:20 +0100] "GET /create_account.php HTTP/1.0" 200 33633 "-" "Mozilla/5.0 (Windows NT 10.0; Win64; x64) AppleWebKit/537.36 (KHTML, like Gecko) Chrome/118.0.0.0 Safari/537.36"
181.49.212.101 - - [09/Jan/2024:08:56:21 +0100] "POST /create_account.php HTTP/1.0" 200 34313 "-" "Mozilla/5.0 (Windows NT 10.0; Win64; x64) AppleWebKit/537.36 (KHTML, like Gecko) Chrome/118.0.0.0 Safari/537.36"
181.49.212.101 - - [09/Jan/2024:08:56:24 +0100] "POST /create_account.php HTTP/1.0" 200 34324 "-" "Mozilla/5.0 (Windows NT 10.0; Win64; x64) AppleWebKit/537.36 (KHTML, like Gecko) Chrome/118.0.0.0 Safari/537.36"
181.49.212.101 - - [09/Jan/2024:08:56:25 +0100] "POST /create_account.php HTTP/1.0" 200 33633 "-" "Mozilla/5.0 (Windows NT 10.0; Win64; x64) AppleWebKit/537.36 (KHTML, like Gecko) Chrome/118.0.0.0 Safari/537.36"
40.77.167.10 - - [09/Jan/2024:08:56:32 +0100] "GET /amys-paris-bowl-p-54775.html HTTP/1.0" 200 84222 "-" "Mozilla/5.0 AppleWebKit/537.36 (KHTML, like Gecko; compatible; bingbot/2.0; +http://www.bing.com/bingbot.htm) Chrome/116.0.1938.76 Safari/537.36"
217.113.194.102 - - [09/Jan/2024:08:56:33 +0100] "GET /placemat-little-prince-p-56246.html HTTP/1.0" 200 81361 "-" "Mozilla/5.0 (compatible; Barkrowler/0.9; +https://babbar.tech/crawler)"
47.252.71.196 - - [09/Jan/2024:08:56:40 +0100] "HEAD /images/mini_prod/3520071724584.jpg HTTP/1.0" 200 290 "-" "Go-http-client/1.1"
40.77.167.10 - - [09/Jan/2024:08:56:43 +0100] "GET /images/big_prod/5018997624562.jpg HTTP/1.0" 200 268 "-" "Mozilla/5.0 AppleWebKit/537.36 (KHTML, like Gecko; compatible; bingbot/2.0; +http://www.bing.com/bingbot.htm) Chrome/116.0.1938.76 Safari/537.36"
217.113.194.68 - - [09/Jan/2024:08:57:02 +0100] "GET /placemat-little-prince-p-60037.html HTTP/1.0" 200 84312 "-" "Mozilla/5.0 (compatible; Barkrowler/0.9; +https://babbar.tech/crawler)"
54.36.148.155 - - [09/Jan/2024:08:57:17 +0100] "GET /barrel-wall-decoration-p-56432.html HTTP/1.0" 200 84484 "-" "Mozilla/5.0 (compatible; AhrefsBot/7.0; +http://ahrefs.com/robot/)"
17.241.219.67 - - [09/Jan/2024:08:57:34 +0100] "GET /tropical-vibes-vanity-p-45023.html HTTP/1.0" 200 83779 "-" "Mozilla/5.0 (Macintosh; Intel Mac OS X 10_15_5) AppleWebKit/605.1.15 (KHTML, like Gecko) Version/13.1.1 Safari/605.1.15 (Applebot/0.1; +http://www.apple.com/go/applebot)"
217.113.194.87 - - [09/Jan/2024:08:57:39 +0100] "GET /hello-kitty-tiara-p-13512.html HTTP/1.0" 200 83575 "-" "Mozilla/5.0 (compatible; Barkrowler/0.9; +https://babbar.tech/crawler)"
216.244.66.242 - - [09/Jan/2024:08:58:07 +0100] "GET /robots.txt HTTP/1.0" 200 245 "-" "Mozilla/5.0 (compatible; DotBot/1.2; +https://opensiteexplorer.org/dotbot; help@moz.com)"
217.113.194.92 - - [09/Jan/2024:08:58:08 +0100] "GET /hello-kitty-giant-wall-p-18110.html HTTP/1.0" 200 84191 "-" "Mozilla/5.0 (compatible; Barkrowler/0.9; +https://babbar.tech/crawler)"
217.113.194.72 - - [09/Jan/2024:08:58:38 +0100] "GET /hello-kitty-flatware-p-259.html HTTP/1.0" 200 81329 "-" "Mozilla/5.0 (compatible; Barkrowler/0.9; +https://babbar.tech/crawler)"
36.110.175.135 - - [09/Jan/2024:08:58:48 +0100] "GET /images/med_prod/1384010184271.jpg HTTP/1.0" 200 268 "-" "Mozilla/5.0 (Windows NT 10.0; Win64; x64) AppleWebKit/537.36 (KHTML, like Gecko) Chrome/58.0.3029.110 Safari/537.3"
66.249.66.207 - - [09/Jan/2024:08:58:56 +0100] "GET /tin-and-metal-signs-c-13_130.html HTTP/1.0" 301 103999 "-" "Mozilla/5.0 (Linux; Android 6.0.1; Nexus 5X Build/MMB29P) AppleWebKit/537.36 (KHTML, like Gecko) Chrome/120.0.6099.199 Mobile Safari/537.36 (compatible; Googlebot/2.1; +http://www.google.com/bot.html)"
66.249.66.206 - - [09/Jan/2024:08:58:59 +0100] "GET /mtal-signs-c-130.html HTTP/1.0" 301 103876 "-" "Mozilla/5.0 (Linux; Android 6.0.1; Nexus 5X Build/MMB29P) AppleWebKit/537.36 (KHTML, like Gecko) Chrome/120.0.6099.199 Mobile Safari/537.36 (compatible; Googlebot/2.1; +http://www.google.com/bot.html)"
66.249.66.206 - - [09/Jan/2024:08:59:01 +0100] "GET /mtal-signs-c-13_130.html HTTP/1.0" 200 103924 "-" "Mozilla/5.0 (Linux; Android 6.0.1; Nexus 5X Build/MMB29P) AppleWebKit/537.36 (KHTML, like Gecko) Chrome/120.0.6099.199 Mobile Safari/537.36 (compatible; Googlebot/2.1; +http://www.google.com/bot.html)"
66.249.66.206 - - [09/Jan/2024:08:59:05 +0100] "GET /js/jquery.min.js HTTP/1.0" 404 1308 "http://www.wonder-geek.com/mtal-signs-c-13_130.html" "Mozilla/5.0 (Linux; Android 6.0.1; Nexus 5X Build/MMB29P) AppleWebKit/537.36 (KHTML, like Gecko) Chrome/120.0.6099.71 Mobile Safari/537.36 (compatible; Googlebot/2.1; +http://www.google.com/bot.html)"
217.113.194.122 - - [09/Jan/2024:08:59:06 +0100] "GET /hello-kitty-large-backpack-p-9931.html HTTP/1.0" 200 83923 "-" "Mozilla/5.0 (compatible; Barkrowler/0.9; +https://babbar.tech/crawler)"
123.127.249.70 - - [09/Jan/2024:08:59:23 +0100] "GET /images/mini_prod/3503420077364.jpg HTTP/1.0" 200 269 "-" "Mozilla/5.0 (X11; Ubuntu; Linux x86_64; rv:72.0) Gecko/20100101 Firefox/72.0"
217.113.194.119 - - [09/Jan/2024:08:59:34 +0100] "GET /despecable-keyring-p-33477.html HTTP/1.0" 200 83697 "-" "Mozilla/5.0 (compatible; Barkrowler/0.9; +https://babbar.tech/crawler)"
47.252.71.203 - - [09/Jan/2024:09:00:04 +0100] "GET /images/mini_prod/3520071724584.jpg HTTP/1.0" 200 269 "-" "Go-http-client/1.1"
217.113.194.69 - - [09/Jan/2024:09:00:03 +0100] "GET /despecable-keyring-p-33100.html HTTP/1.0" 200 84326 "-" "Mozilla/5.0 (compatible; Barkrowler/0.9; +https://babbar.tech/crawler)"
54.36.149.35 - - [09/Jan/2024:09:00:31 +0100] "GET /vine-barrel-wall-decoration-p-56433.html HTTP/1.0" 200 84505 "-" "Mozilla/5.0 (compatible; AhrefsBot/7.0; +http://ahrefs.com/robot/)"
217.113.194.73 - - [09/Jan/2024:09:00:37 +0100] "GET /desk-blotter-c-129_190.html HTTP/1.0" 200 80340 "-" "Mozilla/5.0 (compatible; Barkrowler/0.9; +https://babbar.tech/crawler)"
217.113.194.88 - - [09/Jan/2024:09:01:05 +0100] "GET /tray-legs-metal-black-p-57407.html HTTP/1.0" 200 84460 "-" "Mozilla/5.0 (compatible; Barkrowler/0.9; +https://babbar.tech/crawler)"
202.239.5.214 - - [09/Jan/2024:09:01:11 +0100] "GET /plates-cups-c-12_58.html HTTP/1.0" 200 89211 "-" "Mozilla/5.0 (compatible; Y!J-WSC/1.0; +https://yahoo.jp/3BSZgF)"
202.239.5.100 - - [09/Jan/2024:09:01:16 +0100] "GET /swfobject.js HTTP/1.0" 404 1308 "http://www.wonder-geek.com/plates-cups-c-12_58.html" "Mozilla/5.0 (Windows NT 10.0; Win64; x64) AppleWebKit/537.36 (KHTML, like Gecko; compatible; Y!J-WSC/1.0; +https://yahoo.jp/3BSZgF) Chrome/118.0.0.0 Safari/537.36"
217.113.194.80 - - [09/Jan/2024:09:01:32 +0100] "GET /cats-dubout-sugar-p-55415.html HTTP/1.0" 200 81335 "-" "Mozilla/5.0 (compatible; Barkrowler/0.9; +https://babbar.tech/crawler)"
14.137.139.93 - - [09/Jan/2024:09:01:38 +0100] "GET /images/mini_prod/8435333830635.jpg HTTP/1.0" 200 269 "-" "Mozilla/5.0 (X11; Ubuntu; Linux x86_64; rv:72.0) Gecko/20100101 Firefox/72.0"
216.244.66.242 - - [09/Jan/2024:09:01:58 +0100] "GET /jeux-jouets-c-95_312.html HTTP/1.0" 200 80150 "-" "Mozilla/5.0 (compatible; DotBot/1.2; +https://opensiteexplorer.org/dotbot; help@moz.com)"
217.113.194.88 - - [09/Jan/2024:09:02:02 +0100] "GET /cats-dubout-sugar-p-26839.html HTTP/1.0" 200 81335 "-" "Mozilla/5.0 (compatible; Barkrowler/0.9; +https://babbar.tech/crawler)"
217.113.194.112 - - [09/Jan/2024:09:02:34 +0100] "GET /cats-dubout-sugar-p-26840.html HTTP/1.0" 200 83760 "-" "Mozilla/5.0 (compatible; Barkrowler/0.9; +https://babbar.tech/crawler)"
217.113.194.120 - - [09/Jan/2024:09:03:05 +0100] "GET /cats-dubout-dish-p-40058.html HTTP/1.0" 200 81331 "-" "Mozilla/5.0 (compatible; Barkrowler/0.9; +https://babbar.tech/crawler)"
54.36.149.99 - - [09/Jan/2024:09:03:24 +0100] "GET /shower-curtain-c-11_168.html?page=2 HTTP/1.0" 200 92309 "-" "Mozilla/5.0 (compatible; AhrefsBot/7.0; +http://ahrefs.com/robot/)"
217.113.194.98 - - [09/Jan/2024:09:03:34 +0100] "GET /calimero-shooters-p-11940.html HTTP/1.0" 200 81339 "-" "Mozilla/5.0 (compatible; Barkrowler/0.9; +https://babbar.tech/crawler)"
217.113.194.101 - - [09/Jan/2024:09:04:04 +0100] "GET /cactus-charm-ball-p-54942.html HTTP/1.0" 200 84419 "-" "Mozilla/5.0 (compatible; Barkrowler/0.9; +https://babbar.tech/crawler)"
217.113.194.69 - - [09/Jan/2024:09:04:32 +0100] "GET /cake-dish-cherry-p-56484.html HTTP/1.0" 200 81321 "-" "Mozilla/5.0 (compatible; Barkrowler/0.9; +https://babbar.tech/crawler)"
66.249.66.207 - - [09/Jan/2024:09:04:58 +0100] "GET /images/med_prod/4010070275402NN.jpg HTTP/1.0" 200 270 "-" "Googlebot-Image/1.0"
217.113.194.75 - - [09/Jan/2024:09:05:02 +0100] "GET /pink-globe-decoration-p-51769.html HTTP/1.0" 200 83690 "-" "Mozilla/5.0 (compatible; Barkrowler/0.9; +https://babbar.tech/crawler)"
100.26.242.1 - - [09/Jan/2024:09:05:29 +0100] "GET /images/big_prod_1/028399270163c.jpg HTTP/1.0" 200 270 "-" "Go-http-client/1.1"
217.113.194.100 - - [09/Jan/2024:09:05:32 +0100] "GET /pucca-shopping-pink-p-20527.html HTTP/1.0" 200 81337 "-" "Mozilla/5.0 (compatible; Barkrowler/0.9; +https://babbar.tech/crawler)"
51.68.224.127 - - [09/Jan/2024:09:05:38 +0100] "GET /adminweb/export_orders_xml.php?token=256de2z6edz6ed2z6DFSFsed2zed6zeDSFDSGdzedezfzf&maxorders=10&orderstart=1&status=14&start_date=2018-10-01 HTTP/1.0" 200 285 "-" "GesCom CharlotteBoutik Serveur"
51.68.224.127 - - [09/Jan/2024:09:05:38 +0100] "GET /adminweb/export_orders_xml.php?token=256de2z6edz6ed2z6DFSFsed2zed6zeDSFDSGdzedezfzf&maxorders=10&orderstart=1&status=6&start_date=2018-10-01 HTTP/1.0" 200 34422 "-" "GesCom CharlotteBoutik Serveur"
40.77.167.8 - - [09/Jan/2024:09:05:40 +0100] "GET /crazy-lady-water-bottle-alex-clark-p-61230.html HTTP/1.0" 200 84560 "-" "Mozilla/5.0 AppleWebKit/537.36 (KHTML, like Gecko; compatible; bingbot/2.0; +http://www.bing.com/bingbot.htm) Chrome/116.0.1938.76 Safari/537.36"
217.113.194.78 - - [09/Jan/2024:09:05:59 +0100] "GET /vichy-little-tray-p-29649.html HTTP/1.0" 200 81321 "-" "Mozilla/5.0 (compatible; Barkrowler/0.9; +https://babbar.tech/crawler)"
217.113.194.76 - - [09/Jan/2024:09:06:28 +0100] "GET /barbapapa-tray-p-10317.html HTTP/1.0" 200 81324 "-" "Mozilla/5.0 (compatible; Barkrowler/0.9; +https://babbar.tech/crawler)"
54.36.148.202 - - [09/Jan/2024:09:06:32 +0100] "GET /pokemon-shirt-p-31061.html HTTP/1.0" 200 84706 "-" "Mozilla/5.0 (compatible; AhrefsBot/7.0; +http://ahrefs.com/robot/)"
217.113.194.121 - - [09/Jan/2024:09:06:55 +0100] "GET /provence-oven-mitt-p-51442.html HTTP/1.0" 200 83613 "-" "Mozilla/5.0 (compatible; Barkrowler/0.9; +https://babbar.tech/crawler)"
217.113.194.71 - - [09/Jan/2024:09:07:22 +0100] "GET /kitchen-towel-brown-p-54118.html HTTP/1.0" 200 83630 "-" "Mozilla/5.0 (compatible; Barkrowler/0.9; +https://babbar.tech/crawler)"
217.113.194.127 - - [09/Jan/2024:09:07:52 +0100] "GET /corsica-metal-plate-p-52512.html HTTP/1.0" 200 81329 "-" "Mozilla/5.0 (compatible; Barkrowler/0.9; +https://babbar.tech/crawler)"
217.113.194.124 - - [09/Jan/2024:09:08:22 +0100] "GET /corsica-metal-plate-p-52509.html HTTP/1.0" 200 81329 "-" "Mozilla/5.0 (compatible; Barkrowler/0.9; +https://babbar.tech/crawler)"
216.244.66.242 - - [09/Jan/2024:09:08:21 +0100] "GET /pitchers-and-drink-dispensers-c-12_243.html HTTP/1.0" 301 100858 "-" "Mozilla/5.0 (compatible; DotBot/1.2; +https://opensiteexplorer.org/dotbot; help@moz.com)"
217.113.194.107 - - [09/Jan/2024:09:08:53 +0100] "GET /corsica-metal-plate-p-52529.html HTTP/1.0" 200 81329 "-" "Mozilla/5.0 (compatible; Barkrowler/0.9; +https://babbar.tech/crawler)"
217.113.194.126 - - [09/Jan/2024:09:09:25 +0100] "GET /corsica-metal-plate-p-52514.html HTTP/1.0" 200 83586 "-" "Mozilla/5.0 (compatible; Barkrowler/0.9; +https://babbar.tech/crawler)"
54.36.148.173 - - [09/Jan/2024:09:09:26 +0100] "GET /tealight-holders-candle-holders-c-231_230.html?page=5 HTTP/1.0" 200 94186 "-" "Mozilla/5.0 (compatible; AhrefsBot/7.0; +http://ahrefs.com/robot/)"
217.113.194.96 - - [09/Jan/2024:09:09:55 +0100] "GET /corsica-metal-plate-p-52526.html HTTP/1.0" 200 81329 "-" "Mozilla/5.0 (compatible; Barkrowler/0.9; +https://babbar.tech/crawler)"
217.113.194.108 - - [09/Jan/2024:09:10:27 +0100] "GET /corsica-side-table-p-56625.html HTTP/1.0" 200 84362 "-" "Mozilla/5.0 (compatible; Barkrowler/0.9; +https://babbar.tech/crawler)"
217.113.194.67 - - [09/Jan/2024:09:10:57 +0100] "GET /london-academy-backpack-p-40876.html HTTP/1.0" 200 84059 "-" "Mozilla/5.0 (compatible; Barkrowler/0.9; +https://babbar.tech/crawler)"
54.167.59.5 - - [09/Jan/2024:09:11:14 +0100] "GET /robots.txt HTTP/1.0" 200 245 "-" "Go-http-client/1.1"
217.113.194.102 - - [09/Jan/2024:09:11:27 +0100] "GET /mini-wooden-trays-white-p-41907.html HTTP/1.0" 200 81387 "-" "Mozilla/5.0 (compatible; Barkrowler/0.9; +https://babbar.tech/crawler)"
120.92.72.50 - - [09/Jan/2024:09:11:28 +0100] "GET /adaptable-decorative-caps-c-12_249.html HTTP/1.0" 500 66405 "-" "Mozilla/5.0 (Windows NT 10.0; Win64; x64) AppleWebKit/537.36 (KHTML, like Gecko) Chrome/59.0.3071.115 Safari/537.36Connect Us: webauth@cmcm.com"
217.113.194.78 - - [09/Jan/2024:09:11:56 +0100] "GET /mini-hermetic-fleur-p-54520.html HTTP/1.0" 200 81351 "-" "Mozilla/5.0 (compatible; Barkrowler/0.9; +https://babbar.tech/crawler)"
54.36.149.8 - - [09/Jan/2024:09:12:04 +0100] "GET /retro-style-picerie-traditionnelle-p-57200.html HTTP/1.0" 200 84662 "-" "Mozilla/5.0 (compatible; AhrefsBot/7.0; +http://ahrefs.com/robot/)"
17.241.75.16 - - [09/Jan/2024:09:12:12 +0100] "GET /fitted-sheet-cotton-percale-threads-p-48197.html HTTP/1.0" 200 83936 "-" "Mozilla/5.0 (Macintosh; Intel Mac OS X 10_15_5) AppleWebKit/605.1.15 (KHTML, like Gecko) Version/13.1.1 Safari/605.1.15 (Applebot/0.1; +http://www.apple.com/go/applebot)"
217.113.194.108 - - [09/Jan/2024:09:12:24 +0100] "GET /decorative-useful-marseille-p-58486.html HTTP/1.0" 200 84331 "-" "Mozilla/5.0 (compatible; Barkrowler/0.9; +https://babbar.tech/crawler)"
143.248.159.140 - - [09/Jan/2024:09:12:52 +0100] "GET /images/mini_prod/mug-i-love-02.jpg HTTP/1.0" 200 269 "-" "Mozilla/5.0 (X11; Ubuntu; Linux x86_64; rv:72.0) Gecko/20100101 Firefox/72.0"
52.167.144.225 - - [09/Jan/2024:09:12:35 +0100] "GET /placemats-c-12_156.html HTTP/1.0" 200 103016 "-" "Mozilla/5.0 AppleWebKit/537.36 (KHTML, like Gecko; compatible; bingbot/2.0; +http://www.bing.com/bingbot.htm) Chrome/116.0.1938.76 Safari/537.36"
217.113.194.112 - - [09/Jan/2024:09:12:54 +0100] "GET /decorative-brass-alidade-p-41505.html HTTP/1.0" 200 81361 "-" "Mozilla/5.0 (compatible; Barkrowler/0.9; +https://babbar.tech/crawler)"
165.232.33.149 - - [09/Jan/2024:09:13:07 +0100] "GET /wp-content/plugins/core/include.php HTTP/1.0" 301 581 "-" "Mozlila/5.0 (Linux; Android 7.0; SM-G892A Bulid/NRD90M; wv) AppleWebKit/537.36 (KHTML, like Gecko) Version/4.0 Chrome/60.0.3112.107 Moblie Safari/537.36"
165.232.33.149 - - [09/Jan/2024:09:13:07 +0100] "GET /wp-content/plugins/core/include.php HTTP/1.0" 404 1308 "-" "Mozlila/5.0 (Linux; Android 7.0; SM-G892A Bulid/NRD90M; wv) AppleWebKit/537.36 (KHTML, like Gecko) Version/4.0 Chrome/60.0.3112.107 Moblie Safari/537.36"
165.232.33.149 - - [09/Jan/2024:09:13:07 +0100] "GET /ws.php HTTP/1.0" 301 523 "-" "Mozlila/5.0 (Linux; Android 7.0; SM-G892A Bulid/NRD90M; wv) AppleWebKit/537.36 (KHTML, like Gecko) Version/4.0 Chrome/60.0.3112.107 Moblie Safari/537.36"
165.232.33.149 - - [09/Jan/2024:09:13:07 +0100] "GET /ws.php HTTP/1.0" 404 1308 "-" "Mozlila/5.0 (Linux; Android 7.0; SM-G892A Bulid/NRD90M; wv) AppleWebKit/537.36 (KHTML, like Gecko) Version/4.0 Chrome/60.0.3112.107 Moblie Safari/537.36"
165.232.33.149 - - [09/Jan/2024:09:13:07 +0100] "GET /404.php HTTP/1.0" 301 525 "-" "Mozlila/5.0 (Linux; Android 7.0; SM-G892A Bulid/NRD90M; wv) AppleWebKit/537.36 (KHTML, like Gecko) Version/4.0 Chrome/60.0.3112.107 Moblie Safari/537.36"
165.232.33.149 - - [09/Jan/2024:09:13:07 +0100] "GET /404.php HTTP/1.0" 404 1308 "-" "Mozlila/5.0 (Linux; Android 7.0; SM-G892A Bulid/NRD90M; wv) AppleWebKit/537.36 (KHTML, like Gecko) Version/4.0 Chrome/60.0.3112.107 Moblie Safari/537.36"
165.232.33.149 - - [09/Jan/2024:09:13:07 +0100] "GET /wp.php HTTP/1.0" 301 523 "-" "Mozlila/5.0 (Linux; Android 7.0; SM-G892A Bulid/NRD90M; wv) AppleWebKit/537.36 (KHTML, like Gecko) Version/4.0 Chrome/60.0.3112.107 Moblie Safari/537.36"
165.232.33.149 - - [09/Jan/2024:09:13:07 +0100] "GET /wp.php HTTP/1.0" 404 1308 "-" "Mozlila/5.0 (Linux; Android 7.0; SM-G892A Bulid/NRD90M; wv) AppleWebKit/537.36 (KHTML, like Gecko) Version/4.0 Chrome/60.0.3112.107 Moblie Safari/537.36"
165.232.33.149 - - [09/Jan/2024:09:13:07 +0100] "GET /wp-head.php HTTP/1.0" 301 533 "-" "Mozlila/5.0 (Linux; Android 7.0; SM-G892A Bulid/NRD90M; wv) AppleWebKit/537.36 (KHTML, like Gecko) Version/4.0 Chrome/60.0.3112.107 Moblie Safari/537.36"
165.232.33.149 - - [09/Jan/2024:09:13:07 +0100] "GET /wp-head.php HTTP/1.0" 404 1308 "-" "Mozlila/5.0 (Linux; Android 7.0; SM-G892A Bulid/NRD90M; wv) AppleWebKit/537.36 (KHTML, like Gecko) Version/4.0 Chrome/60.0.3112.107 Moblie Safari/537.36"
165.232.33.149 - - [09/Jan/2024:09:13:07 +0100] "GET /wp-includes/wp-class.php HTTP/1.0" 301 559 "-" "Mozlila/5.0 (Linux; Android 7.0; SM-G892A Bulid/NRD90M; wv) AppleWebKit/537.36 (KHTML, like Gecko) Version/4.0 Chrome/60.0.3112.107 Moblie Safari/537.36"
165.232.33.149 - - [09/Jan/2024:09:13:07 +0100] "GET /wp-includes/wp-class.php HTTP/1.0" 404 1308 "-" "Mozlila/5.0 (Linux; Android 7.0; SM-G892A Bulid/NRD90M; wv) AppleWebKit/537.36 (KHTML, like Gecko) Version/4.0 Chrome/60.0.3112.107 Moblie Safari/537.36"
165.232.33.149 - - [09/Jan/2024:09:13:07 +0100] "GET /wp-content/themes/twenty/twenty.php HTTP/1.0" 301 581 "-" "Mozlila/5.0 (Linux; Android 7.0; SM-G892A Bulid/NRD90M; wv) AppleWebKit/537.36 (KHTML, like Gecko) Version/4.0 Chrome/60.0.3112.107 Moblie Safari/537.36"
165.232.33.149 - - [09/Jan/2024:09:13:07 +0100] "GET /wp-content/themes/twenty/twenty.php HTTP/1.0" 404 1308 "-" "Mozlila/5.0 (Linux; Android 7.0; SM-G892A Bulid/NRD90M; wv) AppleWebKit/537.36 (KHTML, like Gecko) Version/4.0 Chrome/60.0.3112.107 Moblie Safari/537.36"
165.232.33.149 - - [09/Jan/2024:09:13:07 +0100] "GET /wp-content/plugins/press/wp-class.php HTTP/1.0" 301 585 "-" "Mozlila/5.0 (Linux; Android 7.0; SM-G892A Bulid/NRD90M; wv) AppleWebKit/537.36 (KHTML, like Gecko) Version/4.0 Chrome/60.0.3112.107 Moblie Safari/537.36"
