78.145.195.209 - - [09/Jan/2024:05:33:22 +0100] "GET /avengers-marvel-large-weekend-p-35541.html HTTP/1.0" 200 83817 "-" "Mozilla/5.0 (compatible; MJ12bot/v1.4.8; http://mj12bot.com/)"
216.244.66.242 - - [09/Jan/2024:05:33:25 +0100] "GET /small-tinbox-rtro-motorcycle-p-41352.html HTTP/1.0" 301 81330 "-" "Mozilla/5.0 (compatible; DotBot/1.2; +https://opensiteexplorer.org/dotbot; help@moz.com)"
78.145.195.209 - - [09/Jan/2024:05:33:25 +0100] "GET /avengers-marvel-lunch-bottle-p-35777.html HTTP/1.0" 301 81330 "-" "Mozilla/5.0 (compatible; MJ12bot/v1.4.8; http://mj12bot.com/)"
134.94.0.71 - - [09/Jan/2024:05:33:29 +0100] "GET /images/mini_prod/3661443610439.jpg HTTP/1.0" 200 269 "-" "Mozilla/5.0 (X11; Ubuntu; Linux x86_64; rv:72.0) Gecko/20100101 Firefox/72.0"
78.145.195.209 - - [09/Jan/2024:05:33:28 +0100] "GET /-p-35777.html HTTP/1.0" 200 81263 "-" "Mozilla/5.0 (compatible; MJ12bot/v1.4.8; http://mj12bot.com/)"
78.145.195.209 - - [09/Jan/2024:05:33:31 +0100] "GET /avengers-marvel-lunch-box-and-bottle-p-35777.html HTTP/1.0" 301 81330 "-" "Mozilla/5.0 (compatible; MJ12bot/v1.4.8; http://mj12bot.com/)"
216.244.66.242 - - [09/Jan/2024:05:33:34 +0100] "GET /tiger-black-tee-shirt-p-31165.html HTTP/1.0" 301 81413 "-" "Mozilla/5.0 (compatible; DotBot/1.2; +https://opensiteexplorer.org/dotbot; help@moz.com)"
78.145.195.209 - - [09/Jan/2024:05:33:35 +0100] "GET /-p-35777.html HTTP/1.0" 200 81263 "-" "Mozilla/5.0 (compatible; MJ12bot/v1.4.8; http://mj12bot.com/)"
78.145.195.209 - - [09/Jan/2024:05:33:37 +0100] "GET /avengers-mug-p-37515.html HTTP/1.0" 301 81330 "-" "Mozilla/5.0 (compatible; MJ12bot/v1.4.8; http://mj12bot.com/)"
54.36.149.21 - - [09/Jan/2024:05:33:38 +0100] "GET /mickey-wastebasket-p-31189.html HTTP/1.0" 200 83720 "-" "Mozilla/5.0 (compatible; AhrefsBot/7.0; +http://ahrefs.com/robot/)"
78.145.195.209 - - [09/Jan/2024:05:33:41 +0100] "GET /-p-37515.html HTTP/1.0" 200 81263 "-" "Mozilla/5.0 (compatible; MJ12bot/v1.4.8; http://mj12bot.com/)"
216.244.66.242 - - [09/Jan/2024:05:33:43 +0100] "GET /vanity-jasmin-racing-p-40576.html HTTP/1.0" 301 81330 "-" "Mozilla/5.0 (compatible; DotBot/1.2; +https://opensiteexplorer.org/dotbot; help@moz.com)"
78.145.195.209 - - [09/Jan/2024:05:33:44 +0100] "GET /avengers-p-37515.html HTTP/1.0" 301 81330 "-" "Mozilla/5.0 (compatible; MJ12bot/v1.4.8; http://mj12bot.com/)"
78.145.195.209 - - [09/Jan/2024:05:33:47 +0100] "GET /-p-37515.html HTTP/1.0" 200 81263 "-" "Mozilla/5.0 (compatible; MJ12bot/v1.4.8; http://mj12bot.com/)"
216.244.66.242 - - [09/Jan/2024:05:33:51 +0100] "GET /antigua-rectangulary-cushion-cbkreation-p-36714.html HTTP/1.0" 301 81330 "-" "Mozilla/5.0 (compatible; DotBot/1.2; +https://opensiteexplorer.org/dotbot; help@moz.com)"
78.145.195.209 - - [09/Jan/2024:05:33:51 +0100] "GET /avengers-placemat-p-37537.html HTTP/1.0" 200 81321 "-" "Mozilla/5.0 (compatible; MJ12bot/v1.4.8; http://mj12bot.com/)"
78.145.195.209 - - [09/Jan/2024:05:33:54 +0100] "GET /avengers-poster-p-30885.html HTTP/1.0" 301 81330 "-" "Mozilla/5.0 (compatible; MJ12bot/v1.4.8; http://mj12bot.com/)"
78.145.195.209 - - [09/Jan/2024:05:33:57 +0100] "GET /-p-30885.html HTTP/1.0" 200 81263 "-" "Mozilla/5.0 (compatible; MJ12bot/v1.4.8; http://mj12bot.com/)"
216.244.66.242 - - [09/Jan/2024:05:33:57 +0100] "GET /calavera-yellow-beauty-nail-kit-p-29315.html HTTP/1.0" 301 83903 "-" "Mozilla/5.0 (compatible; DotBot/1.2; +https://opensiteexplorer.org/dotbot; help@moz.com)"
78.145.195.209 - - [09/Jan/2024:05:34:00 +0100] "GET /avengers-poster-p-30930.html HTTP/1.0" 301 81330 "-" "Mozilla/5.0 (compatible; MJ12bot/v1.4.8; http://mj12bot.com/)"
78.145.195.209 - - [09/Jan/2024:05:34:03 +0100] "GET /-p-30930.html HTTP/1.0" 200 81263 "-" "Mozilla/5.0 (compatible; MJ12bot/v1.4.8; http://mj12bot.com/)"
216.244.66.242 - - [09/Jan/2024:05:34:04 +0100] "GET /cbkreation-russian-doll-phone-cover-iphone-p-23475.html HTTP/1.0" 301 81330 "-" "Mozilla/5.0 (compatible; DotBot/1.2; +https://opensiteexplorer.org/dotbot; help@moz.com)"
78.145.195.209 - - [09/Jan/2024:05:34:06 +0100] "GET /avengers-poster-p-30937.html HTTP/1.0" 301 81330 "-" "Mozilla/5.0 (compatible; MJ12bot/v1.4.8; http://mj12bot.com/)"
78.145.195.209 - - [09/Jan/2024:05:34:09 +0100] "GET /-p-30937.html HTTP/1.0" 200 81263 "-" "Mozilla/5.0 (compatible; MJ12bot/v1.4.8; http://mj12bot.com/)"
216.244.66.242 - - [09/Jan/2024:05:34:11 +0100] "GET /shooters-and-their-resin-display-stand-p-42771.html HTTP/1.0" 301 83873 "-" "Mozilla/5.0 (compatible; DotBot/1.2; +https://opensiteexplorer.org/dotbot; help@moz.com)"
78.145.195.209 - - [09/Jan/2024:05:34:12 +0100] "GET /avengers-satchel-p-26322.html HTTP/1.0" 301 81330 "-" "Mozilla/5.0 (compatible; MJ12bot/v1.4.8; http://mj12bot.com/)"
78.145.195.209 - - [09/Jan/2024:05:34:15 +0100] "GET /-p-26322.html HTTP/1.0" 200 81263 "-" "Mozilla/5.0 (compatible; MJ12bot/v1.4.8; http://mj12bot.com/)"
78.145.195.209 - - [09/Jan/2024:05:34:19 +0100] "GET /avengers-schoolbag-satchel-p-26320.html HTTP/1.0" 301 81330 "-" "Mozilla/5.0 (compatible; MJ12bot/v1.4.8; http://mj12bot.com/)"
78.145.195.209 - - [09/Jan/2024:05:34:22 +0100] "GET /-p-26320.html HTTP/1.0" 200 81263 "-" "Mozilla/5.0 (compatible; MJ12bot/v1.4.8; http://mj12bot.com/)"
78.145.195.209 - - [09/Jan/2024:05:34:25 +0100] "GET /avengers-team-poster-p-30962.html HTTP/1.0" 301 81330 "-" "Mozilla/5.0 (compatible; MJ12bot/v1.4.8; http://mj12bot.com/)"
78.145.195.209 - - [09/Jan/2024:05:34:28 +0100] "GET /-p-30962.html HTTP/1.0" 200 81263 "-" "Mozilla/5.0 (compatible; MJ12bot/v1.4.8; http://mj12bot.com/)"
78.145.195.209 - - [09/Jan/2024:05:34:31 +0100] "GET /avengers-thor-helmet-p-24837.html HTTP/1.0" 301 81330 "-" "Mozilla/5.0 (compatible; MJ12bot/v1.4.8; http://mj12bot.com/)"
134.94.0.71 - - [09/Jan/2024:05:34:34 +0100] "GET /images/mini_prod/3503420096426.jpg HTTP/1.0" 200 269 "-" "Mozilla/5.0 (X11; Ubuntu; Linux x86_64; rv:72.0) Gecko/20100101 Firefox/72.0"
78.145.195.209 - - [09/Jan/2024:05:34:34 +0100] "GET /-p-24837.html HTTP/1.0" 200 81263 "-" "Mozilla/5.0 (compatible; MJ12bot/v1.4.8; http://mj12bot.com/)"
78.145.195.209 - - [09/Jan/2024:05:34:37 +0100] "GET /avengers-wastebasket-p-31190.html HTTP/1.0" 200 81333 "-" "Mozilla/5.0 (compatible; MJ12bot/v1.4.8; http://mj12bot.com/)"
78.145.195.209 - - [09/Jan/2024:05:34:40 +0100] "GET /baby-dumbo-figure-collection-romero-britto-p-57488.html HTTP/1.0" 200 85604 "-" "Mozilla/5.0 (compatible; MJ12bot/v1.4.8; http://mj12bot.com/)"
54.152.159.225 - - [09/Jan/2024:05:34:43 +0100] "GET /robots.txt HTTP/1.0" 200 245 "-" "Go-http-client/1.1"
78.145.195.209 - - [09/Jan/2024:05:34:43 +0100] "GET /backpack-p-44946.html HTTP/1.0" 200 81293 "-" "Mozilla/5.0 (compatible; MJ12bot/v1.4.8; http://mj12bot.com/)"
78.145.195.209 - - [09/Jan/2024:05:34:46 +0100] "GET /backpacks-c-31_77.html?page=1 HTTP/1.0" 200 104066 "-" "Mozilla/5.0 (compatible; MJ12bot/v1.4.8; http://mj12bot.com/)"
78.145.195.209 - - [09/Jan/2024:05:34:50 +0100] "GET /backpacks-c-31_77.html?page=10 HTTP/1.0" 200 90723 "-" "Mozilla/5.0 (compatible; MJ12bot/v1.4.8; http://mj12bot.com/)"
78.145.195.209 - - [09/Jan/2024:05:34:53 +0100] "GET /backpacks-c-31_77.html?page=11 HTTP/1.0" 200 90723 "-" "Mozilla/5.0 (compatible; MJ12bot/v1.4.8; http://mj12bot.com/)"
78.145.195.209 - - [09/Jan/2024:05:34:56 +0100] "GET /backpacks-c-31_77.html?page=3 HTTP/1.0" 200 104219 "-" "Mozilla/5.0 (compatible; MJ12bot/v1.4.8; http://mj12bot.com/)"
78.145.195.209 - - [09/Jan/2024:05:35:00 +0100] "GET /backpacks-c-31_77.html?page=4 HTTP/1.0" 200 104223 "-" "Mozilla/5.0 (compatible; MJ12bot/v1.4.8; http://mj12bot.com/)"
78.145.195.209 - - [09/Jan/2024:05:35:04 +0100] "GET /backpacks-c-31_77.html?page=6 HTTP/1.0" 200 90722 "-" "Mozilla/5.0 (compatible; MJ12bot/v1.4.8; http://mj12bot.com/)"
78.145.195.209 - - [09/Jan/2024:05:35:07 +0100] "GET /backpacks-c-31_77.html?page=7 HTTP/1.0" 200 90722 "-" "Mozilla/5.0 (compatible; MJ12bot/v1.4.8; http://mj12bot.com/)"
78.145.195.209 - - [09/Jan/2024:05:35:10 +0100] "GET /backpacks-c-31_77.html?page=8 HTTP/1.0" 200 90722 "-" "Mozilla/5.0 (compatible; MJ12bot/v1.4.8; http://mj12bot.com/)"
95.108.213.151 - - [09/Jan/2024:05:35:10 +0100] "GET /upside-down-p-61530.html HTTP/1.0" 200 84941 "-" "Mozilla/5.0 (compatible; YandexBot/3.0; +http://yandex.com/bots)"
78.145.195.209 - - [09/Jan/2024:05:35:13 +0100] "GET /backpacks-c-31_77.html?page=9 HTTP/1.0" 200 90722 "-" "Mozilla/5.0 (compatible; MJ12bot/v1.4.8; http://mj12bot.com/)"
17.241.75.235 - - [09/Jan/2024:05:35:16 +0100] "GET /-p-40281.html HTTP/1.0" 200 81263 "-" "Mozilla/5.0 (Macintosh; Intel Mac OS X 10_15_5) AppleWebKit/605.1.15 (KHTML, like Gecko) Version/13.1.1 Safari/605.1.15 (Applebot/0.1; +http://www.apple.com/go/applebot)"
78.145.195.209 - - [09/Jan/2024:05:35:17 +0100] "GET /bag-gorjuss-the-foxes-p-20224.html HTTP/1.0" 301 81330 "-" "Mozilla/5.0 (compatible; MJ12bot/v1.4.8; http://mj12bot.com/)"
78.145.195.209 - - [09/Jan/2024:05:35:20 +0100] "GET /-p-20224.html HTTP/1.0" 200 81263 "-" "Mozilla/5.0 (compatible; MJ12bot/v1.4.8; http://mj12bot.com/)"
78.145.195.209 - - [09/Jan/2024:05:35:23 +0100] "GET /bag-in-the-shape-of-violin-p-35438.html HTTP/1.0" 301 81435 "-" "Mozilla/5.0 (compatible; MJ12bot/v1.4.8; http://mj12bot.com/)"
78.145.195.209 - - [09/Jan/2024:05:35:26 +0100] "GET /shape-violin-p-35438.html HTTP/1.0" 200 81356 "-" "Mozilla/5.0 (compatible; MJ12bot/v1.4.8; http://mj12bot.com/)"
78.145.195.209 - - [09/Jan/2024:05:35:29 +0100] "GET /bag-of-mini-erasers-random-patterns-p-33549.html HTTP/1.0" 301 83921 "-" "Mozilla/5.0 (compatible; MJ12bot/v1.4.8; http://mj12bot.com/)"
78.145.195.209 - - [09/Jan/2024:05:35:32 +0100] "GET /mini-erasers-random-patterns-p-33549.html HTTP/1.0" 200 83826 "-" "Mozilla/5.0 (compatible; MJ12bot/v1.4.8; http://mj12bot.com/)"
78.145.195.209 - - [09/Jan/2024:05:35:35 +0100] "GET /bag-of-mini-vehicles-micro-machines-star-wars-p-34599.html HTTP/1.0" 301 81330 "-" "Mozilla/5.0 (compatible; MJ12bot/v1.4.8; http://mj12bot.com/)"
78.145.195.209 - - [09/Jan/2024:05:35:38 +0100] "GET /-p-34599.html HTTP/1.0" 200 81263 "-" "Mozilla/5.0 (compatible; MJ12bot/v1.4.8; http://mj12bot.com/)"
78.145.195.209 - - [09/Jan/2024:05:35:41 +0100] "GET /bagshandbags-shoulder-bags-c-31_81.html?page=13 HTTP/1.0" 200 92255 "-" "Mozilla/5.0 (compatible; MJ12bot/v1.4.8; http://mj12bot.com/)"
78.145.195.209 - - [09/Jan/2024:05:35:44 +0100] "GET /bagshandbags-shoulder-bags-c-31_81.html?page=14 HTTP/1.0" 200 92255 "-" "Mozilla/5.0 (compatible; MJ12bot/v1.4.8; http://mj12bot.com/)"
78.145.195.209 - - [09/Jan/2024:05:35:48 +0100] "GET /bagshandbags-shoulder-bags-c-31_81.html?page=15 HTTP/1.0" 200 92255 "-" "Mozilla/5.0 (compatible; MJ12bot/v1.4.8; http://mj12bot.com/)"
78.145.195.209 - - [09/Jan/2024:05:35:51 +0100] "GET /bagshandbags-shoulder-bags-c-31_81.html?page=16 HTTP/1.0" 200 92255 "-" "Mozilla/5.0 (compatible; MJ12bot/v1.4.8; http://mj12bot.com/)"
78.145.195.209 - - [09/Jan/2024:05:35:54 +0100] "GET /bagshandbags-shoulder-bags-c-31_81.html?page=17 HTTP/1.0" 200 92255 "-" "Mozilla/5.0 (compatible; MJ12bot/v1.4.8; http://mj12bot.com/)"
78.145.195.209 - - [09/Jan/2024:05:35:57 +0100] "GET /bagshandbags-shoulder-bags-c-31_81.html?page=18 HTTP/1.0" 200 92255 "-" "Mozilla/5.0 (compatible; MJ12bot/v1.4.8; http://mj12bot.com/)"
78.145.195.209 - - [09/Jan/2024:05:36:01 +0100] "GET /bagshandbags-shoulder-bags-c-31_81.html?page=19 HTTP/1.0" 200 92255 "-" "Mozilla/5.0 (compatible; MJ12bot/v1.4.8; http://mj12bot.com/)"
78.145.195.209 - - [09/Jan/2024:05:36:04 +0100] "GET /bakugan-bedclothes-140-200-cm-p-6694.html HTTP/1.0" 301 81327 "-" "Mozilla/5.0 (compatible; MJ12bot/v1.4.8; http://mj12bot.com/)"
78.145.195.209 - - [09/Jan/2024:05:36:07 +0100] "GET /-p-6694.html HTTP/1.0" 200 81261 "-" "Mozilla/5.0 (compatible; MJ12bot/v1.4.8; http://mj12bot.com/)"
78.145.195.209 - - [09/Jan/2024:05:36:10 +0100] "GET /ball-foot-money-box-p-28784.html HTTP/1.0" 301 81330 "-" "Mozilla/5.0 (compatible; MJ12bot/v1.4.8; http://mj12bot.com/)"
78.145.195.209 - - [09/Jan/2024:05:36:13 +0100] "GET /-p-28784.html HTTP/1.0" 200 81263 "-" "Mozilla/5.0 (compatible; MJ12bot/v1.4.8; http://mj12bot.com/)"
78.145.195.209 - - [09/Jan/2024:05:36:17 +0100] "GET /ball-keyring-p-56637.html HTTP/1.0" 200 84357 "-" "Mozilla/5.0 (compatible; MJ12bot/v1.4.8; http://mj12bot.com/)"
78.145.195.209 - - [09/Jan/2024:05:36:20 +0100] "GET /ballerina-statue-collection-body-talk-p-38818.html HTTP/1.0" 200 84541 "-" "Mozilla/5.0 (compatible; MJ12bot/v1.4.8; http://mj12bot.com/)"
78.145.195.209 - - [09/Jan/2024:05:36:23 +0100] "GET /ballerina-statue-collection-body-talk-p-38820.html HTTP/1.0" 200 81463 "-" "Mozilla/5.0 (compatible; MJ12bot/v1.4.8; http://mj12bot.com/)"
78.145.195.209 - - [09/Jan/2024:05:36:26 +0100] "GET /ballerina-statue-collection-body-talk-p-38822.html HTTP/1.0" 200 84780 "-" "Mozilla/5.0 (compatible; MJ12bot/v1.4.8; http://mj12bot.com/)"
78.145.195.209 - - [09/Jan/2024:05:36:30 +0100] "GET /ballerina-statue-collection-white-p-40417.html HTTP/1.0" 200 81413 "-" "Mozilla/5.0 (compatible; MJ12bot/v1.4.8; http://mj12bot.com/)"
78.145.195.209 - - [09/Jan/2024:05:36:33 +0100] "GET /balloon-decoration-p-31505.html HTTP/1.0" 301 81330 "-" "Mozilla/5.0 (compatible; MJ12bot/v1.4.8; http://mj12bot.com/)"
78.145.195.209 - - [09/Jan/2024:05:36:36 +0100] "GET /-p-31505.html HTTP/1.0" 200 81263 "-" "Mozilla/5.0 (compatible; MJ12bot/v1.4.8; http://mj12bot.com/)"
66.249.66.207 - - [09/Jan/2024:05:36:40 +0100] "GET /images/big_prod_2/8433933901663b.jpg HTTP/1.0" 200 271 "-" "Googlebot-Image/1.0"
78.145.195.209 - - [09/Jan/2024:05:36:39 +0100] "GET /ballooning-by-allen-mug-p-35106.html HTTP/1.0" 301 81330 "-" "Mozilla/5.0 (compatible; MJ12bot/v1.4.8; http://mj12bot.com/)"
78.145.195.209 - - [09/Jan/2024:05:36:42 +0100] "GET /-p-35106.html HTTP/1.0" 200 81263 "-" "Mozilla/5.0 (compatible; MJ12bot/v1.4.8; http://mj12bot.com/)"
78.145.195.209 - - [09/Jan/2024:05:36:45 +0100] "GET /ballpoint-easy-writer-p-37500.html HTTP/1.0" 200 83903 "-" "Mozilla/5.0 (compatible; MJ12bot/v1.4.8; http://mj12bot.com/)"
78.145.195.209 - - [09/Jan/2024:05:36:51 +0100] "GET /ballpoint-pen-easy-writer-p-37500.html HTTP/1.0" 301 83991 "-" "Mozilla/5.0 (compatible; MJ12bot/v1.4.8; http://mj12bot.com/)"
78.145.195.209 - - [09/Jan/2024:05:36:54 +0100] "GET /ballpoint-easy-writer-p-37500.html HTTP/1.0" 200 83903 "-" "Mozilla/5.0 (compatible; MJ12bot/v1.4.8; http://mj12bot.com/)"
78.145.195.209 - - [09/Jan/2024:05:36:57 +0100] "GET /bamboo-alarm-clock-p-47511.html HTTP/1.0" 200 84707 "-" "Mozilla/5.0 (compatible; MJ12bot/v1.4.8; http://mj12bot.com/)"
78.145.195.209 - - [09/Jan/2024:05:37:01 +0100] "GET /bamboo-fiber-plant-cover-p-53413.html HTTP/1.0" 200 84272 "-" "Mozilla/5.0 (compatible; MJ12bot/v1.4.8; http://mj12bot.com/)"
78.145.195.209 - - [09/Jan/2024:05:37:04 +0100] "GET /bamboo-fiber-plant-cover-p-57866.html HTTP/1.0" 200 84270 "-" "Mozilla/5.0 (compatible; MJ12bot/v1.4.8; http://mj12bot.com/)"
78.145.195.209 - - [09/Jan/2024:05:37:07 +0100] "GET /bamboo-fiber-plant-cover-p-57867.html HTTP/1.0" 200 84270 "-" "Mozilla/5.0 (compatible; MJ12bot/v1.4.8; http://mj12bot.com/)"
54.36.149.16 - - [09/Jan/2024:05:37:07 +0100] "GET /home-bedclothes-p-38558.html HTTP/1.0" 200 83725 "-" "Mozilla/5.0 (compatible; AhrefsBot/7.0; +http://ahrefs.com/robot/)"
78.145.195.209 - - [09/Jan/2024:05:37:11 +0100] "GET /bamboo-led-alarm-clock-p-47511.html HTTP/1.0" 301 84792 "-" "Mozilla/5.0 (compatible; MJ12bot/v1.4.8; http://mj12bot.com/)"
78.145.195.209 - - [09/Jan/2024:05:37:14 +0100] "GET /bamboo-alarm-clock-p-47511.html HTTP/1.0" 200 84707 "-" "Mozilla/5.0 (compatible; MJ12bot/v1.4.8; http://mj12bot.com/)"
52.167.144.166 - - [09/Jan/2024:05:37:16 +0100] "GET /calendar-workbook-organizer-c-129_189.html HTTP/1.0" 200 98737 "-" "Mozilla/5.0 AppleWebKit/537.36 (KHTML, like Gecko; compatible; bingbot/2.0; +http://www.bing.com/bingbot.htm) Chrome/116.0.1938.76 Safari/537.36"
78.145.195.209 - - [09/Jan/2024:05:37:17 +0100] "GET /bamboo-tray-tous-en-mayo-p-46453.html HTTP/1.0" 301 84310 "-" "Mozilla/5.0 (compatible; MJ12bot/v1.4.8; http://mj12bot.com/)"
78.145.195.209 - - [09/Jan/2024:05:37:20 +0100] "GET /bamboo-tray-tous-mayo-p-46453.html HTTP/1.0" 200 84222 "-" "Mozilla/5.0 (compatible; MJ12bot/v1.4.8; http://mj12bot.com/)"
78.145.195.209 - - [09/Jan/2024:05:37:23 +0100] "GET /bamboo-tray-tous-mayo-p-46453.html HTTP/1.0" 200 84222 "-" "Mozilla/5.0 (compatible; MJ12bot/v1.4.8; http://mj12bot.com/)"
78.145.195.209 - - [09/Jan/2024:05:37:27 +0100] "GET /banania-tray-48-cm-p-32432.html HTTP/1.0" 301 81330 "-" "Mozilla/5.0 (compatible; MJ12bot/v1.4.8; http://mj12bot.com/)"
78.145.195.209 - - [09/Jan/2024:05:37:30 +0100] "GET /-p-32432.html HTTP/1.0" 200 81263 "-" "Mozilla/5.0 (compatible; MJ12bot/v1.4.8; http://mj12bot.com/)"
78.145.195.209 - - [09/Jan/2024:05:37:33 +0100] "GET /banao-cotton-jute-basket-planter-p-57920.html HTTP/1.0" 200 81411 "-" "Mozilla/5.0 (compatible; MJ12bot/v1.4.8; http://mj12bot.com/)"
78.145.195.209 - - [09/Jan/2024:05:37:36 +0100] "GET /banao-cotton-jute-basket-planter-p-57927.html HTTP/1.0" 200 81411 "-" "Mozilla/5.0 (compatible; MJ12bot/v1.4.8; http://mj12bot.com/)"
78.145.195.209 - - [09/Jan/2024:05:37:42 +0100] "GET /barbabelle-barbapapa-giant-cup-p-4123.html HTTP/1.0" 301 81455 "-" "Mozilla/5.0 (compatible; MJ12bot/v1.4.8; http://mj12bot.com/)"
5.255.231.3 - - [09/Jan/2024:05:37:44 +0100] "GET /quebec-mouse-cbkreation-p-13991.html HTTP/1.0" 200 83587 "-" "Mozilla/5.0 (compatible; YandexBot/3.0; +http://yandex.com/bots)"
78.145.195.209 - - [09/Jan/2024:05:37:46 +0100] "GET /barbabelle-barbapapa-giant-p-4123.html HTTP/1.0" 200 81363 "-" "Mozilla/5.0 (compatible; MJ12bot/v1.4.8; http://mj12bot.com/)"
78.145.195.209 - - [09/Jan/2024:05:37:48 +0100] "GET /barbabelle-barbapapa-giant-p-4123.html HTTP/1.0" 200 81363 "-" "Mozilla/5.0 (compatible; MJ12bot/v1.4.8; http://mj12bot.com/)"
78.145.195.209 - - [09/Jan/2024:05:37:51 +0100] "GET /barbamama-cap-54-cm-p-22117.html HTTP/1.0" 301 81330 "-" "Mozilla/5.0 (compatible; MJ12bot/v1.4.8; http://mj12bot.com/)"
78.145.195.209 - - [09/Jan/2024:05:37:54 +0100] "GET /-p-22117.html HTTP/1.0" 200 81263 "-" "Mozilla/5.0 (compatible; MJ12bot/v1.4.8; http://mj12bot.com/)"
78.145.195.209 - - [09/Jan/2024:05:37:57 +0100] "GET /barbamama-large-mug-p-2672.html HTTP/1.0" 301 81327 "-" "Mozilla/5.0 (compatible; MJ12bot/v1.4.8; http://mj12bot.com/)"
78.145.195.209 - - [09/Jan/2024:05:38:01 +0100] "GET /-p-2672.html HTTP/1.0" 200 81261 "-" "Mozilla/5.0 (compatible; MJ12bot/v1.4.8; http://mj12bot.com/)"
78.145.195.209 - - [09/Jan/2024:05:38:04 +0100] "GET /barbamama-little-box-p-6242.html HTTP/1.0" 301 81327 "-" "Mozilla/5.0 (compatible; MJ12bot/v1.4.8; http://mj12bot.com/)"
78.145.195.209 - - [09/Jan/2024:05:38:07 +0100] "GET /-p-6242.html HTTP/1.0" 200 81261 "-" "Mozilla/5.0 (compatible; MJ12bot/v1.4.8; http://mj12bot.com/)"
78.145.195.209 - - [09/Jan/2024:05:38:10 +0100] "GET /barbapapa-blue-paper-gift-p-17669.html HTTP/1.0" 301 81330 "-" "Mozilla/5.0 (compatible; MJ12bot/v1.4.8; http://mj12bot.com/)"
78.145.195.209 - - [09/Jan/2024:05:38:13 +0100] "GET /-p-17669.html HTTP/1.0" 200 81263 "-" "Mozilla/5.0 (compatible; MJ12bot/v1.4.8; http://mj12bot.com/)"
78.145.195.209 - - [09/Jan/2024:05:38:15 +0100] "GET /barbapapa-family-pencil-case-p-14470.html HTTP/1.0" 301 81330 "-" "Mozilla/5.0 (compatible; MJ12bot/v1.4.8; http://mj12bot.com/)"
78.145.195.209 - - [09/Jan/2024:05:38:19 +0100] "GET /-p-14470.html HTTP/1.0" 200 81263 "-" "Mozilla/5.0 (compatible; MJ12bot/v1.4.8; http://mj12bot.com/)"
78.145.195.209 - - [09/Jan/2024:05:38:22 +0100] "GET /barbapapa-gift-box-pieces-p-30322.html HTTP/1.0" 301 81330 "-" "Mozilla/5.0 (compatible; MJ12bot/v1.4.8; http://mj12bot.com/)"
78.145.195.209 - - [09/Jan/2024:05:38:25 +0100] "GET /-p-30322.html HTTP/1.0" 200 81263 "-" "Mozilla/5.0 (compatible; MJ12bot/v1.4.8; http://mj12bot.com/)"
78.145.195.209 - - [09/Jan/2024:05:38:28 +0100] "GET /barbapapa-idol-fitted-sheet-p-14727.html HTTP/1.0" 301 81330 "-" "Mozilla/5.0 (compatible; MJ12bot/v1.4.8; http://mj12bot.com/)"
78.145.195.209 - - [09/Jan/2024:05:38:31 +0100] "GET /-p-14727.html HTTP/1.0" 200 81263 "-" "Mozilla/5.0 (compatible; MJ12bot/v1.4.8; http://mj12bot.com/)"
128.194.46.34 - - [09/Jan/2024:05:38:34 +0100] "GET /images/mini_prod/1384010183595.jpg HTTP/1.0" 200 269 "-" "Mozilla/5.0 (X11; Ubuntu; Linux x86_64; rv:72.0) Gecko/20100101 Firefox/72.0"
78.145.195.209 - - [09/Jan/2024:05:38:34 +0100] "GET /barbapapa-ivory-retro-reporter-bag-p-5789.html HTTP/1.0" 301 81327 "-" "Mozilla/5.0 (compatible; MJ12bot/v1.4.8; http://mj12bot.com/)"
78.145.195.209 - - [09/Jan/2024:05:38:37 +0100] "GET /-p-5789.html HTTP/1.0" 200 81261 "-" "Mozilla/5.0 (compatible; MJ12bot/v1.4.8; http://mj12bot.com/)"
216.244.66.242 - - [09/Jan/2024:05:38:40 +0100] "GET /images/3681643302842.jpg HTTP/1.0" 200 259 "-" "Mozilla/5.0 (compatible; DotBot/1.2; +https://opensiteexplorer.org/dotbot; help@moz.com)"
78.145.195.209 - - [09/Jan/2024:05:38:40 +0100] "GET /barbapapa-kids-school-bag-p-26518.html HTTP/1.0" 301 81330 "-" "Mozilla/5.0 (compatible; MJ12bot/v1.4.8; http://mj12bot.com/)"
78.145.195.209 - - [09/Jan/2024:05:38:43 +0100] "GET /-p-26518.html HTTP/1.0" 200 81263 "-" "Mozilla/5.0 (compatible; MJ12bot/v1.4.8; http://mj12bot.com/)"
111.7.100.35 - - [09/Jan/2024:05:38:45 +0100] "GET /images/3660173138213.jpg HTTP/1.0" 200 259 "-" "Mozilla/4.0 (compatible; MSIE 8.0; Windows NT 6.1; Win64; x64; Trident/4.0; .NET CLR 2.0.50727; SLCC2; .NET CLR 3.5.30729; .NET CLR 3.0.30729; Media Center PC 6.0; InfoPath.3; .NET4.0C; .NET4.0E)"
78.145.195.209 - - [09/Jan/2024:05:38:46 +0100] "GET /barbapapa-kids-school-p-26518.html HTTP/1.0" 301 81330 "-" "Mozilla/5.0 (compatible; MJ12bot/v1.4.8; http://mj12bot.com/)"
78.145.195.209 - - [09/Jan/2024:05:38:49 +0100] "GET /-p-26518.html HTTP/1.0" 200 81263 "-" "Mozilla/5.0 (compatible; MJ12bot/v1.4.8; http://mj12bot.com/)"
78.145.195.209 - - [09/Jan/2024:05:38:52 +0100] "GET /barbapapa-large-coin-purse-p-8881.html HTTP/1.0" 301 81327 "-" "Mozilla/5.0 (compatible; MJ12bot/v1.4.8; http://mj12bot.com/)"
78.145.195.209 - - [09/Jan/2024:05:38:55 +0100] "GET /-p-8881.html HTTP/1.0" 200 81261 "-" "Mozilla/5.0 (compatible; MJ12bot/v1.4.8; http://mj12bot.com/)"
78.145.195.209 - - [09/Jan/2024:05:38:58 +0100] "GET /barbapapa-logo-messenger-bag-p-10500.html HTTP/1.0" 301 81330 "-" "Mozilla/5.0 (compatible; MJ12bot/v1.4.8; http://mj12bot.com/)"
78.145.195.209 - - [09/Jan/2024:05:39:01 +0100] "GET /-p-10500.html HTTP/1.0" 200 81263 "-" "Mozilla/5.0 (compatible; MJ12bot/v1.4.8; http://mj12bot.com/)"
78.145.195.209 - - [09/Jan/2024:05:39:05 +0100] "GET /barbapapa-reve-pillowcase-p-20799.html HTTP/1.0" 301 81330 "-" "Mozilla/5.0 (compatible; MJ12bot/v1.4.8; http://mj12bot.com/)"
78.145.195.209 - - [09/Jan/2024:05:39:08 +0100] "GET /-p-20799.html HTTP/1.0" 200 81263 "-" "Mozilla/5.0 (compatible; MJ12bot/v1.4.8; http://mj12bot.com/)"
78.145.195.209 - - [09/Jan/2024:05:39:11 +0100] "GET /batman-on-motorcycle-fruit-juice-glasses-p-13454.html HTTP/1.0" 301 81330 "-" "Mozilla/5.0 (compatible; MJ12bot/v1.4.8; http://mj12bot.com/)"
78.145.195.209 - - [09/Jan/2024:05:39:14 +0100] "GET /-p-13454.html HTTP/1.0" 200 81263 "-" "Mozilla/5.0 (compatible; MJ12bot/v1.4.8; http://mj12bot.com/)"
78.145.195.209 - - [09/Jan/2024:05:39:17 +0100] "GET /batman-penguin-p-5778.html HTTP/1.0" 200 83605 "-" "Mozilla/5.0 (compatible; MJ12bot/v1.4.8; http://mj12bot.com/)"
78.145.195.209 - - [09/Jan/2024:05:39:21 +0100] "GET /batman-the-penguin-mug-p-5778.html HTTP/1.0" 301 83685 "-" "Mozilla/5.0 (compatible; MJ12bot/v1.4.8; http://mj12bot.com/)"
78.145.195.209 - - [09/Jan/2024:05:39:24 +0100] "GET /batman-penguin-p-5778.html HTTP/1.0" 200 83605 "-" "Mozilla/5.0 (compatible; MJ12bot/v1.4.8; http://mj12bot.com/)"
78.145.195.209 - - [09/Jan/2024:05:39:27 +0100] "GET /bb8-star-wars-pencil-case-p-41164.html HTTP/1.0" 301 83870 "-" "Mozilla/5.0 (compatible; MJ12bot/v1.4.8; http://mj12bot.com/)"
78.145.195.209 - - [09/Jan/2024:05:39:30 +0100] "GET /star-wars-pencil-case-p-41164.html HTTP/1.0" 200 83782 "-" "Mozilla/5.0 (compatible; MJ12bot/v1.4.8; http://mj12bot.com/)"
78.145.195.209 - - [09/Jan/2024:05:39:33 +0100] "GET /bears-decoration-statuette-p-55944.html HTTP/1.0" 200 81357 "-" "Mozilla/5.0 (compatible; MJ12bot/v1.4.8; http://mj12bot.com/)"
78.145.195.209 - - [09/Jan/2024:05:39:36 +0100] "GET /bears-decoration-statuette-p-55952.html HTTP/1.0" 200 81357 "-" "Mozilla/5.0 (compatible; MJ12bot/v1.4.8; http://mj12bot.com/)"
78.145.195.209 - - [09/Jan/2024:05:39:39 +0100] "GET /beatles-computer-bag-p-11418.html HTTP/1.0" 301 81330 "-" "Mozilla/5.0 (compatible; MJ12bot/v1.4.8; http://mj12bot.com/)"
78.145.195.209 - - [09/Jan/2024:05:39:42 +0100] "GET /-p-11418.html HTTP/1.0" 200 81263 "-" "Mozilla/5.0 (compatible; MJ12bot/v1.4.8; http://mj12bot.com/)"
78.145.195.209 - - [09/Jan/2024:05:39:45 +0100] "GET /beatles-face-coin-purse-p-8088.html HTTP/1.0" 301 81327 "-" "Mozilla/5.0 (compatible; MJ12bot/v1.4.8; http://mj12bot.com/)"
78.145.195.209 - - [09/Jan/2024:05:39:48 +0100] "GET /-p-8088.html HTTP/1.0" 200 81261 "-" "Mozilla/5.0 (compatible; MJ12bot/v1.4.8; http://mj12bot.com/)"
78.145.195.209 - - [09/Jan/2024:05:39:51 +0100] "GET /beatles-horizontal-shopping-bag-p-3740.html HTTP/1.0" 301 81327 "-" "Mozilla/5.0 (compatible; MJ12bot/v1.4.8; http://mj12bot.com/)"
78.145.195.209 - - [09/Jan/2024:05:39:55 +0100] "GET /-p-3740.html HTTP/1.0" 200 81261 "-" "Mozilla/5.0 (compatible; MJ12bot/v1.4.8; http://mj12bot.com/)"
78.145.195.209 - - [09/Jan/2024:05:39:58 +0100] "GET /beatles-horizontal-shopping-p-3740.html HTTP/1.0" 301 81327 "-" "Mozilla/5.0 (compatible; MJ12bot/v1.4.8; http://mj12bot.com/)"
78.145.195.209 - - [09/Jan/2024:05:40:01 +0100] "GET /-p-3740.html HTTP/1.0" 200 81261 "-" "Mozilla/5.0 (compatible; MJ12bot/v1.4.8; http://mj12bot.com/)"
78.145.195.209 - - [09/Jan/2024:05:40:04 +0100] "GET /beatles-metal-keyring-p-32340.html HTTP/1.0" 301 81330 "-" "Mozilla/5.0 (compatible; MJ12bot/v1.4.8; http://mj12bot.com/)"
78.145.195.209 - - [09/Jan/2024:05:40:07 +0100] "GET /-p-32340.html HTTP/1.0" 200 81263 "-" "Mozilla/5.0 (compatible; MJ12bot/v1.4.8; http://mj12bot.com/)"
17.241.227.226 - - [09/Jan/2024:05:40:07 +0100] "GET /furnishings-c-13_87.html HTTP/1.0" 301 93322 "-" "Mozilla/5.0 (Macintosh; Intel Mac OS X 10_15_5) AppleWebKit/605.1.15 (KHTML, like Gecko) Version/13.1.1 Safari/605.1.15 (Applebot/0.1; +http://www.apple.com/go/applebot)"
78.145.195.209 - - [09/Jan/2024:05:40:10 +0100] "GET /beatles-story-mug-p-14173.html HTTP/1.0" 301 81330 "-" "Mozilla/5.0 (compatible; MJ12bot/v1.4.8; http://mj12bot.com/)"
17.241.227.226 - - [09/Jan/2024:05:40:10 +0100] "GET /shelf-furniture-c-87.html HTTP/1.0" 301 93199 "-" "Mozilla/5.0 (Macintosh; Intel Mac OS X 10_15_5) AppleWebKit/605.1.15 (KHTML, like Gecko) Version/13.1.1 Safari/605.1.15 (Applebot/0.1; +http://www.apple.com/go/applebot)"
17.241.227.226 - - [09/Jan/2024:05:40:12 +0100] "GET /shelf-furniture-c-13_87.html HTTP/1.0" 200 93243 "-" "Mozilla/5.0 (Macintosh; Intel Mac OS X 10_15_5) AppleWebKit/605.1.15 (KHTML, like Gecko) Version/13.1.1 Safari/605.1.15 (Applebot/0.1; +http://www.apple.com/go/applebot)"
78.145.195.209 - - [09/Jan/2024:05:40:13 +0100] "GET /-p-14173.html HTTP/1.0" 200 81263 "-" "Mozilla/5.0 (compatible; MJ12bot/v1.4.8; http://mj12bot.com/)"
78.145.195.209 - - [09/Jan/2024:05:40:16 +0100] "GET /beatles-union-jack-black-laptop-cover-p-17621.html HTTP/1.0" 301 81330 "-" "Mozilla/5.0 (compatible; MJ12bot/v1.4.8; http://mj12bot.com/)"
78.145.195.209 - - [09/Jan/2024:05:40:19 +0100] "GET /-p-17621.html HTTP/1.0" 200 81263 "-" "Mozilla/5.0 (compatible; MJ12bot/v1.4.8; http://mj12bot.com/)"
78.145.195.209 - - [09/Jan/2024:05:40:22 +0100] "GET /bedclothes-140-200-cm-geomix-p-51702.html HTTP/1.0" 301 81446 "-" "Mozilla/5.0 (compatible; MJ12bot/v1.4.8; http://mj12bot.com/)"
78.145.195.209 - - [09/Jan/2024:05:40:25 +0100] "GET /bedclothes-gomix-p-51702.html HTTP/1.0" 200 81363 "-" "Mozilla/5.0 (compatible; MJ12bot/v1.4.8; http://mj12bot.com/)"
78.145.195.209 - - [09/Jan/2024:05:40:28 +0100] "GET /bedclothes-140-200-cm-geomix-p-51703.html HTTP/1.0" 301 81446 "-" "Mozilla/5.0 (compatible; MJ12bot/v1.4.8; http://mj12bot.com/)"
78.145.195.209 - - [09/Jan/2024:05:40:31 +0100] "GET /bedclothes-gomix-p-51703.html HTTP/1.0" 200 81363 "-" "Mozilla/5.0 (compatible; MJ12bot/v1.4.8; http://mj12bot.com/)"
78.145.195.209 - - [09/Jan/2024:05:40:34 +0100] "GET /bedclothes-gomix-p-51701.html HTTP/1.0" 301 81330 "-" "Mozilla/5.0 (compatible; MJ12bot/v1.4.8; http://mj12bot.com/)"
78.145.195.209 - - [09/Jan/2024:05:40:37 +0100] "GET /-p-51701.html HTTP/1.0" 200 81263 "-" "Mozilla/5.0 (compatible; MJ12bot/v1.4.8; http://mj12bot.com/)"
54.36.148.247 - - [09/Jan/2024:05:40:39 +0100] "GET /heureux-anniversaire-card-p-20043.html HTTP/1.0" 200 83708 "-" "Mozilla/5.0 (compatible; AhrefsBot/7.0; +http://ahrefs.com/robot/)"
78.145.195.209 - - [09/Jan/2024:05:40:40 +0100] "GET /bedclothes-gomix-p-51702.html HTTP/1.0" 200 81363 "-" "Mozilla/5.0 (compatible; MJ12bot/v1.4.8; http://mj12bot.com/)"
78.145.195.209 - - [09/Jan/2024:05:40:44 +0100] "GET /bedclothes-gomix-p-51703.html HTTP/1.0" 200 81363 "-" "Mozilla/5.0 (compatible; MJ12bot/v1.4.8; http://mj12bot.com/)"
78.145.195.209 - - [09/Jan/2024:05:40:47 +0100] "GET /bedspread-boutis-pillowcases-p-52161.html HTTP/1.0" 200 81415 "-" "Mozilla/5.0 (compatible; MJ12bot/v1.4.8; http://mj12bot.com/)"
78.145.195.209 - - [09/Jan/2024:05:40:50 +0100] "GET /beely-bedclothes-260-240-cm-p-52086.html HTTP/1.0" 301 83743 "-" "Mozilla/5.0 (compatible; MJ12bot/v1.4.8; http://mj12bot.com/)"
78.145.195.209 - - [09/Jan/2024:05:40:54 +0100] "GET /beely-bedclothes-p-52086.html HTTP/1.0" 200 83660 "-" "Mozilla/5.0 (compatible; MJ12bot/v1.4.8; http://mj12bot.com/)"
78.145.195.209 - - [09/Jan/2024:05:40:57 +0100] "GET /beely-bedclothes-p-52086.html HTTP/1.0" 200 83660 "-" "Mozilla/5.0 (compatible; MJ12bot/v1.4.8; http://mj12bot.com/)"
77.75.77.36 - - [09/Jan/2024:05:41:00 +0100] "GET /miracle-tattoos-augmented-reality-p-30664.html HTTP/1.0" 200 84584 "-" "Mozilla/5.0 (compatible; SeznamBot/4.0; +http://napoveda.seznam.cz/seznambot-intro/)"
78.145.195.209 - - [09/Jan/2024:05:41:00 +0100] "GET /beer-beer-poster-p-32267.html HTTP/1.0" 301 81330 "-" "Mozilla/5.0 (compatible; MJ12bot/v1.4.8; http://mj12bot.com/)"
78.145.195.209 - - [09/Jan/2024:05:41:04 +0100] "GET /-p-32267.html HTTP/1.0" 200 81263 "-" "Mozilla/5.0 (compatible; MJ12bot/v1.4.8; http://mj12bot.com/)"
78.145.195.209 - - [09/Jan/2024:05:41:08 +0100] "GET /beige-lampshade-p-55304.html HTTP/1.0" 200 84491 "-" "Mozilla/5.0 (compatible; MJ12bot/v1.4.8; http://mj12bot.com/)"
78.145.195.209 - - [09/Jan/2024:05:41:11 +0100] "GET /betty-boop-beauty-nail-p-37041.html HTTP/1.0" 200 83877 "-" "Mozilla/5.0 (compatible; MJ12bot/v1.4.8; http://mj12bot.com/)"
202.239.4.129 - - [09/Jan/2024:05:41:11 +0100] "GET /tea-pot-c-12_175.html HTTP/1.0" 200 101453 "-" "Mozilla/5.0 (compatible; Y!J-WSC/1.0; +https://yahoo.jp/3BSZgF)"
78.145.195.209 - - [09/Jan/2024:05:41:14 +0100] "GET /betty-boop-grey-cosmetic-bag-p-13684.html HTTP/1.0" 301 81330 "-" "Mozilla/5.0 (compatible; MJ12bot/v1.4.8; http://mj12bot.com/)"
202.239.5.18 - - [09/Jan/2024:05:41:16 +0100] "GET /js/jquery.min.js HTTP/1.0" 404 1308 "http://www.wonder-geek.com/tea-pot-c-12_175.html" "Mozilla/5.0 (Windows NT 10.0; Win64; x64) AppleWebKit/537.36 (KHTML, like Gecko; compatible; Y!J-WSC/1.0; +https://yahoo.jp/3BSZgF) Chrome/118.0.0.0 Safari/537.36"
78.145.195.209 - - [09/Jan/2024:05:41:17 +0100] "GET /-p-13684.html HTTP/1.0" 200 81263 "-" "Mozilla/5.0 (compatible; MJ12bot/v1.4.8; http://mj12bot.com/)"
78.145.195.209 - - [09/Jan/2024:05:41:20 +0100] "GET /betty-boop-mug-p-28188.html HTTP/1.0" 301 81330 "-" "Mozilla/5.0 (compatible; MJ12bot/v1.4.8; http://mj12bot.com/)"
78.145.195.209 - - [09/Jan/2024:05:41:23 +0100] "GET /-p-28188.html HTTP/1.0" 200 81263 "-" "Mozilla/5.0 (compatible; MJ12bot/v1.4.8; http://mj12bot.com/)"
78.145.195.209 - - [09/Jan/2024:05:41:26 +0100] "GET /betty-boop-phone-or-cigarettes-case-p-12581.html HTTP/1.0" 301 81330 "-" "Mozilla/5.0 (compatible; MJ12bot/v1.4.8; http://mj12bot.com/)"
78.145.195.209 - - [09/Jan/2024:05:41:29 +0100] "GET /-p-12581.html HTTP/1.0" 200 81263 "-" "Mozilla/5.0 (compatible; MJ12bot/v1.4.8; http://mj12bot.com/)"
78.145.195.209 - - [09/Jan/2024:05:41:32 +0100] "GET /beyblade-round-pencil-case-p-15469.html HTTP/1.0" 301 81330 "-" "Mozilla/5.0 (compatible; MJ12bot/v1.4.8; http://mj12bot.com/)"
78.145.195.209 - - [09/Jan/2024:05:41:35 +0100] "GET /-p-15469.html HTTP/1.0" 200 81263 "-" "Mozilla/5.0 (compatible; MJ12bot/v1.4.8; http://mj12bot.com/)"
78.145.195.209 - - [09/Jan/2024:05:41:38 +0100] "GET /bistrot-paris-opener-p-19944.html HTTP/1.0" 200 83652 "-" "Mozilla/5.0 (compatible; MJ12bot/v1.4.8; http://mj12bot.com/)"
78.145.195.209 - - [09/Jan/2024:05:41:41 +0100] "GET /blue-isothermic-stainless-steel-bottle-cbkreation-p-54159.html HTTP/1.0" 200 84527 "-" "Mozilla/5.0 (compatible; MJ12bot/v1.4.8; http://mj12bot.com/)"
78.145.195.209 - - [09/Jan/2024:05:41:45 +0100] "GET /blue-owl-tisaniere-p-34354.html HTTP/1.0" 301 81330 "-" "Mozilla/5.0 (compatible; MJ12bot/v1.4.8; http://mj12bot.com/)"
78.145.195.209 - - [09/Jan/2024:05:41:48 +0100] "GET /-p-34354.html HTTP/1.0" 200 81263 "-" "Mozilla/5.0 (compatible; MJ12bot/v1.4.8; http://mj12bot.com/)"
52.167.144.189 - - [09/Jan/2024:05:41:48 +0100] "GET /lighting-c-13_86.html HTTP/1.0" 200 102169 "-" "Mozilla/5.0 AppleWebKit/537.36 (KHTML, like Gecko; compatible; bingbot/2.0; +http://www.bing.com/bingbot.htm) Chrome/116.0.1938.76 Safari/537.36"
78.145.195.209 - - [09/Jan/2024:05:41:51 +0100] "GET /bob-marley-computer-bag-model-n1-p-24150.html HTTP/1.0" 301 83999 "-" "Mozilla/5.0 (compatible; MJ12bot/v1.4.8; http://mj12bot.com/)"
78.145.195.209 - - [09/Jan/2024:05:41:54 +0100] "GET /marley-computer-model-p-24150.html HTTP/1.0" 200 83911 "-" "Mozilla/5.0 (compatible; MJ12bot/v1.4.8; http://mj12bot.com/)"
78.145.195.209 - - [09/Jan/2024:05:41:57 +0100] "GET /creative-hobbies-coloring-c-30.html?page=13 HTTP/1.0" 301 96399 "-" "Mozilla/5.0 (compatible; MJ12bot/v1.4.8; http://mj12bot.com/)"
78.145.195.209 - - [09/Jan/2024:05:42:00 +0100] "GET /creative-hobbies-coloring-c-129_30.html?page=13 HTTP/1.0" 200 96438 "-" "Mozilla/5.0 (compatible; MJ12bot/v1.4.8; http://mj12bot.com/)"
78.145.195.209 - - [09/Jan/2024:05:42:03 +0100] "GET /creative-hobbies-coloring-c-30.html?page=14 HTTP/1.0" 301 96399 "-" "Mozilla/5.0 (compatible; MJ12bot/v1.4.8; http://mj12bot.com/)"
78.145.195.209 - - [09/Jan/2024:05:42:06 +0100] "GET /creative-hobbies-coloring-c-129_30.html?page=14 HTTP/1.0" 200 96438 "-" "Mozilla/5.0 (compatible; MJ12bot/v1.4.8; http://mj12bot.com/)"
78.145.195.209 - - [09/Jan/2024:05:42:10 +0100] "GET /decorations/photo-frames-and-memo-clips/coca-cola-have-coke-photo-frame-p-19675.html HTTP/1.0" 301 81330 "-" "Mozilla/5.0 (compatible; MJ12bot/v1.4.8; http://mj12bot.com/)"
78.145.195.209 - - [09/Jan/2024:05:42:13 +0100] "GET /-p-19675.html HTTP/1.0" 200 81263 "-" "Mozilla/5.0 (compatible; MJ12bot/v1.4.8; http://mj12bot.com/)"
78.145.195.209 - - [09/Jan/2024:05:42:16 +0100] "GET /household-linen/polar-blankets-blankets/simpsons-bart-polar-blanket-p-22991.html HTTP/1.0" 301 81330 "-" "Mozilla/5.0 (compatible; MJ12bot/v1.4.8; http://mj12bot.com/)"
78.145.195.209 - - [09/Jan/2024:05:42:19 +0100] "GET /-p-22991.html HTTP/1.0" 200 81263 "-" "Mozilla/5.0 (compatible; MJ12bot/v1.4.8; http://mj12bot.com/)"
78.145.195.209 - - [09/Jan/2024:05:42:22 +0100] "GET /jasmin-apache-companion-portfolio-p-40531.html HTTP/1.0" 200 81401 "-" "Mozilla/5.0 (compatible; MJ12bot/v1.4.8; http://mj12bot.com/)"
78.145.195.209 - - [09/Jan/2024:05:42:25 +0100] "GET /jasmin-bowl-p-32942.html HTTP/1.0" 200 81313 "-" "Mozilla/5.0 (compatible; MJ12bot/v1.4.8; http://mj12bot.com/)"
78.145.195.209 - - [09/Jan/2024:05:42:29 +0100] "GET /jasmin-companion-portfolio-nova-p-43160.html HTTP/1.0" 200 81375 "-" "Mozilla/5.0 (compatible; MJ12bot/v1.4.8; http://mj12bot.com/)"
78.145.195.209 - - [09/Jan/2024:05:42:32 +0100] "GET /jasmin-companion-portfolio-p-38837.html HTTP/1.0" 200 81365 "-" "Mozilla/5.0 (compatible; MJ12bot/v1.4.8; http://mj12bot.com/)"
78.145.195.209 - - [09/Jan/2024:05:42:35 +0100] "GET /jasmin-companion-portfolio-p-43462.html HTTP/1.0" 200 81365 "-" "Mozilla/5.0 (compatible; MJ12bot/v1.4.8; http://mj12bot.com/)"
78.145.195.209 - - [09/Jan/2024:05:42:38 +0100] "GET /jasmin-giorgio-notebook-p-34954.html HTTP/1.0" 200 83755 "-" "Mozilla/5.0 (compatible; MJ12bot/v1.4.8; http://mj12bot.com/)"
78.145.195.209 - - [09/Jan/2024:05:42:41 +0100] "GET /jasmin-jasmine-p-43458.html HTTP/1.0" 200 81348 "-" "Mozilla/5.0 (compatible; MJ12bot/v1.4.8; http://mj12bot.com/)"
78.145.195.209 - - [09/Jan/2024:05:42:44 +0100] "GET /jasmin-medium-cabas-jasmine-p-43473.html HTTP/1.0" 200 81353 "-" "Mozilla/5.0 (compatible; MJ12bot/v1.4.8; http://mj12bot.com/)"
78.145.195.209 - - [09/Jan/2024:05:42:47 +0100] "GET /jasmin-medium-cabas-jasmine-p-43474.html HTTP/1.0" 200 81353 "-" "Mozilla/5.0 (compatible; MJ12bot/v1.4.8; http://mj12bot.com/)"
78.145.195.209 - - [09/Jan/2024:05:42:50 +0100] "GET /jasmin-p-43128.html HTTP/1.0" 200 81308 "-" "Mozilla/5.0 (compatible; MJ12bot/v1.4.8; http://mj12bot.com/)"
78.145.195.209 - - [09/Jan/2024:05:42:53 +0100] "GET /jasmin-pencil-case-nova-p-43465.html HTTP/1.0" 200 81343 "-" "Mozilla/5.0 (compatible; MJ12bot/v1.4.8; http://mj12bot.com/)"
78.145.195.209 - - [09/Jan/2024:05:42:56 +0100] "GET /jasmin-small-cabas-jasmine-p-43468.html HTTP/1.0" 200 81385 "-" "Mozilla/5.0 (compatible; MJ12bot/v1.4.8; http://mj12bot.com/)"
78.145.195.209 - - [09/Jan/2024:05:42:59 +0100] "GET /jasmin-small-cabas-nova-p-43470.html HTTP/1.0" 200 81343 "-" "Mozilla/5.0 (compatible; MJ12bot/v1.4.8; http://mj12bot.com/)"
78.145.195.209 - - [09/Jan/2024:05:43:02 +0100] "GET /luna-small-p-44806.html HTTP/1.0" 200 81291 "-" "Mozilla/5.0 (compatible; MJ12bot/v1.4.8; http://mj12bot.com/)"
78.145.195.209 - - [09/Jan/2024:05:43:10 +0100] "GET /marley-computer-model-p-24150.html HTTP/1.0" 200 83911 "-" "Mozilla/5.0 (compatible; MJ12bot/v1.4.8; http://mj12bot.com/)"
78.145.195.209 - - [09/Jan/2024:05:43:14 +0100] "GET /melt-lemon-amalfi-p-47628.html HTTP/1.0" 200 81366 "-" "Mozilla/5.0 (compatible; MJ12bot/v1.4.8; http://mj12bot.com/)"
78.145.195.209 - - [09/Jan/2024:05:43:17 +0100] "GET /melt-warmer-moroccan-lattice-p-48096.html HTTP/1.0" 200 81377 "-" "Mozilla/5.0 (compatible; MJ12bot/v1.4.8; http://mj12bot.com/)"
78.145.195.209 - - [09/Jan/2024:05:43:20 +0100] "GET /mini-erasers-random-patterns-p-33549.html HTTP/1.0" 200 83826 "-" "Mozilla/5.0 (compatible; MJ12bot/v1.4.8; http://mj12bot.com/)"
78.145.195.209 - - [09/Jan/2024:05:43:23 +0100] "GET /model-coloured-pencil-p-13116.html HTTP/1.0" 200 81383 "-" "Mozilla/5.0 (compatible; MJ12bot/v1.4.8; http://mj12bot.com/)"
78.145.195.209 - - [09/Jan/2024:05:43:31 +0100] "GET /model-flat-pocket-cosmetics-customize-p-29913.html HTTP/1.0" 200 81409 "-" "Mozilla/5.0 (compatible; MJ12bot/v1.4.8; http://mj12bot.com/)"
78.145.195.209 - - [09/Jan/2024:05:43:34 +0100] "GET /rose-quartz-rolled-stone-grams-p-46594.html HTTP/1.0" 200 81365 "-" "Mozilla/5.0 (compatible; MJ12bot/v1.4.8; http://mj12bot.com/)"
78.145.195.209 - - [09/Jan/2024:05:43:37 +0100] "GET /round-mirror-suspend-rope-p-50004.html HTTP/1.0" 200 81359 "-" "Mozilla/5.0 (compatible; MJ12bot/v1.4.8; http://mj12bot.com/)"
78.145.195.209 - - [09/Jan/2024:05:43:40 +0100] "GET /round-mirror-to-suspend-rope-p-50004.html HTTP/1.0" 301 81451 "-" "Mozilla/5.0 (compatible; MJ12bot/v1.4.8; http://mj12bot.com/)"
78.145.195.209 - - [09/Jan/2024:05:43:43 +0100] "GET /round-mirror-suspend-rope-p-50004.html HTTP/1.0" 200 81359 "-" "Mozilla/5.0 (compatible; MJ12bot/v1.4.8; http://mj12bot.com/)"
78.145.195.209 - - [09/Jan/2024:05:43:46 +0100] "GET /round-side-table-with-wooden-p-49686.html HTTP/1.0" 301 81330 "-" "Mozilla/5.0 (compatible; MJ12bot/v1.4.8; http://mj12bot.com/)"
78.145.195.209 - - [09/Jan/2024:05:43:49 +0100] "GET /-p-49686.html HTTP/1.0" 200 81263 "-" "Mozilla/5.0 (compatible; MJ12bot/v1.4.8; http://mj12bot.com/)"
78.145.195.209 - - [09/Jan/2024:05:43:53 +0100] "GET /round-side-table-with-wooden-top-50-cm-p-49686.html HTTP/1.0" 301 81330 "-" "Mozilla/5.0 (compatible; MJ12bot/v1.4.8; http://mj12bot.com/)"
78.145.195.209 - - [09/Jan/2024:05:43:56 +0100] "GET /-p-49686.html HTTP/1.0" 200 81263 "-" "Mozilla/5.0 (compatible; MJ12bot/v1.4.8; http://mj12bot.com/)"
78.145.195.209 - - [09/Jan/2024:05:43:59 +0100] "GET /round-wall-classic-clock-red-p-39698.html HTTP/1.0" 301 81330 "-" "Mozilla/5.0 (compatible; MJ12bot/v1.4.8; http://mj12bot.com/)"
78.145.195.209 - - [09/Jan/2024:05:44:02 +0100] "GET /-p-39698.html HTTP/1.0" 200 81263 "-" "Mozilla/5.0 (compatible; MJ12bot/v1.4.8; http://mj12bot.com/)"
78.145.195.209 - - [09/Jan/2024:05:44:05 +0100] "GET /route-66-black-eco-cup-p-15200.html HTTP/1.0" 301 81330 "-" "Mozilla/5.0 (compatible; MJ12bot/v1.4.8; http://mj12bot.com/)"
78.145.195.209 - - [09/Jan/2024:05:44:08 +0100] "GET /-p-15200.html HTTP/1.0" 200 81263 "-" "Mozilla/5.0 (compatible; MJ12bot/v1.4.8; http://mj12bot.com/)"
54.36.148.211 - - [09/Jan/2024:05:44:10 +0100] "GET /products_new.php?page=1 HTTP/1.0" 200 103138 "-" "Mozilla/5.0 (compatible; AhrefsBot/7.0; +http://ahrefs.com/robot/)"
78.145.195.209 - - [09/Jan/2024:05:44:11 +0100] "GET /route-66-motel-cosmetic-bag-p-10992.html HTTP/1.0" 301 81330 "-" "Mozilla/5.0 (compatible; MJ12bot/v1.4.8; http://mj12bot.com/)"
78.145.195.209 - - [09/Jan/2024:05:44:14 +0100] "GET /-p-10992.html HTTP/1.0" 200 81263 "-" "Mozilla/5.0 (compatible; MJ12bot/v1.4.8; http://mj12bot.com/)"
78.145.195.209 - - [09/Jan/2024:05:44:17 +0100] "GET /saint-georges-aromatika-incense-sticks-p-52658.html HTTP/1.0" 200 84454 "-" "Mozilla/5.0 (compatible; MJ12bot/v1.4.8; http://mj12bot.com/)"
78.145.195.209 - - [09/Jan/2024:05:44:20 +0100] "GET /sardines-blue-metal-clock-p-48600.html HTTP/1.0" 301 81330 "-" "Mozilla/5.0 (compatible; MJ12bot/v1.4.8; http://mj12bot.com/)"
78.145.195.209 - - [09/Jan/2024:05:44:23 +0100] "GET /-p-48600.html HTTP/1.0" 200 81263 "-" "Mozilla/5.0 (compatible; MJ12bot/v1.4.8; http://mj12bot.com/)"
78.145.195.209 - - [09/Jan/2024:05:44:27 +0100] "GET /sardines-grey-metal-clock-p-48599.html HTTP/1.0" 301 81330 "-" "Mozilla/5.0 (compatible; MJ12bot/v1.4.8; http://mj12bot.com/)"
78.145.195.209 - - [09/Jan/2024:05:44:30 +0100] "GET /-p-48599.html HTTP/1.0" 200 81263 "-" "Mozilla/5.0 (compatible; MJ12bot/v1.4.8; http://mj12bot.com/)"
78.145.195.209 - - [09/Jan/2024:05:44:33 +0100] "GET /sauvez-bambou-mangez-panda-shirt-p-29602.html HTTP/1.0" 301 81330 "-" "Mozilla/5.0 (compatible; MJ12bot/v1.4.8; http://mj12bot.com/)"
78.145.195.209 - - [09/Jan/2024:05:44:36 +0100] "GET /-p-29602.html HTTP/1.0" 200 81263 "-" "Mozilla/5.0 (compatible; MJ12bot/v1.4.8; http://mj12bot.com/)"
78.145.195.209 - - [09/Jan/2024:05:44:39 +0100] "GET /sauvez-un-bambou-mangez-un-panda-shirt-p-29602.html HTTP/1.0" 301 81330 "-" "Mozilla/5.0 (compatible; MJ12bot/v1.4.8; http://mj12bot.com/)"
78.145.195.209 - - [09/Jan/2024:05:44:42 +0100] "GET /-p-29602.html HTTP/1.0" 200 81263 "-" "Mozilla/5.0 (compatible; MJ12bot/v1.4.8; http://mj12bot.com/)"
78.145.195.209 - - [09/Jan/2024:05:44:45 +0100] "GET /savoie-flag-90-150-cm-p-41655.html HTTP/1.0" 301 81399 "-" "Mozilla/5.0 (compatible; MJ12bot/v1.4.8; http://mj12bot.com/)"
78.145.195.209 - - [09/Jan/2024:05:44:48 +0100] "GET /savoie-flag-p-41655.html HTTP/1.0" 200 81321 "-" "Mozilla/5.0 (compatible; MJ12bot/v1.4.8; http://mj12bot.com/)"
78.145.195.209 - - [09/Jan/2024:05:44:51 +0100] "GET /savoie-flag-p-41655.html HTTP/1.0" 200 81321 "-" "Mozilla/5.0 (compatible; MJ12bot/v1.4.8; http://mj12bot.com/)"
78.145.195.209 - - [09/Jan/2024:05:44:55 +0100] "GET /savon-de-provence-56-cm-clock-p-21401.html HTTP/1.0" 301 81330 "-" "Mozilla/5.0 (compatible; MJ12bot/v1.4.8; http://mj12bot.com/)"
78.145.195.209 - - [09/Jan/2024:05:44:58 +0100] "GET /-p-21401.html HTTP/1.0" 200 81263 "-" "Mozilla/5.0 (compatible; MJ12bot/v1.4.8; http://mj12bot.com/)"
78.145.195.209 - - [09/Jan/2024:05:45:01 +0100] "GET /sexy-pink-cover-ipad-tablets-p-17614.html HTTP/1.0" 200 81418 "-" "Mozilla/5.0 (compatible; MJ12bot/v1.4.8; http://mj12bot.com/)"
78.145.195.209 - - [09/Jan/2024:05:45:04 +0100] "GET /shape-violin-p-35438.html HTTP/1.0" 200 81356 "-" "Mozilla/5.0 (compatible; MJ12bot/v1.4.8; http://mj12bot.com/)"
78.145.195.209 - - [09/Jan/2024:05:45:07 +0100] "GET /shell-coffee-box-p-39713.html HTTP/1.0" 301 81330 "-" "Mozilla/5.0 (compatible; MJ12bot/v1.4.8; http://mj12bot.com/)"
78.145.195.209 - - [09/Jan/2024:05:45:11 +0100] "GET /-p-39713.html HTTP/1.0" 200 81263 "-" "Mozilla/5.0 (compatible; MJ12bot/v1.4.8; http://mj12bot.com/)"
78.145.195.209 - - [09/Jan/2024:05:45:14 +0100] "GET /shell-coffee-p-39713.html HTTP/1.0" 301 81330 "-" "Mozilla/5.0 (compatible; MJ12bot/v1.4.8; http://mj12bot.com/)"
78.145.195.209 - - [09/Jan/2024:05:45:18 +0100] "GET /-p-39713.html HTTP/1.0" 200 81263 "-" "Mozilla/5.0 (compatible; MJ12bot/v1.4.8; http://mj12bot.com/)"
78.145.195.209 - - [09/Jan/2024:05:45:21 +0100] "GET /shiny-skull-moneybox-p-45237.html HTTP/1.0" 200 83714 "-" "Mozilla/5.0 (compatible; MJ12bot/v1.4.8; http://mj12bot.com/)"
78.145.195.209 - - [09/Jan/2024:05:45:24 +0100] "GET /shiny-skull-moneybox-p-45238.html HTTP/1.0" 200 81354 "-" "Mozilla/5.0 (compatible; MJ12bot/v1.4.8; http://mj12bot.com/)"
78.145.195.209 - - [09/Jan/2024:05:45:28 +0100] "GET /shooters-and-their-resin-display-stand-p-42771.html HTTP/1.0" 301 83873 "-" "Mozilla/5.0 (compatible; MJ12bot/v1.4.8; http://mj12bot.com/)"
78.145.195.209 - - [09/Jan/2024:05:45:31 +0100] "GET /shooters-their-resin-display-stand-p-42771.html HTTP/1.0" 200 83772 "-" "Mozilla/5.0 (compatible; MJ12bot/v1.4.8; http://mj12bot.com/)"
78.145.195.209 - - [09/Jan/2024:05:45:34 +0100] "GET /shooters-their-resin-display-stand-p-42771.html HTTP/1.0" 200 83772 "-" "Mozilla/5.0 (compatible; MJ12bot/v1.4.8; http://mj12bot.com/)"
78.145.195.209 - - [09/Jan/2024:05:45:38 +0100] "GET /shopping-bag-mani-the-lucky-cat-black-p-37347.html HTTP/1.0" 301 81330 "-" "Mozilla/5.0 (compatible; MJ12bot/v1.4.8; http://mj12bot.com/)"
78.145.195.209 - - [09/Jan/2024:05:45:41 +0100] "GET /-p-37347.html HTTP/1.0" 200 81263 "-" "Mozilla/5.0 (compatible; MJ12bot/v1.4.8; http://mj12bot.com/)"
78.145.195.209 - - [09/Jan/2024:05:45:44 +0100] "GET /shopping-bag-mani-the-lucky-cat-fuchsia-p-37346.html HTTP/1.0" 301 81330 "-" "Mozilla/5.0 (compatible; MJ12bot/v1.4.8; http://mj12bot.com/)"
78.145.195.209 - - [09/Jan/2024:05:45:47 +0100] "GET /-p-37346.html HTTP/1.0" 200 81263 "-" "Mozilla/5.0 (compatible; MJ12bot/v1.4.8; http://mj12bot.com/)"
78.145.195.209 - - [09/Jan/2024:05:45:50 +0100] "GET /shopping-bag-mani-the-lucky-cat-pink-p-37349.html HTTP/1.0" 301 81330 "-" "Mozilla/5.0 (compatible; MJ12bot/v1.4.8; http://mj12bot.com/)"
78.145.195.209 - - [09/Jan/2024:05:45:53 +0100] "GET /-p-37349.html HTTP/1.0" 200 81263 "-" "Mozilla/5.0 (compatible; MJ12bot/v1.4.8; http://mj12bot.com/)"
78.145.195.209 - - [09/Jan/2024:05:45:56 +0100] "GET /silicone-case-iphone-happy-colors-black-mystery-p-22380.html HTTP/1.0" 200 83892 "-" "Mozilla/5.0 (compatible; MJ12bot/v1.4.8; http://mj12bot.com/)"
78.145.195.209 - - [09/Jan/2024:05:46:00 +0100] "GET /silicone-infuser-for-tea-p-39702.html HTTP/1.0" 301 81416 "-" "Mozilla/5.0 (compatible; MJ12bot/v1.4.8; http://mj12bot.com/)"
78.145.195.209 - - [09/Jan/2024:05:46:03 +0100] "GET /silicone-infuser-p-39702.html HTTP/1.0" 200 81333 "-" "Mozilla/5.0 (compatible; MJ12bot/v1.4.8; http://mj12bot.com/)"
78.145.195.209 - - [09/Jan/2024:05:46:06 +0100] "GET /silicone-infuser-p-39702.html HTTP/1.0" 200 81333 "-" "Mozilla/5.0 (compatible; MJ12bot/v1.4.8; http://mj12bot.com/)"
78.145.195.209 - - [09/Jan/2024:05:46:09 +0100] "GET /small-retro-tray-p-17056.html HTTP/1.0" 200 81317 "-" "Mozilla/5.0 (compatible; MJ12bot/v1.4.8; http://mj12bot.com/)"
78.145.195.209 - - [09/Jan/2024:05:46:12 +0100] "GET /sofia-first-little-backpack-p-30375.html HTTP/1.0" 200 81369 "-" "Mozilla/5.0 (compatible; MJ12bot/v1.4.8; http://mj12bot.com/)"
78.145.195.209 - - [09/Jan/2024:05:46:15 +0100] "GET /sofia-the-first-little-backpack-p-30375.html HTTP/1.0" 301 81463 "-" "Mozilla/5.0 (compatible; MJ12bot/v1.4.8; http://mj12bot.com/)"
78.145.195.209 - - [09/Jan/2024:05:46:18 +0100] "GET /sofia-first-little-backpack-p-30375.html HTTP/1.0" 200 81369 "-" "Mozilla/5.0 (compatible; MJ12bot/v1.4.8; http://mj12bot.com/)"
78.145.195.209 - - [09/Jan/2024:05:46:22 +0100] "GET /soft-rattle-gund-beige-p-21368.html HTTP/1.0" 200 83826 "-" "Mozilla/5.0 (compatible; MJ12bot/v1.4.8; http://mj12bot.com/)"
78.145.195.209 - - [09/Jan/2024:05:46:25 +0100] "GET /soft-rattle-gund-orange-p-21365.html HTTP/1.0" 200 83834 "-" "Mozilla/5.0 (compatible; MJ12bot/v1.4.8; http://mj12bot.com/)"
78.145.195.209 - - [09/Jan/2024:05:46:28 +0100] "GET /soft-toy-rattle-gund-beige-dog-p-21368.html HTTP/1.0" 301 83915 "-" "Mozilla/5.0 (compatible; MJ12bot/v1.4.8; http://mj12bot.com/)"
78.145.195.209 - - [09/Jan/2024:05:46:31 +0100] "GET /soft-rattle-gund-beige-p-21368.html HTTP/1.0" 200 83826 "-" "Mozilla/5.0 (compatible; MJ12bot/v1.4.8; http://mj12bot.com/)"
78.145.195.209 - - [09/Jan/2024:05:46:34 +0100] "GET /soft-toy-rattle-gund-orange-dog-p-21365.html HTTP/1.0" 301 83924 "-" "Mozilla/5.0 (compatible; MJ12bot/v1.4.8; http://mj12bot.com/)"
78.145.195.209 - - [09/Jan/2024:05:46:37 +0100] "GET /soft-rattle-gund-orange-p-21365.html HTTP/1.0" 200 83834 "-" "Mozilla/5.0 (compatible; MJ12bot/v1.4.8; http://mj12bot.com/)"
78.145.195.209 - - [09/Jan/2024:05:46:41 +0100] "GET /sommelier-accessories-box-p-46564.html HTTP/1.0" 301 81459 "-" "Mozilla/5.0 (compatible; MJ12bot/v1.4.8; http://mj12bot.com/)"
78.145.195.209 - - [09/Jan/2024:05:46:44 +0100] "GET /sommelier-accessories-p-46564.html HTTP/1.0" 200 81371 "-" "Mozilla/5.0 (compatible; MJ12bot/v1.4.8; http://mj12bot.com/)"
