69.63.189.28 - - [09/Jan/2024:23:09:11 +0100] "GET /images/mini_prod/1384010180563.jpg HTTP/1.1" 200 4787 "-" "facebookexternalhit/1.1 (+http://www.facebook.com/externalhit_uatext.php)"
69.63.189.29 - - [09/Jan/2024:23:09:40 +0100] "GET /images/mini_prod/3453131154024.jpg HTTP/1.1" 200 4762 "-" "facebookexternalhit/1.1 (+http://www.facebook.com/externalhit_uatext.php)"
69.63.189.17 - - [09/Jan/2024:23:09:46 +0100] "GET /images/mini_prod/3453131129671.jpg HTTP/1.1" 200 6143 "-" "facebookexternalhit/1.1 (+http://www.facebook.com/externalhit_uatext.php)"
69.63.189.3 - - [09/Jan/2024:23:10:00 +0100] "GET /images/big_prod_1/4250255859717a.jpg HTTP/1.1" 200 60494 "-" "facebookexternalhit/1.1 (+http://www.facebook.com/externalhit_uatext.php)"
34.235.117.63 - - [09/Jan/2024:23:10:57 +0100] "GET /robots.txt HTTP/1.1" 200 2438 "-" "Go-http-client/1.1"
69.63.189.2 - - [09/Jan/2024:23:12:25 +0100] "GET /images/mini_prod/1399986101726.jpg HTTP/1.1" 200 5253 "-" "facebookexternalhit/1.1 (+http://www.facebook.com/externalhit_uatext.php)"
69.63.189.12 - - [09/Jan/2024:23:12:54 +0100] "GET /images/mini_prod/3384956585086.jpg HTTP/1.1" 200 5089 "-" "facebookexternalhit/1.1 (+http://www.facebook.com/externalhit_uatext.php)"
101.44.251.249 - - [09/Jan/2024:23:13:19 +0100] "GET /images/mini_prod/251GJS12.jpg HTTP/1.1" 200 6234 "-" "Mozilla/5.0 (Windows NT 10.0; Win64; x64) AppleWebKit/537.36 (KHTML, like Gecko) Chrome/58.0.3029.110 Safari/537.3"
69.63.189.26 - - [09/Jan/2024:23:13:52 +0100] "GET /images/mini_prod/3700281654141.jpg HTTP/1.1" 200 6031 "-" "facebookexternalhit/1.1 (+http://www.facebook.com/externalhit_uatext.php)"
69.63.189.19 - - [09/Jan/2024:23:14:06 +0100] "GET /images/mini_prod/8422028220109.jpg HTTP/1.1" 200 6251 "-" "facebookexternalhit/1.1 (+http://www.facebook.com/externalhit_uatext.php)"
69.63.189.14 - - [09/Jan/2024:23:14:36 +0100] "GET /images/mini_prod/3665269293296.jpg HTTP/1.1" 200 4839 "-" "facebookexternalhit/1.1 (+http://www.facebook.com/externalhit_uatext.php)"
36.110.175.183 - - [09/Jan/2024:23:15:09 +0100] "GET /images/med_prod/1399984280539.jpg HTTP/1.1" 200 111182 "-" "Mozilla/5.0 (Windows NT 10.0; Win64; x64) AppleWebKit/537.36 (KHTML, like Gecko) Chrome/58.0.3029.110 Safari/537.3"
69.63.189.13 - - [09/Jan/2024:23:15:14 +0100] "GET /images/mini_prod/4425055184981NB.jpg HTTP/1.1" 200 5865 "-" "facebookexternalhit/1.1 (+http://www.facebook.com/externalhit_uatext.php)"
47.245.112.156 - - [09/Jan/2024:23:15:30 +0100] "GET /images/mini_prod/1384000000895.jpg HTTP/1.1" 200 9956 "-" "Mozilla/5.0 (X11; Ubuntu; Linux x86_64; rv:72.0) Gecko/20100101 Firefox/72.0"
69.63.189.25 - - [09/Jan/2024:23:15:49 +0100] "GET /images/big_prod_2/3453131156158C.jpg HTTP/1.1" 200 287630 "-" "facebookexternalhit/1.1 (+http://www.facebook.com/externalhit_uatext.php)"
69.63.189.29 - - [09/Jan/2024:23:16:00 +0100] "GET /images/mini_prod/3701276294700.jpg HTTP/1.1" 200 8515 "-" "facebookexternalhit/1.1 (+http://www.facebook.com/externalhit_uatext.php)"
180.76.14.143 - - [09/Jan/2024:23:16:51 +0100] "GET /images/mini_prod/3609810067066.jpg HTTP/1.1" 200 6173 "-" "Mozilla/5.0 (X11; Ubuntu; Linux x86_64; rv:72.0) Gecko/20100101 Firefox/72.0"
69.63.189.18 - - [09/Jan/2024:23:17:19 +0100] "GET /images/mini_prod/3494150100647.jpg HTTP/1.1" 200 10011 "-" "facebookexternalhit/1.1 (+http://www.facebook.com/externalhit_uatext.php)"
69.63.189.118 - - [09/Jan/2024:23:18:05 +0100] "GET /images/big_prod_1/1384010207437r.jpg HTTP/1.1" 200 71600 "-" "facebookexternalhit/1.1 (+http://www.facebook.com/externalhit_uatext.php)"
69.63.189.9 - - [09/Jan/2024:23:18:15 +0100] "GET /images/mini_prod/3359103027061.jpg HTTP/1.1" 200 3483 "-" "facebookexternalhit/1.1 (+http://www.facebook.com/externalhit_uatext.php)"
69.63.189.19 - - [09/Jan/2024:23:18:28 +0100] "GET /images/mini_prod/4012390324501.jpg HTTP/1.1" 200 6521 "-" "facebookexternalhit/1.1 (+http://www.facebook.com/externalhit_uatext.php)"
119.63.195.238 - - [09/Jan/2024:23:18:34 +0100] "GET /images/mini_prod/5901130040575.jpg HTTP/1.1" 200 8954 "-" "Mozilla/5.0 (Macintosh; Intel Mac OS X 10_15_7) AppleWebKit/537.36 (KHTML, like Gecko) Chrome/116.0.0.0 Safari/537.36"
69.63.189.117 - - [09/Jan/2024:23:18:56 +0100] "GET /images/mini_prod/8712159169928.jpg HTTP/1.1" 200 4759 "-" "facebookexternalhit/1.1 (+http://www.facebook.com/externalhit_uatext.php)"
101.44.249.41 - - [09/Jan/2024:23:19:22 +0100] "GET /images/mini_prod/7601019991797.jpg HTTP/1.1" 200 7232 "-" "Mozilla/5.0 (Windows NT 10.0; Win64; x64) AppleWebKit/537.36 (KHTML, like Gecko) Chrome/58.0.3029.110 Safari/537.3"
69.63.189.27 - - [09/Jan/2024:23:19:42 +0100] "GET /images/mini_prod/5400924181826.jpg HTTP/1.1" 200 7427 "-" "facebookexternalhit/1.1 (+http://www.facebook.com/externalhit_uatext.php)"
69.63.189.13 - - [09/Jan/2024:23:19:59 +0100] "GET /images/mini_prod/8718969174077.jpg HTTP/1.1" 200 5339 "-" "facebookexternalhit/1.1 (+http://www.facebook.com/externalhit_uatext.php)"
69.63.189.3 - - [09/Jan/2024:23:20:21 +0100] "GET /images/mini_prod/1020322271390.jpg HTTP/1.1" 200 5841 "-" "facebookexternalhit/1.1 (+http://www.facebook.com/externalhit_uatext.php)"
69.63.189.3 - - [09/Jan/2024:23:20:42 +0100] "GET /images/mini_prod/8422033225359.jpg HTTP/1.1" 200 12359 "-" "facebookexternalhit/1.1 (+http://www.facebook.com/externalhit_uatext.php)"
69.63.189.118 - - [09/Jan/2024:23:20:48 +0100] "GET /images/big_prod_1/8712159179873D.jpg HTTP/1.1" 200 722835 "-" "facebookexternalhit/1.1 (+http://www.facebook.com/externalhit_uatext.php)"
69.63.189.23 - - [09/Jan/2024:23:22:06 +0100] "GET /images/mini_prod/8422059532141.jpg HTTP/1.1" 200 4625 "-" "facebookexternalhit/1.1 (+http://www.facebook.com/externalhit_uatext.php)"
69.63.189.6 - - [09/Jan/2024:23:23:38 +0100] "GET /images/mini_prod/5400924227869.jpg HTTP/1.1" 200 2692 "-" "facebookexternalhit/1.1 (+http://www.facebook.com/externalhit_uatext.php)"
69.63.189.20 - - [09/Jan/2024:23:24:01 +0100] "GET /images/mini_prod/3665269293487N.jpg HTTP/1.1" 200 5151 "-" "facebookexternalhit/1.1 (+http://www.facebook.com/externalhit_uatext.php)"
69.63.189.27 - - [09/Jan/2024:23:24:12 +0100] "GET /images/mini_prod/3700281669213.jpg HTTP/1.1" 200 3899 "-" "facebookexternalhit/1.1 (+http://www.facebook.com/externalhit_uatext.php)"
69.63.189.10 - - [09/Jan/2024:23:24:13 +0100] "GET /images/mini_prod/3700281646726C.jpg HTTP/1.1" 200 5714 "-" "facebookexternalhit/1.1 (+http://www.facebook.com/externalhit_uatext.php)"
69.63.189.18 - - [09/Jan/2024:23:26:02 +0100] "GET /images/mini_prod/8422023017872B.jpg HTTP/1.1" 200 7888 "-" "facebookexternalhit/1.1 (+http://www.facebook.com/externalhit_uatext.php)"
69.63.189.8 - - [09/Jan/2024:23:28:32 +0100] "GET /images/mini_prod/3438100333297Z.jpg HTTP/1.1" 200 6666 "-" "facebookexternalhit/1.1 (+http://www.facebook.com/externalhit_uatext.php)"
124.71.175.82 - - [09/Jan/2024:23:29:04 +0100] "GET /images/mini_prod/8435465002344.jpg HTTP/1.1" 200 8467 "-" "Mozilla/5.0 (Windows NT 10.0; Win64; x64) AppleWebKit/537.36 (KHTML, like Gecko) Chrome/58.0.3029.110 Safari/537.3"
66.249.77.201 - - [09/Jan/2024:23:29:09 +0100] "GET /images/big_prod/8445148204415.jpg HTTP/1.1" 200 559424 "-" "Googlebot-Image/1.0"
69.63.189.119 - - [09/Jan/2024:23:30:08 +0100] "GET /images/mini_prod/B3442440233797.jpg HTTP/1.1" 200 3425 "-" "facebookexternalhit/1.1 (+http://www.facebook.com/externalhit_uatext.php)"
3.81.126.182 - - [09/Jan/2024:23:30:19 +0100] "GET /images/mini_prod/8422002209403.jpg HTTP/1.1" 200 7596 "-" "Go-http-client/1.1"
69.63.189.120 - - [09/Jan/2024:23:30:32 +0100] "GET /images/big_prod/1304038301146.jpg HTTP/1.1" 200 98314 "-" "facebookexternalhit/1.1 (+http://www.facebook.com/externalhit_uatext.php)"
69.63.189.24 - - [09/Jan/2024:23:30:36 +0100] "GET /images/mini_prod/3700281666700.jpg HTTP/1.1" 200 2970 "-" "facebookexternalhit/1.1 (+http://www.facebook.com/externalhit_uatext.php)"
69.63.189.118 - - [09/Jan/2024:23:31:12 +0100] "GET /images/mini_prod/1399984227039.jpg HTTP/1.1" 200 7931 "-" "facebookexternalhit/1.1 (+http://www.facebook.com/externalhit_uatext.php)"
44.204.103.150 - - [09/Jan/2024:23:31:20 +0100] "GET /robots.txt HTTP/1.1" 200 2438 "-" "Go-http-client/1.1"
69.63.189.5 - - [09/Jan/2024:23:32:12 +0100] "GET /images/mini_prod/1399986101696.jpg HTTP/1.1" 200 4904 "-" "facebookexternalhit/1.1 (+http://www.facebook.com/externalhit_uatext.php)"
69.63.189.12 - - [09/Jan/2024:23:32:55 +0100] "GET /images/mini_prod/8718969174206.jpg HTTP/1.1" 200 5331 "-" "facebookexternalhit/1.1 (+http://www.facebook.com/externalhit_uatext.php)"
69.63.189.26 - - [09/Jan/2024:23:33:16 +0100] "GET /images/mini_prod/1384010204238.jpg HTTP/1.1" 200 9003 "-" "facebookexternalhit/1.1 (+http://www.facebook.com/externalhit_uatext.php)"
69.63.189.29 - - [09/Jan/2024:23:33:39 +0100] "GET /images/mini_prod/3453131131360B.jpg HTTP/1.1" 200 8858 "-" "facebookexternalhit/1.1 (+http://www.facebook.com/externalhit_uatext.php)"
69.63.189.16 - - [09/Jan/2024:23:34:02 +0100] "GET /images/mini_prod/3494150108834.jpg HTTP/1.1" 200 11932 "-" "facebookexternalhit/1.1 (+http://www.facebook.com/externalhit_uatext.php)"
69.63.189.118 - - [09/Jan/2024:23:34:16 +0100] "GET /images/mini_prod/3574640171439.jpg HTTP/1.1" 200 2332 "-" "facebookexternalhit/1.1 (+http://www.facebook.com/externalhit_uatext.php)"
44.204.103.150 - - [09/Jan/2024:23:34:40 +0100] "GET /robots.txt HTTP/1.1" 200 2438 "-" "Go-http-client/1.1"
43.138.0.82 - - [09/Jan/2024:23:36:09 +0100] "GET /images/med_prod/8435306290862.jpg HTTP/1.1" 200 24004 "-" "Mozilla/5.0 (X11; Ubuntu; Linux x86_64; rv:72.0) Gecko/20100101 Firefox/72.0"
69.63.189.8 - - [09/Jan/2024:23:36:32 +0100] "GET /images/mini_prod/3700276281109B.jpg HTTP/1.1" 200 9622 "-" "facebookexternalhit/1.1 (+http://www.facebook.com/externalhit_uatext.php)"
106.39.217.151 - - [09/Jan/2024:23:36:58 +0100] "GET /images/big_prod/3014627830404.jpg HTTP/1.1" 200 133985 "-" "Mozilla/5.0 (X11; Ubuntu; Linux x86_64; rv:72.0) Gecko/20100101 Firefox/72.0"
69.63.189.18 - - [09/Jan/2024:23:37:13 +0100] "GET /images/mini_prod/8718657462721.jpg HTTP/1.1" 200 5341 "-" "facebookexternalhit/1.1 (+http://www.facebook.com/externalhit_uatext.php)"
69.63.189.13 - - [09/Jan/2024:23:37:36 +0100] "GET /images/mini_prod/3000000011584.jpg HTTP/1.1" 200 6404 "-" "facebookexternalhit/1.1 (+http://www.facebook.com/externalhit_uatext.php)"
69.63.189.13 - - [09/Jan/2024:23:38:10 +0100] "GET /images/mini_prod/3574642011542N.jpg HTTP/1.1" 200 3209 "-" "facebookexternalhit/1.1 (+http://www.facebook.com/externalhit_uatext.php)"
69.63.189.17 - - [09/Jan/2024:23:38:11 +0100] "GET /images/mini_prod/3442440276817CVC.jpg HTTP/1.1" 200 3575 "-" "facebookexternalhit/1.1 (+http://www.facebook.com/externalhit_uatext.php)"
211.140.23.130 - - [09/Jan/2024:23:38:49 +0100] "GET /images/B2807201314024.jpg HTTP/1.1" 200 26606 "-" "Mozilla/5.0 (Windows NT 10.0; WOW64) AppleWebKit/537.36 (KHTML, like Gecko) Chrome/90.0.4430.212 Safari/537.36"
69.63.189.22 - - [09/Jan/2024:23:39:06 +0100] "GET /images/mini_prod/3565750339314.jpg HTTP/1.1" 200 8984 "-" "facebookexternalhit/1.1 (+http://www.facebook.com/externalhit_uatext.php)"
69.63.189.17 - - [09/Jan/2024:23:39:17 +0100] "GET /images/mini_prod/8422059532110.jpg HTTP/1.1" 200 4323 "-" "facebookexternalhit/1.1 (+http://www.facebook.com/externalhit_uatext.php)"
216.244.66.242 - - [09/Jan/2024:23:40:03 +0100] "GET /robots.txt HTTP/1.1" 200 2438 "-" "Mozilla/5.0 (compatible; DotBot/1.2; +https://opensiteexplorer.org/dotbot; help@moz.com)"
69.63.189.26 - - [09/Jan/2024:23:40:12 +0100] "GET /images/mini_prod/8718969174725AN.jpg HTTP/1.1" 200 4323 "-" "facebookexternalhit/1.1 (+http://www.facebook.com/externalhit_uatext.php)"
69.63.189.1 - - [09/Jan/2024:23:41:32 +0100] "GET /images/mini_prod/8422001616714.jpg HTTP/1.1" 200 8028 "-" "facebookexternalhit/1.1 (+http://www.facebook.com/externalhit_uatext.php)"
69.63.189.10 - - [09/Jan/2024:23:41:34 +0100] "GET /images/mini_prod/3700287119019.jpg HTTP/1.1" 200 2594 "-" "facebookexternalhit/1.1 (+http://www.facebook.com/externalhit_uatext.php)"
52.167.144.140 - - [09/Jan/2024:23:41:48 +0100] "GET /images/Pyjdbz.jpg HTTP/1.1" 200 32888 "-" "Mozilla/5.0 AppleWebKit/537.36 (KHTML, like Gecko; compatible; bingbot/2.0; +http://www.bing.com/bingbot.htm) Chrome/116.0.1938.76 Safari/537.36"
69.63.189.26 - - [09/Jan/2024:23:42:11 +0100] "GET /images/mini_prod/8422059532134.jpg HTTP/1.1" 200 4636 "-" "facebookexternalhit/1.1 (+http://www.facebook.com/externalhit_uatext.php)"
69.63.189.1 - - [09/Jan/2024:23:42:36 +0100] "GET /images/mini_prod/3700344910504.jpg HTTP/1.1" 200 2518 "-" "facebookexternalhit/1.1 (+http://www.facebook.com/externalhit_uatext.php)"
69.63.189.6 - - [09/Jan/2024:23:43:34 +0100] "GET /images/mini_prod/3574640171484B.jpg HTTP/1.1" 200 3374 "-" "facebookexternalhit/1.1 (+http://www.facebook.com/externalhit_uatext.php)"
69.63.189.28 - - [09/Jan/2024:23:44:06 +0100] "GET /images/mini_prod/1384010206317.jpg HTTP/1.1" 200 6829 "-" "facebookexternalhit/1.1 (+http://www.facebook.com/externalhit_uatext.php)"
69.63.189.15 - - [09/Jan/2024:23:44:49 +0100] "GET /images/mini_prod/5400924343002.jpg HTTP/1.1" 200 7209 "-" "facebookexternalhit/1.1 (+http://www.facebook.com/externalhit_uatext.php)"
69.63.189.16 - - [09/Jan/2024:23:46:02 +0100] "GET /images/mini_prod/3503420086281.jpg HTTP/1.1" 200 5810 "-" "facebookexternalhit/1.1 (+http://www.facebook.com/externalhit_uatext.php)"
69.63.189.27 - - [09/Jan/2024:23:46:18 +0100] "GET /images/mini_prod/3700281694291.jpg HTTP/1.1" 200 5137 "-" "facebookexternalhit/1.1 (+http://www.facebook.com/externalhit_uatext.php)"
69.63.189.3 - - [09/Jan/2024:23:46:21 +0100] "GET /images/mini_prod/8445148046985.jpg HTTP/1.1" 200 7730 "-" "facebookexternalhit/1.1 (+http://www.facebook.com/externalhit_uatext.php)"
69.63.189.117 - - [09/Jan/2024:23:46:44 +0100] "GET /images/mini_prod/5400924344115.jpg HTTP/1.1" 200 3983 "-" "facebookexternalhit/1.1 (+http://www.facebook.com/externalhit_uatext.php)"
17.246.23.140 - - [09/Jan/2024:23:47:56 +0100] "GET /js/jquery.js HTTP/1.1" 200 54075 "http://www.wonder-geek.com/lighting-c-86.html" "Mozilla/5.0 (Macintosh; Intel Mac OS X 10_15_5) AppleWebKit/605.1.15 (KHTML, like Gecko) Version/13.1.1 Safari/605.1.15 (Applebot/0.1; +http://www.apple.com/go/applebot)"
17.246.15.82 - - [09/Jan/2024:23:47:57 +0100] "GET /js/jquery.jqzoom.js HTTP/1.1" 200 4761 "http://www.wonder-geek.com/lighting-c-86.html" "Mozilla/5.0 (Macintosh; Intel Mac OS X 10_15_5) AppleWebKit/605.1.15 (KHTML, like Gecko) Version/13.1.1 Safari/605.1.15 (Applebot/0.1; +http://www.apple.com/go/applebot)"
17.246.15.137 - - [09/Jan/2024:23:47:58 +0100] "GET /highslide/highslide.js HTTP/1.1" 200 42909 "http://www.wonder-geek.com/lighting-c-86.html" "Mozilla/5.0 (Macintosh; Intel Mac OS X 10_15_5) AppleWebKit/605.1.15 (KHTML, like Gecko) Version/13.1.1 Safari/605.1.15 (Applebot/0.1; +http://www.apple.com/go/applebot)"
17.246.15.60 - - [09/Jan/2024:23:47:58 +0100] "GET /mondial_relay/js/jquery-1.3.2.min.js HTTP/1.1" 200 57254 "http://www.wonder-geek.com/lighting-c-86.html" "Mozilla/5.0 (Macintosh; Intel Mac OS X 10_15_5) AppleWebKit/605.1.15 (KHTML, like Gecko) Version/13.1.1 Safari/605.1.15 (Applebot/0.1; +http://www.apple.com/go/applebot)"
17.246.19.107 - - [09/Jan/2024:23:47:58 +0100] "GET /js/jquery.masonry.min.js HTTP/1.1" 200 5392 "http://www.wonder-geek.com/lighting-c-86.html" "Mozilla/5.0 (Macintosh; Intel Mac OS X 10_15_5) AppleWebKit/605.1.15 (KHTML, like Gecko) Version/13.1.1 Safari/605.1.15 (Applebot/0.1; +http://www.apple.com/go/applebot)"
17.246.23.140 - - [09/Jan/2024:23:47:59 +0100] "GET /js/modernizr-transitions.js HTTP/1.1" 200 2026 "http://www.wonder-geek.com/lighting-c-86.html" "Mozilla/5.0 (Macintosh; Intel Mac OS X 10_15_5) AppleWebKit/605.1.15 (KHTML, like Gecko) Version/13.1.1 Safari/605.1.15 (Applebot/0.1; +http://www.apple.com/go/applebot)"
69.63.189.13 - - [09/Jan/2024:23:48:01 +0100] "GET /images/mini_prod/1399984256312.jpg HTTP/1.1" 200 7621 "-" "facebookexternalhit/1.1 (+http://www.facebook.com/externalhit_uatext.php)"
69.63.189.14 - - [09/Jan/2024:23:48:57 +0100] "GET /images/mini_prod/3700281666793.jpg HTTP/1.1" 200 3518 "-" "facebookexternalhit/1.1 (+http://www.facebook.com/externalhit_uatext.php)"
114.119.128.34 - - [09/Jan/2024:23:49:02 +0100] "GET /images/big_prod_1/3664944571117B.jpg HTTP/1.1" 200 644891 "http://www.wonder-geek.com/kawaii-money-p-61305.html" "Mozilla/5.0 (Linux; Android 7.0;) AppleWebKit/537.36 (KHTML, like Gecko) Mobile Safari/537.36 (compatible; PetalBot;+https://webmaster.petalsearch.com/site/petalbot)"
69.63.189.10 - - [09/Jan/2024:23:49:06 +0100] "GET /images/mini_prod/8422024204004.jpg HTTP/1.1" 200 8794 "-" "facebookexternalhit/1.1 (+http://www.facebook.com/externalhit_uatext.php)"
69.63.189.5 - - [09/Jan/2024:23:49:07 +0100] "GET /images/mini_prod/8719075395288.jpg HTTP/1.1" 200 7056 "-" "facebookexternalhit/1.1 (+http://www.facebook.com/externalhit_uatext.php)"
69.63.189.9 - - [09/Jan/2024:23:49:08 +0100] "GET /images/mini_prod/1300010258873.jpg HTTP/1.1" 200 6871 "-" "facebookexternalhit/1.1 (+http://www.facebook.com/externalhit_uatext.php)"
216.244.66.242 - - [09/Jan/2024:23:49:45 +0100] "GET /images/big_prod/3560600262538.jpg HTTP/1.1" 200 117456 "-" "Mozilla/5.0 (compatible; DotBot/1.2; +https://opensiteexplorer.org/dotbot; help@moz.com)"
216.244.66.242 - - [09/Jan/2024:23:49:54 +0100] "GET /images/big_prod/3560600314275.jpg HTTP/1.1" 200 149929 "-" "Mozilla/5.0 (compatible; DotBot/1.2; +https://opensiteexplorer.org/dotbot; help@moz.com)"
150.109.109.160 - - [09/Jan/2024:23:50:36 +0100] "GET /images/mini_prod/DSCN6253.jpg HTTP/1.1" 200 5623 "-" "Mozilla/5.0 (X11; Ubuntu; Linux x86_64; rv:72.0) Gecko/20100101 Firefox/72.0"
69.63.189.15 - - [09/Jan/2024:23:51:10 +0100] "GET /images/mini_prod/8433933205600.jpg HTTP/1.1" 200 8251 "-" "facebookexternalhit/1.1 (+http://www.facebook.com/externalhit_uatext.php)"
85.208.96.205 - - [09/Jan/2024:23:52:18 +0100] "GET /robots.txt HTTP/1.1" 200 2438 "-" "Mozilla/5.0 (compatible; SemrushBot/7~bl; +http://www.semrush.com/bot.html)"
69.63.189.119 - - [09/Jan/2024:23:52:21 +0100] "GET /images/mini_prod/8718317632303.jpg HTTP/1.1" 200 6079 "-" "facebookexternalhit/1.1 (+http://www.facebook.com/externalhit_uatext.php)"
216.244.66.242 - - [09/Jan/2024:23:52:57 +0100] "GET /images/039897693064.jpg HTTP/1.1" 200 91395 "-" "Mozilla/5.0 (compatible; DotBot/1.2; +https://opensiteexplorer.org/dotbot; help@moz.com)"
216.244.66.242 - - [09/Jan/2024:23:53:03 +0100] "GET /images/100_1868.jpg HTTP/1.1" 200 24322 "-" "Mozilla/5.0 (compatible; DotBot/1.2; +https://opensiteexplorer.org/dotbot; help@moz.com)"
216.244.66.242 - - [09/Jan/2024:23:53:07 +0100] "GET /images/100_1894.jpg HTTP/1.1" 200 21707 "-" "Mozilla/5.0 (compatible; DotBot/1.2; +https://opensiteexplorer.org/dotbot; help@moz.com)"
216.244.66.242 - - [09/Jan/2024:23:53:11 +0100] "GET /images/1399984245637.jpg HTTP/1.1" 200 18599 "-" "Mozilla/5.0 (compatible; DotBot/1.2; +https://opensiteexplorer.org/dotbot; help@moz.com)"
216.244.66.242 - - [09/Jan/2024:23:53:15 +0100] "GET /images/1399984248263.jpg HTTP/1.1" 200 30230 "-" "Mozilla/5.0 (compatible; DotBot/1.2; +https://opensiteexplorer.org/dotbot; help@moz.com)"
216.244.66.242 - - [09/Jan/2024:23:53:19 +0100] "GET /images/1399984251126.jpg HTTP/1.1" 200 84022 "-" "Mozilla/5.0 (compatible; DotBot/1.2; +https://opensiteexplorer.org/dotbot; help@moz.com)"
216.244.66.242 - - [09/Jan/2024:23:53:22 +0100] "GET /images/1399984258552.jpg HTTP/1.1" 200 113553 "-" "Mozilla/5.0 (compatible; DotBot/1.2; +https://opensiteexplorer.org/dotbot; help@moz.com)"
69.63.189.9 - - [09/Jan/2024:23:53:22 +0100] "GET /images/mini_prod/3700574900177.jpg HTTP/1.1" 200 5005 "-" "facebookexternalhit/1.1 (+http://www.facebook.com/externalhit_uatext.php)"
69.63.189.119 - - [09/Jan/2024:23:53:27 +0100] "GET /images/mini_prod/3503420057823.jpg HTTP/1.1" 200 4136 "-" "facebookexternalhit/1.1 (+http://www.facebook.com/externalhit_uatext.php)"
216.244.66.242 - - [09/Jan/2024:23:53:28 +0100] "GET /images/1399984263747.jpg HTTP/1.1" 200 224082 "-" "Mozilla/5.0 (compatible; DotBot/1.2; +https://opensiteexplorer.org/dotbot; help@moz.com)"
216.244.66.242 - - [09/Jan/2024:23:53:41 +0100] "GET /images/3279510807141.jpg HTTP/1.1" 200 30593 "-" "Mozilla/5.0 (compatible; DotBot/1.2; +https://opensiteexplorer.org/dotbot; help@moz.com)"
216.244.66.242 - - [09/Jan/2024:23:53:54 +0100] "GET /images/3560600231411.jpg HTTP/1.1" 200 23809 "-" "Mozilla/5.0 (compatible; DotBot/1.2; +https://opensiteexplorer.org/dotbot; help@moz.com)"
69.63.189.15 - - [09/Jan/2024:23:53:55 +0100] "GET /images/mini_prod/1399984254899.jpg HTTP/1.1" 200 11153 "-" "facebookexternalhit/1.1 (+http://www.facebook.com/externalhit_uatext.php)"
69.63.189.20 - - [09/Jan/2024:23:53:57 +0100] "GET /images/mini_prod/8422080298511.jpg HTTP/1.1" 200 4709 "-" "facebookexternalhit/1.1 (+http://www.facebook.com/externalhit_uatext.php)"
69.63.189.26 - - [09/Jan/2024:23:54:03 +0100] "GET /images/big_prod_2/b1345544935715.jpg HTTP/1.1" 200 66818 "-" "facebookexternalhit/1.1 (+http://www.facebook.com/externalhit_uatext.php)"
216.244.66.242 - - [09/Jan/2024:23:54:05 +0100] "GET /images/3609810023994.jpg HTTP/1.1" 200 117555 "-" "Mozilla/5.0 (compatible; DotBot/1.2; +https://opensiteexplorer.org/dotbot; help@moz.com)"
216.244.66.242 - - [09/Jan/2024:23:54:16 +0100] "GET /images/3700856401286.jpg HTTP/1.1" 200 65270 "-" "Mozilla/5.0 (compatible; DotBot/1.2; +https://opensiteexplorer.org/dotbot; help@moz.com)"
216.244.66.242 - - [09/Jan/2024:23:54:26 +0100] "GET /images/4012390316148.jpg HTTP/1.1" 200 22071 "-" "Mozilla/5.0 (compatible; DotBot/1.2; +https://opensiteexplorer.org/dotbot; help@moz.com)"
216.244.66.242 - - [09/Jan/2024:23:54:34 +0100] "GET /images/4895029694639.jpg HTTP/1.1" 200 49124 "-" "Mozilla/5.0 (compatible; DotBot/1.2; +https://opensiteexplorer.org/dotbot; help@moz.com)"
69.63.189.116 - - [09/Jan/2024:23:54:35 +0100] "GET /images/mini_prod/3700281657913.jpg HTTP/1.1" 200 5432 "-" "facebookexternalhit/1.1 (+http://www.facebook.com/externalhit_uatext.php)"
216.244.66.242 - - [09/Jan/2024:23:54:41 +0100] "GET /images/5010065984349.jpg HTTP/1.1" 200 31926 "-" "Mozilla/5.0 (compatible; DotBot/1.2; +https://opensiteexplorer.org/dotbot; help@moz.com)"
216.244.66.242 - - [09/Jan/2024:23:54:47 +0100] "GET /images/5018997515396.jpg HTTP/1.1" 200 19167 "-" "Mozilla/5.0 (compatible; DotBot/1.2; +https://opensiteexplorer.org/dotbot; help@moz.com)"
216.244.66.242 - - [09/Jan/2024:23:54:53 +0100] "GET /images/7601019991032.jpg HTTP/1.1" 200 33037 "-" "Mozilla/5.0 (compatible; DotBot/1.2; +https://opensiteexplorer.org/dotbot; help@moz.com)"
216.244.66.242 - - [09/Jan/2024:23:54:57 +0100] "GET /images/8423599061269.jpg HTTP/1.1" 200 41950 "-" "Mozilla/5.0 (compatible; DotBot/1.2; +https://opensiteexplorer.org/dotbot; help@moz.com)"
216.244.66.242 - - [09/Jan/2024:23:55:01 +0100] "GET /images/8435141366753.jpg HTTP/1.1" 200 31787 "-" "Mozilla/5.0 (compatible; DotBot/1.2; +https://opensiteexplorer.org/dotbot; help@moz.com)"
216.244.66.242 - - [09/Jan/2024:23:55:05 +0100] "GET /images/8435333880029.jpg HTTP/1.1" 200 16727 "-" "Mozilla/5.0 (compatible; DotBot/1.2; +https://opensiteexplorer.org/dotbot; help@moz.com)"
216.244.66.242 - - [09/Jan/2024:23:55:08 +0100] "GET /images/B10639.jpg HTTP/1.1" 200 25699 "-" "Mozilla/5.0 (compatible; DotBot/1.2; +https://opensiteexplorer.org/dotbot; help@moz.com)"
69.63.189.18 - - [09/Jan/2024:23:55:25 +0100] "GET /images/mini_prod/4043946232193.jpg HTTP/1.1" 200 7520 "-" "facebookexternalhit/1.1 (+http://www.facebook.com/externalhit_uatext.php)"
69.63.189.19 - - [09/Jan/2024:23:55:33 +0100] "GET /images/mini_prod/8422002014205.jpg HTTP/1.1" 200 8605 "-" "facebookexternalhit/1.1 (+http://www.facebook.com/externalhit_uatext.php)"
69.63.189.117 - - [09/Jan/2024:23:56:02 +0100] "GET /images/mini_prod/3665269292077.jpg HTTP/1.1" 200 4960 "-" "facebookexternalhit/1.1 (+http://www.facebook.com/externalhit_uatext.php)"
69.63.189.6 - - [09/Jan/2024:23:56:57 +0100] "GET /images/mini_prod/3700281666809.jpg HTTP/1.1" 200 3078 "-" "facebookexternalhit/1.1 (+http://www.facebook.com/externalhit_uatext.php)"
69.63.189.18 - - [09/Jan/2024:23:57:13 +0100] "GET /images/mini_prod/3503420159718.jpg HTTP/1.1" 200 7182 "-" "facebookexternalhit/1.1 (+http://www.facebook.com/externalhit_uatext.php)"
69.63.189.21 - - [09/Jan/2024:23:58:52 +0100] "GET /images/mini_prod/3371010281282.jpg HTTP/1.1" 200 6083 "-" "facebookexternalhit/1.1 (+http://www.facebook.com/externalhit_uatext.php)"
34.201.6.165 - - [09/Jan/2024:23:59:44 +0100] "GET /robots.txt HTTP/1.1" 200 2438 "-" "Go-http-client/1.1"
69.63.189.13 - - [09/Jan/2024:23:59:47 +0100] "GET /images/mini_prod/3453131131452.jpg HTTP/1.1" 200 5364 "-" "facebookexternalhit/1.1 (+http://www.facebook.com/externalhit_uatext.php)"
69.63.189.5 - - [10/Jan/2024:00:00:12 +0100] "GET /images/mini_prod/3494150108919.jpg HTTP/1.1" 200 13138 "-" "facebookexternalhit/1.1 (+http://www.facebook.com/externalhit_uatext.php)"
69.63.189.11 - - [10/Jan/2024:00:01:09 +0100] "GET /images/mini_prod/3453131147903.jpg HTTP/1.1" 200 7421 "-" "facebookexternalhit/1.1 (+http://www.facebook.com/externalhit_uatext.php)"
69.63.189.10 - - [10/Jan/2024:00:01:22 +0100] "GET /images/mini_prod/3442440310504.jpg HTTP/1.1" 200 4210 "-" "facebookexternalhit/1.1 (+http://www.facebook.com/externalhit_uatext.php)"
69.63.189.21 - - [10/Jan/2024:00:01:25 +0100] "GET /images/mini_prod/3700281666816.jpg HTTP/1.1" 200 3054 "-" "facebookexternalhit/1.1 (+http://www.facebook.com/externalhit_uatext.php)"
69.63.189.29 - - [10/Jan/2024:00:01:27 +0100] "GET /images/mini_prod/3665269293418.jpg HTTP/1.1" 200 5200 "-" "facebookexternalhit/1.1 (+http://www.facebook.com/externalhit_uatext.php)"
69.63.189.15 - - [10/Jan/2024:00:01:29 +0100] "GET /images/mini_prod/4029811377954.jpg HTTP/1.1" 200 6072 "-" "facebookexternalhit/1.1 (+http://www.facebook.com/externalhit_uatext.php)"
69.63.189.1 - - [10/Jan/2024:00:01:37 +0100] "GET /images/mini_prod/b8719497611119.jpg HTTP/1.1" 200 5864 "-" "facebookexternalhit/1.1 (+http://www.facebook.com/externalhit_uatext.php)"
69.63.189.18 - - [10/Jan/2024:00:01:46 +0100] "GET /images/mini_prod/1399986107216.jpg HTTP/1.1" 200 7539 "-" "facebookexternalhit/1.1 (+http://www.facebook.com/externalhit_uatext.php)"
69.63.189.15 - - [10/Jan/2024:00:01:52 +0100] "GET /images/mini_prod/3700281666779.jpg HTTP/1.1" 200 2968 "-" "facebookexternalhit/1.1 (+http://www.facebook.com/externalhit_uatext.php)"
69.63.189.27 - - [10/Jan/2024:00:02:34 +0100] "GET /images/mini_prod/8719172832372.jpg HTTP/1.1" 200 5567 "-" "facebookexternalhit/1.1 (+http://www.facebook.com/externalhit_uatext.php)"
69.63.189.13 - - [10/Jan/2024:00:02:58 +0100] "GET /images/mini_prod/4036113301419.jpg HTTP/1.1" 200 9628 "-" "facebookexternalhit/1.1 (+http://www.facebook.com/externalhit_uatext.php)"
69.63.189.14 - - [10/Jan/2024:00:03:47 +0100] "GET /images/mini_prod/B101375722572948.jpg HTTP/1.1" 200 5890 "-" "facebookexternalhit/1.1 (+http://www.facebook.com/externalhit_uatext.php)"
69.63.189.119 - - [10/Jan/2024:00:04:47 +0100] "GET /images/mini_prod/3700281666748.jpg HTTP/1.1" 200 2887 "-" "facebookexternalhit/1.1 (+http://www.facebook.com/externalhit_uatext.php)"
69.63.189.25 - - [10/Jan/2024:00:04:54 +0100] "GET /images/mini_prod/8422099990338.jpg HTTP/1.1" 200 5898 "-" "facebookexternalhit/1.1 (+http://www.facebook.com/externalhit_uatext.php)"
122.225.39.130 - - [10/Jan/2024:00:05:03 +0100] "GET /images/big_prod_2/c5018997632079.jpg HTTP/1.1" 200 129453 "-" "Mozilla/5.0 (X11; Ubuntu; Linux x86_64; rv:72.0) Gecko/20100101 Firefox/72.0"
69.63.189.9 - - [10/Jan/2024:00:05:12 +0100] "GET /images/mini_prod/8424344980316.jpg HTTP/1.1" 200 6327 "-" "facebookexternalhit/1.1 (+http://www.facebook.com/externalhit_uatext.php)"
52.167.144.225 - - [10/Jan/2024:00:05:48 +0100] "GET /images/090908_213438_PEEL_hXm3pn.jpg HTTP/1.1" 200 24907 "-" "Mozilla/5.0 AppleWebKit/537.36 (KHTML, like Gecko; compatible; bingbot/2.0; +http://www.bing.com/bingbot.htm) Chrome/116.0.1938.76 Safari/537.36"
52.167.144.185 - - [10/Jan/2024:00:08:13 +0100] "GET /images/B8412497371747B.jpg HTTP/1.1" 200 64604 "-" "Mozilla/5.0 (Windows NT 6.1; WOW64) AppleWebKit/534+ (KHTML, like Gecko) BingPreview/1.0b"
69.63.189.18 - - [10/Jan/2024:00:08:13 +0100] "GET /images/mini_prod/1399984254912.jpg HTTP/1.1" 200 10259 "-" "facebookexternalhit/1.1 (+http://www.facebook.com/externalhit_uatext.php)"
69.63.189.5 - - [10/Jan/2024:00:09:00 +0100] "GET /images/big_prod_1/8445146047199B.jpg HTTP/1.1" 200 492972 "-" "facebookexternalhit/1.1 (+http://www.facebook.com/externalhit_uatext.php)"
69.63.189.5 - - [10/Jan/2024:00:09:23 +0100] "GET /images/mini_prod/3700572773698z.jpg HTTP/1.1" 200 4636 "-" "facebookexternalhit/1.1 (+http://www.facebook.com/externalhit_uatext.php)"
69.63.189.26 - - [10/Jan/2024:00:09:58 +0100] "GET /images/mini_prod/1399986102815.jpg HTTP/1.1" 200 6816 "-" "facebookexternalhit/1.1 (+http://www.facebook.com/externalhit_uatext.php)"
69.63.189.7 - - [10/Jan/2024:00:10:00 +0100] "GET /images/mini_prod/boby121212.jpg HTTP/1.1" 200 8857 "-" "facebookexternalhit/1.1 (+http://www.facebook.com/externalhit_uatext.php)"
69.63.189.10 - - [10/Jan/2024:00:10:35 +0100] "GET /images/mini_prod/3700281646900.jpg HTTP/1.1" 200 5417 "-" "facebookexternalhit/1.1 (+http://www.facebook.com/externalhit_uatext.php)"
23.20.231.9 - - [10/Jan/2024:00:11:19 +0100] "GET /robots.txt HTTP/1.1" 200 2438 "-" "Go-http-client/1.1"
54.36.148.187 - - [10/Jan/2024:00:11:24 +0100] "GET /images/041689200657.jpg HTTP/1.1" 200 92683 "-" "Mozilla/5.0 (compatible; AhrefsBot/7.0; +http://ahrefs.com/robot/)"
69.63.189.120 - - [10/Jan/2024:00:12:01 +0100] "GET /images/big_prod_1/3700281675023a.jpg HTTP/1.1" 200 184235 "-" "facebookexternalhit/1.1 (+http://www.facebook.com/externalhit_uatext.php)"
69.63.189.4 - - [10/Jan/2024:00:12:15 +0100] "GET /images/mini_prod/3700572722702.jpg HTTP/1.1" 200 7392 "-" "facebookexternalhit/1.1 (+http://www.facebook.com/externalhit_uatext.php)"
69.63.189.118 - - [10/Jan/2024:00:12:53 +0100] "GET /images/mini_prod/3661443608511.jpg HTTP/1.1" 200 4577 "-" "facebookexternalhit/1.1 (+http://www.facebook.com/externalhit_uatext.php)"
69.63.189.17 - - [10/Jan/2024:00:13:06 +0100] "GET /images/mini_prod/3453131138796.jpg HTTP/1.1" 200 5409 "-" "facebookexternalhit/1.1 (+http://www.facebook.com/externalhit_uatext.php)"
69.63.189.16 - - [10/Jan/2024:00:13:59 +0100] "GET /images/mini_prod/3574642575006.jpg HTTP/1.1" 200 3911 "-" "facebookexternalhit/1.1 (+http://www.facebook.com/externalhit_uatext.php)"
69.63.189.20 - - [10/Jan/2024:00:14:33 +0100] "GET /images/mini_prod/5701359740597.jpg HTTP/1.1" 200 9867 "-" "facebookexternalhit/1.1 (+http://www.facebook.com/externalhit_uatext.php)"
69.63.189.14 - - [10/Jan/2024:00:15:34 +0100] "GET /images/mini_prod/8422669061178.jpg HTTP/1.1" 200 4125 "-" "facebookexternalhit/1.1 (+http://www.facebook.com/externalhit_uatext.php)"
69.63.189.12 - - [10/Jan/2024:00:15:40 +0100] "GET /images/mini_prod/4029811406647.jpg HTTP/1.1" 200 5172 "-" "facebookexternalhit/1.1 (+http://www.facebook.com/externalhit_uatext.php)"
69.63.189.120 - - [10/Jan/2024:00:16:00 +0100] "GET /images/mini_prod/3384370123895.jpg HTTP/1.1" 200 7460 "-" "facebookexternalhit/1.1 (+http://www.facebook.com/externalhit_uatext.php)"
69.63.189.4 - - [10/Jan/2024:00:16:20 +0100] "GET /images/mini_prod/8433933227381.jpg HTTP/1.1" 200 6257 "-" "facebookexternalhit/1.1 (+http://www.facebook.com/externalhit_uatext.php)"
3.89.202.68 - - [10/Jan/2024:00:16:22 +0100] "GET /images/mini_prod/VANGOGH.jpg HTTP/1.1" 200 7416 "-" "Go-http-client/1.1"
69.63.189.117 - - [10/Jan/2024:00:18:24 +0100] "GET /images/mini_prod/5060108721288.jpg HTTP/1.1" 200 7541 "-" "facebookexternalhit/1.1 (+http://www.facebook.com/externalhit_uatext.php)"
69.63.189.26 - - [10/Jan/2024:00:18:25 +0100] "GET /images/mini_prod/5400924279554.jpg HTTP/1.1" 200 4829 "-" "facebookexternalhit/1.1 (+http://www.facebook.com/externalhit_uatext.php)"
69.63.189.21 - - [10/Jan/2024:00:18:31 +0100] "GET /images/mini_prod/3014627973255.jpg HTTP/1.1" 200 1873 "-" "facebookexternalhit/1.1 (+http://www.facebook.com/externalhit_uatext.php)"
69.63.189.16 - - [10/Jan/2024:00:18:37 +0100] "GET /images/mini_prod/5060108722698.jpg HTTP/1.1" 200 6337 "-" "facebookexternalhit/1.1 (+http://www.facebook.com/externalhit_uatext.php)"
69.63.189.2 - - [10/Jan/2024:00:18:46 +0100] "GET /images/mini_prod/3665269132953.jpg HTTP/1.1" 200 3433 "-" "facebookexternalhit/1.1 (+http://www.facebook.com/externalhit_uatext.php)"
69.63.189.7 - - [10/Jan/2024:00:18:50 +0100] "GET /images/mini_prod/3453131153584.jpg HTTP/1.1" 200 4017 "-" "facebookexternalhit/1.1 (+http://www.facebook.com/externalhit_uatext.php)"
69.63.189.29 - - [10/Jan/2024:00:18:59 +0100] "GET /images/mini_prod/5601392310972Z.jpg HTTP/1.1" 200 7517 "-" "facebookexternalhit/1.1 (+http://www.facebook.com/externalhit_uatext.php)"
69.63.189.119 - - [10/Jan/2024:00:19:58 +0100] "GET /images/mini_prod/8720512978155.jpg HTTP/1.1" 200 7898 "-" "facebookexternalhit/1.1 (+http://www.facebook.com/externalhit_uatext.php)"
69.63.189.26 - - [10/Jan/2024:00:20:17 +0100] "GET /images/mini_prod/1328399319206.jpg HTTP/1.1" 200 6001 "-" "facebookexternalhit/1.1 (+http://www.facebook.com/externalhit_uatext.php)"
69.63.189.8 - - [10/Jan/2024:00:20:17 +0100] "GET /images/mini_prod/3503420076954.jpg HTTP/1.1" 200 5509 "-" "facebookexternalhit/1.1 (+http://www.facebook.com/externalhit_uatext.php)"
69.63.189.29 - - [10/Jan/2024:00:20:25 +0100] "GET /images/mini_prod/3494150100555.jpg HTTP/1.1" 200 12231 "-" "facebookexternalhit/1.1 (+http://www.facebook.com/externalhit_uatext.php)"
69.63.189.14 - - [10/Jan/2024:00:20:49 +0100] "GET /images/mini_prod/3453131156981.jpg HTTP/1.1" 200 6775 "-" "facebookexternalhit/1.1 (+http://www.facebook.com/externalhit_uatext.php)"
35.175.171.35 - - [10/Jan/2024:00:22:54 +0100] "GET /images/mini_prod/3700407620012.jpg HTTP/1.1" 200 10899 "-" "Go-http-client/1.1"
204.101.161.19 - - [10/Jan/2024:00:24:02 +0100] "GET /images/3760194999883.jpg HTTP/1.1" 200 22022 "-" "Mozilla/5.0 (Windows NT 6.1; Win64; x64) AppleWebKit/537.36 (KHTML, like Gecko) Chrome/60.0.3112.90 Safari/537.36"
47.128.59.134 - - [10/Jan/2024:00:24:22 +0100] "GET /highslide/graphics/outlines/drop-shadow.png HTTP/1.1" 200 2022 "http://www.wonder-geek.com/beatles-back-ussr-coin-purse-p-8087.html" "Mozilla/5.0 (compatible; Bytespider; spider-feedback@bytedance.com) AppleWebKit/537.36 (KHTML, like Gecko) Chrome/70.0.0.0 Safari/537.36"
47.128.59.134 - - [10/Jan/2024:00:24:22 +0100] "GET /images/16307.jpg HTTP/1.1" 200 34835 "http://www.wonder-geek.com/beatles-back-ussr-coin-purse-p-8087.html" "Mozilla/5.0 (compatible; Bytespider; spider-feedback@bytedance.com) AppleWebKit/537.36 (KHTML, like Gecko) Chrome/70.0.0.0 Safari/537.36"
69.63.189.22 - - [10/Jan/2024:00:24:30 +0100] "GET /images/mini_prod/3494150108766.jpg HTTP/1.1" 200 11046 "-" "facebookexternalhit/1.1 (+http://www.facebook.com/externalhit_uatext.php)"
103.52.188.152 - - [10/Jan/2024:00:24:31 +0100] "GET /images/mini_prod/5028486153565.jpg HTTP/1.1" 200 8764 "-" "Mozilla/5.0 (X11; Ubuntu; Linux x86_64; rv:72.0) Gecko/20100101 Firefox/72.0"
69.63.189.9 - - [10/Jan/2024:00:24:41 +0100] "GET /images/mini_prod/3503420146299.jpg HTTP/1.1" 200 5331 "-" "facebookexternalhit/1.1 (+http://www.facebook.com/externalhit_uatext.php)"
69.63.189.21 - - [10/Jan/2024:00:25:01 +0100] "GET /images/mini_prod/3384370063436.jpg HTTP/1.1" 200 10715 "-" "facebookexternalhit/1.1 (+http://www.facebook.com/externalhit_uatext.php)"
69.63.189.20 - - [10/Jan/2024:00:25:33 +0100] "GET /images/mini_prod/3438100337967.jpg HTTP/1.1" 200 6123 "-" "facebookexternalhit/1.1 (+http://www.facebook.com/externalhit_uatext.php)"
69.63.189.1 - - [10/Jan/2024:00:25:48 +0100] "GET /images/mini_prod/3453131150439.jpg HTTP/1.1" 200 10157 "-" "facebookexternalhit/1.1 (+http://www.facebook.com/externalhit_uatext.php)"
69.63.189.14 - - [10/Jan/2024:00:26:02 +0100] "GET /images/mini_prod/3700574900535.jpg HTTP/1.1" 200 5981 "-" "facebookexternalhit/1.1 (+http://www.facebook.com/externalhit_uatext.php)"
40.77.167.71 - - [10/Jan/2024:00:26:05 +0100] "GET /images/5018997517512.jpg HTTP/1.1" 200 115251 "-" "Mozilla/5.0 AppleWebKit/537.36 (KHTML, like Gecko; compatible; bingbot/2.0; +http://www.bing.com/bingbot.htm) Chrome/116.0.1938.76 Safari/537.36"
69.63.189.8 - - [10/Jan/2024:00:26:43 +0100] "GET /images/mini_prod/8422064411011.jpg HTTP/1.1" 200 5856 "-" "facebookexternalhit/1.1 (+http://www.facebook.com/externalhit_uatext.php)"
69.63.189.10 - - [10/Jan/2024:00:27:55 +0100] "GET /images/mini_prod/3700281655513.jpg HTTP/1.1" 200 6522 "-" "facebookexternalhit/1.1 (+http://www.facebook.com/externalhit_uatext.php)"
69.63.189.6 - - [10/Jan/2024:00:28:42 +0100] "GET /images/mini_prod/3442440238013.jpg HTTP/1.1" 200 4772 "-" "facebookexternalhit/1.1 (+http://www.facebook.com/externalhit_uatext.php)"
52.203.12.116 - - [10/Jan/2024:00:28:55 +0100] "GET /robots.txt HTTP/1.1" 200 2438 "-" "Go-http-client/1.1"
66.249.77.201 - - [10/Jan/2024:00:29:07 +0100] "GET /images/3684225058250.jpg HTTP/1.1" 200 32556 "-" "Googlebot-Image/1.0"
69.63.189.8 - - [10/Jan/2024:00:29:37 +0100] "GET /images/mini_prod/3700516218841.jpg HTTP/1.1" 200 6355 "-" "facebookexternalhit/1.1 (+http://www.facebook.com/externalhit_uatext.php)"
69.63.189.21 - - [10/Jan/2024:00:29:41 +0100] "GET /images/mini_prod/1384010188811.jpg HTTP/1.1" 200 5491 "-" "facebookexternalhit/1.1 (+http://www.facebook.com/externalhit_uatext.php)"
3.92.139.122 - - [10/Jan/2024:00:29:42 +0100] "GET /robots.txt HTTP/1.1" 200 2438 "-" "Go-http-client/1.1"
69.63.189.120 - - [10/Jan/2024:00:30:51 +0100] "GET /images/mini_prod/1384000000000.jpg HTTP/1.1" 200 5217 "-" "facebookexternalhit/1.1 (+http://www.facebook.com/externalhit_uatext.php)"
69.63.189.19 - - [10/Jan/2024:00:31:00 +0100] "GET /images/mini_prod/3384956585093.jpg HTTP/1.1" 200 4758 "-" "facebookexternalhit/1.1 (+http://www.facebook.com/externalhit_uatext.php)"
69.63.189.29 - - [10/Jan/2024:00:31:19 +0100] "GET /images/mini_prod/3565750306224.jpg HTTP/1.1" 200 6194 "-" "facebookexternalhit/1.1 (+http://www.facebook.com/externalhit_uatext.php)"
69.63.189.14 - - [10/Jan/2024:00:31:23 +0100] "GET /images/mini_prod/3700281669091.jpg HTTP/1.1" 200 3489 "-" "facebookexternalhit/1.1 (+http://www.facebook.com/externalhit_uatext.php)"
52.167.144.228 - - [10/Jan/2024:00:31:30 +0100] "GET /js/jquery.masonry.min.js HTTP/1.1" 200 5392 "-" "Mozilla/5.0 AppleWebKit/537.36 (KHTML, like Gecko; compatible; bingbot/2.0; +http://www.bing.com/bingbot.htm) Chrome/116.0.1938.76 Safari/537.36"
69.63.189.13 - - [10/Jan/2024:00:33:05 +0100] "GET /images/mini_prod/5415203601537.jpg HTTP/1.1" 200 3573 "-" "facebookexternalhit/1.1 (+http://www.facebook.com/externalhit_uatext.php)"
69.63.189.6 - - [10/Jan/2024:00:34:04 +0100] "GET /images/mini_prod/1399984227015.jpg HTTP/1.1" 200 8067 "-" "facebookexternalhit/1.1 (+http://www.facebook.com/externalhit_uatext.php)"
69.63.189.28 - - [10/Jan/2024:00:34:33 +0100] "GET /images/big_prod_1/3014627555710a.jpg HTTP/1.1" 200 69390 "-" "facebookexternalhit/1.1 (+http://www.facebook.com/externalhit_uatext.php)"
69.63.189.29 - - [10/Jan/2024:00:34:34 +0100] "GET /images/mini_prod/8422059532301.jpg HTTP/1.1" 200 4767 "-" "facebookexternalhit/1.1 (+http://www.facebook.com/externalhit_uatext.php)"
216.244.66.242 - - [10/Jan/2024:00:34:54 +0100] "GET /robots.txt HTTP/1.1" 200 2438 "-" "Mozilla/5.0 (compatible; DotBot/1.2; +https://opensiteexplorer.org/dotbot; help@moz.com)"
69.63.189.25 - - [10/Jan/2024:00:35:21 +0100] "GET /images/mini_prod/1345544148955A.jpg HTTP/1.1" 200 7397 "-" "facebookexternalhit/1.1 (+http://www.facebook.com/externalhit_uatext.php)"
69.63.189.17 - - [10/Jan/2024:00:37:20 +0100] "GET /images/mini_prod/1399984235300.jpg HTTP/1.1" 200 5709 "-" "facebookexternalhit/1.1 (+http://www.facebook.com/externalhit_uatext.php)"
69.63.189.29 - - [10/Jan/2024:00:38:21 +0100] "GET /images/mini_prod/8445148003292.jpg HTTP/1.1" 200 4996 "-" "facebookexternalhit/1.1 (+http://www.facebook.com/externalhit_uatext.php)"
69.63.189.11 - - [10/Jan/2024:00:38:23 +0100] "GET /images/mini_prod/3503420064555.jpg HTTP/1.1" 200 7815 "-" "facebookexternalhit/1.1 (+http://www.facebook.com/externalhit_uatext.php)"
69.63.189.22 - - [10/Jan/2024:00:38:47 +0100] "GET /images/mini_prod/3503420163890.jpg HTTP/1.1" 200 5938 "-" "facebookexternalhit/1.1 (+http://www.facebook.com/externalhit_uatext.php)"
69.63.189.17 - - [10/Jan/2024:00:40:08 +0100] "GET /images/mini_prod/3503420030291.jpg HTTP/1.1" 200 5522 "-" "facebookexternalhit/1.1 (+http://www.facebook.com/externalhit_uatext.php)"
69.63.189.26 - - [10/Jan/2024:00:40:21 +0100] "GET /images/mini_prod/3503420064371.jpg HTTP/1.1" 200 7238 "-" "facebookexternalhit/1.1 (+http://www.facebook.com/externalhit_uatext.php)"
69.63.189.3 - - [10/Jan/2024:00:41:06 +0100] "GET /images/mini_prod/4010070275402NN.jpg HTTP/1.1" 200 7503 "-" "facebookexternalhit/1.1 (+http://www.facebook.com/externalhit_uatext.php)"
69.63.189.9 - - [10/Jan/2024:00:41:21 +0100] "GET /images/mini_prod/3700281669220.jpg HTTP/1.1" 200 3171 "-" "facebookexternalhit/1.1 (+http://www.facebook.com/externalhit_uatext.php)"
69.63.189.20 - - [10/Jan/2024:00:41:28 +0100] "GET /images/mini_prod/1399984251768N.jpg HTTP/1.1" 200 9428 "-" "facebookexternalhit/1.1 (+http://www.facebook.com/externalhit_uatext.php)"
69.63.189.120 - - [10/Jan/2024:00:41:32 +0100] "GET /images/mini_prod/3503420044021.jpg HTTP/1.1" 200 5964 "-" "facebookexternalhit/1.1 (+http://www.facebook.com/externalhit_uatext.php)"
69.63.189.116 - - [10/Jan/2024:00:41:37 +0100] "GET /images/mini_prod/8420406803289.jpg HTTP/1.1" 200 9693 "-" "facebookexternalhit/1.1 (+http://www.facebook.com/externalhit_uatext.php)"
69.63.189.8 - - [10/Jan/2024:00:42:40 +0100] "GET /images/mini_prod/8712159170061.jpg HTTP/1.1" 200 4864 "-" "facebookexternalhit/1.1 (+http://www.facebook.com/externalhit_uatext.php)"
69.63.189.16 - - [10/Jan/2024:00:42:57 +0100] "GET /images/mini_prod/8151.jpg HTTP/1.1" 200 5403 "-" "facebookexternalhit/1.1 (+http://www.facebook.com/externalhit_uatext.php)"
69.63.189.13 - - [10/Jan/2024:00:43:08 +0100] "GET /images/mini_prod/8712159165197N.jpg HTTP/1.1" 200 9125 "-" "facebookexternalhit/1.1 (+http://www.facebook.com/externalhit_uatext.php)"
40.77.167.67 - - [10/Jan/2024:00:43:12 +0100] "GET /images/5110994699472.jpg HTTP/1.1" 200 31785 "-" "Mozilla/5.0 AppleWebKit/537.36 (KHTML, like Gecko; compatible; bingbot/2.0; +http://www.bing.com/bingbot.htm) Chrome/116.0.1938.76 Safari/537.36"
69.63.189.119 - - [10/Jan/2024:00:43:38 +0100] "GET /images/mini_prod/1399984225417.jpg HTTP/1.1" 200 5960 "-" "facebookexternalhit/1.1 (+http://www.facebook.com/externalhit_uatext.php)"
69.63.189.111 - - [10/Jan/2024:00:43:52 +0100] "GET /images/mini_prod/1384010206164.jpg HTTP/1.1" 200 9490 "-" "facebookexternalhit/1.1 (+http://www.facebook.com/externalhit_uatext.php)"
69.63.189.12 - - [10/Jan/2024:00:44:13 +0100] "GET /images/mini_prod/3453131148245.jpg HTTP/1.1" 200 6754 "-" "facebookexternalhit/1.1 (+http://www.facebook.com/externalhit_uatext.php)"
69.63.189.23 - - [10/Jan/2024:00:44:32 +0100] "GET /images/mini_prod/4029822500495.jpg HTTP/1.1" 200 3860 "-" "facebookexternalhit/1.1 (+http://www.facebook.com/externalhit_uatext.php)"
69.63.189.16 - - [10/Jan/2024:00:46:15 +0100] "GET /images/mini_prod/3453131148238.jpg HTTP/1.1" 200 6441 "-" "facebookexternalhit/1.1 (+http://www.facebook.com/externalhit_uatext.php)"
69.63.189.15 - - [10/Jan/2024:00:47:57 +0100] "GET /images/mini_prod/3700281659467.jpg HTTP/1.1" 200 4503 "-" "facebookexternalhit/1.1 (+http://www.facebook.com/externalhit_uatext.php)"
216.244.66.242 - - [10/Jan/2024:00:48:12 +0100] "GET /images/1300010238110.jpg HTTP/1.1" 200 145933 "-" "Mozilla/5.0 (compatible; DotBot/1.2; +https://opensiteexplorer.org/dotbot; help@moz.com)"
216.244.66.242 - - [10/Jan/2024:00:48:19 +0100] "GET /images/3438100334362bb.jpg HTTP/1.1" 200 25257 "-" "Mozilla/5.0 (compatible; DotBot/1.2; +https://opensiteexplorer.org/dotbot; help@moz.com)"
216.244.66.242 - - [10/Jan/2024:00:48:26 +0100] "GET /images/3453131053532.jpg HTTP/1.1" 200 35383 "-" "Mozilla/5.0 (compatible; DotBot/1.2; +https://opensiteexplorer.org/dotbot; help@moz.com)"
216.244.66.242 - - [10/Jan/2024:00:48:32 +0100] "GET /images/3453131112734.jpg HTTP/1.1" 200 144807 "-" "Mozilla/5.0 (compatible; DotBot/1.2; +https://opensiteexplorer.org/dotbot; help@moz.com)"
221.194.175.0 - - [10/Jan/2024:00:48:34 +0100] "GET /images/mini_prod/b8012052011455.jpg HTTP/1.1" 200 7581 "-" "Mozilla/5.0 (X11; Ubuntu; Linux x86_64; rv:72.0) Gecko/20100101 Firefox/72.0"
69.63.189.12 - - [10/Jan/2024:00:48:34 +0100] "GET /images/mini_prod/1399984252567.jpg HTTP/1.1" 200 6566 "-" "facebookexternalhit/1.1 (+http://www.facebook.com/externalhit_uatext.php)"
216.244.66.242 - - [10/Jan/2024:00:48:37 +0100] "GET /images/3540946602984.jpg HTTP/1.1" 200 86016 "-" "Mozilla/5.0 (compatible; DotBot/1.2; +https://opensiteexplorer.org/dotbot; help@moz.com)"
216.244.66.242 - - [10/Jan/2024:00:48:42 +0100] "GET /images/4010070240578.jpg HTTP/1.1" 200 165067 "-" "Mozilla/5.0 (compatible; DotBot/1.2; +https://opensiteexplorer.org/dotbot; help@moz.com)"
216.244.66.242 - - [10/Jan/2024:00:48:45 +0100] "GET /images/4012390323535.jpg HTTP/1.1" 200 21204 "-" "Mozilla/5.0 (compatible; DotBot/1.2; +https://opensiteexplorer.org/dotbot; help@moz.com)"
216.244.66.242 - - [10/Jan/2024:00:48:48 +0100] "GET /images/7601019994866.jpg HTTP/1.1" 200 35526 "-" "Mozilla/5.0 (compatible; DotBot/1.2; +https://opensiteexplorer.org/dotbot; help@moz.com)"
216.244.66.242 - - [10/Jan/2024:00:48:51 +0100] "GET /images/8016281601135.jpg HTTP/1.1" 200 41019 "-" "Mozilla/5.0 (compatible; DotBot/1.2; +https://opensiteexplorer.org/dotbot; help@moz.com)"
216.244.66.242 - - [10/Jan/2024:00:48:55 +0100] "GET /images/B5011994698970B.jpg HTTP/1.1" 200 127823 "-" "Mozilla/5.0 (compatible; DotBot/1.2; +https://opensiteexplorer.org/dotbot; help@moz.com)"
216.244.66.242 - - [10/Jan/2024:00:48:58 +0100] "GET /images/DSCN6326.jpg HTTP/1.1" 200 35857 "-" "Mozilla/5.0 (compatible; DotBot/1.2; +https://opensiteexplorer.org/dotbot; help@moz.com)"
69.63.189.120 - - [10/Jan/2024:00:49:22 +0100] "GET /images/mini_prod/8422002361200N.jpg HTTP/1.1" 200 4874 "-" "facebookexternalhit/1.1 (+http://www.facebook.com/externalhit_uatext.php)"
192.44.68.145 - - [10/Jan/2024:00:49:37 +0100] "GET /images/8435333807712.jpg HTTP/1.1" 200 92409 "-" "Mozilla/5.0 (X11; Ubuntu; Linux x86_64; rv:72.0) Gecko/20100101 Firefox/72.0"
216.244.66.242 - - [10/Jan/2024:00:49:45 +0100] "GET /images/MISES-EN-SITUATION-STACH-12.jpg HTTP/1.1" 200 20937 "-" "Mozilla/5.0 (compatible; DotBot/1.2; +https://opensiteexplorer.org/dotbot; help@moz.com)"
172.59.136.36 - - [10/Jan/2024:00:49:57 +0100] "GET /js/jquery.jqzoom.js HTTP/1.1" 200 4761 "http://www.wonder-geek.com/-p-33450.html" "Mozilla/5.0 (Linux; Android 9; KFTRWI) AppleWebKit/537.36 (KHTML, like Gecko) Silk/118.4.2 like Chrome/118.0.5993.155 Safari/537.36"
172.59.136.36 - - [10/Jan/2024:00:49:57 +0100] "GET /templates/Pixame_v1/stylesheet.css HTTP/1.1" 200 56057 "http://www.wonder-geek.com/-p-33450.html" "Mozilla/5.0 (Linux; Android 9; KFTRWI) AppleWebKit/537.36 (KHTML, like Gecko) Silk/118.4.2 like Chrome/118.0.5993.155 Safari/537.36"
172.59.136.36 - - [10/Jan/2024:00:49:57 +0100] "GET /highslide/highslide.js HTTP/1.1" 200 42909 "http://www.wonder-geek.com/-p-33450.html" "Mozilla/5.0 (Linux; Android 9; KFTRWI) AppleWebKit/537.36 (KHTML, like Gecko) Silk/118.4.2 like Chrome/118.0.5993.155 Safari/537.36"
172.59.136.36 - - [10/Jan/2024:00:49:57 +0100] "GET /mondial_relay/js/jquery-1.3.2.min.js HTTP/1.1" 200 57254 "http://www.wonder-geek.com/-p-33450.html" "Mozilla/5.0 (Linux; Android 9; KFTRWI) AppleWebKit/537.36 (KHTML, like Gecko) Silk/118.4.2 like Chrome/118.0.5993.155 Safari/537.36"
172.59.136.36 - - [10/Jan/2024:00:49:57 +0100] "GET /templates/Pixame_v1/images/icon_accueil2.png HTTP/1.1" 200 1137 "http://www.wonder-geek.com/-p-33450.html" "Mozilla/5.0 (Linux; Android 9; KFTRWI) AppleWebKit/537.36 (KHTML, like Gecko) Silk/118.4.2 like Chrome/118.0.5993.155 Safari/537.36"
172.59.136.36 - - [10/Jan/2024:00:49:57 +0100] "GET /js/jquery.js HTTP/1.1" 200 54075 "http://www.wonder-geek.com/-p-33450.html" "Mozilla/5.0 (Linux; Android 9; KFTRWI) AppleWebKit/537.36 (KHTML, like Gecko) Silk/118.4.2 like Chrome/118.0.5993.155 Safari/537.36"
172.59.136.36 - - [10/Jan/2024:00:49:58 +0100] "GET /templates/Pixame_v1/images/nav.png HTTP/1.1" 200 1283 "http://www.wonder-geek.com/templates/Pixame_v1/stylesheet.css" "Mozilla/5.0 (Linux; Android 9; KFTRWI) AppleWebKit/537.36 (KHTML, like Gecko) Silk/118.4.2 like Chrome/118.0.5993.155 Safari/537.36"
172.59.136.36 - - [10/Jan/2024:00:49:58 +0100] "GET /design/productsenstock.png HTTP/1.1" 200 4743 "http://www.wonder-geek.com/templates/Pixame_v1/stylesheet.css" "Mozilla/5.0 (Linux; Android 9; KFTRWI) AppleWebKit/537.36 (KHTML, like Gecko) Silk/118.4.2 like Chrome/118.0.5993.155 Safari/537.36"
172.59.136.36 - - [10/Jan/2024:00:49:59 +0100] "GET /templates/Pixame_v1/images/header-object.png HTTP/1.1" 200 106050 "http://www.wonder-geek.com/templates/Pixame_v1/stylesheet.css" "Mozilla/5.0 (Linux; Android 9; KFTRWI) AppleWebKit/537.36 (KHTML, like Gecko) Silk/118.4.2 like Chrome/118.0.5993.155 Safari/537.36"
172.59.136.36 - - [10/Jan/2024:00:49:59 +0100] "GET /templates/Pixame_v1/images/header.png HTTP/1.1" 200 70245 "http://www.wonder-geek.com/templates/Pixame_v1/stylesheet.css" "Mozilla/5.0 (Linux; Android 9; KFTRWI) AppleWebKit/537.36 (KHTML, like Gecko) Silk/118.4.2 like Chrome/118.0.5993.155 Safari/537.36"
