69.63.189.120 - - [09/Jan/2024:22:14:10 +0100] "GET /images/mini_prod/5602972260083.jpg HTTP/1.1" 200 9129 "-" "facebookexternalhit/1.1 (+http://www.facebook.com/externalhit_uatext.php)"
69.63.189.8 - - [09/Jan/2024:22:14:14 +0100] "GET /images/mini_prod/8422017867018.jpg HTTP/1.1" 200 8395 "-" "facebookexternalhit/1.1 (+http://www.facebook.com/externalhit_uatext.php)"
69.63.189.120 - - [09/Jan/2024:22:14:45 +0100] "GET /images/mini_prod/3453131147200.jpg HTTP/1.1" 200 7692 "-" "facebookexternalhit/1.1 (+http://www.facebook.com/externalhit_uatext.php)"
101.44.251.12 - - [09/Jan/2024:22:14:56 +0100] "GET /images/mini_prod/4036113307268.jpg HTTP/1.1" 200 8283 "-" "Mozilla/5.0 (Windows NT 10.0; Win64; x64) AppleWebKit/537.36 (KHTML, like Gecko) Chrome/58.0.3029.110 Safari/537.3"
66.249.77.199 - - [09/Jan/2024:22:15:25 +0100] "GET /images/big_prod_1/3574641077457.jpg HTTP/1.1" 200 516442 "-" "Googlebot-Image/1.0"
69.63.189.25 - - [09/Jan/2024:22:15:31 +0100] "GET /images/mini_prod/8433933294246.jpg HTTP/1.1" 200 9185 "-" "facebookexternalhit/1.1 (+http://www.facebook.com/externalhit_uatext.php)"
69.63.189.3 - - [09/Jan/2024:22:15:36 +0100] "GET /images/mini_prod/4029811442270.jpg HTTP/1.1" 200 4678 "-" "facebookexternalhit/1.1 (+http://www.facebook.com/externalhit_uatext.php)"
69.63.189.4 - - [09/Jan/2024:22:15:38 +0100] "GET /images/mini_prod/3503420078927N.jpg HTTP/1.1" 200 5816 "-" "facebookexternalhit/1.1 (+http://www.facebook.com/externalhit_uatext.php)"
103.52.188.152 - - [09/Jan/2024:22:15:48 +0100] "GET /images/mini_prod/3760116310321.jpg HTTP/1.1" 200 10103 "-" "Mozilla/5.0 (X11; Ubuntu; Linux x86_64; rv:72.0) Gecko/20100101 Firefox/72.0"
69.63.189.119 - - [09/Jan/2024:22:16:22 +0100] "GET /images/mini_prod/3565750306231.jpg HTTP/1.1" 200 4724 "-" "facebookexternalhit/1.1 (+http://www.facebook.com/externalhit_uatext.php)"
69.63.189.119 - - [09/Jan/2024:22:16:44 +0100] "GET /images/mini_prod/1399984231289.jpg HTTP/1.1" 200 9592 "-" "facebookexternalhit/1.1 (+http://www.facebook.com/externalhit_uatext.php)"
17.241.75.251 - - [09/Jan/2024:22:19:18 +0100] "GET /images/mini_prod/3171204002231.jpg HTTP/1.1" 200 6926 "-" "Mozilla/5.0 (Macintosh; Intel Mac OS X 10_15_5) AppleWebKit/605.1.15 (KHTML, like Gecko) Version/13.1.1 Safari/605.1.15 (Applebot/0.1; +http://www.apple.com/go/applebot)"
69.63.189.25 - - [09/Jan/2024:22:19:43 +0100] "GET /images/mini_prod/1384010207543.jpg HTTP/1.1" 200 7277 "-" "facebookexternalhit/1.1 (+http://www.facebook.com/externalhit_uatext.php)"
69.63.189.12 - - [09/Jan/2024:22:20:32 +0100] "GET /images/mini_prod/3384356585082Z.jpg HTTP/1.1" 200 3609 "-" "facebookexternalhit/1.1 (+http://www.facebook.com/externalhit_uatext.php)"
69.63.189.10 - - [09/Jan/2024:22:20:37 +0100] "GET /images/mini_prod/3700516301352.jpg HTTP/1.1" 200 7576 "-" "facebookexternalhit/1.1 (+http://www.facebook.com/externalhit_uatext.php)"
69.63.189.13 - - [09/Jan/2024:22:21:03 +0100] "GET /images/mini_prod/3494150108773.jpg HTTP/1.1" 200 11228 "-" "facebookexternalhit/1.1 (+http://www.facebook.com/externalhit_uatext.php)"
69.63.189.2 - - [09/Jan/2024:22:21:24 +0100] "GET /images/mini_prod/3700574900696.jpg HTTP/1.1" 200 5331 "-" "facebookexternalhit/1.1 (+http://www.facebook.com/externalhit_uatext.php)"
69.63.189.7 - - [09/Jan/2024:22:21:35 +0100] "GET /images/mini_prod/4542202428344.jpg HTTP/1.1" 200 6313 "-" "facebookexternalhit/1.1 (+http://www.facebook.com/externalhit_uatext.php)"
69.63.189.120 - - [09/Jan/2024:22:22:56 +0100] "GET /images/mini_prod/045544950022.jpg HTTP/1.1" 200 7414 "-" "facebookexternalhit/1.1 (+http://www.facebook.com/externalhit_uatext.php)"
69.63.189.9 - - [09/Jan/2024:22:23:11 +0100] "GET /images/mini_prod/3700281653236.jpg HTTP/1.1" 200 6860 "-" "facebookexternalhit/1.1 (+http://www.facebook.com/externalhit_uatext.php)"
101.44.251.237 - - [09/Jan/2024:22:23:39 +0100] "GET /images/mini_prod/3453131152686.jpg HTTP/1.1" 200 10290 "-" "Mozilla/5.0 (Windows NT 10.0; Win64; x64) AppleWebKit/537.36 (KHTML, like Gecko) Chrome/58.0.3029.110 Safari/537.3"
69.63.189.21 - - [09/Jan/2024:22:24:05 +0100] "GET /images/mini_prod/3700281644500.jpg HTTP/1.1" 200 9422 "-" "facebookexternalhit/1.1 (+http://www.facebook.com/externalhit_uatext.php)"
69.63.189.23 - - [09/Jan/2024:22:24:44 +0100] "GET /images/mini_prod/3453131145671.jpg HTTP/1.1" 200 7343 "-" "facebookexternalhit/1.1 (+http://www.facebook.com/externalhit_uatext.php)"
69.63.189.4 - - [09/Jan/2024:22:25:20 +0100] "GET /images/mini_prod/3700281668421.jpg HTTP/1.1" 200 4364 "-" "facebookexternalhit/1.1 (+http://www.facebook.com/externalhit_uatext.php)"
69.63.189.20 - - [09/Jan/2024:22:25:40 +0100] "GET /images/mini_prod/3700572730806.jpg HTTP/1.1" 200 7736 "-" "facebookexternalhit/1.1 (+http://www.facebook.com/externalhit_uatext.php)"
69.63.189.13 - - [09/Jan/2024:22:25:52 +0100] "GET /images/mini_prod/3453131147897N.jpg HTTP/1.1" 200 6001 "-" "facebookexternalhit/1.1 (+http://www.facebook.com/externalhit_uatext.php)"
69.63.189.11 - - [09/Jan/2024:22:25:52 +0100] "GET /images/mini_prod/1384010188828.jpg HTTP/1.1" 200 5929 "-" "facebookexternalhit/1.1 (+http://www.facebook.com/externalhit_uatext.php)"
69.63.189.25 - - [09/Jan/2024:22:26:09 +0100] "GET /images/mini_prod/3612875124247.jpg HTTP/1.1" 200 6678 "-" "facebookexternalhit/1.1 (+http://www.facebook.com/externalhit_uatext.php)"
36.110.175.199 - - [09/Jan/2024:22:26:18 +0100] "GET /images/big_prod_3/028399270163a.jpg HTTP/1.1" 200 113538 "-" "Mozilla/5.0 (Windows NT 10.0; Win64; x64) AppleWebKit/537.36 (KHTML, like Gecko) Chrome/58.0.3029.110 Safari/537.3"
69.63.189.116 - - [09/Jan/2024:22:26:26 +0100] "GET /images/mini_prod/3700281659474.jpg HTTP/1.1" 200 4703 "-" "facebookexternalhit/1.1 (+http://www.facebook.com/externalhit_uatext.php)"
69.63.189.6 - - [09/Jan/2024:22:26:39 +0100] "GET /images/mini_prod/8433933153154.jpg HTTP/1.1" 200 6462 "-" "facebookexternalhit/1.1 (+http://www.facebook.com/externalhit_uatext.php)"
69.63.189.118 - - [09/Jan/2024:22:26:42 +0100] "GET /images/mini_prod/3700276281123B.jpg HTTP/1.1" 200 8710 "-" "facebookexternalhit/1.1 (+http://www.facebook.com/externalhit_uatext.php)"
69.63.189.15 - - [09/Jan/2024:22:27:00 +0100] "GET /images/mini_prod/000010258811.jpg HTTP/1.1" 200 8337 "-" "facebookexternalhit/1.1 (+http://www.facebook.com/externalhit_uatext.php)"
69.63.189.12 - - [09/Jan/2024:22:27:41 +0100] "GET /images/mini_prod/3612875123875.jpg HTTP/1.1" 200 8161 "-" "facebookexternalhit/1.1 (+http://www.facebook.com/externalhit_uatext.php)"
69.63.189.117 - - [09/Jan/2024:22:27:59 +0100] "GET /images/mini_prod/3553568132142.jpg HTTP/1.1" 200 6898 "-" "facebookexternalhit/1.1 (+http://www.facebook.com/externalhit_uatext.php)"
180.76.14.138 - - [09/Jan/2024:22:28:56 +0100] "GET /images/mini_prod/3503420029127.jpg HTTP/1.1" 200 7960 "-" "Mozilla/5.0 (X11; Ubuntu; Linux x86_64; rv:72.0) Gecko/20100101 Firefox/72.0"
69.63.189.118 - - [09/Jan/2024:22:29:38 +0100] "GET /images/mini_prod/8422017867001.jpg HTTP/1.1" 200 9840 "-" "facebookexternalhit/1.1 (+http://www.facebook.com/externalhit_uatext.php)"
101.44.251.6 - - [09/Jan/2024:22:29:45 +0100] "GET /images/mini_prod/TROME3137.jpg HTTP/1.1" 200 27054 "-" "Mozilla/5.0 (Windows NT 10.0; Win64; x64) AppleWebKit/537.36 (KHTML, like Gecko) Chrome/58.0.3029.110 Safari/537.3"
69.63.189.13 - - [09/Jan/2024:22:30:02 +0100] "GET /images/mini_prod/8422023017926F.jpg HTTP/1.1" 200 7843 "-" "facebookexternalhit/1.1 (+http://www.facebook.com/externalhit_uatext.php)"
69.63.189.120 - - [09/Jan/2024:22:30:05 +0100] "GET /images/mini_prod/3609810079731b.jpg HTTP/1.1" 200 4517 "-" "facebookexternalhit/1.1 (+http://www.facebook.com/externalhit_uatext.php)"
69.63.189.3 - - [09/Jan/2024:22:30:06 +0100] "GET /images/mini_prod/3665269272642.jpg HTTP/1.1" 200 3197 "-" "facebookexternalhit/1.1 (+http://www.facebook.com/externalhit_uatext.php)"
69.63.189.15 - - [09/Jan/2024:22:30:54 +0100] "GET /images/mini_prod/3665269126211.jpg HTTP/1.1" 200 7906 "-" "facebookexternalhit/1.1 (+http://www.facebook.com/externalhit_uatext.php)"
54.205.72.235 - - [09/Jan/2024:22:30:57 +0100] "GET /images/mini_prod/8433933436172.jpg HTTP/1.1" 200 5096 "-" "Go-http-client/1.1"
69.63.189.118 - - [09/Jan/2024:22:31:05 +0100] "GET /images/mini_prod/cuba1300010240182.jpg HTTP/1.1" 200 11686 "-" "facebookexternalhit/1.1 (+http://www.facebook.com/externalhit_uatext.php)"
180.76.14.132 - - [09/Jan/2024:22:31:16 +0100] "GET /images/mini_prod/8435333820759.jpg HTTP/1.1" 200 6041 "-" "Mozilla/5.0 (X11; Ubuntu; Linux x86_64; rv:72.0) Gecko/20100101 Firefox/72.0"
69.63.189.22 - - [09/Jan/2024:22:31:26 +0100] "GET /images/mini_prod/1399984237168.jpg HTTP/1.1" 200 3597 "-" "facebookexternalhit/1.1 (+http://www.facebook.com/externalhit_uatext.php)"
69.63.189.12 - - [09/Jan/2024:22:32:05 +0100] "GET /images/mini_prod/5060108722681.jpg HTTP/1.1" 200 6651 "-" "facebookexternalhit/1.1 (+http://www.facebook.com/externalhit_uatext.php)"
69.63.189.24 - - [09/Jan/2024:22:32:11 +0100] "GET /images/mini_prod/3700287119033.jpg HTTP/1.1" 200 2631 "-" "facebookexternalhit/1.1 (+http://www.facebook.com/externalhit_uatext.php)"
69.63.189.28 - - [09/Jan/2024:22:32:13 +0100] "GET /images/mini_prod/1399984228012bis.jpg HTTP/1.1" 200 6704 "-" "facebookexternalhit/1.1 (+http://www.facebook.com/externalhit_uatext.php)"
69.63.189.9 - - [09/Jan/2024:22:32:17 +0100] "GET /images/mini_prod/1004038301008.jpg HTTP/1.1" 200 7013 "-" "facebookexternalhit/1.1 (+http://www.facebook.com/externalhit_uatext.php)"
69.63.189.15 - - [09/Jan/2024:22:32:44 +0100] "GET /images/mini_prod/1384000000376.jpg HTTP/1.1" 200 9271 "-" "facebookexternalhit/1.1 (+http://www.facebook.com/externalhit_uatext.php)"
69.63.189.118 - - [09/Jan/2024:22:33:10 +0100] "GET /images/mini_prod/3700281645187.jpg HTTP/1.1" 200 9958 "-" "facebookexternalhit/1.1 (+http://www.facebook.com/externalhit_uatext.php)"
69.63.189.118 - - [09/Jan/2024:22:34:08 +0100] "GET /images/mini_prod/3359103062376.jpg HTTP/1.1" 200 3015 "-" "facebookexternalhit/1.1 (+http://www.facebook.com/externalhit_uatext.php)"
107.189.13.93 - - [09/Jan/2024:22:34:46 +0100] "GET /js/jquery.jqzoom.js HTTP/1.1" 200 4761 "http://www.wonder-geek.com/" "Mozilla/5.0 (X11; Linux x86_64) AppleWebKit/537.36 (KHTML, like Gecko) HeadlessChrome/110.0.5481.100 Safari/537.36"
107.189.13.93 - - [09/Jan/2024:22:34:46 +0100] "GET /highslide/highslide.js HTTP/1.1" 200 42909 "http://www.wonder-geek.com/" "Mozilla/5.0 (X11; Linux x86_64) AppleWebKit/537.36 (KHTML, like Gecko) HeadlessChrome/110.0.5481.100 Safari/537.36"
107.189.13.93 - - [09/Jan/2024:22:34:46 +0100] "GET /js/jquery.js HTTP/1.1" 200 54075 "http://www.wonder-geek.com/" "Mozilla/5.0 (X11; Linux x86_64) AppleWebKit/537.36 (KHTML, like Gecko) HeadlessChrome/110.0.5481.100 Safari/537.36"
107.189.13.93 - - [09/Jan/2024:22:34:47 +0100] "GET /mondial_relay/js/jquery-1.3.2.min.js HTTP/1.1" 200 57254 "http://www.wonder-geek.com/" "Mozilla/5.0 (X11; Linux x86_64) AppleWebKit/537.36 (KHTML, like Gecko) HeadlessChrome/110.0.5481.100 Safari/537.36"
107.189.13.93 - - [09/Jan/2024:22:34:47 +0100] "GET /templates/Pixame_v1/stylesheet.css HTTP/1.1" 200 56057 "http://www.wonder-geek.com/" "Mozilla/5.0 (X11; Linux x86_64) AppleWebKit/537.36 (KHTML, like Gecko) HeadlessChrome/110.0.5481.100 Safari/537.36"
69.63.189.16 - - [09/Jan/2024:22:34:51 +0100] "GET /images/mini_prod/8422059532547.jpg HTTP/1.1" 200 4321 "-" "facebookexternalhit/1.1 (+http://www.facebook.com/externalhit_uatext.php)"
107.189.13.93 - - [09/Jan/2024:22:34:52 +0100] "GET /js/jquery.masonry.min.js HTTP/1.1" 200 5392 "http://www.wonder-geek.com/" "Mozilla/5.0 (X11; Linux x86_64) AppleWebKit/537.36 (KHTML, like Gecko) HeadlessChrome/110.0.5481.100 Safari/537.36"
107.189.13.93 - - [09/Jan/2024:22:34:52 +0100] "GET /js/modernizr-transitions.js HTTP/1.1" 200 2026 "http://www.wonder-geek.com/" "Mozilla/5.0 (X11; Linux x86_64) AppleWebKit/537.36 (KHTML, like Gecko) HeadlessChrome/110.0.5481.100 Safari/537.36"
107.189.13.93 - - [09/Jan/2024:22:34:52 +0100] "GET /templates/Pixame_v1/images/icon_accueil2.png HTTP/1.1" 200 1137 "http://www.wonder-geek.com/" "Mozilla/5.0 (X11; Linux x86_64) AppleWebKit/537.36 (KHTML, like Gecko) HeadlessChrome/110.0.5481.100 Safari/537.36"
50.118.225.161 - - [09/Jan/2024:22:34:54 +0100] "GET /templates/Pixame_v1/images/Middle_texture.jpg HTTP/1.1" 200 249620 "http://www.wonder-geek.com/templates/Pixame_v1/stylesheet.css" "Mozilla/5.0 (X11; Linux x86_64) AppleWebKit/537.36 (KHTML, like Gecko) HeadlessChrome/110.0.5481.100 Safari/537.36"
107.189.13.93 - - [09/Jan/2024:22:34:54 +0100] "GET /templates/Pixame_v1/images/Bottom_texture.jpg HTTP/1.1" 200 56290 "http://www.wonder-geek.com/templates/Pixame_v1/stylesheet.css" "Mozilla/5.0 (X11; Linux x86_64) AppleWebKit/537.36 (KHTML, like Gecko) HeadlessChrome/110.0.5481.100 Safari/537.36"
107.189.13.93 - - [09/Jan/2024:22:34:55 +0100] "GET /templates/Pixame_v1/images/nav.png HTTP/1.1" 200 1283 "http://www.wonder-geek.com/templates/Pixame_v1/stylesheet.css" "Mozilla/5.0 (X11; Linux x86_64) AppleWebKit/537.36 (KHTML, like Gecko) HeadlessChrome/110.0.5481.100 Safari/537.36"
107.189.13.93 - - [09/Jan/2024:22:34:56 +0100] "GET /design/productsenstock.png HTTP/1.1" 200 4743 "http://www.wonder-geek.com/templates/Pixame_v1/stylesheet.css" "Mozilla/5.0 (X11; Linux x86_64) AppleWebKit/537.36 (KHTML, like Gecko) HeadlessChrome/110.0.5481.100 Safari/537.36"
107.189.13.93 - - [09/Jan/2024:22:34:57 +0100] "GET /templates/Pixame_v1/images/header.png HTTP/1.1" 200 70245 "http://www.wonder-geek.com/templates/Pixame_v1/stylesheet.css" "Mozilla/5.0 (X11; Linux x86_64) AppleWebKit/537.36 (KHTML, like Gecko) HeadlessChrome/110.0.5481.100 Safari/537.36"
107.189.13.93 - - [09/Jan/2024:22:34:59 +0100] "GET /templates/Pixame_v1/images/header-object.png HTTP/1.1" 200 106050 "http://www.wonder-geek.com/templates/Pixame_v1/stylesheet.css" "Mozilla/5.0 (X11; Linux x86_64) AppleWebKit/537.36 (KHTML, like Gecko) HeadlessChrome/110.0.5481.100 Safari/537.36"
107.189.13.93 - - [09/Jan/2024:22:34:59 +0100] "GET /images/mini_prod/3665269293029.jpg HTTP/1.1" 200 12011 "http://www.wonder-geek.com/" "Mozilla/5.0 (X11; Linux x86_64) AppleWebKit/537.36 (KHTML, like Gecko) HeadlessChrome/110.0.5481.100 Safari/537.36"
107.189.13.93 - - [09/Jan/2024:22:35:01 +0100] "GET /images/mini_prod/8712159196115z.jpg HTTP/1.1" 200 4289 "http://www.wonder-geek.com/" "Mozilla/5.0 (X11; Linux x86_64) AppleWebKit/537.36 (KHTML, like Gecko) HeadlessChrome/110.0.5481.100 Safari/537.36"
69.63.189.6 - - [09/Jan/2024:22:35:01 +0100] "GET /images/mini_prod/1399986106066.jpg HTTP/1.1" 200 4713 "-" "facebookexternalhit/1.1 (+http://www.facebook.com/externalhit_uatext.php)"
107.189.13.93 - - [09/Jan/2024:22:35:01 +0100] "GET /images/mini_prod/5605247646148.jpg HTTP/1.1" 200 7962 "http://www.wonder-geek.com/" "Mozilla/5.0 (X11; Linux x86_64) AppleWebKit/537.36 (KHTML, like Gecko) HeadlessChrome/110.0.5481.100 Safari/537.36"
107.189.13.93 - - [09/Jan/2024:22:35:01 +0100] "GET /images/mini_prod/8712159193244z.jpg HTTP/1.1" 200 5437 "http://www.wonder-geek.com/" "Mozilla/5.0 (X11; Linux x86_64) AppleWebKit/537.36 (KHTML, like Gecko) HeadlessChrome/110.0.5481.100 Safari/537.36"
50.118.225.161 - - [09/Jan/2024:22:35:02 +0100] "GET /images/mini_prod/3700281692532.jpg HTTP/1.1" 200 4709 "http://www.wonder-geek.com/" "Mozilla/5.0 (X11; Linux x86_64) AppleWebKit/537.36 (KHTML, like Gecko) HeadlessChrome/110.0.5481.100 Safari/537.36"
107.189.13.93 - - [09/Jan/2024:22:35:02 +0100] "GET /images/mini_prod/8712159192919z.jpg HTTP/1.1" 200 8899 "http://www.wonder-geek.com/" "Mozilla/5.0 (X11; Linux x86_64) AppleWebKit/537.36 (KHTML, like Gecko) HeadlessChrome/110.0.5481.100 Safari/537.36"
107.189.13.93 - - [09/Jan/2024:22:35:03 +0100] "GET /images/mini_prod/3700281697490.jpg HTTP/1.1" 200 5046 "http://www.wonder-geek.com/" "Mozilla/5.0 (X11; Linux x86_64) AppleWebKit/537.36 (KHTML, like Gecko) HeadlessChrome/110.0.5481.100 Safari/537.36"
107.189.13.93 - - [09/Jan/2024:22:35:04 +0100] "GET /images/mini_prod/3665269271003.jpg HTTP/1.1" 200 7169 "http://www.wonder-geek.com/" "Mozilla/5.0 (X11; Linux x86_64) AppleWebKit/537.36 (KHTML, like Gecko) HeadlessChrome/110.0.5481.100 Safari/537.36"
107.189.13.93 - - [09/Jan/2024:22:35:04 +0100] "GET /images/mini_prod/5605247647152.jpg HTTP/1.1" 200 6869 "http://www.wonder-geek.com/" "Mozilla/5.0 (X11; Linux x86_64) AppleWebKit/537.36 (KHTML, like Gecko) HeadlessChrome/110.0.5481.100 Safari/537.36"
107.189.13.93 - - [09/Jan/2024:22:35:04 +0100] "GET /images/mini_prod/4029811459650.jpg HTTP/1.1" 200 5331 "http://www.wonder-geek.com/" "Mozilla/5.0 (X11; Linux x86_64) AppleWebKit/537.36 (KHTML, like Gecko) HeadlessChrome/110.0.5481.100 Safari/537.36"
50.118.225.161 - - [09/Jan/2024:22:35:05 +0100] "GET /images/mini_prod/8718375753064.jpg HTTP/1.1" 200 4786 "http://www.wonder-geek.com/" "Mozilla/5.0 (X11; Linux x86_64) AppleWebKit/537.36 (KHTML, like Gecko) HeadlessChrome/110.0.5481.100 Safari/537.36"
107.189.13.93 - - [09/Jan/2024:22:35:05 +0100] "GET /images/mini_prod/3700344871737.jpg HTTP/1.1" 200 4095 "http://www.wonder-geek.com/" "Mozilla/5.0 (X11; Linux x86_64) AppleWebKit/537.36 (KHTML, like Gecko) HeadlessChrome/110.0.5481.100 Safari/537.36"
107.189.13.93 - - [09/Jan/2024:22:35:06 +0100] "GET /images/mini_prod/4029825004402.jpg HTTP/1.1" 200 3672 "http://www.wonder-geek.com/" "Mozilla/5.0 (X11; Linux x86_64) AppleWebKit/537.36 (KHTML, like Gecko) HeadlessChrome/110.0.5481.100 Safari/537.36"
107.189.13.93 - - [09/Jan/2024:22:35:08 +0100] "GET /images/mini_prod/4029811337460.jpg HTTP/1.1" 200 5413 "http://www.wonder-geek.com/" "Mozilla/5.0 (X11; Linux x86_64) AppleWebKit/537.36 (KHTML, like Gecko) HeadlessChrome/110.0.5481.100 Safari/537.36"
107.189.13.93 - - [09/Jan/2024:22:35:08 +0100] "GET /images/mini_prod/3700281669862.jpg HTTP/1.1" 200 5567 "http://www.wonder-geek.com/" "Mozilla/5.0 (X11; Linux x86_64) AppleWebKit/537.36 (KHTML, like Gecko) HeadlessChrome/110.0.5481.100 Safari/537.36"
107.189.13.93 - - [09/Jan/2024:22:35:08 +0100] "GET /images/mini_prod/8712159194913z.jpg HTTP/1.1" 200 5078 "http://www.wonder-geek.com/" "Mozilla/5.0 (X11; Linux x86_64) AppleWebKit/537.36 (KHTML, like Gecko) HeadlessChrome/110.0.5481.100 Safari/537.36"
50.118.225.161 - - [09/Jan/2024:22:35:09 +0100] "GET /images/mini_prod/3700344940433.jpg HTTP/1.1" 200 6255 "http://www.wonder-geek.com/" "Mozilla/5.0 (X11; Linux x86_64) AppleWebKit/537.36 (KHTML, like Gecko) HeadlessChrome/110.0.5481.100 Safari/537.36"
107.189.13.93 - - [09/Jan/2024:22:35:09 +0100] "GET /images/mini_prod/8422001017405.jpg HTTP/1.1" 200 5950 "http://www.wonder-geek.com/" "Mozilla/5.0 (X11; Linux x86_64) AppleWebKit/537.36 (KHTML, like Gecko) HeadlessChrome/110.0.5481.100 Safari/537.36"
107.189.13.93 - - [09/Jan/2024:22:35:09 +0100] "GET /images/mini_prod/3700281678192.jpg HTTP/1.1" 200 6437 "http://www.wonder-geek.com/" "Mozilla/5.0 (X11; Linux x86_64) AppleWebKit/537.36 (KHTML, like Gecko) HeadlessChrome/110.0.5481.100 Safari/537.36"
50.118.225.161 - - [09/Jan/2024:22:35:12 +0100] "GET /images/mini_prod/8712159196122z.jpg HTTP/1.1" 200 4733 "http://www.wonder-geek.com/" "Mozilla/5.0 (X11; Linux x86_64) AppleWebKit/537.36 (KHTML, like Gecko) HeadlessChrome/110.0.5481.100 Safari/537.36"
107.189.13.93 - - [09/Jan/2024:22:35:12 +0100] "GET /images/mini_prod/8712159192995z.jpg HTTP/1.1" 200 5649 "http://www.wonder-geek.com/" "Mozilla/5.0 (X11; Linux x86_64) AppleWebKit/537.36 (KHTML, like Gecko) HeadlessChrome/110.0.5481.100 Safari/537.36"
107.189.13.93 - - [09/Jan/2024:22:35:12 +0100] "GET /images/mini_prod/4029811459704.jpg HTTP/1.1" 200 5218 "http://www.wonder-geek.com/" "Mozilla/5.0 (X11; Linux x86_64) AppleWebKit/537.36 (KHTML, like Gecko) HeadlessChrome/110.0.5481.100 Safari/537.36"
107.189.13.93 - - [09/Jan/2024:22:35:12 +0100] "GET /images/mini_prod/8712159194807z.jpg HTTP/1.1" 200 6494 "http://www.wonder-geek.com/" "Mozilla/5.0 (X11; Linux x86_64) AppleWebKit/537.36 (KHTML, like Gecko) HeadlessChrome/110.0.5481.100 Safari/537.36"
107.189.13.93 - - [09/Jan/2024:22:35:12 +0100] "GET /images/mini_prod/3664944133308N.jpg HTTP/1.1" 200 6014 "http://www.wonder-geek.com/" "Mozilla/5.0 (X11; Linux x86_64) AppleWebKit/537.36 (KHTML, like Gecko) HeadlessChrome/110.0.5481.100 Safari/537.36"
107.189.13.93 - - [09/Jan/2024:22:35:12 +0100] "GET /images/mini_prod/8712159193633z.jpg HTTP/1.1" 200 6006 "http://www.wonder-geek.com/" "Mozilla/5.0 (X11; Linux x86_64) AppleWebKit/537.36 (KHTML, like Gecko) HeadlessChrome/110.0.5481.100 Safari/537.36"
50.118.225.161 - - [09/Jan/2024:22:35:16 +0100] "GET /images/mini_prod/3700281697520.jpg HTTP/1.1" 200 5996 "http://www.wonder-geek.com/" "Mozilla/5.0 (X11; Linux x86_64) AppleWebKit/537.36 (KHTML, like Gecko) HeadlessChrome/110.0.5481.100 Safari/537.36"
107.189.13.93 - - [09/Jan/2024:22:35:16 +0100] "GET /images/mini_prod/3700281697537.jpg HTTP/1.1" 200 8956 "http://www.wonder-geek.com/" "Mozilla/5.0 (X11; Linux x86_64) AppleWebKit/537.36 (KHTML, like Gecko) HeadlessChrome/110.0.5481.100 Safari/537.36"
107.189.13.93 - - [09/Jan/2024:22:35:16 +0100] "GET /images/mini_prod/8712159194692z.jpg HTTP/1.1" 200 8862 "http://www.wonder-geek.com/" "Mozilla/5.0 (X11; Linux x86_64) AppleWebKit/537.36 (KHTML, like Gecko) HeadlessChrome/110.0.5481.100 Safari/537.36"
107.189.13.93 - - [09/Jan/2024:22:35:16 +0100] "GET /images/mini_prod/8712159195736z.jpg HTTP/1.1" 200 5266 "http://www.wonder-geek.com/" "Mozilla/5.0 (X11; Linux x86_64) AppleWebKit/537.36 (KHTML, like Gecko) HeadlessChrome/110.0.5481.100 Safari/537.36"
107.189.13.93 - - [09/Jan/2024:22:35:16 +0100] "GET /images/mini_prod/3700281697551.jpg HTTP/1.1" 200 9682 "http://www.wonder-geek.com/" "Mozilla/5.0 (X11; Linux x86_64) AppleWebKit/537.36 (KHTML, like Gecko) HeadlessChrome/110.0.5481.100 Safari/537.36"
107.189.13.93 - - [09/Jan/2024:22:35:16 +0100] "GET /images/mini_prod/3665269290035.jpg HTTP/1.1" 200 6993 "http://www.wonder-geek.com/" "Mozilla/5.0 (X11; Linux x86_64) AppleWebKit/537.36 (KHTML, like Gecko) HeadlessChrome/110.0.5481.100 Safari/537.36"
52.167.144.211 - - [09/Jan/2024:22:35:19 +0100] "GET /images/C11379caliente.jpg HTTP/1.1" 200 52090 "-" "Mozilla/5.0 (Windows NT 6.1; WOW64) AppleWebKit/534+ (KHTML, like Gecko) BingPreview/1.0b"
50.118.225.161 - - [09/Jan/2024:22:35:20 +0100] "GET /images/mini_prod/3700344906866.jpg HTTP/1.1" 200 3845 "http://www.wonder-geek.com/" "Mozilla/5.0 (X11; Linux x86_64) AppleWebKit/537.36 (KHTML, like Gecko) HeadlessChrome/110.0.5481.100 Safari/537.36"
107.189.13.93 - - [09/Jan/2024:22:35:20 +0100] "GET /images/mini_prod/8712159193770.jpg HTTP/1.1" 200 8944 "http://www.wonder-geek.com/" "Mozilla/5.0 (X11; Linux x86_64) AppleWebKit/537.36 (KHTML, like Gecko) HeadlessChrome/110.0.5481.100 Safari/537.36"
107.189.13.93 - - [09/Jan/2024:22:35:20 +0100] "GET /images/mini_prod/3700344950432.jpg HTTP/1.1" 200 3358 "http://www.wonder-geek.com/" "Mozilla/5.0 (X11; Linux x86_64) AppleWebKit/537.36 (KHTML, like Gecko) HeadlessChrome/110.0.5481.100 Safari/537.36"
107.189.13.93 - - [09/Jan/2024:22:35:20 +0100] "GET /images/mini_prod/8712159193121z.jpg HTTP/1.1" 200 9006 "http://www.wonder-geek.com/" "Mozilla/5.0 (X11; Linux x86_64) AppleWebKit/537.36 (KHTML, like Gecko) HeadlessChrome/110.0.5481.100 Safari/537.36"
107.189.13.93 - - [09/Jan/2024:22:35:20 +0100] "GET /images/mini_prod/3700344906859.jpg HTTP/1.1" 200 3952 "http://www.wonder-geek.com/" "Mozilla/5.0 (X11; Linux x86_64) AppleWebKit/537.36 (KHTML, like Gecko) HeadlessChrome/110.0.5481.100 Safari/537.36"
107.189.13.93 - - [09/Jan/2024:22:35:20 +0100] "GET /images/mini_prod/8422091017606.jpg HTTP/1.1" 200 8390 "http://www.wonder-geek.com/" "Mozilla/5.0 (X11; Linux x86_64) AppleWebKit/537.36 (KHTML, like Gecko) HeadlessChrome/110.0.5481.100 Safari/537.36"
50.118.225.161 - - [09/Jan/2024:22:35:24 +0100] "GET /images/mini_prod/8712159194708z.jpg HTTP/1.1" 200 8787 "http://www.wonder-geek.com/" "Mozilla/5.0 (X11; Linux x86_64) AppleWebKit/537.36 (KHTML, like Gecko) HeadlessChrome/110.0.5481.100 Safari/537.36"
107.189.13.93 - - [09/Jan/2024:22:35:24 +0100] "GET /images/mini_prod/3700281697483.jpg HTTP/1.1" 200 5693 "http://www.wonder-geek.com/" "Mozilla/5.0 (X11; Linux x86_64) AppleWebKit/537.36 (KHTML, like Gecko) HeadlessChrome/110.0.5481.100 Safari/537.36"
107.189.13.93 - - [09/Jan/2024:22:35:24 +0100] "GET /images/mini_prod/8902955130943.jpg HTTP/1.1" 200 3922 "http://www.wonder-geek.com/" "Mozilla/5.0 (X11; Linux x86_64) AppleWebKit/537.36 (KHTML, like Gecko) HeadlessChrome/110.0.5481.100 Safari/537.36"
107.189.13.93 - - [09/Jan/2024:22:35:24 +0100] "GET /images/mini_prod/5602972699180.jpg HTTP/1.1" 200 3496 "http://www.wonder-geek.com/" "Mozilla/5.0 (X11; Linux x86_64) AppleWebKit/537.36 (KHTML, like Gecko) HeadlessChrome/110.0.5481.100 Safari/537.36"
107.189.13.93 - - [09/Jan/2024:22:35:24 +0100] "GET /images/mini_prod/8718657463445.jpg HTTP/1.1" 200 4532 "http://www.wonder-geek.com/" "Mozilla/5.0 (X11; Linux x86_64) AppleWebKit/537.36 (KHTML, like Gecko) HeadlessChrome/110.0.5481.100 Safari/537.36"
107.189.13.93 - - [09/Jan/2024:22:35:25 +0100] "GET /images/mini_prod/4029811455379.jpg HTTP/1.1" 200 7473 "http://www.wonder-geek.com/" "Mozilla/5.0 (X11; Linux x86_64) AppleWebKit/537.36 (KHTML, like Gecko) HeadlessChrome/110.0.5481.100 Safari/537.36"
50.118.225.161 - - [09/Jan/2024:22:35:27 +0100] "GET /images/mini_prod/3700281660364.jpg HTTP/1.1" 200 7249 "http://www.wonder-geek.com/" "Mozilla/5.0 (X11; Linux x86_64) AppleWebKit/537.36 (KHTML, like Gecko) HeadlessChrome/110.0.5481.100 Safari/537.36"
107.189.13.93 - - [09/Jan/2024:22:35:27 +0100] "GET /images/mini_prod/3700281697506.jpg HTTP/1.1" 200 5218 "http://www.wonder-geek.com/" "Mozilla/5.0 (X11; Linux x86_64) AppleWebKit/537.36 (KHTML, like Gecko) HeadlessChrome/110.0.5481.100 Safari/537.36"
107.189.13.93 - - [09/Jan/2024:22:35:27 +0100] "GET /images/mini_prod/3664944400486.jpg HTTP/1.1" 200 7468 "http://www.wonder-geek.com/" "Mozilla/5.0 (X11; Linux x86_64) AppleWebKit/537.36 (KHTML, like Gecko) HeadlessChrome/110.0.5481.100 Safari/537.36"
107.189.13.93 - - [09/Jan/2024:22:35:28 +0100] "GET /images/mini_prod/3700344928790.jpg HTTP/1.1" 200 3267 "http://www.wonder-geek.com/" "Mozilla/5.0 (X11; Linux x86_64) AppleWebKit/537.36 (KHTML, like Gecko) HeadlessChrome/110.0.5481.100 Safari/537.36"
107.189.13.93 - - [09/Jan/2024:22:35:28 +0100] "GET /images/mini_prod/3700281697544.jpg HTTP/1.1" 200 7601 "http://www.wonder-geek.com/" "Mozilla/5.0 (X11; Linux x86_64) AppleWebKit/537.36 (KHTML, like Gecko) HeadlessChrome/110.0.5481.100 Safari/537.36"
107.189.13.93 - - [09/Jan/2024:22:35:29 +0100] "GET /images/mini_prod/3700344910450B.jpg HTTP/1.1" 200 1852 "http://www.wonder-geek.com/" "Mozilla/5.0 (X11; Linux x86_64) AppleWebKit/537.36 (KHTML, like Gecko) HeadlessChrome/110.0.5481.100 Safari/537.36"
50.118.225.161 - - [09/Jan/2024:22:35:30 +0100] "GET /images/mini_prod/4029811480852.jpg HTTP/1.1" 200 5409 "http://www.wonder-geek.com/" "Mozilla/5.0 (X11; Linux x86_64) AppleWebKit/537.36 (KHTML, like Gecko) HeadlessChrome/110.0.5481.100 Safari/537.36"
107.189.13.93 - - [09/Jan/2024:22:35:30 +0100] "GET /images/mini_prod/8712159194043z.jpg HTTP/1.1" 200 5755 "http://www.wonder-geek.com/" "Mozilla/5.0 (X11; Linux x86_64) AppleWebKit/537.36 (KHTML, like Gecko) HeadlessChrome/110.0.5481.100 Safari/537.36"
107.189.13.93 - - [09/Jan/2024:22:35:31 +0100] "GET /images/mini_prod/3700281697445.jpg HTTP/1.1" 200 11102 "http://www.wonder-geek.com/" "Mozilla/5.0 (X11; Linux x86_64) AppleWebKit/537.36 (KHTML, like Gecko) HeadlessChrome/110.0.5481.100 Safari/537.36"
107.189.13.93 - - [09/Jan/2024:22:35:31 +0100] "GET /images/mini_prod/8712159193626z.jpg HTTP/1.1" 200 8265 "http://www.wonder-geek.com/" "Mozilla/5.0 (X11; Linux x86_64) AppleWebKit/537.36 (KHTML, like Gecko) HeadlessChrome/110.0.5481.100 Safari/537.36"
107.189.13.93 - - [09/Jan/2024:22:35:31 +0100] "GET /images/mini_prod/8712159196085.jpg HTTP/1.1" 200 4943 "http://www.wonder-geek.com/" "Mozilla/5.0 (X11; Linux x86_64) AppleWebKit/537.36 (KHTML, like Gecko) HeadlessChrome/110.0.5481.100 Safari/537.36"
107.189.13.93 - - [09/Jan/2024:22:35:31 +0100] "GET /images/mini_prod/6944197142065.jpg HTTP/1.1" 200 5784 "http://www.wonder-geek.com/" "Mozilla/5.0 (X11; Linux x86_64) AppleWebKit/537.36 (KHTML, like Gecko) HeadlessChrome/110.0.5481.100 Safari/537.36"
50.118.225.161 - - [09/Jan/2024:22:35:33 +0100] "GET /images/mini_prod/3665269156461.jpg HTTP/1.1" 200 5702 "http://www.wonder-geek.com/" "Mozilla/5.0 (X11; Linux x86_64) AppleWebKit/537.36 (KHTML, like Gecko) HeadlessChrome/110.0.5481.100 Safari/537.36"
107.189.13.93 - - [09/Jan/2024:22:35:33 +0100] "GET /images/mini_prod/3700281697469.jpg HTTP/1.1" 200 7849 "http://www.wonder-geek.com/" "Mozilla/5.0 (X11; Linux x86_64) AppleWebKit/537.36 (KHTML, like Gecko) HeadlessChrome/110.0.5481.100 Safari/537.36"
107.189.13.93 - - [09/Jan/2024:22:35:33 +0100] "GET /images/mini_prod/3664944133339.jpg HTTP/1.1" 200 8044 "http://www.wonder-geek.com/" "Mozilla/5.0 (X11; Linux x86_64) AppleWebKit/537.36 (KHTML, like Gecko) HeadlessChrome/110.0.5481.100 Safari/537.36"
107.189.13.93 - - [09/Jan/2024:22:35:34 +0100] "GET /images/mini_prod/8712159194180z.jpg HTTP/1.1" 200 5141 "http://www.wonder-geek.com/" "Mozilla/5.0 (X11; Linux x86_64) AppleWebKit/537.36 (KHTML, like Gecko) HeadlessChrome/110.0.5481.100 Safari/537.36"
107.189.13.93 - - [09/Jan/2024:22:35:34 +0100] "GET /images/mini_prod/8712159195767z.jpg HTTP/1.1" 200 6977 "http://www.wonder-geek.com/" "Mozilla/5.0 (X11; Linux x86_64) AppleWebKit/537.36 (KHTML, like Gecko) HeadlessChrome/110.0.5481.100 Safari/537.36"
107.189.13.93 - - [09/Jan/2024:22:35:34 +0100] "GET /images/mini_prod/3700344928776.jpg HTTP/1.1" 200 3152 "http://www.wonder-geek.com/" "Mozilla/5.0 (X11; Linux x86_64) AppleWebKit/537.36 (KHTML, like Gecko) HeadlessChrome/110.0.5481.100 Safari/537.36"
50.118.225.161 - - [09/Jan/2024:22:35:35 +0100] "GET /images/mini_prod/3665269295016.jpg HTTP/1.1" 200 6894 "http://www.wonder-geek.com/" "Mozilla/5.0 (X11; Linux x86_64) AppleWebKit/537.36 (KHTML, like Gecko) HeadlessChrome/110.0.5481.100 Safari/537.36"
107.189.13.93 - - [09/Jan/2024:22:35:36 +0100] "GET /images/mini_prod/3665269165098.jpg HTTP/1.1" 200 7298 "http://www.wonder-geek.com/" "Mozilla/5.0 (X11; Linux x86_64) AppleWebKit/537.36 (KHTML, like Gecko) HeadlessChrome/110.0.5481.100 Safari/537.36"
107.189.13.93 - - [09/Jan/2024:22:35:36 +0100] "GET /images/mini_prod/3664944133315.jpg HTTP/1.1" 200 4023 "http://www.wonder-geek.com/" "Mozilla/5.0 (X11; Linux x86_64) AppleWebKit/537.36 (KHTML, like Gecko) HeadlessChrome/110.0.5481.100 Safari/537.36"
69.63.189.14 - - [09/Jan/2024:22:35:37 +0100] "GET /images/big_prod_2/3014627829248b.jpg HTTP/1.1" 200 74741 "-" "facebookexternalhit/1.1 (+http://www.facebook.com/externalhit_uatext.php)"
69.63.189.5 - - [09/Jan/2024:22:35:54 +0100] "GET /images/mini_prod/8719497610259.jpg HTTP/1.1" 200 4564 "-" "facebookexternalhit/1.1 (+http://www.facebook.com/externalhit_uatext.php)"
69.63.189.14 - - [09/Jan/2024:22:36:43 +0100] "GET /images/mini_prod/3700281666694.jpg HTTP/1.1" 200 2933 "-" "facebookexternalhit/1.1 (+http://www.facebook.com/externalhit_uatext.php)"
69.63.189.4 - - [09/Jan/2024:22:37:00 +0100] "GET /images/mini_prod/4010070266462.jpg HTTP/1.1" 200 4215 "-" "facebookexternalhit/1.1 (+http://www.facebook.com/externalhit_uatext.php)"
47.128.120.25 - - [09/Jan/2024:22:37:40 +0100] "GET /highslide/graphics/outlines/drop-shadow.png HTTP/1.1" 200 2022 "http://www.wonder-geek.com/dora-explorer-baby-with-mittens-p-50929.html" "Mozilla/5.0 (compatible; Bytespider; spider-feedback@bytedance.com) AppleWebKit/537.36 (KHTML, like Gecko) Chrome/70.0.0.0 Safari/537.36"
47.128.120.25 - - [09/Jan/2024:22:37:40 +0100] "GET /images/big_prod/1399984231142.jpg HTTP/1.1" 200 53886 "http://www.wonder-geek.com/dora-explorer-baby-with-mittens-p-50929.html" "Mozilla/5.0 (compatible; Bytespider; spider-feedback@bytedance.com) AppleWebKit/537.36 (KHTML, like Gecko) Chrome/70.0.0.0 Safari/537.36"
122.225.39.130 - - [09/Jan/2024:22:37:51 +0100] "GET /images/mini_prod/2110DSCN8647.jpg HTTP/1.1" 200 5689 "-" "Mozilla/5.0 (X11; Ubuntu; Linux x86_64; rv:72.0) Gecko/20100101 Firefox/72.0"
69.63.189.10 - - [09/Jan/2024:22:38:03 +0100] "GET /images/mini_prod/000010267615.jpg HTTP/1.1" 200 8414 "-" "facebookexternalhit/1.1 (+http://www.facebook.com/externalhit_uatext.php)"
69.63.189.3 - - [09/Jan/2024:22:38:03 +0100] "GET /images/big_prod_1/3384356585082X.jpg HTTP/1.1" 200 236767 "-" "facebookexternalhit/1.1 (+http://www.facebook.com/externalhit_uatext.php)"
69.63.189.26 - - [09/Jan/2024:22:38:19 +0100] "GET /images/mini_prod/4036113101248.jpg HTTP/1.1" 200 8167 "-" "facebookexternalhit/1.1 (+http://www.facebook.com/externalhit_uatext.php)"
69.63.189.8 - - [09/Jan/2024:22:38:32 +0100] "GET /images/mini_prod/8422019990363.jpg HTTP/1.1" 200 5781 "-" "facebookexternalhit/1.1 (+http://www.facebook.com/externalhit_uatext.php)"
54.84.91.44 - - [09/Jan/2024:22:39:32 +0100] "GET /images/mini_prod/3661977004513.jpg HTTP/1.1" 200 7460 "-" "Go-http-client/1.1"
221.194.167.228 - - [09/Jan/2024:22:39:42 +0100] "GET /images/big_prod_1/8718375755594a.jpg HTTP/1.1" 200 222688 "-" "Mozilla/5.0 (X11; Ubuntu; Linux x86_64; rv:72.0) Gecko/20100101 Firefox/72.0"
69.63.189.17 - - [09/Jan/2024:22:40:15 +0100] "GET /images/big_prod_1/8712159189285a.jpg HTTP/1.1" 200 215544 "-" "facebookexternalhit/1.1 (+http://www.facebook.com/externalhit_uatext.php)"
69.63.189.120 - - [09/Jan/2024:22:40:16 +0100] "GET /images/mini_prod/1328399302949.jpg HTTP/1.1" 200 9130 "-" "facebookexternalhit/1.1 (+http://www.facebook.com/externalhit_uatext.php)"
69.63.189.28 - - [09/Jan/2024:22:41:09 +0100] "GET /images/mini_prod/3609810075160.jpg HTTP/1.1" 200 5596 "-" "facebookexternalhit/1.1 (+http://www.facebook.com/externalhit_uatext.php)"
69.63.189.26 - - [09/Jan/2024:22:41:16 +0100] "GET /images/mini_prod/3014627880065.jpg HTTP/1.1" 200 3965 "-" "facebookexternalhit/1.1 (+http://www.facebook.com/externalhit_uatext.php)"
69.63.189.13 - - [09/Jan/2024:22:41:27 +0100] "GET /images/mini_prod/8424346256839.jpg HTTP/1.1" 200 3322 "-" "facebookexternalhit/1.1 (+http://www.facebook.com/externalhit_uatext.php)"
69.63.189.23 - - [09/Jan/2024:22:41:27 +0100] "GET /images/mini_prod/8424345292913.jpg HTTP/1.1" 200 4875 "-" "facebookexternalhit/1.1 (+http://www.facebook.com/externalhit_uatext.php)"
101.44.249.184 - - [09/Jan/2024:22:41:41 +0100] "GET /images/mini_prod/191108_162759_PEEL_7pQvMT.jpg HTTP/1.1" 200 17824 "-" "Mozilla/5.0 (Windows NT 10.0; Win64; x64) AppleWebKit/537.36 (KHTML, like Gecko) Chrome/58.0.3029.110 Safari/537.3"
69.63.189.22 - - [09/Jan/2024:22:41:43 +0100] "GET /images/mini_prod/3665269133578.jpg HTTP/1.1" 200 3438 "-" "facebookexternalhit/1.1 (+http://www.facebook.com/externalhit_uatext.php)"
69.63.189.23 - - [09/Jan/2024:22:42:05 +0100] "GET /images/mini_prod/3700281653229.jpg HTTP/1.1" 200 7478 "-" "facebookexternalhit/1.1 (+http://www.facebook.com/externalhit_uatext.php)"
101.44.251.168 - - [09/Jan/2024:22:42:11 +0100] "GET /images/mini_prod/8012052165813.jpg HTTP/1.1" 200 7821 "-" "Mozilla/5.0 (Windows NT 10.0; Win64; x64) AppleWebKit/537.36 (KHTML, like Gecko) Chrome/58.0.3029.110 Safari/537.3"
101.44.251.65 - - [09/Jan/2024:22:42:18 +0100] "GET /images/mini_prod/5036278058585.jpg HTTP/1.1" 200 8938 "-" "Mozilla/5.0 (Windows NT 10.0; Win64; x64) AppleWebKit/537.36 (KHTML, like Gecko) Chrome/58.0.3029.110 Safari/537.3"
69.63.189.20 - - [09/Jan/2024:22:42:32 +0100] "GET /images/mini_prod/3665269028294.jpg HTTP/1.1" 200 4743 "-" "facebookexternalhit/1.1 (+http://www.facebook.com/externalhit_uatext.php)"
69.63.189.3 - - [09/Jan/2024:22:42:38 +0100] "GET /images/mini_prod/4029811436910.jpg HTTP/1.1" 200 8390 "-" "facebookexternalhit/1.1 (+http://www.facebook.com/externalhit_uatext.php)"
69.63.189.25 - - [09/Jan/2024:22:42:46 +0100] "GET /images/mini_prod/8422059532479.jpg HTTP/1.1" 200 6404 "-" "facebookexternalhit/1.1 (+http://www.facebook.com/externalhit_uatext.php)"
95.108.213.204 - - [09/Jan/2024:22:42:50 +0100] "GET /robots.txt HTTP/1.1" 200 2438 "-" "Mozilla/5.0 (compatible; YandexBot/3.0; +http://yandex.com/bots)"
69.63.189.5 - - [09/Jan/2024:22:43:31 +0100] "GET /images/mini_prod/3453131150484N.jpg HTTP/1.1" 200 5306 "-" "facebookexternalhit/1.1 (+http://www.facebook.com/externalhit_uatext.php)"
69.63.189.5 - - [09/Jan/2024:22:43:35 +0100] "GET /images/mini_prod/5060108719834.jpg HTTP/1.1" 200 6403 "-" "facebookexternalhit/1.1 (+http://www.facebook.com/externalhit_uatext.php)"
216.244.66.242 - - [09/Jan/2024:22:45:02 +0100] "GET /robots.txt HTTP/1.1" 200 2438 "-" "Mozilla/5.0 (compatible; DotBot/1.2; +https://opensiteexplorer.org/dotbot; help@moz.com)"
69.63.189.13 - - [09/Jan/2024:22:45:03 +0100] "GET /images/mini_prod/4012390352870X.jpg HTTP/1.1" 200 5307 "-" "facebookexternalhit/1.1 (+http://www.facebook.com/externalhit_uatext.php)"
66.249.77.200 - - [09/Jan/2024:22:45:25 +0100] "GET /images/big_prod/3700344872086.jpg HTTP/1.1" 200 149556 "-" "Googlebot-Image/1.0"
69.63.189.19 - - [09/Jan/2024:22:46:04 +0100] "GET /images/mini_prod/3665269103632.jpg HTTP/1.1" 200 2905 "-" "facebookexternalhit/1.1 (+http://www.facebook.com/externalhit_uatext.php)"
47.252.71.137 - - [09/Jan/2024:22:47:09 +0100] "GET /images/mini_prod/DSCN126402072012.jpg HTTP/1.1" 200 5697 "-" "Go-http-client/1.1"
69.63.189.24 - - [09/Jan/2024:22:47:47 +0100] "GET /images/mini_prod/8422059532226.jpg HTTP/1.1" 200 4840 "-" "facebookexternalhit/1.1 (+http://www.facebook.com/externalhit_uatext.php)"
54.82.11.76 - - [09/Jan/2024:22:48:07 +0100] "GET /images/mini_prod/3612875125251.jpg HTTP/1.1" 200 5294 "-" "Go-http-client/1.1"
69.63.189.17 - - [09/Jan/2024:22:48:19 +0100] "GET /images/mini_prod/3565750310832.jpg HTTP/1.1" 200 9007 "-" "facebookexternalhit/1.1 (+http://www.facebook.com/externalhit_uatext.php)"
69.63.189.29 - - [09/Jan/2024:22:48:56 +0100] "GET /images/mini_prod/8422024204011.jpg HTTP/1.1" 200 8178 "-" "facebookexternalhit/1.1 (+http://www.facebook.com/externalhit_uatext.php)"
122.225.39.130 - - [09/Jan/2024:22:49:22 +0100] "GET /images/mini_prod/3661443611191.jpg HTTP/1.1" 200 6471 "-" "Mozilla/5.0 (X11; Ubuntu; Linux x86_64; rv:72.0) Gecko/20100101 Firefox/72.0"
69.63.189.10 - - [09/Jan/2024:22:50:15 +0100] "GET /images/mini_prod/045544950015.jpg HTTP/1.1" 200 6921 "-" "facebookexternalhit/1.1 (+http://www.facebook.com/externalhit_uatext.php)"
107.145.191.191 - - [09/Jan/2024:22:50:39 +0100] "GET /images/mini_prod/5051265800404.jpg HTTP/1.1" 200 11057 "-" "Mozilla/5.0 (X11; Ubuntu; Linux x86_64; rv:72.0) Gecko/20100101 Firefox/72.0"
69.63.189.24 - - [09/Jan/2024:22:50:55 +0100] "GET /images/mini_prod/1399984235201.jpg HTTP/1.1" 200 9365 "-" "facebookexternalhit/1.1 (+http://www.facebook.com/externalhit_uatext.php)"
69.63.189.10 - - [09/Jan/2024:22:51:29 +0100] "GET /images/mini_prod/3660173246956.jpg HTTP/1.1" 200 2578 "-" "facebookexternalhit/1.1 (+http://www.facebook.com/externalhit_uatext.php)"
69.63.189.14 - - [09/Jan/2024:22:51:33 +0100] "GET /images/mini_prod/3453131153331.jpg HTTP/1.1" 200 8980 "-" "facebookexternalhit/1.1 (+http://www.facebook.com/externalhit_uatext.php)"
69.63.189.6 - - [09/Jan/2024:22:52:11 +0100] "GET /images/mini_prod/3442440234183.jpg HTTP/1.1" 200 5421 "-" "facebookexternalhit/1.1 (+http://www.facebook.com/externalhit_uatext.php)"
69.63.189.22 - - [09/Jan/2024:22:52:14 +0100] "GET /images/mini_prod/8720088291276.jpg HTTP/1.1" 200 6609 "-" "facebookexternalhit/1.1 (+http://www.facebook.com/externalhit_uatext.php)"
85.208.96.198 - - [09/Jan/2024:22:52:16 +0100] "GET /robots.txt HTTP/1.1" 200 2438 "-" "Mozilla/5.0 (compatible; SemrushBot/7~bl; +http://www.semrush.com/bot.html)"
69.63.189.16 - - [09/Jan/2024:22:53:00 +0100] "GET /images/mini_prod/3660173215464.jpg HTTP/1.1" 200 3965 "-" "facebookexternalhit/1.1 (+http://www.facebook.com/externalhit_uatext.php)"
69.63.189.3 - - [09/Jan/2024:22:53:07 +0100] "GET /images/mini_prod/3453131155519.jpg HTTP/1.1" 200 6213 "-" "facebookexternalhit/1.1 (+http://www.facebook.com/externalhit_uatext.php)"
44.204.103.150 - - [09/Jan/2024:22:53:17 +0100] "GET /robots.txt HTTP/1.1" 200 2438 "-" "Go-http-client/1.1"
69.63.189.26 - - [09/Jan/2024:22:53:37 +0100] "GET /images/mini_prod/8718969174732A.jpg HTTP/1.1" 200 4406 "-" "facebookexternalhit/1.1 (+http://www.facebook.com/externalhit_uatext.php)"
45.62.169.137 - - [09/Jan/2024:22:53:40 +0100] "GET /images/big_prod_2/028399270248b.jpg HTTP/1.1" 200 184873 "-" "Mozilla/5.0 (X11; Ubuntu; Linux x86_64; rv:72.0) Gecko/20100101 Firefox/72.0"
69.63.189.7 - - [09/Jan/2024:22:55:03 +0100] "GET /images/mini_prod/4029811409358.jpg HTTP/1.1" 200 6404 "-" "facebookexternalhit/1.1 (+http://www.facebook.com/externalhit_uatext.php)"
3.235.166.231 - - [09/Jan/2024:22:55:50 +0100] "GET /images/mini_prod/045544427890.jpg HTTP/1.1" 200 10912 "-" "Go-http-client/1.1"
69.63.189.7 - - [09/Jan/2024:22:56:45 +0100] "GET /images/mini_prod/8433933192832.jpg HTTP/1.1" 200 5726 "-" "facebookexternalhit/1.1 (+http://www.facebook.com/externalhit_uatext.php)"
44.222.152.106 - - [09/Jan/2024:22:56:47 +0100] "GET /robots.txt HTTP/1.1" 200 2438 "-" "Go-http-client/1.1"
13.89.204.219 - - [09/Jan/2024:22:57:05 +0100] "GET /images/big_prod/4029811441235.jpg HTTP/1.1" 200 119327 "-" "Mozilla/5.0 (Windows NT 6.3; WOW64; Trident/7.0; rv:11.0) like Gecko/20100101 Firefox/12.0"
216.244.66.242 - - [09/Jan/2024:22:57:12 +0100] "GET /images/1399984247907.gif HTTP/1.1" 200 74925 "-" "Mozilla/5.0 (compatible; DotBot/1.2; +https://opensiteexplorer.org/dotbot; help@moz.com)"
216.244.66.242 - - [09/Jan/2024:22:57:21 +0100] "GET /images/1399984260777.jpg HTTP/1.1" 200 141152 "-" "Mozilla/5.0 (compatible; DotBot/1.2; +https://opensiteexplorer.org/dotbot; help@moz.com)"
216.244.66.242 - - [09/Jan/2024:22:57:27 +0100] "GET /images/3438100340356.jpg HTTP/1.1" 200 28129 "-" "Mozilla/5.0 (compatible; DotBot/1.2; +https://opensiteexplorer.org/dotbot; help@moz.com)"
216.244.66.242 - - [09/Jan/2024:22:57:32 +0100] "GET /images/3438100348888.jpg HTTP/1.1" 200 34852 "-" "Mozilla/5.0 (compatible; DotBot/1.2; +https://opensiteexplorer.org/dotbot; help@moz.com)"
216.244.66.242 - - [09/Jan/2024:22:57:37 +0100] "GET /images/3454171118748.jpg HTTP/1.1" 200 87938 "-" "Mozilla/5.0 (compatible; DotBot/1.2; +https://opensiteexplorer.org/dotbot; help@moz.com)"
216.244.66.242 - - [09/Jan/2024:22:57:40 +0100] "GET /images/3585190455610.jpg HTTP/1.1" 200 33000 "-" "Mozilla/5.0 (compatible; DotBot/1.2; +https://opensiteexplorer.org/dotbot; help@moz.com)"
216.244.66.242 - - [09/Jan/2024:22:57:44 +0100] "GET /images/3700059668905.jpg HTTP/1.1" 200 46538 "-" "Mozilla/5.0 (compatible; DotBot/1.2; +https://opensiteexplorer.org/dotbot; help@moz.com)"
216.244.66.242 - - [09/Jan/2024:22:57:47 +0100] "GET /images/3700276288436.jpg HTTP/1.1" 200 54992 "-" "Mozilla/5.0 (compatible; DotBot/1.2; +https://opensiteexplorer.org/dotbot; help@moz.com)"
216.244.66.242 - - [09/Jan/2024:22:57:51 +0100] "GET /images/3760116310345.jpg HTTP/1.1" 200 60823 "-" "Mozilla/5.0 (compatible; DotBot/1.2; +https://opensiteexplorer.org/dotbot; help@moz.com)"
216.244.66.242 - - [09/Jan/2024:22:57:53 +0100] "GET /images/3760116310666.jpg HTTP/1.1" 200 69234 "-" "Mozilla/5.0 (compatible; DotBot/1.2; +https://opensiteexplorer.org/dotbot; help@moz.com)"
216.244.66.242 - - [09/Jan/2024:22:57:56 +0100] "GET /images/4036113165592.jpg HTTP/1.1" 200 39941 "-" "Mozilla/5.0 (compatible; DotBot/1.2; +https://opensiteexplorer.org/dotbot; help@moz.com)"
216.244.66.242 - - [09/Jan/2024:22:57:57 +0100] "GET /images/4036113231259.jpg HTTP/1.1" 200 44831 "-" "Mozilla/5.0 (compatible; DotBot/1.2; +https://opensiteexplorer.org/dotbot; help@moz.com)"
216.244.66.242 - - [09/Jan/2024:22:57:59 +0100] "GET /images/68597.jpg HTTP/1.1" 200 24416 "-" "Mozilla/5.0 (compatible; DotBot/1.2; +https://opensiteexplorer.org/dotbot; help@moz.com)"
216.244.66.242 - - [09/Jan/2024:22:58:01 +0100] "GET /images/7601019990301.jpg HTTP/1.1" 200 33394 "-" "Mozilla/5.0 (compatible; DotBot/1.2; +https://opensiteexplorer.org/dotbot; help@moz.com)"
216.244.66.242 - - [09/Jan/2024:22:58:02 +0100] "GET /images/7601019992169.jpg HTTP/1.1" 200 30526 "-" "Mozilla/5.0 (compatible; DotBot/1.2; +https://opensiteexplorer.org/dotbot; help@moz.com)"
216.244.66.242 - - [09/Jan/2024:22:58:05 +0100] "GET /images/8006180204025.jpg HTTP/1.1" 200 88906 "-" "Mozilla/5.0 (compatible; DotBot/1.2; +https://opensiteexplorer.org/dotbot; help@moz.com)"
216.244.66.242 - - [09/Jan/2024:22:58:07 +0100] "GET /images/8435306267031.jpg HTTP/1.1" 200 120584 "-" "Mozilla/5.0 (compatible; DotBot/1.2; +https://opensiteexplorer.org/dotbot; help@moz.com)"
69.63.189.8 - - [09/Jan/2024:22:58:07 +0100] "GET /images/mini_prod/3453131160834A.jpg HTTP/1.1" 200 2723 "-" "facebookexternalhit/1.1 (+http://www.facebook.com/externalhit_uatext.php)"
216.244.66.242 - - [09/Jan/2024:22:58:10 +0100] "GET /images/8842201268283.jpg HTTP/1.1" 200 29419 "-" "Mozilla/5.0 (compatible; DotBot/1.2; +https://opensiteexplorer.org/dotbot; help@moz.com)"
216.244.66.242 - - [09/Jan/2024:22:58:12 +0100] "GET /images/DSCN4430bob.jpg HTTP/1.1" 200 29515 "-" "Mozilla/5.0 (compatible; DotBot/1.2; +https://opensiteexplorer.org/dotbot; help@moz.com)"
69.63.189.24 - - [09/Jan/2024:22:59:30 +0100] "GET /images/big_prod_2/3014627829286Z.jpg HTTP/1.1" 200 94089 "-" "facebookexternalhit/1.1 (+http://www.facebook.com/externalhit_uatext.php)"
69.63.189.12 - - [09/Jan/2024:22:59:51 +0100] "GET /images/mini_prod/3503420173769.jpg HTTP/1.1" 200 9626 "-" "facebookexternalhit/1.1 (+http://www.facebook.com/externalhit_uatext.php)"
69.63.189.118 - - [09/Jan/2024:23:01:39 +0100] "GET /images/mini_prod/8718969174237.jpg HTTP/1.1" 200 5049 "-" "facebookexternalhit/1.1 (+http://www.facebook.com/externalhit_uatext.php)"
101.44.248.152 - - [09/Jan/2024:23:02:14 +0100] "GET /images/mini_prod/3503420072369.jpg HTTP/1.1" 200 9141 "-" "Mozilla/5.0 (Windows NT 10.0; Win64; x64) AppleWebKit/537.36 (KHTML, like Gecko) Chrome/58.0.3029.110 Safari/537.3"
69.63.189.18 - - [09/Jan/2024:23:02:15 +0100] "GET /images/mini_prod/1399984258170.jpg HTTP/1.1" 200 5672 "-" "facebookexternalhit/1.1 (+http://www.facebook.com/externalhit_uatext.php)"
69.63.189.18 - - [09/Jan/2024:23:02:38 +0100] "GET /images/mini_prod/8720088297964.jpg HTTP/1.1" 200 4924 "-" "facebookexternalhit/1.1 (+http://www.facebook.com/externalhit_uatext.php)"
69.63.189.5 - - [09/Jan/2024:23:03:56 +0100] "GET /images/mini_prod/8719497614257.jpg HTTP/1.1" 200 7585 "-" "facebookexternalhit/1.1 (+http://www.facebook.com/externalhit_uatext.php)"
69.63.189.5 - - [09/Jan/2024:23:04:04 +0100] "GET /images/mini_prod/3014627880034c.jpg HTTP/1.1" 200 2018 "-" "facebookexternalhit/1.1 (+http://www.facebook.com/externalhit_uatext.php)"
69.63.189.120 - - [09/Jan/2024:23:04:05 +0100] "GET /images/mini_prod/3503420173981.jpg HTTP/1.1" 200 5068 "-" "facebookexternalhit/1.1 (+http://www.facebook.com/externalhit_uatext.php)"
69.63.189.25 - - [09/Jan/2024:23:04:34 +0100] "GET /images/mini_prod/5060108695169.jpg HTTP/1.1" 200 9600 "-" "facebookexternalhit/1.1 (+http://www.facebook.com/externalhit_uatext.php)"
69.63.189.116 - - [09/Jan/2024:23:04:47 +0100] "GET /images/mini_prod/3014627557387.jpg HTTP/1.1" 200 4195 "-" "facebookexternalhit/1.1 (+http://www.facebook.com/externalhit_uatext.php)"
69.63.189.29 - - [09/Jan/2024:23:05:26 +0100] "GET /images/mini_prod/3503420204753.jpg HTTP/1.1" 200 5662 "-" "facebookexternalhit/1.1 (+http://www.facebook.com/externalhit_uatext.php)"
69.63.189.120 - - [09/Jan/2024:23:05:54 +0100] "GET /images/mini_prod/3665269058468.jpg HTTP/1.1" 200 4938 "-" "facebookexternalhit/1.1 (+http://www.facebook.com/externalhit_uatext.php)"
69.63.189.24 - - [09/Jan/2024:23:06:16 +0100] "GET /images/mini_prod/3700287119057.jpg HTTP/1.1" 200 2333 "-" "facebookexternalhit/1.1 (+http://www.facebook.com/externalhit_uatext.php)"
69.63.189.27 - - [09/Jan/2024:23:06:26 +0100] "GET /images/big_prod_1/3453131160988B.jpg HTTP/1.1" 200 185763 "-" "facebookexternalhit/1.1 (+http://www.facebook.com/externalhit_uatext.php)"
23.20.231.9 - - [09/Jan/2024:23:06:35 +0100] "GET /robots.txt HTTP/1.1" 200 2438 "-" "Go-http-client/1.1"
69.63.189.15 - - [09/Jan/2024:23:06:45 +0100] "GET /images/mini_prod/8719497615469.jpg HTTP/1.1" 200 5383 "-" "facebookexternalhit/1.1 (+http://www.facebook.com/externalhit_uatext.php)"
69.63.189.14 - - [09/Jan/2024:23:07:13 +0100] "GET /images/mini_prod/3660173224947.jpg HTTP/1.1" 200 6934 "-" "facebookexternalhit/1.1 (+http://www.facebook.com/externalhit_uatext.php)"
34.201.6.165 - - [09/Jan/2024:23:07:14 +0100] "GET /robots.txt HTTP/1.1" 200 2438 "-" "Go-http-client/1.1"
69.63.189.18 - - [09/Jan/2024:23:07:25 +0100] "GET /images/mini_prod/8445148027960.jpg HTTP/1.1" 200 10105 "-" "facebookexternalhit/1.1 (+http://www.facebook.com/externalhit_uatext.php)"
69.63.189.5 - - [09/Jan/2024:23:07:55 +0100] "GET /images/mini_prod/1384010204962.jpg HTTP/1.1" 200 4278 "-" "facebookexternalhit/1.1 (+http://www.facebook.com/externalhit_uatext.php)"
69.63.189.120 - - [09/Jan/2024:23:08:07 +0100] "GET /images/mini_prod/4110070200197B.jpg HTTP/1.1" 200 4620 "-" "facebookexternalhit/1.1 (+http://www.facebook.com/externalhit_uatext.php)"
69.63.189.10 - - [09/Jan/2024:23:08:38 +0100] "GET /images/big_prod_4/5404006052554d.jpg HTTP/1.1" 200 26176 "-" "facebookexternalhit/1.1 (+http://www.facebook.com/externalhit_uatext.php)"
69.63.189.17 - - [09/Jan/2024:23:08:50 +0100] "GET /images/mini_prod/5052282085966.jpg HTTP/1.1" 200 7743 "-" "facebookexternalhit/1.1 (+http://www.facebook.com/externalhit_uatext.php)"
69.63.189.120 - - [09/Jan/2024:23:09:01 +0100] "GET /images/mini_prod/3565750310825.jpg HTTP/1.1" 200 10434 "-" "facebookexternalhit/1.1 (+http://www.facebook.com/externalhit_uatext.php)"
