47.89.184.23 - - [20/Jan/2024:17:56:27 +0100] "GET /images/mini_prod/3700653511768.jpg HTTP/1.1" 200 5046 "-" "Mozilla/5.0 (X11; Ubuntu; Linux x86_64; rv:72.0) Gecko/20100101 Firefox/72.0"
216.244.66.242 - - [20/Jan/2024:17:56:28 +0100] "GET /images/big_prod/1399984247242.jpg HTTP/1.1" 200 88722 "-" "Mozilla/5.0 (compatible; DotBot/1.2; +https://opensiteexplorer.org/dotbot; help@moz.com)"
8.219.166.38 - - [20/Jan/2024:17:57:14 +0100] "GET /images/mini_prod/1384010182895.jpg HTTP/1.1" 200 6265 "-" "Mozilla/5.0 (X11; Ubuntu; Linux x86_64; rv:72.0) Gecko/20100101 Firefox/72.0"
169.233.1.32 - - [20/Jan/2024:17:59:15 +0100] "GET /images/mini_prod/3553560114634.jpg HTTP/1.1" 200 12687 "-" "Mozilla/5.0 (X11; Ubuntu; Linux x86_64; rv:72.0) Gecko/20100101 Firefox/72.0"
216.244.66.242 - - [20/Jan/2024:18:01:31 +0100] "GET /images/5601392210050.jpg HTTP/1.1" 200 68080 "-" "Mozilla/5.0 (compatible; DotBot/1.2; +https://opensiteexplorer.org/dotbot; help@moz.com)"
8.219.166.38 - - [20/Jan/2024:18:04:02 +0100] "GET /images/mini_prod/8432699066869.jpg HTTP/1.1" 200 8816 "-" "Mozilla/5.0 (X11; Ubuntu; Linux x86_64; rv:72.0) Gecko/20100101 Firefox/72.0"
174.229.132.80 - - [20/Jan/2024:18:05:43 +0100] "GET /js/jquery.jqzoom.js HTTP/1.1" 200 4761 "http://www.wonder-geek.com/jane-crowther-cats-p-54761.html" "Mozilla/5.0 (iPhone; CPU iPhone OS 17_1_2 like Mac OS X) AppleWebKit/605.1.15 (KHTML, like Gecko) Version/17.1.2 Mobile/15E148 Safari/604.1"
174.229.132.80 - - [20/Jan/2024:18:05:43 +0100] "GET /highslide/highslide.js HTTP/1.1" 200 42909 "http://www.wonder-geek.com/jane-crowther-cats-p-54761.html" "Mozilla/5.0 (iPhone; CPU iPhone OS 17_1_2 like Mac OS X) AppleWebKit/605.1.15 (KHTML, like Gecko) Version/17.1.2 Mobile/15E148 Safari/604.1"
174.229.132.80 - - [20/Jan/2024:18:05:43 +0100] "GET /templates/Pixame_v1/stylesheet.css HTTP/1.1" 200 56057 "http://www.wonder-geek.com/jane-crowther-cats-p-54761.html" "Mozilla/5.0 (iPhone; CPU iPhone OS 17_1_2 like Mac OS X) AppleWebKit/605.1.15 (KHTML, like Gecko) Version/17.1.2 Mobile/15E148 Safari/604.1"
174.229.132.80 - - [20/Jan/2024:18:05:43 +0100] "GET /js/jquery.js HTTP/1.1" 200 54075 "http://www.wonder-geek.com/jane-crowther-cats-p-54761.html" "Mozilla/5.0 (iPhone; CPU iPhone OS 17_1_2 like Mac OS X) AppleWebKit/605.1.15 (KHTML, like Gecko) Version/17.1.2 Mobile/15E148 Safari/604.1"
174.229.132.80 - - [20/Jan/2024:18:05:43 +0100] "GET /mondial_relay/js/jquery-1.3.2.min.js HTTP/1.1" 200 57254 "http://www.wonder-geek.com/jane-crowther-cats-p-54761.html" "Mozilla/5.0 (iPhone; CPU iPhone OS 17_1_2 like Mac OS X) AppleWebKit/605.1.15 (KHTML, like Gecko) Version/17.1.2 Mobile/15E148 Safari/604.1"
174.229.132.80 - - [20/Jan/2024:18:05:43 +0100] "GET /templates/Pixame_v1/images/icon_accueil2.png HTTP/1.1" 200 1137 "http://www.wonder-geek.com/jane-crowther-cats-p-54761.html" "Mozilla/5.0 (iPhone; CPU iPhone OS 17_1_2 like Mac OS X) AppleWebKit/605.1.15 (KHTML, like Gecko) Version/17.1.2 Mobile/15E148 Safari/604.1"
174.229.132.80 - - [20/Jan/2024:18:05:44 +0100] "GET /templates/Pixame_v1/images/nav.png HTTP/1.1" 200 1283 "http://www.wonder-geek.com/jane-crowther-cats-p-54761.html" "Mozilla/5.0 (iPhone; CPU iPhone OS 17_1_2 like Mac OS X) AppleWebKit/605.1.15 (KHTML, like Gecko) Version/17.1.2 Mobile/15E148 Safari/604.1"
174.229.132.80 - - [20/Jan/2024:18:05:44 +0100] "GET /templates/Pixame_v1/images/Bottom_texture.jpg HTTP/1.1" 200 56290 "http://www.wonder-geek.com/jane-crowther-cats-p-54761.html" "Mozilla/5.0 (iPhone; CPU iPhone OS 17_1_2 like Mac OS X) AppleWebKit/605.1.15 (KHTML, like Gecko) Version/17.1.2 Mobile/15E148 Safari/604.1"
174.229.132.80 - - [20/Jan/2024:18:05:44 +0100] "GET /templates/Pixame_v1/images/header.png HTTP/1.1" 200 70245 "http://www.wonder-geek.com/jane-crowther-cats-p-54761.html" "Mozilla/5.0 (iPhone; CPU iPhone OS 17_1_2 like Mac OS X) AppleWebKit/605.1.15 (KHTML, like Gecko) Version/17.1.2 Mobile/15E148 Safari/604.1"
174.229.132.80 - - [20/Jan/2024:18:05:44 +0100] "GET /templates/Pixame_v1/images/header-object.png HTTP/1.1" 200 106050 "http://www.wonder-geek.com/jane-crowther-cats-p-54761.html" "Mozilla/5.0 (iPhone; CPU iPhone OS 17_1_2 like Mac OS X) AppleWebKit/605.1.15 (KHTML, like Gecko) Version/17.1.2 Mobile/15E148 Safari/604.1"
174.229.132.80 - - [20/Jan/2024:18:05:44 +0100] "GET /templates/Pixame_v1/images/buttons/english/button_in_cart.gif HTTP/1.1" 200 1212 "http://www.wonder-geek.com/jane-crowther-cats-p-54761.html" "Mozilla/5.0 (iPhone; CPU iPhone OS 17_1_2 like Mac OS X) AppleWebKit/605.1.15 (KHTML, like Gecko) Version/17.1.2 Mobile/15E148 Safari/604.1"
174.229.132.80 - - [20/Jan/2024:18:05:44 +0100] "GET /images/big_prod/3700572752945.jpg HTTP/1.1" 200 145666 "http://www.wonder-geek.com/jane-crowther-cats-p-54761.html" "Mozilla/5.0 (iPhone; CPU iPhone OS 17_1_2 like Mac OS X) AppleWebKit/605.1.15 (KHTML, like Gecko) Version/17.1.2 Mobile/15E148 Safari/604.1"
174.229.132.80 - - [20/Jan/2024:18:05:44 +0100] "GET /design/productsenstock.png HTTP/1.1" 200 4743 "http://www.wonder-geek.com/jane-crowther-cats-p-54761.html" "Mozilla/5.0 (iPhone; CPU iPhone OS 17_1_2 like Mac OS X) AppleWebKit/605.1.15 (KHTML, like Gecko) Version/17.1.2 Mobile/15E148 Safari/604.1"
174.229.132.80 - - [20/Jan/2024:18:05:44 +0100] "GET /templates/Pixame_v1/images/Middle_texture.jpg HTTP/1.1" 200 249620 "http://www.wonder-geek.com/jane-crowther-cats-p-54761.html" "Mozilla/5.0 (iPhone; CPU iPhone OS 17_1_2 like Mac OS X) AppleWebKit/605.1.15 (KHTML, like Gecko) Version/17.1.2 Mobile/15E148 Safari/604.1"
174.229.132.80 - - [20/Jan/2024:18:05:45 +0100] "GET /images/big_prod_1/3700572752945B.jpg HTTP/1.1" 200 136949 "http://www.wonder-geek.com/jane-crowther-cats-p-54761.html" "Mozilla/5.0 (iPhone; CPU iPhone OS 17_1_2 like Mac OS X) AppleWebKit/605.1.15 (KHTML, like Gecko) Version/17.1.2 Mobile/15E148 Safari/604.1"
174.229.132.80 - - [20/Jan/2024:18:05:45 +0100] "GET /highslide/graphics/outlines/drop-shadow.png HTTP/1.1" 200 2022 "http://www.wonder-geek.com/jane-crowther-cats-p-54761.html" "Mozilla/5.0 (iPhone; CPU iPhone OS 17_1_2 like Mac OS X) AppleWebKit/605.1.15 (KHTML, like Gecko) Version/17.1.2 Mobile/15E148 Safari/604.1"
174.229.132.80 - - [20/Jan/2024:18:05:45 +0100] "GET /favicon.ico HTTP/1.1" 200 1591 "http://www.wonder-geek.com/jane-crowther-cats-p-54761.html" "Mozilla/5.0 (iPhone; CPU iPhone OS 17_1_2 like Mac OS X) AppleWebKit/605.1.15 (KHTML, like Gecko) Version/17.1.2 Mobile/15E148 Safari/604.1"
43.138.118.244 - - [20/Jan/2024:18:07:38 +0100] "GET /images/big_prod_2/bambou1.jpg HTTP/1.1" 200 171633 "-" "Mozilla/5.0 (X11; Ubuntu; Linux x86_64; rv:72.0) Gecko/20100101 Firefox/72.0"
40.77.167.20 - - [20/Jan/2024:18:08:02 +0100] "GET /images/3760116328180.jpg HTTP/1.1" 200 59856 "-" "Mozilla/5.0 AppleWebKit/537.36 (KHTML, like Gecko; compatible; bingbot/2.0; +http://www.bing.com/bingbot.htm) Chrome/116.0.1938.76 Safari/537.36"
87.250.224.74 - - [20/Jan/2024:18:11:05 +0100] "GET /robots.txt HTTP/1.1" 200 2438 "-" "Mozilla/5.0 (compatible; YandexBot/3.0; +http://yandex.com/bots)"
47.128.33.134 - - [20/Jan/2024:18:11:22 +0100] "GET /templates/Pixame_v1/images/icon_accueil2.png HTTP/1.1" 200 1137 "http://www.wonder-geek.com/mercedes-benz-p-27592.html" "Mozilla/5.0 (compatible; Bytespider; spider-feedback@bytedance.com) AppleWebKit/537.36 (KHTML, like Gecko) Chrome/70.0.0.0 Safari/537.36"
47.128.33.134 - - [20/Jan/2024:18:11:27 +0100] "GET /highslide/graphics/outlines/drop-shadow.png HTTP/1.1" 200 2022 "http://www.wonder-geek.com/mercedes-benz-p-27592.html" "Mozilla/5.0 (compatible; Bytespider; spider-feedback@bytedance.com) AppleWebKit/537.36 (KHTML, like Gecko) Chrome/70.0.0.0 Safari/537.36"
144.76.88.54 - - [20/Jan/2024:18:12:21 +0100] "GET /robots.txt HTTP/1.1" 200 2438 "-" "serpstatbot/2.1 (advanced backlink tracking bot; https://serpstatbot.com/; abuse@serpstatbot.com)"
69.63.189.117 - - [20/Jan/2024:18:14:01 +0100] "GET /images/big_prod_2/8433933179031C.jpg HTTP/1.1" 200 130328 "-" "facebookexternalhit/1.1 (+http://www.facebook.com/externalhit_uatext.php)"
69.63.189.117 - - [20/Jan/2024:18:14:21 +0100] "GET /images/mini_prod/5400924182724.jpg HTTP/1.1" 200 5562 "-" "facebookexternalhit/1.1 (+http://www.facebook.com/externalhit_uatext.php)"
47.88.236.39 - - [20/Jan/2024:18:14:30 +0100] "GET /images/mini_prod/3700791201514NN.jpg HTTP/1.1" 200 7614 "-" "Mozilla/5.0 (X11; Ubuntu; Linux x86_64; rv:72.0) Gecko/20100101 Firefox/72.0"
3.81.32.14 - - [20/Jan/2024:18:15:17 +0100] "GET /templates/Pixame_v1/images/icon_accueil2.png HTTP/1.1" 200 1137 "http://www.wonder-geek.com/heart-decorative-tray-p-45846.html" "Mozilla/5.0 (X11; Linux x86_64) AppleWebKit/537.36 (KHTML, like Gecko) HeadlessChrome/118.0.0.0 Safari/537.36"
3.81.32.14 - - [20/Jan/2024:18:15:17 +0100] "GET /mondial_relay/js/jquery-1.3.2.min.js HTTP/1.1" 200 57254 "http://www.wonder-geek.com/heart-decorative-tray-p-45846.html" "Mozilla/5.0 (X11; Linux x86_64) AppleWebKit/537.36 (KHTML, like Gecko) HeadlessChrome/118.0.0.0 Safari/537.36"
3.81.32.14 - - [20/Jan/2024:18:15:17 +0100] "GET /js/jquery.jqzoom.js HTTP/1.1" 200 4761 "http://www.wonder-geek.com/heart-decorative-tray-p-45846.html" "Mozilla/5.0 (X11; Linux x86_64) AppleWebKit/537.36 (KHTML, like Gecko) HeadlessChrome/118.0.0.0 Safari/537.36"
3.81.32.14 - - [20/Jan/2024:18:15:17 +0100] "GET /js/jquery.js HTTP/1.1" 200 54075 "http://www.wonder-geek.com/heart-decorative-tray-p-45846.html" "Mozilla/5.0 (X11; Linux x86_64) AppleWebKit/537.36 (KHTML, like Gecko) HeadlessChrome/118.0.0.0 Safari/537.36"
3.81.32.14 - - [20/Jan/2024:18:15:17 +0100] "GET /highslide/highslide.js HTTP/1.1" 200 42909 "http://www.wonder-geek.com/heart-decorative-tray-p-45846.html" "Mozilla/5.0 (X11; Linux x86_64) AppleWebKit/537.36 (KHTML, like Gecko) HeadlessChrome/118.0.0.0 Safari/537.36"
3.81.32.14 - - [20/Jan/2024:18:15:17 +0100] "GET /templates/Pixame_v1/stylesheet.css HTTP/1.1" 200 56057 "http://www.wonder-geek.com/heart-decorative-tray-p-45846.html" "Mozilla/5.0 (X11; Linux x86_64) AppleWebKit/537.36 (KHTML, like Gecko) HeadlessChrome/118.0.0.0 Safari/537.36"
3.81.32.14 - - [20/Jan/2024:18:15:18 +0100] "GET /templates/Pixame_v1/images/nav.png HTTP/1.1" 200 1283 "http://www.wonder-geek.com/templates/Pixame_v1/stylesheet.css" "Mozilla/5.0 (X11; Linux x86_64) AppleWebKit/537.36 (KHTML, like Gecko) HeadlessChrome/118.0.0.0 Safari/537.36"
3.81.32.14 - - [20/Jan/2024:18:15:18 +0100] "GET /design/productsenstock.png HTTP/1.1" 200 4743 "http://www.wonder-geek.com/templates/Pixame_v1/stylesheet.css" "Mozilla/5.0 (X11; Linux x86_64) AppleWebKit/537.36 (KHTML, like Gecko) HeadlessChrome/118.0.0.0 Safari/537.36"
3.81.32.14 - - [20/Jan/2024:18:15:18 +0100] "GET /templates/Pixame_v1/images/header-object.png HTTP/1.1" 200 106050 "http://www.wonder-geek.com/templates/Pixame_v1/stylesheet.css" "Mozilla/5.0 (X11; Linux x86_64) AppleWebKit/537.36 (KHTML, like Gecko) HeadlessChrome/118.0.0.0 Safari/537.36"
3.81.32.14 - - [20/Jan/2024:18:15:18 +0100] "GET /templates/Pixame_v1/images/Bottom_texture.jpg HTTP/1.1" 200 56290 "http://www.wonder-geek.com/templates/Pixame_v1/stylesheet.css" "Mozilla/5.0 (X11; Linux x86_64) AppleWebKit/537.36 (KHTML, like Gecko) HeadlessChrome/118.0.0.0 Safari/537.36"
3.81.32.14 - - [20/Jan/2024:18:15:18 +0100] "GET /templates/Pixame_v1/images/header.png HTTP/1.1" 200 70245 "http://www.wonder-geek.com/templates/Pixame_v1/stylesheet.css" "Mozilla/5.0 (X11; Linux x86_64) AppleWebKit/537.36 (KHTML, like Gecko) HeadlessChrome/118.0.0.0 Safari/537.36"
3.81.32.14 - - [20/Jan/2024:18:15:18 +0100] "GET /templates/Pixame_v1/images/Middle_texture.jpg HTTP/1.1" 200 249620 "http://www.wonder-geek.com/templates/Pixame_v1/stylesheet.css" "Mozilla/5.0 (X11; Linux x86_64) AppleWebKit/537.36 (KHTML, like Gecko) HeadlessChrome/118.0.0.0 Safari/537.36"
3.81.32.14 - - [20/Jan/2024:18:15:48 +0100] "GET /favicon.ico HTTP/1.1" 200 1591 "http://www.wonder-geek.com/heart-decorative-tray-p-45846.html" "Mozilla/5.0 (X11; Linux x86_64) AppleWebKit/537.36 (KHTML, like Gecko) HeadlessChrome/118.0.0.0 Safari/537.36"
3.81.32.14 - - [20/Jan/2024:18:15:48 +0100] "GET /highslide/graphics/outlines/drop-shadow.png HTTP/1.1" 200 2022 "http://www.wonder-geek.com/heart-decorative-tray-p-45846.html" "Mozilla/5.0 (X11; Linux x86_64) AppleWebKit/537.36 (KHTML, like Gecko) HeadlessChrome/118.0.0.0 Safari/537.36"
3.81.32.14 - - [20/Jan/2024:18:15:50 +0100] "GET /templates/Pixame_v1/stylesheet.css HTTP/1.1" 200 56057 "http://www.wonder-geek.com/heart-decorative-tray-p-45846.html" "Mozilla/5.0 (X11; Linux x86_64) AppleWebKit/537.36 (KHTML, like Gecko) HeadlessChrome/118.0.0.0 Safari/537.36"
69.63.189.117 - - [20/Jan/2024:18:16:01 +0100] "GET /images/mini_prod/1399984255896.jpg HTTP/1.1" 200 8646 "-" "facebookexternalhit/1.1 (+http://www.facebook.com/externalhit_uatext.php)"
69.63.189.8 - - [20/Jan/2024:18:17:50 +0100] "GET /images/big_prod_1/8424345302490a.jpg HTTP/1.1" 200 30963 "-" "facebookexternalhit/1.1 (+http://www.facebook.com/externalhit_uatext.php)"
47.128.113.155 - - [20/Jan/2024:18:18:05 +0100] "GET /templates/Pixame_v1/images/icon_accueil2.png HTTP/1.1" 200 1137 "http://www.wonder-geek.com/-p-49569.html" "Mozilla/5.0 (compatible; Bytespider; spider-feedback@bytedance.com) AppleWebKit/537.36 (KHTML, like Gecko) Chrome/70.0.0.0 Safari/537.36"
47.128.113.155 - - [20/Jan/2024:18:18:07 +0100] "GET /highslide/graphics/outlines/drop-shadow.png HTTP/1.1" 200 2022 "http://www.wonder-geek.com/-p-49569.html" "Mozilla/5.0 (compatible; Bytespider; spider-feedback@bytedance.com) AppleWebKit/537.36 (KHTML, like Gecko) Chrome/70.0.0.0 Safari/537.36"
54.36.148.31 - - [20/Jan/2024:18:18:33 +0100] "GET /images/big_prod/800399057833909072012.jpg HTTP/1.1" 200 77329 "-" "Mozilla/5.0 (compatible; AhrefsBot/7.0; +http://ahrefs.com/robot/)"
69.63.189.1 - - [20/Jan/2024:18:19:18 +0100] "GET /images/mini_prod/5415203664822.jpg HTTP/1.1" 200 3513 "-" "facebookexternalhit/1.1 (+http://www.facebook.com/externalhit_uatext.php)"
58.251.76.82 - - [20/Jan/2024:18:19:23 +0100] "GET /images/mini_prod/3565750040319.jpg HTTP/1.1" 200 6107 "-" "Mozilla/5.0 (X11; Ubuntu; Linux x86_64; rv:72.0) Gecko/20100101 Firefox/72.0"
47.128.18.72 - - [20/Jan/2024:18:19:50 +0100] "GET /templates/Pixame_v1/images/icon_accueil2.png HTTP/1.1" 200 1137 "http://www.wonder-geek.com/chicago-bulls-p-44957.html" "Mozilla/5.0 (compatible; Bytespider; spider-feedback@bytedance.com) AppleWebKit/537.36 (KHTML, like Gecko) Chrome/70.0.0.0 Safari/537.36"
47.128.18.72 - - [20/Jan/2024:18:19:55 +0100] "GET /highslide/graphics/outlines/drop-shadow.png HTTP/1.1" 200 2022 "http://www.wonder-geek.com/chicago-bulls-p-44957.html" "Mozilla/5.0 (compatible; Bytespider; spider-feedback@bytedance.com) AppleWebKit/537.36 (KHTML, like Gecko) Chrome/70.0.0.0 Safari/537.36"
169.233.1.32 - - [20/Jan/2024:18:20:48 +0100] "GET /images/mini_prod/4036113830490.jpg HTTP/1.1" 200 11822 "-" "Mozilla/5.0 (X11; Ubuntu; Linux x86_64; rv:72.0) Gecko/20100101 Firefox/72.0"
54.36.149.95 - - [20/Jan/2024:18:22:18 +0100] "GET /images/mini_prod/4036113231303N.jpg HTTP/1.1" 200 8288 "-" "Mozilla/5.0 (compatible; AhrefsBot/7.0; +http://ahrefs.com/robot/)"
47.88.236.39 - - [20/Jan/2024:18:23:49 +0100] "GET /images/mini_prod/1399984257432.jpg HTTP/1.1" 200 7226 "-" "Mozilla/5.0 (X11; Ubuntu; Linux x86_64; rv:72.0) Gecko/20100101 Firefox/72.0"
52.167.144.168 - - [20/Jan/2024:18:24:07 +0100] "GET /js/jquery.js HTTP/1.1" 200 54075 "-" "Mozilla/5.0 AppleWebKit/537.36 (KHTML, like Gecko; compatible; bingbot/2.0; +http://www.bing.com/bingbot.htm) Chrome/116.0.1938.76 Safari/537.36"
40.77.167.52 - - [20/Jan/2024:18:24:13 +0100] "GET /highslide/highslide.js HTTP/1.1" 200 42909 "-" "Mozilla/5.0 AppleWebKit/537.36 (KHTML, like Gecko; compatible; bingbot/2.0; +http://www.bing.com/bingbot.htm) Chrome/116.0.1938.76 Safari/537.36"
47.88.236.39 - - [20/Jan/2024:18:24:36 +0100] "GET /images/mini_prod/1384010202852.jpg HTTP/1.1" 200 6160 "-" "Mozilla/5.0 (X11; Ubuntu; Linux x86_64; rv:72.0) Gecko/20100101 Firefox/72.0"
8.219.166.38 - - [20/Jan/2024:18:24:44 +0100] "GET /images/mini_prod/8422193202788.jpg HTTP/1.1" 200 8791 "-" "Mozilla/5.0 (X11; Ubuntu; Linux x86_64; rv:72.0) Gecko/20100101 Firefox/72.0"
69.63.189.1 - - [20/Jan/2024:18:25:57 +0100] "GET /images/mini_prod/3503420072765.jpg HTTP/1.1" 200 4682 "-" "facebookexternalhit/1.1 (+http://www.facebook.com/externalhit_uatext.php)"
77.18.53.252 - - [20/Jan/2024:18:26:43 +0100] "GET /js/jquery.jqzoom.js HTTP/1.1" 200 4761 "http://www.wonder-geek.com/jane-crowther-cats-p-54761.html" "Mozilla/5.0 (Linux; Android 10; K) AppleWebKit/537.36 (KHTML, like Gecko) Chrome/120.0.0.0 Mobile Safari/537.36"
77.18.53.252 - - [20/Jan/2024:18:26:43 +0100] "GET /highslide/highslide.js HTTP/1.1" 200 42909 "http://www.wonder-geek.com/jane-crowther-cats-p-54761.html" "Mozilla/5.0 (Linux; Android 10; K) AppleWebKit/537.36 (KHTML, like Gecko) Chrome/120.0.0.0 Mobile Safari/537.36"
77.18.53.252 - - [20/Jan/2024:18:26:43 +0100] "GET /templates/Pixame_v1/images/icon_accueil2.png HTTP/1.1" 200 1137 "http://www.wonder-geek.com/jane-crowther-cats-p-54761.html" "Mozilla/5.0 (Linux; Android 10; K) AppleWebKit/537.36 (KHTML, like Gecko) Chrome/120.0.0.0 Mobile Safari/537.36"
77.18.53.252 - - [20/Jan/2024:18:26:43 +0100] "GET /templates/Pixame_v1/stylesheet.css HTTP/1.1" 200 56057 "http://www.wonder-geek.com/jane-crowther-cats-p-54761.html" "Mozilla/5.0 (Linux; Android 10; K) AppleWebKit/537.36 (KHTML, like Gecko) Chrome/120.0.0.0 Mobile Safari/537.36"
77.18.53.252 - - [20/Jan/2024:18:26:43 +0100] "GET /js/jquery.js HTTP/1.1" 200 54075 "http://www.wonder-geek.com/jane-crowther-cats-p-54761.html" "Mozilla/5.0 (Linux; Android 10; K) AppleWebKit/537.36 (KHTML, like Gecko) Chrome/120.0.0.0 Mobile Safari/537.36"
77.18.53.252 - - [20/Jan/2024:18:26:43 +0100] "GET /mondial_relay/js/jquery-1.3.2.min.js HTTP/1.1" 200 57254 "http://www.wonder-geek.com/jane-crowther-cats-p-54761.html" "Mozilla/5.0 (Linux; Android 10; K) AppleWebKit/537.36 (KHTML, like Gecko) Chrome/120.0.0.0 Mobile Safari/537.36"
77.18.53.252 - - [20/Jan/2024:18:26:43 +0100] "GET /templates/Pixame_v1/images/buttons/english/button_in_cart.gif HTTP/1.1" 200 1212 "http://www.wonder-geek.com/jane-crowther-cats-p-54761.html" "Mozilla/5.0 (Linux; Android 10; K) AppleWebKit/537.36 (KHTML, like Gecko) Chrome/120.0.0.0 Mobile Safari/537.36"
77.18.53.252 - - [20/Jan/2024:18:26:43 +0100] "GET /templates/Pixame_v1/images/Bottom_texture.jpg HTTP/1.1" 200 56290 "http://www.wonder-geek.com/templates/Pixame_v1/stylesheet.css" "Mozilla/5.0 (Linux; Android 10; K) AppleWebKit/537.36 (KHTML, like Gecko) Chrome/120.0.0.0 Mobile Safari/537.36"
77.18.53.252 - - [20/Jan/2024:18:26:43 +0100] "GET /images/big_prod_1/3700572752945B.jpg HTTP/1.1" 200 136949 "http://www.wonder-geek.com/jane-crowther-cats-p-54761.html" "Mozilla/5.0 (Linux; Android 10; K) AppleWebKit/537.36 (KHTML, like Gecko) Chrome/120.0.0.0 Mobile Safari/537.36"
77.18.53.252 - - [20/Jan/2024:18:26:43 +0100] "GET /templates/Pixame_v1/images/header.png HTTP/1.1" 200 70245 "http://www.wonder-geek.com/templates/Pixame_v1/stylesheet.css" "Mozilla/5.0 (Linux; Android 10; K) AppleWebKit/537.36 (KHTML, like Gecko) Chrome/120.0.0.0 Mobile Safari/537.36"
77.18.53.252 - - [20/Jan/2024:18:26:43 +0100] "GET /templates/Pixame_v1/images/header-object.png HTTP/1.1" 200 106050 "http://www.wonder-geek.com/templates/Pixame_v1/stylesheet.css" "Mozilla/5.0 (Linux; Android 10; K) AppleWebKit/537.36 (KHTML, like Gecko) Chrome/120.0.0.0 Mobile Safari/537.36"
77.18.53.252 - - [20/Jan/2024:18:26:44 +0100] "GET /images/big_prod/3700572752945.jpg HTTP/1.1" 200 145666 "http://www.wonder-geek.com/jane-crowther-cats-p-54761.html" "Mozilla/5.0 (Linux; Android 10; K) AppleWebKit/537.36 (KHTML, like Gecko) Chrome/120.0.0.0 Mobile Safari/537.36"
77.18.53.252 - - [20/Jan/2024:18:26:44 +0100] "GET /templates/Pixame_v1/images/Middle_texture.jpg HTTP/1.1" 200 249620 "http://www.wonder-geek.com/templates/Pixame_v1/stylesheet.css" "Mozilla/5.0 (Linux; Android 10; K) AppleWebKit/537.36 (KHTML, like Gecko) Chrome/120.0.0.0 Mobile Safari/537.36"
77.18.53.252 - - [20/Jan/2024:18:26:44 +0100] "GET /templates/Pixame_v1/images/nav.png HTTP/1.1" 200 1283 "http://www.wonder-geek.com/templates/Pixame_v1/stylesheet.css" "Mozilla/5.0 (Linux; Android 10; K) AppleWebKit/537.36 (KHTML, like Gecko) Chrome/120.0.0.0 Mobile Safari/537.36"
77.18.53.252 - - [20/Jan/2024:18:26:44 +0100] "GET /design/productsenstock.png HTTP/1.1" 200 4743 "http://www.wonder-geek.com/templates/Pixame_v1/stylesheet.css" "Mozilla/5.0 (Linux; Android 10; K) AppleWebKit/537.36 (KHTML, like Gecko) Chrome/120.0.0.0 Mobile Safari/537.36"
77.18.53.252 - - [20/Jan/2024:18:26:44 +0100] "GET /highslide/graphics/outlines/drop-shadow.png HTTP/1.1" 200 2022 "http://www.wonder-geek.com/jane-crowther-cats-p-54761.html" "Mozilla/5.0 (Linux; Android 10; K) AppleWebKit/537.36 (KHTML, like Gecko) Chrome/120.0.0.0 Mobile Safari/537.36"
77.18.53.252 - - [20/Jan/2024:18:26:44 +0100] "GET /favicon.ico HTTP/1.1" 200 1591 "http://www.wonder-geek.com/jane-crowther-cats-p-54761.html" "Mozilla/5.0 (Linux; Android 10; K) AppleWebKit/537.36 (KHTML, like Gecko) Chrome/120.0.0.0 Mobile Safari/537.36"
8.219.166.38 - - [20/Jan/2024:18:26:46 +0100] "GET /images/mini_prod/8011717796409.jpg HTTP/1.1" 200 7969 "-" "Mozilla/5.0 (X11; Ubuntu; Linux x86_64; rv:72.0) Gecko/20100101 Firefox/72.0"
47.128.57.235 - - [20/Jan/2024:18:29:01 +0100] "GET /templates/Pixame_v1/images/icon_accueil2.png HTTP/1.1" 200 1137 "http://www.wonder-geek.com/specials.php?page=25" "Mozilla/5.0 (compatible; Bytespider; spider-feedback@bytedance.com) AppleWebKit/537.36 (KHTML, like Gecko) Chrome/70.0.0.0 Safari/537.36"
47.128.57.235 - - [20/Jan/2024:18:29:02 +0100] "GET /js/jquery.masonry.min.js HTTP/1.1" 200 5392 "http://www.wonder-geek.com/specials.php?page=25" "Mozilla/5.0 (compatible; Bytespider; spider-feedback@bytedance.com) AppleWebKit/537.36 (KHTML, like Gecko) Chrome/70.0.0.0 Safari/537.36"
47.128.57.235 - - [20/Jan/2024:18:29:02 +0100] "GET /js/modernizr-transitions.js HTTP/1.1" 200 2026 "http://www.wonder-geek.com/specials.php?page=25" "Mozilla/5.0 (compatible; Bytespider; spider-feedback@bytedance.com) AppleWebKit/537.36 (KHTML, like Gecko) Chrome/70.0.0.0 Safari/537.36"
47.128.57.235 - - [20/Jan/2024:18:29:02 +0100] "GET /highslide/graphics/outlines/drop-shadow.png HTTP/1.1" 200 2022 "http://www.wonder-geek.com/specials.php?page=25" "Mozilla/5.0 (compatible; Bytespider; spider-feedback@bytedance.com) AppleWebKit/537.36 (KHTML, like Gecko) Chrome/70.0.0.0 Safari/537.36"
46.53.248.43 - - [20/Jan/2024:18:29:36 +0100] "GET /images/med_prod/1384010178201.jpg HTTP/1.1" 200 88889 "-" "Mozilla/5.0 (iPhone; CPU iPhone OS 17_0 like Mac OS X) AppleWebKit/605.1.15 (KHTML, like Gecko) Version/17.0 Mobile/15E148 Safari/604.1"
8.219.166.38 - - [20/Jan/2024:18:30:13 +0100] "GET /images/mini_prod/3438100356470.jpg HTTP/1.1" 200 9641 "-" "Mozilla/5.0 (X11; Ubuntu; Linux x86_64; rv:72.0) Gecko/20100101 Firefox/72.0"
34.135.202.19 - - [20/Jan/2024:18:30:55 +0100] "GET /images/mini_prod/8435306215780.jpg HTTP/1.1" 200 6366 "-" "python-requests/2.25.1"
54.36.148.67 - - [20/Jan/2024:18:31:42 +0100] "GET /images/big_prod_1/DSCN0983.jpg HTTP/1.1" 200 99965 "-" "Mozilla/5.0 (compatible; AhrefsBot/7.0; +http://ahrefs.com/robot/)"
47.88.236.39 - - [20/Jan/2024:18:33:02 +0100] "GET /images/mini_prod/190907_025632_PEEL_keGG7K.jpg HTTP/1.1" 200 15005 "-" "Mozilla/5.0 (X11; Ubuntu; Linux x86_64; rv:72.0) Gecko/20100101 Firefox/72.0"
103.52.188.152 - - [20/Jan/2024:18:34:31 +0100] "GET /images/mini_prod/3700653501219.jpg HTTP/1.1" 200 5781 "-" "Mozilla/5.0 (X11; Ubuntu; Linux x86_64; rv:72.0) Gecko/20100101 Firefox/72.0"
47.88.236.39 - - [20/Jan/2024:18:34:49 +0100] "GET /images/mini_prod/8719075391594.jpg HTTP/1.1" 200 7139 "-" "Mozilla/5.0 (X11; Ubuntu; Linux x86_64; rv:72.0) Gecko/20100101 Firefox/72.0"
69.63.189.116 - - [20/Jan/2024:18:34:50 +0100] "GET /images/mini_prod/3700407620135.jpg HTTP/1.1" 200 4844 "-" "facebookexternalhit/1.1 (+http://www.facebook.com/externalhit_uatext.php)"
182.22.30.44 - - [20/Jan/2024:18:35:15 +0100] "GET /images/mini_prod/3700281646900.jpg HTTP/1.1" 200 5417 "-" "Mozilla/5.0 (compatible; Y!J-WSC/1.0; +https://yahoo.jp/3BSZgF)"
54.36.149.243 - - [20/Jan/2024:18:35:44 +0100] "GET /images/big_prod_3/6971640206074c.jpg HTTP/1.1" 200 41992 "-" "Mozilla/5.0 (compatible; AhrefsBot/7.0; +http://ahrefs.com/robot/)"
128.135.24.101 - - [20/Jan/2024:18:36:11 +0100] "GET /images/mini_prod/8435333853245.jpg HTTP/1.1" 200 9369 "-" "Mozilla/5.0 (X11; Ubuntu; Linux x86_64; rv:72.0) Gecko/20100101 Firefox/72.0"
69.63.189.10 - - [20/Jan/2024:18:38:34 +0100] "GET /images/big_prod_1/4895220303361a.jpg HTTP/1.1" 200 74337 "-" "facebookexternalhit/1.1 (+http://www.facebook.com/externalhit_uatext.php)"
69.63.189.119 - - [20/Jan/2024:18:38:45 +0100] "GET /images/big_prod_2/8433933239230C.jpg HTTP/1.1" 200 129743 "-" "facebookexternalhit/1.1 (+http://www.facebook.com/externalhit_uatext.php)"
8.219.166.38 - - [20/Jan/2024:18:38:59 +0100] "GET /images/mini_prod/3565750263770.jpg HTTP/1.1" 200 13920 "-" "Mozilla/5.0 (X11; Ubuntu; Linux x86_64; rv:72.0) Gecko/20100101 Firefox/72.0"
69.63.189.9 - - [20/Jan/2024:18:40:06 +0100] "GET /images/mini_prod/8719075395363.jpg HTTP/1.1" 200 6209 "-" "facebookexternalhit/1.1 (+http://www.facebook.com/externalhit_uatext.php)"
69.63.189.8 - - [20/Jan/2024:18:41:15 +0100] "GET /images/mini_prod/8433933141304.jpg HTTP/1.1" 200 3846 "-" "facebookexternalhit/1.1 (+http://www.facebook.com/externalhit_uatext.php)"
185.191.171.8 - - [20/Jan/2024:18:42:33 +0100] "GET /robots.txt HTTP/1.1" 200 2438 "-" "Mozilla/5.0 (compatible; SemrushBot/7~bl; +http://www.semrush.com/bot.html)"
216.244.66.242 - - [20/Jan/2024:18:42:38 +0100] "GET /robots.txt HTTP/1.1" 200 2438 "-" "Mozilla/5.0 (compatible; DotBot/1.2; +https://opensiteexplorer.org/dotbot; help@moz.com)"
69.63.189.8 - - [20/Jan/2024:18:43:27 +0100] "GET /images/mini_prod/1399980107496.jpg HTTP/1.1" 200 7725 "-" "facebookexternalhit/1.1 (+http://www.facebook.com/externalhit_uatext.php)"
69.63.189.117 - - [20/Jan/2024:18:44:02 +0100] "GET /images/mini_prod/1020322305439.jpg HTTP/1.1" 200 5077 "-" "facebookexternalhit/1.1 (+http://www.facebook.com/externalhit_uatext.php)"
69.63.189.118 - - [20/Jan/2024:18:46:29 +0100] "GET /images/mini_prod/1328399296088.jpg HTTP/1.1" 200 6729 "-" "facebookexternalhit/1.1 (+http://www.facebook.com/externalhit_uatext.php)"
47.128.51.99 - - [20/Jan/2024:18:46:59 +0100] "GET /templates/Pixame_v1/images/icon_accueil2.png HTTP/1.1" 200 1137 "http://www.wonder-geek.com/candytuft-flower-fairies-p-40070.html" "Mozilla/5.0 (compatible; Bytespider; spider-feedback@bytedance.com) AppleWebKit/537.36 (KHTML, like Gecko) Chrome/70.0.0.0 Safari/537.36"
47.128.51.99 - - [20/Jan/2024:18:47:04 +0100] "GET /highslide/graphics/outlines/drop-shadow.png HTTP/1.1" 200 2022 "http://www.wonder-geek.com/candytuft-flower-fairies-p-40070.html" "Mozilla/5.0 (compatible; Bytespider; spider-feedback@bytedance.com) AppleWebKit/537.36 (KHTML, like Gecko) Chrome/70.0.0.0 Safari/537.36"
69.63.189.2 - - [20/Jan/2024:18:48:05 +0100] "GET /images/mini_prod/3700344927250.jpg HTTP/1.1" 200 10505 "-" "facebookexternalhit/1.1 (+http://www.facebook.com/externalhit_uatext.php)"
69.63.189.120 - - [20/Jan/2024:18:49:32 +0100] "GET /images/big_prod_1/8433933243084B.jpg HTTP/1.1" 200 97646 "-" "facebookexternalhit/1.1 (+http://www.facebook.com/externalhit_uatext.php)"
47.88.236.39 - - [20/Jan/2024:18:50:04 +0100] "GET /images/mini_prod/8424001528226.jpg HTTP/1.1" 200 6087 "-" "Mozilla/5.0 (X11; Ubuntu; Linux x86_64; rv:72.0) Gecko/20100101 Firefox/72.0"
202.239.4.213 - - [20/Jan/2024:18:55:16 +0100] "GET /images/mini_prod/8003990623473.jpg HTTP/1.1" 200 7056 "-" "Mozilla/5.0 (compatible; Y!J-WSC/1.0; +https://yahoo.jp/3BSZgF)"
169.233.1.32 - - [20/Jan/2024:18:55:34 +0100] "GET /images/mini_prod/3418175549014.jpg HTTP/1.1" 200 8396 "-" "Mozilla/5.0 (X11; Ubuntu; Linux x86_64; rv:72.0) Gecko/20100101 Firefox/72.0"
69.63.189.3 - - [20/Jan/2024:18:56:15 +0100] "GET /images/mini_prod/3700653507501.jpg HTTP/1.1" 200 7806 "-" "facebookexternalhit/1.1 (+http://www.facebook.com/externalhit_uatext.php)"
69.63.189.119 - - [20/Jan/2024:18:58:47 +0100] "GET /images/big_prod_1/8433933248324B.jpg HTTP/1.1" 200 367664 "-" "facebookexternalhit/1.1 (+http://www.facebook.com/externalhit_uatext.php)"
69.63.189.10 - - [20/Jan/2024:18:59:06 +0100] "GET /images/mini_prod/J1399984249246.jpg HTTP/1.1" 200 7855 "-" "facebookexternalhit/1.1 (+http://www.facebook.com/externalhit_uatext.php)"
69.63.189.2 - - [20/Jan/2024:19:00:40 +0100] "GET /images/mini_prod/5415203879783.jpg HTTP/1.1" 200 4587 "-" "facebookexternalhit/1.1 (+http://www.facebook.com/externalhit_uatext.php)"
69.63.189.6 - - [20/Jan/2024:19:00:50 +0100] "GET /images/mini_prod/8433933243251.jpg HTTP/1.1" 200 6095 "-" "facebookexternalhit/1.1 (+http://www.facebook.com/externalhit_uatext.php)"
69.63.189.116 - - [20/Jan/2024:19:01:15 +0100] "GET /images/big_prod_3/8433933241714D.jpg HTTP/1.1" 200 63117 "-" "facebookexternalhit/1.1 (+http://www.facebook.com/externalhit_uatext.php)"
69.63.189.1 - - [20/Jan/2024:19:01:19 +0100] "GET /images/big_prod_1/4542202657164B.jpg HTTP/1.1" 200 38507 "-" "facebookexternalhit/1.1 (+http://www.facebook.com/externalhit_uatext.php)"
69.63.189.116 - - [20/Jan/2024:19:02:55 +0100] "GET /images/big_prod_2/8718657467191C.jpg HTTP/1.1" 200 74632 "-" "facebookexternalhit/1.1 (+http://www.facebook.com/externalhit_uatext.php)"
69.63.189.3 - - [20/Jan/2024:19:03:26 +0100] "GET /images/mini_prod/encensarbre.jpg HTTP/1.1" 200 10267 "-" "facebookexternalhit/1.1 (+http://www.facebook.com/externalhit_uatext.php)"
69.63.189.10 - - [20/Jan/2024:19:03:47 +0100] "GET /images/big_prod_2/3665269130676a.jpg HTTP/1.1" 200 227819 "-" "facebookexternalhit/1.1 (+http://www.facebook.com/externalhit_uatext.php)"
69.63.189.7 - - [20/Jan/2024:19:04:35 +0100] "GET /images/big_prod_1/8433933244807B.jpg HTTP/1.1" 200 241714 "-" "facebookexternalhit/1.1 (+http://www.facebook.com/externalhit_uatext.php)"
34.42.66.8 - - [20/Jan/2024:19:05:04 +0100] "GET /images/mini_prod/9316188029582.jpg HTTP/1.1" 200 5972 "-" "python-requests/2.25.1"
213.180.203.137 - - [20/Jan/2024:19:05:14 +0100] "GET /robots.txt HTTP/1.1" 200 2438 "-" "Mozilla/5.0 (compatible; YandexBot/3.0; +http://yandex.com/bots)"
54.236.1.13 - - [20/Jan/2024:19:05:57 +0100] "GET /images/big_prod_1/4542202653265fred.jpg HTTP/1.1" 200 90731 "-" "Mozilla/5.0 (compatible; Pinterestbot/1.0; +http://www.pinterest.com/bot.html)"
47.88.236.39 - - [20/Jan/2024:19:06:57 +0100] "GET /images/mini_prod/3453131152648.jpg HTTP/1.1" 200 8854 "-" "Mozilla/5.0 (X11; Ubuntu; Linux x86_64; rv:72.0) Gecko/20100101 Firefox/72.0"
69.63.189.118 - - [20/Jan/2024:19:08:50 +0100] "GET /images/mini_prod/8433933226353.jpg HTTP/1.1" 200 8442 "-" "facebookexternalhit/1.1 (+http://www.facebook.com/externalhit_uatext.php)"
120.92.15.159 - - [20/Jan/2024:19:09:02 +0100] "GET /images/mini_prod/4029811379385.jpg HTTP/1.1" 200 8365 "-" "Mozilla/5.0 (X11; Ubuntu; Linux x86_64; rv:72.0) Gecko/20100101 Firefox/72.0"
69.63.189.120 - - [20/Jan/2024:19:09:56 +0100] "GET /images/mini_prod/3574642330520.jpg HTTP/1.1" 200 6265 "-" "facebookexternalhit/1.1 (+http://www.facebook.com/externalhit_uatext.php)"
47.88.236.39 - - [20/Jan/2024:19:10:20 +0100] "GET /images/mini_prod/1384010176429.jpg HTTP/1.1" 200 5901 "-" "Mozilla/5.0 (X11; Ubuntu; Linux x86_64; rv:72.0) Gecko/20100101 Firefox/72.0"
69.63.189.111 - - [20/Jan/2024:19:10:30 +0100] "GET /images/mini_prod/3520071820897.jpg HTTP/1.1" 200 6343 "-" "facebookexternalhit/1.1 (+http://www.facebook.com/externalhit_uatext.php)"
69.63.189.8 - - [20/Jan/2024:19:11:40 +0100] "GET /images/mini_prod/3700572740256.jpg HTTP/1.1" 200 5806 "-" "facebookexternalhit/1.1 (+http://www.facebook.com/externalhit_uatext.php)"
8.219.166.38 - - [20/Jan/2024:19:12:57 +0100] "GET /images/mini_prod/9316188065252.jpg HTTP/1.1" 200 7858 "-" "Mozilla/5.0 (X11; Ubuntu; Linux x86_64; rv:72.0) Gecko/20100101 Firefox/72.0"
40.77.167.15 - - [20/Jan/2024:19:15:15 +0100] "GET /images/big_prod/1300280000004.jpg HTTP/1.1" 200 91167 "-" "Mozilla/5.0 (Windows NT 6.1; WOW64) AppleWebKit/534+ (KHTML, like Gecko) BingPreview/1.0b"
47.128.57.195 - - [20/Jan/2024:19:17:41 +0100] "GET /templates/Pixame_v1/images/icon_accueil2.png HTTP/1.1" 200 1137 "http://www.wonder-geek.com/espresso-allen-designs-p-39741.html" "Mozilla/5.0 (compatible; Bytespider; spider-feedback@bytedance.com) AppleWebKit/537.36 (KHTML, like Gecko) Chrome/70.0.0.0 Safari/537.36"
69.63.189.2 - - [20/Jan/2024:19:17:43 +0100] "GET /images/big_prod_1/8433933227398B.jpg HTTP/1.1" 200 132710 "-" "facebookexternalhit/1.1 (+http://www.facebook.com/externalhit_uatext.php)"
47.128.57.195 - - [20/Jan/2024:19:17:45 +0100] "GET /templates/Pixame_v1/images/buttons/english/button_in_cart.gif HTTP/1.1" 200 1212 "http://www.wonder-geek.com/espresso-allen-designs-p-39741.html" "Mozilla/5.0 (compatible; Bytespider; spider-feedback@bytedance.com) AppleWebKit/537.36 (KHTML, like Gecko) Chrome/70.0.0.0 Safari/537.36"
47.128.57.195 - - [20/Jan/2024:19:17:48 +0100] "GET /images/big_prod_1/3453131131360.jpg HTTP/1.1" 200 192556 "http://www.wonder-geek.com/espresso-allen-designs-p-39741.html" "Mozilla/5.0 (compatible; Bytespider; spider-feedback@bytedance.com) AppleWebKit/537.36 (KHTML, like Gecko) Chrome/70.0.0.0 Safari/537.36"
47.128.57.195 - - [20/Jan/2024:19:17:51 +0100] "GET /highslide/graphics/outlines/drop-shadow.png HTTP/1.1" 200 2022 "http://www.wonder-geek.com/espresso-allen-designs-p-39741.html" "Mozilla/5.0 (compatible; Bytespider; spider-feedback@bytedance.com) AppleWebKit/537.36 (KHTML, like Gecko) Chrome/70.0.0.0 Safari/537.36"
47.128.57.195 - - [20/Jan/2024:19:17:52 +0100] "GET /images/big_prod/3453131131360B.jpg HTTP/1.1" 200 152028 "http://www.wonder-geek.com/espresso-allen-designs-p-39741.html" "Mozilla/5.0 (compatible; Bytespider; spider-feedback@bytedance.com) AppleWebKit/537.36 (KHTML, like Gecko) Chrome/70.0.0.0 Safari/537.36"
119.28.182.129 - - [20/Jan/2024:19:18:05 +0100] "GET /images/mini_prod/3681643100752.jpg HTTP/1.1" 200 5814 "-" "Mozilla/5.0 (X11; Ubuntu; Linux x86_64; rv:72.0) Gecko/20100101 Firefox/72.0"
169.233.1.32 - - [20/Jan/2024:19:18:58 +0100] "GET /images/mini_prod/3700276274453.jpg HTTP/1.1" 200 8068 "-" "Mozilla/5.0 (X11; Ubuntu; Linux x86_64; rv:72.0) Gecko/20100101 Firefox/72.0"
169.233.1.32 - - [20/Jan/2024:19:19:17 +0100] "GET /images/mini_prod/8427787043211.jpg HTTP/1.1" 200 6147 "-" "Mozilla/5.0 (X11; Ubuntu; Linux x86_64; rv:72.0) Gecko/20100101 Firefox/72.0"
69.63.189.117 - - [20/Jan/2024:19:19:29 +0100] "GET /images/big_prod_1/5400924160173B.jpg HTTP/1.1" 200 47632 "-" "facebookexternalhit/1.1 (+http://www.facebook.com/externalhit_uatext.php)"
47.88.236.39 - - [20/Jan/2024:19:21:34 +0100] "GET /images/mini_prod/3520071724584.jpg HTTP/1.1" 200 5578 "-" "Mozilla/5.0 (X11; Ubuntu; Linux x86_64; rv:72.0) Gecko/20100101 Firefox/72.0"
43.129.178.213 - - [20/Jan/2024:19:22:35 +0100] "GET /images/mini_prod/B8422666661524B.jpg HTTP/1.1" 200 5779 "-" "Mozilla/5.0 (X11; Ubuntu; Linux x86_64; rv:72.0) Gecko/20100101 Firefox/72.0"
8.219.166.38 - - [20/Jan/2024:19:23:09 +0100] "GET /images/mini_prod/4029811344758.jpg HTTP/1.1" 200 11857 "-" "Mozilla/5.0 (X11; Ubuntu; Linux x86_64; rv:72.0) Gecko/20100101 Firefox/72.0"
69.63.189.7 - - [20/Jan/2024:19:23:16 +0100] "GET /images/mini_prod/3520071823621.jpg HTTP/1.1" 200 5624 "-" "facebookexternalhit/1.1 (+http://www.facebook.com/externalhit_uatext.php)"
47.128.55.208 - - [20/Jan/2024:19:23:25 +0100] "GET /images/big_prod/4029811354597.jpg HTTP/1.1" 200 131768 "-" "Mozilla/5.0 (Linux; Android 5.0) AppleWebKit/537.36 (KHTML, like Gecko) Mobile Safari/537.36 (compatible; Bytespider; spider-feedback@bytedance.com)"
69.63.189.3 - - [20/Jan/2024:19:23:39 +0100] "GET /images/big_prod_2/8433933241714C.jpg HTTP/1.1" 200 71356 "-" "facebookexternalhit/1.1 (+http://www.facebook.com/externalhit_uatext.php)"
8.219.166.38 - - [20/Jan/2024:19:25:00 +0100] "GET /images/mini_prod/17637.jpg HTTP/1.1" 200 8844 "-" "Mozilla/5.0 (X11; Ubuntu; Linux x86_64; rv:72.0) Gecko/20100101 Firefox/72.0"
47.94.224.194 - - [20/Jan/2024:19:25:22 +0100] "GET /images/mini_prod/3609810067066.jpg HTTP/1.1" 200 6173 "-" "Mozilla/5.0 (X11; Ubuntu; Linux x86_64; rv:72.0) Gecko/20100101 Firefox/72.0"
47.128.50.51 - - [20/Jan/2024:19:26:47 +0100] "GET /js/jquery.js HTTP/1.1" 200 54075 "http://www.wonder-geek.com/recipe-booklet-petits-plats-maman-p-60425.html" "Mozilla/5.0 (compatible; Bytespider; spider-feedback@bytedance.com) AppleWebKit/537.36 (KHTML, like Gecko) Chrome/70.0.0.0 Safari/537.36"
47.128.50.51 - - [20/Jan/2024:19:26:50 +0100] "GET /templates/Pixame_v1/images/icon_accueil2.png HTTP/1.1" 200 1137 "http://www.wonder-geek.com/recipe-booklet-petits-plats-maman-p-60425.html" "Mozilla/5.0 (compatible; Bytespider; spider-feedback@bytedance.com) AppleWebKit/537.36 (KHTML, like Gecko) Chrome/70.0.0.0 Safari/537.36"
47.128.50.51 - - [20/Jan/2024:19:26:51 +0100] "GET /templates/Pixame_v1/images/buttons/english/button_in_cart.gif HTTP/1.1" 200 1212 "http://www.wonder-geek.com/recipe-booklet-petits-plats-maman-p-60425.html" "Mozilla/5.0 (compatible; Bytespider; spider-feedback@bytedance.com) AppleWebKit/537.36 (KHTML, like Gecko) Chrome/70.0.0.0 Safari/537.36"
47.128.50.51 - - [20/Jan/2024:19:26:59 +0100] "GET /images/big_prod_1/3700281675382a.jpg HTTP/1.1" 200 350135 "http://www.wonder-geek.com/recipe-booklet-petits-plats-maman-p-60425.html" "Mozilla/5.0 (compatible; Bytespider; spider-feedback@bytedance.com) AppleWebKit/537.36 (KHTML, like Gecko) Chrome/70.0.0.0 Safari/537.36"
47.128.50.51 - - [20/Jan/2024:19:26:59 +0100] "GET /highslide/graphics/outlines/drop-shadow.png HTTP/1.1" 200 2022 "http://www.wonder-geek.com/recipe-booklet-petits-plats-maman-p-60425.html" "Mozilla/5.0 (compatible; Bytespider; spider-feedback@bytedance.com) AppleWebKit/537.36 (KHTML, like Gecko) Chrome/70.0.0.0 Safari/537.36"
47.128.50.51 - - [20/Jan/2024:19:27:01 +0100] "GET /images/big_prod/3700281675382.jpg HTTP/1.1" 200 173133 "http://www.wonder-geek.com/recipe-booklet-petits-plats-maman-p-60425.html" "Mozilla/5.0 (compatible; Bytespider; spider-feedback@bytedance.com) AppleWebKit/537.36 (KHTML, like Gecko) Chrome/70.0.0.0 Safari/537.36"
52.167.144.238 - - [20/Jan/2024:19:27:42 +0100] "GET /images/1300010238158.jpg HTTP/1.1" 200 94690 "-" "Mozilla/5.0 (Windows NT 6.1; WOW64) AppleWebKit/534+ (KHTML, like Gecko) BingPreview/1.0b"
108.56.171.240 - - [20/Jan/2024:19:27:50 +0100] "GET /js/jquery.jqzoom.js HTTP/1.1" 200 4761 "http://www.wonder-geek.com/-p-29130.html" "Mozilla/5.0 (Linux; Android 9; KFTRWI) AppleWebKit/537.36 (KHTML, like Gecko) Silk/120.2.2 like Chrome/120.0.6099.232 Safari/537.36"
108.56.171.240 - - [20/Jan/2024:19:27:50 +0100] "GET /highslide/highslide.js HTTP/1.1" 200 42909 "http://www.wonder-geek.com/-p-29130.html" "Mozilla/5.0 (Linux; Android 9; KFTRWI) AppleWebKit/537.36 (KHTML, like Gecko) Silk/120.2.2 like Chrome/120.0.6099.232 Safari/537.36"
108.56.171.240 - - [20/Jan/2024:19:27:50 +0100] "GET /templates/Pixame_v1/images/icon_accueil2.png HTTP/1.1" 200 1137 "http://www.wonder-geek.com/-p-29130.html" "Mozilla/5.0 (Linux; Android 9; KFTRWI) AppleWebKit/537.36 (KHTML, like Gecko) Silk/120.2.2 like Chrome/120.0.6099.232 Safari/537.36"
108.56.171.240 - - [20/Jan/2024:19:27:50 +0100] "GET /templates/Pixame_v1/stylesheet.css HTTP/1.1" 200 56057 "http://www.wonder-geek.com/-p-29130.html" "Mozilla/5.0 (Linux; Android 9; KFTRWI) AppleWebKit/537.36 (KHTML, like Gecko) Silk/120.2.2 like Chrome/120.0.6099.232 Safari/537.36"
108.56.171.240 - - [20/Jan/2024:19:27:51 +0100] "GET /js/jquery.js HTTP/1.1" 200 54075 "http://www.wonder-geek.com/-p-29130.html" "Mozilla/5.0 (Linux; Android 9; KFTRWI) AppleWebKit/537.36 (KHTML, like Gecko) Silk/120.2.2 like Chrome/120.0.6099.232 Safari/537.36"
108.56.171.240 - - [20/Jan/2024:19:27:51 +0100] "GET /mondial_relay/js/jquery-1.3.2.min.js HTTP/1.1" 200 57254 "http://www.wonder-geek.com/-p-29130.html" "Mozilla/5.0 (Linux; Android 9; KFTRWI) AppleWebKit/537.36 (KHTML, like Gecko) Silk/120.2.2 like Chrome/120.0.6099.232 Safari/537.36"
108.56.171.240 - - [20/Jan/2024:19:27:51 +0100] "GET /templates/Pixame_v1/images/nav.png HTTP/1.1" 200 1283 "http://www.wonder-geek.com/templates/Pixame_v1/stylesheet.css" "Mozilla/5.0 (Linux; Android 9; KFTRWI) AppleWebKit/537.36 (KHTML, like Gecko) Silk/120.2.2 like Chrome/120.0.6099.232 Safari/537.36"
108.56.171.240 - - [20/Jan/2024:19:27:51 +0100] "GET /design/productsenstock.png HTTP/1.1" 200 4743 "http://www.wonder-geek.com/templates/Pixame_v1/stylesheet.css" "Mozilla/5.0 (Linux; Android 9; KFTRWI) AppleWebKit/537.36 (KHTML, like Gecko) Silk/120.2.2 like Chrome/120.0.6099.232 Safari/537.36"
108.56.171.240 - - [20/Jan/2024:19:27:51 +0100] "GET /templates/Pixame_v1/images/Bottom_texture.jpg HTTP/1.1" 200 56290 "http://www.wonder-geek.com/templates/Pixame_v1/stylesheet.css" "Mozilla/5.0 (Linux; Android 9; KFTRWI) AppleWebKit/537.36 (KHTML, like Gecko) Silk/120.2.2 like Chrome/120.0.6099.232 Safari/537.36"
108.56.171.240 - - [20/Jan/2024:19:27:51 +0100] "GET /templates/Pixame_v1/images/header-object.png HTTP/1.1" 200 106050 "http://www.wonder-geek.com/templates/Pixame_v1/stylesheet.css" "Mozilla/5.0 (Linux; Android 9; KFTRWI) AppleWebKit/537.36 (KHTML, like Gecko) Silk/120.2.2 like Chrome/120.0.6099.232 Safari/537.36"
108.56.171.240 - - [20/Jan/2024:19:27:51 +0100] "GET /templates/Pixame_v1/images/header.png HTTP/1.1" 200 70245 "http://www.wonder-geek.com/templates/Pixame_v1/stylesheet.css" "Mozilla/5.0 (Linux; Android 9; KFTRWI) AppleWebKit/537.36 (KHTML, like Gecko) Silk/120.2.2 like Chrome/120.0.6099.232 Safari/537.36"
108.56.171.240 - - [20/Jan/2024:19:27:51 +0100] "GET /templates/Pixame_v1/images/Middle_texture.jpg HTTP/1.1" 200 249620 "http://www.wonder-geek.com/templates/Pixame_v1/stylesheet.css" "Mozilla/5.0 (Linux; Android 9; KFTRWI) AppleWebKit/537.36 (KHTML, like Gecko) Silk/120.2.2 like Chrome/120.0.6099.232 Safari/537.36"
108.56.171.240 - - [20/Jan/2024:19:27:51 +0100] "GET /highslide/graphics/outlines/drop-shadow.png HTTP/1.1" 200 2022 "http://www.wonder-geek.com/-p-29130.html" "Mozilla/5.0 (Linux; Android 9; KFTRWI) AppleWebKit/537.36 (KHTML, like Gecko) Silk/120.2.2 like Chrome/120.0.6099.232 Safari/537.36"
108.56.171.240 - - [20/Jan/2024:19:27:51 +0100] "GET /favicon.ico HTTP/1.1" 200 1591 "http://www.wonder-geek.com/-p-29130.html" "Mozilla/5.0 (Linux; Android 9; KFTRWI) AppleWebKit/537.36 (KHTML, like Gecko) Silk/120.2.2 like Chrome/120.0.6099.232 Safari/537.36"
69.63.189.120 - - [20/Jan/2024:19:28:32 +0100] "GET /images/big_prod_1/3665269156546a.jpg HTTP/1.1" 200 74783 "-" "facebookexternalhit/1.1 (+http://www.facebook.com/externalhit_uatext.php)"
69.63.189.4 - - [20/Jan/2024:19:29:50 +0100] "GET /images/big_prod_1/8433933578575B.jpg HTTP/1.1" 200 74044 "-" "facebookexternalhit/1.1 (+http://www.facebook.com/externalhit_uatext.php)"
69.63.189.8 - - [20/Jan/2024:19:31:40 +0100] "GET /images/mini_prod/8422810090361.jpg HTTP/1.1" 200 7227 "-" "facebookexternalhit/1.1 (+http://www.facebook.com/externalhit_uatext.php)"
76.135.42.74 - - [20/Jan/2024:19:31:50 +0100] "GET /images/big_prod/1399985100386.jpg HTTP/1.1" 200 97636 "-" "Mozilla/5.0 (Windows NT 10.0; WOW64; rv:55.0) Gecko/20100101 Firefox/55.0"
76.135.42.74 - - [20/Jan/2024:19:32:13 +0100] "GET /images/mini_prod/1384010190975.jpg HTTP/1.1" 200 8172 "-" "Mozilla/5.0 (Windows NT 10.0; WOW64; rv:55.0) Gecko/20100101 Firefox/55.0"
47.88.236.39 - - [20/Jan/2024:19:32:43 +0100] "GET /images/mini_prod/1399980107748.jpg HTTP/1.1" 200 8148 "-" "Mozilla/5.0 (X11; Ubuntu; Linux x86_64; rv:72.0) Gecko/20100101 Firefox/72.0"
69.63.189.8 - - [20/Jan/2024:19:33:35 +0100] "GET /images/mini_prod/8433933245248.jpg HTTP/1.1" 200 5868 "-" "facebookexternalhit/1.1 (+http://www.facebook.com/externalhit_uatext.php)"
120.92.15.159 - - [20/Jan/2024:19:34:13 +0100] "GET /images/mini_prod/3665269014396.jpg HTTP/1.1" 200 5029 "-" "Mozilla/5.0 (X11; Ubuntu; Linux x86_64; rv:72.0) Gecko/20100101 Firefox/72.0"
69.63.189.7 - - [20/Jan/2024:19:34:31 +0100] "GET /images/mini_prod/8422024205025.jpg HTTP/1.1" 200 7125 "-" "facebookexternalhit/1.1 (+http://www.facebook.com/externalhit_uatext.php)"
47.128.116.253 - - [20/Jan/2024:19:35:00 +0100] "GET /images/6942138908688.jpg HTTP/1.1" 200 35802 "-" "Mozilla/5.0 (Linux; Android 5.0) AppleWebKit/537.36 (KHTML, like Gecko) Mobile Safari/537.36 (compatible; Bytespider; spider-feedback@bytedance.com)"
216.244.66.242 - - [20/Jan/2024:19:35:04 +0100] "GET /robots.txt HTTP/1.1" 200 2438 "-" "Mozilla/5.0 (compatible; DotBot/1.2; +https://opensiteexplorer.org/dotbot; help@moz.com)"
76.135.42.74 - - [20/Jan/2024:19:35:49 +0100] "GET /images/big_prod/1399985100386.jpg HTTP/1.1" 200 97636 "-" "Mozilla/5.0 (Windows NT 10.0; WOW64; rv:55.0) Gecko/20100101 Firefox/55.0"
69.63.189.10 - - [20/Jan/2024:19:36:56 +0100] "GET /images/mini_prod/8422024205018.jpg HTTP/1.1" 200 6905 "-" "facebookexternalhit/1.1 (+http://www.facebook.com/externalhit_uatext.php)"
69.63.189.6 - - [20/Jan/2024:19:39:35 +0100] "GET /images/mini_prod/3700344927113.jpg HTTP/1.1" 200 4021 "-" "facebookexternalhit/1.1 (+http://www.facebook.com/externalhit_uatext.php)"
85.208.96.197 - - [20/Jan/2024:19:42:38 +0100] "GET /robots.txt HTTP/1.1" 200 2438 "-" "Mozilla/5.0 (compatible; SemrushBot/7~bl; +http://www.semrush.com/bot.html)"
8.210.112.228 - - [20/Jan/2024:19:44:15 +0100] "GET /images/GormitiBassa.jpg HTTP/1.1" 200 29928 "-" "Mozilla/5.0 (X11; Ubuntu; Linux x86_64; rv:72.0) Gecko/20100101 Firefox/72.0"
69.63.189.116 - - [20/Jan/2024:19:44:59 +0100] "GET /images/mini_prod/8712159158120.jpg HTTP/1.1" 200 7255 "-" "facebookexternalhit/1.1 (+http://www.facebook.com/externalhit_uatext.php)"
69.63.189.2 - - [20/Jan/2024:19:45:00 +0100] "GET /images/mini_prod/3560600305877.jpg HTTP/1.1" 200 5537 "-" "facebookexternalhit/1.1 (+http://www.facebook.com/externalhit_uatext.php)"
8.222.179.30 - - [20/Jan/2024:19:47:14 +0100] "GET /images/big_prod_1/8433933162910b.jpg HTTP/1.1" 200 41594 "-" "Mozilla/5.0 (X11; Ubuntu; Linux x86_64; rv:72.0) Gecko/20100101 Firefox/72.0"
95.108.213.195 - - [20/Jan/2024:19:49:49 +0100] "GET /robots.txt HTTP/1.1" 200 2438 "-" "Mozilla/5.0 (compatible; YandexBot/3.0; +http://yandex.com/bots)"
47.88.236.39 - - [20/Jan/2024:19:53:35 +0100] "GET /images/mini_prod/3281640395115.jpg HTTP/1.1" 200 8209 "-" "Mozilla/5.0 (X11; Ubuntu; Linux x86_64; rv:72.0) Gecko/20100101 Firefox/72.0"
69.63.189.10 - - [20/Jan/2024:19:53:42 +0100] "GET /images/mini_prod/8424001704613.jpg HTTP/1.1" 200 7864 "-" "facebookexternalhit/1.1 (+http://www.facebook.com/externalhit_uatext.php)"
47.128.126.84 - - [20/Jan/2024:19:54:49 +0100] "GET /templates/Pixame_v1/images/icon_accueil2.png HTTP/1.1" 200 1137 "http://www.wonder-geek.com/-p-48116.html" "Mozilla/5.0 (compatible; Bytespider; spider-feedback@bytedance.com) AppleWebKit/537.36 (KHTML, like Gecko) Chrome/70.0.0.0 Safari/537.36"
47.128.126.84 - - [20/Jan/2024:19:54:50 +0100] "GET /highslide/graphics/outlines/drop-shadow.png HTTP/1.1" 200 2022 "http://www.wonder-geek.com/-p-48116.html" "Mozilla/5.0 (compatible; Bytespider; spider-feedback@bytedance.com) AppleWebKit/537.36 (KHTML, like Gecko) Chrome/70.0.0.0 Safari/537.36"
202.239.5.11 - - [20/Jan/2024:19:55:16 +0100] "GET /images/mini_prod/3700281646924.jpg HTTP/1.1" 200 5209 "-" "Mozilla/5.0 (compatible; Y!J-WSC/1.0; +https://yahoo.jp/3BSZgF)"
69.63.189.9 - - [20/Jan/2024:19:57:42 +0100] "GET /images/big_prod_1/8433933251492B.jpg HTTP/1.1" 200 166847 "-" "facebookexternalhit/1.1 (+http://www.facebook.com/externalhit_uatext.php)"
69.63.189.119 - - [20/Jan/2024:19:57:48 +0100] "GET /images/mini_prod/8712159172157.jpg HTTP/1.1" 200 9089 "-" "facebookexternalhit/1.1 (+http://www.facebook.com/externalhit_uatext.php)"
69.63.189.8 - - [20/Jan/2024:19:58:32 +0100] "GET /images/big_prod_1/8422024203038B.jpg HTTP/1.1" 200 134400 "-" "facebookexternalhit/1.1 (+http://www.facebook.com/externalhit_uatext.php)"
69.63.189.119 - - [20/Jan/2024:20:00:00 +0100] "GET /images/mini_prod/3700572740027.jpg HTTP/1.1" 200 7427 "-" "facebookexternalhit/1.1 (+http://www.facebook.com/externalhit_uatext.php)"
54.36.149.64 - - [20/Jan/2024:20:00:18 +0100] "GET /images/mini_prod/3700344880357B.jpg HTTP/1.1" 200 4326 "-" "Mozilla/5.0 (compatible; AhrefsBot/7.0; +http://ahrefs.com/robot/)"
47.94.224.194 - - [20/Jan/2024:20:00:26 +0100] "GET /images/mini_prod/3760116310321.jpg HTTP/1.1" 200 10103 "-" "Mozilla/5.0 (X11; Ubuntu; Linux x86_64; rv:72.0) Gecko/20100101 Firefox/72.0"
47.128.43.129 - - [20/Jan/2024:20:01:54 +0100] "GET /templates/Pixame_v1/images/icon_accueil2.png HTTP/1.1" 200 1137 "http://www.wonder-geek.com/mini-erasers-random-patterns-p-33549.html" "Mozilla/5.0 (compatible; Bytespider; spider-feedback@bytedance.com) AppleWebKit/537.36 (KHTML, like Gecko) Chrome/70.0.0.0 Safari/537.36"
47.128.43.129 - - [20/Jan/2024:20:01:57 +0100] "GET /templates/Pixame_v1/images/buttons/english/button_in_cart.gif HTTP/1.1" 200 1212 "http://www.wonder-geek.com/mini-erasers-random-patterns-p-33549.html" "Mozilla/5.0 (compatible; Bytespider; spider-feedback@bytedance.com) AppleWebKit/537.36 (KHTML, like Gecko) Chrome/70.0.0.0 Safari/537.36"
47.128.43.129 - - [20/Jan/2024:20:01:58 +0100] "GET /highslide/graphics/outlines/drop-shadow.png HTTP/1.1" 200 2022 "http://www.wonder-geek.com/mini-erasers-random-patterns-p-33549.html" "Mozilla/5.0 (compatible; Bytespider; spider-feedback@bytedance.com) AppleWebKit/537.36 (KHTML, like Gecko) Chrome/70.0.0.0 Safari/537.36"
