47.128.43.129 - - [20/Jan/2024:20:02:00 +0100] "GET /images/med_prod/4029811278442.jpg HTTP/1.1" 200 47784 "http://www.wonder-geek.com/mini-erasers-random-patterns-p-33549.html" "Mozilla/5.0 (compatible; Bytespider; spider-feedback@bytedance.com) AppleWebKit/537.36 (KHTML, like Gecko) Chrome/70.0.0.0 Safari/537.36"
8.217.181.189 - - [20/Jan/2024:20:02:00 +0100] "GET /images/med_prod/1345544751797.jpg HTTP/1.1" 200 81050 "-" "Mozilla/5.0 (X11; Ubuntu; Linux x86_64; rv:72.0) Gecko/20100101 Firefox/72.0"
20.185.219.151 - - [20/Jan/2024:20:03:44 +0100] "GET /js/jquery.jqzoom.js HTTP/1.1" 200 4761 "http://www.wonder-geek.com/floor-cushions-c-11_182.html" "Mozilla/5.0 (X11; Linux x86_64) AppleWebKit/537.36 (KHTML, like Gecko) HeadlessChrome/119.0.6045.9 Safari/537.36"
20.185.219.151 - - [20/Jan/2024:20:03:44 +0100] "GET /highslide/highslide.js HTTP/1.1" 200 42909 "http://www.wonder-geek.com/floor-cushions-c-11_182.html" "Mozilla/5.0 (X11; Linux x86_64) AppleWebKit/537.36 (KHTML, like Gecko) HeadlessChrome/119.0.6045.9 Safari/537.36"
20.185.219.151 - - [20/Jan/2024:20:03:44 +0100] "GET /templates/Pixame_v1/images/icon_accueil2.png HTTP/1.1" 200 1137 "http://www.wonder-geek.com/floor-cushions-c-11_182.html" "Mozilla/5.0 (X11; Linux x86_64) AppleWebKit/537.36 (KHTML, like Gecko) HeadlessChrome/119.0.6045.9 Safari/537.36"
20.185.219.151 - - [20/Jan/2024:20:03:44 +0100] "GET /js/jquery.js HTTP/1.1" 200 54075 "http://www.wonder-geek.com/floor-cushions-c-11_182.html" "Mozilla/5.0 (X11; Linux x86_64) AppleWebKit/537.36 (KHTML, like Gecko) HeadlessChrome/119.0.6045.9 Safari/537.36"
20.185.219.151 - - [20/Jan/2024:20:03:44 +0100] "GET /mondial_relay/js/jquery-1.3.2.min.js HTTP/1.1" 200 57254 "http://www.wonder-geek.com/floor-cushions-c-11_182.html" "Mozilla/5.0 (X11; Linux x86_64) AppleWebKit/537.36 (KHTML, like Gecko) HeadlessChrome/119.0.6045.9 Safari/537.36"
20.185.219.151 - - [20/Jan/2024:20:03:44 +0100] "GET /templates/Pixame_v1/stylesheet.css HTTP/1.1" 200 56057 "http://www.wonder-geek.com/floor-cushions-c-11_182.html" "Mozilla/5.0 (X11; Linux x86_64) AppleWebKit/537.36 (KHTML, like Gecko) HeadlessChrome/119.0.6045.9 Safari/537.36"
20.185.219.151 - - [20/Jan/2024:20:03:45 +0100] "GET /templates/Pixame_v1/images/nav.png HTTP/1.1" 200 1283 "http://www.wonder-geek.com/templates/Pixame_v1/stylesheet.css" "Mozilla/5.0 (X11; Linux x86_64) AppleWebKit/537.36 (KHTML, like Gecko) HeadlessChrome/119.0.6045.9 Safari/537.36"
20.185.219.151 - - [20/Jan/2024:20:03:45 +0100] "GET /templates/Pixame_v1/images/Bottom_texture.jpg HTTP/1.1" 200 56290 "http://www.wonder-geek.com/templates/Pixame_v1/stylesheet.css" "Mozilla/5.0 (X11; Linux x86_64) AppleWebKit/537.36 (KHTML, like Gecko) HeadlessChrome/119.0.6045.9 Safari/537.36"
20.185.219.151 - - [20/Jan/2024:20:03:45 +0100] "GET /design/productsenstock.png HTTP/1.1" 200 4743 "http://www.wonder-geek.com/templates/Pixame_v1/stylesheet.css" "Mozilla/5.0 (X11; Linux x86_64) AppleWebKit/537.36 (KHTML, like Gecko) HeadlessChrome/119.0.6045.9 Safari/537.36"
20.185.219.151 - - [20/Jan/2024:20:03:45 +0100] "GET /images/mini_prod/3014627988433.jpg HTTP/1.1" 200 4936 "http://www.wonder-geek.com/floor-cushions-c-11_182.html" "Mozilla/5.0 (X11; Linux x86_64) AppleWebKit/537.36 (KHTML, like Gecko) HeadlessChrome/119.0.6045.9 Safari/537.36"
20.185.219.151 - - [20/Jan/2024:20:03:45 +0100] "GET /images/mini_prod/3665269293616.jpg HTTP/1.1" 200 5688 "http://www.wonder-geek.com/floor-cushions-c-11_182.html" "Mozilla/5.0 (X11; Linux x86_64) AppleWebKit/537.36 (KHTML, like Gecko) HeadlessChrome/119.0.6045.9 Safari/537.36"
20.185.219.151 - - [20/Jan/2024:20:03:45 +0100] "GET /templates/Pixame_v1/images/header.png HTTP/1.1" 200 70245 "http://www.wonder-geek.com/templates/Pixame_v1/stylesheet.css" "Mozilla/5.0 (X11; Linux x86_64) AppleWebKit/537.36 (KHTML, like Gecko) HeadlessChrome/119.0.6045.9 Safari/537.36"
20.185.219.151 - - [20/Jan/2024:20:03:45 +0100] "GET /images/mini_prod/3665269293487N.jpg HTTP/1.1" 200 5151 "http://www.wonder-geek.com/floor-cushions-c-11_182.html" "Mozilla/5.0 (X11; Linux x86_64) AppleWebKit/537.36 (KHTML, like Gecko) HeadlessChrome/119.0.6045.9 Safari/537.36"
20.185.219.151 - - [20/Jan/2024:20:03:45 +0100] "GET /images/mini_prod/3665269292466.jpg HTTP/1.1" 200 5205 "http://www.wonder-geek.com/floor-cushions-c-11_182.html" "Mozilla/5.0 (X11; Linux x86_64) AppleWebKit/537.36 (KHTML, like Gecko) HeadlessChrome/119.0.6045.9 Safari/537.36"
20.185.219.151 - - [20/Jan/2024:20:03:45 +0100] "GET /images/mini_prod/3665269293296.jpg HTTP/1.1" 200 4839 "http://www.wonder-geek.com/floor-cushions-c-11_182.html" "Mozilla/5.0 (X11; Linux x86_64) AppleWebKit/537.36 (KHTML, like Gecko) HeadlessChrome/119.0.6045.9 Safari/537.36"
20.185.219.151 - - [20/Jan/2024:20:03:45 +0100] "GET /images/mini_prod/3665269124293.jpg HTTP/1.1" 200 5188 "http://www.wonder-geek.com/floor-cushions-c-11_182.html" "Mozilla/5.0 (X11; Linux x86_64) AppleWebKit/537.36 (KHTML, like Gecko) HeadlessChrome/119.0.6045.9 Safari/537.36"
20.185.219.151 - - [20/Jan/2024:20:03:45 +0100] "GET /templates/Pixame_v1/images/header-object.png HTTP/1.1" 200 106050 "http://www.wonder-geek.com/templates/Pixame_v1/stylesheet.css" "Mozilla/5.0 (X11; Linux x86_64) AppleWebKit/537.36 (KHTML, like Gecko) HeadlessChrome/119.0.6045.9 Safari/537.36"
20.185.219.151 - - [20/Jan/2024:20:03:45 +0100] "GET /images/mini_prod/3665269293418.jpg HTTP/1.1" 200 5200 "http://www.wonder-geek.com/floor-cushions-c-11_182.html" "Mozilla/5.0 (X11; Linux x86_64) AppleWebKit/537.36 (KHTML, like Gecko) HeadlessChrome/119.0.6045.9 Safari/537.36"
20.185.219.151 - - [20/Jan/2024:20:03:45 +0100] "GET /images/mini_prod/3665269271126.jpg HTTP/1.1" 200 5359 "http://www.wonder-geek.com/floor-cushions-c-11_182.html" "Mozilla/5.0 (X11; Linux x86_64) AppleWebKit/537.36 (KHTML, like Gecko) HeadlessChrome/119.0.6045.9 Safari/537.36"
20.185.219.151 - - [20/Jan/2024:20:03:45 +0100] "GET /templates/Pixame_v1/images/Middle_texture.jpg HTTP/1.1" 200 249620 "http://www.wonder-geek.com/templates/Pixame_v1/stylesheet.css" "Mozilla/5.0 (X11; Linux x86_64) AppleWebKit/537.36 (KHTML, like Gecko) HeadlessChrome/119.0.6045.9 Safari/537.36"
20.185.219.151 - - [20/Jan/2024:20:03:45 +0100] "GET /js/jquery.masonry.min.js HTTP/1.1" 200 5392 "http://www.wonder-geek.com/floor-cushions-c-11_182.html" "Mozilla/5.0 (X11; Linux x86_64) AppleWebKit/537.36 (KHTML, like Gecko) HeadlessChrome/119.0.6045.9 Safari/537.36"
20.185.219.151 - - [20/Jan/2024:20:03:45 +0100] "GET /js/modernizr-transitions.js HTTP/1.1" 200 2026 "http://www.wonder-geek.com/floor-cushions-c-11_182.html" "Mozilla/5.0 (X11; Linux x86_64) AppleWebKit/537.36 (KHTML, like Gecko) HeadlessChrome/119.0.6045.9 Safari/537.36"
20.185.219.151 - - [20/Jan/2024:20:03:45 +0100] "GET /images/mini_prod/3665269292756.jpg HTTP/1.1" 200 5402 "http://www.wonder-geek.com/floor-cushions-c-11_182.html" "Mozilla/5.0 (X11; Linux x86_64) AppleWebKit/537.36 (KHTML, like Gecko) HeadlessChrome/119.0.6045.9 Safari/537.36"
20.185.219.151 - - [20/Jan/2024:20:03:45 +0100] "GET /images/mini_prod/3665269293357.jpg HTTP/1.1" 200 4936 "http://www.wonder-geek.com/floor-cushions-c-11_182.html" "Mozilla/5.0 (X11; Linux x86_64) AppleWebKit/537.36 (KHTML, like Gecko) HeadlessChrome/119.0.6045.9 Safari/537.36"
20.185.219.151 - - [20/Jan/2024:20:03:45 +0100] "GET /images/mini_prod/3665269293548.jpg HTTP/1.1" 200 5256 "http://www.wonder-geek.com/floor-cushions-c-11_182.html" "Mozilla/5.0 (X11; Linux x86_64) AppleWebKit/537.36 (KHTML, like Gecko) HeadlessChrome/119.0.6045.9 Safari/537.36"
20.185.219.151 - - [20/Jan/2024:20:03:45 +0100] "GET /images/mini_prod/3014627950003.jpg HTTP/1.1" 200 5374 "http://www.wonder-geek.com/floor-cushions-c-11_182.html" "Mozilla/5.0 (X11; Linux x86_64) AppleWebKit/537.36 (KHTML, like Gecko) HeadlessChrome/119.0.6045.9 Safari/537.36"
20.185.219.151 - - [20/Jan/2024:20:03:45 +0100] "GET /images/mini_prod/3665269006858.jpg HTTP/1.1" 200 4193 "http://www.wonder-geek.com/floor-cushions-c-11_182.html" "Mozilla/5.0 (X11; Linux x86_64) AppleWebKit/537.36 (KHTML, like Gecko) HeadlessChrome/119.0.6045.9 Safari/537.36"
20.185.219.151 - - [20/Jan/2024:20:03:45 +0100] "GET /images/mini_prod/3665269006315.jpg HTTP/1.1" 200 3896 "http://www.wonder-geek.com/floor-cushions-c-11_182.html" "Mozilla/5.0 (X11; Linux x86_64) AppleWebKit/537.36 (KHTML, like Gecko) HeadlessChrome/119.0.6045.9 Safari/537.36"
20.185.219.151 - - [20/Jan/2024:20:03:45 +0100] "GET /images/mini_prod/3665269006339.jpg HTTP/1.1" 200 4471 "http://www.wonder-geek.com/floor-cushions-c-11_182.html" "Mozilla/5.0 (X11; Linux x86_64) AppleWebKit/537.36 (KHTML, like Gecko) HeadlessChrome/119.0.6045.9 Safari/537.36"
20.185.219.151 - - [20/Jan/2024:20:03:45 +0100] "GET /images/mini_prod/8422669061178.jpg HTTP/1.1" 200 4125 "http://www.wonder-geek.com/floor-cushions-c-11_182.html" "Mozilla/5.0 (X11; Linux x86_64) AppleWebKit/537.36 (KHTML, like Gecko) HeadlessChrome/119.0.6045.9 Safari/537.36"
20.185.219.151 - - [20/Jan/2024:20:03:45 +0100] "GET /images/mini_prod/3665269006360.jpg HTTP/1.1" 200 4044 "http://www.wonder-geek.com/floor-cushions-c-11_182.html" "Mozilla/5.0 (X11; Linux x86_64) AppleWebKit/537.36 (KHTML, like Gecko) HeadlessChrome/119.0.6045.9 Safari/537.36"
20.185.219.151 - - [20/Jan/2024:20:03:45 +0100] "GET /images/mini_prod/3665269067408.jpg HTTP/1.1" 200 3613 "http://www.wonder-geek.com/floor-cushions-c-11_182.html" "Mozilla/5.0 (X11; Linux x86_64) AppleWebKit/537.36 (KHTML, like Gecko) HeadlessChrome/119.0.6045.9 Safari/537.36"
20.185.219.151 - - [20/Jan/2024:20:03:45 +0100] "GET /images/mini_prod/3665269032291.jpg HTTP/1.1" 200 4956 "http://www.wonder-geek.com/floor-cushions-c-11_182.html" "Mozilla/5.0 (X11; Linux x86_64) AppleWebKit/537.36 (KHTML, like Gecko) HeadlessChrome/119.0.6045.9 Safari/537.36"
20.185.219.151 - - [20/Jan/2024:20:03:45 +0100] "GET /images/mini_prod/3014627880096.jpg HTTP/1.1" 200 4796 "http://www.wonder-geek.com/floor-cushions-c-11_182.html" "Mozilla/5.0 (X11; Linux x86_64) AppleWebKit/537.36 (KHTML, like Gecko) HeadlessChrome/119.0.6045.9 Safari/537.36"
69.63.189.10 - - [20/Jan/2024:20:05:55 +0100] "GET /images/mini_prod/8422024205032.jpg HTTP/1.1" 200 7193 "-" "facebookexternalhit/1.1 (+http://www.facebook.com/externalhit_uatext.php)"
52.167.144.184 - - [20/Jan/2024:20:06:02 +0100] "GET /js/jquery.masonry.min.js HTTP/1.1" 200 5392 "-" "Mozilla/5.0 AppleWebKit/537.36 (KHTML, like Gecko; compatible; bingbot/2.0; +http://www.bing.com/bingbot.htm) Chrome/116.0.1938.76 Safari/537.36"
47.88.236.39 - - [20/Jan/2024:20:06:38 +0100] "GET /images/mini_prod/1300000030069.jpg HTTP/1.1" 200 7128 "-" "Mozilla/5.0 (X11; Ubuntu; Linux x86_64; rv:72.0) Gecko/20100101 Firefox/72.0"
58.251.76.82 - - [20/Jan/2024:20:06:41 +0100] "GET /images/mini_prod/5415203621801.jpg HTTP/1.1" 200 5348 "-" "Mozilla/5.0 (X11; Ubuntu; Linux x86_64; rv:72.0) Gecko/20100101 Firefox/72.0"
47.88.236.39 - - [20/Jan/2024:20:07:49 +0100] "GET /images/mini_prod/DSCN6554.jpg HTTP/1.1" 200 6396 "-" "Mozilla/5.0 (X11; Ubuntu; Linux x86_64; rv:72.0) Gecko/20100101 Firefox/72.0"
154.7.20.90 - - [20/Jan/2024:20:10:06 +0100] "GET /images/big_prod_2/4012390357387C.jpg HTTP/1.1" 200 728925 "-" "Mozilla/4.0 (compatible; MSIE 7.0; Windows NT 6.1; Trident/7.0; SLCC2; .NET CLR 2.0.50727; .NET CLR 3.5.30729; .NET CLR 3.0.30729; Media Center PC 6.0; .NET4.0C; .NET4.0E; InfoPath.3; GWX:DOWNLOADED)"
47.88.236.39 - - [20/Jan/2024:20:10:23 +0100] "GET /images/mini_prod/V1186747041830.jpg HTTP/1.1" 200 9471 "-" "Mozilla/5.0 (X11; Ubuntu; Linux x86_64; rv:72.0) Gecko/20100101 Firefox/72.0"
69.63.189.120 - - [20/Jan/2024:20:11:19 +0100] "GET /images/mini_prod/3665269183160.jpg HTTP/1.1" 200 9889 "-" "facebookexternalhit/1.1 (+http://www.facebook.com/externalhit_uatext.php)"
58.251.76.82 - - [20/Jan/2024:20:11:45 +0100] "GET /images/mini_prod/3700235441544.jpg HTTP/1.1" 200 8309 "-" "Mozilla/5.0 (X11; Ubuntu; Linux x86_64; rv:72.0) Gecko/20100101 Firefox/72.0"
69.63.189.9 - - [20/Jan/2024:20:12:16 +0100] "GET /images/mini_prod/8433933010600.jpg HTTP/1.1" 200 9003 "-" "facebookexternalhit/1.1 (+http://www.facebook.com/externalhit_uatext.php)"
8.219.166.38 - - [20/Jan/2024:20:13:14 +0100] "GET /images/mini_prod/3560600282239.jpg HTTP/1.1" 200 11671 "-" "Mozilla/5.0 (X11; Ubuntu; Linux x86_64; rv:72.0) Gecko/20100101 Firefox/72.0"
135.181.75.58 - - [20/Jan/2024:20:14:22 +0100] "GET /robots.txt HTTP/1.1" 200 2438 "-" "Mozilla/5.0 (compatible; MJ12bot/v1.4.8; http://mj12bot.com/)"
69.63.189.3 - - [20/Jan/2024:20:18:11 +0100] "GET /images/mini_prod/8433933244791.jpg HTTP/1.1" 200 14494 "-" "facebookexternalhit/1.1 (+http://www.facebook.com/externalhit_uatext.php)"
69.63.189.6 - - [20/Jan/2024:20:19:23 +0100] "GET /images/mini_prod/8712159172386.jpg HTTP/1.1" 200 8843 "-" "facebookexternalhit/1.1 (+http://www.facebook.com/externalhit_uatext.php)"
69.63.189.116 - - [20/Jan/2024:20:20:03 +0100] "GET /images/mini_prod/8433933016800.jpg HTTP/1.1" 200 7886 "-" "facebookexternalhit/1.1 (+http://www.facebook.com/externalhit_uatext.php)"
120.92.15.159 - - [20/Jan/2024:20:21:17 +0100] "GET /images/mini_prod/3609810061897.jpg HTTP/1.1" 200 8631 "-" "Mozilla/5.0 (X11; Ubuntu; Linux x86_64; rv:72.0) Gecko/20100101 Firefox/72.0"
69.63.189.1 - - [20/Jan/2024:20:21:56 +0100] "GET /images/mini_prod/5400924158002.jpg HTTP/1.1" 200 8333 "-" "facebookexternalhit/1.1 (+http://www.facebook.com/externalhit_uatext.php)"
69.63.189.9 - - [20/Jan/2024:20:22:42 +0100] "GET /images/mini_prod/BB130001023812948.jpg HTTP/1.1" 200 5836 "-" "facebookexternalhit/1.1 (+http://www.facebook.com/externalhit_uatext.php)"
64.71.175.165 - - [20/Jan/2024:20:23:18 +0100] "GET /images/3453131053549.jpg HTTP/1.1" 200 32835 "-" "StartpagePrivateImageProxy/2.0 (https://www.startpage.com/; support@startpage.com) requests/2.25.1"
128.135.24.101 - - [20/Jan/2024:20:24:50 +0100] "GET /images/mini_prod/8427799939413.jpg HTTP/1.1" 200 7290 "-" "Mozilla/5.0 (X11; Ubuntu; Linux x86_64; rv:72.0) Gecko/20100101 Firefox/72.0"
34.66.198.45 - - [20/Jan/2024:20:25:31 +0100] "GET /images/mini_prod/3014627769278.jpg HTTP/1.1" 200 6606 "-" "python-requests/2.25.1"
69.63.189.119 - - [20/Jan/2024:20:26:25 +0100] "GET /images/mini_prod/8433933228654.jpg HTTP/1.1" 200 6864 "-" "facebookexternalhit/1.1 (+http://www.facebook.com/externalhit_uatext.php)"
69.63.189.5 - - [20/Jan/2024:20:26:53 +0100] "GET /images/mini_prod/542202657430b.jpg HTTP/1.1" 200 9177 "-" "facebookexternalhit/1.1 (+http://www.facebook.com/externalhit_uatext.php)"
24.201.173.163 - - [20/Jan/2024:20:28:40 +0100] "GET /images/8926180100571.jpg HTTP/1.1" 200 45218 "-" "Dalvik/2.1.0 (Linux; U; Android 8.0.0; SM-G930W8 Build/R16NW)"
64.71.134.79 - - [20/Jan/2024:20:29:09 +0100] "GET /images/big_prod/3453131053532NN.jpg HTTP/1.1" 200 89855 "-" "StartpagePrivateImageProxy/2.0 (https://www.startpage.com/; support@startpage.com) requests/2.25.1"
73.7.98.196 - - [20/Jan/2024:20:29:25 +0100] "GET /templates/Pixame_v1/stylesheet.css HTTP/1.1" 200 56057 "http://www.wonder-geek.com/-p-10889.html" "Mozilla/5.0 (Windows NT 6.1; Win64; x64; rv:109.0) Gecko/20100101 Firefox/115.0"
73.7.98.196 - - [20/Jan/2024:20:29:25 +0100] "GET /js/jquery.jqzoom.js HTTP/1.1" 200 4761 "http://www.wonder-geek.com/-p-10889.html" "Mozilla/5.0 (Windows NT 6.1; Win64; x64; rv:109.0) Gecko/20100101 Firefox/115.0"
73.7.98.196 - - [20/Jan/2024:20:29:25 +0100] "GET /highslide/highslide.js HTTP/1.1" 200 42909 "http://www.wonder-geek.com/-p-10889.html" "Mozilla/5.0 (Windows NT 6.1; Win64; x64; rv:109.0) Gecko/20100101 Firefox/115.0"
73.7.98.196 - - [20/Jan/2024:20:29:25 +0100] "GET /js/jquery.js HTTP/1.1" 200 54075 "http://www.wonder-geek.com/-p-10889.html" "Mozilla/5.0 (Windows NT 6.1; Win64; x64; rv:109.0) Gecko/20100101 Firefox/115.0"
73.7.98.196 - - [20/Jan/2024:20:29:25 +0100] "GET /mondial_relay/js/jquery-1.3.2.min.js HTTP/1.1" 200 57254 "http://www.wonder-geek.com/-p-10889.html" "Mozilla/5.0 (Windows NT 6.1; Win64; x64; rv:109.0) Gecko/20100101 Firefox/115.0"
73.7.98.196 - - [20/Jan/2024:20:29:26 +0100] "GET /templates/Pixame_v1/images/icon_accueil2.png HTTP/1.1" 200 1137 "http://www.wonder-geek.com/-p-10889.html" "Mozilla/5.0 (Windows NT 6.1; Win64; x64; rv:109.0) Gecko/20100101 Firefox/115.0"
73.7.98.196 - - [20/Jan/2024:20:29:26 +0100] "GET /templates/Pixame_v1/images/nav.png HTTP/1.1" 200 1283 "http://www.wonder-geek.com/templates/Pixame_v1/stylesheet.css" "Mozilla/5.0 (Windows NT 6.1; Win64; x64; rv:109.0) Gecko/20100101 Firefox/115.0"
73.7.98.196 - - [20/Jan/2024:20:29:26 +0100] "GET /templates/Pixame_v1/images/Bottom_texture.jpg HTTP/1.1" 200 56290 "http://www.wonder-geek.com/templates/Pixame_v1/stylesheet.css" "Mozilla/5.0 (Windows NT 6.1; Win64; x64; rv:109.0) Gecko/20100101 Firefox/115.0"
73.7.98.196 - - [20/Jan/2024:20:29:26 +0100] "GET /templates/Pixame_v1/images/flash.swf HTTP/1.1" 200 2868 "http://www.wonder-geek.com/-p-10889.html" "Mozilla/5.0 (Windows NT 6.1; Win64; x64; rv:109.0) Gecko/20100101 Firefox/115.0"
73.7.98.196 - - [20/Jan/2024:20:29:26 +0100] "GET /design/productsenstock.png HTTP/1.1" 200 4743 "http://www.wonder-geek.com/templates/Pixame_v1/stylesheet.css" "Mozilla/5.0 (Windows NT 6.1; Win64; x64; rv:109.0) Gecko/20100101 Firefox/115.0"
216.244.66.242 - - [20/Jan/2024:20:29:26 +0100] "GET /robots.txt HTTP/1.1" 200 2438 "-" "Mozilla/5.0 (compatible; DotBot/1.2; +https://opensiteexplorer.org/dotbot; help@moz.com)"
73.7.98.196 - - [20/Jan/2024:20:29:26 +0100] "GET /templates/Pixame_v1/images/header.png HTTP/1.1" 200 70245 "http://www.wonder-geek.com/templates/Pixame_v1/stylesheet.css" "Mozilla/5.0 (Windows NT 6.1; Win64; x64; rv:109.0) Gecko/20100101 Firefox/115.0"
73.7.98.196 - - [20/Jan/2024:20:29:26 +0100] "GET /templates/Pixame_v1/images/header-object.png HTTP/1.1" 200 106050 "http://www.wonder-geek.com/templates/Pixame_v1/stylesheet.css" "Mozilla/5.0 (Windows NT 6.1; Win64; x64; rv:109.0) Gecko/20100101 Firefox/115.0"
73.7.98.196 - - [20/Jan/2024:20:29:26 +0100] "GET /favicon.ico HTTP/1.1" 200 1591 "http://www.wonder-geek.com/-p-10889.html" "Mozilla/5.0 (Windows NT 6.1; Win64; x64; rv:109.0) Gecko/20100101 Firefox/115.0"
73.7.98.196 - - [20/Jan/2024:20:29:27 +0100] "GET /templates/Pixame_v1/images/Middle_texture.jpg HTTP/1.1" 200 249620 "http://www.wonder-geek.com/templates/Pixame_v1/stylesheet.css" "Mozilla/5.0 (Windows NT 6.1; Win64; x64; rv:109.0) Gecko/20100101 Firefox/115.0"
73.7.98.196 - - [20/Jan/2024:20:29:27 +0100] "GET /highslide/graphics/outlines/drop-shadow.png HTTP/1.1" 200 2022 "http://www.wonder-geek.com/-p-10889.html" "Mozilla/5.0 (Windows NT 6.1; Win64; x64; rv:109.0) Gecko/20100101 Firefox/115.0"
8.219.166.38 - - [20/Jan/2024:20:29:41 +0100] "GET /images/mini_prod/1399984254899.jpg HTTP/1.1" 200 11153 "-" "Mozilla/5.0 (X11; Ubuntu; Linux x86_64; rv:72.0) Gecko/20100101 Firefox/72.0"
94.10.143.118 - - [20/Jan/2024:20:31:40 +0100] "GET /js/jquery.jqzoom.js HTTP/1.1" 200 4761 "http://www.wonder-geek.com/-i-17.html" "Mozilla/5.0 (iPhone; CPU iPhone OS 17_2_1 like Mac OS X) AppleWebKit/605.1.15 (KHTML, like Gecko) Version/17.2 Mobile/15E148 Safari/604.1"
94.10.143.118 - - [20/Jan/2024:20:31:40 +0100] "GET /highslide/highslide.js HTTP/1.1" 200 42909 "http://www.wonder-geek.com/-i-17.html" "Mozilla/5.0 (iPhone; CPU iPhone OS 17_2_1 like Mac OS X) AppleWebKit/605.1.15 (KHTML, like Gecko) Version/17.2 Mobile/15E148 Safari/604.1"
94.10.143.118 - - [20/Jan/2024:20:31:40 +0100] "GET /mondial_relay/js/jquery-1.3.2.min.js HTTP/1.1" 200 57254 "http://www.wonder-geek.com/-i-17.html" "Mozilla/5.0 (iPhone; CPU iPhone OS 17_2_1 like Mac OS X) AppleWebKit/605.1.15 (KHTML, like Gecko) Version/17.2 Mobile/15E148 Safari/604.1"
94.10.143.118 - - [20/Jan/2024:20:31:40 +0100] "GET /templates/Pixame_v1/stylesheet.css HTTP/1.1" 200 56057 "http://www.wonder-geek.com/-i-17.html" "Mozilla/5.0 (iPhone; CPU iPhone OS 17_2_1 like Mac OS X) AppleWebKit/605.1.15 (KHTML, like Gecko) Version/17.2 Mobile/15E148 Safari/604.1"
94.10.143.118 - - [20/Jan/2024:20:31:40 +0100] "GET /js/jquery.js HTTP/1.1" 200 54075 "http://www.wonder-geek.com/-i-17.html" "Mozilla/5.0 (iPhone; CPU iPhone OS 17_2_1 like Mac OS X) AppleWebKit/605.1.15 (KHTML, like Gecko) Version/17.2 Mobile/15E148 Safari/604.1"
94.10.143.118 - - [20/Jan/2024:20:31:40 +0100] "GET /templates/Pixame_v1/images/icon_accueil2.png HTTP/1.1" 200 1137 "http://www.wonder-geek.com/-i-17.html" "Mozilla/5.0 (iPhone; CPU iPhone OS 17_2_1 like Mac OS X) AppleWebKit/605.1.15 (KHTML, like Gecko) Version/17.2 Mobile/15E148 Safari/604.1"
94.10.143.118 - - [20/Jan/2024:20:31:40 +0100] "GET /templates/Pixame_v1/images/Bottom_texture.jpg HTTP/1.1" 200 56290 "http://www.wonder-geek.com/-i-17.html" "Mozilla/5.0 (iPhone; CPU iPhone OS 17_2_1 like Mac OS X) AppleWebKit/605.1.15 (KHTML, like Gecko) Version/17.2 Mobile/15E148 Safari/604.1"
94.10.143.118 - - [20/Jan/2024:20:31:40 +0100] "GET /templates/Pixame_v1/images/nav.png HTTP/1.1" 200 1283 "http://www.wonder-geek.com/-i-17.html" "Mozilla/5.0 (iPhone; CPU iPhone OS 17_2_1 like Mac OS X) AppleWebKit/605.1.15 (KHTML, like Gecko) Version/17.2 Mobile/15E148 Safari/604.1"
94.10.143.118 - - [20/Jan/2024:20:31:40 +0100] "GET /templates/Pixame_v1/images/header.png HTTP/1.1" 200 70245 "http://www.wonder-geek.com/-i-17.html" "Mozilla/5.0 (iPhone; CPU iPhone OS 17_2_1 like Mac OS X) AppleWebKit/605.1.15 (KHTML, like Gecko) Version/17.2 Mobile/15E148 Safari/604.1"
94.10.143.118 - - [20/Jan/2024:20:31:40 +0100] "GET /templates/Pixame_v1/images/Middle_texture.jpg HTTP/1.1" 200 249620 "http://www.wonder-geek.com/-i-17.html" "Mozilla/5.0 (iPhone; CPU iPhone OS 17_2_1 like Mac OS X) AppleWebKit/605.1.15 (KHTML, like Gecko) Version/17.2 Mobile/15E148 Safari/604.1"
94.10.143.118 - - [20/Jan/2024:20:31:40 +0100] "GET /templates/Pixame_v1/images/header-object.png HTTP/1.1" 200 106050 "http://www.wonder-geek.com/-i-17.html" "Mozilla/5.0 (iPhone; CPU iPhone OS 17_2_1 like Mac OS X) AppleWebKit/605.1.15 (KHTML, like Gecko) Version/17.2 Mobile/15E148 Safari/604.1"
94.10.143.118 - - [20/Jan/2024:20:31:40 +0100] "GET /design/productsenstock.png HTTP/1.1" 200 4743 "http://www.wonder-geek.com/-i-17.html" "Mozilla/5.0 (iPhone; CPU iPhone OS 17_2_1 like Mac OS X) AppleWebKit/605.1.15 (KHTML, like Gecko) Version/17.2 Mobile/15E148 Safari/604.1"
94.10.143.118 - - [20/Jan/2024:20:31:41 +0100] "GET /highslide/graphics/outlines/drop-shadow.png HTTP/1.1" 200 2022 "http://www.wonder-geek.com/-i-17.html" "Mozilla/5.0 (iPhone; CPU iPhone OS 17_2_1 like Mac OS X) AppleWebKit/605.1.15 (KHTML, like Gecko) Version/17.2 Mobile/15E148 Safari/604.1"
94.10.143.118 - - [20/Jan/2024:20:31:41 +0100] "GET /favicon.ico HTTP/1.1" 200 1591 "http://www.wonder-geek.com/-i-17.html" "Mozilla/5.0 (iPhone; CPU iPhone OS 17_2_1 like Mac OS X) AppleWebKit/605.1.15 (KHTML, like Gecko) Version/17.2 Mobile/15E148 Safari/604.1"
8.219.166.38 - - [20/Jan/2024:20:32:23 +0100] "GET /images/mini_prod/8009233800519.jpg HTTP/1.1" 200 9496 "-" "Mozilla/5.0 (X11; Ubuntu; Linux x86_64; rv:72.0) Gecko/20100101 Firefox/72.0"
69.63.189.6 - - [20/Jan/2024:20:34:25 +0100] "GET /images/big_prod_1/3609810056374B.jpg HTTP/1.1" 200 269403 "-" "facebookexternalhit/1.1 (+http://www.facebook.com/externalhit_uatext.php)"
69.63.189.119 - - [20/Jan/2024:20:36:21 +0100] "GET /images/mini_prod/8424001493357.jpg HTTP/1.1" 200 3333 "-" "facebookexternalhit/1.1 (+http://www.facebook.com/externalhit_uatext.php)"
120.92.15.159 - - [20/Jan/2024:20:37:11 +0100] "GET /images/mini_prod/3503420095047.jpg HTTP/1.1" 200 8186 "-" "Mozilla/5.0 (X11; Ubuntu; Linux x86_64; rv:72.0) Gecko/20100101 Firefox/72.0"
47.88.236.39 - - [20/Jan/2024:20:37:15 +0100] "GET /images/mini_prod/1399984252567.jpg HTTP/1.1" 200 6566 "-" "Mozilla/5.0 (X11; Ubuntu; Linux x86_64; rv:72.0) Gecko/20100101 Firefox/72.0"
69.63.189.120 - - [20/Jan/2024:20:41:00 +0100] "GET /images/mini_prod/3700281653441.jpg HTTP/1.1" 200 4594 "-" "facebookexternalhit/1.1 (+http://www.facebook.com/externalhit_uatext.php)"
216.244.66.242 - - [20/Jan/2024:20:41:13 +0100] "GET /images/1399984220207.jpg HTTP/1.1" 200 18555 "-" "Mozilla/5.0 (compatible; DotBot/1.2; +https://opensiteexplorer.org/dotbot; help@moz.com)"
152.136.125.253 - - [20/Jan/2024:20:41:33 +0100] "GET /images/big_prod_1/8422092340062B.jpg HTTP/1.1" 200 75934 "-" "Mozilla/5.0 (X11; Ubuntu; Linux x86_64; rv:72.0) Gecko/20100101 Firefox/72.0"
120.92.15.181 - - [20/Jan/2024:20:42:31 +0100] "GET /images/3764116323329.jpg HTTP/1.1" 200 80689 "-" "Mozilla/5.0 (X11; Ubuntu; Linux x86_64; rv:72.0) Gecko/20100101 Firefox/72.0"
185.191.171.11 - - [20/Jan/2024:20:42:44 +0100] "GET /robots.txt HTTP/1.1" 200 2438 "-" "Mozilla/5.0 (compatible; SemrushBot/7~bl; +http://www.semrush.com/bot.html)"
69.63.189.10 - - [20/Jan/2024:20:42:54 +0100] "GET /images/mini_prod/8020912049685.jpg HTTP/1.1" 200 4778 "-" "facebookexternalhit/1.1 (+http://www.facebook.com/externalhit_uatext.php)"
52.167.144.216 - - [20/Jan/2024:20:45:04 +0100] "GET /images/8003990623916.jpg HTTP/1.1" 200 46042 "-" "Mozilla/5.0 (Windows NT 6.1; WOW64) AppleWebKit/534+ (KHTML, like Gecko) BingPreview/1.0b"
69.63.189.116 - - [20/Jan/2024:20:47:03 +0100] "GET /images/mini_prod/3700572725970.jpg HTTP/1.1" 200 5883 "-" "facebookexternalhit/1.1 (+http://www.facebook.com/externalhit_uatext.php)"
216.244.66.242 - - [20/Jan/2024:20:48:02 +0100] "GET /images/big_prod_1/3609810064188a.jpg HTTP/1.1" 200 131576 "-" "Mozilla/5.0 (compatible; DotBot/1.2; +https://opensiteexplorer.org/dotbot; help@moz.com)"
47.88.236.39 - - [20/Jan/2024:20:49:06 +0100] "GET /images/mini_prod/8421440076059.jpg HTTP/1.1" 200 9662 "-" "Mozilla/5.0 (X11; Ubuntu; Linux x86_64; rv:72.0) Gecko/20100101 Firefox/72.0"
69.63.189.119 - - [20/Jan/2024:20:49:22 +0100] "GET /images/mini_prod/8422810090385.jpg HTTP/1.1" 200 6253 "-" "facebookexternalhit/1.1 (+http://www.facebook.com/externalhit_uatext.php)"
64.233.173.101 - - [20/Jan/2024:20:49:41 +0100] "GET /images/8428551001307.jpg HTTP/1.1" 200 28995 "-" "Mozilla/5.0 (Windows NT 5.1; rv:11.0) Gecko Firefox/11.0 (via ggpht.com GoogleImageProxy)"
69.63.189.1 - - [20/Jan/2024:20:49:46 +0100] "GET /images/big_prod_1/3609810070769B.jpg HTTP/1.1" 200 363747 "-" "facebookexternalhit/1.1 (+http://www.facebook.com/externalhit_uatext.php)"
69.63.189.9 - - [20/Jan/2024:20:49:51 +0100] "GET /images/big_prod_1/8433933241714B.jpg HTTP/1.1" 200 214840 "-" "facebookexternalhit/1.1 (+http://www.facebook.com/externalhit_uatext.php)"
69.63.189.8 - - [20/Jan/2024:20:50:19 +0100] "GET /images/big_prod_1/5400924158132B.jpg HTTP/1.1" 200 105857 "-" "facebookexternalhit/1.1 (+http://www.facebook.com/externalhit_uatext.php)"
69.63.189.117 - - [20/Jan/2024:20:50:24 +0100] "GET /images/big_prod_2/5400924160173C.jpg HTTP/1.1" 200 45382 "-" "facebookexternalhit/1.1 (+http://www.facebook.com/externalhit_uatext.php)"
216.244.66.242 - - [20/Jan/2024:20:50:41 +0100] "GET /images/1345544565561.jpg HTTP/1.1" 200 79036 "-" "Mozilla/5.0 (compatible; DotBot/1.2; +https://opensiteexplorer.org/dotbot; help@moz.com)"
119.28.182.129 - - [20/Jan/2024:20:50:42 +0100] "GET /images/mini_prod/8718375756010.jpg HTTP/1.1" 200 5706 "-" "Mozilla/5.0 (X11; Ubuntu; Linux x86_64; rv:72.0) Gecko/20100101 Firefox/72.0"
216.244.66.242 - - [20/Jan/2024:20:50:47 +0100] "GET /images/1399984255353.jpg HTTP/1.1" 200 73383 "-" "Mozilla/5.0 (compatible; DotBot/1.2; +https://opensiteexplorer.org/dotbot; help@moz.com)"
216.244.66.242 - - [20/Jan/2024:20:50:53 +0100] "GET /images/1399984255384.jpg HTTP/1.1" 200 66669 "-" "Mozilla/5.0 (compatible; DotBot/1.2; +https://opensiteexplorer.org/dotbot; help@moz.com)"
216.244.66.242 - - [20/Jan/2024:20:50:58 +0100] "GET /images/1399984258491.jpg HTTP/1.1" 200 153692 "-" "Mozilla/5.0 (compatible; DotBot/1.2; +https://opensiteexplorer.org/dotbot; help@moz.com)"
216.244.66.242 - - [20/Jan/2024:20:51:02 +0100] "GET /images/3609810030732.jpg HTTP/1.1" 200 153729 "-" "Mozilla/5.0 (compatible; DotBot/1.2; +https://opensiteexplorer.org/dotbot; help@moz.com)"
47.128.34.11 - - [20/Jan/2024:20:51:04 +0100] "GET /templates/Pixame_v1/images/icon_accueil2.png HTTP/1.1" 200 1137 "http://www.wonder-geek.com/bhoutan-clock-cbkreation-p-36829.html" "Mozilla/5.0 (compatible; Bytespider; spider-feedback@bytedance.com) AppleWebKit/537.36 (KHTML, like Gecko) Chrome/70.0.0.0 Safari/537.36"
216.244.66.242 - - [20/Jan/2024:20:51:07 +0100] "GET /images/4036113231365.jpg HTTP/1.1" 200 73549 "-" "Mozilla/5.0 (compatible; DotBot/1.2; +https://opensiteexplorer.org/dotbot; help@moz.com)"
47.128.34.11 - - [20/Jan/2024:20:51:08 +0100] "GET /templates/Pixame_v1/images/buttons/english/button_in_cart.gif HTTP/1.1" 200 1212 "http://www.wonder-geek.com/bhoutan-clock-cbkreation-p-36829.html" "Mozilla/5.0 (compatible; Bytespider; spider-feedback@bytedance.com) AppleWebKit/537.36 (KHTML, like Gecko) Chrome/70.0.0.0 Safari/537.36"
47.128.34.11 - - [20/Jan/2024:20:51:09 +0100] "GET /highslide/graphics/outlines/drop-shadow.png HTTP/1.1" 200 2022 "http://www.wonder-geek.com/bhoutan-clock-cbkreation-p-36829.html" "Mozilla/5.0 (compatible; Bytespider; spider-feedback@bytedance.com) AppleWebKit/537.36 (KHTML, like Gecko) Chrome/70.0.0.0 Safari/537.36"
216.244.66.242 - - [20/Jan/2024:20:51:10 +0100] "GET /images/8028501163507.jpg HTTP/1.1" 200 26717 "-" "Mozilla/5.0 (compatible; DotBot/1.2; +https://opensiteexplorer.org/dotbot; help@moz.com)"
47.128.34.11 - - [20/Jan/2024:20:51:11 +0100] "GET /images/big_prod/1384010192047.jpg HTTP/1.1" 200 40544 "http://www.wonder-geek.com/bhoutan-clock-cbkreation-p-36829.html" "Mozilla/5.0 (compatible; Bytespider; spider-feedback@bytedance.com) AppleWebKit/537.36 (KHTML, like Gecko) Chrome/70.0.0.0 Safari/537.36"
69.63.189.4 - - [20/Jan/2024:20:51:51 +0100] "GET /images/big_prod_1/1328399295029a.jpg HTTP/1.1" 200 99922 "-" "facebookexternalhit/1.1 (+http://www.facebook.com/externalhit_uatext.php)"
47.128.34.244 - - [20/Jan/2024:20:52:00 +0100] "GET /templates/Pixame_v1/images/icon_accueil2.png HTTP/1.1" 200 1137 "http://www.wonder-geek.com/create_account.php" "Mozilla/5.0 (Linux; Android 5.0) AppleWebKit/537.36 (KHTML, like Gecko) Mobile Safari/537.36 (compatible; Bytespider; spider-feedback@bytedance.com)"
47.128.34.244 - - [20/Jan/2024:20:52:01 +0100] "GET /highslide/graphics/outlines/drop-shadow.png HTTP/1.1" 200 2022 "http://www.wonder-geek.com/create_account.php" "Mozilla/5.0 (Linux; Android 5.0) AppleWebKit/537.36 (KHTML, like Gecko) Mobile Safari/537.36 (compatible; Bytespider; spider-feedback@bytedance.com)"
47.128.124.114 - - [20/Jan/2024:20:52:30 +0100] "GET /templates/Pixame_v1/images/icon_accueil2.png HTTP/1.1" 200 1137 "http://www.wonder-geek.com/contact_us.php" "Mozilla/5.0 (Linux; Android 5.0) AppleWebKit/537.36 (KHTML, like Gecko) Mobile Safari/537.36 (compatible; Bytespider; spider-feedback@bytedance.com)"
47.128.124.114 - - [20/Jan/2024:20:52:31 +0100] "GET /highslide/graphics/outlines/drop-shadow.png HTTP/1.1" 200 2022 "http://www.wonder-geek.com/contact_us.php" "Mozilla/5.0 (Linux; Android 5.0) AppleWebKit/537.36 (KHTML, like Gecko) Mobile Safari/537.36 (compatible; Bytespider; spider-feedback@bytedance.com)"
47.128.61.56 - - [20/Jan/2024:20:52:58 +0100] "GET /templates/Pixame_v1/images/icon_accueil2.png HTTP/1.1" 200 1137 "http://www.wonder-geek.com/shopping_cart.php" "Mozilla/5.0 (Linux; Android 5.0) AppleWebKit/537.36 (KHTML, like Gecko) Mobile Safari/537.36 (compatible; Bytespider; spider-feedback@bytedance.com)"
47.128.61.56 - - [20/Jan/2024:20:52:59 +0100] "GET /highslide/graphics/outlines/drop-shadow.png HTTP/1.1" 200 2022 "http://www.wonder-geek.com/shopping_cart.php" "Mozilla/5.0 (Linux; Android 5.0) AppleWebKit/537.36 (KHTML, like Gecko) Mobile Safari/537.36 (compatible; Bytespider; spider-feedback@bytedance.com)"
47.128.59.243 - - [20/Jan/2024:20:53:27 +0100] "GET /templates/Pixame_v1/images/icon_accueil2.png HTTP/1.1" 200 1137 "http://www.wonder-geek.com/contact_us.php" "Mozilla/5.0 (Linux; Android 5.0) AppleWebKit/537.36 (KHTML, like Gecko) Mobile Safari/537.36 (compatible; Bytespider; spider-feedback@bytedance.com)"
47.128.59.243 - - [20/Jan/2024:20:53:29 +0100] "GET /highslide/graphics/outlines/drop-shadow.png HTTP/1.1" 200 2022 "http://www.wonder-geek.com/contact_us.php" "Mozilla/5.0 (Linux; Android 5.0) AppleWebKit/537.36 (KHTML, like Gecko) Mobile Safari/537.36 (compatible; Bytespider; spider-feedback@bytedance.com)"
47.128.23.160 - - [20/Jan/2024:20:53:56 +0100] "GET /templates/Pixame_v1/images/icon_accueil2.png HTTP/1.1" 200 1137 "http://www.wonder-geek.com/shopping_cart.php" "Mozilla/5.0 (Linux; Android 5.0) AppleWebKit/537.36 (KHTML, like Gecko) Mobile Safari/537.36 (compatible; Bytespider; spider-feedback@bytedance.com)"
47.128.23.160 - - [20/Jan/2024:20:53:57 +0100] "GET /highslide/graphics/outlines/drop-shadow.png HTTP/1.1" 200 2022 "http://www.wonder-geek.com/shopping_cart.php" "Mozilla/5.0 (Linux; Android 5.0) AppleWebKit/537.36 (KHTML, like Gecko) Mobile Safari/537.36 (compatible; Bytespider; spider-feedback@bytedance.com)"
69.63.189.118 - - [20/Jan/2024:20:54:57 +0100] "GET /images/big_prod_1/3665269159707a.jpg HTTP/1.1" 200 141909 "-" "facebookexternalhit/1.1 (+http://www.facebook.com/externalhit_uatext.php)"
47.88.236.39 - - [20/Jan/2024:20:57:01 +0100] "GET /images/mini_prod/8718375756041.jpg HTTP/1.1" 200 6216 "-" "Mozilla/5.0 (X11; Ubuntu; Linux x86_64; rv:72.0) Gecko/20100101 Firefox/72.0"
47.88.236.39 - - [20/Jan/2024:20:58:16 +0100] "GET /images/mini_prod/1399984259832.jpg HTTP/1.1" 200 6986 "-" "Mozilla/5.0 (X11; Ubuntu; Linux x86_64; rv:72.0) Gecko/20100101 Firefox/72.0"
47.128.121.252 - - [20/Jan/2024:20:59:37 +0100] "GET /templates/Pixame_v1/stylesheet.css HTTP/1.1" 200 56057 "http://www.wonder-geek.com/large-rectangular-tray-peonies-p-61542.html" "Mozilla/5.0 (compatible; Bytespider; spider-feedback@bytedance.com) AppleWebKit/537.36 (KHTML, like Gecko) Chrome/70.0.0.0 Safari/537.36"
47.128.121.252 - - [20/Jan/2024:20:59:40 +0100] "GET /templates/Pixame_v1/images/icon_accueil2.png HTTP/1.1" 200 1137 "http://www.wonder-geek.com/large-rectangular-tray-peonies-p-61542.html" "Mozilla/5.0 (compatible; Bytespider; spider-feedback@bytedance.com) AppleWebKit/537.36 (KHTML, like Gecko) Chrome/70.0.0.0 Safari/537.36"
47.128.121.252 - - [20/Jan/2024:20:59:41 +0100] "GET /templates/Pixame_v1/images/buttons/english/button_in_cart.gif HTTP/1.1" 200 1212 "http://www.wonder-geek.com/large-rectangular-tray-peonies-p-61542.html" "Mozilla/5.0 (compatible; Bytespider; spider-feedback@bytedance.com) AppleWebKit/537.36 (KHTML, like Gecko) Chrome/70.0.0.0 Safari/537.36"
47.128.121.252 - - [20/Jan/2024:21:00:05 +0100] "GET /images/big_prod_2/8712159193770a.jpg HTTP/1.1" 200 331421 "http://www.wonder-geek.com/large-rectangular-tray-peonies-p-61542.html" "Mozilla/5.0 (compatible; Bytespider; spider-feedback@bytedance.com) AppleWebKit/537.36 (KHTML, like Gecko) Chrome/70.0.0.0 Safari/537.36"
47.128.121.252 - - [20/Jan/2024:21:00:11 +0100] "GET /images/big_prod_3/8712159193770B.jpg HTTP/1.1" 200 563272 "http://www.wonder-geek.com/large-rectangular-tray-peonies-p-61542.html" "Mozilla/5.0 (compatible; Bytespider; spider-feedback@bytedance.com) AppleWebKit/537.36 (KHTML, like Gecko) Chrome/70.0.0.0 Safari/537.36"
47.128.121.252 - - [20/Jan/2024:21:00:11 +0100] "GET /highslide/graphics/outlines/drop-shadow.png HTTP/1.1" 200 2022 "http://www.wonder-geek.com/large-rectangular-tray-peonies-p-61542.html" "Mozilla/5.0 (compatible; Bytespider; spider-feedback@bytedance.com) AppleWebKit/537.36 (KHTML, like Gecko) Chrome/70.0.0.0 Safari/537.36"
47.128.121.252 - - [20/Jan/2024:21:00:11 +0100] "GET /images/big_prod_1/8712159193770b.jpg HTTP/1.1" 200 409784 "http://www.wonder-geek.com/large-rectangular-tray-peonies-p-61542.html" "Mozilla/5.0 (compatible; Bytespider; spider-feedback@bytedance.com) AppleWebKit/537.36 (KHTML, like Gecko) Chrome/70.0.0.0 Safari/537.36"
47.128.121.252 - - [20/Jan/2024:21:00:13 +0100] "GET /images/big_prod/8712159193770C.jpg HTTP/1.1" 200 52128 "http://www.wonder-geek.com/large-rectangular-tray-peonies-p-61542.html" "Mozilla/5.0 (compatible; Bytespider; spider-feedback@bytedance.com) AppleWebKit/537.36 (KHTML, like Gecko) Chrome/70.0.0.0 Safari/537.36"
69.63.189.9 - - [20/Jan/2024:21:00:20 +0100] "GET /images/mini_prod/3665269156508.jpg HTTP/1.1" 200 5046 "-" "facebookexternalhit/1.1 (+http://www.facebook.com/externalhit_uatext.php)"
47.88.236.39 - - [20/Jan/2024:21:00:32 +0100] "GET /images/mini_prod/3612875119236.jpg HTTP/1.1" 200 6434 "-" "Mozilla/5.0 (X11; Ubuntu; Linux x86_64; rv:72.0) Gecko/20100101 Firefox/72.0"
8.222.179.30 - - [20/Jan/2024:21:02:19 +0100] "GET /images/mini_prod/3700276271162.jpg HTTP/1.1" 200 11313 "-" "Mozilla/5.0 (X11; Ubuntu; Linux x86_64; rv:72.0) Gecko/20100101 Firefox/72.0"
110.249.201.167 - - [20/Jan/2024:21:04:23 +0100] "GET /robots.txt HTTP/1.1" 200 2438 "-" "Mozilla/5.0 (Linux; Android 5.0) AppleWebKit/537.36 (KHTML, like Gecko) Mobile Safari/537.36 (compatible; Bytespider; https://zhanzhang.toutiao.com/)"
17.241.227.88 - - [20/Jan/2024:21:04:39 +0100] "GET /images/mini_prod/3457019607220.jpg HTTP/1.1" 200 5669 "-" "Mozilla/5.0 (Macintosh; Intel Mac OS X 10_15_5) AppleWebKit/605.1.15 (KHTML, like Gecko) Version/13.1.1 Safari/605.1.15 (Applebot/0.1; +http://www.apple.com/go/applebot)"
69.63.189.5 - - [20/Jan/2024:21:06:32 +0100] "GET /images/big_prod_1/3665269130676b.jpg HTTP/1.1" 200 212818 "-" "facebookexternalhit/1.1 (+http://www.facebook.com/externalhit_uatext.php)"
69.63.189.2 - - [20/Jan/2024:21:09:03 +0100] "GET /images/big_prod_2/8433933239247C.jpg HTTP/1.1" 200 175096 "-" "facebookexternalhit/1.1 (+http://www.facebook.com/externalhit_uatext.php)"
69.63.189.4 - - [20/Jan/2024:21:09:24 +0100] "GET /images/big_prod_1/3453131158466B.jpg HTTP/1.1" 200 100238 "-" "facebookexternalhit/1.1 (+http://www.facebook.com/externalhit_uatext.php)"
69.63.189.3 - - [20/Jan/2024:21:10:21 +0100] "GET /images/mini_prod/3565750201055.jpg HTTP/1.1" 200 5725 "-" "facebookexternalhit/1.1 (+http://www.facebook.com/externalhit_uatext.php)"
69.63.189.120 - - [20/Jan/2024:21:12:32 +0100] "GET /images/mini_prod/3453131158220.jpg HTTP/1.1" 200 8006 "-" "facebookexternalhit/1.1 (+http://www.facebook.com/externalhit_uatext.php)"
58.251.76.82 - - [20/Jan/2024:21:12:59 +0100] "GET /images/mini_prod/3585190646254.jpg HTTP/1.1" 200 6634 "-" "Mozilla/5.0 (X11; Ubuntu; Linux x86_64; rv:72.0) Gecko/20100101 Firefox/72.0"
69.63.189.118 - - [20/Jan/2024:21:15:02 +0100] "GET /images/mini_prod/8433933245828.jpg HTTP/1.1" 200 7289 "-" "facebookexternalhit/1.1 (+http://www.facebook.com/externalhit_uatext.php)"
169.233.1.32 - - [20/Jan/2024:21:15:30 +0100] "GET /images/mini_prod/3453131152686.jpg HTTP/1.1" 200 10290 "-" "Mozilla/5.0 (X11; Ubuntu; Linux x86_64; rv:72.0) Gecko/20100101 Firefox/72.0"
69.63.189.119 - - [20/Jan/2024:21:16:07 +0100] "GET /images/big_prod_2/3665269098853b.jpg HTTP/1.1" 200 44452 "-" "facebookexternalhit/1.1 (+http://www.facebook.com/externalhit_uatext.php)"
47.88.236.39 - - [20/Jan/2024:21:16:17 +0100] "GET /images/mini_prod/3701276594732.jpg HTTP/1.1" 200 10302 "-" "Mozilla/5.0 (X11; Ubuntu; Linux x86_64; rv:72.0) Gecko/20100101 Firefox/72.0"
47.88.236.39 - - [20/Jan/2024:21:16:20 +0100] "GET /images/mini_prod/8003990607329.jpg HTTP/1.1" 200 5965 "-" "Mozilla/5.0 (X11; Ubuntu; Linux x86_64; rv:72.0) Gecko/20100101 Firefox/72.0"
47.128.115.185 - - [20/Jan/2024:21:17:47 +0100] "GET /images/med_prod/3519570205892.jpg HTTP/1.1" 200 54429 "-" "Mozilla/5.0 (Linux; Android 5.0) AppleWebKit/537.36 (KHTML, like Gecko) Mobile Safari/537.36 (compatible; Bytespider; spider-feedback@bytedance.com)"
169.233.1.32 - - [20/Jan/2024:21:17:51 +0100] "GET /images/mini_prod/1384010178812.jpg HTTP/1.1" 200 5778 "-" "Mozilla/5.0 (X11; Ubuntu; Linux x86_64; rv:72.0) Gecko/20100101 Firefox/72.0"
34.66.198.45 - - [20/Jan/2024:21:18:10 +0100] "GET /images/mini_prod/8435306215780.jpg HTTP/1.1" 200 6366 "-" "python-requests/2.25.1"
69.63.189.120 - - [20/Jan/2024:21:21:21 +0100] "GET /images/mini_prod/8422035310008.jpg HTTP/1.1" 200 4542 "-" "facebookexternalhit/1.1 (+http://www.facebook.com/externalhit_uatext.php)"
192.44.68.129 - - [20/Jan/2024:21:22:20 +0100] "GET /images/1300010240274.jpg HTTP/1.1" 200 89484 "-" "Mozilla/5.0 (X11; Ubuntu; Linux x86_64; rv:72.0) Gecko/20100101 Firefox/72.0"
69.63.189.7 - - [20/Jan/2024:21:23:22 +0100] "GET /images/mini_prod/4542202657348.jpg HTTP/1.1" 200 7470 "-" "facebookexternalhit/1.1 (+http://www.facebook.com/externalhit_uatext.php)"
119.8.243.44 - - [20/Jan/2024:21:23:49 +0100] "GET /images/med_prod/1020322275503.jpg HTTP/1.1" 200 57235 "-" "Mozilla/5.0 (X11; Ubuntu; Linux x86_64; rv:72.0) Gecko/20100101 Firefox/72.0"
216.244.66.242 - - [20/Jan/2024:21:25:19 +0100] "GET /robots.txt HTTP/1.1" 200 2438 "-" "Mozilla/5.0 (compatible; DotBot/1.2; +https://opensiteexplorer.org/dotbot; help@moz.com)"
8.219.166.38 - - [20/Jan/2024:21:26:13 +0100] "GET /images/mini_prod/1384000000772.jpg HTTP/1.1" 200 7974 "-" "Mozilla/5.0 (X11; Ubuntu; Linux x86_64; rv:72.0) Gecko/20100101 Firefox/72.0"
8.219.166.38 - - [20/Jan/2024:21:26:54 +0100] "GET /images/mini_prod/7601019993043.jpg HTTP/1.1" 200 6604 "-" "Mozilla/5.0 (X11; Ubuntu; Linux x86_64; rv:72.0) Gecko/20100101 Firefox/72.0"
8.219.166.38 - - [20/Jan/2024:21:28:05 +0100] "GET /images/mini_prod/8422088078528.jpg HTTP/1.1" 200 6563 "-" "Mozilla/5.0 (X11; Ubuntu; Linux x86_64; rv:72.0) Gecko/20100101 Firefox/72.0"
69.63.189.117 - - [20/Jan/2024:21:28:11 +0100] "GET /images/big_prod_1/3700281659689a.jpg HTTP/1.1" 200 122954 "-" "facebookexternalhit/1.1 (+http://www.facebook.com/externalhit_uatext.php)"
69.63.189.1 - - [20/Jan/2024:21:28:14 +0100] "GET /images/mini_prod/3700653591180.jpg HTTP/1.1" 200 7496 "-" "facebookexternalhit/1.1 (+http://www.facebook.com/externalhit_uatext.php)"
69.63.189.120 - - [20/Jan/2024:21:28:47 +0100] "GET /images/mini_prod/8422010176056NN.jpg HTTP/1.1" 200 4524 "-" "facebookexternalhit/1.1 (+http://www.facebook.com/externalhit_uatext.php)"
47.88.236.39 - - [20/Jan/2024:21:31:10 +0100] "GET /images/mini_prod/3760116310321.jpg HTTP/1.1" 200 10103 "-" "Mozilla/5.0 (X11; Ubuntu; Linux x86_64; rv:72.0) Gecko/20100101 Firefox/72.0"
52.167.144.184 - - [20/Jan/2024:21:33:18 +0100] "GET /images/big_prod/1304038301146.jpg HTTP/1.1" 200 98314 "-" "Mozilla/5.0 (Windows NT 6.1; WOW64) AppleWebKit/534+ (KHTML, like Gecko) BingPreview/1.0b"
8.219.166.38 - - [20/Jan/2024:21:34:30 +0100] "GET /images/mini_prod/1399984252741.jpg HTTP/1.1" 200 5250 "-" "Mozilla/5.0 (X11; Ubuntu; Linux x86_64; rv:72.0) Gecko/20100101 Firefox/72.0"
14.137.139.93 - - [20/Jan/2024:21:35:08 +0100] "GET /images/hiver048.jpg HTTP/1.1" 200 58190 "-" "Mozilla/5.0 (X11; Ubuntu; Linux x86_64; rv:72.0) Gecko/20100101 Firefox/72.0"
8.219.166.38 - - [20/Jan/2024:21:38:03 +0100] "GET /images/3521320608716.jpg HTTP/1.1" 200 31735 "-" "Mozilla/5.0 (X11; Ubuntu; Linux x86_64; rv:72.0) Gecko/20100101 Firefox/72.0"
213.180.203.62 - - [20/Jan/2024:21:38:08 +0100] "GET /robots.txt HTTP/1.1" 200 2438 "-" "Mozilla/5.0 (compatible; YandexBot/3.0; +http://yandex.com/bots)"
69.63.189.119 - - [20/Jan/2024:21:38:31 +0100] "GET /images/mini_prod/8422095290012.jpg HTTP/1.1" 200 3121 "-" "facebookexternalhit/1.1 (+http://www.facebook.com/externalhit_uatext.php)"
47.128.40.19 - - [20/Jan/2024:21:39:03 +0100] "GET /templates/Pixame_v1/images/icon_accueil2.png HTTP/1.1" 200 1137 "http://www.wonder-geek.com/-p-45691.html" "Mozilla/5.0 (compatible; Bytespider; spider-feedback@bytedance.com) AppleWebKit/537.36 (KHTML, like Gecko) Chrome/70.0.0.0 Safari/537.36"
47.128.40.19 - - [20/Jan/2024:21:39:04 +0100] "GET /highslide/graphics/outlines/drop-shadow.png HTTP/1.1" 200 2022 "http://www.wonder-geek.com/-p-45691.html" "Mozilla/5.0 (compatible; Bytespider; spider-feedback@bytedance.com) AppleWebKit/537.36 (KHTML, like Gecko) Chrome/70.0.0.0 Safari/537.36"
69.63.189.2 - - [20/Jan/2024:21:39:28 +0100] "GET /images/mini_prod/5415203665041.jpg HTTP/1.1" 200 7176 "-" "facebookexternalhit/1.1 (+http://www.facebook.com/externalhit_uatext.php)"
120.92.15.159 - - [20/Jan/2024:21:39:56 +0100] "GET /images/mini_prod/3574642579783.jpg HTTP/1.1" 200 6636 "-" "Mozilla/5.0 (X11; Ubuntu; Linux x86_64; rv:72.0) Gecko/20100101 Firefox/72.0"
20.189.75.239 - - [20/Jan/2024:21:40:04 +0100] "GET /images/1399984260098.jpg HTTP/1.1" 200 71517 "-" "Mozilla/5.0 (X11; Ubuntu; Linux x86_64; rv:72.0) Gecko/20100101 Firefox/72.0"
8.219.166.38 - - [20/Jan/2024:21:40:33 +0100] "GET /images/mini_prod/3661977004513.jpg HTTP/1.1" 200 7460 "-" "Mozilla/5.0 (X11; Ubuntu; Linux x86_64; rv:72.0) Gecko/20100101 Firefox/72.0"
17.246.23.242 - - [20/Jan/2024:21:41:22 +0100] "GET /highslide/highslide.js HTTP/1.1" 200 42909 "http://www.wonder-geek.com/jewelry-boxes-holders-c-13_150_131.html" "Mozilla/5.0 (Macintosh; Intel Mac OS X 10_15_5) AppleWebKit/605.1.15 (KHTML, like Gecko) Version/13.1.1 Safari/605.1.15 (Applebot/0.1; +http://www.apple.com/go/applebot)"
17.246.19.89 - - [20/Jan/2024:21:41:23 +0100] "GET /js/jquery.jqzoom.js HTTP/1.1" 200 4761 "http://www.wonder-geek.com/jewelry-boxes-holders-c-13_150_131.html" "Mozilla/5.0 (Macintosh; Intel Mac OS X 10_15_5) AppleWebKit/605.1.15 (KHTML, like Gecko) Version/13.1.1 Safari/605.1.15 (Applebot/0.1; +http://www.apple.com/go/applebot)"
17.246.23.179 - - [20/Jan/2024:21:41:23 +0100] "GET /js/jquery.js HTTP/1.1" 200 54075 "http://www.wonder-geek.com/jewelry-boxes-holders-c-13_150_131.html" "Mozilla/5.0 (Macintosh; Intel Mac OS X 10_15_5) AppleWebKit/605.1.15 (KHTML, like Gecko) Version/13.1.1 Safari/605.1.15 (Applebot/0.1; +http://www.apple.com/go/applebot)"
17.246.23.242 - - [20/Jan/2024:21:41:23 +0100] "GET /js/jquery.masonry.min.js HTTP/1.1" 200 5392 "http://www.wonder-geek.com/jewelry-boxes-holders-c-13_150_131.html" "Mozilla/5.0 (Macintosh; Intel Mac OS X 10_15_5) AppleWebKit/605.1.15 (KHTML, like Gecko) Version/13.1.1 Safari/605.1.15 (Applebot/0.1; +http://www.apple.com/go/applebot)"
8.219.166.38 - - [20/Jan/2024:21:41:32 +0100] "GET /images/big_prod_1/b3574642018220.jpg HTTP/1.1" 200 86515 "-" "Mozilla/5.0 (X11; Ubuntu; Linux x86_64; rv:72.0) Gecko/20100101 Firefox/72.0"
17.246.19.132 - - [20/Jan/2024:21:41:32 +0100] "GET /mondial_relay/js/jquery-1.3.2.min.js HTTP/1.1" 200 57254 "http://www.wonder-geek.com/jewelry-boxes-holders-c-13_150_131.html" "Mozilla/5.0 (Macintosh; Intel Mac OS X 10_15_5) AppleWebKit/605.1.15 (KHTML, like Gecko) Version/13.1.1 Safari/605.1.15 (Applebot/0.1; +http://www.apple.com/go/applebot)"
17.246.23.225 - - [20/Jan/2024:21:41:32 +0100] "GET /js/modernizr-transitions.js HTTP/1.1" 200 2026 "http://www.wonder-geek.com/jewelry-boxes-holders-c-13_150_131.html" "Mozilla/5.0 (Macintosh; Intel Mac OS X 10_15_5) AppleWebKit/605.1.15 (KHTML, like Gecko) Version/13.1.1 Safari/605.1.15 (Applebot/0.1; +http://www.apple.com/go/applebot)"
66.249.66.206 - - [20/Jan/2024:21:41:59 +0100] "GET /js/jquery.jqzoom.js HTTP/1.1" 200 4761 "http://www.wonder-geek.com/dora-explorer-swimsuit-p-30314.html" "Mozilla/5.0 (Linux; Android 6.0.1; Nexus 5X Build/MMB29P) AppleWebKit/537.36 (KHTML, like Gecko) Chrome/120.0.6099.199 Mobile Safari/537.36 (compatible; Googlebot/2.1; +http://www.google.com/bot.html)"
185.191.171.15 - - [20/Jan/2024:21:42:53 +0100] "GET /robots.txt HTTP/1.1" 200 2438 "-" "Mozilla/5.0 (compatible; SemrushBot/7~bl; +http://www.semrush.com/bot.html)"
69.63.189.10 - - [20/Jan/2024:21:44:45 +0100] "GET /images/big_prod_1/8433933228609AB.jpg HTTP/1.1" 200 249562 "-" "facebookexternalhit/1.1 (+http://www.facebook.com/externalhit_uatext.php)"
216.244.66.242 - - [20/Jan/2024:21:45:47 +0100] "GET /images/3660173175003.jpg HTTP/1.1" 200 56404 "-" "Mozilla/5.0 (compatible; DotBot/1.2; +https://opensiteexplorer.org/dotbot; help@moz.com)"
216.244.66.242 - - [20/Jan/2024:21:45:51 +0100] "GET /images/TROME3137.jpg HTTP/1.1" 200 46031 "-" "Mozilla/5.0 (compatible; DotBot/1.2; +https://opensiteexplorer.org/dotbot; help@moz.com)"
47.88.236.39 - - [20/Jan/2024:21:46:04 +0100] "GET /images/mini_prod/3560600297318.jpg HTTP/1.1" 200 6055 "-" "Mozilla/5.0 (X11; Ubuntu; Linux x86_64; rv:72.0) Gecko/20100101 Firefox/72.0"
47.88.236.39 - - [20/Jan/2024:21:46:41 +0100] "GET /images/mini_prod/J1399984249239J.jpg HTTP/1.1" 200 6524 "-" "Mozilla/5.0 (X11; Ubuntu; Linux x86_64; rv:72.0) Gecko/20100101 Firefox/72.0"
52.146.59.156 - - [20/Jan/2024:21:46:47 +0100] "GET /images/med_prod/1384010184271.jpg HTTP/1.1" 200 93088 "-" "DuckDuckBot/1.1; (+http://duckduckgo.com/duckduckbot.html)"
69.63.189.117 - - [20/Jan/2024:21:48:13 +0100] "GET /images/mini_prod/3700572750415.jpg HTTP/1.1" 200 8065 "-" "facebookexternalhit/1.1 (+http://www.facebook.com/externalhit_uatext.php)"
69.63.189.9 - - [20/Jan/2024:21:50:34 +0100] "GET /images/mini_prod/4012677165445.jpg HTTP/1.1" 200 5579 "-" "facebookexternalhit/1.1 (+http://www.facebook.com/externalhit_uatext.php)"
157.55.39.202 - - [20/Jan/2024:21:52:40 +0100] "GET /images/big_prod/3503420100925.jpg HTTP/1.1" 200 85102 "-" "Mozilla/5.0 (Windows NT 6.1; WOW64) AppleWebKit/534+ (KHTML, like Gecko) BingPreview/1.0b"
157.55.39.202 - - [20/Jan/2024:21:52:41 +0100] "GET /images/big_prod/3503420100925.jpg HTTP/1.1" 200 85102 "-" "Mozilla/5.0 (Windows NT 6.1; WOW64) AppleWebKit/534+ (KHTML, like Gecko) BingPreview/1.0b"
47.88.236.39 - - [20/Jan/2024:21:57:30 +0100] "GET /images/mini_prod/3014627950027.jpg HTTP/1.1" 200 5832 "-" "Mozilla/5.0 (X11; Ubuntu; Linux x86_64; rv:72.0) Gecko/20100101 Firefox/72.0"
69.63.189.2 - - [20/Jan/2024:21:57:49 +0100] "GET /images/big_prod_1/8424346061020N.jpg HTTP/1.1" 200 192255 "-" "facebookexternalhit/1.1 (+http://www.facebook.com/externalhit_uatext.php)"
69.63.189.116 - - [20/Jan/2024:22:02:31 +0100] "GET /images/mini_prod/8433933717578.jpg HTTP/1.1" 200 6911 "-" "facebookexternalhit/1.1 (+http://www.facebook.com/externalhit_uatext.php)"
69.63.189.116 - - [20/Jan/2024:22:03:17 +0100] "GET /images/mini_prod/8435333831021.jpg HTTP/1.1" 200 5987 "-" "facebookexternalhit/1.1 (+http://www.facebook.com/externalhit_uatext.php)"
