64.124.8.24 - - [20/Jan/2024:10:21:11 +0100] "GET /images/big_prod_1/5400924064563B.jpg HTTP/1.1" 200 75151 "-" "Mozilla/5.0 (compatible; ImagesiftBot; +imagesift.com)"
69.63.189.1 - - [20/Jan/2024:10:21:34 +0100] "GET /images/mini_prod/1384010200094.jpg HTTP/1.1" 200 6073 "-" "facebookexternalhit/1.1 (+http://www.facebook.com/externalhit_uatext.php)"
65.154.226.170 - - [20/Jan/2024:10:21:54 +0100] "GET /images/mini%5fprod/1384000000307.jpg HTTP/1.1" 200 5864 "-" "Mozilla/5.0 (Windows NT 10.0) AppleWebKit/537.36 (KHTML, like Gecko) Chrome/106.0.0.0 Safari/537.36"
69.63.189.120 - - [20/Jan/2024:10:23:53 +0100] "GET /images/mini_prod/8412497558643.jpg HTTP/1.1" 200 6937 "-" "facebookexternalhit/1.1 (+http://www.facebook.com/externalhit_uatext.php)"
47.128.61.208 - - [20/Jan/2024:10:24:36 +0100] "GET /images/DSCN4025n.jpg HTTP/1.1" 200 26476 "-" "Mozilla/5.0 (compatible; Bytespider; spider-feedback@bytedance.com) AppleWebKit/537.36 (KHTML, like Gecko) Chrome/70.0.0.0 Safari/537.36"
69.63.189.1 - - [20/Jan/2024:10:24:53 +0100] "GET /images/mini_prod/3503420113383.jpg HTTP/1.1" 200 4380 "-" "facebookexternalhit/1.1 (+http://www.facebook.com/externalhit_uatext.php)"
58.251.76.82 - - [20/Jan/2024:10:25:36 +0100] "GET /images/mini_prod/8424001590230.jpg HTTP/1.1" 200 6286 "-" "Mozilla/5.0 (X11; Ubuntu; Linux x86_64; rv:72.0) Gecko/20100101 Firefox/72.0"
64.124.8.33 - - [20/Jan/2024:10:26:03 +0100] "GET /robots.txt HTTP/1.1" 200 2438 "-" "Mozilla/5.0 (compatible; ImagesiftBot; +imagesift.com)"
64.124.8.33 - - [20/Jan/2024:10:26:03 +0100] "GET /images/3760194999883.jpg HTTP/1.1" 200 22022 "-" "Mozilla/5.0 (compatible; ImagesiftBot; +imagesift.com)"
69.63.189.3 - - [20/Jan/2024:10:26:11 +0100] "GET /images/mini_prod/4029811322589.jpg HTTP/1.1" 200 9396 "-" "facebookexternalhit/1.1 (+http://www.facebook.com/externalhit_uatext.php)"
101.42.41.93 - - [20/Jan/2024:10:26:12 +0100] "GET /images/big_prod_1/boisdecedre.jpg HTTP/1.1" 200 97428 "-" "Mozilla/5.0 (X11; Ubuntu; Linux x86_64; rv:72.0) Gecko/20100101 Firefox/72.0"
66.249.66.205 - - [20/Jan/2024:10:26:22 +0100] "GET /images/big_prod_1/3520071704944.jpg HTTP/1.1" 200 94015 "-" "Googlebot-Image/1.0"
69.63.189.10 - - [20/Jan/2024:10:28:26 +0100] "GET /images/mini_prod/3565750038613.jpg HTTP/1.1" 200 10312 "-" "facebookexternalhit/1.1 (+http://www.facebook.com/externalhit_uatext.php)"
69.63.189.10 - - [20/Jan/2024:10:29:10 +0100] "GET /images/mini_prod/4036113261355.jpg HTTP/1.1" 200 8838 "-" "facebookexternalhit/1.1 (+http://www.facebook.com/externalhit_uatext.php)"
69.63.189.10 - - [20/Jan/2024:10:29:35 +0100] "GET /images/mini_prod/1000000579000.jpg HTTP/1.1" 200 9893 "-" "facebookexternalhit/1.1 (+http://www.facebook.com/externalhit_uatext.php)"
69.63.189.6 - - [20/Jan/2024:10:29:57 +0100] "GET /images/mini_prod/1384000001274.jpg HTTP/1.1" 200 6619 "-" "facebookexternalhit/1.1 (+http://www.facebook.com/externalhit_uatext.php)"
66.249.93.33 - - [20/Jan/2024:10:31:08 +0100] "GET /images/big_prod/1384010184493.jpg HTTP/1.1" 200 118973 "-" "Mozilla/5.0 (Windows NT 5.1; rv:11.0) Gecko Firefox/11.0 (via ggpht.com GoogleImageProxy)"
69.63.189.120 - - [20/Jan/2024:10:32:08 +0100] "GET /images/mini_prod/8009233048003.jpg HTTP/1.1" 200 10935 "-" "facebookexternalhit/1.1 (+http://www.facebook.com/externalhit_uatext.php)"
120.92.15.159 - - [20/Jan/2024:10:32:17 +0100] "GET /images/mini_prod/3453131132053.jpg HTTP/1.1" 200 6342 "-" "Mozilla/5.0 (X11; Ubuntu; Linux x86_64; rv:72.0) Gecko/20100101 Firefox/72.0"
69.63.189.7 - - [20/Jan/2024:10:32:26 +0100] "GET /images/mini_prod/3700572752143B.jpg HTTP/1.1" 200 5782 "-" "facebookexternalhit/1.1 (+http://www.facebook.com/externalhit_uatext.php)"
69.63.189.8 - - [20/Jan/2024:10:32:30 +0100] "GET /images/mini_prod/NN1399980107892NN.jpg HTTP/1.1" 200 6272 "-" "facebookexternalhit/1.1 (+http://www.facebook.com/externalhit_uatext.php)"
69.63.189.4 - - [20/Jan/2024:10:33:02 +0100] "GET /images/mini_prod/1384010189917.jpg HTTP/1.1" 200 11163 "-" "facebookexternalhit/1.1 (+http://www.facebook.com/externalhit_uatext.php)"
69.63.189.116 - - [20/Jan/2024:10:33:27 +0100] "GET /images/mini_prod/3608860260922.jpg HTTP/1.1" 200 5057 "-" "facebookexternalhit/1.1 (+http://www.facebook.com/externalhit_uatext.php)"
154.206.79.131 - - [20/Jan/2024:10:35:16 +0100] "GET /images/mini_prod/8435306269776.jpg HTTP/1.1" 200 7537 "-" "Mozilla/5.0 (X11; Ubuntu; Linux x86_64; rv:72.0) Gecko/20100101 Firefox/72.0"
169.233.1.32 - - [20/Jan/2024:10:35:30 +0100] "GET /images/mini_prod/1300000022569.jpg HTTP/1.1" 200 6890 "-" "Mozilla/5.0 (X11; Ubuntu; Linux x86_64; rv:72.0) Gecko/20100101 Firefox/72.0"
69.63.189.7 - - [20/Jan/2024:10:35:37 +0100] "GET /images/mini_prod/1384010189979.jpg HTTP/1.1" 200 12600 "-" "facebookexternalhit/1.1 (+http://www.facebook.com/externalhit_uatext.php)"
69.63.189.116 - - [20/Jan/2024:10:36:19 +0100] "GET /images/mini_prod/3712010063230.jpg HTTP/1.1" 200 2823 "-" "facebookexternalhit/1.1 (+http://www.facebook.com/externalhit_uatext.php)"
66.249.66.207 - - [20/Jan/2024:10:36:21 +0100] "GET /images/mini_prod/3700281697520.jpg HTTP/1.1" 200 5996 "-" "Googlebot-Image/1.0"
85.208.96.198 - - [20/Jan/2024:10:38:15 +0100] "GET /robots.txt HTTP/1.1" 200 2438 "-" "Mozilla/5.0 (compatible; SemrushBot/7~bl; +http://www.semrush.com/bot.html)"
69.63.189.1 - - [20/Jan/2024:10:38:18 +0100] "GET /images/mini_prod/1384010190029.jpg HTTP/1.1" 200 9181 "-" "facebookexternalhit/1.1 (+http://www.facebook.com/externalhit_uatext.php)"
69.63.189.117 - - [20/Jan/2024:10:38:28 +0100] "GET /images/mini_prod/3520010379530B.jpg HTTP/1.1" 200 7930 "-" "facebookexternalhit/1.1 (+http://www.facebook.com/externalhit_uatext.php)"
69.63.189.3 - - [20/Jan/2024:10:38:38 +0100] "GET /images/mini_prod/8028501922074.jpg HTTP/1.1" 200 8867 "-" "facebookexternalhit/1.1 (+http://www.facebook.com/externalhit_uatext.php)"
69.63.189.9 - - [20/Jan/2024:10:39:16 +0100] "GET /images/mini_prod/8422810099869.jpg HTTP/1.1" 200 10130 "-" "facebookexternalhit/1.1 (+http://www.facebook.com/externalhit_uatext.php)"
69.63.189.3 - - [20/Jan/2024:10:39:28 +0100] "GET /images/mini_prod/5415203584946.jpg HTTP/1.1" 200 2867 "-" "facebookexternalhit/1.1 (+http://www.facebook.com/externalhit_uatext.php)"
169.233.1.32 - - [20/Jan/2024:10:40:05 +0100] "GET /images/mini_prod/1384010192078.jpg HTTP/1.1" 200 8852 "-" "Mozilla/5.0 (X11; Ubuntu; Linux x86_64; rv:72.0) Gecko/20100101 Firefox/72.0"
69.63.189.118 - - [20/Jan/2024:10:40:22 +0100] "GET /images/mini_prod/3612875124681.jpg HTTP/1.1" 200 10684 "-" "facebookexternalhit/1.1 (+http://www.facebook.com/externalhit_uatext.php)"
169.233.1.32 - - [20/Jan/2024:10:40:48 +0100] "GET /images/mini_prod/1384010176283.jpg HTTP/1.1" 200 7319 "-" "Mozilla/5.0 (X11; Ubuntu; Linux x86_64; rv:72.0) Gecko/20100101 Firefox/72.0"
69.63.189.116 - - [20/Jan/2024:10:40:55 +0100] "GET /images/mini_prod/1820006000007.jpg HTTP/1.1" 200 9694 "-" "facebookexternalhit/1.1 (+http://www.facebook.com/externalhit_uatext.php)"
120.92.15.159 - - [20/Jan/2024:10:41:30 +0100] "GET /images/big_prod_2/028399270163b.jpg HTTP/1.1" 200 97644 "-" "Mozilla/5.0 (X11; Ubuntu; Linux x86_64; rv:72.0) Gecko/20100101 Firefox/72.0"
17.241.75.253 - - [20/Jan/2024:10:42:22 +0100] "GET /robots.txt HTTP/1.1" 200 2438 "-" "Mozilla/5.0 (Macintosh; Intel Mac OS X 10_15_5) AppleWebKit/605.1.15 (KHTML, like Gecko) Version/13.1.1 Safari/605.1.15 (Applebot/0.1; +http://www.apple.com/go/applebot)"
216.244.66.242 - - [20/Jan/2024:10:42:27 +0100] "GET /robots.txt HTTP/1.1" 200 2438 "-" "Mozilla/5.0 (compatible; DotBot/1.2; +https://opensiteexplorer.org/dotbot; help@moz.com)"
216.244.66.242 - - [20/Jan/2024:10:42:27 +0100] "GET /robots.txt HTTP/1.1" 200 2438 "-" "Mozilla/5.0 (compatible; DotBot/1.2; +https://opensiteexplorer.org/dotbot; help@moz.com)"
65.154.226.166 - - [20/Jan/2024:10:43:09 +0100] "GET /images/mini%5fprod/3700653511768.jpg HTTP/1.1" 200 5046 "-" "Mozilla/5.0 (Windows NT 10.0) AppleWebKit/537.36 (KHTML, like Gecko) Chrome/106.0.0.0 Safari/537.36"
69.63.189.6 - - [20/Jan/2024:10:44:30 +0100] "GET /images/big_prod_1/chequier.jpg HTTP/1.1" 200 210104 "-" "facebookexternalhit/1.1 (+http://www.facebook.com/externalhit_uatext.php)"
17.22.253.6 - - [20/Jan/2024:10:44:34 +0100] "GET /js/jquery.masonry.min.js HTTP/1.1" 200 5392 "http://www.wonder-geek.com/bread-bags-c-11_179.html" "Mozilla/5.0 (Macintosh; Intel Mac OS X 10_15_5) AppleWebKit/605.1.15 (KHTML, like Gecko) Version/13.1.1 Safari/605.1.15 (Applebot/0.1; +http://www.apple.com/go/applebot)"
17.22.253.170 - - [20/Jan/2024:10:44:35 +0100] "GET /js/jquery.js HTTP/1.1" 200 54075 "http://www.wonder-geek.com/bread-bags-c-11_179.html" "Mozilla/5.0 (Macintosh; Intel Mac OS X 10_15_5) AppleWebKit/605.1.15 (KHTML, like Gecko) Version/13.1.1 Safari/605.1.15 (Applebot/0.1; +http://www.apple.com/go/applebot)"
17.22.237.244 - - [20/Jan/2024:10:44:35 +0100] "GET /js/modernizr-transitions.js HTTP/1.1" 200 2026 "http://www.wonder-geek.com/bread-bags-c-11_179.html" "Mozilla/5.0 (Macintosh; Intel Mac OS X 10_15_5) AppleWebKit/605.1.15 (KHTML, like Gecko) Version/13.1.1 Safari/605.1.15 (Applebot/0.1; +http://www.apple.com/go/applebot)"
17.22.253.209 - - [20/Jan/2024:10:44:36 +0100] "GET /js/jquery.jqzoom.js HTTP/1.1" 200 4761 "http://www.wonder-geek.com/bread-bags-c-11_179.html" "Mozilla/5.0 (Macintosh; Intel Mac OS X 10_15_5) AppleWebKit/605.1.15 (KHTML, like Gecko) Version/13.1.1 Safari/605.1.15 (Applebot/0.1; +http://www.apple.com/go/applebot)"
17.22.245.93 - - [20/Jan/2024:10:44:36 +0100] "GET /highslide/highslide.js HTTP/1.1" 200 42909 "http://www.wonder-geek.com/bread-bags-c-11_179.html" "Mozilla/5.0 (Macintosh; Intel Mac OS X 10_15_5) AppleWebKit/605.1.15 (KHTML, like Gecko) Version/13.1.1 Safari/605.1.15 (Applebot/0.1; +http://www.apple.com/go/applebot)"
17.22.253.130 - - [20/Jan/2024:10:44:37 +0100] "GET /mondial_relay/js/jquery-1.3.2.min.js HTTP/1.1" 200 57254 "http://www.wonder-geek.com/bread-bags-c-11_179.html" "Mozilla/5.0 (Macintosh; Intel Mac OS X 10_15_5) AppleWebKit/605.1.15 (KHTML, like Gecko) Version/13.1.1 Safari/605.1.15 (Applebot/0.1; +http://www.apple.com/go/applebot)"
69.63.189.119 - - [20/Jan/2024:10:44:40 +0100] "GET /images/mini_prod/8009233048393.jpg HTTP/1.1" 200 11211 "-" "facebookexternalhit/1.1 (+http://www.facebook.com/externalhit_uatext.php)"
169.233.1.32 - - [20/Jan/2024:10:44:58 +0100] "GET /images/mini_prod/8435333820759.jpg HTTP/1.1" 200 6041 "-" "Mozilla/5.0 (X11; Ubuntu; Linux x86_64; rv:72.0) Gecko/20100101 Firefox/72.0"
69.63.189.6 - - [20/Jan/2024:10:45:46 +0100] "GET /images/mini_prod/1384010184905.jpg HTTP/1.1" 200 10941 "-" "facebookexternalhit/1.1 (+http://www.facebook.com/externalhit_uatext.php)"
66.249.66.206 - - [20/Jan/2024:10:46:21 +0100] "GET /images/mini_prod/3700344928790.jpg HTTP/1.1" 200 3267 "-" "Googlebot-Image/1.0"
69.63.189.116 - - [20/Jan/2024:10:46:27 +0100] "GET /images/mini_prod/3608860055399.jpg HTTP/1.1" 200 5499 "-" "facebookexternalhit/1.1 (+http://www.facebook.com/externalhit_uatext.php)"
69.63.189.117 - - [20/Jan/2024:10:47:35 +0100] "GET /images/mini_prod/3700281648096.jpg HTTP/1.1" 200 9043 "-" "facebookexternalhit/1.1 (+http://www.facebook.com/externalhit_uatext.php)"
143.89.224.220 - - [20/Jan/2024:10:47:51 +0100] "GET /images/mini_prod/8033667001822.jpg HTTP/1.1" 200 12046 "-" "Mozilla/5.0 (X11; Ubuntu; Linux x86_64; rv:72.0) Gecko/20100101 Firefox/72.0"
152.70.119.142 - - [20/Jan/2024:10:48:18 +0100] "GET /images/med_prod/8435306276187.jpg HTTP/1.1" 200 97404 "-" "Mozilla/5.0 (X11; Ubuntu; Linux x86_64; rv:72.0) Gecko/20100101 Firefox/72.0"
69.63.189.10 - - [20/Jan/2024:10:50:20 +0100] "GET /images/mini_prod/8433933712764.jpg HTTP/1.1" 200 6692 "-" "facebookexternalhit/1.1 (+http://www.facebook.com/externalhit_uatext.php)"
103.52.188.152 - - [20/Jan/2024:10:51:27 +0100] "GET /images/mini_prod/3661443279162.jpg HTTP/1.1" 200 6266 "-" "Mozilla/5.0 (X11; Ubuntu; Linux x86_64; rv:72.0) Gecko/20100101 Firefox/72.0"
69.63.189.4 - - [20/Jan/2024:10:51:45 +0100] "GET /images/mini_prod/3700281652895.jpg HTTP/1.1" 200 6254 "-" "facebookexternalhit/1.1 (+http://www.facebook.com/externalhit_uatext.php)"
119.145.28.208 - - [20/Jan/2024:10:52:14 +0100] "GET /images/big_prod_1/3700572750309B.jpg HTTP/1.1" 200 215016 "-" "Mozilla/5.0 (X11; Ubuntu; Linux x86_64; rv:72.0) Gecko/20100101 Firefox/72.0"
152.70.119.142 - - [20/Jan/2024:10:52:46 +0100] "GET /images/mini_prod/4260082936802e.jpg HTTP/1.1" 200 6274 "-" "Mozilla/5.0 (X11; Ubuntu; Linux x86_64; rv:72.0) Gecko/20100101 Firefox/72.0"
69.63.189.3 - - [20/Jan/2024:10:54:57 +0100] "GET /images/mini_prod/3612875117430.jpg HTTP/1.1" 200 10928 "-" "facebookexternalhit/1.1 (+http://www.facebook.com/externalhit_uatext.php)"
66.249.66.205 - - [20/Jan/2024:10:56:22 +0100] "GET /images/big_prod_1/b3608860236873.jpg HTTP/1.1" 200 85348 "-" "Googlebot-Image/1.0"
69.63.189.6 - - [20/Jan/2024:10:56:28 +0100] "GET /images/mini_prod/3700281652895c.jpg HTTP/1.1" 200 5491 "-" "facebookexternalhit/1.1 (+http://www.facebook.com/externalhit_uatext.php)"
69.63.189.1 - - [20/Jan/2024:10:58:20 +0100] "GET /images/mini_prod/3503420102981.jpg HTTP/1.1" 200 7054 "-" "facebookexternalhit/1.1 (+http://www.facebook.com/externalhit_uatext.php)"
69.63.189.120 - - [20/Jan/2024:10:59:10 +0100] "GET /images/mini_prod/3700653593085.jpg HTTP/1.1" 200 11207 "-" "facebookexternalhit/1.1 (+http://www.facebook.com/externalhit_uatext.php)"
69.63.189.120 - - [20/Jan/2024:10:59:33 +0100] "GET /images/mini_prod/3520071585703.jpg HTTP/1.1" 200 3502 "-" "facebookexternalhit/1.1 (+http://www.facebook.com/externalhit_uatext.php)"
69.63.189.5 - - [20/Jan/2024:11:00:30 +0100] "GET /images/mini_prod/8433933035542.jpg HTTP/1.1" 200 10070 "-" "facebookexternalhit/1.1 (+http://www.facebook.com/externalhit_uatext.php)"
158.227.172.145 - - [20/Jan/2024:11:01:25 +0100] "GET /images/mini_prod/9316188029582.jpg HTTP/1.1" 200 5972 "-" "Mozilla/5.0 (X11; Ubuntu; Linux x86_64; rv:72.0) Gecko/20100101 Firefox/72.0"
216.244.66.242 - - [20/Jan/2024:11:02:37 +0100] "GET /images/1399984280034.jpg HTTP/1.1" 200 74813 "-" "Mozilla/5.0 (compatible; DotBot/1.2; +https://opensiteexplorer.org/dotbot; help@moz.com)"
69.63.189.8 - - [20/Jan/2024:11:04:34 +0100] "GET /images/mini_prod/3565750339420.jpg HTTP/1.1" 200 9218 "-" "facebookexternalhit/1.1 (+http://www.facebook.com/externalhit_uatext.php)"
213.180.203.47 - - [20/Jan/2024:11:05:42 +0100] "GET /robots.txt HTTP/1.1" 200 2438 "-" "Mozilla/5.0 (compatible; YandexBot/3.0; +http://yandex.com/bots)"
69.63.189.5 - - [20/Jan/2024:11:05:47 +0100] "GET /images/mini_prod/1384010189986.jpg HTTP/1.1" 200 9868 "-" "facebookexternalhit/1.1 (+http://www.facebook.com/externalhit_uatext.php)"
69.63.189.5 - - [20/Jan/2024:11:05:49 +0100] "GET /images/mini_prod/3700281648102.jpg HTTP/1.1" 200 7922 "-" "facebookexternalhit/1.1 (+http://www.facebook.com/externalhit_uatext.php)"
143.89.224.220 - - [20/Jan/2024:11:05:52 +0100] "GET /images/mini_prod/3560600256971.jpg HTTP/1.1" 200 7272 "-" "Mozilla/5.0 (X11; Ubuntu; Linux x86_64; rv:72.0) Gecko/20100101 Firefox/72.0"
66.249.66.205 - - [20/Jan/2024:11:06:21 +0100] "GET /images/mini_prod/3700281697513.jpg HTTP/1.1" 200 10603 "-" "Googlebot-Image/1.0"
69.63.189.9 - - [20/Jan/2024:11:06:38 +0100] "GET /images/mini_prod/3503420100185BC.jpg HTTP/1.1" 200 7492 "-" "facebookexternalhit/1.1 (+http://www.facebook.com/externalhit_uatext.php)"
14.22.11.162 - - [20/Jan/2024:11:06:45 +0100] "GET /images/mini_prod/8435107801007.jpg HTTP/1.1" 200 8363 "-" "Mozilla/5.0 (X11; Ubuntu; Linux x86_64; rv:72.0) Gecko/20100101 Firefox/72.0"
40.77.167.247 - - [20/Jan/2024:11:08:52 +0100] "GET /images/65459.jpg HTTP/1.1" 200 57630 "-" "Mozilla/5.0 AppleWebKit/537.36 (KHTML, like Gecko; compatible; bingbot/2.0; +http://www.bing.com/bingbot.htm) Chrome/116.0.1938.76 Safari/537.36"
69.63.189.1 - - [20/Jan/2024:11:10:33 +0100] "GET /images/mini_prod/8433933104019.jpg HTTP/1.1" 200 12012 "-" "facebookexternalhit/1.1 (+http://www.facebook.com/externalhit_uatext.php)"
69.63.189.3 - - [20/Jan/2024:11:12:00 +0100] "GET /images/mini_prod/1384010189948.jpg HTTP/1.1" 200 9304 "-" "facebookexternalhit/1.1 (+http://www.facebook.com/externalhit_uatext.php)"
69.63.189.117 - - [20/Jan/2024:11:12:13 +0100] "GET /images/mini_prod/4036113222233.jpg HTTP/1.1" 200 9003 "-" "facebookexternalhit/1.1 (+http://www.facebook.com/externalhit_uatext.php)"
69.63.189.10 - - [20/Jan/2024:11:12:15 +0100] "GET /images/mini_prod/3503424504224.jpg HTTP/1.1" 200 5896 "-" "facebookexternalhit/1.1 (+http://www.facebook.com/externalhit_uatext.php)"
69.63.189.120 - - [20/Jan/2024:11:12:16 +0100] "GET /images/mini_prod/8433933455760.jpg HTTP/1.1" 200 4154 "-" "facebookexternalhit/1.1 (+http://www.facebook.com/externalhit_uatext.php)"
69.63.189.117 - - [20/Jan/2024:11:13:21 +0100] "GET /images/mini_prod/5055321765836.jpg HTTP/1.1" 200 4796 "-" "facebookexternalhit/1.1 (+http://www.facebook.com/externalhit_uatext.php)"
69.63.189.7 - - [20/Jan/2024:11:14:45 +0100] "GET /images/mini_prod/1384010190005.jpg HTTP/1.1" 200 9075 "-" "facebookexternalhit/1.1 (+http://www.facebook.com/externalhit_uatext.php)"
120.92.122.97 - - [20/Jan/2024:11:15:00 +0100] "GET /images/3438100339879.jpg HTTP/1.1" 200 23159 "-" "Mozilla/5.0 (X11; Ubuntu; Linux x86_64; rv:72.0) Gecko/20100101 Firefox/72.0"
69.63.189.120 - - [20/Jan/2024:11:15:10 +0100] "GET /images/mini_prod/5415203978998BB.jpg HTTP/1.1" 200 5535 "-" "facebookexternalhit/1.1 (+http://www.facebook.com/externalhit_uatext.php)"
69.63.189.118 - - [20/Jan/2024:11:15:53 +0100] "GET /images/mini_prod/3201202002374.jpg HTTP/1.1" 200 9220 "-" "facebookexternalhit/1.1 (+http://www.facebook.com/externalhit_uatext.php)"
66.249.66.206 - - [20/Jan/2024:11:16:21 +0100] "GET /images/mini_prod/3700281697483.jpg HTTP/1.1" 200 5693 "-" "Googlebot-Image/1.0"
69.63.189.116 - - [20/Jan/2024:11:16:28 +0100] "GET /images/mini_prod/3612875124889.jpg HTTP/1.1" 200 4552 "-" "facebookexternalhit/1.1 (+http://www.facebook.com/externalhit_uatext.php)"
69.63.189.7 - - [20/Jan/2024:11:16:48 +0100] "GET /images/big_prod_2/3503420103131D.jpg HTTP/1.1" 200 158191 "-" "facebookexternalhit/1.1 (+http://www.facebook.com/externalhit_uatext.php)"
169.233.1.32 - - [20/Jan/2024:11:16:53 +0100] "GET /images/mini_prod/3660218979290.jpg HTTP/1.1" 200 5623 "-" "Mozilla/5.0 (X11; Ubuntu; Linux x86_64; rv:72.0) Gecko/20100101 Firefox/72.0"
69.63.189.10 - - [20/Jan/2024:11:17:15 +0100] "GET /images/mini_prod/3453131155151.jpg HTTP/1.1" 200 7820 "-" "facebookexternalhit/1.1 (+http://www.facebook.com/externalhit_uatext.php)"
65.154.226.169 - - [20/Jan/2024:11:17:28 +0100] "GET /images/mini%5fprod/8003990615898.jpg HTTP/1.1" 200 6242 "-" "Mozilla/5.0 (Windows NT 10.0) AppleWebKit/537.36 (KHTML, like Gecko) Chrome/106.0.0.0 Safari/537.36"
69.63.189.6 - - [20/Jan/2024:11:17:41 +0100] "GET /images/mini_prod/3700572750750.jpg HTTP/1.1" 200 6564 "-" "facebookexternalhit/1.1 (+http://www.facebook.com/externalhit_uatext.php)"
69.63.189.119 - - [20/Jan/2024:11:18:53 +0100] "GET /images/mini_prod/8422021629008.jpg HTTP/1.1" 200 8482 "-" "facebookexternalhit/1.1 (+http://www.facebook.com/externalhit_uatext.php)"
69.63.189.8 - - [20/Jan/2024:11:19:48 +0100] "GET /images/mini_prod/1399984221518B.jpg HTTP/1.1" 200 7410 "-" "facebookexternalhit/1.1 (+http://www.facebook.com/externalhit_uatext.php)"
152.70.119.142 - - [20/Jan/2024:11:22:07 +0100] "GET /images/mini_prod/8719497617470.jpg HTTP/1.1" 200 5117 "-" "Mozilla/5.0 (X11; Ubuntu; Linux x86_64; rv:72.0) Gecko/20100101 Firefox/72.0"
47.128.36.63 - - [20/Jan/2024:11:22:14 +0100] "GET /images/1399984253069.jpg HTTP/1.1" 200 137105 "-" "Mozilla/5.0 (compatible; Bytespider; spider-feedback@bytedance.com) AppleWebKit/537.36 (KHTML, like Gecko) Chrome/70.0.0.0 Safari/537.36"
173.252.83.117 - - [20/Jan/2024:11:22:14 +0100] "GET /images/big_prod_2/bambou1.jpg HTTP/1.1" 200 171633 "-" "Mozilla/5.0 (compatible; pycurl)"
120.92.15.159 - - [20/Jan/2024:11:22:20 +0100] "GET /images/mini_prod/5414629126754.jpg HTTP/1.1" 200 10541 "-" "Mozilla/5.0 (X11; Ubuntu; Linux x86_64; rv:72.0) Gecko/20100101 Firefox/72.0"
34.41.28.3 - - [20/Jan/2024:11:22:25 +0100] "GET /images/med_prod/1384010179680N.jpg HTTP/1.1" 200 164812 "-" "Mozilla/5.0 (X11; Ubuntu; Linux x86_64; rv:72.0) Gecko/20100101 Firefox/72.0"
69.63.189.4 - - [20/Jan/2024:11:22:27 +0100] "GET /images/mini_prod/8009233148451.jpg HTTP/1.1" 200 8802 "-" "facebookexternalhit/1.1 (+http://www.facebook.com/externalhit_uatext.php)"
173.252.83.118 - - [20/Jan/2024:11:23:09 +0100] "GET /images/big_prod_1/8720088291276b.jpg HTTP/1.1" 200 82673 "-" "Mozilla/5.0 (compatible; pycurl)"
8.219.166.38 - - [20/Jan/2024:11:23:17 +0100] "GET /images/mini_prod/9316188081009.jpg HTTP/1.1" 200 6640 "-" "Mozilla/5.0 (X11; Ubuntu; Linux x86_64; rv:72.0) Gecko/20100101 Firefox/72.0"
69.63.189.6 - - [20/Jan/2024:11:24:03 +0100] "GET /images/mini_prod/4036113102269.jpg HTTP/1.1" 200 9754 "-" "facebookexternalhit/1.1 (+http://www.facebook.com/externalhit_uatext.php)"
69.63.189.120 - - [20/Jan/2024:11:24:05 +0100] "GET /images/mini_prod/8433933714461.jpg HTTP/1.1" 200 7118 "-" "facebookexternalhit/1.1 (+http://www.facebook.com/externalhit_uatext.php)"
69.63.189.116 - - [20/Jan/2024:11:24:49 +0100] "GET /images/mini_prod/3574642576614.jpg HTTP/1.1" 200 4119 "-" "facebookexternalhit/1.1 (+http://www.facebook.com/externalhit_uatext.php)"
169.48.75.200 - - [20/Jan/2024:11:25:02 +0100] "GET /images/3700057119348.jpg HTTP/1.1" 200 25302 "-" "Mozilla/5.0 (X11; Ubuntu; Linux x86_64; rv:72.0) Gecko/20100101 Firefox/72.0"
69.63.189.111 - - [20/Jan/2024:11:25:09 +0100] "GET /images/mini_prod/8422074845608.jpg HTTP/1.1" 200 2966 "-" "facebookexternalhit/1.1 (+http://www.facebook.com/externalhit_uatext.php)"
152.70.119.142 - - [20/Jan/2024:11:25:27 +0100] "GET /images/mini_prod/1300000022262.jpg HTTP/1.1" 200 8456 "-" "Mozilla/5.0 (X11; Ubuntu; Linux x86_64; rv:72.0) Gecko/20100101 Firefox/72.0"
66.249.66.205 - - [20/Jan/2024:11:26:21 +0100] "GET /images/mini_prod/3700344910351B.jpg HTTP/1.1" 200 2154 "-" "Googlebot-Image/1.0"
69.63.189.1 - - [20/Jan/2024:11:27:12 +0100] "GET /images/mini_prod/8422015482527.jpg HTTP/1.1" 200 5260 "-" "facebookexternalhit/1.1 (+http://www.facebook.com/externalhit_uatext.php)"
69.63.189.2 - - [20/Jan/2024:11:27:39 +0100] "GET /images/mini_prod/1399985100850.jpg HTTP/1.1" 200 7875 "-" "facebookexternalhit/1.1 (+http://www.facebook.com/externalhit_uatext.php)"
69.63.189.119 - - [20/Jan/2024:11:28:15 +0100] "GET /images/mini_prod/1439122000008.jpg HTTP/1.1" 200 7103 "-" "facebookexternalhit/1.1 (+http://www.facebook.com/externalhit_uatext.php)"
47.89.184.23 - - [20/Jan/2024:11:28:19 +0100] "GET /images/mini_prod/5051265800619.jpg HTTP/1.1" 200 9282 "-" "Mozilla/5.0 (X11; Ubuntu; Linux x86_64; rv:72.0) Gecko/20100101 Firefox/72.0"
69.63.189.111 - - [20/Jan/2024:11:28:23 +0100] "GET /images/mini_prod/8433933621578.jpg HTTP/1.1" 200 2942 "-" "facebookexternalhit/1.1 (+http://www.facebook.com/externalhit_uatext.php)"
173.252.83.2 - - [20/Jan/2024:11:29:16 +0100] "GET /images/big_prod_1/5051276388755a.jpg HTTP/1.1" 200 166758 "-" "Mozilla/5.0 (compatible; pycurl)"
69.63.189.5 - - [20/Jan/2024:11:29:56 +0100] "GET /images/mini_prod/3453131147149.jpg HTTP/1.1" 200 6416 "-" "facebookexternalhit/1.1 (+http://www.facebook.com/externalhit_uatext.php)"
69.63.189.120 - - [20/Jan/2024:11:30:01 +0100] "GET /images/mini_prod/3453391117968.jpg HTTP/1.1" 200 6125 "-" "facebookexternalhit/1.1 (+http://www.facebook.com/externalhit_uatext.php)"
69.63.189.6 - - [20/Jan/2024:11:30:11 +0100] "GET /images/big_prod_2/c627DUDE.jpg HTTP/1.1" 200 112512 "-" "facebookexternalhit/1.1 (+http://www.facebook.com/externalhit_uatext.php)"
69.63.189.117 - - [20/Jan/2024:11:30:15 +0100] "GET /images/mini_prod/8433933011881.jpg HTTP/1.1" 200 9921 "-" "facebookexternalhit/1.1 (+http://www.facebook.com/externalhit_uatext.php)"
69.63.189.116 - - [20/Jan/2024:11:33:49 +0100] "GET /images/mini_prod/4036113261294.jpg HTTP/1.1" 200 8336 "-" "facebookexternalhit/1.1 (+http://www.facebook.com/externalhit_uatext.php)"
169.233.1.32 - - [20/Jan/2024:11:33:55 +0100] "GET /images/mini_prod/3700653591821.jpg HTTP/1.1" 200 5820 "-" "Mozilla/5.0 (X11; Ubuntu; Linux x86_64; rv:72.0) Gecko/20100101 Firefox/72.0"
69.63.189.2 - - [20/Jan/2024:11:34:28 +0100] "GET /images/mini_prod/3503420099687.jpg HTTP/1.1" 200 5381 "-" "facebookexternalhit/1.1 (+http://www.facebook.com/externalhit_uatext.php)"
216.244.66.242 - - [20/Jan/2024:11:36:01 +0100] "GET /robots.txt HTTP/1.1" 200 2438 "-" "Mozilla/5.0 (compatible; DotBot/1.2; +https://opensiteexplorer.org/dotbot; help@moz.com)"
69.63.189.3 - - [20/Jan/2024:11:36:03 +0100] "GET /images/mini_prod/8433933760963.jpg HTTP/1.1" 200 4177 "-" "facebookexternalhit/1.1 (+http://www.facebook.com/externalhit_uatext.php)"
66.249.66.207 - - [20/Jan/2024:11:36:21 +0100] "GET /images/mini_prod/3665269293029.jpg HTTP/1.1" 200 12011 "-" "Googlebot-Image/1.0"
69.63.189.4 - - [20/Jan/2024:11:36:35 +0100] "GET /images/mini_prod/3503420092442.jpg HTTP/1.1" 200 8877 "-" "facebookexternalhit/1.1 (+http://www.facebook.com/externalhit_uatext.php)"
173.252.83.3 - - [20/Jan/2024:11:38:21 +0100] "GET /images/big_prod_2/3442440302790z.jpg HTTP/1.1" 200 119641 "-" "Mozilla/5.0 (compatible; pycurl)"
69.63.189.7 - - [20/Jan/2024:11:38:22 +0100] "GET /images/mini_prod/3565750339345.jpg HTTP/1.1" 200 9453 "-" "facebookexternalhit/1.1 (+http://www.facebook.com/externalhit_uatext.php)"
69.63.189.120 - - [20/Jan/2024:11:39:23 +0100] "GET /images/mini_prod/8422013597209.jpg HTTP/1.1" 200 6840 "-" "facebookexternalhit/1.1 (+http://www.facebook.com/externalhit_uatext.php)"
69.63.189.118 - - [20/Jan/2024:11:39:25 +0100] "GET /images/mini_prod/4036113221298.jpg HTTP/1.1" 200 8297 "-" "facebookexternalhit/1.1 (+http://www.facebook.com/externalhit_uatext.php)"
85.208.96.194 - - [20/Jan/2024:11:39:40 +0100] "GET /robots.txt HTTP/1.1" 200 2438 "-" "Mozilla/5.0 (compatible; SemrushBot/7~bl; +http://www.semrush.com/bot.html)"
69.63.189.8 - - [20/Jan/2024:11:39:46 +0100] "GET /images/mini_prod/8422021476404.jpg HTTP/1.1" 200 11233 "-" "facebookexternalhit/1.1 (+http://www.facebook.com/externalhit_uatext.php)"
66.249.66.206 - - [20/Jan/2024:11:40:03 +0100] "GET /images/1399984228012bis.jpg HTTP/1.1" 200 37511 "-" "Googlebot-Image/1.0"
69.63.189.119 - - [20/Jan/2024:11:40:31 +0100] "GET /images/mini_prod/4036113801452.jpg HTTP/1.1" 200 3921 "-" "facebookexternalhit/1.1 (+http://www.facebook.com/externalhit_uatext.php)"
216.244.66.242 - - [20/Jan/2024:11:40:53 +0100] "GET /images/1399984241981.jpg HTTP/1.1" 200 68456 "-" "Mozilla/5.0 (compatible; DotBot/1.2; +https://opensiteexplorer.org/dotbot; help@moz.com)"
69.63.189.116 - - [20/Jan/2024:11:40:55 +0100] "GET /images/mini_prod/4542202660188s.jpg HTTP/1.1" 200 13613 "-" "facebookexternalhit/1.1 (+http://www.facebook.com/externalhit_uatext.php)"
69.63.189.119 - - [20/Jan/2024:11:41:29 +0100] "GET /images/mini_prod/1384010189931.jpg HTTP/1.1" 200 10955 "-" "facebookexternalhit/1.1 (+http://www.facebook.com/externalhit_uatext.php)"
216.244.66.242 - - [20/Jan/2024:11:43:21 +0100] "GET /images/1399984227008.jpg HTTP/1.1" 200 35180 "-" "Mozilla/5.0 (compatible; DotBot/1.2; +https://opensiteexplorer.org/dotbot; help@moz.com)"
169.233.1.32 - - [20/Jan/2024:11:43:36 +0100] "GET /images/mini_prod/8422020415015.jpg HTTP/1.1" 200 5197 "-" "Mozilla/5.0 (X11; Ubuntu; Linux x86_64; rv:72.0) Gecko/20100101 Firefox/72.0"
69.63.189.7 - - [20/Jan/2024:11:44:59 +0100] "GET /images/mini_prod/8422017895820.jpg HTTP/1.1" 200 5831 "-" "facebookexternalhit/1.1 (+http://www.facebook.com/externalhit_uatext.php)"
69.63.189.117 - - [20/Jan/2024:11:45:03 +0100] "GET /images/mini_prod/4036113261782.jpg HTTP/1.1" 200 12594 "-" "facebookexternalhit/1.1 (+http://www.facebook.com/externalhit_uatext.php)"
14.116.239.36 - - [20/Jan/2024:11:45:25 +0100] "GET /images/mini_prod/1399984244609.jpg HTTP/1.1" 200 5179 "-" "Mozilla/5.0 (X11; Ubuntu; Linux x86_64; rv:72.0) Gecko/20100101 Firefox/72.0"
69.63.189.117 - - [20/Jan/2024:11:45:35 +0100] "GET /images/mini_prod/3565750339390.jpg HTTP/1.1" 200 10222 "-" "facebookexternalhit/1.1 (+http://www.facebook.com/externalhit_uatext.php)"
69.63.189.116 - - [20/Jan/2024:11:47:13 +0100] "GET /images/mini_prod/3700281648089.jpg HTTP/1.1" 200 8442 "-" "facebookexternalhit/1.1 (+http://www.facebook.com/externalhit_uatext.php)"
69.63.189.10 - - [20/Jan/2024:11:47:15 +0100] "GET /images/mini_prod/3503420103582.jpg HTTP/1.1" 200 7305 "-" "facebookexternalhit/1.1 (+http://www.facebook.com/externalhit_uatext.php)"
34.41.168.7 - - [20/Jan/2024:11:51:31 +0100] "GET /images/mini_prod/3014627769278.jpg HTTP/1.1" 200 6606 "-" "python-requests/2.25.1"
69.63.189.5 - - [20/Jan/2024:11:53:02 +0100] "GET /images/mini_prod/3281640390585.jpg HTTP/1.1" 200 8486 "-" "facebookexternalhit/1.1 (+http://www.facebook.com/externalhit_uatext.php)"
120.92.15.159 - - [20/Jan/2024:11:53:03 +0100] "GET /images/mini_prod/3700057121709.jpg HTTP/1.1" 200 7206 "-" "Mozilla/5.0 (X11; Ubuntu; Linux x86_64; rv:72.0) Gecko/20100101 Firefox/72.0"
69.63.189.3 - - [20/Jan/2024:11:53:06 +0100] "GET /images/mini_prod/5036278061592.jpg HTTP/1.1" 200 10177 "-" "facebookexternalhit/1.1 (+http://www.facebook.com/externalhit_uatext.php)"
69.63.189.3 - - [20/Jan/2024:11:53:09 +0100] "GET /images/mini_prod/3384370060145.jpg HTTP/1.1" 200 6462 "-" "facebookexternalhit/1.1 (+http://www.facebook.com/externalhit_uatext.php)"
69.63.189.6 - - [20/Jan/2024:11:53:25 +0100] "GET /images/mini_prod/583GJ10.jpg HTTP/1.1" 200 6192 "-" "facebookexternalhit/1.1 (+http://www.facebook.com/externalhit_uatext.php)"
40.77.167.136 - - [20/Jan/2024:11:53:55 +0100] "GET /images/big_prod/1384010202746.jpg HTTP/1.1" 200 87066 "-" "Mozilla/5.0 AppleWebKit/537.36 (KHTML, like Gecko; compatible; bingbot/2.0; +http://www.bing.com/bingbot.htm) Chrome/116.0.1938.76 Safari/537.36"
69.63.189.4 - - [20/Jan/2024:11:54:38 +0100] "GET /images/mini_prod/3660173072234.jpg HTTP/1.1" 200 6267 "-" "facebookexternalhit/1.1 (+http://www.facebook.com/externalhit_uatext.php)"
87.250.224.212 - - [20/Jan/2024:11:56:01 +0100] "GET /robots.txt HTTP/1.1" 200 2438 "-" "Mozilla/5.0 (compatible; YandexBot/3.0; +http://yandex.com/bots)"
69.63.189.4 - - [20/Jan/2024:11:56:07 +0100] "GET /images/mini_prod/4029811317318.jpg HTTP/1.1" 200 7949 "-" "facebookexternalhit/1.1 (+http://www.facebook.com/externalhit_uatext.php)"
69.63.189.118 - - [20/Jan/2024:11:57:11 +0100] "GET /images/mini_prod/4029811344758.jpg HTTP/1.1" 200 11857 "-" "facebookexternalhit/1.1 (+http://www.facebook.com/externalhit_uatext.php)"
69.63.189.9 - - [20/Jan/2024:11:57:26 +0100] "GET /images/mini_prod/090309_162614_PEEL_BWfDnQ.jpg HTTP/1.1" 200 24597 "-" "facebookexternalhit/1.1 (+http://www.facebook.com/externalhit_uatext.php)"
69.63.189.5 - - [20/Jan/2024:11:59:03 +0100] "GET /images/mini_prod/3565750030877.jpg HTTP/1.1" 200 9333 "-" "facebookexternalhit/1.1 (+http://www.facebook.com/externalhit_uatext.php)"
47.89.184.23 - - [20/Jan/2024:11:59:04 +0100] "GET /images/1300010240274.jpg HTTP/1.1" 200 89484 "-" "Mozilla/5.0 (X11; Ubuntu; Linux x86_64; rv:72.0) Gecko/20100101 Firefox/72.0"
34.121.243.6 - - [20/Jan/2024:11:59:36 +0100] "GET /images/mini_prod/9316188029582.jpg HTTP/1.1" 200 5972 "-" "python-requests/2.25.1"
40.77.167.132 - - [20/Jan/2024:12:01:33 +0100] "GET /images/4007176124222.jpg HTTP/1.1" 200 28685 "-" "Mozilla/5.0 (Windows NT 6.1; WOW64) AppleWebKit/534+ (KHTML, like Gecko) BingPreview/1.0b"
69.63.189.9 - - [20/Jan/2024:12:02:07 +0100] "GET /images/mini_prod/1399984231142.jpg HTTP/1.1" 200 4005 "-" "facebookexternalhit/1.1 (+http://www.facebook.com/externalhit_uatext.php)"
69.63.189.116 - - [20/Jan/2024:12:03:58 +0100] "GET /images/mini_prod/3660173142517.jpg HTTP/1.1" 200 5056 "-" "facebookexternalhit/1.1 (+http://www.facebook.com/externalhit_uatext.php)"
69.63.189.10 - - [20/Jan/2024:12:03:58 +0100] "GET /images/mini_prod/8904245400477.jpg HTTP/1.1" 200 5855 "-" "facebookexternalhit/1.1 (+http://www.facebook.com/externalhit_uatext.php)"
69.63.189.118 - - [20/Jan/2024:12:04:19 +0100] "GET /images/mini_prod/1384010189559.jpg HTTP/1.1" 200 11094 "-" "facebookexternalhit/1.1 (+http://www.facebook.com/externalhit_uatext.php)"
169.45.105.8 - - [20/Jan/2024:12:04:25 +0100] "GET /images/GormitiBassa.jpg HTTP/1.1" 200 29928 "-" "Mozilla/5.0 (X11; Ubuntu; Linux x86_64; rv:72.0) Gecko/20100101 Firefox/72.0"
69.63.189.118 - - [20/Jan/2024:12:04:44 +0100] "GET /images/big_prod_2/8424346357864b.jpg HTTP/1.1" 200 73374 "-" "facebookexternalhit/1.1 (+http://www.facebook.com/externalhit_uatext.php)"
69.63.189.4 - - [20/Jan/2024:12:05:35 +0100] "GET /images/mini_prod/8718317691973.jpg HTTP/1.1" 200 11047 "-" "facebookexternalhit/1.1 (+http://www.facebook.com/externalhit_uatext.php)"
60.188.10.39 - - [20/Jan/2024:12:06:13 +0100] "GET /templates/Pixame_v1/stylesheet.css HTTP/1.1" 200 56057 "http://www.wonder-geek.com/coasters-c-12_157.html" "Mozilla/5.0 (Windows NT 6.1; Win64; x64) AppleWebKit/537.36 (KHTML, like Gecko) Chrome/69.0.3497.81 YisouSpider/5.0 Safari/537.36"
69.63.189.117 - - [20/Jan/2024:12:07:18 +0100] "GET /images/mini_prod/1399984231074.jpg HTTP/1.1" 200 5813 "-" "facebookexternalhit/1.1 (+http://www.facebook.com/externalhit_uatext.php)"
69.63.189.5 - - [20/Jan/2024:12:07:55 +0100] "GET /images/mini_prod/3503420099809.jpg HTTP/1.1" 200 7212 "-" "facebookexternalhit/1.1 (+http://www.facebook.com/externalhit_uatext.php)"
47.128.47.131 - - [20/Jan/2024:12:08:24 +0100] "GET /images/med_prod/3519570205892.jpg HTTP/1.1" 200 54429 "http://tenderfreshicecreams.com/picc.aspx?categoryid=141&productid=226121942" "Mozilla/5.0 (Linux; Android 5.0) AppleWebKit/537.36 (KHTML, like Gecko) Mobile Safari/537.36 (compatible; Bytespider; spider-feedback@bytedance.com)"
69.63.189.4 - - [20/Jan/2024:12:08:52 +0100] "GET /images/mini_prod/3503420080289.jpg HTTP/1.1" 200 5793 "-" "facebookexternalhit/1.1 (+http://www.facebook.com/externalhit_uatext.php)"
69.63.189.10 - - [20/Jan/2024:12:08:56 +0100] "GET /images/mini_prod/3014627983025.jpg HTTP/1.1" 200 4160 "-" "facebookexternalhit/1.1 (+http://www.facebook.com/externalhit_uatext.php)"
69.63.189.2 - - [20/Jan/2024:12:09:05 +0100] "GET /images/mini_prod/3540945804600.jpg HTTP/1.1" 200 3692 "-" "facebookexternalhit/1.1 (+http://www.facebook.com/externalhit_uatext.php)"
69.63.189.6 - - [20/Jan/2024:12:09:58 +0100] "GET /images/mini_prod/3565750043181.jpg HTTP/1.1" 200 4660 "-" "facebookexternalhit/1.1 (+http://www.facebook.com/externalhit_uatext.php)"
69.63.189.112 - - [20/Jan/2024:12:09:59 +0100] "GET /images/mini_prod/8009233066601.jpg HTTP/1.1" 200 7845 "-" "facebookexternalhit/1.1 (+http://www.facebook.com/externalhit_uatext.php)"
169.233.1.32 - - [20/Jan/2024:12:10:04 +0100] "GET /images/mini_prod/7601019993043.jpg HTTP/1.1" 200 6604 "-" "Mozilla/5.0 (X11; Ubuntu; Linux x86_64; rv:72.0) Gecko/20100101 Firefox/72.0"
69.63.189.5 - - [20/Jan/2024:12:11:40 +0100] "GET /images/mini_prod/3665284220574.jpg HTTP/1.1" 200 5714 "-" "facebookexternalhit/1.1 (+http://www.facebook.com/externalhit_uatext.php)"
69.63.189.4 - - [20/Jan/2024:12:11:57 +0100] "GET /images/big_prod_2/3609810096424a.jpg HTTP/1.1" 200 102771 "-" "facebookexternalhit/1.1 (+http://www.facebook.com/externalhit_uatext.php)"
217.113.194.93 - - [20/Jan/2024:12:12:11 +0100] "GET /robots.txt HTTP/1.1" 200 2438 "-" "Mozilla/5.0 (compatible; Barkrowler/0.9; +https://babbar.tech/crawler)"
69.63.189.7 - - [20/Jan/2024:12:13:30 +0100] "GET /images/mini_prod/8422810099814.jpg HTTP/1.1" 200 8669 "-" "facebookexternalhit/1.1 (+http://www.facebook.com/externalhit_uatext.php)"
52.167.144.176 - - [20/Jan/2024:12:13:47 +0100] "GET /highslide/highslide.js HTTP/1.1" 200 42909 "-" "Mozilla/5.0 AppleWebKit/537.36 (KHTML, like Gecko; compatible; bingbot/2.0; +http://www.bing.com/bingbot.htm) Chrome/116.0.1938.76 Safari/537.36"
52.167.144.176 - - [20/Jan/2024:12:13:47 +0100] "GET /js/jquery.jqzoom.js HTTP/1.1" 200 4761 "-" "Mozilla/5.0 AppleWebKit/537.36 (KHTML, like Gecko; compatible; bingbot/2.0; +http://www.bing.com/bingbot.htm) Chrome/116.0.1938.76 Safari/537.36"
52.167.144.176 - - [20/Jan/2024:12:13:47 +0100] "GET /js/jquery.masonry.min.js HTTP/1.1" 200 5392 "-" "Mozilla/5.0 AppleWebKit/537.36 (KHTML, like Gecko; compatible; bingbot/2.0; +http://www.bing.com/bingbot.htm) Chrome/116.0.1938.76 Safari/537.36"
207.46.13.168 - - [20/Jan/2024:12:13:48 +0100] "GET /mondial_relay/js/jquery-1.3.2.min.js HTTP/1.1" 200 57254 "-" "Mozilla/5.0 AppleWebKit/537.36 (KHTML, like Gecko; compatible; bingbot/2.0; +http://www.bing.com/bingbot.htm) Chrome/116.0.1938.76 Safari/537.36"
52.167.144.189 - - [20/Jan/2024:12:13:51 +0100] "GET /js/jquery.js HTTP/1.1" 200 54075 "-" "Mozilla/5.0 AppleWebKit/537.36 (KHTML, like Gecko; compatible; bingbot/2.0; +http://www.bing.com/bingbot.htm) Chrome/116.0.1938.76 Safari/537.36"
52.167.144.189 - - [20/Jan/2024:12:13:52 +0100] "GET /js/modernizr-transitions.js HTTP/1.1" 200 2026 "-" "Mozilla/5.0 AppleWebKit/537.36 (KHTML, like Gecko; compatible; bingbot/2.0; +http://www.bing.com/bingbot.htm) Chrome/116.0.1938.76 Safari/537.36"
69.63.189.10 - - [20/Jan/2024:12:14:14 +0100] "GET /images/mini_prod/8422065464535.jpg HTTP/1.1" 200 11447 "-" "facebookexternalhit/1.1 (+http://www.facebook.com/externalhit_uatext.php)"
69.63.189.10 - - [20/Jan/2024:12:14:56 +0100] "GET /images/mini_prod/4036113261348.jpg HTTP/1.1" 200 9170 "-" "facebookexternalhit/1.1 (+http://www.facebook.com/externalhit_uatext.php)"
69.63.189.120 - - [20/Jan/2024:12:15:32 +0100] "GET /images/mini_prod/3609810076273.jpg HTTP/1.1" 200 7983 "-" "facebookexternalhit/1.1 (+http://www.facebook.com/externalhit_uatext.php)"
69.63.189.8 - - [20/Jan/2024:12:15:42 +0100] "GET /images/mini_prod/627JASCOL.jpg HTTP/1.1" 200 4996 "-" "facebookexternalhit/1.1 (+http://www.facebook.com/externalhit_uatext.php)"
69.63.189.116 - - [20/Jan/2024:12:15:46 +0100] "GET /images/mini_prod/1384010190838.jpg HTTP/1.1" 200 5012 "-" "facebookexternalhit/1.1 (+http://www.facebook.com/externalhit_uatext.php)"
69.63.189.120 - - [20/Jan/2024:12:15:48 +0100] "GET /images/mini_prod/3565750339413.jpg HTTP/1.1" 200 9092 "-" "facebookexternalhit/1.1 (+http://www.facebook.com/externalhit_uatext.php)"
69.63.189.120 - - [20/Jan/2024:12:15:53 +0100] "GET /images/mini_prod/3609810099876.jpg HTTP/1.1" 200 10039 "-" "facebookexternalhit/1.1 (+http://www.facebook.com/externalhit_uatext.php)"
69.63.189.6 - - [20/Jan/2024:12:16:41 +0100] "GET /images/mini_prod/3612875124827.jpg HTTP/1.1" 200 3879 "-" "facebookexternalhit/1.1 (+http://www.facebook.com/externalhit_uatext.php)"
69.63.189.2 - - [20/Jan/2024:12:17:14 +0100] "GET /images/mini_prod/3503420095641.jpg HTTP/1.1" 200 9601 "-" "facebookexternalhit/1.1 (+http://www.facebook.com/externalhit_uatext.php)"
143.89.224.220 - - [20/Jan/2024:12:20:05 +0100] "GET /images/mini_prod/1439116000007N.jpg HTTP/1.1" 200 7079 "-" "Mozilla/5.0 (X11; Ubuntu; Linux x86_64; rv:72.0) Gecko/20100101 Firefox/72.0"
69.63.189.2 - - [20/Jan/2024:12:20:22 +0100] "GET /images/mini_prod/3574642576706.jpg HTTP/1.1" 200 3876 "-" "facebookexternalhit/1.1 (+http://www.facebook.com/externalhit_uatext.php)"
69.63.189.4 - - [20/Jan/2024:12:20:33 +0100] "GET /images/mini_prod/3609810065161.jpg HTTP/1.1" 200 7618 "-" "facebookexternalhit/1.1 (+http://www.facebook.com/externalhit_uatext.php)"
65.154.226.166 - - [20/Jan/2024:12:20:56 +0100] "GET /images/mini%5fprod/1439116000007N.jpg HTTP/1.1" 200 7079 "-" "Mozilla/5.0 (Windows NT 10.0) AppleWebKit/537.36 (KHTML, like Gecko) Chrome/106.0.0.0 Safari/537.36"
140.238.197.148 - - [20/Jan/2024:12:21:06 +0100] "GET /images/med_prod/3438100361511.jpg HTTP/1.1" 200 71022 "-" "Mozilla/5.0 (X11; Ubuntu; Linux x86_64; rv:72.0) Gecko/20100101 Firefox/72.0"
152.70.119.142 - - [20/Jan/2024:12:21:20 +0100] "GET /images/mini_prod/1384010183458.jpg HTTP/1.1" 200 9760 "-" "Mozilla/5.0 (X11; Ubuntu; Linux x86_64; rv:72.0) Gecko/20100101 Firefox/72.0"
157.55.39.11 - - [20/Jan/2024:12:22:39 +0100] "GET /images/big_prod/1186747043179.jpg HTTP/1.1" 200 123677 "-" "Mozilla/5.0 AppleWebKit/537.36 (KHTML, like Gecko; compatible; bingbot/2.0; +http://www.bing.com/bingbot.htm) Chrome/116.0.1938.76 Safari/537.36"
169.233.1.32 - - [20/Jan/2024:12:24:26 +0100] "GET /images/mini_prod/8422669354003.jpg HTTP/1.1" 200 7769 "-" "Mozilla/5.0 (X11; Ubuntu; Linux x86_64; rv:72.0) Gecko/20100101 Firefox/72.0"
69.63.189.6 - - [20/Jan/2024:12:25:01 +0100] "GET /images/mini_prod/3503420077913.jpg HTTP/1.1" 200 6680 "-" "facebookexternalhit/1.1 (+http://www.facebook.com/externalhit_uatext.php)"
95.108.213.108 - - [20/Jan/2024:12:25:15 +0100] "GET /robots.txt HTTP/1.1" 200 2438 "-" "Mozilla/5.0 (compatible; YandexBot/3.0; +http://yandex.com/bots)"
69.63.189.10 - - [20/Jan/2024:12:25:25 +0100] "GET /images/mini_prod/4044927045375.jpg HTTP/1.1" 200 3587 "-" "facebookexternalhit/1.1 (+http://www.facebook.com/externalhit_uatext.php)"
69.63.189.4 - - [20/Jan/2024:12:26:59 +0100] "GET /images/mini_prod/4500327200009.jpg HTTP/1.1" 200 8254 "-" "facebookexternalhit/1.1 (+http://www.facebook.com/externalhit_uatext.php)"
69.63.189.116 - - [20/Jan/2024:12:28:40 +0100] "GET /images/mini_prod/3503420053337.jpg HTTP/1.1" 200 6915 "-" "facebookexternalhit/1.1 (+http://www.facebook.com/externalhit_uatext.php)"
169.233.1.32 - - [20/Jan/2024:12:29:18 +0100] "GET /images/mini_prod/1384010207543.jpg HTTP/1.1" 200 7277 "-" "Mozilla/5.0 (X11; Ubuntu; Linux x86_64; rv:72.0) Gecko/20100101 Firefox/72.0"
69.63.189.7 - - [20/Jan/2024:12:30:10 +0100] "GET /images/mini_prod/3609810064010.jpg HTTP/1.1" 200 8334 "-" "facebookexternalhit/1.1 (+http://www.facebook.com/externalhit_uatext.php)"
69.63.189.7 - - [20/Jan/2024:12:30:49 +0100] "GET /images/mini_prod/1900514908511N.jpg HTTP/1.1" 200 10399 "-" "facebookexternalhit/1.1 (+http://www.facebook.com/externalhit_uatext.php)"
216.244.66.242 - - [20/Jan/2024:12:30:57 +0100] "GET /robots.txt HTTP/1.1" 200 2438 "-" "Mozilla/5.0 (compatible; DotBot/1.2; +https://opensiteexplorer.org/dotbot; help@moz.com)"
69.63.189.118 - - [20/Jan/2024:12:31:12 +0100] "GET /images/mini_prod/3565750339451.jpg HTTP/1.1" 200 9062 "-" "facebookexternalhit/1.1 (+http://www.facebook.com/externalhit_uatext.php)"
47.94.224.194 - - [20/Jan/2024:12:32:34 +0100] "GET /images/mini_prod/8412497371747.jpg HTTP/1.1" 200 8125 "-" "Mozilla/5.0 (X11; Ubuntu; Linux x86_64; rv:72.0) Gecko/20100101 Firefox/72.0"
69.63.189.6 - - [20/Jan/2024:12:33:53 +0100] "GET /images/big_prod_1/MAEXUP.jpg HTTP/1.1" 200 126527 "-" "facebookexternalhit/1.1 (+http://www.facebook.com/externalhit_uatext.php)"
69.63.189.3 - - [20/Jan/2024:12:33:56 +0100] "GET /images/mini_prod/3574642576591.jpg HTTP/1.1" 200 4722 "-" "facebookexternalhit/1.1 (+http://www.facebook.com/externalhit_uatext.php)"
65.154.226.167 - - [20/Jan/2024:12:34:13 +0100] "GET /images/mini%5fprod/3519570204031.jpg HTTP/1.1" 200 8527 "-" "Mozilla/5.0 (Windows NT 10.0) AppleWebKit/537.36 (KHTML, like Gecko) Chrome/106.0.0.0 Safari/537.36"
69.63.189.6 - - [20/Jan/2024:12:34:14 +0100] "GET /images/mini_prod/4036113261683.jpg HTTP/1.1" 200 9380 "-" "facebookexternalhit/1.1 (+http://www.facebook.com/externalhit_uatext.php)"
69.63.189.7 - - [20/Jan/2024:12:34:35 +0100] "GET /images/mini_prod/071662920241.jpg HTTP/1.1" 200 9438 "-" "facebookexternalhit/1.1 (+http://www.facebook.com/externalhit_uatext.php)"
69.63.189.10 - - [20/Jan/2024:12:35:05 +0100] "GET /images/mini_prod/8437105059923.jpg HTTP/1.1" 200 6827 "-" "facebookexternalhit/1.1 (+http://www.facebook.com/externalhit_uatext.php)"
69.63.189.3 - - [20/Jan/2024:12:35:28 +0100] "GET /images/mini_prod/3609810099821.jpg HTTP/1.1" 200 10278 "-" "facebookexternalhit/1.1 (+http://www.facebook.com/externalhit_uatext.php)"
66.249.93.33 - - [20/Jan/2024:12:36:00 +0100] "GET /images/big_prod_1/5400924267841a.jpg HTTP/1.1" 200 342471 "-" "Mozilla/5.0 (Windows NT 5.1; rv:11.0) Gecko Firefox/11.0 (via ggpht.com GoogleImageProxy)"
169.233.1.32 - - [20/Jan/2024:12:37:01 +0100] "GET /images/mini_prod/3700653593221.jpg HTTP/1.1" 200 7466 "-" "Mozilla/5.0 (X11; Ubuntu; Linux x86_64; rv:72.0) Gecko/20100101 Firefox/72.0"
69.63.189.116 - - [20/Jan/2024:12:37:11 +0100] "GET /images/mini_prod/3700516224873.jpg HTTP/1.1" 200 10492 "-" "facebookexternalhit/1.1 (+http://www.facebook.com/externalhit_uatext.php)"
69.63.189.9 - - [20/Jan/2024:12:37:53 +0100] "GET /images/mini_prod/3665269069587.jpg HTTP/1.1" 200 4648 "-" "facebookexternalhit/1.1 (+http://www.facebook.com/externalhit_uatext.php)"
85.208.96.197 - - [20/Jan/2024:12:38:36 +0100] "GET /robots.txt HTTP/1.1" 200 2438 "-" "Mozilla/5.0 (compatible; SemrushBot/7~bl; +http://www.semrush.com/bot.html)"
157.55.39.49 - - [20/Jan/2024:12:39:10 +0100] "GET /images/big_prod_2/1341689182328C.jpg HTTP/1.1" 200 55981 "-" "Mozilla/5.0 AppleWebKit/537.36 (KHTML, like Gecko; compatible; bingbot/2.0; +http://www.bing.com/bingbot.htm) Chrome/116.0.1938.76 Safari/537.36"
69.63.189.7 - - [20/Jan/2024:12:39:13 +0100] "GET /images/mini_prod/1384010202883.jpg HTTP/1.1" 200 5327 "-" "facebookexternalhit/1.1 (+http://www.facebook.com/externalhit_uatext.php)"
69.63.189.6 - - [20/Jan/2024:12:39:57 +0100] "GET /images/big_prod_1/3453131156561a.jpg HTTP/1.1" 200 136755 "-" "facebookexternalhit/1.1 (+http://www.facebook.com/externalhit_uatext.php)"
69.63.189.118 - - [20/Jan/2024:12:39:58 +0100] "GET /images/mini_prod/1384010201534.jpg HTTP/1.1" 200 8476 "-" "facebookexternalhit/1.1 (+http://www.facebook.com/externalhit_uatext.php)"
52.167.144.67 - - [20/Jan/2024:12:40:26 +0100] "GET /robots.txt HTTP/1.1" 200 2438 "-" "Mozilla/5.0 AppleWebKit/537.36 (KHTML, like Gecko; compatible; bingbot/2.0; +http://www.bing.com/bingbot.htm) Chrome/116.0.1938.76 Safari/537.36"
69.63.189.118 - - [20/Jan/2024:12:41:34 +0100] "GET /images/mini_prod/3609810014534.jpg HTTP/1.1" 200 6777 "-" "facebookexternalhit/1.1 (+http://www.facebook.com/externalhit_uatext.php)"
69.63.189.117 - - [20/Jan/2024:12:42:55 +0100] "GET /images/mini_prod/8422011490038.jpg HTTP/1.1" 200 9105 "-" "facebookexternalhit/1.1 (+http://www.facebook.com/externalhit_uatext.php)"
47.128.45.194 - - [20/Jan/2024:12:43:44 +0100] "GET /images/pyjama2009dbzanthracyte.jpg HTTP/1.1" 200 18920 "-" "Mozilla/5.0 (compatible; Bytespider; spider-feedback@bytedance.com) AppleWebKit/537.36 (KHTML, like Gecko) Chrome/70.0.0.0 Safari/537.36"
34.41.168.7 - - [20/Jan/2024:12:43:51 +0100] "GET /images/mini_prod/8435306215780.jpg HTTP/1.1" 200 6366 "-" "python-requests/2.25.1"
69.63.189.116 - - [20/Jan/2024:12:44:17 +0100] "GET /images/mini_prod/8433933148352.jpg HTTP/1.1" 200 3091 "-" "facebookexternalhit/1.1 (+http://www.facebook.com/externalhit_uatext.php)"
58.251.76.82 - - [20/Jan/2024:12:44:52 +0100] "GET /images/mini_prod/MISES-EN-SITUATION-11.jpg HTTP/1.1" 200 7010 "-" "Mozilla/5.0 (X11; Ubuntu; Linux x86_64; rv:72.0) Gecko/20100101 Firefox/72.0"
65.154.226.166 - - [20/Jan/2024:12:46:36 +0100] "GET /images/mini%5fprod/MISES-EN-SITUATION-02.jpg HTTP/1.1" 200 7260 "-" "Mozilla/5.0 (Windows NT 10.0) AppleWebKit/537.36 (KHTML, like Gecko) Chrome/106.0.0.0 Safari/537.36"
69.63.189.6 - - [20/Jan/2024:12:47:34 +0100] "GET /images/mini_prod/8433933117453.jpg HTTP/1.1" 200 12615 "-" "facebookexternalhit/1.1 (+http://www.facebook.com/externalhit_uatext.php)"
69.63.189.8 - - [20/Jan/2024:12:48:07 +0100] "GET /images/mini_prod/3608860237306.jpg HTTP/1.1" 200 5712 "-" "facebookexternalhit/1.1 (+http://www.facebook.com/externalhit_uatext.php)"
69.63.189.120 - - [20/Jan/2024:12:50:24 +0100] "GET /images/mini_prod/8003990585733b.jpg HTTP/1.1" 200 5192 "-" "facebookexternalhit/1.1 (+http://www.facebook.com/externalhit_uatext.php)"
69.63.189.6 - - [20/Jan/2024:12:51:29 +0100] "GET /images/mini_prod/3700281653427.jpg HTTP/1.1" 200 4835 "-" "facebookexternalhit/1.1 (+http://www.facebook.com/externalhit_uatext.php)"
69.63.189.2 - - [20/Jan/2024:12:51:46 +0100] "GET /images/big_prod_1/3503420072765C.jpg HTTP/1.1" 200 129267 "-" "facebookexternalhit/1.1 (+http://www.facebook.com/externalhit_uatext.php)"
69.63.189.118 - - [20/Jan/2024:12:52:05 +0100] "GET /images/mini_prod/3503420096471.jpg HTTP/1.1" 200 4492 "-" "facebookexternalhit/1.1 (+http://www.facebook.com/externalhit_uatext.php)"
69.63.189.119 - - [20/Jan/2024:12:52:36 +0100] "GET /images/mini_prod/4036113261423.jpg HTTP/1.1" 200 8427 "-" "facebookexternalhit/1.1 (+http://www.facebook.com/externalhit_uatext.php)"
69.63.189.116 - - [20/Jan/2024:12:54:02 +0100] "GET /images/mini_prod/3700281645873.jpg HTTP/1.1" 200 5174 "-" "facebookexternalhit/1.1 (+http://www.facebook.com/externalhit_uatext.php)"
40.77.167.4 - - [20/Jan/2024:12:54:12 +0100] "GET /images/big_prod/9316188039802X.jpg HTTP/1.1" 200 142760 "-" "Mozilla/5.0 AppleWebKit/537.36 (KHTML, like Gecko; compatible; bingbot/2.0; +http://www.bing.com/bingbot.htm) Chrome/116.0.1938.76 Safari/537.36"
69.63.189.111 - - [20/Jan/2024:12:55:42 +0100] "GET /images/mini_prod/8719172832068c.jpg HTTP/1.1" 200 6428 "-" "facebookexternalhit/1.1 (+http://www.facebook.com/externalhit_uatext.php)"
40.77.167.132 - - [20/Jan/2024:12:56:17 +0100] "GET /images/big_prod/1399980107908.jpg HTTP/1.1" 200 133758 "-" "Mozilla/5.0 (Windows NT 6.1; WOW64) AppleWebKit/534+ (KHTML, like Gecko) BingPreview/1.0b"
65.154.226.169 - - [20/Jan/2024:12:56:23 +0100] "GET /images/mini%5fprod/8033667001822.jpg HTTP/1.1" 200 12046 "-" "Mozilla/5.0 (Windows NT 10.0) AppleWebKit/537.36 (KHTML, like Gecko) Chrome/106.0.0.0 Safari/537.36"
59.37.131.188 - - [20/Jan/2024:12:57:03 +0100] "GET /images/1399984260098.jpg HTTP/1.1" 200 71517 "-" "Mozilla/5.0 (X11; Ubuntu; Linux x86_64; rv:72.0) Gecko/20100101 Firefox/72.0"
14.100.104.142 - - [20/Jan/2024:13:00:33 +0100] "GET /images/mini_prod/3438100336533.jpg HTTP/1.1" 200 8041 "-" "Mozilla/5.0 (X11; Ubuntu; Linux x86_64; rv:72.0) Gecko/20100101 Firefox/72.0"
