157.90.209.79 - - [21/Mar/2024:22:53:49 +0100] "GET /blue-adult-cotton-apron-p-44330.html HTTP/1.0" 200 84221 "-" "Mozilla/5.0 (compatible; BLEXBot/1.0; +http://webmeup-crawler.com/)"
157.90.209.79 - - [21/Mar/2024:22:53:49 +0100] "GET /cactus-doormat-p-61751.html HTTP/1.0" 200 85439 "-" "Mozilla/5.0 (compatible; BLEXBot/1.0; +http://webmeup-crawler.com/)"
157.90.209.79 - - [21/Mar/2024:22:53:52 +0100] "GET /blue-basket-corduroy-p-59639.html HTTP/1.0" 200 85120 "-" "Mozilla/5.0 (compatible; BLEXBot/1.0; +http://webmeup-crawler.com/)"
216.244.66.242 - - [21/Mar/2024:22:53:53 +0100] "GET /box-with-wooden-drawers-monkeys-p-47926.html HTTP/1.0" 301 81961 "-" "Mozilla/5.0 (compatible; DotBot/1.2; +https://opensiteexplorer.org/dotbot; help@moz.com)"
157.90.209.79 - - [21/Mar/2024:22:53:54 +0100] "GET /cactus-ground-sheet-p-52166.html HTTP/1.0" 200 85271 "-" "Mozilla/5.0 (compatible; BLEXBot/1.0; +http://webmeup-crawler.com/)"
157.90.209.79 - - [21/Mar/2024:22:54:00 +0100] "GET /cactus-metal-tray-p-47190.html HTTP/1.0" 200 84310 "-" "Mozilla/5.0 (compatible; BLEXBot/1.0; +http://webmeup-crawler.com/)"
157.90.209.79 - - [21/Mar/2024:22:54:04 +0100] "GET /blue-blanket-p-61052.html HTTP/1.0" 200 85092 "-" "Mozilla/5.0 (compatible; BLEXBot/1.0; +http://webmeup-crawler.com/)"
216.244.66.242 - - [21/Mar/2024:22:54:05 +0100] "GET /ceramic-mug-fatma-by-creation-p-50326.html HTTP/1.0" 301 84440 "-" "Mozilla/5.0 (compatible; DotBot/1.2; +https://opensiteexplorer.org/dotbot; help@moz.com)"
157.90.209.79 - - [21/Mar/2024:22:54:08 +0100] "GET /cactus-theme-indian-espresso-p-39625.html HTTP/1.0" 200 84316 "-" "Mozilla/5.0 (compatible; BLEXBot/1.0; +http://webmeup-crawler.com/)"
157.90.209.79 - - [21/Mar/2024:22:54:08 +0100] "GET /blue-duck-fitted-sheet-p-51979.html HTTP/1.0" 200 84894 "-" "Mozilla/5.0 (compatible; BLEXBot/1.0; +http://webmeup-crawler.com/)"
103.131.71.46 - - [21/Mar/2024:22:54:11 +0100] "GET /images/3521320003320.jpg HTTP/1.0" 200 259 "-" "Mozilla/5.0 (compatible; coccocbot-image/1.0; +http://help.coccoc.com/searchengine)"
157.90.209.79 - - [21/Mar/2024:22:54:13 +0100] "GET /caff-retro-deco-thermometer-p-27632.html HTTP/1.0" 200 84363 "-" "Mozilla/5.0 (compatible; BLEXBot/1.0; +http://webmeup-crawler.com/)"
157.90.209.79 - - [21/Mar/2024:22:54:13 +0100] "GET /blue-duck-fitted-sheet-p-51982.html HTTP/1.0" 200 84280 "-" "Mozilla/5.0 (compatible; BLEXBot/1.0; +http://webmeup-crawler.com/)"
216.244.66.242 - - [21/Mar/2024:22:54:16 +0100] "GET /gold-retro-lamp-in-patinated-metal-68-cm-p-49594.html HTTP/1.0" 301 85201 "-" "Mozilla/5.0 (compatible; DotBot/1.2; +https://opensiteexplorer.org/dotbot; help@moz.com)"
157.90.209.79 - - [21/Mar/2024:22:54:17 +0100] "GET /cake-dish-chabada-p-56486.html HTTP/1.0" 200 84180 "-" "Mozilla/5.0 (compatible; BLEXBot/1.0; +http://webmeup-crawler.com/)"
157.90.209.79 - - [21/Mar/2024:22:54:17 +0100] "GET /blue-globe-decoration-p-52916.html HTTP/1.0" 200 84301 "-" "Mozilla/5.0 (compatible; BLEXBot/1.0; +http://webmeup-crawler.com/)"
54.36.148.113 - - [21/Mar/2024:22:54:19 +0100] "GET /decorative-wooden-plate-wifi-p-60250.html HTTP/1.0" 200 85579 "-" "Mozilla/5.0 (compatible; AhrefsBot/7.0; +http://ahrefs.com/robot/)"
54.36.148.229 - - [21/Mar/2024:22:54:22 +0100] "GET /images/big_prod_1/8445148204347B.jpg HTTP/1.0" 200 271 "-" "Mozilla/5.0 (compatible; AhrefsBot/7.0; +http://ahrefs.com/robot/)"
157.90.209.79 - - [21/Mar/2024:22:54:21 +0100] "GET /cake-dish-p-60452.html HTTP/1.0" 200 84675 "-" "Mozilla/5.0 (compatible; BLEXBot/1.0; +http://webmeup-crawler.com/)"
157.90.209.79 - - [21/Mar/2024:22:54:23 +0100] "GET /blue-jean-fitted-sheet-p-36443.html HTTP/1.0" 200 85151 "-" "Mozilla/5.0 (compatible; BLEXBot/1.0; +http://webmeup-crawler.com/)"
157.90.209.79 - - [21/Mar/2024:22:54:25 +0100] "GET /cakes-spoons-p-51766.html HTTP/1.0" 200 84747 "-" "Mozilla/5.0 (compatible; BLEXBot/1.0; +http://webmeup-crawler.com/)"
216.244.66.242 - - [21/Mar/2024:22:54:27 +0100] "GET /mug-by-cbkreation-quote-p-35123.html HTTP/1.0" 301 84331 "-" "Mozilla/5.0 (compatible; DotBot/1.2; +https://opensiteexplorer.org/dotbot; help@moz.com)"
157.90.209.79 - - [21/Mar/2024:22:54:30 +0100] "GET /calamity-jane-figure-p-27318.html HTTP/1.0" 200 84361 "-" "Mozilla/5.0 (compatible; BLEXBot/1.0; +http://webmeup-crawler.com/)"
157.90.209.79 - - [21/Mar/2024:22:54:32 +0100] "GET /blue-peacock-jewelry-holder-statuette-p-56814.html HTTP/1.0" 200 84507 "-" "Mozilla/5.0 (compatible; BLEXBot/1.0; +http://webmeup-crawler.com/)"
157.90.209.79 - - [21/Mar/2024:22:54:36 +0100] "GET /calavera-blue-beauty-nail-p-29314.html HTTP/1.0" 200 84419 "-" "Mozilla/5.0 (compatible; BLEXBot/1.0; +http://webmeup-crawler.com/)"
216.244.66.242 - - [21/Mar/2024:22:54:36 +0100] "GET /teo-jasmin-inuit-small-melamine-tray-p-37941.html HTTP/1.0" 301 82119 "-" "Mozilla/5.0 (compatible; DotBot/1.2; +https://opensiteexplorer.org/dotbot; help@moz.com)"
157.90.209.79 - - [21/Mar/2024:22:54:37 +0100] "GET /blue-perfume-diffuser-p-35888.html HTTP/1.0" 200 84363 "-" "Mozilla/5.0 (compatible; BLEXBot/1.0; +http://webmeup-crawler.com/)"
157.90.209.79 - - [21/Mar/2024:22:54:40 +0100] "GET /calavera-yellow-beauty-nail-p-29315.html HTTP/1.0" 200 84440 "-" "Mozilla/5.0 (compatible; BLEXBot/1.0; +http://webmeup-crawler.com/)"
157.90.209.79 - - [21/Mar/2024:22:54:45 +0100] "GET /blue-pocket-warmer-libre-dgivre-p-56149.html HTTP/1.0" 200 85266 "-" "Mozilla/5.0 (compatible; BLEXBot/1.0; +http://webmeup-crawler.com/)"
216.244.66.242 - - [21/Mar/2024:22:54:47 +0100] "GET /the-three-wise-monkeys-mug-by-cbkreation-p-24053.html HTTP/1.0" 301 85073 "-" "Mozilla/5.0 (compatible; DotBot/1.2; +https://opensiteexplorer.org/dotbot; help@moz.com)"
157.90.209.79 - - [21/Mar/2024:22:54:51 +0100] "GET /blue-polyester-round-chair-cushion-p-46459.html HTTP/1.0" 200 84985 "-" "Mozilla/5.0 (compatible; BLEXBot/1.0; +http://webmeup-crawler.com/)"
157.90.209.79 - - [21/Mar/2024:22:54:57 +0100] "GET /blue-polyester-round-chair-cushion-p-47037.html HTTP/1.0" 200 84987 "-" "Mozilla/5.0 (compatible; BLEXBot/1.0; +http://webmeup-crawler.com/)"
157.90.209.79 - - [21/Mar/2024:22:55:02 +0100] "GET /calendar-yoga-2019-p-45282.html HTTP/1.0" 200 85208 "-" "Mozilla/5.0 (compatible; BLEXBot/1.0; +http://webmeup-crawler.com/)"
216.244.66.242 - - [21/Mar/2024:22:55:03 +0100] "GET /20-mary-mother-of-god-aromatika-incense-sticks-p-53454.html HTTP/1.0" 301 84527 "-" "Mozilla/5.0 (compatible; DotBot/1.2; +https://opensiteexplorer.org/dotbot; help@moz.com)"
157.90.209.79 - - [21/Mar/2024:22:55:03 +0100] "GET /blue-polyester-round-chair-cushion-p-47038.html HTTP/1.0" 200 84984 "-" "Mozilla/5.0 (compatible; BLEXBot/1.0; +http://webmeup-crawler.com/)"
157.90.209.79 - - [21/Mar/2024:22:55:08 +0100] "GET /california-brown-backpack-p-37100.html HTTP/1.0" 200 84584 "-" "Mozilla/5.0 (compatible; BLEXBot/1.0; +http://webmeup-crawler.com/)"
172.191.241.137 - - [21/Mar/2024:22:55:10 +0100] "GET /images/mini_prod/8003990585269.jpg HTTP/1.0" 200 269 "-" "Mozilla/5.0 (Windows NT 10.0; Win64; x64) AppleWebKit/537.36 (KHTML, like Gecko) Chrome/103.0.0.0 Safari/537.36"
157.90.209.79 - - [21/Mar/2024:22:55:11 +0100] "GET /california-custom-glass-clock-p-55076.html HTTP/1.0" 200 84439 "-" "Mozilla/5.0 (compatible; BLEXBot/1.0; +http://webmeup-crawler.com/)"
157.90.209.79 - - [21/Mar/2024:22:55:13 +0100] "GET /blue-resin-vase-p-55590.html HTTP/1.0" 200 84813 "-" "Mozilla/5.0 (compatible; BLEXBot/1.0; +http://webmeup-crawler.com/)"
157.90.209.79 - - [21/Mar/2024:22:55:13 +0100] "GET /california-khaki-backpack-p-37099.html HTTP/1.0" 200 84594 "-" "Mozilla/5.0 (compatible; BLEXBot/1.0; +http://webmeup-crawler.com/)"
216.244.66.242 - - [21/Mar/2024:22:55:17 +0100] "GET /gorjuss-ladybird-and-hush-little-bunny-glasses-box-p-34720.html HTTP/1.0" 301 82177 "-" "Mozilla/5.0 (compatible; DotBot/1.2; +https://opensiteexplorer.org/dotbot; help@moz.com)"
157.90.209.79 - - [21/Mar/2024:22:55:23 +0100] "GET /calimero-blue-cushion-p-22185.html HTTP/1.0" 200 84402 "-" "Mozilla/5.0 (compatible; BLEXBot/1.0; +http://webmeup-crawler.com/)"
157.90.209.79 - - [21/Mar/2024:22:55:26 +0100] "GET /blue-velvet-chandelier-p-59887.html HTTP/1.0" 200 85097 "-" "Mozilla/5.0 (compatible; BLEXBot/1.0; +http://webmeup-crawler.com/)"
54.36.148.234 - - [21/Mar/2024:22:55:26 +0100] "GET /placemat-bonne-franquette-p-53599.html HTTP/1.0" 200 85076 "-" "Mozilla/5.0 (compatible; AhrefsBot/7.0; +http://ahrefs.com/robot/)"
157.90.209.79 - - [21/Mar/2024:22:55:29 +0100] "GET /calimero-cool-douce-towel-p-15484.html HTTP/1.0" 200 84302 "-" "Mozilla/5.0 (compatible; BLEXBot/1.0; +http://webmeup-crawler.com/)"
54.36.148.226 - - [21/Mar/2024:22:55:31 +0100] "GET /images/big_prod/3700281646986.jpg HTTP/1.0" 200 268 "-" "Mozilla/5.0 (compatible; AhrefsBot/7.0; +http://ahrefs.com/robot/)"
54.36.148.119 - - [21/Mar/2024:22:55:31 +0100] "GET /images/big_prod_1/3700281646986a.jpg HTTP/1.0" 200 271 "-" "Mozilla/5.0 (compatible; AhrefsBot/7.0; +http://ahrefs.com/robot/)"
157.90.209.79 - - [21/Mar/2024:22:55:30 +0100] "GET /blue-wink-panda-pocket-warmer-p-55002.html HTTP/1.0" 200 85752 "-" "Mozilla/5.0 (compatible; BLEXBot/1.0; +http://webmeup-crawler.com/)"
157.90.209.79 - - [21/Mar/2024:22:55:33 +0100] "GET /bluetooth-speaker-p-57858.html HTTP/1.0" 200 85236 "-" "Mozilla/5.0 (compatible; BLEXBot/1.0; +http://webmeup-crawler.com/)"
157.90.209.79 - - [21/Mar/2024:22:55:36 +0100] "GET /calimero-cushion-p-22186.html HTTP/1.0" 200 84373 "-" "Mozilla/5.0 (compatible; BLEXBot/1.0; +http://webmeup-crawler.com/)"
157.90.209.79 - - [21/Mar/2024:22:55:37 +0100] "GET /bluetooth-speaker-p-57859.html HTTP/1.0" 200 85236 "-" "Mozilla/5.0 (compatible; BLEXBot/1.0; +http://webmeup-crawler.com/)"
157.90.209.79 - - [21/Mar/2024:22:55:41 +0100] "GET /bobbing-hugging-knees-phosphorescent-smiski-statuette-p-55924.html HTTP/1.0" 200 85777 "-" "Mozilla/5.0 (compatible; BLEXBot/1.0; +http://webmeup-crawler.com/)"
157.90.209.79 - - [21/Mar/2024:22:55:46 +0100] "GET /bodega-bottle-stoppers-p-39485.html HTTP/1.0" 200 84269 "-" "Mozilla/5.0 (compatible; BLEXBot/1.0; +http://webmeup-crawler.com/)"
157.90.209.79 - - [21/Mar/2024:22:55:52 +0100] "GET /bodega-toothpick-display-p-53465.html HTTP/1.0" 200 84259 "-" "Mozilla/5.0 (compatible; BLEXBot/1.0; +http://webmeup-crawler.com/)"
157.90.209.79 - - [21/Mar/2024:22:55:57 +0100] "GET /body-baby-knight-p-50931.html HTTP/1.0" 200 84162 "-" "Mozilla/5.0 (compatible; BLEXBot/1.0; +http://webmeup-crawler.com/)"
157.90.209.79 - - [21/Mar/2024:22:56:01 +0100] "GET /body-talk-resin-statue-p-53532.html HTTP/1.0" 200 85259 "-" "Mozilla/5.0 (compatible; BLEXBot/1.0; +http://webmeup-crawler.com/)"
157.90.209.79 - - [21/Mar/2024:22:56:10 +0100] "GET /calimero-mousepad-p-10929.html HTTP/1.0" 200 84211 "-" "Mozilla/5.0 (compatible; BLEXBot/1.0; +http://webmeup-crawler.com/)"
157.90.209.79 - - [21/Mar/2024:22:56:14 +0100] "GET /body-talk-resin-statuette-p-55170.html HTTP/1.0" 200 85350 "-" "Mozilla/5.0 (compatible; BLEXBot/1.0; +http://webmeup-crawler.com/)"
157.90.209.79 - - [21/Mar/2024:22:56:18 +0100] "GET /calimero-pink-cushion-p-22187.html HTTP/1.0" 200 84394 "-" "Mozilla/5.0 (compatible; BLEXBot/1.0; +http://webmeup-crawler.com/)"
157.90.209.79 - - [21/Mar/2024:22:56:20 +0100] "GET /body-talk-resin-statuette-seated-p-55169.html HTTP/1.0" 200 85426 "-" "Mozilla/5.0 (compatible; BLEXBot/1.0; +http://webmeup-crawler.com/)"
157.90.209.79 - - [21/Mar/2024:22:56:24 +0100] "GET /calimro-ashtray-p-24159.html HTTP/1.0" 200 84148 "-" "Mozilla/5.0 (compatible; BLEXBot/1.0; +http://webmeup-crawler.com/)"
157.90.209.79 - - [21/Mar/2024:22:56:26 +0100] "GET /bohemian-ethnic-lirette-carpet-p-50876.html HTTP/1.0" 200 85482 "-" "Mozilla/5.0 (compatible; BLEXBot/1.0; +http://webmeup-crawler.com/)"
157.90.209.79 - - [21/Mar/2024:22:56:28 +0100] "GET /calimro-ashtray-p-24162.html HTTP/1.0" 200 84166 "-" "Mozilla/5.0 (compatible; BLEXBot/1.0; +http://webmeup-crawler.com/)"
157.90.209.79 - - [21/Mar/2024:22:56:31 +0100] "GET /boho-buffalo-head-plaid-p-42909.html HTTP/1.0" 200 84980 "-" "Mozilla/5.0 (compatible; BLEXBot/1.0; +http://webmeup-crawler.com/)"
157.90.209.79 - - [21/Mar/2024:22:56:35 +0100] "GET /boho-canvas-frame-bonheur-voyage-p-39215.html HTTP/1.0" 200 84525 "-" "Mozilla/5.0 (compatible; BLEXBot/1.0; +http://webmeup-crawler.com/)"
54.36.148.36 - - [21/Mar/2024:22:56:34 +0100] "GET /stationery-cardmaking-c-129.html?page=16 HTTP/1.0" 200 104134 "-" "Mozilla/5.0 (compatible; AhrefsBot/7.0; +http://ahrefs.com/robot/)"
157.90.209.79 - - [21/Mar/2024:22:56:36 +0100] "GET /calimro-ashtray-p-24164.html HTTP/1.0" 200 84148 "-" "Mozilla/5.0 (compatible; BLEXBot/1.0; +http://webmeup-crawler.com/)"
54.36.148.58 - - [21/Mar/2024:22:56:41 +0100] "GET /images/mini_prod/1399986101856.jpg HTTP/1.0" 200 269 "-" "Mozilla/5.0 (compatible; AhrefsBot/7.0; +http://ahrefs.com/robot/)"
54.36.148.176 - - [21/Mar/2024:22:56:41 +0100] "GET /images/mini_prod/1399986102730.jpg HTTP/1.0" 200 269 "-" "Mozilla/5.0 (compatible; AhrefsBot/7.0; +http://ahrefs.com/robot/)"
54.36.148.160 - - [21/Mar/2024:22:56:41 +0100] "GET /images/mini_prod/1399986101894.jpg HTTP/1.0" 200 269 "-" "Mozilla/5.0 (compatible; AhrefsBot/7.0; +http://ahrefs.com/robot/)"
54.36.148.86 - - [21/Mar/2024:22:56:41 +0100] "GET /images/mini_prod/1399986101023.jpg HTTP/1.0" 200 269 "-" "Mozilla/5.0 (compatible; AhrefsBot/7.0; +http://ahrefs.com/robot/)"
54.36.148.191 - - [21/Mar/2024:22:56:41 +0100] "GET /images/mini_prod/1399986101863.jpg HTTP/1.0" 200 269 "-" "Mozilla/5.0 (compatible; AhrefsBot/7.0; +http://ahrefs.com/robot/)"
54.36.149.84 - - [21/Mar/2024:22:56:41 +0100] "GET /images/mini_prod/1399986101832.jpg HTTP/1.0" 200 269 "-" "Mozilla/5.0 (compatible; AhrefsBot/7.0; +http://ahrefs.com/robot/)"
54.36.148.42 - - [21/Mar/2024:22:56:41 +0100] "GET /images/mini_prod/1384010191712.jpg HTTP/1.0" 200 269 "-" "Mozilla/5.0 (compatible; AhrefsBot/7.0; +http://ahrefs.com/robot/)"
54.36.148.244 - - [21/Mar/2024:22:56:41 +0100] "GET /images/mini_prod/1399986101917.jpg HTTP/1.0" 200 269 "-" "Mozilla/5.0 (compatible; AhrefsBot/7.0; +http://ahrefs.com/robot/)"
54.36.148.183 - - [21/Mar/2024:22:56:41 +0100] "GET /images/mini_prod/5010065036352.jpg HTTP/1.0" 200 269 "-" "Mozilla/5.0 (compatible; AhrefsBot/7.0; +http://ahrefs.com/robot/)"
54.36.149.22 - - [21/Mar/2024:22:56:41 +0100] "GET /images/mini_prod/1399986102174.jpg HTTP/1.0" 200 269 "-" "Mozilla/5.0 (compatible; AhrefsBot/7.0; +http://ahrefs.com/robot/)"
54.36.148.38 - - [21/Mar/2024:22:56:41 +0100] "GET /images/mini_prod/1399986101849.jpg HTTP/1.0" 200 269 "-" "Mozilla/5.0 (compatible; AhrefsBot/7.0; +http://ahrefs.com/robot/)"
54.36.148.201 - - [21/Mar/2024:22:56:41 +0100] "GET /images/mini_prod/1399986101887.jpg HTTP/1.0" 200 269 "-" "Mozilla/5.0 (compatible; AhrefsBot/7.0; +http://ahrefs.com/robot/)"
54.36.148.209 - - [21/Mar/2024:22:56:42 +0100] "GET /images/mini_prod/1399986101870.jpg HTTP/1.0" 200 269 "-" "Mozilla/5.0 (compatible; AhrefsBot/7.0; +http://ahrefs.com/robot/)"
54.36.149.101 - - [21/Mar/2024:22:56:42 +0100] "GET /images/mini_prod/1399986101825.jpg HTTP/1.0" 200 269 "-" "Mozilla/5.0 (compatible; AhrefsBot/7.0; +http://ahrefs.com/robot/)"
54.36.148.204 - - [21/Mar/2024:22:56:42 +0100] "GET /images/mini_prod/1399984258354.jpg HTTP/1.0" 200 269 "-" "Mozilla/5.0 (compatible; AhrefsBot/7.0; +http://ahrefs.com/robot/)"
54.36.149.26 - - [21/Mar/2024:22:56:42 +0100] "GET /images/mini_prod/1399984235621.jpg HTTP/1.0" 200 269 "-" "Mozilla/5.0 (compatible; AhrefsBot/7.0; +http://ahrefs.com/robot/)"
54.36.149.105 - - [21/Mar/2024:22:56:42 +0100] "GET /images/mini_prod/1399986100989.jpg HTTP/1.0" 200 269 "-" "Mozilla/5.0 (compatible; AhrefsBot/7.0; +http://ahrefs.com/robot/)"
157.90.209.79 - - [21/Mar/2024:22:56:40 +0100] "GET /camargua-ceramic-pitcher-p-55001.html HTTP/1.0" 200 84271 "-" "Mozilla/5.0 (compatible; BLEXBot/1.0; +http://webmeup-crawler.com/)"
157.90.209.79 - - [21/Mar/2024:22:56:40 +0100] "GET /boho-canvas-frame-dream-catcher-p-39217.html HTTP/1.0" 200 85098 "-" "Mozilla/5.0 (compatible; BLEXBot/1.0; +http://webmeup-crawler.com/)"
157.90.209.79 - - [21/Mar/2024:22:56:45 +0100] "GET /camargua-espresso-p-56488.html HTTP/1.0" 200 84274 "-" "Mozilla/5.0 (compatible; BLEXBot/1.0; +http://webmeup-crawler.com/)"
157.90.209.79 - - [21/Mar/2024:22:56:47 +0100] "GET /boho-canvas-frame-dream-love-p-41543.html HTTP/1.0" 200 84457 "-" "Mozilla/5.0 (compatible; BLEXBot/1.0; +http://webmeup-crawler.com/)"
157.90.209.79 - - [21/Mar/2024:22:56:49 +0100] "GET /camargue-potholder-p-43820.html HTTP/1.0" 200 84275 "-" "Mozilla/5.0 (compatible; BLEXBot/1.0; +http://webmeup-crawler.com/)"
157.90.209.79 - - [21/Mar/2024:22:56:53 +0100] "GET /camel-color-blanket-p-61051.html HTTP/1.0" 200 85136 "-" "Mozilla/5.0 (compatible; BLEXBot/1.0; +http://webmeup-crawler.com/)"
157.90.209.79 - - [21/Mar/2024:22:56:56 +0100] "GET /boho-canvas-frame-p-41542.html HTTP/1.0" 200 84333 "-" "Mozilla/5.0 (compatible; BLEXBot/1.0; +http://webmeup-crawler.com/)"
157.90.209.79 - - [21/Mar/2024:22:57:00 +0100] "GET /boho-canvas-frame-wild-p-39218.html HTTP/1.0" 200 85033 "-" "Mozilla/5.0 (compatible; BLEXBot/1.0; +http://webmeup-crawler.com/)"
157.90.209.79 - - [21/Mar/2024:22:57:05 +0100] "GET /boho-indian-pouch-buffalo-head-p-42920.html HTTP/1.0" 200 84460 "-" "Mozilla/5.0 (compatible; BLEXBot/1.0; +http://webmeup-crawler.com/)"
109.232.106.150 - - [21/Mar/2024:22:57:11 +0100] "GET /contact_us.php HTTP/1.0" 200 26241 "http://www.wonder-geek.com/contact_us.php" "Mozilla/5.0 (Windows NT 6.3; Win64; x64) AppleWebKit/537.36 (KHTML, like Gecko) Chrome/90.0.4430.72 Safari/537.36"
109.232.106.150 - - [21/Mar/2024:22:57:12 +0100] "POST /contact_us.php?action=send HTTP/1.0" 200 26477 "http://www.wonder-geek.com/contact_us.php" "Mozilla/5.0 (Windows NT 6.3; Win64; x64) AppleWebKit/537.36 (KHTML, like Gecko) Chrome/90.0.4430.72 Safari/537.36"
157.90.209.79 - - [21/Mar/2024:22:57:11 +0100] "GET /boho-indian-pouch-free-wild-p-42922.html HTTP/1.0" 200 84460 "-" "Mozilla/5.0 (compatible; BLEXBot/1.0; +http://webmeup-crawler.com/)"
157.90.209.79 - - [21/Mar/2024:22:57:15 +0100] "GET /boho-wooden-frame-dream-love-p-39228.html HTTP/1.0" 200 84417 "-" "Mozilla/5.0 (compatible; BLEXBot/1.0; +http://webmeup-crawler.com/)"
17.241.75.176 - - [21/Mar/2024:22:57:17 +0100] "GET /images/mini_prod/3660173235691.jpg HTTP/1.0" 200 269 "-" "Mozilla/5.0 (Macintosh; Intel Mac OS X 10_15_5) AppleWebKit/605.1.15 (KHTML, like Gecko) Version/13.1.1 Safari/605.1.15 (Applebot/0.1; +http://www.apple.com/go/applebot)"
157.90.209.79 - - [21/Mar/2024:22:57:20 +0100] "GET /bohochic-sheet-p-53474.html HTTP/1.0" 200 85193 "-" "Mozilla/5.0 (compatible; BLEXBot/1.0; +http://webmeup-crawler.com/)"
216.244.66.242 - - [21/Mar/2024:22:57:27 +0100] "GET /images/big_prod/3503420123788.jpg HTTP/1.0" 200 268 "-" "Mozilla/5.0 (compatible; DotBot/1.2; +https://opensiteexplorer.org/dotbot; help@moz.com)"
157.90.209.79 - - [21/Mar/2024:22:57:26 +0100] "GET /boire-jaune-metal-tray-p-53578.html HTTP/1.0" 200 85166 "-" "Mozilla/5.0 (compatible; BLEXBot/1.0; +http://webmeup-crawler.com/)"
157.90.209.79 - - [21/Mar/2024:22:57:27 +0100] "GET /cancer-cookware-cbkreation-p-43265.html HTTP/1.0" 200 84354 "-" "Mozilla/5.0 (compatible; BLEXBot/1.0; +http://webmeup-crawler.com/)"
157.90.209.79 - - [21/Mar/2024:22:57:30 +0100] "GET /bolster-case-apple-green-p-36586.html HTTP/1.0" 200 84541 "-" "Mozilla/5.0 (compatible; BLEXBot/1.0; +http://webmeup-crawler.com/)"
163.5.241.19 - - [21/Mar/2024:22:57:33 +0100] "GET /images/big_prod/3442440261639.jpg HTTP/1.0" 200 268 "-" "Mozilla/5.0 (iPhone; CPU iPhone OS 17_3_1 like Mac OS X) AppleWebKit/605.1.15 (KHTML, like Gecko) Version/17.3.1 Mobile/15E148 Safari/604.1"
163.5.241.28 - - [21/Mar/2024:22:57:33 +0100] "GET /images/big_prod_2/3442440261561a.jpg HTTP/1.0" 200 271 "-" "Mozilla/5.0 (iPhone; CPU iPhone OS 17_3_1 like Mac OS X) AppleWebKit/605.1.15 (KHTML, like Gecko) Version/17.3.1 Mobile/15E148 Safari/604.1"
157.55.39.200 - - [21/Mar/2024:22:57:43 +0100] "GET /images/big_prod/1384010200889.jpg HTTP/1.0" 200 268 "-" "Mozilla/5.0 AppleWebKit/537.36 (KHTML, like Gecko; compatible; bingbot/2.0; +http://www.bing.com/bingbot.htm) Chrome/116.0.1938.76 Safari/537.36"
157.90.209.79 - - [21/Mar/2024:22:57:44 +0100] "GET /bolster-case-black-p-34840.html HTTP/1.0" 200 84484 "-" "Mozilla/5.0 (compatible; BLEXBot/1.0; +http://webmeup-crawler.com/)"
157.90.209.79 - - [21/Mar/2024:22:57:49 +0100] "GET /bolster-case-blue-jean-p-41569.html HTTP/1.0" 200 84518 "-" "Mozilla/5.0 (compatible; BLEXBot/1.0; +http://webmeup-crawler.com/)"
54.36.148.184 - - [21/Mar/2024:22:57:51 +0100] "GET /wooden-hanging-tree-decoration-p-58754.html HTTP/1.0" 200 84989 "-" "Mozilla/5.0 (compatible; AhrefsBot/7.0; +http://ahrefs.com/robot/)"
157.90.209.79 - - [21/Mar/2024:22:57:53 +0100] "GET /bolster-case-brown-p-36587.html HTTP/1.0" 200 84491 "-" "Mozilla/5.0 (compatible; BLEXBot/1.0; +http://webmeup-crawler.com/)"
157.90.209.79 - - [21/Mar/2024:22:57:59 +0100] "GET /bolster-case-brown-p-55448.html HTTP/1.0" 200 85150 "-" "Mozilla/5.0 (compatible; BLEXBot/1.0; +http://webmeup-crawler.com/)"
157.90.209.79 - - [21/Mar/2024:22:58:00 +0100] "GET /candle-lighter-with-flex-neck-zippo-flexible-neck-p-61012.html HTTP/1.0" 200 85225 "-" "Mozilla/5.0 (compatible; BLEXBot/1.0; +http://webmeup-crawler.com/)"
157.90.209.79 - - [21/Mar/2024:22:58:05 +0100] "GET /bolster-case-color-p-41302.html HTTP/1.0" 200 84508 "-" "Mozilla/5.0 (compatible; BLEXBot/1.0; +http://webmeup-crawler.com/)"
157.90.209.79 - - [21/Mar/2024:22:58:07 +0100] "GET /candle-virgin-child-p-48670.html HTTP/1.0" 200 84458 "-" "Mozilla/5.0 (compatible; BLEXBot/1.0; +http://webmeup-crawler.com/)"
157.90.209.79 - - [21/Mar/2024:22:58:10 +0100] "GET /candle-virgin-child-p-48671.html HTTP/1.0" 200 84458 "-" "Mozilla/5.0 (compatible; BLEXBot/1.0; +http://webmeup-crawler.com/)"
157.90.209.79 - - [21/Mar/2024:22:58:14 +0100] "GET /candlestick-statuette-yoga-meditation-p-50861.html HTTP/1.0" 200 84446 "-" "Mozilla/5.0 (compatible; BLEXBot/1.0; +http://webmeup-crawler.com/)"
157.90.209.79 - - [21/Mar/2024:22:58:15 +0100] "GET /bolster-case-cotton-percale-threads-p-43859.html HTTP/1.0" 200 85189 "-" "Mozilla/5.0 (compatible; BLEXBot/1.0; +http://webmeup-crawler.com/)"
157.90.209.79 - - [21/Mar/2024:22:58:17 +0100] "GET /candy-alarm-clock-cbkreation-p-25003.html HTTP/1.0" 200 84373 "-" "Mozilla/5.0 (compatible; BLEXBot/1.0; +http://webmeup-crawler.com/)"
157.90.209.79 - - [21/Mar/2024:22:58:22 +0100] "GET /bolster-case-cotton-percale-threads-p-43860.html HTTP/1.0" 200 85191 "-" "Mozilla/5.0 (compatible; BLEXBot/1.0; +http://webmeup-crawler.com/)"
157.90.209.79 - - [21/Mar/2024:22:58:22 +0100] "GET /candy-alarm-clock-cbkreation-p-25004.html HTTP/1.0" 200 84371 "-" "Mozilla/5.0 (compatible; BLEXBot/1.0; +http://webmeup-crawler.com/)"
85.208.96.200 - - [21/Mar/2024:22:58:24 +0100] "GET /little-prince-flat-pouch-made-france-p-52345.html HTTP/1.0" 200 82046 "-" "Mozilla/5.0 (compatible; SemrushBot/7~bl; +http://www.semrush.com/bot.html)"
157.90.209.79 - - [21/Mar/2024:22:58:26 +0100] "GET /candy-cloud-bella-p-49873.html HTTP/1.0" 200 84593 "-" "Mozilla/5.0 (compatible; BLEXBot/1.0; +http://webmeup-crawler.com/)"
157.90.209.79 - - [21/Mar/2024:22:58:28 +0100] "GET /bolster-case-cotton-percale-threads-p-43862.html HTTP/1.0" 200 85191 "-" "Mozilla/5.0 (compatible; BLEXBot/1.0; +http://webmeup-crawler.com/)"
157.90.209.79 - - [21/Mar/2024:22:58:30 +0100] "GET /candy-cloud-compact-mirror-bella-p-49891.html HTTP/1.0" 200 85513 "-" "Mozilla/5.0 (compatible; BLEXBot/1.0; +http://webmeup-crawler.com/)"
157.90.209.79 - - [21/Mar/2024:22:58:33 +0100] "GET /bolster-case-cotton-percale-threads-p-43863.html HTTP/1.0" 200 85191 "-" "Mozilla/5.0 (compatible; BLEXBot/1.0; +http://webmeup-crawler.com/)"
157.90.209.79 - - [21/Mar/2024:22:58:34 +0100] "GET /candy-cloud-compact-mirror-daisy-p-49894.html HTTP/1.0" 200 85505 "-" "Mozilla/5.0 (compatible; BLEXBot/1.0; +http://webmeup-crawler.com/)"
157.90.209.79 - - [21/Mar/2024:22:58:38 +0100] "GET /candy-cloud-compact-mirror-dasha-p-49892.html HTTP/1.0" 200 85489 "-" "Mozilla/5.0 (compatible; BLEXBot/1.0; +http://webmeup-crawler.com/)"
157.90.209.79 - - [21/Mar/2024:22:58:38 +0100] "GET /bolster-case-green-blue-p-43618.html HTTP/1.0" 200 84491 "-" "Mozilla/5.0 (compatible; BLEXBot/1.0; +http://webmeup-crawler.com/)"
157.90.209.79 - - [21/Mar/2024:22:58:43 +0100] "GET /candy-cloud-compact-mirror-jazzy-p-49893.html HTTP/1.0" 200 85505 "-" "Mozilla/5.0 (compatible; BLEXBot/1.0; +http://webmeup-crawler.com/)"
157.90.209.79 - - [21/Mar/2024:22:58:44 +0100] "GET /bolster-case-grey-p-34838.html HTTP/1.0" 200 84477 "-" "Mozilla/5.0 (compatible; BLEXBot/1.0; +http://webmeup-crawler.com/)"
157.90.209.79 - - [21/Mar/2024:22:58:46 +0100] "GET /candy-cloud-hair-brush-bella-p-49780.html HTTP/1.0" 200 84315 "-" "Mozilla/5.0 (compatible; BLEXBot/1.0; +http://webmeup-crawler.com/)"
157.90.209.79 - - [21/Mar/2024:22:58:50 +0100] "GET /candy-cloud-hair-brush-bubblegum-p-49779.html HTTP/1.0" 200 84333 "-" "Mozilla/5.0 (compatible; BLEXBot/1.0; +http://webmeup-crawler.com/)"
157.90.209.79 - - [21/Mar/2024:22:58:50 +0100] "GET /bolster-case-grey-p-36588.html HTTP/1.0" 200 84483 "-" "Mozilla/5.0 (compatible; BLEXBot/1.0; +http://webmeup-crawler.com/)"
157.90.209.79 - - [21/Mar/2024:22:58:54 +0100] "GET /candy-cloud-hair-brush-daisy-p-49777.html HTTP/1.0" 200 84313 "-" "Mozilla/5.0 (compatible; BLEXBot/1.0; +http://webmeup-crawler.com/)"
157.90.209.79 - - [21/Mar/2024:22:58:54 +0100] "GET /bolster-case-light-grey-p-35967.html HTTP/1.0" 200 84525 "-" "Mozilla/5.0 (compatible; BLEXBot/1.0; +http://webmeup-crawler.com/)"
157.90.209.79 - - [21/Mar/2024:22:58:59 +0100] "GET /candy-cloud-hair-brush-dasha-p-49778.html HTTP/1.0" 200 84313 "-" "Mozilla/5.0 (compatible; BLEXBot/1.0; +http://webmeup-crawler.com/)"
157.90.209.79 - - [21/Mar/2024:22:59:01 +0100] "GET /bolster-case-p-36450.html HTTP/1.0" 200 84460 "-" "Mozilla/5.0 (compatible; BLEXBot/1.0; +http://webmeup-crawler.com/)"
157.90.209.79 - - [21/Mar/2024:22:59:04 +0100] "GET /candy-cloud-hair-brush-stardust-p-46651.html HTTP/1.0" 200 84949 "-" "Mozilla/5.0 (compatible; BLEXBot/1.0; +http://webmeup-crawler.com/)"
157.90.209.79 - - [21/Mar/2024:22:59:06 +0100] "GET /bolster-case-pink-p-33867.html HTTP/1.0" 200 85097 "-" "Mozilla/5.0 (compatible; BLEXBot/1.0; +http://webmeup-crawler.com/)"
54.36.148.130 - - [21/Mar/2024:22:59:06 +0100] "GET /shirts-sweatshirts-women-c-53_55.html?page=1 HTTP/1.0" 200 104005 "-" "Mozilla/5.0 (compatible; AhrefsBot/7.0; +http://ahrefs.com/robot/)"
157.90.209.79 - - [21/Mar/2024:22:59:09 +0100] "GET /candy-cloud-notepad-bella-p-49834.html HTTP/1.0" 200 84294 "-" "Mozilla/5.0 (compatible; BLEXBot/1.0; +http://webmeup-crawler.com/)"
157.90.209.79 - - [21/Mar/2024:22:59:10 +0100] "GET /bolster-case-raspberry-p-39029.html HTTP/1.0" 200 84528 "-" "Mozilla/5.0 (compatible; BLEXBot/1.0; +http://webmeup-crawler.com/)"
157.90.209.79 - - [21/Mar/2024:22:59:11 +0100] "GET /candy-cloud-notepad-bella-p-49841.html HTTP/1.0" 200 84305 "-" "Mozilla/5.0 (compatible; BLEXBot/1.0; +http://webmeup-crawler.com/)"
157.90.209.79 - - [21/Mar/2024:22:59:15 +0100] "GET /bolster-case-white-p-46742.html HTTP/1.0" 200 85106 "-" "Mozilla/5.0 (compatible; BLEXBot/1.0; +http://webmeup-crawler.com/)"
157.90.209.79 - - [21/Mar/2024:22:59:16 +0100] "GET /candy-cloud-notepad-bubblegum-p-49835.html HTTP/1.0" 200 84316 "-" "Mozilla/5.0 (compatible; BLEXBot/1.0; +http://webmeup-crawler.com/)"
157.90.209.79 - - [21/Mar/2024:22:59:21 +0100] "GET /candy-cloud-notepad-candy-p-49833.html HTTP/1.0" 200 84296 "-" "Mozilla/5.0 (compatible; BLEXBot/1.0; +http://webmeup-crawler.com/)"
157.90.209.79 - - [21/Mar/2024:22:59:26 +0100] "GET /candy-cloud-notepad-candy-p-49840.html HTTP/1.0" 200 84305 "-" "Mozilla/5.0 (compatible; BLEXBot/1.0; +http://webmeup-crawler.com/)"
157.90.209.79 - - [21/Mar/2024:22:59:30 +0100] "GET /candy-cloud-notepad-daisy-p-49836.html HTTP/1.0" 200 84294 "-" "Mozilla/5.0 (compatible; BLEXBot/1.0; +http://webmeup-crawler.com/)"
157.90.209.79 - - [21/Mar/2024:22:59:33 +0100] "GET /candy-cloud-notepad-daisy-p-49842.html HTTP/1.0" 200 84305 "-" "Mozilla/5.0 (compatible; BLEXBot/1.0; +http://webmeup-crawler.com/)"
157.90.209.79 - - [21/Mar/2024:22:59:36 +0100] "GET /candy-cloud-notepad-dasha-p-49837.html HTTP/1.0" 200 84296 "-" "Mozilla/5.0 (compatible; BLEXBot/1.0; +http://webmeup-crawler.com/)"
157.90.209.79 - - [21/Mar/2024:22:59:42 +0100] "GET /candy-cloud-notepad-dasha-p-49838.html HTTP/1.0" 200 84305 "-" "Mozilla/5.0 (compatible; BLEXBot/1.0; +http://webmeup-crawler.com/)"
157.90.209.79 - - [21/Mar/2024:22:59:46 +0100] "GET /candy-cloud-notepad-jazzy-p-49832.html HTTP/1.0" 200 84296 "-" "Mozilla/5.0 (compatible; BLEXBot/1.0; +http://webmeup-crawler.com/)"
157.90.209.79 - - [21/Mar/2024:22:59:50 +0100] "GET /candy-cloud-notepad-jazzy-p-49839.html HTTP/1.0" 200 84305 "-" "Mozilla/5.0 (compatible; BLEXBot/1.0; +http://webmeup-crawler.com/)"
157.90.209.79 - - [21/Mar/2024:22:59:54 +0100] "GET /candy-cloud-unicorn-dasha-p-49788.html HTTP/1.0" 200 84835 "-" "Mozilla/5.0 (compatible; BLEXBot/1.0; +http://webmeup-crawler.com/)"
157.90.209.79 - - [21/Mar/2024:22:59:57 +0100] "GET /canvas-frame-p-56137.html HTTP/1.0" 200 85053 "-" "Mozilla/5.0 (compatible; BLEXBot/1.0; +http://webmeup-crawler.com/)"
213.180.203.54 - - [21/Mar/2024:23:00:00 +0100] "GET /robots.txt HTTP/1.0" 200 245 "-" "Mozilla/5.0 (compatible; YandexBot/3.0; +http://yandex.com/bots)"
5.255.231.51 - - [21/Mar/2024:23:00:00 +0100] "GET /images/big_prod/4029811343805.jpg HTTP/1.0" 200 268 "-" "Mozilla/5.0 (compatible; YandexImages/3.0; +http://yandex.com/bots)"
157.90.209.79 - - [21/Mar/2024:23:00:02 +0100] "GET /capricorn-cookware-cbkreation-p-43268.html HTTP/1.0" 200 84378 "-" "Mozilla/5.0 (compatible; BLEXBot/1.0; +http://webmeup-crawler.com/)"
157.90.209.79 - - [21/Mar/2024:23:00:19 +0100] "GET /caramel-toiletry-constellation-p-55648.html HTTP/1.0" 200 85282 "-" "Mozilla/5.0 (compatible; BLEXBot/1.0; +http://webmeup-crawler.com/)"
54.36.149.26 - - [21/Mar/2024:23:00:23 +0100] "GET /frankie-stein-figure-p-22565.html HTTP/1.0" 200 84319 "-" "Mozilla/5.0 (compatible; AhrefsBot/7.0; +http://ahrefs.com/robot/)"
157.90.209.79 - - [21/Mar/2024:23:00:25 +0100] "GET /card-holder-eagle-p-46437.html HTTP/1.0" 200 85019 "-" "Mozilla/5.0 (compatible; BLEXBot/1.0; +http://webmeup-crawler.com/)"
54.36.148.217 - - [21/Mar/2024:23:00:28 +0100] "GET /images/8412906996714.jpg HTTP/1.0" 200 259 "-" "Mozilla/5.0 (compatible; AhrefsBot/7.0; +http://ahrefs.com/robot/)"
157.90.209.79 - - [21/Mar/2024:23:00:29 +0100] "GET /card-holder-york-motor-p-46438.html HTTP/1.0" 200 85101 "-" "Mozilla/5.0 (compatible; BLEXBot/1.0; +http://webmeup-crawler.com/)"
157.90.209.79 - - [21/Mar/2024:23:00:32 +0100] "GET /caribea-sheet-p-51590.html HTTP/1.0" 200 85181 "-" "Mozilla/5.0 (compatible; BLEXBot/1.0; +http://webmeup-crawler.com/)"
157.90.209.79 - - [21/Mar/2024:23:00:37 +0100] "GET /carlin-british-mouse-cbkreation-p-20740.html HTTP/1.0" 200 84347 "-" "Mozilla/5.0 (compatible; BLEXBot/1.0; +http://webmeup-crawler.com/)"
157.90.209.79 - - [21/Mar/2024:23:00:41 +0100] "GET /carlin-pink-woven-cool-lunch-p-34158.html HTTP/1.0" 200 84402 "-" "Mozilla/5.0 (compatible; BLEXBot/1.0; +http://webmeup-crawler.com/)"
157.90.209.79 - - [21/Mar/2024:23:00:46 +0100] "GET /carpet-ethnic-berry-p-58167.html HTTP/1.0" 200 85266 "-" "Mozilla/5.0 (compatible; BLEXBot/1.0; +http://webmeup-crawler.com/)"
157.90.209.79 - - [21/Mar/2024:23:00:50 +0100] "GET /carpet-ethnic-berry-p-58168.html HTTP/1.0" 200 85266 "-" "Mozilla/5.0 (compatible; BLEXBot/1.0; +http://webmeup-crawler.com/)"
157.90.209.79 - - [21/Mar/2024:23:00:55 +0100] "GET /carpet-ethnic-berry-p-58169.html HTTP/1.0" 200 85266 "-" "Mozilla/5.0 (compatible; BLEXBot/1.0; +http://webmeup-crawler.com/)"
140.221.69.42 - - [21/Mar/2024:23:00:56 +0100] "GET /images/big_prod_1/8422092340062B.jpg HTTP/1.0" 200 271 "-" "Mozilla/5.0 (X11; Ubuntu; Linux x86_64; rv:72.0) Gecko/20100101 Firefox/72.0"
157.90.209.79 - - [21/Mar/2024:23:00:59 +0100] "GET /carpet-ethnic-berry-p-58170.html HTTP/1.0" 200 85266 "-" "Mozilla/5.0 (compatible; BLEXBot/1.0; +http://webmeup-crawler.com/)"
157.90.209.79 - - [21/Mar/2024:23:01:04 +0100] "GET /carpet-ethnic-berry-p-58171.html HTTP/1.0" 200 85266 "-" "Mozilla/5.0 (compatible; BLEXBot/1.0; +http://webmeup-crawler.com/)"
157.90.209.79 - - [21/Mar/2024:23:01:09 +0100] "GET /carpet-ethnic-berry-p-58172.html HTTP/1.0" 200 85266 "-" "Mozilla/5.0 (compatible; BLEXBot/1.0; +http://webmeup-crawler.com/)"
157.90.209.79 - - [21/Mar/2024:23:01:13 +0100] "GET /carpet-ethnic-berry-p-58173.html HTTP/1.0" 200 85266 "-" "Mozilla/5.0 (compatible; BLEXBot/1.0; +http://webmeup-crawler.com/)"
157.90.209.79 - - [21/Mar/2024:23:01:20 +0100] "GET /carpet-ethnic-berry-p-58174.html HTTP/1.0" 200 85266 "-" "Mozilla/5.0 (compatible; BLEXBot/1.0; +http://webmeup-crawler.com/)"
17.241.219.181 - - [21/Mar/2024:23:01:22 +0100] "GET /images/mini_prod/3453131113557.jpg HTTP/1.0" 200 269 "-" "Mozilla/5.0 (Macintosh; Intel Mac OS X 10_15_5) AppleWebKit/605.1.15 (KHTML, like Gecko) Version/13.1.1 Safari/605.1.15 (Applebot/0.1; +http://www.apple.com/go/applebot)"
157.90.209.79 - - [21/Mar/2024:23:01:24 +0100] "GET /carpet-ethnic-boho-p-55445.html HTTP/1.0" 200 85254 "-" "Mozilla/5.0 (compatible; BLEXBot/1.0; +http://webmeup-crawler.com/)"
157.90.209.79 - - [21/Mar/2024:23:01:28 +0100] "GET /carpet-mandala-p-42038.html HTTP/1.0" 200 85590 "-" "Mozilla/5.0 (compatible; BLEXBot/1.0; +http://webmeup-crawler.com/)"
157.90.209.79 - - [21/Mar/2024:23:01:31 +0100] "GET /cars-backpack-p-10771.html HTTP/1.0" 200 84416 "-" "Mozilla/5.0 (compatible; BLEXBot/1.0; +http://webmeup-crawler.com/)"
52.167.144.20 - - [21/Mar/2024:23:01:33 +0100] "GET /flower-power-cbkreation-p-14676.html HTTP/1.0" 301 81961 "-" "Mozilla/5.0 AppleWebKit/537.36 (KHTML, like Gecko; compatible; bingbot/2.0; +http://www.bing.com/bingbot.htm) Chrome/116.0.1938.76 Safari/537.36"
54.36.149.29 - - [21/Mar/2024:23:01:34 +0100] "GET /bowls-c-12_60.html?page=8 HTTP/1.0" 200 95313 "-" "Mozilla/5.0 (compatible; AhrefsBot/7.0; +http://ahrefs.com/robot/)"
54.36.148.48 - - [21/Mar/2024:23:01:39 +0100] "GET /images/mini_prod/4250255859847.jpg HTTP/1.0" 200 269 "-" "Mozilla/5.0 (compatible; AhrefsBot/7.0; +http://ahrefs.com/robot/)"
54.36.149.23 - - [21/Mar/2024:23:01:39 +0100] "GET /images/mini_prod/4250255859311.jpg HTTP/1.0" 200 269 "-" "Mozilla/5.0 (compatible; AhrefsBot/7.0; +http://ahrefs.com/robot/)"
54.36.148.112 - - [21/Mar/2024:23:01:39 +0100] "GET /images/mini_prod/4250255859298.jpg HTTP/1.0" 200 269 "-" "Mozilla/5.0 (compatible; AhrefsBot/7.0; +http://ahrefs.com/robot/)"
54.36.148.24 - - [21/Mar/2024:23:01:39 +0100] "GET /images/mini_prod/4250255859328.jpg HTTP/1.0" 200 269 "-" "Mozilla/5.0 (compatible; AhrefsBot/7.0; +http://ahrefs.com/robot/)"
54.36.148.77 - - [21/Mar/2024:23:01:39 +0100] "GET /images/mini_prod/4250255859984.jpg HTTP/1.0" 200 269 "-" "Mozilla/5.0 (compatible; AhrefsBot/7.0; +http://ahrefs.com/robot/)"
54.36.148.2 - - [21/Mar/2024:23:01:39 +0100] "GET /images/mini_prod/4250255859304.jpg HTTP/1.0" 200 269 "-" "Mozilla/5.0 (compatible; AhrefsBot/7.0; +http://ahrefs.com/robot/)"
52.167.144.20 - - [21/Mar/2024:23:01:36 +0100] "GET /accessories-mobiles-c-3_17.html?page=6 HTTP/1.0" 200 100000 "-" "Mozilla/5.0 AppleWebKit/537.36 (KHTML, like Gecko; compatible; bingbot/2.0; +http://www.bing.com/bingbot.htm) Chrome/116.0.1938.76 Safari/537.36"
157.90.209.79 - - [21/Mar/2024:23:01:37 +0100] "GET /cars-backpack-p-10775.html HTTP/1.0" 200 84391 "-" "Mozilla/5.0 (compatible; BLEXBot/1.0; +http://webmeup-crawler.com/)"
52.167.144.20 - - [21/Mar/2024:23:01:39 +0100] "GET /girls-c-1.html HTTP/1.0" 200 103123 "-" "Mozilla/5.0 AppleWebKit/537.36 (KHTML, like Gecko; compatible; bingbot/2.0; +http://www.bing.com/bingbot.htm) Chrome/116.0.1938.76 Safari/537.36"
157.90.209.79 - - [21/Mar/2024:23:01:41 +0100] "GET /cars-backpack-p-10776.html HTTP/1.0" 200 84383 "-" "Mozilla/5.0 (compatible; BLEXBot/1.0; +http://webmeup-crawler.com/)"
157.90.209.79 - - [21/Mar/2024:23:01:47 +0100] "GET /cars-backpack-p-10777.html HTTP/1.0" 200 84425 "-" "Mozilla/5.0 (compatible; BLEXBot/1.0; +http://webmeup-crawler.com/)"
157.90.209.79 - - [21/Mar/2024:23:01:51 +0100] "GET /cars-backpack-p-13339.html HTTP/1.0" 200 84570 "-" "Mozilla/5.0 (compatible; BLEXBot/1.0; +http://webmeup-crawler.com/)"
157.90.209.79 - - [21/Mar/2024:23:01:54 +0100] "GET /cars-ball-filled-p-11526.html HTTP/1.0" 200 84646 "-" "Mozilla/5.0 (compatible; BLEXBot/1.0; +http://webmeup-crawler.com/)"
157.90.209.79 - - [21/Mar/2024:23:01:58 +0100] "GET /cars-mattress-swimming-pool-p-19984.html HTTP/1.0" 200 84683 "-" "Mozilla/5.0 (compatible; BLEXBot/1.0; +http://webmeup-crawler.com/)"
157.90.209.79 - - [21/Mar/2024:23:02:09 +0100] "GET /cars-melamine-bowl-p-20355.html HTTP/1.0" 200 84904 "-" "Mozilla/5.0 (compatible; BLEXBot/1.0; +http://webmeup-crawler.com/)"
157.90.209.79 - - [21/Mar/2024:23:02:19 +0100] "GET /cars-metal-pencil-p-516.html HTTP/1.0" 200 85008 "-" "Mozilla/5.0 (compatible; BLEXBot/1.0; +http://webmeup-crawler.com/)"
157.90.209.79 - - [21/Mar/2024:23:02:24 +0100] "GET /cars-swimming-ring-p-19973.html HTTP/1.0" 200 84333 "-" "Mozilla/5.0 (compatible; BLEXBot/1.0; +http://webmeup-crawler.com/)"
157.90.209.79 - - [21/Mar/2024:23:02:29 +0100] "GET /cars-toddler-flatware-p-20357.html HTTP/1.0" 200 84822 "-" "Mozilla/5.0 (compatible; BLEXBot/1.0; +http://webmeup-crawler.com/)"
157.90.209.79 - - [21/Mar/2024:23:02:33 +0100] "GET /cars-training-bottle-p-20356.html HTTP/1.0" 200 84842 "-" "Mozilla/5.0 (compatible; BLEXBot/1.0; +http://webmeup-crawler.com/)"
157.90.209.79 - - [21/Mar/2024:23:02:38 +0100] "GET /cats-bedclothes-p-59465.html HTTP/1.0" 200 84965 "-" "Mozilla/5.0 (compatible; BLEXBot/1.0; +http://webmeup-crawler.com/)"
157.90.209.79 - - [21/Mar/2024:23:02:41 +0100] "GET /cats-dubout-figurine-belle-p-33337.html HTTP/1.0" 200 85607 "-" "Mozilla/5.0 (compatible; BLEXBot/1.0; +http://webmeup-crawler.com/)"
157.90.209.79 - - [21/Mar/2024:23:02:46 +0100] "GET /cats-dubout-figurine-chic-white-p-44149.html HTTP/1.0" 200 85428 "-" "Mozilla/5.0 (compatible; BLEXBot/1.0; +http://webmeup-crawler.com/)"
157.90.209.79 - - [21/Mar/2024:23:02:49 +0100] "GET /cats-dubout-figurine-cute-black-p-40345.html HTTP/1.0" 200 85770 "-" "Mozilla/5.0 (compatible; BLEXBot/1.0; +http://webmeup-crawler.com/)"
157.90.209.79 - - [21/Mar/2024:23:02:55 +0100] "GET /cats-dubout-figurine-cute-white-p-40346.html HTTP/1.0" 200 85453 "-" "Mozilla/5.0 (compatible; BLEXBot/1.0; +http://webmeup-crawler.com/)"
54.36.149.70 - - [21/Mar/2024:23:02:55 +0100] "GET /stationery-cardmaking-c-129.html?page=14 HTTP/1.0" 200 104342 "-" "Mozilla/5.0 (compatible; AhrefsBot/7.0; +http://ahrefs.com/robot/)"
54.36.149.22 - - [21/Mar/2024:23:02:59 +0100] "GET /images/mini_prod/1399984235836.jpg HTTP/1.0" 200 269 "-" "Mozilla/5.0 (compatible; AhrefsBot/7.0; +http://ahrefs.com/robot/)"
54.36.149.15 - - [21/Mar/2024:23:02:59 +0100] "GET /images/mini_prod/7601019993166.jpg HTTP/1.0" 200 269 "-" "Mozilla/5.0 (compatible; AhrefsBot/7.0; +http://ahrefs.com/robot/)"
54.36.149.8 - - [21/Mar/2024:23:02:59 +0100] "GET /images/mini_prod/7601019990097.jpg HTTP/1.0" 200 269 "-" "Mozilla/5.0 (compatible; AhrefsBot/7.0; +http://ahrefs.com/robot/)"
54.36.148.175 - - [21/Mar/2024:23:02:59 +0100] "GET /images/mini_prod/1399984235829.jpg HTTP/1.0" 200 269 "-" "Mozilla/5.0 (compatible; AhrefsBot/7.0; +http://ahrefs.com/robot/)"
54.36.149.63 - - [21/Mar/2024:23:02:59 +0100] "GET /images/mini_prod/7601019990516.jpg HTTP/1.0" 200 269 "-" "Mozilla/5.0 (compatible; AhrefsBot/7.0; +http://ahrefs.com/robot/)"
54.36.148.1 - - [21/Mar/2024:23:03:00 +0100] "GET /images/mini_prod/7601019990530.jpg HTTP/1.0" 200 269 "-" "Mozilla/5.0 (compatible; AhrefsBot/7.0; +http://ahrefs.com/robot/)"
54.36.148.229 - - [21/Mar/2024:23:03:00 +0100] "GET /images/mini_prod/7601019994484.jpg HTTP/1.0" 200 269 "-" "Mozilla/5.0 (compatible; AhrefsBot/7.0; +http://ahrefs.com/robot/)"
157.90.209.79 - - [21/Mar/2024:23:02:59 +0100] "GET /cats-dubout-figurine-cutie-p-32704.html HTTP/1.0" 200 85561 "-" "Mozilla/5.0 (compatible; BLEXBot/1.0; +http://webmeup-crawler.com/)"
51.68.224.127 - - [21/Mar/2024:23:03:02 +0100] "GET /adminweb/export_orders_xml.php?token=256de2z6edz6ed2z6DFSFsed2zed6zeDSFDSGdzedezfzf&maxorders=10&orderstart=1&status=14&start_date=2018-10-01 HTTP/1.0" 200 285 "-" "GesCom CharlotteBoutik Serveur"
51.68.224.127 - - [21/Mar/2024:23:03:02 +0100] "GET /adminweb/export_orders_xml.php?token=256de2z6edz6ed2z6DFSFsed2zed6zeDSFDSGdzedezfzf&maxorders=10&orderstart=1&status=6&start_date=2018-10-01 HTTP/1.0" 200 34517 "-" "GesCom CharlotteBoutik Serveur"
157.90.209.79 - - [21/Mar/2024:23:03:03 +0100] "GET /cats-dubout-figurine-grooming-time-p-32712.html HTTP/1.0" 200 84815 "-" "Mozilla/5.0 (compatible; BLEXBot/1.0; +http://webmeup-crawler.com/)"
157.90.209.79 - - [21/Mar/2024:23:03:12 +0100] "GET /cats-dubout-figurine-happy-days-extra-black-p-33341.html HTTP/1.0" 200 84947 "-" "Mozilla/5.0 (compatible; BLEXBot/1.0; +http://webmeup-crawler.com/)"
157.90.209.79 - - [21/Mar/2024:23:03:17 +0100] "GET /cats-dubout-figurine-hunt-p-52022.html HTTP/1.0" 200 85600 "-" "Mozilla/5.0 (compatible; BLEXBot/1.0; +http://webmeup-crawler.com/)"
157.90.209.79 - - [21/Mar/2024:23:03:21 +0100] "GET /cats-dubout-figurine-kitty-wash-p-32713.html HTTP/1.0" 200 85386 "-" "Mozilla/5.0 (compatible; BLEXBot/1.0; +http://webmeup-crawler.com/)"
157.90.209.79 - - [21/Mar/2024:23:03:27 +0100] "GET /cats-dubout-figurine-little-miss-precious-p-43191.html HTTP/1.0" 200 84856 "-" "Mozilla/5.0 (compatible; BLEXBot/1.0; +http://webmeup-crawler.com/)"
157.90.209.79 - - [21/Mar/2024:23:03:32 +0100] "GET /cats-dubout-figurine-mice-p-40347.html HTTP/1.0" 200 84801 "-" "Mozilla/5.0 (compatible; BLEXBot/1.0; +http://webmeup-crawler.com/)"
17.241.75.132 - - [21/Mar/2024:23:03:38 +0100] "GET /images/mini_prod/8422048840813N.jpg HTTP/1.0" 200 270 "-" "Mozilla/5.0 (Macintosh; Intel Mac OS X 10_15_5) AppleWebKit/605.1.15 (KHTML, like Gecko) Version/13.1.1 Safari/605.1.15 (Applebot/0.1; +http://www.apple.com/go/applebot)"
157.90.209.79 - - [21/Mar/2024:23:03:36 +0100] "GET /cats-dubout-figurine-nonchalant-p-50669.html HTTP/1.0" 200 85428 "-" "Mozilla/5.0 (compatible; BLEXBot/1.0; +http://webmeup-crawler.com/)"
157.90.209.79 - - [21/Mar/2024:23:03:42 +0100] "GET /cats-dubout-figurine-p-33745.html HTTP/1.0" 200 85365 "-" "Mozilla/5.0 (compatible; BLEXBot/1.0; +http://webmeup-crawler.com/)"
157.90.209.79 - - [21/Mar/2024:23:03:46 +0100] "GET /cats-dubout-figurine-poor-p-35264.html HTTP/1.0" 200 85373 "-" "Mozilla/5.0 (compatible; BLEXBot/1.0; +http://webmeup-crawler.com/)"
157.90.209.79 - - [21/Mar/2024:23:03:50 +0100] "GET /cats-dubout-figurine-siesta-p-33345.html HTTP/1.0" 200 84745 "-" "Mozilla/5.0 (compatible; BLEXBot/1.0; +http://webmeup-crawler.com/)"
157.90.209.79 - - [21/Mar/2024:23:03:53 +0100] "GET /cats-dubout-figurine-third-p-32711.html HTTP/1.0" 200 86787 "-" "Mozilla/5.0 (compatible; BLEXBot/1.0; +http://webmeup-crawler.com/)"
157.90.209.79 - - [21/Mar/2024:23:04:01 +0100] "GET /cats-dubout-figurine-what-dinner-p-32708.html HTTP/1.0" 200 86827 "-" "Mozilla/5.0 (compatible; BLEXBot/1.0; +http://webmeup-crawler.com/)"
157.90.209.79 - - [21/Mar/2024:23:04:05 +0100] "GET /cats-dubout-figurine-what-dinner-p-44148.html HTTP/1.0" 200 85502 "-" "Mozilla/5.0 (compatible; BLEXBot/1.0; +http://webmeup-crawler.com/)"
54.36.148.11 - - [21/Mar/2024:23:04:13 +0100] "GET /metal-push-ashtray-ceramic-tiles-p-59943.html HTTP/1.0" 200 84914 "-" "Mozilla/5.0 (compatible; AhrefsBot/7.0; +http://ahrefs.com/robot/)"
157.90.209.79 - - [21/Mar/2024:23:04:14 +0100] "GET /cats-dubout-metal-plate-p-30397.html HTTP/1.0" 200 84350 "-" "Mozilla/5.0 (compatible; BLEXBot/1.0; +http://webmeup-crawler.com/)"
157.90.209.79 - - [21/Mar/2024:23:04:19 +0100] "GET /cats-dubout-photo-frame-threesome-p-36716.html HTTP/1.0" 200 85409 "-" "Mozilla/5.0 (compatible; BLEXBot/1.0; +http://webmeup-crawler.com/)"
157.90.209.79 - - [21/Mar/2024:23:04:22 +0100] "GET /cats-dubout-sugar-p-26840.html HTTP/1.0" 200 84391 "-" "Mozilla/5.0 (compatible; BLEXBot/1.0; +http://webmeup-crawler.com/)"
157.90.209.79 - - [21/Mar/2024:23:04:28 +0100] "GET /cats-dubout-vase-alignement-p-33751.html HTTP/1.0" 200 85367 "-" "Mozilla/5.0 (compatible; BLEXBot/1.0; +http://webmeup-crawler.com/)"
157.90.209.79 - - [21/Mar/2024:23:04:31 +0100] "GET /cats-dubout-vase-gros-dodo-p-33750.html HTTP/1.0" 200 85316 "-" "Mozilla/5.0 (compatible; BLEXBot/1.0; +http://webmeup-crawler.com/)"
157.90.209.79 - - [21/Mar/2024:23:04:34 +0100] "GET /cats-dubout-vase-p-33350.html HTTP/1.0" 200 85202 "-" "Mozilla/5.0 (compatible; BLEXBot/1.0; +http://webmeup-crawler.com/)"
157.90.209.79 - - [21/Mar/2024:23:04:40 +0100] "GET /cats-dubout-vase-p-33351.html HTTP/1.0" 200 85202 "-" "Mozilla/5.0 (compatible; BLEXBot/1.0; +http://webmeup-crawler.com/)"
157.90.209.79 - - [21/Mar/2024:23:04:45 +0100] "GET /cats-dubout-vase-soliflore-gros-dodo-p-35860.html HTTP/1.0" 200 85649 "-" "Mozilla/5.0 (compatible; BLEXBot/1.0; +http://webmeup-crawler.com/)"
157.90.209.79 - - [21/Mar/2024:23:04:49 +0100] "GET /cats-espresso-p-45721.html HTTP/1.0" 200 84199 "-" "Mozilla/5.0 (compatible; BLEXBot/1.0; +http://webmeup-crawler.com/)"
114.119.152.47 - - [21/Mar/2024:23:04:53 +0100] "GET /warning-genius-work-metal-plate-deco-p-36129.html HTTP/1.0" 200 84379 "http://www.wonder-geek.com/mtal-signs-c-13_130.html?page=6" "Mozilla/5.0 (Linux; Android 7.0;) AppleWebKit/537.36 (KHTML, like Gecko) Mobile Safari/537.36 (compatible; PetalBot;+https://webmaster.petalsearch.com/site/petalbot)"
157.90.209.79 - - [21/Mar/2024:23:04:54 +0100] "GET /cats-shower-curtain-p-57891.html HTTP/1.0" 200 84950 "-" "Mozilla/5.0 (compatible; BLEXBot/1.0; +http://webmeup-crawler.com/)"
157.90.209.79 - - [21/Mar/2024:23:04:57 +0100] "GET /cats-shower-curtain-p-60517.html HTTP/1.0" 200 84333 "-" "Mozilla/5.0 (compatible; BLEXBot/1.0; +http://webmeup-crawler.com/)"
52.167.144.235 - - [21/Mar/2024:23:05:04 +0100] "GET /images/mini_prod/5018997628232.jpg HTTP/1.0" 404 1308 "-" "Mozilla/5.0 AppleWebKit/537.36 (KHTML, like Gecko; compatible; bingbot/2.0; +http://www.bing.com/bingbot.htm) Chrome/116.0.1938.76 Safari/537.36"
54.36.148.250 - - [21/Mar/2024:23:05:28 +0100] "GET /kitchen-towel-sweet-little-bird-p-58544.html HTTP/1.0" 200 85606 "-" "Mozilla/5.0 (compatible; AhrefsBot/7.0; +http://ahrefs.com/robot/)"
157.90.209.79 - - [21/Mar/2024:23:05:32 +0100] "GET /cbkreation-training-bottle-p-24335.html HTTP/1.0" 200 84548 "-" "Mozilla/5.0 (compatible; BLEXBot/1.0; +http://webmeup-crawler.com/)"
157.90.209.79 - - [21/Mar/2024:23:05:55 +0100] "GET /cccp-alarm-clock-cbkreation-p-25010.html HTTP/1.0" 200 84347 "-" "Mozilla/5.0 (compatible; BLEXBot/1.0; +http://webmeup-crawler.com/)"
185.191.171.12 - - [21/Mar/2024:23:05:55 +0100] "GET /fine-bone-china-robin-wreath-p-60480.html HTTP/1.0" 200 85284 "-" "Mozilla/5.0 (compatible; SemrushBot/7~bl; +http://www.semrush.com/bot.html)"
172.191.241.137 - - [21/Mar/2024:23:06:06 +0100] "GET /images/mini_prod/3503420051630.jpg HTTP/1.0" 200 269 "-" "Mozilla/5.0 (Windows NT 10.0; Win64; x64) AppleWebKit/537.36 (KHTML, like Gecko) Chrome/103.0.0.0 Safari/537.36"
157.90.209.79 - - [21/Mar/2024:23:06:08 +0100] "GET /cccp-logo-adult-cbkration-p-36533.html HTTP/1.0" 200 84381 "-" "Mozilla/5.0 (compatible; BLEXBot/1.0; +http://webmeup-crawler.com/)"
66.249.66.206 - - [21/Mar/2024:23:06:13 +0100] "GET /glasses-drinking-c-12_62.html HTTP/1.0" 200 101779 "-" "Mozilla/5.0 (Linux; Android 6.0.1; Nexus 5X Build/MMB29P) AppleWebKit/537.36 (KHTML, like Gecko) Chrome/122.0.6261.94 Mobile Safari/537.36 (compatible; Googlebot/2.1; +http://www.google.com/bot.html)"
157.90.209.79 - - [21/Mar/2024:23:06:14 +0100] "GET /ceramic-ashtray-p-61780.html HTTP/1.0" 200 84991 "-" "Mozilla/5.0 (compatible; BLEXBot/1.0; +http://webmeup-crawler.com/)"
66.249.66.206 - - [21/Mar/2024:23:06:16 +0100] "GET /js/jquery.min.js HTTP/1.0" 404 1308 "http://www.wonder-geek.com/glasses-drinking-c-12_62.html" "Mozilla/5.0 (Linux; Android 6.0.1; Nexus 5X Build/MMB29P) AppleWebKit/537.36 (KHTML, like Gecko) Chrome/122.0.6261.94 Mobile Safari/537.36 (compatible; Googlebot/2.1; +http://www.google.com/bot.html)"
114.119.135.63 - - [21/Mar/2024:23:06:17 +0100] "GET /rest-saucer-black-p-59036.html HTTP/1.0" 200 85068 "http://www.wonder-geek.com/infuser-rest-c-12_247.html?page=3" "Mozilla/5.0 (Linux; Android 7.0;) AppleWebKit/537.36 (KHTML, like Gecko) Mobile Safari/537.36 (compatible; PetalBot;+https://webmaster.petalsearch.com/site/petalbot)"
157.90.209.79 - - [21/Mar/2024:23:06:18 +0100] "GET /ceramic-ashtray-p-61783.html HTTP/1.0" 200 84991 "-" "Mozilla/5.0 (compatible; BLEXBot/1.0; +http://webmeup-crawler.com/)"
121.13.155.205 - - [21/Mar/2024:23:06:17 +0100] "GET / HTTP/1.0" 200 163883 "-" "Mozilla/5.0 (Windows NT 10.0; Win64; x64) AppleWebKit/537.36 (KHTML, like Gecko) Chrome/104.0.5112.81 Safari/537.36 Edg/104.0.1293.54"
157.90.209.79 - - [21/Mar/2024:23:06:23 +0100] "GET /ceramic-ashtray-p-61785.html HTTP/1.0" 200 84991 "-" "Mozilla/5.0 (compatible; BLEXBot/1.0; +http://webmeup-crawler.com/)"
157.90.209.79 - - [21/Mar/2024:23:06:27 +0100] "GET /ceramic-ashtray-p-61787.html HTTP/1.0" 200 84991 "-" "Mozilla/5.0 (compatible; BLEXBot/1.0; +http://webmeup-crawler.com/)"
157.90.209.79 - - [21/Mar/2024:23:06:30 +0100] "GET /ceramic-ashtray-p-61789.html HTTP/1.0" 200 84991 "-" "Mozilla/5.0 (compatible; BLEXBot/1.0; +http://webmeup-crawler.com/)"
121.13.155.205 - - [21/Mar/2024:23:06:33 +0100] "GET / HTTP/1.0" 200 163181 "-" "Mozilla/5.0 (Windows NT 10.0; Win64; x64) AppleWebKit/537.36 (KHTML, like Gecko) Chrome/104.0.5112.81 Safari/537.36 Edg/104.0.1293.54"
