157.90.209.79 - - [22/Mar/2024:01:05:17 +0100] "GET /happy-hermann-cable-cover-made-germany-p-58664.html HTTP/1.0" 200 86514 "-" "Mozilla/5.0 (compatible; BLEXBot/1.0; +http://webmeup-crawler.com/)"
157.90.209.79 - - [22/Mar/2024:01:05:25 +0100] "GET /happy-hobo-p-5336.html HTTP/1.0" 200 84466 "-" "Mozilla/5.0 (compatible; BLEXBot/1.0; +http://webmeup-crawler.com/)"
157.90.209.79 - - [22/Mar/2024:01:05:33 +0100] "GET /happy-metal-tray-p-45783.html HTTP/1.0" 200 84418 "-" "Mozilla/5.0 (compatible; BLEXBot/1.0; +http://webmeup-crawler.com/)"
54.36.148.210 - - [22/Mar/2024:01:05:39 +0100] "GET /ceramic-incense-burner-p-58419.html HTTP/1.0" 200 85014 "-" "Mozilla/5.0 (compatible; AhrefsBot/7.0; +http://ahrefs.com/robot/)"
157.90.209.79 - - [22/Mar/2024:01:05:42 +0100] "GET /happy-metal-tray-p-45784.html HTTP/1.0" 200 84407 "-" "Mozilla/5.0 (compatible; BLEXBot/1.0; +http://webmeup-crawler.com/)"
157.90.209.79 - - [22/Mar/2024:01:05:49 +0100] "GET /happy-panda-bedclothes-p-44235.html HTTP/1.0" 200 85066 "-" "Mozilla/5.0 (compatible; BLEXBot/1.0; +http://webmeup-crawler.com/)"
157.90.209.79 - - [22/Mar/2024:01:06:01 +0100] "GET /happy-sparkling-eggcups-made-germany-tassen-p-43318.html HTTP/1.0" 301 86013 "-" "Mozilla/5.0 (compatible; BLEXBot/1.0; +http://webmeup-crawler.com/)"
157.90.209.79 - - [22/Mar/2024:01:06:02 +0100] "GET /white-porcelain-cups-tassen-happy-angry-p-43318.html HTTP/1.0" 200 85907 "-" "Mozilla/5.0 (compatible; BLEXBot/1.0; +http://webmeup-crawler.com/)"
66.249.66.206 - - [22/Mar/2024:01:06:05 +0100] "GET /robots.txt HTTP/1.0" 200 245 "-" "Mozilla/5.0 (compatible; Googlebot/2.1; +http://www.google.com/bot.html)"
66.249.66.205 - - [22/Mar/2024:01:06:06 +0100] "GET /tarot-flower-life-engraved-p-48482.html HTTP/1.0" 200 82002 "-" "Mozilla/5.0 (Linux; Android 6.0.1; Nexus 5X Build/MMB29P) AppleWebKit/537.36 (KHTML, like Gecko) Chrome/122.0.6261.94 Mobile Safari/537.36 (compatible; Googlebot/2.1; +http://www.google.com/bot.html)"
157.90.209.79 - - [22/Mar/2024:01:06:09 +0100] "GET /harley-davidson-2004-dyna-super-glide-sport-p-30415.html HTTP/1.0" 200 84445 "-" "Mozilla/5.0 (compatible; BLEXBot/1.0; +http://webmeup-crawler.com/)"
157.90.209.79 - - [22/Mar/2024:01:06:15 +0100] "GET /harley-davidson-2004-electa-glide-pickup-ford-super-duty-p-30396.html HTTP/1.0" 200 84754 "-" "Mozilla/5.0 (compatible; BLEXBot/1.0; +http://webmeup-crawler.com/)"
157.90.209.79 - - [22/Mar/2024:01:06:22 +0100] "GET /harley-davidson-flour-p-45951.html HTTP/1.0" 200 84471 "-" "Mozilla/5.0 (compatible; BLEXBot/1.0; +http://webmeup-crawler.com/)"
157.90.209.79 - - [22/Mar/2024:01:06:26 +0100] "GET /harley-davidson-large-p-37071.html HTTP/1.0" 200 84383 "-" "Mozilla/5.0 (compatible; BLEXBot/1.0; +http://webmeup-crawler.com/)"
54.36.149.21 - - [22/Mar/2024:01:06:31 +0100] "GET /assorted-potholders-p-57967.html HTTP/1.0" 200 85555 "-" "Mozilla/5.0 (compatible; AhrefsBot/7.0; +http://ahrefs.com/robot/)"
157.90.209.79 - - [22/Mar/2024:01:06:34 +0100] "GET /harley-davidson-mini-p-31640.html HTTP/1.0" 200 84420 "-" "Mozilla/5.0 (compatible; BLEXBot/1.0; +http://webmeup-crawler.com/)"
157.90.209.79 - - [22/Mar/2024:01:06:38 +0100] "GET /harley-davidson-ride-small-metal-plate-p-40263.html HTTP/1.0" 200 84480 "-" "Mozilla/5.0 (compatible; BLEXBot/1.0; +http://webmeup-crawler.com/)"
157.90.209.79 - - [22/Mar/2024:01:06:42 +0100] "GET /harley-davidson-small-metal-plate-p-12506.html HTTP/1.0" 200 84384 "-" "Mozilla/5.0 (compatible; BLEXBot/1.0; +http://webmeup-crawler.com/)"
157.90.209.79 - - [22/Mar/2024:01:06:51 +0100] "GET /harley-davidson-zippo-lighter-p-30269.html HTTP/1.0" 200 84752 "-" "Mozilla/5.0 (compatible; BLEXBot/1.0; +http://webmeup-crawler.com/)"
157.90.209.79 - - [22/Mar/2024:01:06:56 +0100] "GET /harold-oven-mitt-p-43817.html HTTP/1.0" 200 84207 "-" "Mozilla/5.0 (compatible; BLEXBot/1.0; +http://webmeup-crawler.com/)"
157.90.209.79 - - [22/Mar/2024:01:07:00 +0100] "GET /harry-potter-figurine-weasley-p-49389.html HTTP/1.0" 200 85121 "-" "Mozilla/5.0 (compatible; BLEXBot/1.0; +http://webmeup-crawler.com/)"
157.90.209.79 - - [22/Mar/2024:01:07:07 +0100] "GET /hats-caps-c-1_44.html?page=2 HTTP/1.0" 200 93503 "-" "Mozilla/5.0 (compatible; BLEXBot/1.0; +http://webmeup-crawler.com/)"
157.90.209.79 - - [22/Mar/2024:01:07:15 +0100] "GET /havana-small-ashtray-p-47853.html HTTP/1.0" 200 84206 "-" "Mozilla/5.0 (compatible; BLEXBot/1.0; +http://webmeup-crawler.com/)"
157.90.209.79 - - [22/Mar/2024:01:07:19 +0100] "GET /head-wallet-model-p-39434.html HTTP/1.0" 200 84266 "-" "Mozilla/5.0 (compatible; BLEXBot/1.0; +http://webmeup-crawler.com/)"
54.36.148.77 - - [22/Mar/2024:01:07:21 +0100] "GET /candle-hours-dawn-mist-p-53894.html HTTP/1.0" 200 85585 "-" "Mozilla/5.0 (compatible; AhrefsBot/7.0; +http://ahrefs.com/robot/)"
157.90.209.79 - - [22/Mar/2024:01:07:28 +0100] "GET /head-wallet-model-p-39435.html HTTP/1.0" 200 84267 "-" "Mozilla/5.0 (compatible; BLEXBot/1.0; +http://webmeup-crawler.com/)"
157.90.209.79 - - [22/Mar/2024:01:07:35 +0100] "GET /head-wallet-model-p-39436.html HTTP/1.0" 200 84266 "-" "Mozilla/5.0 (compatible; BLEXBot/1.0; +http://webmeup-crawler.com/)"
157.90.209.79 - - [22/Mar/2024:01:07:44 +0100] "GET /head-wallet-model-p-39437.html HTTP/1.0" 200 84271 "-" "Mozilla/5.0 (compatible; BLEXBot/1.0; +http://webmeup-crawler.com/)"
157.90.209.79 - - [22/Mar/2024:01:07:50 +0100] "GET /head-wallet-model-p-39438.html HTTP/1.0" 200 84266 "-" "Mozilla/5.0 (compatible; BLEXBot/1.0; +http://webmeup-crawler.com/)"
157.90.209.79 - - [22/Mar/2024:01:08:02 +0100] "GET /head-wallet-model-p-39439.html HTTP/1.0" 200 84266 "-" "Mozilla/5.0 (compatible; BLEXBot/1.0; +http://webmeup-crawler.com/)"
157.90.209.79 - - [22/Mar/2024:01:08:08 +0100] "GET /head-wallet-model-p-39440.html HTTP/1.0" 200 84266 "-" "Mozilla/5.0 (compatible; BLEXBot/1.0; +http://webmeup-crawler.com/)"
54.36.148.151 - - [22/Mar/2024:01:08:13 +0100] "GET /incense-stick-holder-yang-p-59080.html HTTP/1.0" 200 85274 "-" "Mozilla/5.0 (compatible; AhrefsBot/7.0; +http://ahrefs.com/robot/)"
54.36.148.28 - - [22/Mar/2024:01:08:16 +0100] "GET /images/big_prod_1/8718657461113B.jpg HTTP/1.0" 200 271 "-" "Mozilla/5.0 (compatible; AhrefsBot/7.0; +http://ahrefs.com/robot/)"
157.90.209.79 - - [22/Mar/2024:01:08:31 +0100] "GET /head-wallet-model-p-39441.html HTTP/1.0" 200 84267 "-" "Mozilla/5.0 (compatible; BLEXBot/1.0; +http://webmeup-crawler.com/)"
157.90.209.79 - - [22/Mar/2024:01:08:36 +0100] "GET /head-wallet-model-p-39442.html HTTP/1.0" 200 84266 "-" "Mozilla/5.0 (compatible; BLEXBot/1.0; +http://webmeup-crawler.com/)"
157.90.209.79 - - [22/Mar/2024:01:08:45 +0100] "GET /head-wallet-model-p-39443.html HTTP/1.0" 200 84266 "-" "Mozilla/5.0 (compatible; BLEXBot/1.0; +http://webmeup-crawler.com/)"
157.90.209.79 - - [22/Mar/2024:01:08:53 +0100] "GET /head-wallet-model-p-39444.html HTTP/1.0" 200 84267 "-" "Mozilla/5.0 (compatible; BLEXBot/1.0; +http://webmeup-crawler.com/)"
157.90.209.79 - - [22/Mar/2024:01:08:59 +0100] "GET /head-wallet-model-p-39445.html HTTP/1.0" 200 84267 "-" "Mozilla/5.0 (compatible; BLEXBot/1.0; +http://webmeup-crawler.com/)"
54.36.148.72 - - [22/Mar/2024:01:09:10 +0100] "GET /decorative-hanging-plate-p-59541.html HTTP/1.0" 200 84972 "-" "Mozilla/5.0 (compatible; AhrefsBot/7.0; +http://ahrefs.com/robot/)"
157.90.209.79 - - [22/Mar/2024:01:09:10 +0100] "GET /healing-mini-stones-p-49036.html HTTP/1.0" 200 85102 "-" "Mozilla/5.0 (compatible; BLEXBot/1.0; +http://webmeup-crawler.com/)"
54.36.148.76 - - [22/Mar/2024:01:09:13 +0100] "GET /images/big_prod/3700281670950.jpg HTTP/1.0" 200 268 "-" "Mozilla/5.0 (compatible; AhrefsBot/7.0; +http://ahrefs.com/robot/)"
54.36.148.99 - - [22/Mar/2024:01:09:13 +0100] "GET /images/big_prod_1/3700281670950B.jpg HTTP/1.0" 200 271 "-" "Mozilla/5.0 (compatible; AhrefsBot/7.0; +http://ahrefs.com/robot/)"
157.90.209.79 - - [22/Mar/2024:01:09:21 +0100] "GET /heart-christmas-tree-hanging-p-49638.html HTTP/1.0" 200 84372 "-" "Mozilla/5.0 (compatible; BLEXBot/1.0; +http://webmeup-crawler.com/)"
172.203.162.110 - - [22/Mar/2024:01:09:27 +0100] "GET /images/mini_prod/5411854151674.jpg HTTP/1.0" 200 269 "-" "Mozilla/5.0 (Windows NT 10.0; Win64; x64) AppleWebKit/537.36 (KHTML, like Gecko) Chrome/103.0.0.0 Safari/537.36"
157.90.209.79 - - [22/Mar/2024:01:09:29 +0100] "GET /heart-home-cherry-blossom-sandalwood-room-fragrance-p-61611.html HTTP/1.0" 200 85722 "-" "Mozilla/5.0 (compatible; BLEXBot/1.0; +http://webmeup-crawler.com/)"
157.90.209.79 - - [22/Mar/2024:01:09:38 +0100] "GET /heart-home-essential-blend-cotton-blossom-p-59917.html HTTP/1.0" 200 85303 "-" "Mozilla/5.0 (compatible; BLEXBot/1.0; +http://webmeup-crawler.com/)"
157.90.209.79 - - [22/Mar/2024:01:09:45 +0100] "GET /heart-home-essential-blend-lemon-bliss-p-59915.html HTTP/1.0" 200 85277 "-" "Mozilla/5.0 (compatible; BLEXBot/1.0; +http://webmeup-crawler.com/)"
157.90.209.79 - - [22/Mar/2024:01:09:55 +0100] "GET /heart-home-essential-blend-with-love-p-59914.html HTTP/1.0" 200 85486 "-" "Mozilla/5.0 (compatible; BLEXBot/1.0; +http://webmeup-crawler.com/)"
118.217.7.46 - - [22/Mar/2024:01:10:03 +0100] "GET /images/mini_prod/3609810022287.jpg HTTP/1.0" 200 269 "-" "Mozilla/5.0 (X11; Ubuntu; Linux x86_64; rv:72.0) Gecko/20100101 Firefox/72.0"
157.90.209.79 - - [22/Mar/2024:01:10:08 +0100] "GET /heart-home-peach-passion-essential-blend-p-59916.html HTTP/1.0" 200 85504 "-" "Mozilla/5.0 (compatible; BLEXBot/1.0; +http://webmeup-crawler.com/)"
54.36.148.133 - - [22/Mar/2024:01:10:09 +0100] "GET /with-spoon-koala-michelle-allen-p-59468.html HTTP/1.0" 200 84980 "-" "Mozilla/5.0 (compatible; AhrefsBot/7.0; +http://ahrefs.com/robot/)"
157.90.209.79 - - [22/Mar/2024:01:10:17 +0100] "GET /heart-home-room-fragrance-pomegranate-pepperwood-p-61610.html HTTP/1.0" 200 85678 "-" "Mozilla/5.0 (compatible; BLEXBot/1.0; +http://webmeup-crawler.com/)"
157.90.209.79 - - [22/Mar/2024:01:10:24 +0100] "GET /heart-home-stick-diffuser-christmas-tree-p-57105.html HTTP/1.0" 200 85230 "-" "Mozilla/5.0 (compatible; BLEXBot/1.0; +http://webmeup-crawler.com/)"
157.55.39.54 - - [22/Mar/2024:01:10:33 +0100] "GET /difference-accessoriess-c-12_59.html HTTP/1.0" 200 95978 "-" "Mozilla/5.0 AppleWebKit/537.36 (KHTML, like Gecko; compatible; bingbot/2.0; +http://www.bing.com/bingbot.htm) Chrome/116.0.1938.76 Safari/537.36"
157.90.209.79 - - [22/Mar/2024:01:10:33 +0100] "GET /heart-home-stick-diffuser-home-christmas-p-57107.html HTTP/1.0" 200 85292 "-" "Mozilla/5.0 (compatible; BLEXBot/1.0; +http://webmeup-crawler.com/)"
157.90.209.79 - - [22/Mar/2024:01:10:44 +0100] "GET /heart-home-stick-diffuser-spices-cranberry-p-57108.html HTTP/1.0" 200 85297 "-" "Mozilla/5.0 (compatible; BLEXBot/1.0; +http://webmeup-crawler.com/)"
78.138.127.62 - - [22/Mar/2024:01:10:46 +0100] "GET / HTTP/1.0" 301 511 "http://wonder-geek.com/" "Mozilla/5.0 (Windows NT 10.0; WOW64) AppleWebKit/537.36 (KHTML, like Gecko) Chrome/103.0.5060.114 Safari/537.36"
78.138.127.62 - - [22/Mar/2024:01:10:46 +0100] "GET / HTTP/1.0" 200 163241 "http://www.wonder-geek.com/" "Mozilla/5.0 (Windows NT 10.0; WOW64) AppleWebKit/537.36 (KHTML, like Gecko) Chrome/103.0.5060.114 Safari/537.36"
157.90.209.79 - - [22/Mar/2024:01:10:50 +0100] "GET /heart-home-votive-holder-p-53431.html HTTP/1.0" 200 84332 "-" "Mozilla/5.0 (compatible; BLEXBot/1.0; +http://webmeup-crawler.com/)"
157.90.209.79 - - [22/Mar/2024:01:10:55 +0100] "GET /heart-shaped-selenite-white-p-47022.html HTTP/1.0" 200 85949 "-" "Mozilla/5.0 (compatible; BLEXBot/1.0; +http://webmeup-crawler.com/)"
54.36.148.179 - - [22/Mar/2024:01:11:02 +0100] "GET /timothy-mouse-mini-figurine-disney-traditions-p-59419.html HTTP/1.0" 200 85946 "-" "Mozilla/5.0 (compatible; AhrefsBot/7.0; +http://ahrefs.com/robot/)"
78.138.127.62 - - [22/Mar/2024:01:11:02 +0100] "GET /trivet-boards-c-12_158.html HTTP/1.0" 200 104851 "http://www.wonder-geek.com/trivet-boards-c-12_158.html" "Mozilla/5.0 (Windows NT 10.0; WOW64) AppleWebKit/537.36 (KHTML, like Gecko) Chrome/103.0.5060.114 Safari/537.36"
119.8.242.91 - - [22/Mar/2024:01:11:17 +0100] "GET /images/mini_prod/3662049036555.jpg HTTP/1.0" 200 269 "-" "Mozilla/5.0 (X11; Ubuntu; Linux x86_64; rv:72.0) Gecko/20100101 Firefox/72.0"
78.138.127.62 - - [22/Mar/2024:01:11:16 +0100] "GET /cardboard-boxes-storage-c-13_150_216.html HTTP/1.0" 200 81199 "http://www.wonder-geek.com/cardboard-boxes-storage-c-13_150_216.html" "Mozilla/5.0 (Windows NT 10.0; WOW64) AppleWebKit/537.36 (KHTML, like Gecko) Chrome/103.0.5060.114 Safari/537.36"
35.186.18.100 - - [22/Mar/2024:01:11:22 +0100] "GET /images/mini_prod/3384370063436.jpg HTTP/1.0" 200 269 "-" "Mozilla/5.0 (X11; Ubuntu; Linux x86_64; rv:72.0) Gecko/20100101 Firefox/72.0"
157.90.209.79 - - [22/Mar/2024:01:11:22 +0100] "GET /heart-sticker-personalized-wall-decoration-gray-p-57793.html HTTP/1.0" 200 85266 "-" "Mozilla/5.0 (compatible; BLEXBot/1.0; +http://webmeup-crawler.com/)"
78.138.127.62 - - [22/Mar/2024:01:11:24 +0100] "GET /cushion-headboard-c-11_71_173.html HTTP/1.0" 200 81164 "http://www.wonder-geek.com/cushion-headboard-c-11_71_173.html" "Mozilla/5.0 (Windows NT 10.0; WOW64) AppleWebKit/537.36 (KHTML, like Gecko) Chrome/103.0.5060.114 Safari/537.36"
78.138.127.62 - - [22/Mar/2024:01:11:25 +0100] "GET /contact_us.php HTTP/1.0" 200 26241 "http://www.wonder-geek.com/contact_us.php" "Mozilla/5.0 (Windows NT 10.0; WOW64) AppleWebKit/537.36 (KHTML, like Gecko) Chrome/103.0.5060.114 Safari/537.36"
157.90.209.79 - - [22/Mar/2024:01:11:30 +0100] "GET /hedgehog-pencil-cbkreation-p-43438.html HTTP/1.0" 200 84942 "-" "Mozilla/5.0 (compatible; BLEXBot/1.0; +http://webmeup-crawler.com/)"
78.138.127.62 - - [22/Mar/2024:01:11:36 +0100] "POST /contact_us.php?action=send HTTP/1.0" 200 26762 "http://www.wonder-geek.com/contact_us.php" "Mozilla/5.0 (Windows NT 10.0; WOW64) AppleWebKit/537.36 (KHTML, like Gecko) Chrome/103.0.5060.114 Safari/537.36"
157.90.209.79 - - [22/Mar/2024:01:11:36 +0100] "GET /hedgehogs-teapot-with-metal-infuser-p-42250.html HTTP/1.0" 200 84338 "-" "Mozilla/5.0 (compatible; BLEXBot/1.0; +http://webmeup-crawler.com/)"
157.90.209.79 - - [22/Mar/2024:01:11:44 +0100] "GET /height-adjustable-globe-decoration-p-60055.html HTTP/1.0" 200 85001 "-" "Mozilla/5.0 (compatible; BLEXBot/1.0; +http://webmeup-crawler.com/)"
157.90.209.79 - - [22/Mar/2024:01:11:54 +0100] "GET /helia-small-ashtray-p-47852.html HTTP/1.0" 200 84201 "-" "Mozilla/5.0 (compatible; BLEXBot/1.0; +http://webmeup-crawler.com/)"
157.90.209.79 - - [22/Mar/2024:01:12:08 +0100] "GET /hello-kitty-capri-pants-p-30238.html HTTP/1.0" 200 85396 "-" "Mozilla/5.0 (compatible; BLEXBot/1.0; +http://webmeup-crawler.com/)"
54.36.148.116 - - [22/Mar/2024:01:12:09 +0100] "GET /allen-decorated-cotton-coin-purse-p-58302.html HTTP/1.0" 200 85070 "-" "Mozilla/5.0 (compatible; AhrefsBot/7.0; +http://ahrefs.com/robot/)"
54.36.148.10 - - [22/Mar/2024:01:12:11 +0100] "GET /images/big_prod/3453131160681.jpg HTTP/1.0" 200 268 "-" "Mozilla/5.0 (compatible; AhrefsBot/7.0; +http://ahrefs.com/robot/)"
54.36.148.19 - - [22/Mar/2024:01:12:11 +0100] "GET /images/big_prod_1/3453131160681B.jpg HTTP/1.0" 200 271 "-" "Mozilla/5.0 (compatible; AhrefsBot/7.0; +http://ahrefs.com/robot/)"
157.90.209.79 - - [22/Mar/2024:01:12:22 +0100] "GET /hello-kitty-ceiling-light-p-11193.html HTTP/1.0" 200 84473 "-" "Mozilla/5.0 (compatible; BLEXBot/1.0; +http://webmeup-crawler.com/)"
40.77.167.16 - - [22/Mar/2024:01:12:24 +0100] "GET /images/mini_prod/5400924022280.jpg HTTP/1.0" 200 269 "-" "Mozilla/5.0 AppleWebKit/537.36 (KHTML, like Gecko; compatible; bingbot/2.0; +http://www.bing.com/bingbot.htm) Chrome/116.0.1938.76 Safari/537.36"
157.90.209.79 - - [22/Mar/2024:01:12:29 +0100] "GET /hello-kitty-chocolate-heart-wallet-camomilla-p-16298.html HTTP/1.0" 200 85338 "-" "Mozilla/5.0 (compatible; BLEXBot/1.0; +http://webmeup-crawler.com/)"
157.90.209.79 - - [22/Mar/2024:01:12:35 +0100] "GET /hello-kitty-chocolate-node-companion-camomilla-p-16293.html HTTP/1.0" 200 84877 "-" "Mozilla/5.0 (compatible; BLEXBot/1.0; +http://webmeup-crawler.com/)"
51.68.224.127 - - [22/Mar/2024:01:12:44 +0100] "GET /adminweb/export_orders_xml.php?token=256de2z6edz6ed2z6DFSFsed2zed6zeDSFDSGdzedezfzf&maxorders=10&orderstart=1&status=14&start_date=2018-10-01 HTTP/1.0" 200 285 "-" "GesCom CharlotteBoutik Serveur"
51.68.224.127 - - [22/Mar/2024:01:12:44 +0100] "GET /adminweb/export_orders_xml.php?token=256de2z6edz6ed2z6DFSFsed2zed6zeDSFDSGdzedezfzf&maxorders=10&orderstart=1&status=6&start_date=2018-10-01 HTTP/1.0" 200 34517 "-" "GesCom CharlotteBoutik Serveur"
157.90.209.79 - - [22/Mar/2024:01:12:48 +0100] "GET /hello-kitty-figure-p-2903.html HTTP/1.0" 200 84321 "-" "Mozilla/5.0 (compatible; BLEXBot/1.0; +http://webmeup-crawler.com/)"
157.90.209.79 - - [22/Mar/2024:01:12:58 +0100] "GET /hello-kitty-grey-tiara-p-13515.html HTTP/1.0" 200 84220 "-" "Mozilla/5.0 (compatible; BLEXBot/1.0; +http://webmeup-crawler.com/)"
157.90.209.79 - - [22/Mar/2024:01:13:06 +0100] "GET /hello-kitty-hair-clips-p-13576.html HTTP/1.0" 200 84352 "-" "Mozilla/5.0 (compatible; BLEXBot/1.0; +http://webmeup-crawler.com/)"
157.90.209.79 - - [22/Mar/2024:01:13:14 +0100] "GET /hello-kitty-hair-ornements-p-13570.html HTTP/1.0" 200 84390 "-" "Mozilla/5.0 (compatible; BLEXBot/1.0; +http://webmeup-crawler.com/)"
54.36.148.68 - - [22/Mar/2024:01:13:16 +0100] "GET /heart-home-large-candle-hours-wool-blanket-p-61118.html HTTP/1.0" 200 85960 "-" "Mozilla/5.0 (compatible; AhrefsBot/7.0; +http://ahrefs.com/robot/)"
157.90.209.79 - - [22/Mar/2024:01:13:21 +0100] "GET /hello-kitty-jean-p-30213.html HTTP/1.0" 200 85673 "-" "Mozilla/5.0 (compatible; BLEXBot/1.0; +http://webmeup-crawler.com/)"
157.90.209.79 - - [22/Mar/2024:01:13:26 +0100] "GET /hello-kitty-little-embroidered-patch-p-13523.html HTTP/1.0" 200 84446 "-" "Mozilla/5.0 (compatible; BLEXBot/1.0; +http://webmeup-crawler.com/)"
157.90.209.79 - - [22/Mar/2024:01:13:31 +0100] "GET /hello-kitty-melamine-bowl-p-17118.html HTTP/1.0" 200 84366 "-" "Mozilla/5.0 (compatible; BLEXBot/1.0; +http://webmeup-crawler.com/)"
157.90.209.79 - - [22/Mar/2024:01:13:37 +0100] "GET /hello-kitty-mirror-p-20733.html HTTP/1.0" 200 84296 "-" "Mozilla/5.0 (compatible; BLEXBot/1.0; +http://webmeup-crawler.com/)"
157.90.209.79 - - [22/Mar/2024:01:13:42 +0100] "GET /hello-kitty-p-22244.html HTTP/1.0" 200 84349 "-" "Mozilla/5.0 (compatible; BLEXBot/1.0; +http://webmeup-crawler.com/)"
157.90.209.79 - - [22/Mar/2024:01:13:48 +0100] "GET /hello-kitty-p-22245.html HTTP/1.0" 200 84349 "-" "Mozilla/5.0 (compatible; BLEXBot/1.0; +http://webmeup-crawler.com/)"
157.90.209.79 - - [22/Mar/2024:01:13:54 +0100] "GET /hello-kitty-picnic-p-17166.html HTTP/1.0" 200 84658 "-" "Mozilla/5.0 (compatible; BLEXBot/1.0; +http://webmeup-crawler.com/)"
157.90.209.79 - - [22/Mar/2024:01:14:04 +0100] "GET /hello-kitty-rainwear-years-p-58363.html HTTP/1.0" 200 84284 "-" "Mozilla/5.0 (compatible; BLEXBot/1.0; +http://webmeup-crawler.com/)"
157.90.209.79 - - [22/Mar/2024:01:14:14 +0100] "GET /hello-kitty-round-fuschia-stars-p-15062.html HTTP/1.0" 200 84932 "-" "Mozilla/5.0 (compatible; BLEXBot/1.0; +http://webmeup-crawler.com/)"
157.90.209.79 - - [22/Mar/2024:01:14:20 +0100] "GET /hello-kitty-sanrio-jean-p-30236.html HTTP/1.0" 200 85400 "-" "Mozilla/5.0 (compatible; BLEXBot/1.0; +http://webmeup-crawler.com/)"
5.196.78.175 - - [22/Mar/2024:01:14:26 +0100] "GET / HTTP/1.0" 301 511 "http://wonder-geek.com/" "Mozilla/5.0 (Windows NT 6.3; Win64; x64) AppleWebKit/537.36 (KHTML, like Gecko) Chrome/103.0.5060.66 Safari/537.36"
54.36.148.45 - - [22/Mar/2024:01:14:26 +0100] "GET /allen-decorated-cotton-flat-pouch-p-58297.html HTTP/1.0" 200 85081 "-" "Mozilla/5.0 (compatible; AhrefsBot/7.0; +http://ahrefs.com/robot/)"
5.196.78.175 - - [22/Mar/2024:01:14:27 +0100] "GET / HTTP/1.0" 200 163219 "http://www.wonder-geek.com/" "Mozilla/5.0 (Windows NT 6.3; Win64; x64) AppleWebKit/537.36 (KHTML, like Gecko) Chrome/103.0.5060.66 Safari/537.36"
5.196.78.175 - - [22/Mar/2024:01:14:34 +0100] "GET /trivet-boards-c-12_158.html HTTP/1.0" 200 104851 "http://www.wonder-geek.com/trivet-boards-c-12_158.html" "Mozilla/5.0 (Windows NT 6.3; Win64; x64) AppleWebKit/537.36 (KHTML, like Gecko) Chrome/103.0.5060.66 Safari/537.36"
5.196.78.175 - - [22/Mar/2024:01:14:38 +0100] "GET /cardboard-boxes-storage-c-13_150_216.html HTTP/1.0" 200 81199 "http://www.wonder-geek.com/cardboard-boxes-storage-c-13_150_216.html" "Mozilla/5.0 (Windows NT 6.3; Win64; x64) AppleWebKit/537.36 (KHTML, like Gecko) Chrome/103.0.5060.66 Safari/537.36"
5.196.78.175 - - [22/Mar/2024:01:14:40 +0100] "GET /cushion-headboard-c-11_71_173.html HTTP/1.0" 200 81164 "http://www.wonder-geek.com/cushion-headboard-c-11_71_173.html" "Mozilla/5.0 (Windows NT 6.3; Win64; x64) AppleWebKit/537.36 (KHTML, like Gecko) Chrome/103.0.5060.66 Safari/537.36"
5.196.78.175 - - [22/Mar/2024:01:14:42 +0100] "GET /contact_us.php HTTP/1.0" 200 26241 "http://www.wonder-geek.com/contact_us.php" "Mozilla/5.0 (Windows NT 6.3; Win64; x64) AppleWebKit/537.36 (KHTML, like Gecko) Chrome/103.0.5060.66 Safari/537.36"
5.196.78.175 - - [22/Mar/2024:01:14:43 +0100] "POST /contact_us.php?action=send HTTP/1.0" 200 26500 "http://www.wonder-geek.com/contact_us.php" "Mozilla/5.0 (Windows NT 6.3; Win64; x64) AppleWebKit/537.36 (KHTML, like Gecko) Chrome/103.0.5060.66 Safari/537.36"
157.90.209.79 - - [22/Mar/2024:01:14:53 +0100] "GET /hello-kitty-sports-bottle-p-25066.html HTTP/1.0" 200 85095 "-" "Mozilla/5.0 (compatible; BLEXBot/1.0; +http://webmeup-crawler.com/)"
157.90.209.79 - - [22/Mar/2024:01:14:59 +0100] "GET /hello-kitty-swimming-ring-p-19971.html HTTP/1.0" 200 84381 "-" "Mozilla/5.0 (compatible; BLEXBot/1.0; +http://webmeup-crawler.com/)"
157.90.209.79 - - [22/Mar/2024:01:15:06 +0100] "GET /hello-kitty-tiara-p-13512.html HTTP/1.0" 200 84206 "-" "Mozilla/5.0 (compatible; BLEXBot/1.0; +http://webmeup-crawler.com/)"
157.90.209.79 - - [22/Mar/2024:01:15:11 +0100] "GET /hello-kitty-towel-p-5614.html HTTP/1.0" 200 84329 "-" "Mozilla/5.0 (compatible; BLEXBot/1.0; +http://webmeup-crawler.com/)"
157.90.209.79 - - [22/Mar/2024:01:15:16 +0100] "GET /hello-kitty-towel-p-8927.html HTTP/1.0" 200 84342 "-" "Mozilla/5.0 (compatible; BLEXBot/1.0; +http://webmeup-crawler.com/)"
172.191.241.139 - - [22/Mar/2024:01:15:19 +0100] "GET /images/mini_prod/4029811336333.jpg HTTP/1.0" 200 269 "-" "Mozilla/5.0 (Windows NT 10.0; Win64; x64) AppleWebKit/537.36 (KHTML, like Gecko) Chrome/103.0.0.0 Safari/537.36"
157.90.209.79 - - [22/Mar/2024:01:15:33 +0100] "GET /hello-kitty-victoria-casal-couture-orange-watch-p-20144.html HTTP/1.0" 200 84670 "-" "Mozilla/5.0 (compatible; BLEXBot/1.0; +http://webmeup-crawler.com/)"
157.90.209.79 - - [22/Mar/2024:01:15:39 +0100] "GET /hello-kitty-victoria-casal-couture-white-watch-p-20140.html HTTP/1.0" 200 84644 "-" "Mozilla/5.0 (compatible; BLEXBot/1.0; +http://webmeup-crawler.com/)"
54.36.148.176 - - [22/Mar/2024:01:15:40 +0100] "GET /statuette-soldier-emperor-p-57986.html HTTP/1.0" 200 85311 "-" "Mozilla/5.0 (compatible; AhrefsBot/7.0; +http://ahrefs.com/robot/)"
157.90.209.79 - - [22/Mar/2024:01:15:47 +0100] "GET /hello-kitty-wall-light-p-11191.html HTTP/1.0" 200 84409 "-" "Mozilla/5.0 (compatible; BLEXBot/1.0; +http://webmeup-crawler.com/)"
157.90.209.79 - - [22/Mar/2024:01:15:56 +0100] "GET /hello-kitty-white-tiara-p-13517.html HTTP/1.0" 200 84230 "-" "Mozilla/5.0 (compatible; BLEXBot/1.0; +http://webmeup-crawler.com/)"
157.90.209.79 - - [22/Mar/2024:01:16:05 +0100] "GET /hermetic-salt-with-wooden-spoon-sardy-p-54526.html HTTP/1.0" 200 84503 "-" "Mozilla/5.0 (compatible; BLEXBot/1.0; +http://webmeup-crawler.com/)"
157.90.209.79 - - [22/Mar/2024:01:16:13 +0100] "GET /hero-polar-plaid-p-33186.html HTTP/1.0" 200 84415 "-" "Mozilla/5.0 (compatible; BLEXBot/1.0; +http://webmeup-crawler.com/)"
157.90.209.79 - - [22/Mar/2024:01:16:21 +0100] "GET /high-school-musical-black-shopping-p-24268.html HTTP/1.0" 200 84669 "-" "Mozilla/5.0 (compatible; BLEXBot/1.0; +http://webmeup-crawler.com/)"
157.90.209.79 - - [22/Mar/2024:01:16:26 +0100] "GET /high-school-musical-handbag-p-6466.html HTTP/1.0" 200 86853 "-" "Mozilla/5.0 (compatible; BLEXBot/1.0; +http://webmeup-crawler.com/)"
157.90.209.79 - - [22/Mar/2024:01:16:29 +0100] "GET /high-school-musical-p-22252.html HTTP/1.0" 200 84414 "-" "Mozilla/5.0 (compatible; BLEXBot/1.0; +http://webmeup-crawler.com/)"
54.36.148.248 - - [22/Mar/2024:01:16:50 +0100] "GET /fiat-black-protective-case-iphone-p-13031.html HTTP/1.0" 200 84545 "-" "Mozilla/5.0 (compatible; AhrefsBot/7.0; +http://ahrefs.com/robot/)"
157.90.209.79 - - [22/Mar/2024:01:17:05 +0100] "GET /high-school-musical-picnic-p-3538.html HTTP/1.0" 200 86662 "-" "Mozilla/5.0 (compatible; BLEXBot/1.0; +http://webmeup-crawler.com/)"
157.90.209.79 - - [22/Mar/2024:01:17:08 +0100] "GET /high-school-musical-scarf-p-22254.html HTTP/1.0" 200 84448 "-" "Mozilla/5.0 (compatible; BLEXBot/1.0; +http://webmeup-crawler.com/)"
157.90.209.79 - - [22/Mar/2024:01:17:11 +0100] "GET /high-school-musical-scarf-p-22255.html HTTP/1.0" 200 84448 "-" "Mozilla/5.0 (compatible; BLEXBot/1.0; +http://webmeup-crawler.com/)"
157.90.209.79 - - [22/Mar/2024:01:17:15 +0100] "GET /high-school-musical-scarf-p-22256.html HTTP/1.0" 200 84447 "-" "Mozilla/5.0 (compatible; BLEXBot/1.0; +http://webmeup-crawler.com/)"
157.90.209.79 - - [22/Mar/2024:01:17:19 +0100] "GET /high-school-musical-scarf-p-22257.html HTTP/1.0" 200 84446 "-" "Mozilla/5.0 (compatible; BLEXBot/1.0; +http://webmeup-crawler.com/)"
157.90.209.79 - - [22/Mar/2024:01:17:22 +0100] "GET /high-school-musical-shopping-p-24267.html HTTP/1.0" 200 84649 "-" "Mozilla/5.0 (compatible; BLEXBot/1.0; +http://webmeup-crawler.com/)"
157.90.209.79 - - [22/Mar/2024:01:17:54 +0100] "GET /high-school-musical-sleeveless-padded-jacket-p-31264.html HTTP/1.0" 200 86065 "-" "Mozilla/5.0 (compatible; BLEXBot/1.0; +http://webmeup-crawler.com/)"
54.36.148.41 - - [22/Mar/2024:01:17:58 +0100] "GET /decorative-wooden-plate-wifi-p-60245.html HTTP/1.0" 200 85558 "-" "Mozilla/5.0 (compatible; AhrefsBot/7.0; +http://ahrefs.com/robot/)"
157.90.209.79 - - [22/Mar/2024:01:17:59 +0100] "GET /high-school-musical-storage-p-1521.html HTTP/1.0" 200 84633 "-" "Mozilla/5.0 (compatible; BLEXBot/1.0; +http://webmeup-crawler.com/)"
157.90.209.79 - - [22/Mar/2024:01:18:04 +0100] "GET /high-school-musical-waterproof-parka-p-31265.html HTTP/1.0" 200 86170 "-" "Mozilla/5.0 (compatible; BLEXBot/1.0; +http://webmeup-crawler.com/)"
157.90.209.79 - - [22/Mar/2024:01:18:17 +0100] "GET /hippers-harvest-series-sonny-angel-figure-p-59858.html HTTP/1.0" 200 86105 "-" "Mozilla/5.0 (compatible; BLEXBot/1.0; +http://webmeup-crawler.com/)"
157.90.209.79 - - [22/Mar/2024:01:18:19 +0100] "GET /hippers-series-sonny-angel-figure-p-58630.html HTTP/1.0" 200 86409 "-" "Mozilla/5.0 (compatible; BLEXBot/1.0; +http://webmeup-crawler.com/)"
157.90.209.79 - - [22/Mar/2024:01:18:25 +0100] "GET /holy-spirit-prayer-candle-novena-p-58235.html HTTP/1.0" 200 85867 "-" "Mozilla/5.0 (compatible; BLEXBot/1.0; +http://webmeup-crawler.com/)"
157.90.209.79 - - [22/Mar/2024:01:18:28 +0100] "GET /home-christmas-mickey-minnie-with-gingerbread-house-p-56736.html HTTP/1.0" 200 86081 "-" "Mozilla/5.0 (compatible; BLEXBot/1.0; +http://webmeup-crawler.com/)"
157.90.209.79 - - [22/Mar/2024:01:18:33 +0100] "GET /home-decoration-c-13.html?page=10 HTTP/1.0" 200 103247 "-" "Mozilla/5.0 (compatible; BLEXBot/1.0; +http://webmeup-crawler.com/)"
157.90.209.79 - - [22/Mar/2024:01:18:40 +0100] "GET /home-decoration-c-13.html?page=11 HTTP/1.0" 200 103597 "-" "Mozilla/5.0 (compatible; BLEXBot/1.0; +http://webmeup-crawler.com/)"
157.55.39.15 - - [22/Mar/2024:01:18:43 +0100] "GET /images/mini_prod/1399984220641.jpg HTTP/1.0" 200 269 "-" "Mozilla/5.0 AppleWebKit/537.36 (KHTML, like Gecko; compatible; bingbot/2.0; +http://www.bing.com/bingbot.htm) Chrome/116.0.1938.76 Safari/537.36"
157.90.209.79 - - [22/Mar/2024:01:18:45 +0100] "GET /home-decoration-c-13.html?page=2 HTTP/1.0" 200 103774 "-" "Mozilla/5.0 (compatible; BLEXBot/1.0; +http://webmeup-crawler.com/)"
157.90.209.79 - - [22/Mar/2024:01:18:51 +0100] "GET /home-decoration-c-13.html?page=3 HTTP/1.0" 200 103790 "-" "Mozilla/5.0 (compatible; BLEXBot/1.0; +http://webmeup-crawler.com/)"
17.241.75.154 - - [22/Mar/2024:01:18:56 +0100] "GET /images/mini_prod/3540945508980NA.jpg HTTP/1.0" 200 271 "-" "Mozilla/5.0 (Macintosh; Intel Mac OS X 10_15_5) AppleWebKit/605.1.15 (KHTML, like Gecko) Version/13.1.1 Safari/605.1.15 (Applebot/0.1; +http://www.apple.com/go/applebot)"
145.38.192.235 - - [22/Mar/2024:01:18:56 +0100] "GET /images/mini_prod/8412497371747.jpg HTTP/1.0" 200 269 "-" "Mozilla/5.0 (X11; Ubuntu; Linux x86_64; rv:72.0) Gecko/20100101 Firefox/72.0"
54.36.149.16 - - [22/Mar/2024:01:19:07 +0100] "GET /mandala-coasters-blue-p-54076.html HTTP/1.0" 200 84262 "-" "Mozilla/5.0 (compatible; AhrefsBot/7.0; +http://ahrefs.com/robot/)"
157.90.209.79 - - [22/Mar/2024:01:19:08 +0100] "GET /home-decoration-c-13.html?page=4 HTTP/1.0" 200 103155 "-" "Mozilla/5.0 (compatible; BLEXBot/1.0; +http://webmeup-crawler.com/)"
157.90.209.79 - - [22/Mar/2024:01:19:14 +0100] "GET /home-decoration-c-13.html?page=5 HTTP/1.0" 200 103238 "-" "Mozilla/5.0 (compatible; BLEXBot/1.0; +http://webmeup-crawler.com/)"
157.90.209.79 - - [22/Mar/2024:01:19:19 +0100] "GET /home-decoration-c-13.html?page=6 HTTP/1.0" 200 103546 "-" "Mozilla/5.0 (compatible; BLEXBot/1.0; +http://webmeup-crawler.com/)"
157.90.209.79 - - [22/Mar/2024:01:19:26 +0100] "GET /home-decoration-c-13.html?page=7 HTTP/1.0" 200 104001 "-" "Mozilla/5.0 (compatible; BLEXBot/1.0; +http://webmeup-crawler.com/)"
157.90.209.79 - - [22/Mar/2024:01:19:32 +0100] "GET /home-decoration-c-13.html?page=8 HTTP/1.0" 200 103433 "-" "Mozilla/5.0 (compatible; BLEXBot/1.0; +http://webmeup-crawler.com/)"
95.108.213.216 - - [22/Mar/2024:01:20:09 +0100] "GET /coca-cola-deco-lamp-p-27152.html HTTP/1.0" 301 81961 "-" "Mozilla/5.0 (compatible; YandexBot/3.0; +http://yandex.com/bots)"
213.180.203.179 - - [22/Mar/2024:01:20:10 +0100] "GET /-p-27152.html HTTP/1.0" 200 81894 "-" "Mozilla/5.0 (compatible; YandexBot/3.0; +http://yandex.com/bots)"
157.90.209.79 - - [22/Mar/2024:01:20:19 +0100] "GET /home-decoration-c-13.html?page=9 HTTP/1.0" 200 103244 "-" "Mozilla/5.0 (compatible; BLEXBot/1.0; +http://webmeup-crawler.com/)"
54.36.149.6 - - [22/Mar/2024:01:20:21 +0100] "GET /decorative-wooden-plate-chien-docile-maitresse-indomptable-p-60239.html HTTP/1.0" 200 85655 "-" "Mozilla/5.0 (compatible; AhrefsBot/7.0; +http://ahrefs.com/robot/)"
157.90.209.79 - - [22/Mar/2024:01:20:24 +0100] "GET /home-fragrance-heart-home-bamboo-ginger-p-52817.html HTTP/1.0" 200 85632 "-" "Mozilla/5.0 (compatible; BLEXBot/1.0; +http://webmeup-crawler.com/)"
157.55.39.15 - - [22/Mar/2024:01:20:26 +0100] "GET /-p-38703.html HTTP/1.0" 200 81894 "-" "Mozilla/5.0 AppleWebKit/537.36 (KHTML, like Gecko; compatible; bingbot/2.0; +http://www.bing.com/bingbot.htm) Chrome/116.0.1938.76 Safari/537.36"
157.90.209.79 - - [22/Mar/2024:01:20:28 +0100] "GET /home-fragrance-heart-home-crackling-wood-fire-p-56999.html HTTP/1.0" 200 85517 "-" "Mozilla/5.0 (compatible; BLEXBot/1.0; +http://webmeup-crawler.com/)"
157.90.209.79 - - [22/Mar/2024:01:20:37 +0100] "GET /home-fragrance-heart-home-rosewood-vanilla-p-52816.html HTTP/1.0" 200 85677 "-" "Mozilla/5.0 (compatible; BLEXBot/1.0; +http://webmeup-crawler.com/)"
157.90.209.79 - - [22/Mar/2024:01:20:40 +0100] "GET /home-fragrance-heart-home-spiced-apple-cinnamon-p-56998.html HTTP/1.0" 200 85704 "-" "Mozilla/5.0 (compatible; BLEXBot/1.0; +http://webmeup-crawler.com/)"
157.90.209.79 - - [22/Mar/2024:01:20:48 +0100] "GET /home-fragrance-heart-home-vanilla-rosewood-p-52819.html HTTP/1.0" 200 85678 "-" "Mozilla/5.0 (compatible; BLEXBot/1.0; +http://webmeup-crawler.com/)"
157.90.209.79 - - [22/Mar/2024:01:20:52 +0100] "GET /horse-club-brown-umbrella-p-9493.html HTTP/1.0" 200 85060 "-" "Mozilla/5.0 (compatible; BLEXBot/1.0; +http://webmeup-crawler.com/)"
157.90.209.79 - - [22/Mar/2024:01:20:56 +0100] "GET /horse-cookware-cbkreation-p-29752.html HTTP/1.0" 200 84280 "-" "Mozilla/5.0 (compatible; BLEXBot/1.0; +http://webmeup-crawler.com/)"
157.90.209.79 - - [22/Mar/2024:01:21:00 +0100] "GET /horse-cookware-cbkreation-p-29797.html HTTP/1.0" 200 84280 "-" "Mozilla/5.0 (compatible; BLEXBot/1.0; +http://webmeup-crawler.com/)"
157.90.209.79 - - [22/Mar/2024:01:21:04 +0100] "GET /horse-jewelry-p-49356.html HTTP/1.0" 200 84968 "-" "Mozilla/5.0 (compatible; BLEXBot/1.0; +http://webmeup-crawler.com/)"
157.90.209.79 - - [22/Mar/2024:01:21:08 +0100] "GET /horse-mouse-p-24680.html HTTP/1.0" 200 84134 "-" "Mozilla/5.0 (compatible; BLEXBot/1.0; +http://webmeup-crawler.com/)"
66.249.66.206 - - [22/Mar/2024:01:21:14 +0100] "GET /blue-little-prince-money-p-49730.html HTTP/1.0" 200 81988 "-" "Mozilla/5.0 (Linux; Android 6.0.1; Nexus 5X Build/MMB29P) AppleWebKit/537.36 (KHTML, like Gecko) Chrome/122.0.6261.94 Mobile Safari/537.36 (compatible; Googlebot/2.1; +http://www.google.com/bot.html)"
157.90.209.79 - - [22/Mar/2024:01:21:15 +0100] "GET /horse-patchwork-pencil-case-p-40784.html HTTP/1.0" 200 84326 "-" "Mozilla/5.0 (compatible; BLEXBot/1.0; +http://webmeup-crawler.com/)"
66.249.66.205 - - [22/Mar/2024:01:21:19 +0100] "GET /js/jquery.jqzoom.js HTTP/1.0" 200 259 "http://www.wonder-geek.com/blue-little-prince-money-p-49730.html" "Mozilla/5.0 (Linux; Android 6.0.1; Nexus 5X Build/MMB29P) AppleWebKit/537.36 (KHTML, like Gecko) Chrome/122.0.6261.94 Mobile Safari/537.36 (compatible; Googlebot/2.1; +http://www.google.com/bot.html)"
40.77.167.60 - - [22/Mar/2024:01:21:16 +0100] "GET /christmas-tree-ornament-christmas-balls-c-13_271.html HTTP/1.0" 200 102177 "-" "Mozilla/5.0 AppleWebKit/537.36 (KHTML, like Gecko; compatible; bingbot/2.0; +http://www.bing.com/bingbot.htm) Chrome/116.0.1938.76 Safari/537.36"
157.90.209.79 - - [22/Mar/2024:01:21:21 +0100] "GET /horse-photo-frame-p-26643.html HTTP/1.0" 200 84257 "-" "Mozilla/5.0 (compatible; BLEXBot/1.0; +http://webmeup-crawler.com/)"
157.90.209.79 - - [22/Mar/2024:01:21:30 +0100] "GET /horse-photo-frame-p-26645.html HTTP/1.0" 200 84253 "-" "Mozilla/5.0 (compatible; BLEXBot/1.0; +http://webmeup-crawler.com/)"
54.36.149.30 - - [22/Mar/2024:01:21:36 +0100] "GET /shaped-night-light-p-58640.html HTTP/1.0" 200 85246 "-" "Mozilla/5.0 (compatible; AhrefsBot/7.0; +http://ahrefs.com/robot/)"
54.36.149.2 - - [22/Mar/2024:01:21:40 +0100] "GET /images/big_prod_3/3520071859927C.jpg HTTP/1.0" 200 271 "-" "Mozilla/5.0 (compatible; AhrefsBot/7.0; +http://ahrefs.com/robot/)"
54.36.149.74 - - [22/Mar/2024:01:21:40 +0100] "GET /images/big_prod/3520071859927.jpg HTTP/1.0" 200 268 "-" "Mozilla/5.0 (compatible; AhrefsBot/7.0; +http://ahrefs.com/robot/)"
54.36.148.11 - - [22/Mar/2024:01:21:41 +0100] "GET /images/big_prod_2/3520071859927D.jpg HTTP/1.0" 200 271 "-" "Mozilla/5.0 (compatible; AhrefsBot/7.0; +http://ahrefs.com/robot/)"
54.36.148.146 - - [22/Mar/2024:01:21:41 +0100] "GET /images/big_prod_1/3520071859927B.jpg HTTP/1.0" 200 271 "-" "Mozilla/5.0 (compatible; AhrefsBot/7.0; +http://ahrefs.com/robot/)"
157.90.209.79 - - [22/Mar/2024:01:21:42 +0100] "GET /horse-photo-frame-p-26647.html HTTP/1.0" 200 84254 "-" "Mozilla/5.0 (compatible; BLEXBot/1.0; +http://webmeup-crawler.com/)"
157.90.209.79 - - [22/Mar/2024:01:21:45 +0100] "GET /horse-portrait-canvas-frame-p-31840.html HTTP/1.0" 200 84335 "-" "Mozilla/5.0 (compatible; BLEXBot/1.0; +http://webmeup-crawler.com/)"
157.90.209.79 - - [22/Mar/2024:01:21:49 +0100] "GET /horse-portrait-canvas-frame-p-31841.html HTTP/1.0" 200 84335 "-" "Mozilla/5.0 (compatible; BLEXBot/1.0; +http://webmeup-crawler.com/)"
157.90.209.79 - - [22/Mar/2024:01:21:54 +0100] "GET /horse-portrait-canvas-frame-p-31842.html HTTP/1.0" 200 84335 "-" "Mozilla/5.0 (compatible; BLEXBot/1.0; +http://webmeup-crawler.com/)"
157.90.209.79 - - [22/Mar/2024:01:22:01 +0100] "GET /horses-bookends-p-57573.html HTTP/1.0" 200 84790 "-" "Mozilla/5.0 (compatible; BLEXBot/1.0; +http://webmeup-crawler.com/)"
157.90.209.79 - - [22/Mar/2024:01:22:06 +0100] "GET /horses-cosmetic-p-24232.html HTTP/1.0" 200 84304 "-" "Mozilla/5.0 (compatible; BLEXBot/1.0; +http://webmeup-crawler.com/)"
157.90.209.79 - - [22/Mar/2024:01:22:09 +0100] "GET /horses-dreams-drawin-book-p-21504.html HTTP/1.0" 200 84606 "-" "Mozilla/5.0 (compatible; BLEXBot/1.0; +http://webmeup-crawler.com/)"
157.90.209.79 - - [22/Mar/2024:01:22:15 +0100] "GET /horses-dreams-stickerbook-p-9606.html HTTP/1.0" 200 84314 "-" "Mozilla/5.0 (compatible; BLEXBot/1.0; +http://webmeup-crawler.com/)"
157.90.209.79 - - [22/Mar/2024:01:22:23 +0100] "GET /horses-keyring-p-33559.html HTTP/1.0" 200 86184 "-" "Mozilla/5.0 (compatible; BLEXBot/1.0; +http://webmeup-crawler.com/)"
157.90.209.79 - - [22/Mar/2024:01:22:26 +0100] "GET /horses-keyring-p-33560.html HTTP/1.0" 200 86007 "-" "Mozilla/5.0 (compatible; BLEXBot/1.0; +http://webmeup-crawler.com/)"
157.90.209.79 - - [22/Mar/2024:01:22:31 +0100] "GET /horses-keyring-p-33561.html HTTP/1.0" 200 86184 "-" "Mozilla/5.0 (compatible; BLEXBot/1.0; +http://webmeup-crawler.com/)"
157.90.209.79 - - [22/Mar/2024:01:22:34 +0100] "GET /horses-keyring-p-33562.html HTTP/1.0" 200 85424 "-" "Mozilla/5.0 (compatible; BLEXBot/1.0; +http://webmeup-crawler.com/)"
54.36.148.143 - - [22/Mar/2024:01:22:40 +0100] "GET /small-candle-ocean-sapphire-p-51070.html HTTP/1.0" 200 84885 "-" "Mozilla/5.0 (compatible; AhrefsBot/7.0; +http://ahrefs.com/robot/)"
157.90.209.79 - - [22/Mar/2024:01:22:42 +0100] "GET /horses-little-beauty-p-24233.html HTTP/1.0" 200 84398 "-" "Mozilla/5.0 (compatible; BLEXBot/1.0; +http://webmeup-crawler.com/)"
17.241.75.249 - - [22/Mar/2024:01:22:48 +0100] "GET /images/big_prod_1/8422810075771b.jpg HTTP/1.0" 200 271 "-" "Mozilla/5.0 (Macintosh; Intel Mac OS X 10_15_5) AppleWebKit/605.1.15 (KHTML, like Gecko) Version/13.1.1 Safari/605.1.15 (Applebot/0.1; +http://www.apple.com/go/applebot)"
157.90.209.79 - - [22/Mar/2024:01:22:59 +0100] "GET /horses-stickers-p-19586.html HTTP/1.0" 200 84246 "-" "Mozilla/5.0 (compatible; BLEXBot/1.0; +http://webmeup-crawler.com/)"
119.8.242.38 - - [22/Mar/2024:01:23:03 +0100] "GET /images/mini_prod/1399984248713.jpg HTTP/1.0" 200 269 "-" "Mozilla/5.0 (X11; Ubuntu; Linux x86_64; rv:72.0) Gecko/20100101 Firefox/72.0"
157.90.209.79 - - [22/Mar/2024:01:23:03 +0100] "GET /horses-stickers-p-19589.html HTTP/1.0" 200 84246 "-" "Mozilla/5.0 (compatible; BLEXBot/1.0; +http://webmeup-crawler.com/)"
157.90.209.79 - - [22/Mar/2024:01:23:06 +0100] "GET /horses-stickers-p-19590.html HTTP/1.0" 200 84245 "-" "Mozilla/5.0 (compatible; BLEXBot/1.0; +http://webmeup-crawler.com/)"
40.77.167.2 - - [22/Mar/2024:01:23:11 +0100] "GET /images/8420406457710.jpg HTTP/1.0" 200 259 "-" "Mozilla/5.0 AppleWebKit/537.36 (KHTML, like Gecko; compatible; bingbot/2.0; +http://www.bing.com/bingbot.htm) Chrome/116.0.1938.76 Safari/537.36"
157.90.209.79 - - [22/Mar/2024:01:23:11 +0100] "GET /horses-training-bottle-cbkreation-p-29795.html HTTP/1.0" 200 85225 "-" "Mozilla/5.0 (compatible; BLEXBot/1.0; +http://webmeup-crawler.com/)"
40.77.167.2 - - [22/Mar/2024:01:23:32 +0100] "GET /images/mini_prod/3453131149990.jpg HTTP/1.0" 200 269 "-" "Mozilla/5.0 AppleWebKit/537.36 (KHTML, like Gecko; compatible; bingbot/2.0; +http://www.bing.com/bingbot.htm) Chrome/116.0.1938.76 Safari/537.36"
207.46.13.54 - - [22/Mar/2024:01:23:37 +0100] "GET /money-boxes-c-13_83.html?page=6 HTTP/1.0" 200 103218 "-" "Mozilla/5.0 AppleWebKit/537.36 (KHTML, like Gecko; compatible; bingbot/2.0; +http://www.bing.com/bingbot.htm) Chrome/116.0.1938.76 Safari/537.36"
157.90.209.79 - - [22/Mar/2024:01:23:45 +0100] "GET /hourglass-decoration-glass-pink-sand-p-60048.html HTTP/1.0" 200 85258 "-" "Mozilla/5.0 (compatible; BLEXBot/1.0; +http://webmeup-crawler.com/)"
157.90.209.79 - - [22/Mar/2024:01:23:47 +0100] "GET /hourglass-decoration-glass-sand-glitter-p-53615.html HTTP/1.0" 200 84493 "-" "Mozilla/5.0 (compatible; BLEXBot/1.0; +http://webmeup-crawler.com/)"
17.241.227.200 - - [22/Mar/2024:01:23:51 +0100] "GET /images/mini_prod/8719497615025.jpg HTTP/1.0" 200 269 "-" "Mozilla/5.0 (Macintosh; Intel Mac OS X 10_15_5) AppleWebKit/605.1.15 (KHTML, like Gecko) Version/13.1.1 Safari/605.1.15 (Applebot/0.1; +http://www.apple.com/go/applebot)"
54.36.148.24 - - [22/Mar/2024:01:23:51 +0100] "GET /small-coconut-bowl-p-59590.html HTTP/1.0" 200 85287 "-" "Mozilla/5.0 (compatible; AhrefsBot/7.0; +http://ahrefs.com/robot/)"
157.90.209.79 - - [22/Mar/2024:01:23:51 +0100] "GET /hourglass-decoration-olive-wood-p-50862.html HTTP/1.0" 200 84412 "-" "Mozilla/5.0 (compatible; BLEXBot/1.0; +http://webmeup-crawler.com/)"
54.36.148.159 - - [22/Mar/2024:01:23:53 +0100] "GET /images/big_prod/8422099336013.jpg HTTP/1.0" 200 268 "-" "Mozilla/5.0 (compatible; AhrefsBot/7.0; +http://ahrefs.com/robot/)"
157.90.209.79 - - [22/Mar/2024:01:23:54 +0100] "GET /household-linen-c-11.html?page=10 HTTP/1.0" 200 103905 "-" "Mozilla/5.0 (compatible; BLEXBot/1.0; +http://webmeup-crawler.com/)"
157.90.209.79 - - [22/Mar/2024:01:23:58 +0100] "GET /household-linen-c-11.html?page=11 HTTP/1.0" 200 104717 "-" "Mozilla/5.0 (compatible; BLEXBot/1.0; +http://webmeup-crawler.com/)"
157.90.209.79 - - [22/Mar/2024:01:24:04 +0100] "GET /household-linen-c-11.html?page=2 HTTP/1.0" 200 103390 "-" "Mozilla/5.0 (compatible; BLEXBot/1.0; +http://webmeup-crawler.com/)"
17.241.75.94 - - [22/Mar/2024:01:24:10 +0100] "GET /images/mini_prod/8719075391709.jpg HTTP/1.0" 200 269 "-" "Mozilla/5.0 (Macintosh; Intel Mac OS X 10_15_5) AppleWebKit/605.1.15 (KHTML, like Gecko) Version/13.1.1 Safari/605.1.15 (Applebot/0.1; +http://www.apple.com/go/applebot)"
157.90.209.79 - - [22/Mar/2024:01:24:10 +0100] "GET /household-linen-c-11.html?page=3 HTTP/1.0" 200 103097 "-" "Mozilla/5.0 (compatible; BLEXBot/1.0; +http://webmeup-crawler.com/)"
157.90.209.79 - - [22/Mar/2024:01:24:17 +0100] "GET /household-linen-c-11.html?page=4 HTTP/1.0" 200 103569 "-" "Mozilla/5.0 (compatible; BLEXBot/1.0; +http://webmeup-crawler.com/)"
157.90.209.79 - - [22/Mar/2024:01:24:23 +0100] "GET /household-linen-c-11.html?page=5 HTTP/1.0" 200 103687 "-" "Mozilla/5.0 (compatible; BLEXBot/1.0; +http://webmeup-crawler.com/)"
157.90.209.79 - - [22/Mar/2024:01:24:28 +0100] "GET /household-linen-c-11.html?page=6 HTTP/1.0" 200 103730 "-" "Mozilla/5.0 (compatible; BLEXBot/1.0; +http://webmeup-crawler.com/)"
157.90.209.79 - - [22/Mar/2024:01:24:34 +0100] "GET /household-linen-c-11.html?page=7 HTTP/1.0" 200 103657 "-" "Mozilla/5.0 (compatible; BLEXBot/1.0; +http://webmeup-crawler.com/)"
157.90.209.79 - - [22/Mar/2024:01:24:59 +0100] "GET /household-linen-c-11.html?page=8 HTTP/1.0" 200 103661 "-" "Mozilla/5.0 (compatible; BLEXBot/1.0; +http://webmeup-crawler.com/)"
54.36.149.44 - - [22/Mar/2024:01:25:02 +0100] "GET /kitchen-oven-glove-vibrant-spring-p-61556.html HTTP/1.0" 200 85404 "-" "Mozilla/5.0 (compatible; AhrefsBot/7.0; +http://ahrefs.com/robot/)"
157.90.209.79 - - [22/Mar/2024:01:25:05 +0100] "GET /household-linen-c-11.html?page=9 HTTP/1.0" 200 105305 "-" "Mozilla/5.0 (compatible; BLEXBot/1.0; +http://webmeup-crawler.com/)"
157.90.209.79 - - [22/Mar/2024:01:25:10 +0100] "GET /huile-olive-provence-small-ashtray-p-39663.html HTTP/1.0" 200 84382 "-" "Mozilla/5.0 (compatible; BLEXBot/1.0; +http://webmeup-crawler.com/)"
157.90.209.79 - - [22/Mar/2024:01:25:22 +0100] "GET /humorous-thermometer-apro-p-53418.html HTTP/1.0" 200 85237 "-" "Mozilla/5.0 (compatible; BLEXBot/1.0; +http://webmeup-crawler.com/)"
157.90.209.79 - - [22/Mar/2024:01:25:27 +0100] "GET /humorous-thermometer-p-59947.html HTTP/1.0" 200 85145 "-" "Mozilla/5.0 (compatible; BLEXBot/1.0; +http://webmeup-crawler.com/)"
125.19.181.210 - - [22/Mar/2024:01:25:35 +0100] "GET /images/mini_prod/3700653501219.jpg HTTP/1.0" 200 269 "-" "Mozilla/5.0 (X11; Ubuntu; Linux x86_64; rv:72.0) Gecko/20100101 Firefox/72.0"
157.90.209.79 - - [22/Mar/2024:01:25:39 +0100] "GET /humorous-thermometer-p-59949.html HTTP/1.0" 200 85145 "-" "Mozilla/5.0 (compatible; BLEXBot/1.0; +http://webmeup-crawler.com/)"
157.90.209.79 - - [22/Mar/2024:01:25:43 +0100] "GET /humorous-thermometer-p-59950.html HTTP/1.0" 200 85145 "-" "Mozilla/5.0 (compatible; BLEXBot/1.0; +http://webmeup-crawler.com/)"
157.90.209.79 - - [22/Mar/2024:01:25:47 +0100] "GET /incas-shower-curtain-p-60818.html HTTP/1.0" 200 84960 "-" "Mozilla/5.0 (compatible; BLEXBot/1.0; +http://webmeup-crawler.com/)"
17.241.227.239 - - [22/Mar/2024:01:26:07 +0100] "GET /images/mini_prod/3700281647327C.jpg HTTP/1.0" 200 270 "-" "Mozilla/5.0 (Macintosh; Intel Mac OS X 10_15_5) AppleWebKit/605.1.15 (KHTML, like Gecko) Version/13.1.1 Safari/605.1.15 (Applebot/0.1; +http://www.apple.com/go/applebot)"
47.252.71.224 - - [22/Mar/2024:01:26:19 +0100] "HEAD /images/mini_prod/3560600297288.jpg HTTP/1.0" 200 291 "-" "Go-http-client/1.1"
47.252.90.20 - - [22/Mar/2024:01:26:19 +0100] "GET /images/mini_prod/3560600297288.jpg HTTP/1.0" 200 269 "-" "Go-http-client/1.1"
216.244.66.242 - - [22/Mar/2024:01:26:21 +0100] "GET /robots.txt HTTP/1.0" 301 531 "-" "Mozilla/5.0 (compatible; DotBot/1.2; +https://opensiteexplorer.org/dotbot; help@moz.com)"
216.244.66.242 - - [22/Mar/2024:01:26:22 +0100] "GET /robots.txt HTTP/1.0" 200 245 "-" "Mozilla/5.0 (compatible; DotBot/1.2; +https://opensiteexplorer.org/dotbot; help@moz.com)"
216.244.66.242 - - [22/Mar/2024:01:26:22 +0100] "GET /robots.txt HTTP/1.0" 200 245 "-" "Mozilla/5.0 (compatible; DotBot/1.2; +https://opensiteexplorer.org/dotbot; help@moz.com)"
157.90.209.79 - - [22/Mar/2024:01:26:29 +0100] "GET /incense-c-231_226.html?page=2 HTTP/1.0" 200 104032 "-" "Mozilla/5.0 (compatible; BLEXBot/1.0; +http://webmeup-crawler.com/)"
157.90.209.79 - - [22/Mar/2024:01:26:35 +0100] "GET /incense-c-231_226.html?page=3 HTTP/1.0" 200 103120 "-" "Mozilla/5.0 (compatible; BLEXBot/1.0; +http://webmeup-crawler.com/)"
54.36.149.52 - - [22/Mar/2024:01:26:45 +0100] "GET /isothermic-stainless-steel-bottle-tree-life-cbkreation-p-60746.html HTTP/1.0" 200 85223 "-" "Mozilla/5.0 (compatible; AhrefsBot/7.0; +http://ahrefs.com/robot/)"
157.90.209.79 - - [22/Mar/2024:01:26:54 +0100] "GET /incense-c-231_226.html?page=4 HTTP/1.0" 200 103499 "-" "Mozilla/5.0 (compatible; BLEXBot/1.0; +http://webmeup-crawler.com/)"
157.90.209.79 - - [22/Mar/2024:01:27:00 +0100] "GET /incense-c-231_226.html?page=5 HTTP/1.0" 200 103077 "-" "Mozilla/5.0 (compatible; BLEXBot/1.0; +http://webmeup-crawler.com/)"
157.90.209.79 - - [22/Mar/2024:01:27:03 +0100] "GET /incense-c-231_226.html?page=6 HTTP/1.0" 200 103848 "-" "Mozilla/5.0 (compatible; BLEXBot/1.0; +http://webmeup-crawler.com/)"
157.90.209.79 - - [22/Mar/2024:01:27:11 +0100] "GET /incense-c-231_226.html?page=7 HTTP/1.0" 200 95288 "-" "Mozilla/5.0 (compatible; BLEXBot/1.0; +http://webmeup-crawler.com/)"
157.90.209.79 - - [22/Mar/2024:01:27:17 +0100] "GET /incense-champa-super-grams-about-sticks-p-48090.html HTTP/1.0" 200 84839 "-" "Mozilla/5.0 (compatible; BLEXBot/1.0; +http://webmeup-crawler.com/)"
157.90.209.79 - - [22/Mar/2024:01:27:22 +0100] "GET /incense-holder-incense-burner-c-231_229.html?page=2 HTTP/1.0" 200 103393 "-" "Mozilla/5.0 (compatible; BLEXBot/1.0; +http://webmeup-crawler.com/)"
157.90.209.79 - - [22/Mar/2024:01:27:27 +0100] "GET /incense-holder-incense-burner-c-231_229.html?page=3 HTTP/1.0" 200 103572 "-" "Mozilla/5.0 (compatible; BLEXBot/1.0; +http://webmeup-crawler.com/)"
157.90.209.79 - - [22/Mar/2024:01:27:38 +0100] "GET /incense-holder-incense-burner-c-231_229.html?page=4 HTTP/1.0" 200 103676 "-" "Mozilla/5.0 (compatible; BLEXBot/1.0; +http://webmeup-crawler.com/)"
157.90.209.79 - - [22/Mar/2024:01:27:44 +0100] "GET /incense-holder-incense-burner-c-231_229.html?page=5 HTTP/1.0" 200 98959 "-" "Mozilla/5.0 (compatible; BLEXBot/1.0; +http://webmeup-crawler.com/)"
157.90.209.79 - - [22/Mar/2024:01:27:48 +0100] "GET /incense-meditation-grams-about-sticks-p-45149.html HTTP/1.0" 200 84778 "-" "Mozilla/5.0 (compatible; BLEXBot/1.0; +http://webmeup-crawler.com/)"
157.90.209.79 - - [22/Mar/2024:01:27:53 +0100] "GET /incense-namaste-grams-about-sticks-p-45147.html HTTP/1.0" 200 84754 "-" "Mozilla/5.0 (compatible; BLEXBot/1.0; +http://webmeup-crawler.com/)"
157.90.209.79 - - [22/Mar/2024:01:27:56 +0100] "GET /incense-positive-vibes-grams-about-sticks-p-45148.html HTTP/1.0" 200 85464 "-" "Mozilla/5.0 (compatible; BLEXBot/1.0; +http://webmeup-crawler.com/)"
157.90.209.79 - - [22/Mar/2024:01:28:01 +0100] "GET /incense-reiki-grams-about-sticks-p-45146.html HTTP/1.0" 200 84738 "-" "Mozilla/5.0 (compatible; BLEXBot/1.0; +http://webmeup-crawler.com/)"
157.90.209.79 - - [22/Mar/2024:01:28:28 +0100] "GET /incense-rose-grams-about-sticks-p-52436.html HTTP/1.0" 200 84536 "-" "Mozilla/5.0 (compatible; BLEXBot/1.0; +http://webmeup-crawler.com/)"
157.90.209.79 - - [22/Mar/2024:01:28:37 +0100] "GET /incense-satya-champa-jasmine-grams-about-sticks-p-44396.html HTTP/1.0" 200 84894 "-" "Mozilla/5.0 (compatible; BLEXBot/1.0; +http://webmeup-crawler.com/)"
54.36.148.237 - - [22/Mar/2024:01:28:39 +0100] "GET /gold-wall-mirrors-p-59554.html HTTP/1.0" 200 85169 "-" "Mozilla/5.0 (compatible; AhrefsBot/7.0; +http://ahrefs.com/robot/)"
157.90.209.79 - - [22/Mar/2024:01:28:43 +0100] "GET /incense-satya-champa-karma-grams-about-sticks-p-45279.html HTTP/1.0" 200 84878 "-" "Mozilla/5.0 (compatible; BLEXBot/1.0; +http://webmeup-crawler.com/)"
54.36.149.84 - - [22/Mar/2024:01:28:44 +0100] "GET /images/big_prod/8445148012782.jpg HTTP/1.0" 200 268 "-" "Mozilla/5.0 (compatible; AhrefsBot/7.0; +http://ahrefs.com/robot/)"
51.68.224.127 - - [22/Mar/2024:01:28:48 +0100] "GET /adminweb/export_orders_xml.php?token=256de2z6edz6ed2z6DFSFsed2zed6zeDSFDSGdzedezfzf&maxorders=10&orderstart=1&status=14&start_date=2018-10-01 HTTP/1.0" 200 285 "-" "GesCom CharlotteBoutik Serveur"
51.68.224.127 - - [22/Mar/2024:01:28:48 +0100] "GET /adminweb/export_orders_xml.php?token=256de2z6edz6ed2z6DFSFsed2zed6zeDSFDSGdzedezfzf&maxorders=10&orderstart=1&status=6&start_date=2018-10-01 HTTP/1.0" 200 34517 "-" "GesCom CharlotteBoutik Serveur"
