157.90.209.79 - - [21/Mar/2024:07:36:44 +0100] "GET /posters-stickers-wall-c-13_147.html HTTP/1.0" 200 101275 "-" "Mozilla/5.0 (compatible; BLEXBot/1.0; +http://webmeup-crawler.com/)"
157.90.209.79 - - [21/Mar/2024:07:36:46 +0100] "GET /-c-95_372.html HTTP/1.0" 200 80762 "-" "Mozilla/5.0 (compatible; BLEXBot/1.0; +http://webmeup-crawler.com/)"
54.36.148.228 - - [21/Mar/2024:07:36:48 +0100] "GET /images/big_prod/8424345932437.jpg HTTP/1.0" 200 268 "-" "Mozilla/5.0 (compatible; AhrefsBot/7.0; +http://ahrefs.com/robot/)"
54.36.148.1 - - [21/Mar/2024:07:36:48 +0100] "GET /images/big_prod_1/8424345932437A.jpg HTTP/1.0" 200 271 "-" "Mozilla/5.0 (compatible; AhrefsBot/7.0; +http://ahrefs.com/robot/)"
216.244.66.242 - - [21/Mar/2024:07:36:50 +0100] "GET /decorations-and-furnishings/furnishings/disney-princess-table-p-1203.html HTTP/1.0" 301 657 "-" "Mozilla/5.0 (compatible; DotBot/1.2; +https://opensiteexplorer.org/dotbot; help@moz.com)"
157.90.209.79 - - [21/Mar/2024:07:36:49 +0100] "GET /pots-cookie-jars-c-12_250.html HTTP/1.0" 200 101228 "-" "Mozilla/5.0 (compatible; BLEXBot/1.0; +http://webmeup-crawler.com/)"
157.90.209.79 - - [21/Mar/2024:07:36:52 +0100] "GET /-c-95_373.html HTTP/1.0" 200 80762 "-" "Mozilla/5.0 (compatible; BLEXBot/1.0; +http://webmeup-crawler.com/)"
157.90.209.79 - - [21/Mar/2024:07:36:52 +0100] "GET /products_new.php HTTP/1.0" 200 106078 "-" "Mozilla/5.0 (compatible; BLEXBot/1.0; +http://webmeup-crawler.com/)"
157.90.209.79 - - [21/Mar/2024:07:36:56 +0100] "GET /-c-95_374.html HTTP/1.0" 200 80762 "-" "Mozilla/5.0 (compatible; BLEXBot/1.0; +http://webmeup-crawler.com/)"
157.90.209.79 - - [21/Mar/2024:07:36:57 +0100] "GET /purse-wallet-c-31_76.html HTTP/1.0" 200 102130 "-" "Mozilla/5.0 (compatible; BLEXBot/1.0; +http://webmeup-crawler.com/)"
157.90.209.79 - - [21/Mar/2024:07:37:01 +0100] "GET /-c-95_375.html HTTP/1.0" 200 80762 "-" "Mozilla/5.0 (compatible; BLEXBot/1.0; +http://webmeup-crawler.com/)"
157.90.209.79 - - [21/Mar/2024:07:37:05 +0100] "GET /puzzles-c-4_144.html HTTP/1.0" 200 88590 "-" "Mozilla/5.0 (compatible; BLEXBot/1.0; +http://webmeup-crawler.com/)"
157.90.209.79 - - [21/Mar/2024:07:37:06 +0100] "GET /-c-95_376.html HTTP/1.0" 200 80762 "-" "Mozilla/5.0 (compatible; BLEXBot/1.0; +http://webmeup-crawler.com/)"
157.90.209.79 - - [21/Mar/2024:07:37:10 +0100] "GET /religious-statuettes-angels-c-292_404.html HTTP/1.0" 200 102629 "-" "Mozilla/5.0 (compatible; BLEXBot/1.0; +http://webmeup-crawler.com/)"
157.90.209.79 - - [21/Mar/2024:07:37:14 +0100] "GET /reproduction-sculptures-statues-from-museum-c-292_408.html HTTP/1.0" 200 102964 "-" "Mozilla/5.0 (compatible; BLEXBot/1.0; +http://webmeup-crawler.com/)"
157.90.209.79 - - [21/Mar/2024:07:37:18 +0100] "GET /resin-stone-boxes-storage-c-13_150_84.html HTTP/1.0" 200 94375 "-" "Mozilla/5.0 (compatible; BLEXBot/1.0; +http://webmeup-crawler.com/)"
52.167.144.230 - - [21/Mar/2024:07:37:19 +0100] "GET /personalized-products-c-97.html HTTP/1.0" 200 101439 "-" "Mozilla/5.0 AppleWebKit/537.36 (KHTML, like Gecko; compatible; bingbot/2.0; +http://www.bing.com/bingbot.htm) Chrome/116.0.1938.76 Safari/537.36"
157.90.209.79 - - [21/Mar/2024:07:37:20 +0100] "GET /-c-95_377.html HTTP/1.0" 200 80762 "-" "Mozilla/5.0 (compatible; BLEXBot/1.0; +http://webmeup-crawler.com/)"
157.90.209.79 - - [21/Mar/2024:07:37:26 +0100] "GET /-c-95_378.html HTTP/1.0" 200 80762 "-" "Mozilla/5.0 (compatible; BLEXBot/1.0; +http://webmeup-crawler.com/)"
157.55.39.204 - - [21/Mar/2024:07:37:28 +0100] "GET /images/med_prod/1384010178997.jpg HTTP/1.0" 200 268 "-" "Mozilla/5.0 AppleWebKit/537.36 (KHTML, like Gecko; compatible; bingbot/2.0; +http://www.bing.com/bingbot.htm) Chrome/116.0.1938.76 Safari/537.36"
54.36.148.90 - - [21/Mar/2024:07:37:30 +0100] "GET /images/big_prod_4/8424345932437D.jpg HTTP/1.0" 200 271 "-" "Mozilla/5.0 (compatible; AhrefsBot/7.0; +http://ahrefs.com/robot/)"
157.90.209.79 - - [21/Mar/2024:07:37:30 +0100] "GET /rings-c-3_257.html HTTP/1.0" 200 97667 "-" "Mozilla/5.0 (compatible; BLEXBot/1.0; +http://webmeup-crawler.com/)"
157.90.209.79 - - [21/Mar/2024:07:37:31 +0100] "GET /-c-95_379.html HTTP/1.0" 200 80762 "-" "Mozilla/5.0 (compatible; BLEXBot/1.0; +http://webmeup-crawler.com/)"
157.90.209.79 - - [21/Mar/2024:07:37:35 +0100] "GET /round-trays-c-12_159_263.html HTTP/1.0" 200 101173 "-" "Mozilla/5.0 (compatible; BLEXBot/1.0; +http://webmeup-crawler.com/)"
54.36.149.97 - - [21/Mar/2024:07:37:37 +0100] "GET /images/big_prod_2/8424345932437B.jpg HTTP/1.0" 200 271 "-" "Mozilla/5.0 (compatible; AhrefsBot/7.0; +http://ahrefs.com/robot/)"
54.36.148.182 - - [21/Mar/2024:07:37:37 +0100] "GET /images/big_prod_3/8424345932437C.jpg HTTP/1.0" 200 271 "-" "Mozilla/5.0 (compatible; AhrefsBot/7.0; +http://ahrefs.com/robot/)"
157.90.209.79 - - [21/Mar/2024:07:37:37 +0100] "GET /-c-95_380.html HTTP/1.0" 200 80762 "-" "Mozilla/5.0 (compatible; BLEXBot/1.0; +http://webmeup-crawler.com/)"
157.90.209.79 - - [21/Mar/2024:07:37:39 +0100] "GET /rugs-c-11_269.html HTTP/1.0" 200 102433 "-" "Mozilla/5.0 (compatible; BLEXBot/1.0; +http://webmeup-crawler.com/)"
157.90.209.79 - - [21/Mar/2024:07:37:43 +0100] "GET /salt-boxes-jars-c-12_223.html HTTP/1.0" 200 101926 "-" "Mozilla/5.0 (compatible; BLEXBot/1.0; +http://webmeup-crawler.com/)"
157.90.209.79 - - [21/Mar/2024:07:37:47 +0100] "GET /-c-95_381.html HTTP/1.0" 200 80762 "-" "Mozilla/5.0 (compatible; BLEXBot/1.0; +http://webmeup-crawler.com/)"
157.90.209.79 - - [21/Mar/2024:07:37:48 +0100] "GET /salt-pepper-shaker-sets-c-12_160.html HTTP/1.0" 200 101717 "-" "Mozilla/5.0 (compatible; BLEXBot/1.0; +http://webmeup-crawler.com/)"
157.90.209.79 - - [21/Mar/2024:07:37:51 +0100] "GET /scented-candles-c-231_227_353.html HTTP/1.0" 200 104264 "-" "Mozilla/5.0 (compatible; BLEXBot/1.0; +http://webmeup-crawler.com/)"
157.90.209.79 - - [21/Mar/2024:07:37:53 +0100] "GET /-c-95_382.html HTTP/1.0" 200 80762 "-" "Mozilla/5.0 (compatible; BLEXBot/1.0; +http://webmeup-crawler.com/)"
157.90.209.79 - - [21/Mar/2024:07:37:55 +0100] "GET /scented-candles-novenas-c-231_227.html HTTP/1.0" 200 103873 "-" "Mozilla/5.0 (compatible; BLEXBot/1.0; +http://webmeup-crawler.com/)"
157.90.209.79 - - [21/Mar/2024:07:37:58 +0100] "GET /school-trolley-c-31_169.html HTTP/1.0" 200 90755 "-" "Mozilla/5.0 (compatible; BLEXBot/1.0; +http://webmeup-crawler.com/)"
157.90.209.79 - - [21/Mar/2024:07:37:59 +0100] "GET /-c-95_383.html HTTP/1.0" 200 80762 "-" "Mozilla/5.0 (compatible; BLEXBot/1.0; +http://webmeup-crawler.com/)"
157.90.209.79 - - [21/Mar/2024:07:38:02 +0100] "GET /set-c-2_34.html HTTP/1.0" 200 88214 "-" "Mozilla/5.0 (compatible; BLEXBot/1.0; +http://webmeup-crawler.com/)"
157.90.209.79 - - [21/Mar/2024:07:38:03 +0100] "GET /-c-95_384.html HTTP/1.0" 200 80762 "-" "Mozilla/5.0 (compatible; BLEXBot/1.0; +http://webmeup-crawler.com/)"
157.90.209.79 - - [21/Mar/2024:07:38:05 +0100] "GET /shelf-furniture-c-13_87.html HTTP/1.0" 200 94038 "-" "Mozilla/5.0 (compatible; BLEXBot/1.0; +http://webmeup-crawler.com/)"
157.90.209.79 - - [21/Mar/2024:07:38:08 +0100] "GET /shirts-sweatshirts-c-53_54.html HTTP/1.0" 200 103935 "-" "Mozilla/5.0 (compatible; BLEXBot/1.0; +http://webmeup-crawler.com/)"
157.90.209.79 - - [21/Mar/2024:07:38:09 +0100] "GET /-c-95_385.html HTTP/1.0" 200 80762 "-" "Mozilla/5.0 (compatible; BLEXBot/1.0; +http://webmeup-crawler.com/)"
157.90.209.79 - - [21/Mar/2024:07:38:13 +0100] "GET /shirts-sweatshirts-women-c-53_55.html HTTP/1.0" 200 103994 "-" "Mozilla/5.0 (compatible; BLEXBot/1.0; +http://webmeup-crawler.com/)"
157.90.209.79 - - [21/Mar/2024:07:38:14 +0100] "GET /-c-95_386.html HTTP/1.0" 200 80762 "-" "Mozilla/5.0 (compatible; BLEXBot/1.0; +http://webmeup-crawler.com/)"
157.90.209.79 - - [21/Mar/2024:07:38:17 +0100] "GET /shop-c-155.html HTTP/1.0" 200 100250 "-" "Mozilla/5.0 (compatible; BLEXBot/1.0; +http://webmeup-crawler.com/)"
157.90.209.79 - - [21/Mar/2024:07:38:19 +0100] "GET /-c-95_387.html HTTP/1.0" 200 80762 "-" "Mozilla/5.0 (compatible; BLEXBot/1.0; +http://webmeup-crawler.com/)"
157.90.209.79 - - [21/Mar/2024:07:38:21 +0100] "GET /shower-curtain-c-11_168.html HTTP/1.0" 200 101498 "-" "Mozilla/5.0 (compatible; BLEXBot/1.0; +http://webmeup-crawler.com/)"
157.90.209.79 - - [21/Mar/2024:07:38:24 +0100] "GET /small-appliances-hifi-c-13_88.html HTTP/1.0" 200 94651 "-" "Mozilla/5.0 (compatible; BLEXBot/1.0; +http://webmeup-crawler.com/)"
157.90.209.79 - - [21/Mar/2024:07:38:25 +0100] "GET /-c-95_388.html HTTP/1.0" 200 80762 "-" "Mozilla/5.0 (compatible; BLEXBot/1.0; +http://webmeup-crawler.com/)"
157.90.209.79 - - [21/Mar/2024:07:38:31 +0100] "GET /-c-95_389.html HTTP/1.0" 200 80762 "-" "Mozilla/5.0 (compatible; BLEXBot/1.0; +http://webmeup-crawler.com/)"
157.90.209.79 - - [21/Mar/2024:07:38:30 +0100] "GET /small-boxes-pill-c-13_150_154.html HTTP/1.0" 200 98259 "-" "Mozilla/5.0 (compatible; BLEXBot/1.0; +http://webmeup-crawler.com/)"
157.90.209.79 - - [21/Mar/2024:07:38:36 +0100] "GET /small-trays-c-12_159_261.html HTTP/1.0" 200 99901 "-" "Mozilla/5.0 (compatible; BLEXBot/1.0; +http://webmeup-crawler.com/)"
157.90.209.79 - - [21/Mar/2024:07:38:41 +0100] "GET /-c-95_390.html HTTP/1.0" 200 80762 "-" "Mozilla/5.0 (compatible; BLEXBot/1.0; +http://webmeup-crawler.com/)"
54.36.148.239 - - [21/Mar/2024:07:38:42 +0100] "GET /stoneware-bowl-p-59054.html HTTP/1.0" 200 84775 "-" "Mozilla/5.0 (compatible; AhrefsBot/7.0; +http://ahrefs.com/robot/)"
54.36.149.63 - - [21/Mar/2024:07:38:45 +0100] "GET /images/big_prod/8422020024828C.jpg HTTP/1.0" 200 269 "-" "Mozilla/5.0 (compatible; AhrefsBot/7.0; +http://ahrefs.com/robot/)"
157.90.209.79 - - [21/Mar/2024:07:38:45 +0100] "GET /smiski-figurines-c-292_407.html HTTP/1.0" 200 95874 "-" "Mozilla/5.0 (compatible; BLEXBot/1.0; +http://webmeup-crawler.com/)"
157.90.209.79 - - [21/Mar/2024:07:38:48 +0100] "GET /-c-95_391.html HTTP/1.0" 200 80762 "-" "Mozilla/5.0 (compatible; BLEXBot/1.0; +http://webmeup-crawler.com/)"
157.90.209.79 - - [21/Mar/2024:07:38:50 +0100] "GET /smokers-items-c-3_112.html HTTP/1.0" 200 103003 "-" "Mozilla/5.0 (compatible; BLEXBot/1.0; +http://webmeup-crawler.com/)"
157.90.209.79 - - [21/Mar/2024:07:38:53 +0100] "GET /-c-95_392.html HTTP/1.0" 200 80762 "-" "Mozilla/5.0 (compatible; BLEXBot/1.0; +http://webmeup-crawler.com/)"
157.90.209.79 - - [21/Mar/2024:07:38:54 +0100] "GET /snack-cooler-c-31_235.html HTTP/1.0" 200 102064 "-" "Mozilla/5.0 (compatible; BLEXBot/1.0; +http://webmeup-crawler.com/)"
157.90.209.79 - - [21/Mar/2024:07:38:59 +0100] "GET /snow-glitter-ball-c-13_259.html HTTP/1.0" 200 101491 "-" "Mozilla/5.0 (compatible; BLEXBot/1.0; +http://webmeup-crawler.com/)"
157.90.209.79 - - [21/Mar/2024:07:39:02 +0100] "GET /-c-95_393.html HTTP/1.0" 200 80762 "-" "Mozilla/5.0 (compatible; BLEXBot/1.0; +http://webmeup-crawler.com/)"
157.90.209.79 - - [21/Mar/2024:07:39:03 +0100] "GET /soap-c-13_150_171.html HTTP/1.0" 200 92871 "-" "Mozilla/5.0 (compatible; BLEXBot/1.0; +http://webmeup-crawler.com/)"
157.90.209.79 - - [21/Mar/2024:07:39:06 +0100] "GET /socks-c-1_141.html HTTP/1.0" 200 89258 "-" "Mozilla/5.0 (compatible; BLEXBot/1.0; +http://webmeup-crawler.com/)"
157.90.209.79 - - [21/Mar/2024:07:39:06 +0100] "GET /-c-95_394.html HTTP/1.0" 200 80762 "-" "Mozilla/5.0 (compatible; BLEXBot/1.0; +http://webmeup-crawler.com/)"
157.90.209.79 - - [21/Mar/2024:07:39:10 +0100] "GET /socks-c-2_142.html HTTP/1.0" 200 90884 "-" "Mozilla/5.0 (compatible; BLEXBot/1.0; +http://webmeup-crawler.com/)"
157.90.209.79 - - [21/Mar/2024:07:39:11 +0100] "GET /-c-95_395.html HTTP/1.0" 200 80762 "-" "Mozilla/5.0 (compatible; BLEXBot/1.0; +http://webmeup-crawler.com/)"
157.90.209.79 - - [21/Mar/2024:07:39:18 +0100] "GET /-c-95_396.html HTTP/1.0" 200 80762 "-" "Mozilla/5.0 (compatible; BLEXBot/1.0; +http://webmeup-crawler.com/)"
49.7.21.112 - - [21/Mar/2024:07:39:21 +0100] "GET / HTTP/1.0" 200 163348 "-" "Sogou web spider/4.0(+http://www.sogou.com/docs/help/webmasters.htm#07)"
157.90.209.79 - - [21/Mar/2024:07:39:29 +0100] "GET /-c-95_397.html HTTP/1.0" 200 80762 "-" "Mozilla/5.0 (compatible; BLEXBot/1.0; +http://webmeup-crawler.com/)"
157.90.209.79 - - [21/Mar/2024:07:39:34 +0100] "GET /-c-95_398.html HTTP/1.0" 200 80762 "-" "Mozilla/5.0 (compatible; BLEXBot/1.0; +http://webmeup-crawler.com/)"
212.25.11.56 - - [21/Mar/2024:07:39:44 +0100] "GET /images/mini_prod/1439116000007N.jpg HTTP/1.0" 200 270 "-" "Mozilla/5.0 (X11; Ubuntu; Linux x86_64; rv:72.0) Gecko/20100101 Firefox/72.0"
157.90.209.79 - - [21/Mar/2024:07:39:42 +0100] "GET /-c-95_399.html HTTP/1.0" 200 80762 "-" "Mozilla/5.0 (compatible; BLEXBot/1.0; +http://webmeup-crawler.com/)"
52.167.144.230 - - [21/Mar/2024:07:39:48 +0100] "GET /images/med_prod/3681643111185.jpg HTTP/1.0" 200 268 "-" "Mozilla/5.0 AppleWebKit/537.36 (KHTML, like Gecko; compatible; bingbot/2.0; +http://www.bing.com/bingbot.htm) Chrome/116.0.1938.76 Safari/537.36"
157.90.209.79 - - [21/Mar/2024:07:39:53 +0100] "GET /-c-95_400.html HTTP/1.0" 200 80762 "-" "Mozilla/5.0 (compatible; BLEXBot/1.0; +http://webmeup-crawler.com/)"
157.90.209.79 - - [21/Mar/2024:07:39:59 +0100] "GET /-c-95_401.html HTTP/1.0" 200 80762 "-" "Mozilla/5.0 (compatible; BLEXBot/1.0; +http://webmeup-crawler.com/)"
157.90.209.79 - - [21/Mar/2024:07:40:05 +0100] "GET /-c-95_402.html HTTP/1.0" 200 80762 "-" "Mozilla/5.0 (compatible; BLEXBot/1.0; +http://webmeup-crawler.com/)"
157.90.209.79 - - [21/Mar/2024:07:40:11 +0100] "GET /-c-95_403.html HTTP/1.0" 200 80762 "-" "Mozilla/5.0 (compatible; BLEXBot/1.0; +http://webmeup-crawler.com/)"
157.90.209.79 - - [21/Mar/2024:07:40:16 +0100] "GET /-c-97_196.html HTTP/1.0" 200 93679 "-" "Mozilla/5.0 (compatible; BLEXBot/1.0; +http://webmeup-crawler.com/)"
157.90.209.79 - - [21/Mar/2024:07:40:21 +0100] "GET /-i-17.html HTTP/1.0" 200 111051 "-" "Mozilla/5.0 (compatible; BLEXBot/1.0; +http://webmeup-crawler.com/)"
157.90.209.79 - - [21/Mar/2024:07:40:40 +0100] "GET /accessories-c-3.html HTTP/1.0" 200 104649 "-" "Mozilla/5.0 (compatible; BLEXBot/1.0; +http://webmeup-crawler.com/)"
54.36.148.41 - - [21/Mar/2024:07:40:41 +0100] "GET /incense-satya-champa-sandalwood-grams-about-sticks-p-57762.html HTTP/1.0" 200 85586 "-" "Mozilla/5.0 (compatible; AhrefsBot/7.0; +http://ahrefs.com/robot/)"
157.90.209.79 - - [21/Mar/2024:07:40:46 +0100] "GET /accessories-c-97_98.html HTTP/1.0" 200 95829 "-" "Mozilla/5.0 (compatible; BLEXBot/1.0; +http://webmeup-crawler.com/)"
157.90.209.79 - - [21/Mar/2024:07:40:54 +0100] "GET /accessories-mobiles-c-3_17.html HTTP/1.0" 200 105839 "-" "Mozilla/5.0 (compatible; BLEXBot/1.0; +http://webmeup-crawler.com/)"
207.46.13.31 - - [21/Mar/2024:07:40:56 +0100] "GET /images/parme3384370102340.jpg HTTP/1.0" 200 264 "-" "Mozilla/5.0 AppleWebKit/537.36 (KHTML, like Gecko; compatible; bingbot/2.0; +http://www.bing.com/bingbot.htm) Chrome/116.0.1938.76 Safari/537.36"
157.90.209.79 - - [21/Mar/2024:07:40:59 +0100] "GET /adaptable-decorative-caps-c-12_249.html HTTP/1.0" 200 90501 "-" "Mozilla/5.0 (compatible; BLEXBot/1.0; +http://webmeup-crawler.com/)"
157.90.209.79 - - [21/Mar/2024:07:41:04 +0100] "GET /adults-c-53.html HTTP/1.0" 200 103202 "-" "Mozilla/5.0 (compatible; BLEXBot/1.0; +http://webmeup-crawler.com/)"
157.90.209.79 - - [21/Mar/2024:07:41:08 +0100] "GET /african-statues-c-292_405.html HTTP/1.0" 200 99696 "-" "Mozilla/5.0 (compatible; BLEXBot/1.0; +http://webmeup-crawler.com/)"
157.90.209.79 - - [21/Mar/2024:07:41:12 +0100] "GET /alarms-clocks-c-13_65.html HTTP/1.0" 200 102281 "-" "Mozilla/5.0 (compatible; BLEXBot/1.0; +http://webmeup-crawler.com/)"
157.90.209.79 - - [21/Mar/2024:07:41:17 +0100] "GET /animated-figurines-solar-flowers-c-292_273.html HTTP/1.0" 200 90779 "-" "Mozilla/5.0 (compatible; BLEXBot/1.0; +http://webmeup-crawler.com/)"
157.90.209.79 - - [21/Mar/2024:07:41:21 +0100] "GET /aprons-c-11_74.html HTTP/1.0" 200 103108 "-" "Mozilla/5.0 (compatible; BLEXBot/1.0; +http://webmeup-crawler.com/)"
157.90.209.79 - - [21/Mar/2024:07:41:26 +0100] "GET /ashtrays-c-13_240.html HTTP/1.0" 200 102076 "-" "Mozilla/5.0 (compatible; BLEXBot/1.0; +http://webmeup-crawler.com/)"
157.90.209.79 - - [21/Mar/2024:07:41:31 +0100] "GET /backpacks-c-31_77.html HTTP/1.0" 200 104686 "-" "Mozilla/5.0 (compatible; BLEXBot/1.0; +http://webmeup-crawler.com/)"
157.90.209.79 - - [21/Mar/2024:07:41:37 +0100] "GET /bagshandbags-shoulder-bags-c-31_81.html HTTP/1.0" 200 106650 "-" "Mozilla/5.0 (compatible; BLEXBot/1.0; +http://webmeup-crawler.com/)"
49.7.21.127 - - [21/Mar/2024:07:41:36 +0100] "GET / HTTP/1.0" 200 163981 "-" "Sogou web spider/4.0(+http://www.sogou.com/docs/help/webmasters.htm#07)"
157.90.209.79 - - [21/Mar/2024:07:41:41 +0100] "GET /barbecue-aperitif-c-12_254.html HTTP/1.0" 200 98696 "-" "Mozilla/5.0 (compatible; BLEXBot/1.0; +http://webmeup-crawler.com/)"
157.90.209.79 - - [21/Mar/2024:07:41:46 +0100] "GET /baskets-c-13_289.html HTTP/1.0" 200 101461 "-" "Mozilla/5.0 (compatible; BLEXBot/1.0; +http://webmeup-crawler.com/)"
157.90.209.79 - - [21/Mar/2024:07:41:49 +0100] "GET /bath-c-11_269_267.html HTTP/1.0" 200 95612 "-" "Mozilla/5.0 (compatible; BLEXBot/1.0; +http://webmeup-crawler.com/)"
157.90.209.79 - - [21/Mar/2024:07:41:54 +0100] "GET /bathroom-accessories-c-13_172.html HTTP/1.0" 200 101448 "-" "Mozilla/5.0 (compatible; BLEXBot/1.0; +http://webmeup-crawler.com/)"
157.90.209.79 - - [21/Mar/2024:07:42:00 +0100] "GET /bedding-protection-c-11_192.html HTTP/1.0" 200 101915 "-" "Mozilla/5.0 (compatible; BLEXBot/1.0; +http://webmeup-crawler.com/)"
157.90.209.79 - - [21/Mar/2024:07:42:11 +0100] "GET /bell-wall-bell-c-13_270.html HTTP/1.0" 200 100536 "-" "Mozilla/5.0 (compatible; BLEXBot/1.0; +http://webmeup-crawler.com/)"
157.90.209.79 - - [21/Mar/2024:07:42:15 +0100] "GET /board-games-c-4_47.html HTTP/1.0" 200 89264 "-" "Mozilla/5.0 (compatible; BLEXBot/1.0; +http://webmeup-crawler.com/)"
157.90.209.79 - - [21/Mar/2024:07:42:20 +0100] "GET /bolstercases-c-11_318.html HTTP/1.0" 200 101429 "-" "Mozilla/5.0 (compatible; BLEXBot/1.0; +http://webmeup-crawler.com/)"
207.46.13.31 - - [21/Mar/2024:07:42:28 +0100] "GET /images/big_prod/5051276373010.jpg HTTP/1.0" 200 268 "-" "Mozilla/5.0 AppleWebKit/537.36 (KHTML, like Gecko; compatible; bingbot/2.0; +http://www.bing.com/bingbot.htm) Chrome/116.0.1938.76 Safari/537.36"
157.90.209.79 - - [21/Mar/2024:07:42:26 +0100] "GET /bookend-c-13_202.html HTTP/1.0" 200 101121 "-" "Mozilla/5.0 (compatible; BLEXBot/1.0; +http://webmeup-crawler.com/)"
157.90.209.79 - - [21/Mar/2024:07:42:31 +0100] "GET /bottle-holder-beer-bucket-c-12_224.html HTTP/1.0" 200 102352 "-" "Mozilla/5.0 (compatible; BLEXBot/1.0; +http://webmeup-crawler.com/)"
51.68.224.127 - - [21/Mar/2024:07:42:39 +0100] "GET /adminweb/export_orders_xml.php?token=256de2z6edz6ed2z6DFSFsed2zed6zeDSFDSGdzedezfzf&maxorders=10&orderstart=1&status=14&start_date=2018-10-01 HTTP/1.0" 200 285 "-" "GesCom CharlotteBoutik Serveur"
51.68.224.127 - - [21/Mar/2024:07:42:39 +0100] "GET /adminweb/export_orders_xml.php?token=256de2z6edz6ed2z6DFSFsed2zed6zeDSFDSGdzedezfzf&maxorders=10&orderstart=1&status=6&start_date=2018-10-01 HTTP/1.0" 200 34517 "-" "GesCom CharlotteBoutik Serveur"
157.90.209.79 - - [21/Mar/2024:07:42:39 +0100] "GET /boutis-quilt-bedspread-c-11_194.html HTTP/1.0" 200 102247 "-" "Mozilla/5.0 (compatible; BLEXBot/1.0; +http://webmeup-crawler.com/)"
157.90.209.79 - - [21/Mar/2024:07:42:50 +0100] "GET /bowls-c-12_255.html HTTP/1.0" 200 88136 "-" "Mozilla/5.0 (compatible; BLEXBot/1.0; +http://webmeup-crawler.com/)"
157.90.209.79 - - [21/Mar/2024:07:42:59 +0100] "GET /bowls-c-12_60.html HTTP/1.0" 200 103007 "-" "Mozilla/5.0 (compatible; BLEXBot/1.0; +http://webmeup-crawler.com/)"
54.36.148.210 - - [21/Mar/2024:07:43:03 +0100] "GET /gift-infuser-mandala-grey-p-43795.html HTTP/1.0" 200 84852 "-" "Mozilla/5.0 (compatible; AhrefsBot/7.0; +http://ahrefs.com/robot/)"
157.90.209.79 - - [21/Mar/2024:07:43:04 +0100] "GET /boxes-storage-c-13_150.html HTTP/1.0" 200 106094 "-" "Mozilla/5.0 (compatible; BLEXBot/1.0; +http://webmeup-crawler.com/)"
157.90.209.79 - - [21/Mar/2024:07:43:09 +0100] "GET /boxes-storage-ceramics-c-13_150_219.html HTTP/1.0" 200 81209 "-" "Mozilla/5.0 (compatible; BLEXBot/1.0; +http://webmeup-crawler.com/)"
157.90.209.79 - - [21/Mar/2024:07:43:17 +0100] "GET /boxes-textile-storage-c-13_150_215.html HTTP/1.0" 200 88951 "-" "Mozilla/5.0 (compatible; BLEXBot/1.0; +http://webmeup-crawler.com/)"
157.90.209.79 - - [21/Mar/2024:07:43:24 +0100] "GET /boys-c-2.html HTTP/1.0" 200 102332 "-" "Mozilla/5.0 (compatible; BLEXBot/1.0; +http://webmeup-crawler.com/)"
157.90.209.79 - - [21/Mar/2024:07:43:29 +0100] "GET /bracelets-c-3_200.html HTTP/1.0" 200 102455 "-" "Mozilla/5.0 (compatible; BLEXBot/1.0; +http://webmeup-crawler.com/)"
157.90.209.79 - - [21/Mar/2024:07:43:35 +0100] "GET /bread-bags-c-11_179.html HTTP/1.0" 200 93141 "-" "Mozilla/5.0 (compatible; BLEXBot/1.0; +http://webmeup-crawler.com/)"
157.90.209.79 - - [21/Mar/2024:07:43:41 +0100] "GET /bread-c-13_150_211.html HTTP/1.0" 200 88919 "-" "Mozilla/5.0 (compatible; BLEXBot/1.0; +http://webmeup-crawler.com/)"
157.90.209.79 - - [21/Mar/2024:07:43:47 +0100] "GET /breakfast-c-12_61.html HTTP/1.0" 200 102375 "-" "Mozilla/5.0 (compatible; BLEXBot/1.0; +http://webmeup-crawler.com/)"
157.90.209.79 - - [21/Mar/2024:07:43:57 +0100] "GET /buddha-buddhist-monk-statues-c-292_406.html HTTP/1.0" 200 101331 "-" "Mozilla/5.0 (compatible; BLEXBot/1.0; +http://webmeup-crawler.com/)"
157.90.209.79 - - [21/Mar/2024:07:44:03 +0100] "GET /bulbs-c-86_287.html HTTP/1.0" 200 87974 "-" "Mozilla/5.0 (compatible; BLEXBot/1.0; +http://webmeup-crawler.com/)"
157.90.209.79 - - [21/Mar/2024:07:44:07 +0100] "GET /butter-dish-c-12_222.html HTTP/1.0" 200 94063 "-" "Mozilla/5.0 (compatible; BLEXBot/1.0; +http://webmeup-crawler.com/)"
157.90.209.79 - - [21/Mar/2024:07:44:15 +0100] "GET /cake-molds-cube-molds-c-12_246.html HTTP/1.0" 200 94863 "-" "Mozilla/5.0 (compatible; BLEXBot/1.0; +http://webmeup-crawler.com/)"
157.90.209.79 - - [21/Mar/2024:07:44:20 +0100] "GET /calendar-workbook-organizer-c-129_189.html HTTP/1.0" 200 97934 "-" "Mozilla/5.0 (compatible; BLEXBot/1.0; +http://webmeup-crawler.com/)"
157.90.209.79 - - [21/Mar/2024:07:44:24 +0100] "GET /caps-scarfs-adults-c-53_138.html HTTP/1.0" 200 95690 "-" "Mozilla/5.0 (compatible; BLEXBot/1.0; +http://webmeup-crawler.com/)"
157.90.209.79 - - [21/Mar/2024:07:44:31 +0100] "GET /card-holders-passport-cases-c-31_236.html HTTP/1.0" 200 99716 "-" "Mozilla/5.0 (compatible; BLEXBot/1.0; +http://webmeup-crawler.com/)"
157.90.209.79 - - [21/Mar/2024:07:44:37 +0100] "GET /cardboard-boxes-storage-c-13_150_216.html HTTP/1.0" 200 81199 "-" "Mozilla/5.0 (compatible; BLEXBot/1.0; +http://webmeup-crawler.com/)"
157.90.209.79 - - [21/Mar/2024:07:44:51 +0100] "GET /cellar-slicer-sausage-c-12_252.html HTTP/1.0" 200 90106 "-" "Mozilla/5.0 (compatible; BLEXBot/1.0; +http://webmeup-crawler.com/)"
157.90.209.79 - - [21/Mar/2024:07:44:56 +0100] "GET /chairs-cushion-c-11_165.html HTTP/1.0" 200 102717 "-" "Mozilla/5.0 (compatible; BLEXBot/1.0; +http://webmeup-crawler.com/)"
157.90.209.79 - - [21/Mar/2024:07:45:03 +0100] "GET /chairs-stools-c-13_207.html HTTP/1.0" 200 87393 "-" "Mozilla/5.0 (compatible; BLEXBot/1.0; +http://webmeup-crawler.com/)"
157.90.209.79 - - [21/Mar/2024:07:45:11 +0100] "GET /chandeliers-suspensions-c-86_280.html HTTP/1.0" 200 101728 "-" "Mozilla/5.0 (compatible; BLEXBot/1.0; +http://webmeup-crawler.com/)"
157.90.209.79 - - [21/Mar/2024:07:45:17 +0100] "GET /checkout_shipping.php HTTP/1.0" 302 468 "-" "Mozilla/5.0 (compatible; BLEXBot/1.0; +http://webmeup-crawler.com/)"
157.90.209.79 - - [21/Mar/2024:07:45:20 +0100] "GET /chimes-suspensions-c-13_241.html HTTP/1.0" 200 102107 "-" "Mozilla/5.0 (compatible; BLEXBot/1.0; +http://webmeup-crawler.com/)"
157.90.209.79 - - [21/Mar/2024:07:45:25 +0100] "GET /christmas-tree-ornament-christmas-balls-c-13_271.html HTTP/1.0" 200 102177 "-" "Mozilla/5.0 (compatible; BLEXBot/1.0; +http://webmeup-crawler.com/)"
54.36.148.223 - - [21/Mar/2024:07:45:30 +0100] "GET /blue-first-memories-photo-notebook-p-57699.html HTTP/1.0" 200 85117 "-" "Mozilla/5.0 (compatible; AhrefsBot/7.0; +http://ahrefs.com/robot/)"
157.90.209.79 - - [21/Mar/2024:07:45:31 +0100] "GET /clocks-c-13_67.html HTTP/1.0" 200 103976 "-" "Mozilla/5.0 (compatible; BLEXBot/1.0; +http://webmeup-crawler.com/)"
157.90.209.79 - - [21/Mar/2024:07:45:43 +0100] "GET /coasters-c-12_157.html HTTP/1.0" 200 103517 "-" "Mozilla/5.0 (compatible; BLEXBot/1.0; +http://webmeup-crawler.com/)"
157.90.209.79 - - [21/Mar/2024:07:45:49 +0100] "GET /coat-hook-c-13_198.html HTTP/1.0" 200 101413 "-" "Mozilla/5.0 (compatible; BLEXBot/1.0; +http://webmeup-crawler.com/)"
157.90.209.79 - - [21/Mar/2024:07:45:54 +0100] "GET /coffee-c-13_150_153.html HTTP/1.0" 200 101819 "-" "Mozilla/5.0 (compatible; BLEXBot/1.0; +http://webmeup-crawler.com/)"
157.90.209.79 - - [21/Mar/2024:07:46:00 +0100] "GET /collectible-disney-figures-c-292_290.html HTTP/1.0" 200 105995 "-" "Mozilla/5.0 (compatible; BLEXBot/1.0; +http://webmeup-crawler.com/)"
157.90.209.79 - - [21/Mar/2024:07:46:05 +0100] "GET /collectible-figurines-decorative-c-292_135.html HTTP/1.0" 200 102100 "-" "Mozilla/5.0 (compatible; BLEXBot/1.0; +http://webmeup-crawler.com/)"
157.90.209.79 - - [21/Mar/2024:07:46:11 +0100] "GET /companion-wallet-c-31_238.html HTTP/1.0" 200 102610 "-" "Mozilla/5.0 (compatible; BLEXBot/1.0; +http://webmeup-crawler.com/)"
157.90.209.79 - - [21/Mar/2024:07:46:20 +0100] "GET /computer-briefcase-c-31_82.html HTTP/1.0" 200 93459 "-" "Mozilla/5.0 (compatible; BLEXBot/1.0; +http://webmeup-crawler.com/)"
157.90.209.79 - - [21/Mar/2024:07:46:24 +0100] "GET /corkscrew-bottle-opener-sommelier-c-12_213.html HTTP/1.0" 200 101426 "-" "Mozilla/5.0 (compatible; BLEXBot/1.0; +http://webmeup-crawler.com/)"
157.90.209.79 - - [21/Mar/2024:07:46:29 +0100] "GET /cosmetic-bags-flat-purse-c-31_239.html HTTP/1.0" 200 104761 "-" "Mozilla/5.0 (compatible; BLEXBot/1.0; +http://webmeup-crawler.com/)"
157.90.209.79 - - [21/Mar/2024:07:46:34 +0100] "GET /court-sleeves-shirts-c-2_39.html HTTP/1.0" 200 88109 "-" "Mozilla/5.0 (compatible; BLEXBot/1.0; +http://webmeup-crawler.com/)"
157.90.209.79 - - [21/Mar/2024:07:46:37 +0100] "GET /creative-hobbies-coloring-c-129_30.html HTTP/1.0" 200 102062 "-" "Mozilla/5.0 (compatible; BLEXBot/1.0; +http://webmeup-crawler.com/)"
157.90.209.79 - - [21/Mar/2024:07:46:43 +0100] "GET /cups-c-12_248.html HTTP/1.0" 200 96770 "-" "Mozilla/5.0 (compatible; BLEXBot/1.0; +http://webmeup-crawler.com/)"
157.90.209.79 - - [21/Mar/2024:07:46:47 +0100] "GET /curtains-lace-curtains-c-11_69.html HTTP/1.0" 200 101639 "-" "Mozilla/5.0 (compatible; BLEXBot/1.0; +http://webmeup-crawler.com/)"
157.90.209.79 - - [21/Mar/2024:07:46:53 +0100] "GET /cushion-covers-c-11_71_284.html HTTP/1.0" 200 101725 "-" "Mozilla/5.0 (compatible; BLEXBot/1.0; +http://webmeup-crawler.com/)"
157.90.209.79 - - [21/Mar/2024:07:46:57 +0100] "GET /cushion-headboard-c-11_71_173.html HTTP/1.0" 200 81164 "-" "Mozilla/5.0 (compatible; BLEXBot/1.0; +http://webmeup-crawler.com/)"
157.90.209.79 - - [21/Mar/2024:07:47:01 +0100] "GET /cushions-c-11_71_283.html HTTP/1.0" 200 101838 "-" "Mozilla/5.0 (compatible; BLEXBot/1.0; +http://webmeup-crawler.com/)"
157.90.209.79 - - [21/Mar/2024:07:47:07 +0100] "GET /cushions-draft-excluders-c-11_71_316.html HTTP/1.0" 200 102459 "-" "Mozilla/5.0 (compatible; BLEXBot/1.0; +http://webmeup-crawler.com/)"
157.90.209.79 - - [21/Mar/2024:07:47:11 +0100] "GET /cushions-floor-cushions-cushion-covers-c-11_71.html HTTP/1.0" 200 104243 "-" "Mozilla/5.0 (compatible; BLEXBot/1.0; +http://webmeup-crawler.com/)"
54.36.149.59 - - [21/Mar/2024:07:47:13 +0100] "GET /incense-stick-holder-hand-fatima-p-59676.html HTTP/1.0" 200 85272 "-" "Mozilla/5.0 (compatible; AhrefsBot/7.0; +http://ahrefs.com/robot/)"
54.36.148.74 - - [21/Mar/2024:07:47:16 +0100] "GET /images/big_prod_1/8433933284704B.jpg HTTP/1.0" 200 271 "-" "Mozilla/5.0 (compatible; AhrefsBot/7.0; +http://ahrefs.com/robot/)"
157.90.209.79 - - [21/Mar/2024:07:47:17 +0100] "GET /decoration-thermometers-c-13_145.html HTTP/1.0" 200 102006 "-" "Mozilla/5.0 (compatible; BLEXBot/1.0; +http://webmeup-crawler.com/)"
99.129.201.227 - - [21/Mar/2024:07:47:22 +0100] "GET /images/mini_prod/3281099993733.jpg HTTP/1.0" 200 269 "-" "Mozilla/5.0 (X11; Ubuntu; Linux x86_64; rv:72.0) Gecko/20100101 Firefox/72.0"
157.90.209.79 - - [21/Mar/2024:07:47:21 +0100] "GET /decorations-c-13_89.html HTTP/1.0" 200 102325 "-" "Mozilla/5.0 (compatible; BLEXBot/1.0; +http://webmeup-crawler.com/)"
157.90.209.79 - - [21/Mar/2024:07:47:25 +0100] "GET /decorative-candles-c-231_227_352.html HTTP/1.0" 200 102127 "-" "Mozilla/5.0 (compatible; BLEXBot/1.0; +http://webmeup-crawler.com/)"
157.90.209.79 - - [21/Mar/2024:07:47:29 +0100] "GET /decorative-carpets-c-11_269_167.html HTTP/1.0" 200 101490 "-" "Mozilla/5.0 (compatible; BLEXBot/1.0; +http://webmeup-crawler.com/)"
157.90.209.79 - - [21/Mar/2024:07:47:33 +0100] "GET /decorative-earth-globes-c-13_233.html HTTP/1.0" 200 100332 "-" "Mozilla/5.0 (compatible; BLEXBot/1.0; +http://webmeup-crawler.com/)"
157.90.209.79 - - [21/Mar/2024:07:47:39 +0100] "GET /decorative-utility-hourglasses-c-13_331.html HTTP/1.0" 200 101803 "-" "Mozilla/5.0 (compatible; BLEXBot/1.0; +http://webmeup-crawler.com/)"
157.90.209.79 - - [21/Mar/2024:07:47:43 +0100] "GET /desk-blotter-c-129_190.html HTTP/1.0" 200 80971 "-" "Mozilla/5.0 (compatible; BLEXBot/1.0; +http://webmeup-crawler.com/)"
157.90.209.79 - - [21/Mar/2024:07:47:47 +0100] "GET /difference-accessoriess-c-12_59.html HTTP/1.0" 200 95978 "-" "Mozilla/5.0 (compatible; BLEXBot/1.0; +http://webmeup-crawler.com/)"
157.90.209.79 - - [21/Mar/2024:07:47:53 +0100] "GET /diffuser-perfume-essential-oils-c-231_162.html HTTP/1.0" 200 102386 "-" "Mozilla/5.0 (compatible; BLEXBot/1.0; +http://webmeup-crawler.com/)"
157.90.209.79 - - [21/Mar/2024:07:47:56 +0100] "GET /dishes-c-12.html HTTP/1.0" 200 102717 "-" "Mozilla/5.0 (compatible; BLEXBot/1.0; +http://webmeup-crawler.com/)"
157.90.209.79 - - [21/Mar/2024:07:48:01 +0100] "GET /dishes-dishes-c-12_251.html HTTP/1.0" 200 90368 "-" "Mozilla/5.0 (compatible; BLEXBot/1.0; +http://webmeup-crawler.com/)"
157.90.209.79 - - [21/Mar/2024:07:48:06 +0100] "GET /doormats-entrance-carpets-c-11_269_266.html HTTP/1.0" 200 102152 "-" "Mozilla/5.0 (compatible; BLEXBot/1.0; +http://webmeup-crawler.com/)"
157.90.209.79 - - [21/Mar/2024:07:48:12 +0100] "GET /dresses-skirts-c-1_19.html HTTP/1.0" 200 90720 "-" "Mozilla/5.0 (compatible; BLEXBot/1.0; +http://webmeup-crawler.com/)"
157.90.209.79 - - [21/Mar/2024:07:48:18 +0100] "GET /duvet-cover-c-11_195.html HTTP/1.0" 200 103036 "-" "Mozilla/5.0 (compatible; BLEXBot/1.0; +http://webmeup-crawler.com/)"
157.90.209.79 - - [21/Mar/2024:07:48:23 +0100] "GET /earrings-c-3_242.html HTTP/1.0" 200 94833 "-" "Mozilla/5.0 (compatible; BLEXBot/1.0; +http://webmeup-crawler.com/)"
157.90.209.79 - - [21/Mar/2024:07:48:28 +0100] "GET /esotericism-lithotherapy-c-174.html HTTP/1.0" 200 101500 "-" "Mozilla/5.0 (compatible; BLEXBot/1.0; +http://webmeup-crawler.com/)"
157.90.209.79 - - [21/Mar/2024:07:48:37 +0100] "GET /fairy-lights-c-86_279.html HTTP/1.0" 200 97659 "-" "Mozilla/5.0 (compatible; BLEXBot/1.0; +http://webmeup-crawler.com/)"
157.90.209.79 - - [21/Mar/2024:07:48:43 +0100] "GET /figures-c-4_15.html HTTP/1.0" 200 102310 "-" "Mozilla/5.0 (compatible; BLEXBot/1.0; +http://webmeup-crawler.com/)"
157.90.209.79 - - [21/Mar/2024:07:48:49 +0100] "GET /figurines-sonny-angel-c-292_293.html HTTP/1.0" 200 93464 "-" "Mozilla/5.0 (compatible; BLEXBot/1.0; +http://webmeup-crawler.com/)"
157.90.209.79 - - [21/Mar/2024:07:48:54 +0100] "GET /figurines-statuettes-statues-decoration-collection-c-292.html HTTP/1.0" 200 104359 "-" "Mozilla/5.0 (compatible; BLEXBot/1.0; +http://webmeup-crawler.com/)"
54.36.148.51 - - [21/Mar/2024:07:48:57 +0100] "GET /disney-planes-photo-frame-p-37014.html HTTP/1.0" 200 84332 "-" "Mozilla/5.0 (compatible; AhrefsBot/7.0; +http://ahrefs.com/robot/)"
54.36.148.117 - - [21/Mar/2024:07:48:59 +0100] "GET /images/big_prod/8435333820520.jpg HTTP/1.0" 200 268 "-" "Mozilla/5.0 (compatible; AhrefsBot/7.0; +http://ahrefs.com/robot/)"
157.90.209.79 - - [21/Mar/2024:07:49:02 +0100] "GET /fitted-sheet-c-11_193.html HTTP/1.0" 200 101839 "-" "Mozilla/5.0 (compatible; BLEXBot/1.0; +http://webmeup-crawler.com/)"
157.90.209.79 - - [21/Mar/2024:07:49:07 +0100] "GET /flasks-c-12_245.html HTTP/1.0" 200 94250 "-" "Mozilla/5.0 (compatible; BLEXBot/1.0; +http://webmeup-crawler.com/)"
157.90.209.79 - - [21/Mar/2024:07:49:11 +0100] "GET /flatwares-c-12_63.html HTTP/1.0" 200 100127 "-" "Mozilla/5.0 (compatible; BLEXBot/1.0; +http://webmeup-crawler.com/)"
157.90.209.79 - - [21/Mar/2024:07:49:17 +0100] "GET /floor-cushions-c-11_71_182.html HTTP/1.0" 200 102564 "-" "Mozilla/5.0 (compatible; BLEXBot/1.0; +http://webmeup-crawler.com/)"
157.90.209.79 - - [21/Mar/2024:07:49:22 +0100] "GET /flower-pots-plant-accessories-c-13_275.html HTTP/1.0" 200 104173 "-" "Mozilla/5.0 (compatible; BLEXBot/1.0; +http://webmeup-crawler.com/)"
157.90.209.79 - - [21/Mar/2024:07:49:26 +0100] "GET /fragrance-case-cabinet-diffuser-c-231_228.html HTTP/1.0" 200 96143 "-" "Mozilla/5.0 (compatible; BLEXBot/1.0; +http://webmeup-crawler.com/)"
157.90.209.79 - - [21/Mar/2024:07:49:32 +0100] "GET /fragrances-ambiance-c-231.html HTTP/1.0" 200 103611 "-" "Mozilla/5.0 (compatible; BLEXBot/1.0; +http://webmeup-crawler.com/)"
157.90.209.79 - - [21/Mar/2024:07:49:38 +0100] "GET /frames-flags-decorative-paintings-c-13_148.html HTTP/1.0" 200 105224 "-" "Mozilla/5.0 (compatible; BLEXBot/1.0; +http://webmeup-crawler.com/)"
157.90.209.79 - - [21/Mar/2024:07:49:43 +0100] "GET /games-toys-c-4.html HTTP/1.0" 200 103801 "-" "Mozilla/5.0 (compatible; BLEXBot/1.0; +http://webmeup-crawler.com/)"
157.90.209.79 - - [21/Mar/2024:07:49:48 +0100] "GET /girls-c-1.html HTTP/1.0" 200 103123 "-" "Mozilla/5.0 (compatible; BLEXBot/1.0; +http://webmeup-crawler.com/)"
157.90.209.79 - - [21/Mar/2024:07:49:55 +0100] "GET /glasses-case-c-31_164.html HTTP/1.0" 200 101329 "-" "Mozilla/5.0 (compatible; BLEXBot/1.0; +http://webmeup-crawler.com/)"
157.90.209.79 - - [21/Mar/2024:07:50:01 +0100] "GET /glasses-drinking-c-12_62.html HTTP/1.0" 200 101779 "-" "Mozilla/5.0 (compatible; BLEXBot/1.0; +http://webmeup-crawler.com/)"
157.90.209.79 - - [21/Mar/2024:07:50:08 +0100] "GET /good-point-c-13_150_151.html HTTP/1.0" 200 80944 "-" "Mozilla/5.0 (compatible; BLEXBot/1.0; +http://webmeup-crawler.com/)"
157.90.209.79 - - [21/Mar/2024:07:50:17 +0100] "GET /soft-toys-c-4_46.html HTTP/1.0" 200 103400 "-" "Mozilla/5.0 (compatible; BLEXBot/1.0; +http://webmeup-crawler.com/)"
157.90.209.79 - - [21/Mar/2024:07:50:21 +0100] "GET /specials.php HTTP/1.0" 200 128301 "-" "Mozilla/5.0 (compatible; BLEXBot/1.0; +http://webmeup-crawler.com/)"
54.36.148.85 - - [21/Mar/2024:07:50:27 +0100] "GET /votive-candle-hours-simply-p-33130.html HTTP/1.0" 200 85631 "-" "Mozilla/5.0 (compatible; AhrefsBot/7.0; +http://ahrefs.com/robot/)"
157.90.209.79 - - [21/Mar/2024:07:50:30 +0100] "GET /sponge-stand-c-12_256.html HTTP/1.0" 200 89838 "-" "Mozilla/5.0 (compatible; BLEXBot/1.0; +http://webmeup-crawler.com/)"
157.90.209.79 - - [21/Mar/2024:07:50:39 +0100] "GET /stationery-c-129_191.html HTTP/1.0" 200 101832 "-" "Mozilla/5.0 (compatible; BLEXBot/1.0; +http://webmeup-crawler.com/)"
157.90.209.79 - - [21/Mar/2024:07:50:44 +0100] "GET /stationery-cardmaking-c-129.html HTTP/1.0" 200 103659 "-" "Mozilla/5.0 (compatible; BLEXBot/1.0; +http://webmeup-crawler.com/)"
157.90.209.79 - - [21/Mar/2024:07:50:51 +0100] "GET /statues-body-talk-vronse-c-292_409.html HTTP/1.0" 200 103753 "-" "Mozilla/5.0 (compatible; BLEXBot/1.0; +http://webmeup-crawler.com/)"
157.90.209.79 - - [21/Mar/2024:07:50:58 +0100] "GET /statuettes-animal-figurines-c-292_291.html HTTP/1.0" 200 103404 "-" "Mozilla/5.0 (compatible; BLEXBot/1.0; +http://webmeup-crawler.com/)"
157.90.209.79 - - [21/Mar/2024:07:51:03 +0100] "GET /stickers-c-129_50.html HTTP/1.0" 200 94380 "-" "Mozilla/5.0 (compatible; BLEXBot/1.0; +http://webmeup-crawler.com/)"
157.90.209.79 - - [21/Mar/2024:07:51:09 +0100] "GET /stool-table-c-13_212.html HTTP/1.0" 200 90882 "-" "Mozilla/5.0 (compatible; BLEXBot/1.0; +http://webmeup-crawler.com/)"
157.90.209.79 - - [21/Mar/2024:07:51:12 +0100] "GET /storage-cups-c-12_159_264.html HTTP/1.0" 200 102123 "-" "Mozilla/5.0 (compatible; BLEXBot/1.0; +http://webmeup-crawler.com/)"
157.90.209.79 - - [21/Mar/2024:07:51:16 +0100] "GET /sugar-c-13_150_152.html HTTP/1.0" 200 92203 "-" "Mozilla/5.0 (compatible; BLEXBot/1.0; +http://webmeup-crawler.com/)"
157.90.209.79 - - [21/Mar/2024:07:51:22 +0100] "GET /suitcase-lunch-lunch-c-12_64.html HTTP/1.0" 200 90847 "-" "Mozilla/5.0 (compatible; BLEXBot/1.0; +http://webmeup-crawler.com/)"
157.90.209.79 - - [21/Mar/2024:07:51:27 +0100] "GET /suitcaselittle-suitcase-trolley-c-31_79.html HTTP/1.0" 200 88831 "-" "Mozilla/5.0 (compatible; BLEXBot/1.0; +http://webmeup-crawler.com/)"
157.90.209.79 - - [21/Mar/2024:07:51:33 +0100] "GET /sweaters-sweatshirts-vests-c-1_23.html HTTP/1.0" 200 93521 "-" "Mozilla/5.0 (compatible; BLEXBot/1.0; +http://webmeup-crawler.com/)"
157.90.209.79 - - [21/Mar/2024:07:51:38 +0100] "GET /swimsuit-c-1_18.html HTTP/1.0" 200 103575 "-" "Mozilla/5.0 (compatible; BLEXBot/1.0; +http://webmeup-crawler.com/)"
54.36.149.0 - - [21/Mar/2024:07:51:44 +0100] "GET /with-infuser-cabourg-p-47841.html HTTP/1.0" 200 84299 "-" "Mozilla/5.0 (compatible; AhrefsBot/7.0; +http://ahrefs.com/robot/)"
157.90.209.79 - - [21/Mar/2024:07:51:44 +0100] "GET /swimwear-c-2_35.html HTTP/1.0" 200 101509 "-" "Mozilla/5.0 (compatible; BLEXBot/1.0; +http://webmeup-crawler.com/)"
157.90.209.79 - - [21/Mar/2024:07:51:52 +0100] "GET /table-lamps-c-86_286.html HTTP/1.0" 200 104360 "-" "Mozilla/5.0 (compatible; BLEXBot/1.0; +http://webmeup-crawler.com/)"
157.90.209.79 - - [21/Mar/2024:07:51:59 +0100] "GET /table-setting-c-97_99.html HTTP/1.0" 200 92135 "-" "Mozilla/5.0 (compatible; BLEXBot/1.0; +http://webmeup-crawler.com/)"
157.90.209.79 - - [21/Mar/2024:07:52:04 +0100] "GET /tablecloths-c-11_176.html HTTP/1.0" 200 102856 "-" "Mozilla/5.0 (compatible; BLEXBot/1.0; +http://webmeup-crawler.com/)"
3.109.69.49 - - [21/Mar/2024:07:52:12 +0100] "GET / HTTP/1.0" 301 511 "-" "-"
157.90.209.79 - - [21/Mar/2024:07:52:10 +0100] "GET /tables-c-13_206.html HTTP/1.0" 200 99022 "-" "Mozilla/5.0 (compatible; BLEXBot/1.0; +http://webmeup-crawler.com/)"
3.109.69.49 - - [21/Mar/2024:07:52:12 +0100] "GET / HTTP/1.0" 200 163485 "-" "-"
157.90.209.79 - - [21/Mar/2024:07:52:16 +0100] "GET /tea-pot-c-12_175.html HTTP/1.0" 200 102083 "-" "Mozilla/5.0 (compatible; BLEXBot/1.0; +http://webmeup-crawler.com/)"
157.90.209.79 - - [21/Mar/2024:07:52:22 +0100] "GET /tealight-holders-candle-holders-c-231_230.html HTTP/1.0" 200 103842 "-" "Mozilla/5.0 (compatible; BLEXBot/1.0; +http://webmeup-crawler.com/)"
157.90.209.79 - - [21/Mar/2024:07:52:27 +0100] "GET /tights-c-1_48.html HTTP/1.0" 200 90838 "-" "Mozilla/5.0 (compatible; BLEXBot/1.0; +http://webmeup-crawler.com/)"
157.90.209.79 - - [21/Mar/2024:07:52:31 +0100] "GET /toothbox-c-13_150_170.html HTTP/1.0" 200 101366 "-" "Mozilla/5.0 (compatible; BLEXBot/1.0; +http://webmeup-crawler.com/)"
157.90.209.79 - - [21/Mar/2024:07:52:35 +0100] "GET /towel-bath-towels-c-11_70.html HTTP/1.0" 200 101537 "-" "Mozilla/5.0 (compatible; BLEXBot/1.0; +http://webmeup-crawler.com/)"
157.90.209.79 - - [21/Mar/2024:07:52:40 +0100] "GET /towel-dispenser-c-12_225.html HTTP/1.0" 200 97974 "-" "Mozilla/5.0 (compatible; BLEXBot/1.0; +http://webmeup-crawler.com/)"
157.90.209.79 - - [21/Mar/2024:07:52:45 +0100] "GET /towels-c-11_177.html HTTP/1.0" 200 102930 "-" "Mozilla/5.0 (compatible; BLEXBot/1.0; +http://webmeup-crawler.com/)"
125.19.181.210 - - [21/Mar/2024:07:52:48 +0100] "GET /images/mini_prod/3457019600467.jpg HTTP/1.0" 200 269 "-" "Mozilla/5.0 (X11; Ubuntu; Linux x86_64; rv:72.0) Gecko/20100101 Firefox/72.0"
157.90.209.79 - - [21/Mar/2024:07:52:50 +0100] "GET /toys-c-4_45.html HTTP/1.0" 200 97093 "-" "Mozilla/5.0 (compatible; BLEXBot/1.0; +http://webmeup-crawler.com/)"
54.36.149.81 - - [21/Mar/2024:07:52:58 +0100] "GET /ceramic-incense-burner-p-59621.html HTTP/1.0" 200 85012 "-" "Mozilla/5.0 (compatible; AhrefsBot/7.0; +http://ahrefs.com/robot/)"
157.90.209.79 - - [21/Mar/2024:07:52:57 +0100] "GET /trays-c-12_159.html HTTP/1.0" 200 103214 "-" "Mozilla/5.0 (compatible; BLEXBot/1.0; +http://webmeup-crawler.com/)"
54.36.148.215 - - [21/Mar/2024:07:53:02 +0100] "GET /images/big_prod/4029822500471.jpg HTTP/1.0" 200 268 "-" "Mozilla/5.0 (compatible; AhrefsBot/7.0; +http://ahrefs.com/robot/)"
157.90.209.79 - - [21/Mar/2024:07:53:05 +0100] "GET /trays-medium-size-c-12_159_265.html HTTP/1.0" 200 101298 "-" "Mozilla/5.0 (compatible; BLEXBot/1.0; +http://webmeup-crawler.com/)"
157.90.209.79 - - [21/Mar/2024:07:53:10 +0100] "GET /trivet-boards-c-12_158.html HTTP/1.0" 200 104851 "-" "Mozilla/5.0 (compatible; BLEXBot/1.0; +http://webmeup-crawler.com/)"
157.90.209.79 - - [21/Mar/2024:07:53:17 +0100] "GET /trunks-c-13_208.html HTTP/1.0" 200 93530 "-" "Mozilla/5.0 (compatible; BLEXBot/1.0; +http://webmeup-crawler.com/)"
157.90.209.79 - - [21/Mar/2024:07:53:23 +0100] "GET /umbrella-holder-c-13_322.html HTTP/1.0" 200 94787 "-" "Mozilla/5.0 (compatible; BLEXBot/1.0; +http://webmeup-crawler.com/)"
157.90.209.79 - - [21/Mar/2024:07:53:29 +0100] "GET /umbrellas-c-31_16.html HTTP/1.0" 200 93087 "-" "Mozilla/5.0 (compatible; BLEXBot/1.0; +http://webmeup-crawler.com/)"
157.90.209.79 - - [21/Mar/2024:07:53:35 +0100] "GET /underwear-c-2_38.html HTTP/1.0" 200 87190 "-" "Mozilla/5.0 (compatible; BLEXBot/1.0; +http://webmeup-crawler.com/)"
157.90.209.79 - - [21/Mar/2024:07:53:44 +0100] "GET /utensil-cutlery-c-12_244.html HTTP/1.0" 200 98214 "-" "Mozilla/5.0 (compatible; BLEXBot/1.0; +http://webmeup-crawler.com/)"
157.90.209.79 - - [21/Mar/2024:07:53:51 +0100] "GET /vanity-beauty-bags-c-31_78.html HTTP/1.0" 200 90522 "-" "Mozilla/5.0 (compatible; BLEXBot/1.0; +http://webmeup-crawler.com/)"
36.110.175.151 - - [21/Mar/2024:07:53:58 +0100] "GET /images/mini_prod/3609810065062.jpg HTTP/1.0" 200 269 "-" "Mozilla/5.0 (Windows NT 10.0; Win64; x64) AppleWebKit/537.36 (KHTML, like Gecko) Chrome/58.0.3029.110 Safari/537.3"
157.90.209.79 - - [21/Mar/2024:07:53:55 +0100] "GET /vase-soliflore-c-13_232.html HTTP/1.0" 200 101564 "-" "Mozilla/5.0 (compatible; BLEXBot/1.0; +http://webmeup-crawler.com/)"
36.110.175.163 - - [21/Mar/2024:07:54:03 +0100] "GET /images/mini_prod/1384010184721.jpg HTTP/1.0" 200 269 "-" "Mozilla/5.0 (Windows NT 10.0; Win64; x64) AppleWebKit/537.36 (KHTML, like Gecko) Chrome/58.0.3029.110 Safari/537.3"
157.90.209.79 - - [21/Mar/2024:07:54:04 +0100] "GET /wall-decoration-wood-c-13_274.html HTTP/1.0" 200 104472 "-" "Mozilla/5.0 (compatible; BLEXBot/1.0; +http://webmeup-crawler.com/)"
54.36.149.105 - - [21/Mar/2024:07:54:14 +0100] "GET /bulldog-statue-p-59699.html HTTP/1.0" 200 85404 "-" "Mozilla/5.0 (compatible; AhrefsBot/7.0; +http://ahrefs.com/robot/)"
157.90.209.79 - - [21/Mar/2024:07:54:15 +0100] "GET /wall-lights-c-86_281.html HTTP/1.0" 200 89597 "-" "Mozilla/5.0 (compatible; BLEXBot/1.0; +http://webmeup-crawler.com/)"
66.249.66.205 - - [21/Mar/2024:07:54:16 +0100] "GET /bowls-c-60.html HTTP/1.0" 301 102975 "-" "Mozilla/5.0 (Linux; Android 6.0.1; Nexus 5X Build/MMB29P) AppleWebKit/537.36 (KHTML, like Gecko) Chrome/122.0.6261.94 Mobile Safari/537.36 (compatible; Googlebot/2.1; +http://www.google.com/bot.html)"
66.249.66.205 - - [21/Mar/2024:07:54:19 +0100] "GET /bowls-c-12_60.html HTTP/1.0" 200 103007 "-" "Mozilla/5.0 (Linux; Android 6.0.1; Nexus 5X Build/MMB29P) AppleWebKit/537.36 (KHTML, like Gecko) Chrome/122.0.6261.94 Mobile Safari/537.36 (compatible; Googlebot/2.1; +http://www.google.com/bot.html)"
157.90.209.79 - - [21/Mar/2024:07:54:21 +0100] "GET /wall-sticker-c-13_187.html HTTP/1.0" 200 105442 "-" "Mozilla/5.0 (compatible; BLEXBot/1.0; +http://webmeup-crawler.com/)"
157.90.209.79 - - [21/Mar/2024:07:54:26 +0100] "GET /wallet-c-31_237.html HTTP/1.0" 200 102541 "-" "Mozilla/5.0 (compatible; BLEXBot/1.0; +http://webmeup-crawler.com/)"
157.90.209.79 - - [21/Mar/2024:07:54:33 +0100] "GET /wastebasket-c-129_184.html HTTP/1.0" 200 90225 "-" "Mozilla/5.0 (compatible; BLEXBot/1.0; +http://webmeup-crawler.com/)"
157.90.209.79 - - [21/Mar/2024:07:54:38 +0100] "GET /watches-c-3_66.html HTTP/1.0" 200 96887 "-" "Mozilla/5.0 (compatible; BLEXBot/1.0; +http://webmeup-crawler.com/)"
157.90.209.79 - - [21/Mar/2024:07:54:47 +0100] "GET /water-bottles-heaters-c-13_288.html HTTP/1.0" 200 101939 "-" "Mozilla/5.0 (compatible; BLEXBot/1.0; +http://webmeup-crawler.com/)"
157.90.209.79 - - [21/Mar/2024:07:54:52 +0100] "GET /water-bottles-sport-bottles-c-12_161.html HTTP/1.0" 200 105103 "-" "Mozilla/5.0 (compatible; BLEXBot/1.0; +http://webmeup-crawler.com/)"
157.90.209.79 - - [21/Mar/2024:07:54:58 +0100] "GET /water-outdoor-games-c-4_143.html HTTP/1.0" 200 103345 "-" "Mozilla/5.0 (compatible; BLEXBot/1.0; +http://webmeup-crawler.com/)"
157.90.209.79 - - [21/Mar/2024:07:55:02 +0100] "GET /with-infuser-c-12_221.html HTTP/1.0" 200 102635 "-" "Mozilla/5.0 (compatible; BLEXBot/1.0; +http://webmeup-crawler.com/)"
157.90.209.79 - - [21/Mar/2024:07:55:07 +0100] "GET /wooden-boxes-storage-c-13_150_220.html HTTP/1.0" 200 101860 "-" "Mozilla/5.0 (compatible; BLEXBot/1.0; +http://webmeup-crawler.com/)"
157.90.209.79 - - [21/Mar/2024:07:55:11 +0100] "GET /writing-correction-c-129_186.html HTTP/1.0" 200 102873 "-" "Mozilla/5.0 (compatible; BLEXBot/1.0; +http://webmeup-crawler.com/)"
54.36.149.71 - - [21/Mar/2024:07:55:13 +0100] "GET /heart-home-large-candle-hours-river-rock-p-57276.html HTTP/1.0" 200 86060 "-" "Mozilla/5.0 (compatible; AhrefsBot/7.0; +http://ahrefs.com/robot/)"
157.90.209.79 - - [21/Mar/2024:07:55:18 +0100] "GET /yoga-c-11_269_268.html HTTP/1.0" 200 93352 "-" "Mozilla/5.0 (compatible; BLEXBot/1.0; +http://webmeup-crawler.com/)"
54.36.148.214 - - [21/Mar/2024:07:56:34 +0100] "GET /lamp-paint-white-p-58410.html HTTP/1.0" 200 85587 "-" "Mozilla/5.0 (compatible; AhrefsBot/7.0; +http://ahrefs.com/robot/)"
54.36.149.30 - - [21/Mar/2024:07:56:37 +0100] "GET /images/big_prod_2/4029811461400E.jpg HTTP/1.0" 200 271 "-" "Mozilla/5.0 (compatible; AhrefsBot/7.0; +http://ahrefs.com/robot/)"
71.57.24.123 - - [21/Mar/2024:07:56:59 +0100] "GET /images/mini_prod/8424222925996.jpg HTTP/1.0" 200 269 "-" "Mozilla/5.0 (X11; Ubuntu; Linux x86_64; rv:72.0) Gecko/20100101 Firefox/72.0"
119.8.243.167 - - [21/Mar/2024:07:57:47 +0100] "GET /images/mini_prod/1384010188545.jpg HTTP/1.0" 200 269 "-" "Mozilla/5.0 (X11; Ubuntu; Linux x86_64; rv:72.0) Gecko/20100101 Firefox/72.0"
54.36.148.44 - - [21/Mar/2024:07:58:21 +0100] "GET /laitiere-tablecloth-p-28546.html HTTP/1.0" 200 84243 "-" "Mozilla/5.0 (compatible; AhrefsBot/7.0; +http://ahrefs.com/robot/)"
40.77.167.54 - - [21/Mar/2024:07:59:01 +0100] "GET /mugs-mazagrans-c-12_57.html?page=9 HTTP/1.0" 200 106795 "-" "Mozilla/5.0 AppleWebKit/537.36 (KHTML, like Gecko; compatible; bingbot/2.0; +http://www.bing.com/bingbot.htm) Chrome/116.0.1938.76 Safari/537.36"
51.68.224.127 - - [21/Mar/2024:07:59:13 +0100] "GET /adminweb/export_orders_xml.php?token=256de2z6edz6ed2z6DFSFsed2zed6zeDSFDSGdzedezfzf&maxorders=10&orderstart=1&status=14&start_date=2018-10-01 HTTP/1.0" 200 285 "-" "GesCom CharlotteBoutik Serveur"
51.68.224.127 - - [21/Mar/2024:07:59:13 +0100] "GET /adminweb/export_orders_xml.php?token=256de2z6edz6ed2z6DFSFsed2zed6zeDSFDSGdzedezfzf&maxorders=10&orderstart=1&status=6&start_date=2018-10-01 HTTP/1.0" 200 34517 "-" "GesCom CharlotteBoutik Serveur"
157.55.39.54 - - [21/Mar/2024:08:00:02 +0100] "GET /images/3760116328203.jpg HTTP/1.0" 200 259 "-" "Mozilla/5.0 AppleWebKit/537.36 (KHTML, like Gecko; compatible; bingbot/2.0; +http://www.bing.com/bingbot.htm) Chrome/116.0.1938.76 Safari/537.36"
54.36.149.22 - - [21/Mar/2024:08:00:17 +0100] "GET /minnie-mouse-disney-suitcase-p-31207.html HTTP/1.0" 200 84888 "-" "Mozilla/5.0 (compatible; AhrefsBot/7.0; +http://ahrefs.com/robot/)"
157.55.39.54 - - [21/Mar/2024:08:00:24 +0100] "GET /ceramic-incense-burner-p-59622.html HTTP/1.0" 200 85012 "-" "Mozilla/5.0 AppleWebKit/537.36 (KHTML, like Gecko; compatible; bingbot/2.0; +http://www.bing.com/bingbot.htm) Chrome/116.0.1938.76 Safari/537.36"
119.8.242.38 - - [21/Mar/2024:08:01:03 +0100] "GET /images/mini_prod/3700057117382.jpg HTTP/1.0" 200 269 "-" "Mozilla/5.0 (X11; Ubuntu; Linux x86_64; rv:72.0) Gecko/20100101 Firefox/72.0"
66.249.66.207 - - [21/Mar/2024:08:02:48 +0100] "GET /images/big_prod/8718375755594.jpg HTTP/1.0" 200 268 "-" "Googlebot-Image/1.0"
54.36.148.255 - - [21/Mar/2024:08:03:20 +0100] "GET /decorative-figurine-aged-metal-p-56057.html HTTP/1.0" 200 82026 "-" "Mozilla/5.0 (compatible; AhrefsBot/7.0; +http://ahrefs.com/robot/)"
40.77.167.54 - - [21/Mar/2024:08:04:04 +0100] "GET /images/med_prod/1341689282653.jpg HTTP/1.0" 200 268 "-" "Mozilla/5.0 (Windows NT 6.1; WOW64) AppleWebKit/534+ (KHTML, like Gecko) BingPreview/1.0b"
42.186.123.7 - - [21/Mar/2024:08:04:21 +0100] "GET /images/mini_prod/2110DSCN8647.jpg HTTP/1.0" 200 268 "-" "Mozilla/5.0 (X11; Ubuntu; Linux x86_64; rv:72.0) Gecko/20100101 Firefox/72.0"
173.255.123.48 - - [21/Mar/2024:08:05:19 +0100] "GET /images/3609810023833.jpg HTTP/1.0" 200 259 "-" "Mozilla/5.0 (X11; Ubuntu; Linux x86_64; rv:72.0) Gecko/20100101 Firefox/72.0"
66.181.35.42 - - [21/Mar/2024:08:05:38 +0100] "GET /images/mini_prod/8424001278886.jpg HTTP/1.0" 200 269 "-" "python-requests/2.28.2"
54.36.148.162 - - [21/Mar/2024:08:06:09 +0100] "GET /apro-adult-apron-p-58746.html HTTP/1.0" 200 84772 "-" "Mozilla/5.0 (compatible; AhrefsBot/7.0; +http://ahrefs.com/robot/)"
131.193.45.49 - - [21/Mar/2024:08:06:29 +0100] "GET /images/mini_prod/4500315900003.jpg HTTP/1.0" 200 269 "-" "Mozilla/5.0 (X11; Ubuntu; Linux x86_64; rv:72.0) Gecko/20100101 Firefox/72.0"
85.208.96.212 - - [21/Mar/2024:08:08:10 +0100] "GET /robots.txt HTTP/1.0" 200 245 "-" "Mozilla/5.0 (compatible; SemrushBot/7~bl; +http://www.semrush.com/bot.html)"
