54.36.149.96 - - [21/Mar/2024:22:44:11 +0100] "GET /white-cement-cover-p-60726.html HTTP/1.0" 200 84854 "-" "Mozilla/5.0 (compatible; AhrefsBot/7.0; +http://ahrefs.com/robot/)"
157.90.209.79 - - [21/Mar/2024:22:44:13 +0100] "GET /boutis-bedspread-pillowcases-julianne-blue-p-60419.html HTTP/1.0" 200 85386 "-" "Mozilla/5.0 (compatible; BLEXBot/1.0; +http://webmeup-crawler.com/)"
157.90.209.79 - - [21/Mar/2024:22:44:16 +0100] "GET /atamie-quilted-bedspread-with-pillowcases-size-p-61705.html HTTP/1.0" 200 85502 "-" "Mozilla/5.0 (compatible; BLEXBot/1.0; +http://webmeup-crawler.com/)"
47.254.180.185 - - [21/Mar/2024:22:44:18 +0100] "HEAD /images/mini_prod/3609810065192.jpg HTTP/1.0" 200 290 "-" "Go-http-client/1.1"
47.254.180.158 - - [21/Mar/2024:22:44:18 +0100] "GET /images/mini_prod/3609810065192.jpg HTTP/1.0" 200 269 "-" "Go-http-client/1.1"
157.90.209.79 - - [21/Mar/2024:22:44:17 +0100] "GET /boutis-quilt-bedspread-c-11_194.html?page=2 HTTP/1.0" 200 98827 "-" "Mozilla/5.0 (compatible; BLEXBot/1.0; +http://webmeup-crawler.com/)"
157.90.209.79 - - [21/Mar/2024:22:44:22 +0100] "GET /aurora-disney-princess-wall-coat-rack-p-11944.html HTTP/1.0" 200 84507 "-" "Mozilla/5.0 (compatible; BLEXBot/1.0; +http://webmeup-crawler.com/)"
157.90.209.79 - - [21/Mar/2024:22:44:23 +0100] "GET /bowl-french-kiss-paris-p-37291.html HTTP/1.0" 200 84257 "-" "Mozilla/5.0 (compatible; BLEXBot/1.0; +http://webmeup-crawler.com/)"
157.90.209.79 - - [21/Mar/2024:22:44:29 +0100] "GET /aurora-silicone-mold-pink-model-p-28235.html HTTP/1.0" 200 84364 "-" "Mozilla/5.0 (compatible; BLEXBot/1.0; +http://webmeup-crawler.com/)"
157.90.209.79 - - [21/Mar/2024:22:44:30 +0100] "GET /bowl-french-kiss-paris-p-37292.html HTTP/1.0" 200 84210 "-" "Mozilla/5.0 (compatible; BLEXBot/1.0; +http://webmeup-crawler.com/)"
157.90.209.79 - - [21/Mar/2024:22:44:34 +0100] "GET /aurora-small-flexible-molds-p-28215.html HTTP/1.0" 200 85085 "-" "Mozilla/5.0 (compatible; BLEXBot/1.0; +http://webmeup-crawler.com/)"
157.90.209.79 - - [21/Mar/2024:22:44:36 +0100] "GET /bowl-love-pets-p-31697.html HTTP/1.0" 200 84233 "-" "Mozilla/5.0 (compatible; BLEXBot/1.0; +http://webmeup-crawler.com/)"
157.90.209.79 - - [21/Mar/2024:22:44:39 +0100] "GET /authentic-denim-round-side-table-p-50228.html HTTP/1.0" 200 84935 "-" "Mozilla/5.0 (compatible; BLEXBot/1.0; +http://webmeup-crawler.com/)"
157.90.209.79 - - [21/Mar/2024:22:44:42 +0100] "GET /bowl-morning-rules-p-60992.html HTTP/1.0" 200 84177 "-" "Mozilla/5.0 (compatible; BLEXBot/1.0; +http://webmeup-crawler.com/)"
157.90.209.79 - - [21/Mar/2024:22:44:44 +0100] "GET /avengers-marvel-p-31619.html HTTP/1.0" 200 85258 "-" "Mozilla/5.0 (compatible; BLEXBot/1.0; +http://webmeup-crawler.com/)"
157.90.209.79 - - [21/Mar/2024:22:44:47 +0100] "GET /bowl-p-31702.html HTTP/1.0" 200 84147 "-" "Mozilla/5.0 (compatible; BLEXBot/1.0; +http://webmeup-crawler.com/)"
157.90.209.79 - - [21/Mar/2024:22:44:49 +0100] "GET /baby-chimpanzee-small-round-magnet-p-31911.html HTTP/1.0" 200 84326 "-" "Mozilla/5.0 (compatible; BLEXBot/1.0; +http://webmeup-crawler.com/)"
157.90.209.79 - - [21/Mar/2024:22:44:55 +0100] "GET /bowl-white-ceramic-feathers-p-45765.html HTTP/1.0" 200 84257 "-" "Mozilla/5.0 (compatible; BLEXBot/1.0; +http://webmeup-crawler.com/)"
157.90.209.79 - - [21/Mar/2024:22:44:58 +0100] "GET /baby-girl-angel-statue-angel-baptism-p-51136.html HTTP/1.0" 200 85156 "-" "Mozilla/5.0 (compatible; BLEXBot/1.0; +http://webmeup-crawler.com/)"
119.8.242.80 - - [21/Mar/2024:22:45:01 +0100] "GET /images/big_prod_1/8422092340062B.jpg HTTP/1.0" 200 271 "-" "Mozilla/5.0 (X11; Ubuntu; Linux x86_64; rv:72.0) Gecko/20100101 Firefox/72.0"
157.90.209.79 - - [21/Mar/2024:22:45:03 +0100] "GET /bowls-brice-niche-p-46831.html HTTP/1.0" 200 84101 "-" "Mozilla/5.0 (compatible; BLEXBot/1.0; +http://webmeup-crawler.com/)"
157.90.209.79 - - [21/Mar/2024:22:45:03 +0100] "GET /backpacks-c-31_77.html?page=2 HTTP/1.0" 200 104430 "-" "Mozilla/5.0 (compatible; BLEXBot/1.0; +http://webmeup-crawler.com/)"
157.55.39.205 - - [21/Mar/2024:22:45:03 +0100] "GET /small-baby-teeth-p-60174.html HTTP/1.0" 200 84387 "-" "Mozilla/5.0 AppleWebKit/537.36 (KHTML, like Gecko; compatible; bingbot/2.0; +http://www.bing.com/bingbot.htm) Chrome/116.0.1938.76 Safari/537.36"
157.90.209.79 - - [21/Mar/2024:22:45:07 +0100] "GET /backpacks-c-31_77.html?page=3 HTTP/1.0" 200 105052 "-" "Mozilla/5.0 (compatible; BLEXBot/1.0; +http://webmeup-crawler.com/)"
157.90.209.79 - - [21/Mar/2024:22:45:10 +0100] "GET /bowls-british-p-31522.html HTTP/1.0" 200 84163 "-" "Mozilla/5.0 (compatible; BLEXBot/1.0; +http://webmeup-crawler.com/)"
157.90.209.79 - - [21/Mar/2024:22:45:11 +0100] "GET /backpacks-c-31_77.html?page=4 HTTP/1.0" 200 104784 "-" "Mozilla/5.0 (compatible; BLEXBot/1.0; +http://webmeup-crawler.com/)"
157.90.209.79 - - [21/Mar/2024:22:45:17 +0100] "GET /bowls-c-12_60.html?page=2 HTTP/1.0" 200 103001 "-" "Mozilla/5.0 (compatible; BLEXBot/1.0; +http://webmeup-crawler.com/)"
157.90.209.79 - - [21/Mar/2024:22:45:17 +0100] "GET /backpacks-c-31_77.html?page=5 HTTP/1.0" 200 90576 "-" "Mozilla/5.0 (compatible; BLEXBot/1.0; +http://webmeup-crawler.com/)"
157.90.209.79 - - [21/Mar/2024:22:45:22 +0100] "GET /bowls-c-12_60.html?page=3 HTTP/1.0" 200 103307 "-" "Mozilla/5.0 (compatible; BLEXBot/1.0; +http://webmeup-crawler.com/)"
157.90.209.79 - - [21/Mar/2024:22:45:27 +0100] "GET /bagshandbags-shoulder-bags-c-31_81.html?page=2 HTTP/1.0" 200 106537 "-" "Mozilla/5.0 (compatible; BLEXBot/1.0; +http://webmeup-crawler.com/)"
157.90.209.79 - - [21/Mar/2024:22:45:28 +0100] "GET /bowls-c-12_60.html?page=4 HTTP/1.0" 200 103223 "-" "Mozilla/5.0 (compatible; BLEXBot/1.0; +http://webmeup-crawler.com/)"
54.36.148.101 - - [21/Mar/2024:22:45:33 +0100] "GET /nici-ayumi-brown-portfolio-p-33439.html HTTP/1.0" 200 84472 "-" "Mozilla/5.0 (compatible; AhrefsBot/7.0; +http://ahrefs.com/robot/)"
157.90.209.79 - - [21/Mar/2024:22:45:32 +0100] "GET /bagshandbags-shoulder-bags-c-31_81.html?page=3 HTTP/1.0" 200 106957 "-" "Mozilla/5.0 (compatible; BLEXBot/1.0; +http://webmeup-crawler.com/)"
157.90.209.79 - - [21/Mar/2024:22:45:33 +0100] "GET /bowls-c-12_60.html?page=5 HTTP/1.0" 200 103773 "-" "Mozilla/5.0 (compatible; BLEXBot/1.0; +http://webmeup-crawler.com/)"
157.90.209.79 - - [21/Mar/2024:22:45:37 +0100] "GET /bagshandbags-shoulder-bags-c-31_81.html?page=4 HTTP/1.0" 200 107659 "-" "Mozilla/5.0 (compatible; BLEXBot/1.0; +http://webmeup-crawler.com/)"
157.90.209.79 - - [21/Mar/2024:22:45:39 +0100] "GET /bowls-c-12_60.html?page=6 HTTP/1.0" 200 104547 "-" "Mozilla/5.0 (compatible; BLEXBot/1.0; +http://webmeup-crawler.com/)"
157.90.209.79 - - [21/Mar/2024:22:45:42 +0100] "GET /bagshandbags-shoulder-bags-c-31_81.html?page=5 HTTP/1.0" 200 106648 "-" "Mozilla/5.0 (compatible; BLEXBot/1.0; +http://webmeup-crawler.com/)"
157.90.209.79 - - [21/Mar/2024:22:45:45 +0100] "GET /bowls-c-12_60.html?page=7 HTTP/1.0" 200 104681 "-" "Mozilla/5.0 (compatible; BLEXBot/1.0; +http://webmeup-crawler.com/)"
157.90.209.79 - - [21/Mar/2024:22:45:47 +0100] "GET /bagshandbags-shoulder-bags-c-31_81.html?page=6 HTTP/1.0" 200 106627 "-" "Mozilla/5.0 (compatible; BLEXBot/1.0; +http://webmeup-crawler.com/)"
157.90.209.79 - - [21/Mar/2024:22:45:52 +0100] "GET /bagshandbags-shoulder-bags-c-31_81.html?page=7 HTTP/1.0" 200 107160 "-" "Mozilla/5.0 (compatible; BLEXBot/1.0; +http://webmeup-crawler.com/)"
157.90.209.79 - - [21/Mar/2024:22:45:53 +0100] "GET /bowls-c-12_60.html?page=8 HTTP/1.0" 200 95313 "-" "Mozilla/5.0 (compatible; BLEXBot/1.0; +http://webmeup-crawler.com/)"
157.90.209.79 - - [21/Mar/2024:22:46:00 +0100] "GET /bagshandbags-shoulder-bags-c-31_81.html?page=8 HTTP/1.0" 200 106659 "-" "Mozilla/5.0 (compatible; BLEXBot/1.0; +http://webmeup-crawler.com/)"
157.90.209.79 - - [21/Mar/2024:22:46:01 +0100] "GET /boxes-storage-c-13_150.html?page=10 HTTP/1.0" 200 105862 "-" "Mozilla/5.0 (compatible; BLEXBot/1.0; +http://webmeup-crawler.com/)"
157.90.209.79 - - [21/Mar/2024:22:46:09 +0100] "GET /bagshandbags-shoulder-bags-c-31_81.html?page=9 HTTP/1.0" 200 92885 "-" "Mozilla/5.0 (compatible; BLEXBot/1.0; +http://webmeup-crawler.com/)"
157.90.209.79 - - [21/Mar/2024:22:46:08 +0100] "GET /boxes-storage-c-13_150.html?page=11 HTTP/1.0" 200 104514 "-" "Mozilla/5.0 (compatible; BLEXBot/1.0; +http://webmeup-crawler.com/)"
157.90.209.79 - - [21/Mar/2024:22:46:16 +0100] "GET /bakugan-placemat-p-17143.html HTTP/1.0" 200 84292 "-" "Mozilla/5.0 (compatible; BLEXBot/1.0; +http://webmeup-crawler.com/)"
157.90.209.79 - - [21/Mar/2024:22:46:18 +0100] "GET /boxes-storage-c-13_150.html?page=2 HTTP/1.0" 200 105132 "-" "Mozilla/5.0 (compatible; BLEXBot/1.0; +http://webmeup-crawler.com/)"
157.90.209.79 - - [21/Mar/2024:22:46:22 +0100] "GET /ball-zippo-lighter-p-39534.html HTTP/1.0" 200 86552 "-" "Mozilla/5.0 (compatible; BLEXBot/1.0; +http://webmeup-crawler.com/)"
157.90.209.79 - - [21/Mar/2024:22:46:23 +0100] "GET /boxes-storage-c-13_150.html?page=3 HTTP/1.0" 200 105486 "-" "Mozilla/5.0 (compatible; BLEXBot/1.0; +http://webmeup-crawler.com/)"
157.90.209.79 - - [21/Mar/2024:22:46:27 +0100] "GET /boxes-storage-c-13_150.html?page=4 HTTP/1.0" 200 105965 "-" "Mozilla/5.0 (compatible; BLEXBot/1.0; +http://webmeup-crawler.com/)"
157.90.209.79 - - [21/Mar/2024:22:46:28 +0100] "GET /ballerina-backpack-p-59826.html HTTP/1.0" 200 85101 "-" "Mozilla/5.0 (compatible; BLEXBot/1.0; +http://webmeup-crawler.com/)"
185.191.171.2 - - [21/Mar/2024:22:46:33 +0100] "GET /-p-43362.html HTTP/1.0" 200 81894 "-" "Mozilla/5.0 (compatible; SemrushBot/7~bl; +http://www.semrush.com/bot.html)"
157.90.209.79 - - [21/Mar/2024:22:46:32 +0100] "GET /boxes-storage-c-13_150.html?page=5 HTTP/1.0" 200 104965 "-" "Mozilla/5.0 (compatible; BLEXBot/1.0; +http://webmeup-crawler.com/)"
157.90.209.79 - - [21/Mar/2024:22:46:34 +0100] "GET /ballerina-jewelry-p-58362.html HTTP/1.0" 200 86624 "-" "Mozilla/5.0 (compatible; BLEXBot/1.0; +http://webmeup-crawler.com/)"
157.90.209.79 - - [21/Mar/2024:22:46:37 +0100] "GET /boxes-storage-c-13_150.html?page=6 HTTP/1.0" 200 105423 "-" "Mozilla/5.0 (compatible; BLEXBot/1.0; +http://webmeup-crawler.com/)"
40.77.167.28 - - [21/Mar/2024:22:46:41 +0100] "GET /mini-motsu-keel-toys-plush-p-46197.html HTTP/1.0" 301 81961 "-" "Mozilla/5.0 AppleWebKit/537.36 (KHTML, like Gecko; compatible; bingbot/2.0; +http://www.bing.com/bingbot.htm) Chrome/116.0.1938.76 Safari/537.36"
157.90.209.79 - - [21/Mar/2024:22:46:40 +0100] "GET /ballerina-musical-jewelry-glow-dark-p-53239.html HTTP/1.0" 200 85598 "-" "Mozilla/5.0 (compatible; BLEXBot/1.0; +http://webmeup-crawler.com/)"
157.90.209.79 - - [21/Mar/2024:22:46:41 +0100] "GET /boxes-storage-c-13_150.html?page=7 HTTP/1.0" 200 105526 "-" "Mozilla/5.0 (compatible; BLEXBot/1.0; +http://webmeup-crawler.com/)"
54.36.149.40 - - [21/Mar/2024:22:46:45 +0100] "GET /decorative-hanging-plate-p-59547.html HTTP/1.0" 200 84870 "-" "Mozilla/5.0 (compatible; AhrefsBot/7.0; +http://ahrefs.com/robot/)"
157.90.209.79 - - [21/Mar/2024:22:46:46 +0100] "GET /ballerina-musical-jewelry-glow-dark-p-56592.html HTTP/1.0" 200 85551 "-" "Mozilla/5.0 (compatible; BLEXBot/1.0; +http://webmeup-crawler.com/)"
157.90.209.79 - - [21/Mar/2024:22:46:46 +0100] "GET /boxes-storage-c-13_150.html?page=8 HTTP/1.0" 200 105135 "-" "Mozilla/5.0 (compatible; BLEXBot/1.0; +http://webmeup-crawler.com/)"
54.36.148.125 - - [21/Mar/2024:22:46:48 +0100] "GET /images/big_prod_1/3700281670899B.jpg HTTP/1.0" 200 271 "-" "Mozilla/5.0 (compatible; AhrefsBot/7.0; +http://ahrefs.com/robot/)"
54.36.148.134 - - [21/Mar/2024:22:46:48 +0100] "GET /images/big_prod/3700281670899N.jpg HTTP/1.0" 200 269 "-" "Mozilla/5.0 (compatible; AhrefsBot/7.0; +http://ahrefs.com/robot/)"
157.90.209.79 - - [21/Mar/2024:22:46:49 +0100] "GET /ballerina-musical-jewelry-glow-dark-p-57227.html HTTP/1.0" 200 85566 "-" "Mozilla/5.0 (compatible; BLEXBot/1.0; +http://webmeup-crawler.com/)"
202.239.5.232 - - [21/Mar/2024:22:46:51 +0100] "GET / HTTP/1.0" 200 163310 "-" "Mozilla/5.0 (compatible; Y!J-WSC/1.0; +https://yahoo.jp/3BSZgF)"
157.90.209.79 - - [21/Mar/2024:22:46:53 +0100] "GET /boxes-storage-c-13_150.html?page=9 HTTP/1.0" 200 106428 "-" "Mozilla/5.0 (compatible; BLEXBot/1.0; +http://webmeup-crawler.com/)"
182.22.30.98 - - [21/Mar/2024:22:46:56 +0100] "GET /swfobject.js HTTP/1.0" 404 1308 "http://www.wonder-geek.com/" "Mozilla/5.0 (Windows NT 10.0; Win64; x64) AppleWebKit/537.36 (KHTML, like Gecko; compatible; Y!J-WSC/1.0; +https://yahoo.jp/3BSZgF) Chrome/120.0.0.0 Safari/537.36"
51.68.224.127 - - [21/Mar/2024:22:46:56 +0100] "GET /adminweb/export_orders_xml.php?token=256de2z6edz6ed2z6DFSFsed2zed6zeDSFDSGdzedezfzf&maxorders=10&orderstart=1&status=14&start_date=2018-10-01 HTTP/1.0" 200 285 "-" "GesCom CharlotteBoutik Serveur"
202.239.4.202 - - [21/Mar/2024:22:46:56 +0100] "GET /js/jquery.min.js HTTP/1.0" 404 1308 "http://www.wonder-geek.com/" "Mozilla/5.0 (Windows NT 10.0; Win64; x64) AppleWebKit/537.36 (KHTML, like Gecko; compatible; Y!J-WSC/1.0; +https://yahoo.jp/3BSZgF) Chrome/120.0.0.0 Safari/537.36"
51.68.224.127 - - [21/Mar/2024:22:46:56 +0100] "GET /adminweb/export_orders_xml.php?token=256de2z6edz6ed2z6DFSFsed2zed6zeDSFDSGdzedezfzf&maxorders=10&orderstart=1&status=6&start_date=2018-10-01 HTTP/1.0" 200 34517 "-" "GesCom CharlotteBoutik Serveur"
114.119.154.166 - - [21/Mar/2024:22:46:58 +0100] "GET /images/big_prod_2/3665269122671a.jpg HTTP/1.0" 200 271 "http://www.wonder-geek.com/white-sheer-curtain-panel-with-silver-pattern-p-61741.html" "Mozilla/5.0 (Linux; Android 7.0;) AppleWebKit/537.36 (KHTML, like Gecko) Mobile Safari/537.36 (compatible; PetalBot;+https://webmaster.petalsearch.com/site/petalbot)"
157.90.209.79 - - [21/Mar/2024:22:46:57 +0100] "GET /ballerina-statue-collection-body-talk-p-38819.html HTTP/1.0" 200 85158 "-" "Mozilla/5.0 (compatible; BLEXBot/1.0; +http://webmeup-crawler.com/)"
157.90.209.79 - - [21/Mar/2024:22:46:58 +0100] "GET /boys-c-2.html?page=2 HTTP/1.0" 200 96093 "-" "Mozilla/5.0 (compatible; BLEXBot/1.0; +http://webmeup-crawler.com/)"
40.77.167.22 - - [21/Mar/2024:22:47:00 +0100] "GET /placemat-kiub-collection-amys-cushion-p-55911.html HTTP/1.0" 200 87919 "-" "Mozilla/5.0 AppleWebKit/537.36 (KHTML, like Gecko; compatible; bingbot/2.0; +http://www.bing.com/bingbot.htm) Chrome/116.0.1938.76 Safari/537.36"
157.90.209.79 - - [21/Mar/2024:22:47:01 +0100] "GET /bracelets-c-3_200.html?page=2 HTTP/1.0" 200 102665 "-" "Mozilla/5.0 (compatible; BLEXBot/1.0; +http://webmeup-crawler.com/)"
157.90.209.79 - - [21/Mar/2024:22:47:01 +0100] "GET /ballerina-statue-collection-body-talk-p-40675.html HTTP/1.0" 200 85158 "-" "Mozilla/5.0 (compatible; BLEXBot/1.0; +http://webmeup-crawler.com/)"
157.90.209.79 - - [21/Mar/2024:22:47:05 +0100] "GET /bracelets-c-3_200.html?page=3 HTTP/1.0" 200 103056 "-" "Mozilla/5.0 (compatible; BLEXBot/1.0; +http://webmeup-crawler.com/)"
40.77.167.28 - - [21/Mar/2024:22:47:08 +0100] "GET /images/3438100333952.jpg HTTP/1.0" 200 259 "-" "Mozilla/5.0 (Windows NT 6.1; WOW64) AppleWebKit/534+ (KHTML, like Gecko) BingPreview/1.0b"
157.90.209.79 - - [21/Mar/2024:22:47:09 +0100] "GET /bamboo-cutlery-with-organic-cotton-case-p-59594.html HTTP/1.0" 200 85710 "-" "Mozilla/5.0 (compatible; BLEXBot/1.0; +http://webmeup-crawler.com/)"
157.90.209.79 - - [21/Mar/2024:22:47:11 +0100] "GET /bracelets-c-3_200.html?page=4 HTTP/1.0" 200 102834 "-" "Mozilla/5.0 (compatible; BLEXBot/1.0; +http://webmeup-crawler.com/)"
157.90.209.79 - - [21/Mar/2024:22:47:14 +0100] "GET /bamboo-cutting-board-p-61808.html HTTP/1.0" 200 85300 "-" "Mozilla/5.0 (compatible; BLEXBot/1.0; +http://webmeup-crawler.com/)"
157.90.209.79 - - [21/Mar/2024:22:47:14 +0100] "GET /bracelets-c-3_200.html?page=5 HTTP/1.0" 200 98165 "-" "Mozilla/5.0 (compatible; BLEXBot/1.0; +http://webmeup-crawler.com/)"
157.90.209.79 - - [21/Mar/2024:22:47:20 +0100] "GET /braided-paper-fiber-basket-grey-p-58191.html HTTP/1.0" 200 84959 "-" "Mozilla/5.0 (compatible; BLEXBot/1.0; +http://webmeup-crawler.com/)"
157.90.209.79 - - [21/Mar/2024:22:47:21 +0100] "GET /bamboo-exotic-spirit-tropical-flowers-p-49321.html HTTP/1.0" 200 84412 "-" "Mozilla/5.0 (compatible; BLEXBot/1.0; +http://webmeup-crawler.com/)"
157.90.209.79 - - [21/Mar/2024:22:47:24 +0100] "GET /braided-paper-fiber-basket-grey-p-58192.html HTTP/1.0" 200 84961 "-" "Mozilla/5.0 (compatible; BLEXBot/1.0; +http://webmeup-crawler.com/)"
202.239.4.24 - - [21/Mar/2024:22:47:27 +0100] "GET /large-white-porcelain-bowl-tassen-kisses-p-61903.html HTTP/1.0" 200 85712 "-" "Mozilla/5.0 (compatible; Y!J-WSC/1.0; +https://yahoo.jp/3BSZgF)"
157.90.209.79 - - [21/Mar/2024:22:47:28 +0100] "GET /bamboo-exotic-spirit-tropical-flowers-p-49322.html HTTP/1.0" 200 84419 "-" "Mozilla/5.0 (compatible; BLEXBot/1.0; +http://webmeup-crawler.com/)"
157.90.209.79 - - [21/Mar/2024:22:47:29 +0100] "GET /braided-paper-fiber-basket-grey-p-58193.html HTTP/1.0" 200 84967 "-" "Mozilla/5.0 (compatible; BLEXBot/1.0; +http://webmeup-crawler.com/)"
157.90.209.79 - - [21/Mar/2024:22:47:31 +0100] "GET /braided-polypropylene-decorative-basket-p-58197.html HTTP/1.0" 200 85064 "-" "Mozilla/5.0 (compatible; BLEXBot/1.0; +http://webmeup-crawler.com/)"
157.90.209.79 - - [21/Mar/2024:22:47:34 +0100] "GET /bamboo-fiber-plant-cover-p-53413.html HTTP/1.0" 200 84903 "-" "Mozilla/5.0 (compatible; BLEXBot/1.0; +http://webmeup-crawler.com/)"
182.22.30.29 - - [21/Mar/2024:22:47:36 +0100] "GET /images/mini_prod/8422199381388.jpg HTTP/1.0" 200 269 "-" "Mozilla/5.0 (compatible; Y!J-WSC/1.0; +https://yahoo.jp/3BSZgF)"
157.90.209.79 - - [21/Mar/2024:22:47:35 +0100] "GET /brasil-mouse-cbkreation-p-25986.html HTTP/1.0" 200 84263 "-" "Mozilla/5.0 (compatible; BLEXBot/1.0; +http://webmeup-crawler.com/)"
157.90.209.79 - - [21/Mar/2024:22:47:39 +0100] "GET /bamboo-fiber-plant-cover-p-54399.html HTTP/1.0" 200 84926 "-" "Mozilla/5.0 (compatible; BLEXBot/1.0; +http://webmeup-crawler.com/)"
157.90.209.79 - - [21/Mar/2024:22:47:39 +0100] "GET /brasil-passeport-p-19070.html HTTP/1.0" 200 85112 "-" "Mozilla/5.0 (compatible; BLEXBot/1.0; +http://webmeup-crawler.com/)"
182.22.30.113 - - [21/Mar/2024:22:47:44 +0100] "GET /images/mini_prod/4250255859984.jpg HTTP/1.0" 200 269 "-" "Mozilla/5.0 (compatible; Y!J-WSC/1.0; +https://yahoo.jp/3BSZgF)"
157.90.209.79 - - [21/Mar/2024:22:47:44 +0100] "GET /bamboo-fiber-plant-cover-p-54531.html HTTP/1.0" 200 84901 "-" "Mozilla/5.0 (compatible; BLEXBot/1.0; +http://webmeup-crawler.com/)"
157.90.209.79 - - [21/Mar/2024:22:47:44 +0100] "GET /brass-lapis-lazuli-adjustable-ring-p-57283.html HTTP/1.0" 200 85196 "-" "Mozilla/5.0 (compatible; BLEXBot/1.0; +http://webmeup-crawler.com/)"
157.90.209.79 - - [21/Mar/2024:22:47:48 +0100] "GET /brass-patinated-handing-bells-ganesh-p-37219.html HTTP/1.0" 200 85015 "-" "Mozilla/5.0 (compatible; BLEXBot/1.0; +http://webmeup-crawler.com/)"
157.90.209.79 - - [21/Mar/2024:22:47:51 +0100] "GET /bamboo-fiber-plant-cover-p-57862.html HTTP/1.0" 200 84903 "-" "Mozilla/5.0 (compatible; BLEXBot/1.0; +http://webmeup-crawler.com/)"
213.180.203.150 - - [21/Mar/2024:22:47:53 +0100] "GET /robots.txt HTTP/1.0" 200 245 "-" "Mozilla/5.0 (compatible; YandexBot/3.0; +http://yandex.com/bots)"
202.239.5.167 - - [21/Mar/2024:22:47:54 +0100] "GET /images/big_prod_1/4250255859984a.jpg HTTP/1.0" 200 271 "-" "Mozilla/5.0 (compatible; Y!J-WSC/1.0; +https://yahoo.jp/3BSZgF)"
213.180.203.108 - - [21/Mar/2024:22:47:53 +0100] "GET /rosie-white-mini-rectangular-tray-p-54915.html HTTP/1.0" 200 82020 "-" "Mozilla/5.0 (compatible; YandexBot/3.0; +http://yandex.com/bots)"
157.90.209.79 - - [21/Mar/2024:22:47:53 +0100] "GET /brass-rock-crystal-adjustable-ring-p-57282.html HTTP/1.0" 200 85196 "-" "Mozilla/5.0 (compatible; BLEXBot/1.0; +http://webmeup-crawler.com/)"
54.36.148.44 - - [21/Mar/2024:22:47:53 +0100] "GET /decorative-wooden-plate-habite-chez-chat-p-60226.html HTTP/1.0" 200 85571 "-" "Mozilla/5.0 (compatible; AhrefsBot/7.0; +http://ahrefs.com/robot/)"
54.36.149.93 - - [21/Mar/2024:22:47:57 +0100] "GET /images/big_prod_1/8445148204088B.jpg HTTP/1.0" 200 271 "-" "Mozilla/5.0 (compatible; AhrefsBot/7.0; +http://ahrefs.com/robot/)"
157.90.209.79 - - [21/Mar/2024:22:47:54 +0100] "GET /bamboo-fiber-plant-cover-p-57863.html HTTP/1.0" 200 84903 "-" "Mozilla/5.0 (compatible; BLEXBot/1.0; +http://webmeup-crawler.com/)"
157.90.209.79 - - [21/Mar/2024:22:47:57 +0100] "GET /bratz-scarf-glove-p-22129.html HTTP/1.0" 200 84476 "-" "Mozilla/5.0 (compatible; BLEXBot/1.0; +http://webmeup-crawler.com/)"
157.90.209.79 - - [21/Mar/2024:22:48:00 +0100] "GET /bamboo-fiber-plant-cover-p-58870.html HTTP/1.0" 200 84926 "-" "Mozilla/5.0 (compatible; BLEXBot/1.0; +http://webmeup-crawler.com/)"
157.90.209.79 - - [21/Mar/2024:22:48:02 +0100] "GET /brave-merida-melamine-bowl-p-17122.html HTTP/1.0" 200 84999 "-" "Mozilla/5.0 (compatible; BLEXBot/1.0; +http://webmeup-crawler.com/)"
202.239.4.125 - - [21/Mar/2024:22:48:03 +0100] "GET /images/big_prod_2/4250255859984b.jpg HTTP/1.0" 200 271 "-" "Mozilla/5.0 (compatible; Y!J-WSC/1.0; +https://yahoo.jp/3BSZgF)"
216.244.66.242 - - [21/Mar/2024:22:48:04 +0100] "GET /pusheen-the-grey-cat-pip-soft-toy-17-cm-p-44586.html HTTP/1.0" 301 615 "-" "Mozilla/5.0 (compatible; DotBot/1.2; +https://opensiteexplorer.org/dotbot; help@moz.com)"
157.90.209.79 - - [21/Mar/2024:22:48:06 +0100] "GET /bamboo-fiber-plant-cover-p-58871.html HTTP/1.0" 200 84927 "-" "Mozilla/5.0 (compatible; BLEXBot/1.0; +http://webmeup-crawler.com/)"
216.244.66.242 - - [21/Mar/2024:22:48:09 +0100] "GET /teo-jasmin-jasmine-racing-companion-portfolio-p-46991.html HTTP/1.0" 301 627 "-" "Mozilla/5.0 (compatible; DotBot/1.2; +https://opensiteexplorer.org/dotbot; help@moz.com)"
157.90.209.79 - - [21/Mar/2024:22:48:07 +0100] "GET /brazil-alarm-clock-cbkreation-p-25009.html HTTP/1.0" 200 84361 "-" "Mozilla/5.0 (compatible; BLEXBot/1.0; +http://webmeup-crawler.com/)"
202.239.5.128 - - [21/Mar/2024:22:48:15 +0100] "GET /images/mini_prod/8422199381456.jpg HTTP/1.0" 200 269 "-" "Mozilla/5.0 (compatible; Y!J-WSC/1.0; +https://yahoo.jp/3BSZgF)"
157.90.209.79 - - [21/Mar/2024:22:48:13 +0100] "GET /bamboo-fiber-plant-cover-p-58886.html HTTP/1.0" 200 84927 "-" "Mozilla/5.0 (compatible; BLEXBot/1.0; +http://webmeup-crawler.com/)"
157.90.209.79 - - [21/Mar/2024:22:48:14 +0100] "GET /breakfast-c-12_61.html?page=2 HTTP/1.0" 200 103461 "-" "Mozilla/5.0 (compatible; BLEXBot/1.0; +http://webmeup-crawler.com/)"
157.90.209.79 - - [21/Mar/2024:22:48:20 +0100] "GET /breakfast-c-12_61.html?page=3 HTTP/1.0" 200 103732 "-" "Mozilla/5.0 (compatible; BLEXBot/1.0; +http://webmeup-crawler.com/)"
157.90.209.79 - - [21/Mar/2024:22:48:22 +0100] "GET /bamboo-fiber-plant-cover-p-58887.html HTTP/1.0" 200 84927 "-" "Mozilla/5.0 (compatible; BLEXBot/1.0; +http://webmeup-crawler.com/)"
157.90.209.79 - - [21/Mar/2024:22:48:28 +0100] "GET /bamboo-fiber-plant-cover-p-58888.html HTTP/1.0" 200 84928 "-" "Mozilla/5.0 (compatible; BLEXBot/1.0; +http://webmeup-crawler.com/)"
157.90.209.79 - - [21/Mar/2024:22:48:28 +0100] "GET /breakfast-c-12_61.html?page=4 HTTP/1.0" 200 103759 "-" "Mozilla/5.0 (compatible; BLEXBot/1.0; +http://webmeup-crawler.com/)"
157.90.209.79 - - [21/Mar/2024:22:48:31 +0100] "GET /breakfast-c-12_61.html?page=5 HTTP/1.0" 200 98824 "-" "Mozilla/5.0 (compatible; BLEXBot/1.0; +http://webmeup-crawler.com/)"
157.90.209.79 - - [21/Mar/2024:22:48:33 +0100] "GET /bamboo-fiber-plant-cover-p-58889.html HTTP/1.0" 200 84926 "-" "Mozilla/5.0 (compatible; BLEXBot/1.0; +http://webmeup-crawler.com/)"
157.90.209.79 - - [21/Mar/2024:22:48:37 +0100] "GET /bamboo-fiber-plant-cover-p-58890.html HTTP/1.0" 200 84927 "-" "Mozilla/5.0 (compatible; BLEXBot/1.0; +http://webmeup-crawler.com/)"
157.90.209.79 - - [21/Mar/2024:22:48:38 +0100] "GET /bright-wooden-frame-little-prince-exupery-p-49746.html HTTP/1.0" 200 84569 "-" "Mozilla/5.0 (compatible; BLEXBot/1.0; +http://webmeup-crawler.com/)"
157.90.209.79 - - [21/Mar/2024:22:48:42 +0100] "GET /british-metal-case-business-cards-p-11853.html HTTP/1.0" 200 85204 "-" "Mozilla/5.0 (compatible; BLEXBot/1.0; +http://webmeup-crawler.com/)"
157.90.209.79 - - [21/Mar/2024:22:48:42 +0100] "GET /bamboo-fiber-plant-cover-p-58891.html HTTP/1.0" 200 84927 "-" "Mozilla/5.0 (compatible; BLEXBot/1.0; +http://webmeup-crawler.com/)"
157.90.209.79 - - [21/Mar/2024:22:48:47 +0100] "GET /british-round-p-15931.html HTTP/1.0" 200 84366 "-" "Mozilla/5.0 (compatible; BLEXBot/1.0; +http://webmeup-crawler.com/)"
157.90.209.79 - - [21/Mar/2024:22:48:48 +0100] "GET /bamboo-fiber-plant-cover-p-58892.html HTTP/1.0" 200 84927 "-" "Mozilla/5.0 (compatible; BLEXBot/1.0; +http://webmeup-crawler.com/)"
157.90.209.79 - - [21/Mar/2024:22:48:54 +0100] "GET /bamboo-fiber-plant-cover-p-58893.html HTTP/1.0" 200 84927 "-" "Mozilla/5.0 (compatible; BLEXBot/1.0; +http://webmeup-crawler.com/)"
157.90.209.79 - - [21/Mar/2024:22:48:54 +0100] "GET /bronze-basket-corduroy-p-59638.html HTTP/1.0" 200 85343 "-" "Mozilla/5.0 (compatible; BLEXBot/1.0; +http://webmeup-crawler.com/)"
157.90.209.79 - - [21/Mar/2024:22:48:58 +0100] "GET /brown-adult-cotton-apron-p-41419.html HTTP/1.0" 200 84846 "-" "Mozilla/5.0 (compatible; BLEXBot/1.0; +http://webmeup-crawler.com/)"
157.90.209.79 - - [21/Mar/2024:22:48:59 +0100] "GET /bamboo-fiber-plant-cover-p-59084.html HTTP/1.0" 200 84927 "-" "Mozilla/5.0 (compatible; BLEXBot/1.0; +http://webmeup-crawler.com/)"
157.90.209.79 - - [21/Mar/2024:22:49:01 +0100] "GET /brown-horse-training-bottle-cbkreation-p-24338.html HTTP/1.0" 200 85275 "-" "Mozilla/5.0 (compatible; BLEXBot/1.0; +http://webmeup-crawler.com/)"
54.36.148.17 - - [21/Mar/2024:22:49:02 +0100] "GET /decorative-candles-c-231_227_352.html?page=3 HTTP/1.0" 200 100349 "-" "Mozilla/5.0 (compatible; AhrefsBot/7.0; +http://ahrefs.com/robot/)"
157.90.209.79 - - [21/Mar/2024:22:49:03 +0100] "GET /bamboo-fiber-plant-cover-p-59085.html HTTP/1.0" 200 84927 "-" "Mozilla/5.0 (compatible; BLEXBot/1.0; +http://webmeup-crawler.com/)"
157.90.209.79 - - [21/Mar/2024:22:49:06 +0100] "GET /brown-lampshade-p-54560.html HTTP/1.0" 200 85049 "-" "Mozilla/5.0 (compatible; BLEXBot/1.0; +http://webmeup-crawler.com/)"
157.90.209.79 - - [21/Mar/2024:22:49:08 +0100] "GET /bamboo-fiber-plant-cover-p-60056.html HTTP/1.0" 200 84929 "-" "Mozilla/5.0 (compatible; BLEXBot/1.0; +http://webmeup-crawler.com/)"
157.90.209.79 - - [21/Mar/2024:22:49:11 +0100] "GET /brown-lampshade-p-54561.html HTTP/1.0" 200 85094 "-" "Mozilla/5.0 (compatible; BLEXBot/1.0; +http://webmeup-crawler.com/)"
157.90.209.79 - - [21/Mar/2024:22:49:13 +0100] "GET /bison-girly-cushion-p-28714.html HTTP/1.0" 200 84397 "-" "Mozilla/5.0 (compatible; BLEXBot/1.0; +http://webmeup-crawler.com/)"
157.90.209.79 - - [21/Mar/2024:22:49:15 +0100] "GET /brown-lampshade-p-54562.html HTTP/1.0" 200 85303 "-" "Mozilla/5.0 (compatible; BLEXBot/1.0; +http://webmeup-crawler.com/)"
157.90.209.79 - - [21/Mar/2024:22:49:17 +0100] "GET /brown-lampshade-p-56063.html HTTP/1.0" 200 85291 "-" "Mozilla/5.0 (compatible; BLEXBot/1.0; +http://webmeup-crawler.com/)"
157.90.209.79 - - [21/Mar/2024:22:49:20 +0100] "GET /bistrot-ceramic-pitcher-p-45678.html HTTP/1.0" 200 84324 "-" "Mozilla/5.0 (compatible; BLEXBot/1.0; +http://webmeup-crawler.com/)"
157.90.209.79 - - [21/Mar/2024:22:49:22 +0100] "GET /brown-lampshade-p-56446.html HTTP/1.0" 200 84543 "-" "Mozilla/5.0 (compatible; BLEXBot/1.0; +http://webmeup-crawler.com/)"
172.203.163.52 - - [21/Mar/2024:22:49:25 +0100] "GET /images/mini_prod/3574642017131.jpg HTTP/1.0" 200 269 "-" "Mozilla/5.0 (Windows NT 10.0; Win64; x64) AppleWebKit/537.36 (KHTML, like Gecko) Chrome/103.0.0.0 Safari/537.36"
157.90.209.79 - - [21/Mar/2024:22:49:24 +0100] "GET /bistrot-chez-copains-side-table-p-56623.html HTTP/1.0" 200 85189 "-" "Mozilla/5.0 (compatible; BLEXBot/1.0; +http://webmeup-crawler.com/)"
157.90.209.79 - - [21/Mar/2024:22:49:27 +0100] "GET /brown-metal-buddha-mobile-p-56750.html HTTP/1.0" 200 84890 "-" "Mozilla/5.0 (compatible; BLEXBot/1.0; +http://webmeup-crawler.com/)"
157.90.209.79 - - [21/Mar/2024:22:49:32 +0100] "GET /brown-polyester-chandelier-p-59708.html HTTP/1.0" 200 85568 "-" "Mozilla/5.0 (compatible; BLEXBot/1.0; +http://webmeup-crawler.com/)"
157.90.209.79 - - [21/Mar/2024:22:49:34 +0100] "GET /bistrot-coasters-p-55054.html HTTP/1.0" 200 84841 "-" "Mozilla/5.0 (compatible; BLEXBot/1.0; +http://webmeup-crawler.com/)"
157.90.209.79 - - [21/Mar/2024:22:49:40 +0100] "GET /bistrot-metal-tray-p-53576.html HTTP/1.0" 200 85110 "-" "Mozilla/5.0 (compatible; BLEXBot/1.0; +http://webmeup-crawler.com/)"
157.90.209.79 - - [21/Mar/2024:22:49:40 +0100] "GET /brown-polyester-round-chair-cushion-p-47032.html HTTP/1.0" 200 85006 "-" "Mozilla/5.0 (compatible; BLEXBot/1.0; +http://webmeup-crawler.com/)"
185.191.171.10 - - [21/Mar/2024:22:49:42 +0100] "GET /-p-35267.html HTTP/1.0" 200 81894 "-" "Mozilla/5.0 (compatible; SemrushBot/7~bl; +http://www.semrush.com/bot.html)"
157.90.209.79 - - [21/Mar/2024:22:49:44 +0100] "GET /bistrot-motif-side-table-p-56622.html HTTP/1.0" 200 85045 "-" "Mozilla/5.0 (compatible; BLEXBot/1.0; +http://webmeup-crawler.com/)"
157.90.209.79 - - [21/Mar/2024:22:49:44 +0100] "GET /brown-terrestrial-globe-p-60870.html HTTP/1.0" 200 84953 "-" "Mozilla/5.0 (compatible; BLEXBot/1.0; +http://webmeup-crawler.com/)"
157.90.209.79 - - [21/Mar/2024:22:49:48 +0100] "GET /brown-wooden-perpetual-calendar-p-60320.html HTTP/1.0" 200 85177 "-" "Mozilla/5.0 (compatible; BLEXBot/1.0; +http://webmeup-crawler.com/)"
157.90.209.79 - - [21/Mar/2024:22:49:50 +0100] "GET /bistrot-paris-opener-p-19944.html HTTP/1.0" 200 84283 "-" "Mozilla/5.0 (compatible; BLEXBot/1.0; +http://webmeup-crawler.com/)"
157.90.209.79 - - [21/Mar/2024:22:49:52 +0100] "GET /bucolic-atmosphere-cbkration-p-61803.html HTTP/1.0" 200 85368 "-" "Mozilla/5.0 (compatible; BLEXBot/1.0; +http://webmeup-crawler.com/)"
157.90.209.79 - - [21/Mar/2024:22:49:55 +0100] "GET /black-bulldog-bookend-p-60669.html HTTP/1.0" 200 85037 "-" "Mozilla/5.0 (compatible; BLEXBot/1.0; +http://webmeup-crawler.com/)"
157.90.209.79 - - [21/Mar/2024:22:49:59 +0100] "GET /bucolic-atmosphere-pencil-cbkreation-p-49142.html HTTP/1.0" 200 84566 "-" "Mozilla/5.0 (compatible; BLEXBot/1.0; +http://webmeup-crawler.com/)"
157.90.209.79 - - [21/Mar/2024:22:50:03 +0100] "GET /black-fancy-elastic-bracelet-p-43719.html HTTP/1.0" 200 84252 "-" "Mozilla/5.0 (compatible; BLEXBot/1.0; +http://webmeup-crawler.com/)"
157.90.209.79 - - [21/Mar/2024:22:50:04 +0100] "GET /bucolic-atmosphere-training-bottle-cbkreation-p-49143.html HTTP/1.0" 200 84715 "-" "Mozilla/5.0 (compatible; BLEXBot/1.0; +http://webmeup-crawler.com/)"
157.90.209.79 - - [21/Mar/2024:22:50:08 +0100] "GET /buddha-buddhist-monk-statues-c-292_406.html?page=2 HTTP/1.0" 200 96425 "-" "Mozilla/5.0 (compatible; BLEXBot/1.0; +http://webmeup-crawler.com/)"
54.36.148.165 - - [21/Mar/2024:22:50:09 +0100] "GET /stationery-cardmaking-c-129.html?page=17 HTTP/1.0" 200 103648 "-" "Mozilla/5.0 (compatible; AhrefsBot/7.0; +http://ahrefs.com/robot/)"
157.90.209.79 - - [21/Mar/2024:22:50:11 +0100] "GET /black-fancy-elastic-bracelet-p-43720.html HTTP/1.0" 200 84248 "-" "Mozilla/5.0 (compatible; BLEXBot/1.0; +http://webmeup-crawler.com/)"
54.36.149.104 - - [21/Mar/2024:22:50:13 +0100] "GET /images/mini_prod/3585190441903.jpg HTTP/1.0" 200 269 "-" "Mozilla/5.0 (compatible; AhrefsBot/7.0; +http://ahrefs.com/robot/)"
54.36.149.71 - - [21/Mar/2024:22:50:13 +0100] "GET /images/mini_prod/3700516213600.jpg HTTP/1.0" 200 269 "-" "Mozilla/5.0 (compatible; AhrefsBot/7.0; +http://ahrefs.com/robot/)"
157.90.209.79 - - [21/Mar/2024:22:50:16 +0100] "GET /buddha-canvas-frame-p-33993.html HTTP/1.0" 200 84350 "-" "Mozilla/5.0 (compatible; BLEXBot/1.0; +http://webmeup-crawler.com/)"
157.90.209.79 - - [21/Mar/2024:22:50:19 +0100] "GET /black-fancy-elastic-bracelet-p-43721.html HTTP/1.0" 200 84248 "-" "Mozilla/5.0 (compatible; BLEXBot/1.0; +http://webmeup-crawler.com/)"
157.90.209.79 - - [21/Mar/2024:22:50:20 +0100] "GET /buddha-canvas-frame-p-33994.html HTTP/1.0" 200 84350 "-" "Mozilla/5.0 (compatible; BLEXBot/1.0; +http://webmeup-crawler.com/)"
157.90.209.79 - - [21/Mar/2024:22:50:24 +0100] "GET /black-fancy-elastic-bracelet-p-43722.html HTTP/1.0" 200 84248 "-" "Mozilla/5.0 (compatible; BLEXBot/1.0; +http://webmeup-crawler.com/)"
157.90.209.79 - - [21/Mar/2024:22:50:27 +0100] "GET /buddha-decorative-statue-p-42791.html HTTP/1.0" 200 84446 "-" "Mozilla/5.0 (compatible; BLEXBot/1.0; +http://webmeup-crawler.com/)"
157.90.209.79 - - [21/Mar/2024:22:50:31 +0100] "GET /black-fancy-elastic-bracelet-p-43723.html HTTP/1.0" 200 84248 "-" "Mozilla/5.0 (compatible; BLEXBot/1.0; +http://webmeup-crawler.com/)"
157.90.209.79 - - [21/Mar/2024:22:50:34 +0100] "GET /buddha-decorative-statuette-terracotta-p-58712.html HTTP/1.0" 200 85389 "-" "Mozilla/5.0 (compatible; BLEXBot/1.0; +http://webmeup-crawler.com/)"
157.90.209.79 - - [21/Mar/2024:22:50:35 +0100] "GET /black-fancy-elastic-bracelet-p-43724.html HTTP/1.0" 200 84248 "-" "Mozilla/5.0 (compatible; BLEXBot/1.0; +http://webmeup-crawler.com/)"
157.90.209.79 - - [21/Mar/2024:22:50:38 +0100] "GET /buddha-fiberglass-gray-statue-p-37580.html HTTP/1.0" 200 84459 "-" "Mozilla/5.0 (compatible; BLEXBot/1.0; +http://webmeup-crawler.com/)"
157.90.209.79 - - [21/Mar/2024:22:50:49 +0100] "GET /black-fancy-elastic-bracelet-p-43725.html HTTP/1.0" 200 84252 "-" "Mozilla/5.0 (compatible; BLEXBot/1.0; +http://webmeup-crawler.com/)"
157.90.209.79 - - [21/Mar/2024:22:50:52 +0100] "GET /buddha-head-resin-statue-p-56155.html HTTP/1.0" 200 85161 "-" "Mozilla/5.0 (compatible; BLEXBot/1.0; +http://webmeup-crawler.com/)"
157.90.209.79 - - [21/Mar/2024:22:50:56 +0100] "GET /black-fancy-elastic-bracelet-p-43726.html HTTP/1.0" 200 84248 "-" "Mozilla/5.0 (compatible; BLEXBot/1.0; +http://webmeup-crawler.com/)"
157.90.209.79 - - [21/Mar/2024:22:51:01 +0100] "GET /black-fancy-elastic-bracelet-p-43727.html HTTP/1.0" 200 84252 "-" "Mozilla/5.0 (compatible; BLEXBot/1.0; +http://webmeup-crawler.com/)"
157.90.209.79 - - [21/Mar/2024:22:51:04 +0100] "GET /buddha-metal-bell-p-42073.html HTTP/1.0" 200 84218 "-" "Mozilla/5.0 (compatible; BLEXBot/1.0; +http://webmeup-crawler.com/)"
157.90.209.79 - - [21/Mar/2024:22:51:05 +0100] "GET /black-fancy-elastic-bracelet-p-43728.html HTTP/1.0" 200 84248 "-" "Mozilla/5.0 (compatible; BLEXBot/1.0; +http://webmeup-crawler.com/)"
157.90.209.79 - - [21/Mar/2024:22:51:08 +0100] "GET /buddha-perfume-diffuser-p-31887.html HTTP/1.0" 200 84976 "-" "Mozilla/5.0 (compatible; BLEXBot/1.0; +http://webmeup-crawler.com/)"
157.90.209.79 - - [21/Mar/2024:22:51:10 +0100] "GET /black-fancy-elastic-bracelet-p-43729.html HTTP/1.0" 200 84248 "-" "Mozilla/5.0 (compatible; BLEXBot/1.0; +http://webmeup-crawler.com/)"
157.90.209.79 - - [21/Mar/2024:22:51:13 +0100] "GET /buddha-small-notebook-model-p-38471.html HTTP/1.0" 200 84403 "-" "Mozilla/5.0 (compatible; BLEXBot/1.0; +http://webmeup-crawler.com/)"
157.90.209.79 - - [21/Mar/2024:22:51:15 +0100] "GET /buddha-small-notebook-model-p-38472.html HTTP/1.0" 200 84403 "-" "Mozilla/5.0 (compatible; BLEXBot/1.0; +http://webmeup-crawler.com/)"
157.90.209.79 - - [21/Mar/2024:22:51:16 +0100] "GET /black-fancy-elastic-bracelet-p-43730.html HTTP/1.0" 200 84248 "-" "Mozilla/5.0 (compatible; BLEXBot/1.0; +http://webmeup-crawler.com/)"
157.90.209.79 - - [21/Mar/2024:22:51:21 +0100] "GET /black-fitted-sheet-p-34830.html HTTP/1.0" 200 84884 "-" "Mozilla/5.0 (compatible; BLEXBot/1.0; +http://webmeup-crawler.com/)"
157.90.209.79 - - [21/Mar/2024:22:51:21 +0100] "GET /buddha-small-notebook-model-p-38473.html HTTP/1.0" 200 84403 "-" "Mozilla/5.0 (compatible; BLEXBot/1.0; +http://webmeup-crawler.com/)"
157.90.209.79 - - [21/Mar/2024:22:51:26 +0100] "GET /buddhist-bracelet-wooden-beads-beige-p-37669.html HTTP/1.0" 200 84305 "-" "Mozilla/5.0 (compatible; BLEXBot/1.0; +http://webmeup-crawler.com/)"
157.90.209.79 - - [21/Mar/2024:22:51:28 +0100] "GET /black-fitted-sheet-p-34833.html HTTP/1.0" 200 85104 "-" "Mozilla/5.0 (compatible; BLEXBot/1.0; +http://webmeup-crawler.com/)"
157.90.209.79 - - [21/Mar/2024:22:51:29 +0100] "GET /buddhist-bracelet-wooden-beads-black-p-37664.html HTTP/1.0" 200 84305 "-" "Mozilla/5.0 (compatible; BLEXBot/1.0; +http://webmeup-crawler.com/)"
157.90.209.79 - - [21/Mar/2024:22:51:32 +0100] "GET /buddhist-bracelet-wooden-beads-blue-p-37671.html HTTP/1.0" 200 84300 "-" "Mozilla/5.0 (compatible; BLEXBot/1.0; +http://webmeup-crawler.com/)"
157.90.209.79 - - [21/Mar/2024:22:51:37 +0100] "GET /black-gold-globe-p-57571.html HTTP/1.0" 200 85029 "-" "Mozilla/5.0 (compatible; BLEXBot/1.0; +http://webmeup-crawler.com/)"
157.90.209.79 - - [21/Mar/2024:22:51:38 +0100] "GET /buddhist-bracelet-wooden-beads-brown-p-37666.html HTTP/1.0" 200 84306 "-" "Mozilla/5.0 (compatible; BLEXBot/1.0; +http://webmeup-crawler.com/)"
157.90.209.79 - - [21/Mar/2024:22:51:41 +0100] "GET /black-grey-globe-decoration-p-59425.html HTTP/1.0" 200 84969 "-" "Mozilla/5.0 (compatible; BLEXBot/1.0; +http://webmeup-crawler.com/)"
157.90.209.79 - - [21/Mar/2024:22:51:42 +0100] "GET /buddhist-bracelet-wooden-beads-grey-p-37665.html HTTP/1.0" 200 84301 "-" "Mozilla/5.0 (compatible; BLEXBot/1.0; +http://webmeup-crawler.com/)"
157.90.209.79 - - [21/Mar/2024:22:51:45 +0100] "GET /buddhist-bracelet-wooden-beads-orange-p-37668.html HTTP/1.0" 200 84310 "-" "Mozilla/5.0 (compatible; BLEXBot/1.0; +http://webmeup-crawler.com/)"
157.90.209.79 - - [21/Mar/2024:22:51:45 +0100] "GET /black-industrial-retro-metal-p-52596.html HTTP/1.0" 200 85145 "-" "Mozilla/5.0 (compatible; BLEXBot/1.0; +http://webmeup-crawler.com/)"
157.90.209.79 - - [21/Mar/2024:22:51:50 +0100] "GET /buddhist-bracelet-wooden-beads-p-37667.html HTTP/1.0" 200 84287 "-" "Mozilla/5.0 (compatible; BLEXBot/1.0; +http://webmeup-crawler.com/)"
157.90.209.79 - - [21/Mar/2024:22:51:51 +0100] "GET /black-kitchen-towel-p-44415.html HTTP/1.0" 200 84254 "-" "Mozilla/5.0 (compatible; BLEXBot/1.0; +http://webmeup-crawler.com/)"
54.36.148.47 - - [21/Mar/2024:22:51:53 +0100] "GET /home-decoration-c-13.html?page=96 HTTP/1.0" 200 104049 "-" "Mozilla/5.0 (compatible; AhrefsBot/7.0; +http://ahrefs.com/robot/)"
157.90.209.79 - - [21/Mar/2024:22:51:56 +0100] "GET /buddhist-bracelet-wooden-beads-purple-p-37670.html HTTP/1.0" 200 84311 "-" "Mozilla/5.0 (compatible; BLEXBot/1.0; +http://webmeup-crawler.com/)"
157.90.209.79 - - [21/Mar/2024:22:51:56 +0100] "GET /black-lampshade-p-60987.html HTTP/1.0" 200 84911 "-" "Mozilla/5.0 (compatible; BLEXBot/1.0; +http://webmeup-crawler.com/)"
157.90.209.79 - - [21/Mar/2024:22:52:00 +0100] "GET /buddhist-little-monk-meditation-p-46808.html HTTP/1.0" 200 84526 "-" "Mozilla/5.0 (compatible; BLEXBot/1.0; +http://webmeup-crawler.com/)"
157.90.209.79 - - [21/Mar/2024:22:52:04 +0100] "GET /buddhist-monk-decoration-p-59833.html HTTP/1.0" 200 85456 "-" "Mozilla/5.0 (compatible; BLEXBot/1.0; +http://webmeup-crawler.com/)"
157.90.209.79 - - [21/Mar/2024:22:52:07 +0100] "GET /buddhist-monk-decoration-p-59835.html HTTP/1.0" 200 85553 "-" "Mozilla/5.0 (compatible; BLEXBot/1.0; +http://webmeup-crawler.com/)"
157.90.209.79 - - [21/Mar/2024:22:52:10 +0100] "GET /black-lampshade-p-60988.html HTTP/1.0" 200 84869 "-" "Mozilla/5.0 (compatible; BLEXBot/1.0; +http://webmeup-crawler.com/)"
157.90.209.79 - - [21/Mar/2024:22:52:11 +0100] "GET /buddhist-monk-indoor-fountain-p-56025.html HTTP/1.0" 200 84574 "-" "Mozilla/5.0 (compatible; BLEXBot/1.0; +http://webmeup-crawler.com/)"
157.55.39.205 - - [21/Mar/2024:22:52:13 +0100] "GET /images/big_prod_1/4542202662595b.jpg HTTP/1.0" 200 271 "-" "Mozilla/5.0 AppleWebKit/537.36 (KHTML, like Gecko; compatible; bingbot/2.0; +http://www.bing.com/bingbot.htm) Chrome/116.0.1938.76 Safari/537.36"
157.90.209.79 - - [21/Mar/2024:22:52:15 +0100] "GET /buddhist-monk-indoor-mini-fountain-p-49604.html HTTP/1.0" 200 84587 "-" "Mozilla/5.0 (compatible; BLEXBot/1.0; +http://webmeup-crawler.com/)"
157.90.209.79 - - [21/Mar/2024:22:52:18 +0100] "GET /black-marble-look-placemat-p-61392.html HTTP/1.0" 200 85142 "-" "Mozilla/5.0 (compatible; BLEXBot/1.0; +http://webmeup-crawler.com/)"
157.90.209.79 - - [21/Mar/2024:22:52:19 +0100] "GET /buddhist-monk-indoor-mini-fountain-p-56752.html HTTP/1.0" 200 84440 "-" "Mozilla/5.0 (compatible; BLEXBot/1.0; +http://webmeup-crawler.com/)"
157.90.209.79 - - [21/Mar/2024:22:52:22 +0100] "GET /bugs-bunny-clock-p-3755.html HTTP/1.0" 200 84304 "-" "Mozilla/5.0 (compatible; BLEXBot/1.0; +http://webmeup-crawler.com/)"
157.90.209.79 - - [21/Mar/2024:22:52:24 +0100] "GET /black-metal-flask-bourbon-p-37761.html HTTP/1.0" 200 84284 "-" "Mozilla/5.0 (compatible; BLEXBot/1.0; +http://webmeup-crawler.com/)"
157.90.209.79 - - [21/Mar/2024:22:52:25 +0100] "GET /bulldog-gold-resin-bookends-p-58805.html HTTP/1.0" 200 85242 "-" "Mozilla/5.0 (compatible; BLEXBot/1.0; +http://webmeup-crawler.com/)"
157.90.209.79 - - [21/Mar/2024:22:52:28 +0100] "GET /bumblebees-meadow-cotton-table-runner-p-60921.html HTTP/1.0" 200 84484 "-" "Mozilla/5.0 (compatible; BLEXBot/1.0; +http://webmeup-crawler.com/)"
157.90.209.79 - - [21/Mar/2024:22:52:31 +0100] "GET /black-metal-flask-scotch-p-37759.html HTTP/1.0" 200 84300 "-" "Mozilla/5.0 (compatible; BLEXBot/1.0; +http://webmeup-crawler.com/)"
157.90.209.79 - - [21/Mar/2024:22:52:32 +0100] "GET /bunny-nightlight-p-53122.html HTTP/1.0" 200 85228 "-" "Mozilla/5.0 (compatible; BLEXBot/1.0; +http://webmeup-crawler.com/)"
157.90.209.79 - - [21/Mar/2024:22:52:34 +0100] "GET /burundi-decorative-tray-p-51698.html HTTP/1.0" 200 84982 "-" "Mozilla/5.0 (compatible; BLEXBot/1.0; +http://webmeup-crawler.com/)"
157.90.209.79 - - [21/Mar/2024:22:52:35 +0100] "GET /black-metal-flask-whiskey-p-37762.html HTTP/1.0" 200 84308 "-" "Mozilla/5.0 (compatible; BLEXBot/1.0; +http://webmeup-crawler.com/)"
172.191.241.137 - - [21/Mar/2024:22:52:39 +0100] "GET /images/mini_prod/3503420956553.jpg HTTP/1.0" 200 269 "-" "Mozilla/5.0 (Windows NT 10.0; Win64; x64) AppleWebKit/537.36 (KHTML, like Gecko) Chrome/103.0.0.0 Safari/537.36"
157.90.209.79 - - [21/Mar/2024:22:52:37 +0100] "GET /buster-figure-p-8557.html HTTP/1.0" 200 84292 "-" "Mozilla/5.0 (compatible; BLEXBot/1.0; +http://webmeup-crawler.com/)"
157.90.209.79 - - [21/Mar/2024:22:52:39 +0100] "GET /black-metal-umbrella-stand-p-61373.html HTTP/1.0" 200 85038 "-" "Mozilla/5.0 (compatible; BLEXBot/1.0; +http://webmeup-crawler.com/)"
157.90.209.79 - - [21/Mar/2024:22:52:41 +0100] "GET /butane-lighter-insert-double-torch-p-51930.html HTTP/1.0" 200 85941 "-" "Mozilla/5.0 (compatible; BLEXBot/1.0; +http://webmeup-crawler.com/)"
157.90.209.79 - - [21/Mar/2024:22:52:44 +0100] "GET /butane-lighter-insert-single-torch-p-52385.html HTTP/1.0" 200 85942 "-" "Mozilla/5.0 (compatible; BLEXBot/1.0; +http://webmeup-crawler.com/)"
157.90.209.79 - - [21/Mar/2024:22:52:45 +0100] "GET /black-panther-bookend-p-60668.html HTTP/1.0" 200 85127 "-" "Mozilla/5.0 (compatible; BLEXBot/1.0; +http://webmeup-crawler.com/)"
216.244.66.242 - - [21/Mar/2024:22:52:47 +0100] "GET /corsica-white-mug-p-43547.html HTTP/1.0" 301 82042 "-" "Mozilla/5.0 (compatible; DotBot/1.2; +https://opensiteexplorer.org/dotbot; help@moz.com)"
157.90.209.79 - - [21/Mar/2024:22:52:50 +0100] "GET /butterflies-makeup-accessories-p-28913.html HTTP/1.0" 200 84394 "-" "Mozilla/5.0 (compatible; BLEXBot/1.0; +http://webmeup-crawler.com/)"
157.90.209.79 - - [21/Mar/2024:22:52:50 +0100] "GET /black-polyester-round-chair-cushion-p-47042.html HTTP/1.0" 200 84990 "-" "Mozilla/5.0 (compatible; BLEXBot/1.0; +http://webmeup-crawler.com/)"
157.90.209.79 - - [21/Mar/2024:22:52:54 +0100] "GET /black-savings-bank-p-58415.html HTTP/1.0" 200 85128 "-" "Mozilla/5.0 (compatible; BLEXBot/1.0; +http://webmeup-crawler.com/)"
157.90.209.79 - - [21/Mar/2024:22:52:55 +0100] "GET /butterfly-cotton-table-runner-p-60925.html HTTP/1.0" 200 84378 "-" "Mozilla/5.0 (compatible; BLEXBot/1.0; +http://webmeup-crawler.com/)"
216.244.66.242 - - [21/Mar/2024:22:52:55 +0100] "GET /natural-resin-table-lamp-p-57298.html HTTP/1.0" 200 81980 "-" "Mozilla/5.0 (compatible; DotBot/1.2; +https://opensiteexplorer.org/dotbot; help@moz.com)"
157.90.209.79 - - [21/Mar/2024:22:52:58 +0100] "GET /butterfly-wall-decoration-blue-model-p-38576.html HTTP/1.0" 200 85059 "-" "Mozilla/5.0 (compatible; BLEXBot/1.0; +http://webmeup-crawler.com/)"
157.90.209.79 - - [21/Mar/2024:22:52:58 +0100] "GET /black-shell-galaxy-note-with-personalized-picture-p-16352.html HTTP/1.0" 200 85056 "-" "Mozilla/5.0 (compatible; BLEXBot/1.0; +http://webmeup-crawler.com/)"
157.90.209.79 - - [21/Mar/2024:22:53:01 +0100] "GET /butterfly-wall-decoration-blue-model-p-53759.html HTTP/1.0" 200 84475 "-" "Mozilla/5.0 (compatible; BLEXBot/1.0; +http://webmeup-crawler.com/)"
157.90.209.79 - - [21/Mar/2024:22:53:04 +0100] "GET /black-shell-samsung-with-personalized-picture-p-16359.html HTTP/1.0" 200 84980 "-" "Mozilla/5.0 (compatible; BLEXBot/1.0; +http://webmeup-crawler.com/)"
157.90.209.79 - - [21/Mar/2024:22:53:05 +0100] "GET /butterfly-wall-decoration-model-p-47409.html HTTP/1.0" 200 84431 "-" "Mozilla/5.0 (compatible; BLEXBot/1.0; +http://webmeup-crawler.com/)"
216.244.66.242 - - [21/Mar/2024:22:53:07 +0100] "GET /uk-vintage-flag-p-38271.html HTTP/1.0" 301 84313 "-" "Mozilla/5.0 (compatible; DotBot/1.2; +https://opensiteexplorer.org/dotbot; help@moz.com)"
157.90.209.79 - - [21/Mar/2024:22:53:09 +0100] "GET /black-silicon-phone-cover-iphone-p-13830.html HTTP/1.0" 200 85129 "-" "Mozilla/5.0 (compatible; BLEXBot/1.0; +http://webmeup-crawler.com/)"
157.90.209.79 - - [21/Mar/2024:22:53:10 +0100] "GET /butterfly-wall-decoration-multicolored-model-p-38575.html HTTP/1.0" 200 85135 "-" "Mozilla/5.0 (compatible; BLEXBot/1.0; +http://webmeup-crawler.com/)"
157.90.209.79 - - [21/Mar/2024:22:53:13 +0100] "GET /black-silver-globe-decoration-p-51573.html HTTP/1.0" 200 84385 "-" "Mozilla/5.0 (compatible; BLEXBot/1.0; +http://webmeup-crawler.com/)"
119.8.243.167 - - [21/Mar/2024:22:53:15 +0100] "GET /images/mini_prod/1399984289129.jpg HTTP/1.0" 200 269 "-" "Mozilla/5.0 (X11; Ubuntu; Linux x86_64; rv:72.0) Gecko/20100101 Firefox/72.0"
157.90.209.79 - - [21/Mar/2024:22:53:14 +0100] "GET /butterfly-wall-decoration-p-47411.html HTTP/1.0" 200 84383 "-" "Mozilla/5.0 (compatible; BLEXBot/1.0; +http://webmeup-crawler.com/)"
103.131.71.31 - - [21/Mar/2024:22:53:18 +0100] "GET /robots.txt HTTP/1.0" 301 531 "-" "Mozilla/5.0 (compatible; coccocbot-image/1.0; +http://help.coccoc.com/searchengine)"
216.244.66.242 - - [21/Mar/2024:22:53:16 +0100] "GET /us-cars-metal-clock-p-12527.html HTTP/1.0" 301 84303 "-" "Mozilla/5.0 (compatible; DotBot/1.2; +https://opensiteexplorer.org/dotbot; help@moz.com)"
157.90.209.79 - - [21/Mar/2024:22:53:17 +0100] "GET /butterfly-wall-decoration-pink-model-p-51726.html HTTP/1.0" 200 84475 "-" "Mozilla/5.0 (compatible; BLEXBot/1.0; +http://webmeup-crawler.com/)"
54.36.149.69 - - [21/Mar/2024:22:53:18 +0100] "GET /figurines-statuettes-statues-decoration-collection-c-292.html?page=45 HTTP/1.0" 200 96562 "-" "Mozilla/5.0 (compatible; AhrefsBot/7.0; +http://ahrefs.com/robot/)"
157.90.209.79 - - [21/Mar/2024:22:53:20 +0100] "GET /black-zippo-candle-utility-lighter-p-51931.html HTTP/1.0" 200 85244 "-" "Mozilla/5.0 (compatible; BLEXBot/1.0; +http://webmeup-crawler.com/)"
103.131.71.31 - - [21/Mar/2024:22:53:21 +0100] "GET /robots.txt HTTP/1.0" 200 245 "-" "Mozilla/5.0 (compatible; coccocbot-image/1.0; +http://help.coccoc.com/searchengine)"
54.36.149.91 - - [21/Mar/2024:22:53:21 +0100] "GET /images/mini_prod/1328399302796.jpg HTTP/1.0" 200 269 "-" "Mozilla/5.0 (compatible; AhrefsBot/7.0; +http://ahrefs.com/robot/)"
157.90.209.79 - - [21/Mar/2024:22:53:20 +0100] "GET /button-pinky-sharing-sundae-shore-p-50372.html HTTP/1.0" 200 86366 "-" "Mozilla/5.0 (compatible; BLEXBot/1.0; +http://webmeup-crawler.com/)"
216.244.66.242 - - [21/Mar/2024:22:53:22 +0100] "GET /amazon-love-glasses-case-blue-p-50270.html HTTP/1.0" 200 81990 "-" "Mozilla/5.0 (compatible; DotBot/1.2; +https://opensiteexplorer.org/dotbot; help@moz.com)"
157.90.209.79 - - [21/Mar/2024:22:53:24 +0100] "GET /black-zippo-fire-starter-p-51933.html HTTP/1.0" 200 85141 "-" "Mozilla/5.0 (compatible; BLEXBot/1.0; +http://webmeup-crawler.com/)"
157.90.209.79 - - [21/Mar/2024:22:53:29 +0100] "GET /blackout-curtain-with-eyelets-p-60790.html HTTP/1.0" 200 85676 "-" "Mozilla/5.0 (compatible; BLEXBot/1.0; +http://webmeup-crawler.com/)"
157.90.209.79 - - [21/Mar/2024:22:53:29 +0100] "GET /cabinet-wooden-deco-p-37185.html HTTP/1.0" 200 84321 "-" "Mozilla/5.0 (compatible; BLEXBot/1.0; +http://webmeup-crawler.com/)"
216.244.66.242 - - [21/Mar/2024:22:53:31 +0100] "GET /amazon-love-mug-macaws-p-50275.html HTTP/1.0" 301 82035 "-" "Mozilla/5.0 (compatible; DotBot/1.2; +https://opensiteexplorer.org/dotbot; help@moz.com)"
157.90.209.79 - - [21/Mar/2024:22:53:33 +0100] "GET /cacao-tisanire-p-50624.html HTTP/1.0" 200 84258 "-" "Mozilla/5.0 (compatible; BLEXBot/1.0; +http://webmeup-crawler.com/)"
157.90.209.79 - - [21/Mar/2024:22:53:34 +0100] "GET /blacks-litre-p-31417.html HTTP/1.0" 200 84239 "-" "Mozilla/5.0 (compatible; BLEXBot/1.0; +http://webmeup-crawler.com/)"
216.244.66.242 - - [21/Mar/2024:22:53:38 +0100] "GET /bonheur-et-dream-wall-sticker-p-51529.html HTTP/1.0" 301 85290 "-" "Mozilla/5.0 (compatible; DotBot/1.2; +https://opensiteexplorer.org/dotbot; help@moz.com)"
157.90.209.79 - - [21/Mar/2024:22:53:42 +0100] "GET /cacatoo-decorative-pillow-cover-p-52019.html HTTP/1.0" 200 85462 "-" "Mozilla/5.0 (compatible; BLEXBot/1.0; +http://webmeup-crawler.com/)"
103.131.71.35 - - [21/Mar/2024:22:53:43 +0100] "GET /robots.txt HTTP/1.0" 200 245 "-" "Mozilla/5.0 (compatible; coccocbot-image/1.0; +http://help.coccoc.com/searchengine)"
157.90.209.79 - - [21/Mar/2024:22:53:43 +0100] "GET /bloom-metal-bicycle-horn-michelle-allen-designs-p-57015.html HTTP/1.0" 200 84484 "-" "Mozilla/5.0 (compatible; BLEXBot/1.0; +http://webmeup-crawler.com/)"
157.90.209.79 - - [21/Mar/2024:22:53:46 +0100] "GET /cachez-jolis-yeux-glasses-p-41488.html HTTP/1.0" 200 84376 "-" "Mozilla/5.0 (compatible; BLEXBot/1.0; +http://webmeup-crawler.com/)"
