157.90.209.79 - - [22/Mar/2024:00:16:53 +0100] "GET /eyelet-curtain-p-52355.html HTTP/1.0" 200 87045 "-" "Mozilla/5.0 (compatible; BLEXBot/1.0; +http://webmeup-crawler.com/)"
157.90.209.79 - - [22/Mar/2024:00:17:01 +0100] "GET /eyelet-curtain-p-52356.html HTTP/1.0" 200 86438 "-" "Mozilla/5.0 (compatible; BLEXBot/1.0; +http://webmeup-crawler.com/)"
157.90.209.79 - - [22/Mar/2024:00:17:07 +0100] "GET /eyelet-curtain-p-52357.html HTTP/1.0" 200 86438 "-" "Mozilla/5.0 (compatible; BLEXBot/1.0; +http://webmeup-crawler.com/)"
157.90.209.79 - - [22/Mar/2024:00:17:15 +0100] "GET /eyelet-curtain-p-52380.html HTTP/1.0" 200 87045 "-" "Mozilla/5.0 (compatible; BLEXBot/1.0; +http://webmeup-crawler.com/)"
157.90.209.79 - - [22/Mar/2024:00:17:18 +0100] "GET /eyelet-curtain-p-52381.html HTTP/1.0" 200 86438 "-" "Mozilla/5.0 (compatible; BLEXBot/1.0; +http://webmeup-crawler.com/)"
54.36.149.40 - - [22/Mar/2024:00:17:20 +0100] "GET /-c-95_386.html HTTP/1.0" 200 80762 "-" "Mozilla/5.0 (compatible; AhrefsBot/7.0; +http://ahrefs.com/robot/)"
157.90.209.79 - - [22/Mar/2024:00:17:21 +0100] "GET /eyelet-curtain-p-52382.html HTTP/1.0" 200 86438 "-" "Mozilla/5.0 (compatible; BLEXBot/1.0; +http://webmeup-crawler.com/)"
157.90.209.79 - - [22/Mar/2024:00:17:28 +0100] "GET /eyelet-curtain-p-52384.html HTTP/1.0" 200 86438 "-" "Mozilla/5.0 (compatible; BLEXBot/1.0; +http://webmeup-crawler.com/)"
157.90.209.79 - - [22/Mar/2024:00:17:33 +0100] "GET /eyelet-curtain-p-52387.html HTTP/1.0" 200 87045 "-" "Mozilla/5.0 (compatible; BLEXBot/1.0; +http://webmeup-crawler.com/)"
157.90.209.79 - - [22/Mar/2024:00:17:41 +0100] "GET /eyelets-screen-curtain-color-linen-p-46235.html HTTP/1.0" 200 87379 "-" "Mozilla/5.0 (compatible; BLEXBot/1.0; +http://webmeup-crawler.com/)"
157.90.209.79 - - [22/Mar/2024:00:17:44 +0100] "GET /eyelets-screen-curtain-grey-p-49319.html HTTP/1.0" 200 86462 "-" "Mozilla/5.0 (compatible; BLEXBot/1.0; +http://webmeup-crawler.com/)"
157.90.209.79 - - [22/Mar/2024:00:17:56 +0100] "GET /eyelets-screen-curtain-white-p-46236.html HTTP/1.0" 200 86485 "-" "Mozilla/5.0 (compatible; BLEXBot/1.0; +http://webmeup-crawler.com/)"
157.90.209.79 - - [22/Mar/2024:00:17:59 +0100] "GET /eyelets-sheer-curtain-mona-white-p-58384.html HTTP/1.0" 200 85359 "-" "Mozilla/5.0 (compatible; BLEXBot/1.0; +http://webmeup-crawler.com/)"
157.90.209.79 - - [22/Mar/2024:00:18:13 +0100] "GET /fairies-backpack-p-19685.html HTTP/1.0" 200 84505 "-" "Mozilla/5.0 (compatible; BLEXBot/1.0; +http://webmeup-crawler.com/)"
195.141.133.77 - - [22/Mar/2024:00:18:15 +0100] "GET /images/3438100339879.jpg HTTP/1.0" 200 259 "-" "Mozilla/5.0 (X11; Ubuntu; Linux x86_64; rv:72.0) Gecko/20100101 Firefox/72.0"
157.90.209.79 - - [22/Mar/2024:00:18:24 +0100] "GET /fairies-fairy-lights-p-24738.html HTTP/1.0" 200 84454 "-" "Mozilla/5.0 (compatible; BLEXBot/1.0; +http://webmeup-crawler.com/)"
157.90.209.79 - - [22/Mar/2024:00:18:27 +0100] "GET /fairy-accessories-p-27850.html HTTP/1.0" 200 84522 "-" "Mozilla/5.0 (compatible; BLEXBot/1.0; +http://webmeup-crawler.com/)"
157.90.209.79 - - [22/Mar/2024:00:18:33 +0100] "GET /family-illuminated-indoor-fountain-p-59751.html HTTP/1.0" 200 85422 "-" "Mozilla/5.0 (compatible; BLEXBot/1.0; +http://webmeup-crawler.com/)"
54.36.148.216 - - [22/Mar/2024:00:18:37 +0100] "GET /-c-95_387.html HTTP/1.0" 200 80762 "-" "Mozilla/5.0 (compatible; AhrefsBot/7.0; +http://ahrefs.com/robot/)"
157.90.209.79 - - [22/Mar/2024:00:18:38 +0100] "GET /family-protection-novena-candle-p-59392.html HTTP/1.0" 200 85210 "-" "Mozilla/5.0 (compatible; BLEXBot/1.0; +http://webmeup-crawler.com/)"
157.90.209.79 - - [22/Mar/2024:00:18:49 +0100] "GET /fantasy-watch-women-fowers-p-49960.html HTTP/1.0" 200 84952 "-" "Mozilla/5.0 (compatible; BLEXBot/1.0; +http://webmeup-crawler.com/)"
157.90.209.79 - - [22/Mar/2024:00:19:02 +0100] "GET /fantasy-watch-women-fowers-p-49961.html HTTP/1.0" 200 84335 "-" "Mozilla/5.0 (compatible; BLEXBot/1.0; +http://webmeup-crawler.com/)"
157.90.209.79 - - [22/Mar/2024:00:19:07 +0100] "GET /fantasy-watch-women-fowers-p-49962.html HTTP/1.0" 200 84335 "-" "Mozilla/5.0 (compatible; BLEXBot/1.0; +http://webmeup-crawler.com/)"
157.90.209.79 - - [22/Mar/2024:00:19:22 +0100] "GET /fashioned-ceramic-espresso-green-p-41672.html HTTP/1.0" 200 84373 "-" "Mozilla/5.0 (compatible; BLEXBot/1.0; +http://webmeup-crawler.com/)"
157.90.209.79 - - [22/Mar/2024:00:19:30 +0100] "GET /feathers-espresso-p-45763.html HTTP/1.0" 200 84236 "-" "Mozilla/5.0 (compatible; BLEXBot/1.0; +http://webmeup-crawler.com/)"
157.90.209.79 - - [22/Mar/2024:00:19:34 +0100] "GET /feathers-theme-indian-espresso-p-39626.html HTTP/1.0" 200 84331 "-" "Mozilla/5.0 (compatible; BLEXBot/1.0; +http://webmeup-crawler.com/)"
157.90.209.79 - - [22/Mar/2024:00:19:48 +0100] "GET /felix-coaster-alex-clark-p-61232.html HTTP/1.0" 200 84287 "-" "Mozilla/5.0 (compatible; BLEXBot/1.0; +http://webmeup-crawler.com/)"
157.90.209.79 - - [22/Mar/2024:00:19:52 +0100] "GET /felt-pens-p-40835.html HTTP/1.0" 200 84342 "-" "Mozilla/5.0 (compatible; BLEXBot/1.0; +http://webmeup-crawler.com/)"
17.241.227.18 - - [22/Mar/2024:00:19:55 +0100] "GET /images/big_prod/3760233683339.jpg HTTP/1.0" 200 268 "-" "Mozilla/5.0 (Macintosh; Intel Mac OS X 10_15_5) AppleWebKit/605.1.15 (KHTML, like Gecko) Version/13.1.1 Safari/605.1.15 (Applebot/0.1; +http://www.apple.com/go/applebot)"
54.36.148.129 - - [22/Mar/2024:00:19:58 +0100] "GET /porcelain-with-kitten-watering-p-61826.html HTTP/1.0" 200 84752 "-" "Mozilla/5.0 (compatible; AhrefsBot/7.0; +http://ahrefs.com/robot/)"
54.36.149.13 - - [22/Mar/2024:00:20:03 +0100] "GET /images/big_prod/3700572791432z.jpg HTTP/1.0" 200 269 "-" "Mozilla/5.0 (compatible; AhrefsBot/7.0; +http://ahrefs.com/robot/)"
157.90.209.79 - - [22/Mar/2024:00:20:06 +0100] "GET /feng-shui-flower-life-champagne-coloured-p-53468.html HTTP/1.0" 200 85815 "-" "Mozilla/5.0 (compatible; BLEXBot/1.0; +http://webmeup-crawler.com/)"
157.90.209.79 - - [22/Mar/2024:00:20:21 +0100] "GET /feng-shui-flower-life-champagne-coloured-p-53469.html HTTP/1.0" 200 85177 "-" "Mozilla/5.0 (compatible; BLEXBot/1.0; +http://webmeup-crawler.com/)"
157.90.209.79 - - [22/Mar/2024:00:20:30 +0100] "GET /feng-shui-flower-life-decoration-p-41663.html HTTP/1.0" 200 85398 "-" "Mozilla/5.0 (compatible; BLEXBot/1.0; +http://webmeup-crawler.com/)"
157.90.209.79 - - [22/Mar/2024:00:20:44 +0100] "GET /feng-shui-ganesh-decoration-with-seven-chakra-colors-p-42837.html HTTP/1.0" 200 84738 "-" "Mozilla/5.0 (compatible; BLEXBot/1.0; +http://webmeup-crawler.com/)"
157.90.209.79 - - [22/Mar/2024:00:20:55 +0100] "GET /feng-shui-seven-chakra-decoration-with-seven-chakra-colors-p-42836.html HTTP/1.0" 200 84799 "-" "Mozilla/5.0 (compatible; BLEXBot/1.0; +http://webmeup-crawler.com/)"
104.154.206.173 - - [22/Mar/2024:00:21:01 +0100] "GET /images/mini_prod/3612874117806.jpg HTTP/1.0" 200 269 "-" "Mozilla/5.0 (X11; Ubuntu; Linux x86_64; rv:72.0) Gecko/20100101 Firefox/72.0"
157.90.209.79 - - [22/Mar/2024:00:21:02 +0100] "GET /fiat-multifunction-knife-torch-p-23061.html HTTP/1.0" 200 84543 "-" "Mozilla/5.0 (compatible; BLEXBot/1.0; +http://webmeup-crawler.com/)"
157.90.209.79 - - [22/Mar/2024:00:21:12 +0100] "GET /fiat-nuova-p-27579.html HTTP/1.0" 200 84204 "-" "Mozilla/5.0 (compatible; BLEXBot/1.0; +http://webmeup-crawler.com/)"
157.90.209.79 - - [22/Mar/2024:00:21:14 +0100] "GET /fiber-plastic-lamp-p-59449.html HTTP/1.0" 200 85337 "-" "Mozilla/5.0 (compatible; BLEXBot/1.0; +http://webmeup-crawler.com/)"
66.249.66.205 - - [22/Mar/2024:00:21:15 +0100] "GET /boho-canvas-frame-dream-p-47305.html HTTP/1.0" 200 81986 "-" "Mozilla/5.0 (Linux; Android 6.0.1; Nexus 5X Build/MMB29P) AppleWebKit/537.36 (KHTML, like Gecko) Chrome/122.0.6261.94 Mobile Safari/537.36 (compatible; Googlebot/2.1; +http://www.google.com/bot.html)"
66.249.66.207 - - [22/Mar/2024:00:21:17 +0100] "GET /kimmidoll-shopper-beige-satin-collection-p-13357.html HTTP/1.0" 200 85385 "-" "Mozilla/5.0 (Linux; Android 6.0.1; Nexus 5X Build/MMB29P) AppleWebKit/537.36 (KHTML, like Gecko) Chrome/122.0.6261.94 Mobile Safari/537.36 (compatible; Googlebot/2.1; +http://www.google.com/bot.html)"
66.249.66.205 - - [22/Mar/2024:00:21:24 +0100] "GET /mini-rectangular-kitten-tray-p-60848.html HTTP/1.0" 200 84985 "-" "Mozilla/5.0 (Linux; Android 6.0.1; Nexus 5X Build/MMB29P) AppleWebKit/537.36 (KHTML, like Gecko) Chrome/122.0.6261.94 Mobile Safari/537.36 (compatible; Googlebot/2.1; +http://www.google.com/bot.html)"
157.90.209.79 - - [22/Mar/2024:00:21:28 +0100] "GET /fiers-etre-marseillais-baby-sweatsuit-p-29987.html HTTP/1.0" 200 86101 "-" "Mozilla/5.0 (compatible; BLEXBot/1.0; +http://webmeup-crawler.com/)"
157.90.209.79 - - [22/Mar/2024:00:21:31 +0100] "GET /fiers-etre-marseillais-blue-track-jacket-p-29914.html HTTP/1.0" 200 85710 "-" "Mozilla/5.0 (compatible; BLEXBot/1.0; +http://webmeup-crawler.com/)"
157.90.209.79 - - [22/Mar/2024:00:21:42 +0100] "GET /fiers-etre-marseillais-orange-black-track-jacket-p-29984.html HTTP/1.0" 200 85788 "-" "Mozilla/5.0 (compatible; BLEXBot/1.0; +http://webmeup-crawler.com/)"
157.90.209.79 - - [22/Mar/2024:00:21:48 +0100] "GET /fiers-etre-marseillais-sweatsuit-p-29990.html HTTP/1.0" 200 85686 "-" "Mozilla/5.0 (compatible; BLEXBot/1.0; +http://webmeup-crawler.com/)"
157.90.209.79 - - [22/Mar/2024:00:22:01 +0100] "GET /figaro-mini-figurine-p-45990.html HTTP/1.0" 200 85661 "-" "Mozilla/5.0 (compatible; BLEXBot/1.0; +http://webmeup-crawler.com/)"
157.90.209.79 - - [22/Mar/2024:00:22:05 +0100] "GET /figurine-bather-with-balloon-p-60105.html HTTP/1.0" 200 84475 "-" "Mozilla/5.0 (compatible; BLEXBot/1.0; +http://webmeup-crawler.com/)"
157.90.209.79 - - [22/Mar/2024:00:22:21 +0100] "GET /figurine-modigliani-nude-female-sitting-p-48785.html HTTP/1.0" 200 85256 "-" "Mozilla/5.0 (compatible; BLEXBot/1.0; +http://webmeup-crawler.com/)"
157.90.209.79 - - [22/Mar/2024:00:22:28 +0100] "GET /figurine-rodin-cathedral-p-48429.html HTTP/1.0" 200 84466 "-" "Mozilla/5.0 (compatible; BLEXBot/1.0; +http://webmeup-crawler.com/)"
157.90.209.79 - - [22/Mar/2024:00:22:47 +0100] "GET /figurine-rodin-cathedral-p-51169.html HTTP/1.0" 200 85300 "-" "Mozilla/5.0 (compatible; BLEXBot/1.0; +http://webmeup-crawler.com/)"
20.232.171.109 - - [22/Mar/2024:00:22:54 +0100] "GET /images/mini_prod/14885.jpg HTTP/1.0" 200 261 "-" "Mozilla/5.0 (Windows NT 10.0; Win64; x64) AppleWebKit/537.36 (KHTML, like Gecko) Chrome/103.0.0.0 Safari/537.36"
157.90.209.79 - - [22/Mar/2024:00:22:55 +0100] "GET /figurine-rodin-hands-p-53590.html HTTP/1.0" 200 85044 "-" "Mozilla/5.0 (compatible; BLEXBot/1.0; +http://webmeup-crawler.com/)"
157.90.209.79 - - [22/Mar/2024:00:23:08 +0100] "GET /figurine-snail-cement-aged-effect-p-45677.html HTTP/1.0" 200 84457 "-" "Mozilla/5.0 (compatible; BLEXBot/1.0; +http://webmeup-crawler.com/)"
157.90.209.79 - - [22/Mar/2024:00:23:12 +0100] "GET /figurines-statuettes-statues-decoration-collection-c-292.html?page=10 HTTP/1.0" 200 105335 "-" "Mozilla/5.0 (compatible; BLEXBot/1.0; +http://webmeup-crawler.com/)"
157.90.209.79 - - [22/Mar/2024:00:23:34 +0100] "GET /figurines-statuettes-statues-decoration-collection-c-292.html?page=11 HTTP/1.0" 200 105660 "-" "Mozilla/5.0 (compatible; BLEXBot/1.0; +http://webmeup-crawler.com/)"
157.90.209.79 - - [22/Mar/2024:00:23:49 +0100] "GET /figurines-statuettes-statues-decoration-collection-c-292.html?page=2 HTTP/1.0" 200 104651 "-" "Mozilla/5.0 (compatible; BLEXBot/1.0; +http://webmeup-crawler.com/)"
157.90.209.79 - - [22/Mar/2024:00:23:54 +0100] "GET /figurines-statuettes-statues-decoration-collection-c-292.html?page=3 HTTP/1.0" 200 106161 "-" "Mozilla/5.0 (compatible; BLEXBot/1.0; +http://webmeup-crawler.com/)"
157.90.209.79 - - [22/Mar/2024:00:24:00 +0100] "GET /figurines-statuettes-statues-decoration-collection-c-292.html?page=4 HTTP/1.0" 200 105977 "-" "Mozilla/5.0 (compatible; BLEXBot/1.0; +http://webmeup-crawler.com/)"
40.77.167.57 - - [22/Mar/2024:00:24:03 +0100] "GET /lighting-c-13_86.html HTTP/1.0" 200 102884 "-" "Mozilla/5.0 AppleWebKit/537.36 (KHTML, like Gecko; compatible; bingbot/2.0; +http://www.bing.com/bingbot.htm) Chrome/116.0.1938.76 Safari/537.36"
157.90.209.79 - - [22/Mar/2024:00:24:04 +0100] "GET /figurines-statuettes-statues-decoration-collection-c-292.html?page=5 HTTP/1.0" 200 105202 "-" "Mozilla/5.0 (compatible; BLEXBot/1.0; +http://webmeup-crawler.com/)"
157.90.209.79 - - [22/Mar/2024:00:24:10 +0100] "GET /figurines-statuettes-statues-decoration-collection-c-292.html?page=6 HTTP/1.0" 200 105193 "-" "Mozilla/5.0 (compatible; BLEXBot/1.0; +http://webmeup-crawler.com/)"
51.68.224.127 - - [22/Mar/2024:00:24:14 +0100] "GET /adminweb/export_orders_xml.php?token=256de2z6edz6ed2z6DFSFsed2zed6zeDSFDSGdzedezfzf&maxorders=10&orderstart=1&status=14&start_date=2018-10-01 HTTP/1.0" 200 285 "-" "GesCom CharlotteBoutik Serveur"
51.68.224.127 - - [22/Mar/2024:00:24:14 +0100] "GET /adminweb/export_orders_xml.php?token=256de2z6edz6ed2z6DFSFsed2zed6zeDSFDSGdzedezfzf&maxorders=10&orderstart=1&status=6&start_date=2018-10-01 HTTP/1.0" 200 34517 "-" "GesCom CharlotteBoutik Serveur"
66.249.66.206 - - [22/Mar/2024:00:24:20 +0100] "GET /longbeach-ottoman-storage-nesting-p-55672.html HTTP/1.0" 200 82046 "-" "Mozilla/5.0 (Linux; Android 6.0.1; Nexus 5X Build/MMB29P) AppleWebKit/537.36 (KHTML, like Gecko) Chrome/122.0.6261.94 Mobile Safari/537.36 (compatible; Googlebot/2.1; +http://www.google.com/bot.html)"
157.90.209.79 - - [22/Mar/2024:00:24:25 +0100] "GET /figurines-statuettes-statues-decoration-collection-c-292.html?page=7 HTTP/1.0" 200 106124 "-" "Mozilla/5.0 (compatible; BLEXBot/1.0; +http://webmeup-crawler.com/)"
157.90.209.79 - - [22/Mar/2024:00:24:35 +0100] "GET /figurines-statuettes-statues-decoration-collection-c-292.html?page=8 HTTP/1.0" 200 105488 "-" "Mozilla/5.0 (compatible; BLEXBot/1.0; +http://webmeup-crawler.com/)"
157.90.209.79 - - [22/Mar/2024:00:24:40 +0100] "GET /figurines-statuettes-statues-decoration-collection-c-292.html?page=9 HTTP/1.0" 200 105523 "-" "Mozilla/5.0 (compatible; BLEXBot/1.0; +http://webmeup-crawler.com/)"
157.90.209.79 - - [22/Mar/2024:00:24:45 +0100] "GET /filling-cushion-cushion-cover-p-56067.html HTTP/1.0" 200 85206 "-" "Mozilla/5.0 (compatible; BLEXBot/1.0; +http://webmeup-crawler.com/)"
157.90.209.79 - - [22/Mar/2024:00:24:48 +0100] "GET /filling-cushion-cushion-cover-p-61744.html HTTP/1.0" 200 85497 "-" "Mozilla/5.0 (compatible; BLEXBot/1.0; +http://webmeup-crawler.com/)"
43.128.250.213 - - [22/Mar/2024:00:24:51 +0100] "GET /images/mini_prod/1384010176269.jpg HTTP/1.0" 200 269 "-" "Mozilla/5.0 (X11; Ubuntu; Linux x86_64; rv:72.0) Gecko/20100101 Firefox/72.0"
157.90.209.79 - - [22/Mar/2024:00:24:51 +0100] "GET /finding-dory-disney-backpack-p-35793.html HTTP/1.0" 200 84554 "-" "Mozilla/5.0 (compatible; BLEXBot/1.0; +http://webmeup-crawler.com/)"
157.90.209.79 - - [22/Mar/2024:00:25:03 +0100] "GET /finding-dory-homework-notebooks-p-40846.html HTTP/1.0" 200 84638 "-" "Mozilla/5.0 (compatible; BLEXBot/1.0; +http://webmeup-crawler.com/)"
157.90.209.79 - - [22/Mar/2024:00:25:06 +0100] "GET /fine-porcelain-playing-kitten-p-61721.html HTTP/1.0" 200 85480 "-" "Mozilla/5.0 (compatible; BLEXBot/1.0; +http://webmeup-crawler.com/)"
157.90.209.79 - - [22/Mar/2024:00:25:11 +0100] "GET /fine-porcelain-saucer-p-57261.html HTTP/1.0" 200 84415 "-" "Mozilla/5.0 (compatible; BLEXBot/1.0; +http://webmeup-crawler.com/)"
157.90.209.79 - - [22/Mar/2024:00:25:15 +0100] "GET /finn-miniature-character-p-32473.html HTTP/1.0" 200 84451 "-" "Mozilla/5.0 (compatible; BLEXBot/1.0; +http://webmeup-crawler.com/)"
157.90.209.79 - - [22/Mar/2024:00:25:32 +0100] "GET /firefighter-metal-bottle-holder-p-56374.html HTTP/1.0" 200 85014 "-" "Mozilla/5.0 (compatible; BLEXBot/1.0; +http://webmeup-crawler.com/)"
157.90.209.79 - - [22/Mar/2024:00:25:36 +0100] "GET /fitted-sheet-blue-p-26402.html HTTP/1.0" 200 84200 "-" "Mozilla/5.0 (compatible; BLEXBot/1.0; +http://webmeup-crawler.com/)"
157.90.209.79 - - [22/Mar/2024:00:25:42 +0100] "GET /fitted-sheet-brown-p-38809.html HTTP/1.0" 200 84888 "-" "Mozilla/5.0 (compatible; BLEXBot/1.0; +http://webmeup-crawler.com/)"
157.90.209.79 - - [22/Mar/2024:00:25:58 +0100] "GET /fitted-sheet-c-11_193.html?page=2 HTTP/1.0" 200 102602 "-" "Mozilla/5.0 (compatible; BLEXBot/1.0; +http://webmeup-crawler.com/)"
157.90.209.79 - - [22/Mar/2024:00:26:05 +0100] "GET /fitted-sheet-c-11_193.html?page=3 HTTP/1.0" 200 104215 "-" "Mozilla/5.0 (compatible; BLEXBot/1.0; +http://webmeup-crawler.com/)"
17.241.75.202 - - [22/Mar/2024:00:26:15 +0100] "GET /images/mini_prod/8422048840615C.jpg HTTP/1.0" 200 270 "-" "Mozilla/5.0 (Macintosh; Intel Mac OS X 10_15_5) AppleWebKit/605.1.15 (KHTML, like Gecko) Version/13.1.1 Safari/605.1.15 (Applebot/0.1; +http://www.apple.com/go/applebot)"
157.90.209.79 - - [22/Mar/2024:00:26:13 +0100] "GET /fitted-sheet-c-11_193.html?page=4 HTTP/1.0" 200 104572 "-" "Mozilla/5.0 (compatible; BLEXBot/1.0; +http://webmeup-crawler.com/)"
157.90.209.79 - - [22/Mar/2024:00:26:34 +0100] "GET /fitted-sheet-c-11_193.html?page=5 HTTP/1.0" 200 103541 "-" "Mozilla/5.0 (compatible; BLEXBot/1.0; +http://webmeup-crawler.com/)"
157.90.209.79 - - [22/Mar/2024:00:26:39 +0100] "GET /fitted-sheet-color-light-grey-p-38877.html HTTP/1.0" 200 84387 "-" "Mozilla/5.0 (compatible; BLEXBot/1.0; +http://webmeup-crawler.com/)"
45.134.181.26 - - [22/Mar/2024:00:26:50 +0100] "GET / HTTP/1.0" 301 511 "http://wonder-geek.com/" "Mozilla/5.0 (Windows NT 6.3; Win64; x64) AppleWebKit/537.36 (KHTML, like Gecko) Chrome/103.0.5060.53 Safari/537.36"
47.254.180.244 - - [22/Mar/2024:00:26:51 +0100] "HEAD /images/mini_prod/1384220402431.jpg HTTP/1.0" 200 290 "-" "Go-http-client/1.1"
47.254.180.34 - - [22/Mar/2024:00:26:51 +0100] "GET /images/mini_prod/1384220402431.jpg HTTP/1.0" 200 269 "-" "Go-http-client/1.1"
45.134.181.26 - - [22/Mar/2024:00:26:51 +0100] "GET / HTTP/1.0" 200 164205 "http://www.wonder-geek.com/" "Mozilla/5.0 (Windows NT 6.3; Win64; x64) AppleWebKit/537.36 (KHTML, like Gecko) Chrome/103.0.5060.53 Safari/537.36"
77.83.149.50 - - [22/Mar/2024:00:26:54 +0100] "GET /trivet-boards-c-12_158.html HTTP/1.0" 200 104851 "http://www.wonder-geek.com/trivet-boards-c-12_158.html" "Mozilla/5.0 (Windows NT 6.3; Win64; x64) AppleWebKit/537.36 (KHTML, like Gecko) Chrome/103.0.5060.53 Safari/537.36"
157.90.209.79 - - [22/Mar/2024:00:26:59 +0100] "GET /fitted-sheet-color-p-38875.html HTTP/1.0" 200 84342 "-" "Mozilla/5.0 (compatible; BLEXBot/1.0; +http://webmeup-crawler.com/)"
46.8.213.80 - - [22/Mar/2024:00:27:00 +0100] "GET /cardboard-boxes-storage-c-13_150_216.html HTTP/1.0" 200 81199 "http://www.wonder-geek.com/cardboard-boxes-storage-c-13_150_216.html" "Mozilla/5.0 (Windows NT 6.3; Win64; x64) AppleWebKit/537.36 (KHTML, like Gecko) Chrome/103.0.5060.53 Safari/537.36"
84.54.53.253 - - [22/Mar/2024:00:27:03 +0100] "GET /cushion-headboard-c-11_71_173.html HTTP/1.0" 200 81164 "http://www.wonder-geek.com/cushion-headboard-c-11_71_173.html" "Mozilla/5.0 (Windows NT 6.3; Win64; x64) AppleWebKit/537.36 (KHTML, like Gecko) Chrome/103.0.5060.53 Safari/537.36"
46.8.56.63 - - [22/Mar/2024:00:27:08 +0100] "GET /contact_us.php HTTP/1.0" 200 26241 "http://www.wonder-geek.com/contact_us.php" "Mozilla/5.0 (Windows NT 6.3; Win64; x64) AppleWebKit/537.36 (KHTML, like Gecko) Chrome/103.0.5060.53 Safari/537.36"
77.83.149.50 - - [22/Mar/2024:00:27:09 +0100] "POST /contact_us.php?action=send HTTP/1.0" 200 26633 "http://www.wonder-geek.com/contact_us.php" "Mozilla/5.0 (Windows NT 6.3; Win64; x64) AppleWebKit/537.36 (KHTML, like Gecko) Chrome/103.0.5060.53 Safari/537.36"
157.55.39.62 - - [22/Mar/2024:00:27:09 +0100] "GET /mugs-mazagrans-c-12_57.html?page=21 HTTP/1.0" 200 107394 "-" "Mozilla/5.0 AppleWebKit/537.36 (KHTML, like Gecko; compatible; bingbot/2.0; +http://www.bing.com/bingbot.htm) Chrome/116.0.1938.76 Safari/537.36"
157.90.209.79 - - [22/Mar/2024:00:27:12 +0100] "GET /fitted-sheet-color-p-38878.html HTTP/1.0" 200 84989 "-" "Mozilla/5.0 (compatible; BLEXBot/1.0; +http://webmeup-crawler.com/)"
157.90.209.79 - - [22/Mar/2024:00:27:16 +0100] "GET /fitted-sheet-color-p-38884.html HTTP/1.0" 200 84355 "-" "Mozilla/5.0 (compatible; BLEXBot/1.0; +http://webmeup-crawler.com/)"
157.90.209.79 - - [22/Mar/2024:00:27:31 +0100] "GET /fitted-sheet-cotton-slate-color-p-61801.html HTTP/1.0" 200 85725 "-" "Mozilla/5.0 (compatible; BLEXBot/1.0; +http://webmeup-crawler.com/)"
157.90.209.79 - - [22/Mar/2024:00:27:35 +0100] "GET /fitted-sheet-curry-color-p-61802.html HTTP/1.0" 200 85643 "-" "Mozilla/5.0 (compatible; BLEXBot/1.0; +http://webmeup-crawler.com/)"
157.90.209.79 - - [22/Mar/2024:00:27:43 +0100] "GET /fitted-sheet-p-27502.html HTTP/1.0" 200 84767 "-" "Mozilla/5.0 (compatible; BLEXBot/1.0; +http://webmeup-crawler.com/)"
157.90.209.79 - - [22/Mar/2024:00:27:48 +0100] "GET /fitted-sheet-p-31982.html HTTP/1.0" 200 84175 "-" "Mozilla/5.0 (compatible; BLEXBot/1.0; +http://webmeup-crawler.com/)"
157.90.209.79 - - [22/Mar/2024:00:27:53 +0100] "GET /fitted-sheet-white-p-27503.html HTTP/1.0" 200 84198 "-" "Mozilla/5.0 (compatible; BLEXBot/1.0; +http://webmeup-crawler.com/)"
157.90.209.79 - - [22/Mar/2024:00:28:01 +0100] "GET /fitted-sheet-white-p-31981.html HTTP/1.0" 200 84181 "-" "Mozilla/5.0 (compatible; BLEXBot/1.0; +http://webmeup-crawler.com/)"
157.90.209.79 - - [22/Mar/2024:00:28:06 +0100] "GET /flag-compact-mirror-p-26192.html HTTP/1.0" 200 84369 "-" "Mozilla/5.0 (compatible; BLEXBot/1.0; +http://webmeup-crawler.com/)"
157.90.209.79 - - [22/Mar/2024:00:28:10 +0100] "GET /flamingo-allen-designs-p-60433.html HTTP/1.0" 200 85172 "-" "Mozilla/5.0 (compatible; BLEXBot/1.0; +http://webmeup-crawler.com/)"
157.90.209.79 - - [22/Mar/2024:00:28:20 +0100] "GET /flamingo-decorative-square-wooden-bowl-allen-designs-p-60532.html HTTP/1.0" 200 86068 "-" "Mozilla/5.0 (compatible; BLEXBot/1.0; +http://webmeup-crawler.com/)"
40.77.167.22 - - [22/Mar/2024:00:28:27 +0100] "GET /cushions-floor-cushions-cushion-covers-c-11_71.html HTTP/1.0" 200 104243 "-" "Mozilla/5.0 AppleWebKit/537.36 (KHTML, like Gecko; compatible; bingbot/2.0; +http://www.bing.com/bingbot.htm) Chrome/116.0.1938.76 Safari/537.36"
157.90.209.79 - - [22/Mar/2024:00:28:27 +0100] "GET /flamingo-shower-curtain-p-57405.html HTTP/1.0" 200 84988 "-" "Mozilla/5.0 (compatible; BLEXBot/1.0; +http://webmeup-crawler.com/)"
157.90.209.79 - - [22/Mar/2024:00:28:36 +0100] "GET /flat-cotton-case-little-prince-p-58266.html HTTP/1.0" 200 85010 "-" "Mozilla/5.0 (compatible; BLEXBot/1.0; +http://webmeup-crawler.com/)"
157.90.209.79 - - [22/Mar/2024:00:28:39 +0100] "GET /flin-p-49539.html HTTP/1.0" 200 84100 "-" "Mozilla/5.0 (compatible; BLEXBot/1.0; +http://webmeup-crawler.com/)"
157.90.209.79 - - [22/Mar/2024:00:28:57 +0100] "GET /flocked-black-resin-figurine-hear-nothing-p-59609.html HTTP/1.0" 200 85460 "-" "Mozilla/5.0 (compatible; BLEXBot/1.0; +http://webmeup-crawler.com/)"
157.90.209.79 - - [22/Mar/2024:00:29:01 +0100] "GET /flocked-black-resin-figurine-sees-nothing-p-59605.html HTTP/1.0" 200 85460 "-" "Mozilla/5.0 (compatible; BLEXBot/1.0; +http://webmeup-crawler.com/)"
157.90.209.79 - - [22/Mar/2024:00:29:10 +0100] "GET /floor-cushion-cotton-asana-p-61698.html HTTP/1.0" 200 85510 "-" "Mozilla/5.0 (compatible; BLEXBot/1.0; +http://webmeup-crawler.com/)"
66.249.66.205 - - [22/Mar/2024:00:29:11 +0100] "GET /tarot-flower-life-engraved-p-48482.html HTTP/1.0" 200 82002 "-" "Mozilla/5.0 (compatible; Googlebot/2.1; +http://www.google.com/bot.html)"
157.90.209.79 - - [22/Mar/2024:00:29:16 +0100] "GET /floor-cushions-c-11_71_182.html?page=2 HTTP/1.0" 200 103091 "-" "Mozilla/5.0 (compatible; BLEXBot/1.0; +http://webmeup-crawler.com/)"
157.90.209.79 - - [22/Mar/2024:00:29:22 +0100] "GET /floor-cushions-c-11_71_182.html?page=3 HTTP/1.0" 200 103410 "-" "Mozilla/5.0 (compatible; BLEXBot/1.0; +http://webmeup-crawler.com/)"
157.90.209.79 - - [22/Mar/2024:00:29:36 +0100] "GET /floor-cushions-c-11_71_182.html?page=4 HTTP/1.0" 200 98975 "-" "Mozilla/5.0 (compatible; BLEXBot/1.0; +http://webmeup-crawler.com/)"
157.90.209.79 - - [22/Mar/2024:00:29:42 +0100] "GET /floral-cushion-saucer-p-59035.html HTTP/1.0" 200 84919 "-" "Mozilla/5.0 (compatible; BLEXBot/1.0; +http://webmeup-crawler.com/)"
157.90.209.79 - - [22/Mar/2024:00:29:49 +0100] "GET /floral-home-doormat-p-61752.html HTTP/1.0" 200 85467 "-" "Mozilla/5.0 (compatible; BLEXBot/1.0; +http://webmeup-crawler.com/)"
95.163.255.140 - - [22/Mar/2024:00:29:53 +0100] "GET /robots.txt HTTP/1.0" 200 245 "-" "Mozilla/5.0 (compatible; Linux x86_64; Mail.RU_Bot/Img/2.0; +https://help.mail.ru/webmaster/indexing/robots)"
157.90.209.79 - - [22/Mar/2024:00:29:57 +0100] "GET /florialys-fragrance-provence-divine-rose-p-48504.html HTTP/1.0" 200 84540 "-" "Mozilla/5.0 (compatible; BLEXBot/1.0; +http://webmeup-crawler.com/)"
95.163.255.140 - - [22/Mar/2024:00:30:13 +0100] "GET /images/mini_prod/8422091883928.jpg HTTP/1.0" 200 269 "http://go.mail.ru/search_images" "Mozilla/5.0 (compatible; Linux x86_64; Mail.RU_Bot/Img/2.0; +https://help.mail.ru/webmaster/indexing/robots)"
157.90.209.79 - - [22/Mar/2024:00:30:13 +0100] "GET /florialys-fragrance-provence-imperial-lavender-p-48502.html HTTP/1.0" 200 84576 "-" "Mozilla/5.0 (compatible; BLEXBot/1.0; +http://webmeup-crawler.com/)"
157.90.209.79 - - [22/Mar/2024:00:30:18 +0100] "GET /flower-life-earrings-brass-golden-p-39340.html HTTP/1.0" 200 85178 "-" "Mozilla/5.0 (compatible; BLEXBot/1.0; +http://webmeup-crawler.com/)"
95.163.255.141 - - [22/Mar/2024:00:30:21 +0100] "GET /images/DSCN4025n.jpg HTTP/1.0" 200 255 "http://go.mail.ru/search_images" "Mozilla/5.0 (compatible; Linux x86_64; Mail.RU_Bot/Img/2.0; +https://help.mail.ru/webmaster/indexing/robots)"
157.90.209.79 - - [22/Mar/2024:00:30:22 +0100] "GET /flower-life-earrings-brass-silver-colored-p-39339.html HTTP/1.0" 200 85275 "-" "Mozilla/5.0 (compatible; BLEXBot/1.0; +http://webmeup-crawler.com/)"
17.241.219.19 - - [22/Mar/2024:00:30:28 +0100] "GET /images/mini_prod/3700281647310C.jpg HTTP/1.0" 200 270 "-" "Mozilla/5.0 (Macintosh; Intel Mac OS X 10_15_5) AppleWebKit/605.1.15 (KHTML, like Gecko) Version/13.1.1 Safari/605.1.15 (Applebot/0.1; +http://www.apple.com/go/applebot)"
157.90.209.79 - - [22/Mar/2024:00:30:28 +0100] "GET /flower-life-earrings-silver-p-44403.html HTTP/1.0" 200 84921 "-" "Mozilla/5.0 (compatible; BLEXBot/1.0; +http://webmeup-crawler.com/)"
157.55.39.62 - - [22/Mar/2024:00:30:29 +0100] "GET /placemats-c-12_156.html?page=5 HTTP/1.0" 200 104277 "-" "Mozilla/5.0 AppleWebKit/537.36 (KHTML, like Gecko; compatible; bingbot/2.0; +http://www.bing.com/bingbot.htm) Chrome/116.0.1938.76 Safari/537.36"
157.90.209.79 - - [22/Mar/2024:00:30:31 +0100] "GET /flower-life-p-49359.html HTTP/1.0" 200 85569 "-" "Mozilla/5.0 (compatible; BLEXBot/1.0; +http://webmeup-crawler.com/)"
157.90.209.79 - - [22/Mar/2024:00:30:36 +0100] "GET /flower-life-wooden-p-57337.html HTTP/1.0" 200 84449 "-" "Mozilla/5.0 (compatible; BLEXBot/1.0; +http://webmeup-crawler.com/)"
157.90.209.79 - - [22/Mar/2024:00:30:42 +0100] "GET /flower-pots-plant-accessories-c-13_275.html?page=10 HTTP/1.0" 200 105181 "-" "Mozilla/5.0 (compatible; BLEXBot/1.0; +http://webmeup-crawler.com/)"
157.90.209.79 - - [22/Mar/2024:00:30:45 +0100] "GET /flower-pots-plant-accessories-c-13_275.html?page=11 HTTP/1.0" 200 103536 "-" "Mozilla/5.0 (compatible; BLEXBot/1.0; +http://webmeup-crawler.com/)"
157.90.209.79 - - [22/Mar/2024:00:30:51 +0100] "GET /flower-pots-plant-accessories-c-13_275.html?page=2 HTTP/1.0" 200 104679 "-" "Mozilla/5.0 (compatible; BLEXBot/1.0; +http://webmeup-crawler.com/)"
157.90.209.79 - - [22/Mar/2024:00:30:56 +0100] "GET /flower-pots-plant-accessories-c-13_275.html?page=3 HTTP/1.0" 200 104962 "-" "Mozilla/5.0 (compatible; BLEXBot/1.0; +http://webmeup-crawler.com/)"
157.90.209.79 - - [22/Mar/2024:00:31:00 +0100] "GET /flower-pots-plant-accessories-c-13_275.html?page=4 HTTP/1.0" 200 105491 "-" "Mozilla/5.0 (compatible; BLEXBot/1.0; +http://webmeup-crawler.com/)"
157.90.209.79 - - [22/Mar/2024:00:31:09 +0100] "GET /flower-pots-plant-accessories-c-13_275.html?page=5 HTTP/1.0" 200 105044 "-" "Mozilla/5.0 (compatible; BLEXBot/1.0; +http://webmeup-crawler.com/)"
157.90.209.79 - - [22/Mar/2024:00:31:18 +0100] "GET /flower-pots-plant-accessories-c-13_275.html?page=6 HTTP/1.0" 200 104984 "-" "Mozilla/5.0 (compatible; BLEXBot/1.0; +http://webmeup-crawler.com/)"
157.90.209.79 - - [22/Mar/2024:00:31:25 +0100] "GET /flower-pots-plant-accessories-c-13_275.html?page=7 HTTP/1.0" 200 104812 "-" "Mozilla/5.0 (compatible; BLEXBot/1.0; +http://webmeup-crawler.com/)"
157.90.209.79 - - [22/Mar/2024:00:31:30 +0100] "GET /flower-pots-plant-accessories-c-13_275.html?page=8 HTTP/1.0" 200 105041 "-" "Mozilla/5.0 (compatible; BLEXBot/1.0; +http://webmeup-crawler.com/)"
157.90.209.79 - - [22/Mar/2024:00:31:38 +0100] "GET /flower-pots-plant-accessories-c-13_275.html?page=9 HTTP/1.0" 200 105366 "-" "Mozilla/5.0 (compatible; BLEXBot/1.0; +http://webmeup-crawler.com/)"
157.90.209.79 - - [22/Mar/2024:00:31:43 +0100] "GET /flowers-allen-designs-p-60434.html HTTP/1.0" 200 84941 "-" "Mozilla/5.0 (compatible; BLEXBot/1.0; +http://webmeup-crawler.com/)"
157.90.209.79 - - [22/Mar/2024:00:31:51 +0100] "GET /fluffy-white-p-42848.html HTTP/1.0" 200 84383 "-" "Mozilla/5.0 (compatible; BLEXBot/1.0; +http://webmeup-crawler.com/)"
157.90.209.79 - - [22/Mar/2024:00:31:57 +0100] "GET /focus-phone-cover-iphone-p-17818.html HTTP/1.0" 200 85067 "-" "Mozilla/5.0 (compatible; BLEXBot/1.0; +http://webmeup-crawler.com/)"
157.90.209.79 - - [22/Mar/2024:00:32:01 +0100] "GET /folding-metal-tray-p-57094.html HTTP/1.0" 200 85453 "-" "Mozilla/5.0 (compatible; BLEXBot/1.0; +http://webmeup-crawler.com/)"
157.90.209.79 - - [22/Mar/2024:00:32:08 +0100] "GET /foliage-carpet-p-48571.html HTTP/1.0" 200 85226 "-" "Mozilla/5.0 (compatible; BLEXBot/1.0; +http://webmeup-crawler.com/)"
157.90.209.79 - - [22/Mar/2024:00:32:14 +0100] "GET /food-bowl-love-pets-p-31709.html HTTP/1.0" 200 84271 "-" "Mozilla/5.0 (compatible; BLEXBot/1.0; +http://webmeup-crawler.com/)"
157.90.209.79 - - [22/Mar/2024:00:32:19 +0100] "GET /food-storage-pets-beige-p-42184.html HTTP/1.0" 200 84178 "-" "Mozilla/5.0 (compatible; BLEXBot/1.0; +http://webmeup-crawler.com/)"
157.90.209.79 - - [22/Mar/2024:00:32:25 +0100] "GET /forest-friends-glasses-case-racoons-p-51862.html HTTP/1.0" 200 85761 "-" "Mozilla/5.0 (compatible; BLEXBot/1.0; +http://webmeup-crawler.com/)"
157.90.209.79 - - [22/Mar/2024:00:32:28 +0100] "GET /fragrance-heart-home-grapefruit-citrus-p-61603.html HTTP/1.0" 200 84611 "-" "Mozilla/5.0 (compatible; BLEXBot/1.0; +http://webmeup-crawler.com/)"
157.90.209.79 - - [22/Mar/2024:00:32:34 +0100] "GET /fragrance-heart-home-love-story-p-61605.html HTTP/1.0" 200 84545 "-" "Mozilla/5.0 (compatible; BLEXBot/1.0; +http://webmeup-crawler.com/)"
157.90.209.79 - - [22/Mar/2024:00:32:37 +0100] "GET /fragrance-heart-home-salt-p-61602.html HTTP/1.0" 200 84526 "-" "Mozilla/5.0 (compatible; BLEXBot/1.0; +http://webmeup-crawler.com/)"
172.203.163.27 - - [22/Mar/2024:00:32:41 +0100] "GET /images/mini_prod/4260082934648.jpg HTTP/1.0" 200 269 "-" "Mozilla/5.0 (Windows NT 10.0; Win64; x64) AppleWebKit/537.36 (KHTML, like Gecko) Chrome/103.0.0.0 Safari/537.36"
157.90.209.79 - - [22/Mar/2024:00:32:43 +0100] "GET /fragrance-heart-home-with-love-p-61604.html HTTP/1.0" 200 84546 "-" "Mozilla/5.0 (compatible; BLEXBot/1.0; +http://webmeup-crawler.com/)"
157.90.209.79 - - [22/Mar/2024:00:32:48 +0100] "GET /fragrance-sachet-grass-p-40563.html HTTP/1.0" 200 85219 "-" "Mozilla/5.0 (compatible; BLEXBot/1.0; +http://webmeup-crawler.com/)"
157.90.209.79 - - [22/Mar/2024:00:33:19 +0100] "GET /fragrance-sachet-paradise-sunset-p-40534.html HTTP/1.0" 200 85278 "-" "Mozilla/5.0 (compatible; BLEXBot/1.0; +http://webmeup-crawler.com/)"
157.90.209.79 - - [22/Mar/2024:00:33:24 +0100] "GET /fragrance-sachet-pink-grapefruit-cassis-p-40564.html HTTP/1.0" 200 85324 "-" "Mozilla/5.0 (compatible; BLEXBot/1.0; +http://webmeup-crawler.com/)"
157.90.209.79 - - [22/Mar/2024:00:33:32 +0100] "GET /fragrance-sachet-sweet-p-40556.html HTTP/1.0" 200 85214 "-" "Mozilla/5.0 (compatible; BLEXBot/1.0; +http://webmeup-crawler.com/)"
157.90.209.79 - - [22/Mar/2024:00:33:38 +0100] "GET /fragrance-sachet-true-enchantment-p-40554.html HTTP/1.0" 200 85285 "-" "Mozilla/5.0 (compatible; BLEXBot/1.0; +http://webmeup-crawler.com/)"
17.241.219.16 - - [22/Mar/2024:00:33:42 +0100] "GET /images/big_prod/3700281666816.jpg HTTP/1.0" 200 268 "-" "Mozilla/5.0 (Macintosh; Intel Mac OS X 10_15_5) AppleWebKit/605.1.15 (KHTML, like Gecko) Version/13.1.1 Safari/605.1.15 (Applebot/0.1; +http://www.apple.com/go/applebot)"
157.90.209.79 - - [22/Mar/2024:00:33:49 +0100] "GET /fragrance-sachet-twilight-p-40557.html HTTP/1.0" 200 85215 "-" "Mozilla/5.0 (compatible; BLEXBot/1.0; +http://webmeup-crawler.com/)"
157.90.209.79 - - [22/Mar/2024:00:33:57 +0100] "GET /fragrance-sachet-welcome-home-p-40536.html HTTP/1.0" 200 85256 "-" "Mozilla/5.0 (compatible; BLEXBot/1.0; +http://webmeup-crawler.com/)"
216.244.66.242 - - [22/Mar/2024:00:34:01 +0100] "GET /robots.txt HTTP/1.0" 301 531 "-" "Mozilla/5.0 (compatible; DotBot/1.2; +https://opensiteexplorer.org/dotbot; help@moz.com)"
216.244.66.242 - - [22/Mar/2024:00:34:01 +0100] "GET /robots.txt HTTP/1.0" 200 245 "-" "Mozilla/5.0 (compatible; DotBot/1.2; +https://opensiteexplorer.org/dotbot; help@moz.com)"
216.244.66.242 - - [22/Mar/2024:00:34:01 +0100] "GET /robots.txt HTTP/1.0" 200 245 "-" "Mozilla/5.0 (compatible; DotBot/1.2; +https://opensiteexplorer.org/dotbot; help@moz.com)"
157.90.209.79 - - [22/Mar/2024:00:34:02 +0100] "GET /fragrances-ambiance-c-231.html?page=10 HTTP/1.0" 200 104576 "-" "Mozilla/5.0 (compatible; BLEXBot/1.0; +http://webmeup-crawler.com/)"
157.90.209.79 - - [22/Mar/2024:00:34:11 +0100] "GET /fragrances-ambiance-c-231.html?page=11 HTTP/1.0" 200 104764 "-" "Mozilla/5.0 (compatible; BLEXBot/1.0; +http://webmeup-crawler.com/)"
157.90.209.79 - - [22/Mar/2024:00:34:20 +0100] "GET /fragrances-ambiance-c-231.html?page=2 HTTP/1.0" 200 104709 "-" "Mozilla/5.0 (compatible; BLEXBot/1.0; +http://webmeup-crawler.com/)"
157.90.209.79 - - [22/Mar/2024:00:34:30 +0100] "GET /fragrances-ambiance-c-231.html?page=3 HTTP/1.0" 200 105504 "-" "Mozilla/5.0 (compatible; BLEXBot/1.0; +http://webmeup-crawler.com/)"
157.90.209.79 - - [22/Mar/2024:00:34:36 +0100] "GET /fragrances-ambiance-c-231.html?page=4 HTTP/1.0" 200 104606 "-" "Mozilla/5.0 (compatible; BLEXBot/1.0; +http://webmeup-crawler.com/)"
157.90.209.79 - - [22/Mar/2024:00:34:44 +0100] "GET /fragrances-ambiance-c-231.html?page=5 HTTP/1.0" 200 104460 "-" "Mozilla/5.0 (compatible; BLEXBot/1.0; +http://webmeup-crawler.com/)"
157.90.209.79 - - [22/Mar/2024:00:34:52 +0100] "GET /fragrances-ambiance-c-231.html?page=6 HTTP/1.0" 200 104885 "-" "Mozilla/5.0 (compatible; BLEXBot/1.0; +http://webmeup-crawler.com/)"
157.90.209.79 - - [22/Mar/2024:00:34:59 +0100] "GET /fragrances-ambiance-c-231.html?page=7 HTTP/1.0" 200 104217 "-" "Mozilla/5.0 (compatible; BLEXBot/1.0; +http://webmeup-crawler.com/)"
157.90.209.79 - - [22/Mar/2024:00:35:05 +0100] "GET /fragrances-ambiance-c-231.html?page=8 HTTP/1.0" 200 103956 "-" "Mozilla/5.0 (compatible; BLEXBot/1.0; +http://webmeup-crawler.com/)"
54.36.148.60 - - [22/Mar/2024:00:35:07 +0100] "GET /bathroom-accessories-c-13_172.html?page=2 HTTP/1.0" 200 102149 "-" "Mozilla/5.0 (compatible; AhrefsBot/7.0; +http://ahrefs.com/robot/)"
157.90.209.79 - - [22/Mar/2024:00:35:12 +0100] "GET /fragrances-ambiance-c-231.html?page=9 HTTP/1.0" 200 104231 "-" "Mozilla/5.0 (compatible; BLEXBot/1.0; +http://webmeup-crawler.com/)"
157.90.209.79 - - [22/Mar/2024:00:35:18 +0100] "GET /frais-port-p-48417.html HTTP/1.0" 200 83995 "-" "Mozilla/5.0 (compatible; BLEXBot/1.0; +http://webmeup-crawler.com/)"
157.90.209.79 - - [22/Mar/2024:00:35:30 +0100] "GET /frais-port-p-59807.html HTTP/1.0" 200 83956 "-" "Mozilla/5.0 (compatible; BLEXBot/1.0; +http://webmeup-crawler.com/)"
157.90.209.79 - - [22/Mar/2024:00:35:42 +0100] "GET /frames-flags-decorative-paintings-c-13_148.html?page=2 HTTP/1.0" 200 104936 "-" "Mozilla/5.0 (compatible; BLEXBot/1.0; +http://webmeup-crawler.com/)"
157.55.39.8 - - [22/Mar/2024:00:35:50 +0100] "GET /adults-c-53.html HTTP/1.0" 200 103202 "-" "Mozilla/5.0 AppleWebKit/537.36 (KHTML, like Gecko; compatible; bingbot/2.0; +http://www.bing.com/bingbot.htm) Chrome/116.0.1938.76 Safari/537.36"
157.90.209.79 - - [22/Mar/2024:00:35:50 +0100] "GET /frames-flags-decorative-paintings-c-13_148.html?page=3 HTTP/1.0" 200 104747 "-" "Mozilla/5.0 (compatible; BLEXBot/1.0; +http://webmeup-crawler.com/)"
52.167.144.184 - - [22/Mar/2024:00:35:54 +0100] "GET /-p-12122.html HTTP/1.0" 200 81894 "-" "Mozilla/5.0 AppleWebKit/537.36 (KHTML, like Gecko; compatible; bingbot/2.0; +http://www.bing.com/bingbot.htm) Chrome/116.0.1938.76 Safari/537.36"
157.90.209.79 - - [22/Mar/2024:00:36:00 +0100] "GET /frames-flags-decorative-paintings-c-13_148.html?page=4 HTTP/1.0" 200 105020 "-" "Mozilla/5.0 (compatible; BLEXBot/1.0; +http://webmeup-crawler.com/)"
207.46.13.128 - - [22/Mar/2024:00:36:09 +0100] "GET /js/jquery.min.js HTTP/1.0" 404 1308 "-" "Mozilla/5.0 AppleWebKit/537.36 (KHTML, like Gecko; compatible; bingbot/2.0; +http://www.bing.com/bingbot.htm) Chrome/116.0.1938.76 Safari/537.36"
157.90.209.79 - - [22/Mar/2024:00:36:10 +0100] "GET /frames-flags-decorative-paintings-c-13_148.html?page=5 HTTP/1.0" 200 105291 "-" "Mozilla/5.0 (compatible; BLEXBot/1.0; +http://webmeup-crawler.com/)"
157.90.209.79 - - [22/Mar/2024:00:36:16 +0100] "GET /frames-flags-decorative-paintings-c-13_148.html?page=6 HTTP/1.0" 200 100903 "-" "Mozilla/5.0 (compatible; BLEXBot/1.0; +http://webmeup-crawler.com/)"
172.203.163.21 - - [22/Mar/2024:00:36:22 +0100] "GET /images/mini_prod/8424001471454.jpg HTTP/1.0" 200 269 "-" "Mozilla/5.0 (Windows NT 10.0; Win64; x64) AppleWebKit/537.36 (KHTML, like Gecko) Chrome/103.0.0.0 Safari/537.36"
157.90.209.79 - - [22/Mar/2024:00:36:22 +0100] "GET /framework-kitten-canvas-p-31839.html HTTP/1.0" 200 84303 "-" "Mozilla/5.0 (compatible; BLEXBot/1.0; +http://webmeup-crawler.com/)"
157.90.209.79 - - [22/Mar/2024:00:36:29 +0100] "GET /frankie-kimmidoll-love-p-21769.html HTTP/1.0" 200 88700 "-" "Mozilla/5.0 (compatible; BLEXBot/1.0; +http://webmeup-crawler.com/)"
157.90.209.79 - - [22/Mar/2024:00:36:34 +0100] "GET /frankie-stein-figure-p-22565.html HTTP/1.0" 200 84319 "-" "Mozilla/5.0 (compatible; BLEXBot/1.0; +http://webmeup-crawler.com/)"
54.36.148.162 - - [22/Mar/2024:00:36:36 +0100] "GET /dishes-c-12.html?page=55 HTTP/1.0" 200 103073 "-" "Mozilla/5.0 (compatible; AhrefsBot/7.0; +http://ahrefs.com/robot/)"
157.90.209.79 - - [22/Mar/2024:00:36:39 +0100] "GET /frankie-stein-monster-high-p-17501.html HTTP/1.0" 200 85030 "-" "Mozilla/5.0 (compatible; BLEXBot/1.0; +http://webmeup-crawler.com/)"
157.90.209.79 - - [22/Mar/2024:00:36:44 +0100] "GET /franklin-green-swimsuit-p-30241.html HTTP/1.0" 200 85960 "-" "Mozilla/5.0 (compatible; BLEXBot/1.0; +http://webmeup-crawler.com/)"
157.90.209.79 - - [22/Mar/2024:00:36:48 +0100] "GET /franklin-purple-swimsuit-p-30244.html HTTP/1.0" 200 86249 "-" "Mozilla/5.0 (compatible; BLEXBot/1.0; +http://webmeup-crawler.com/)"
157.90.209.79 - - [22/Mar/2024:00:36:53 +0100] "GET /freegun-polar-plaid-p-29089.html HTTP/1.0" 200 84388 "-" "Mozilla/5.0 (compatible; BLEXBot/1.0; +http://webmeup-crawler.com/)"
157.90.209.79 - - [22/Mar/2024:00:36:56 +0100] "GET /freegun-steel-watch-p-35083.html HTTP/1.0" 200 84794 "-" "Mozilla/5.0 (compatible; BLEXBot/1.0; +http://webmeup-crawler.com/)"
157.90.209.79 - - [22/Mar/2024:00:37:02 +0100] "GET /french-bulldog-eggcup-p-33470.html HTTP/1.0" 200 84322 "-" "Mozilla/5.0 (compatible; BLEXBot/1.0; +http://webmeup-crawler.com/)"
157.90.209.79 - - [22/Mar/2024:00:37:34 +0100] "GET /french-delicacies-glass-coaster-p-32861.html HTTP/1.0" 200 84284 "-" "Mozilla/5.0 (compatible; BLEXBot/1.0; +http://webmeup-crawler.com/)"
157.90.209.79 - - [22/Mar/2024:00:37:40 +0100] "GET /french-flag-with-stick-p-57876.html HTTP/1.0" 200 85039 "-" "Mozilla/5.0 (compatible; BLEXBot/1.0; +http://webmeup-crawler.com/)"
157.90.209.79 - - [22/Mar/2024:00:37:45 +0100] "GET /french-riviera-small-black-p-38722.html HTTP/1.0" 200 84622 "-" "Mozilla/5.0 (compatible; BLEXBot/1.0; +http://webmeup-crawler.com/)"
157.90.209.79 - - [22/Mar/2024:00:37:50 +0100] "GET /french-riviera-small-p-38724.html HTTP/1.0" 200 84602 "-" "Mozilla/5.0 (compatible; BLEXBot/1.0; +http://webmeup-crawler.com/)"
157.90.209.79 - - [22/Mar/2024:00:37:55 +0100] "GET /freshener-heart-home-cerulean-p-40605.html HTTP/1.0" 200 84895 "-" "Mozilla/5.0 (compatible; BLEXBot/1.0; +http://webmeup-crawler.com/)"
157.90.209.79 - - [22/Mar/2024:00:37:58 +0100] "GET /freshener-heart-home-paradise-sunset-p-40601.html HTTP/1.0" 200 84918 "-" "Mozilla/5.0 (compatible; BLEXBot/1.0; +http://webmeup-crawler.com/)"
157.90.209.79 - - [22/Mar/2024:00:38:06 +0100] "GET /freshener-heart-home-rambling-rose-p-40604.html HTTP/1.0" 200 84900 "-" "Mozilla/5.0 (compatible; BLEXBot/1.0; +http://webmeup-crawler.com/)"
157.90.209.79 - - [22/Mar/2024:00:38:12 +0100] "GET /freshener-heart-home-sweet-p-40565.html HTTP/1.0" 200 84897 "-" "Mozilla/5.0 (compatible; BLEXBot/1.0; +http://webmeup-crawler.com/)"
157.90.209.79 - - [22/Mar/2024:00:38:18 +0100] "GET /freshener-heart-home-welcome-home-p-40609.html HTTP/1.0" 200 84887 "-" "Mozilla/5.0 (compatible; BLEXBot/1.0; +http://webmeup-crawler.com/)"
157.90.209.79 - - [22/Mar/2024:00:38:27 +0100] "GET /freshener-heart-home-white-jasmine-freesia-p-40598.html HTTP/1.0" 200 84970 "-" "Mozilla/5.0 (compatible; BLEXBot/1.0; +http://webmeup-crawler.com/)"
54.36.148.134 - - [22/Mar/2024:00:38:42 +0100] "GET /dishes-c-12.html?page=56 HTTP/1.0" 200 104011 "-" "Mozilla/5.0 (compatible; AhrefsBot/7.0; +http://ahrefs.com/robot/)"
54.36.149.70 - - [22/Mar/2024:00:38:46 +0100] "GET /images/mini_prod/4250255840067.jpg HTTP/1.0" 200 269 "-" "Mozilla/5.0 (compatible; AhrefsBot/7.0; +http://ahrefs.com/robot/)"
54.36.148.130 - - [22/Mar/2024:00:38:46 +0100] "GET /images/mini_prod/4250255840098a.jpg HTTP/1.0" 200 270 "-" "Mozilla/5.0 (compatible; AhrefsBot/7.0; +http://ahrefs.com/robot/)"
54.36.148.113 - - [22/Mar/2024:00:38:46 +0100] "GET /images/mini_prod/4250255840135.jpg HTTP/1.0" 200 269 "-" "Mozilla/5.0 (compatible; AhrefsBot/7.0; +http://ahrefs.com/robot/)"
54.36.148.247 - - [22/Mar/2024:00:38:46 +0100] "GET /images/mini_prod/4250255840197.jpg HTTP/1.0" 200 269 "-" "Mozilla/5.0 (compatible; AhrefsBot/7.0; +http://ahrefs.com/robot/)"
157.90.209.79 - - [22/Mar/2024:00:38:45 +0100] "GET /frida-khalo-saucer-p-50156.html HTTP/1.0" 200 84276 "-" "Mozilla/5.0 (compatible; BLEXBot/1.0; +http://webmeup-crawler.com/)"
157.90.209.79 - - [22/Mar/2024:00:38:52 +0100] "GET /frida-khalo-saucer-p-50157.html HTTP/1.0" 200 84276 "-" "Mozilla/5.0 (compatible; BLEXBot/1.0; +http://webmeup-crawler.com/)"
157.90.209.79 - - [22/Mar/2024:00:39:10 +0100] "GET /frida-khalo-saucer-p-50158.html HTTP/1.0" 200 84278 "-" "Mozilla/5.0 (compatible; BLEXBot/1.0; +http://webmeup-crawler.com/)"
157.90.209.79 - - [22/Mar/2024:00:39:13 +0100] "GET /frida-khalo-saucer-p-50159.html HTTP/1.0" 200 84276 "-" "Mozilla/5.0 (compatible; BLEXBot/1.0; +http://webmeup-crawler.com/)"
157.90.209.79 - - [22/Mar/2024:00:39:21 +0100] "GET /frida-khalo-saucer-p-50160.html HTTP/1.0" 200 84278 "-" "Mozilla/5.0 (compatible; BLEXBot/1.0; +http://webmeup-crawler.com/)"
157.90.209.79 - - [22/Mar/2024:00:39:25 +0100] "GET /frida-khalo-saucer-p-50161.html HTTP/1.0" 200 84276 "-" "Mozilla/5.0 (compatible; BLEXBot/1.0; +http://webmeup-crawler.com/)"
157.90.209.79 - - [22/Mar/2024:00:39:31 +0100] "GET /frida-khalo-saucer-p-50162.html HTTP/1.0" 200 84276 "-" "Mozilla/5.0 (compatible; BLEXBot/1.0; +http://webmeup-crawler.com/)"
43.128.250.213 - - [22/Mar/2024:00:39:37 +0100] "GET /images/mini_prod/9316188073882.jpg HTTP/1.0" 200 269 "-" "Mozilla/5.0 (X11; Ubuntu; Linux x86_64; rv:72.0) Gecko/20100101 Firefox/72.0"
157.90.209.79 - - [22/Mar/2024:00:39:35 +0100] "GET /frida-khalo-saucer-p-50163.html HTTP/1.0" 200 84276 "-" "Mozilla/5.0 (compatible; BLEXBot/1.0; +http://webmeup-crawler.com/)"
157.90.209.79 - - [22/Mar/2024:00:39:41 +0100] "GET /frida-khalo-saucer-p-50164.html HTTP/1.0" 200 84276 "-" "Mozilla/5.0 (compatible; BLEXBot/1.0; +http://webmeup-crawler.com/)"
157.90.209.79 - - [22/Mar/2024:00:39:47 +0100] "GET /frida-khalo-saucer-p-59243.html HTTP/1.0" 200 84276 "-" "Mozilla/5.0 (compatible; BLEXBot/1.0; +http://webmeup-crawler.com/)"
157.90.209.79 - - [22/Mar/2024:00:39:53 +0100] "GET /frida-khalo-saucer-p-59428.html HTTP/1.0" 200 84276 "-" "Mozilla/5.0 (compatible; BLEXBot/1.0; +http://webmeup-crawler.com/)"
157.90.209.79 - - [22/Mar/2024:00:39:57 +0100] "GET /frida-khalo-saucer-p-59429.html HTTP/1.0" 200 84275 "-" "Mozilla/5.0 (compatible; BLEXBot/1.0; +http://webmeup-crawler.com/)"
157.90.209.79 - - [22/Mar/2024:00:39:59 +0100] "GET /frida-khalo-saucer-p-59430.html HTTP/1.0" 200 84275 "-" "Mozilla/5.0 (compatible; BLEXBot/1.0; +http://webmeup-crawler.com/)"
157.90.209.79 - - [22/Mar/2024:00:40:03 +0100] "GET /frida-p-57551.html HTTP/1.0" 200 85074 "-" "Mozilla/5.0 (compatible; BLEXBot/1.0; +http://webmeup-crawler.com/)"
157.90.209.79 - - [22/Mar/2024:00:40:08 +0100] "GET /friends-bedclothes-p-59688.html HTTP/1.0" 200 84994 "-" "Mozilla/5.0 (compatible; BLEXBot/1.0; +http://webmeup-crawler.com/)"
157.90.209.79 - - [22/Mar/2024:00:40:14 +0100] "GET /frosted-glass-betty-boop-eighteen-p-52349.html HTTP/1.0" 200 84911 "-" "Mozilla/5.0 (compatible; BLEXBot/1.0; +http://webmeup-crawler.com/)"
157.90.209.79 - - [22/Mar/2024:00:40:19 +0100] "GET /frosted-glass-betty-boop-thirties-p-13084.html HTTP/1.0" 200 84979 "-" "Mozilla/5.0 (compatible; BLEXBot/1.0; +http://webmeup-crawler.com/)"
51.68.224.127 - - [22/Mar/2024:00:40:24 +0100] "GET /adminweb/export_orders_xml.php?token=256de2z6edz6ed2z6DFSFsed2zed6zeDSFDSGdzedezfzf&maxorders=10&orderstart=1&status=14&start_date=2018-10-01 HTTP/1.0" 200 285 "-" "GesCom CharlotteBoutik Serveur"
157.90.209.79 - - [22/Mar/2024:00:40:24 +0100] "GET /frosted-glass-betty-boop-twenties-p-15442.html HTTP/1.0" 200 84948 "-" "Mozilla/5.0 (compatible; BLEXBot/1.0; +http://webmeup-crawler.com/)"
51.68.224.127 - - [22/Mar/2024:00:40:25 +0100] "GET /adminweb/export_orders_xml.php?token=256de2z6edz6ed2z6DFSFsed2zed6zeDSFDSGdzedezfzf&maxorders=10&orderstart=1&status=6&start_date=2018-10-01 HTTP/1.0" 200 34517 "-" "GesCom CharlotteBoutik Serveur"
54.36.148.19 - - [22/Mar/2024:00:40:25 +0100] "GET /decorative-candle-white-lantern-p-56872.html HTTP/1.0" 200 84542 "-" "Mozilla/5.0 (compatible; AhrefsBot/7.0; +http://ahrefs.com/robot/)"
157.90.209.79 - - [22/Mar/2024:00:40:29 +0100] "GET /frozen-anna-disney-glitter-globe-p-33587.html HTTP/1.0" 200 84461 "-" "Mozilla/5.0 (compatible; BLEXBot/1.0; +http://webmeup-crawler.com/)"
157.90.209.79 - - [22/Mar/2024:00:40:36 +0100] "GET /frozen-disney-small-backpack-p-32748.html HTTP/1.0" 200 84684 "-" "Mozilla/5.0 (compatible; BLEXBot/1.0; +http://webmeup-crawler.com/)"
157.90.209.79 - - [22/Mar/2024:00:40:43 +0100] "GET /frozen-elsa-anna-jewelry-p-37027.html HTTP/1.0" 200 85186 "-" "Mozilla/5.0 (compatible; BLEXBot/1.0; +http://webmeup-crawler.com/)"
157.90.209.79 - - [22/Mar/2024:00:40:48 +0100] "GET /frozen-elsa-anna-jewelry-p-37028.html HTTP/1.0" 200 85185 "-" "Mozilla/5.0 (compatible; BLEXBot/1.0; +http://webmeup-crawler.com/)"
157.90.209.79 - - [22/Mar/2024:00:40:53 +0100] "GET /frozen-flat-pocket-p-34132.html HTTP/1.0" 200 84322 "-" "Mozilla/5.0 (compatible; BLEXBot/1.0; +http://webmeup-crawler.com/)"
157.90.209.79 - - [22/Mar/2024:00:41:00 +0100] "GET /frozen-metal-money-p-59731.html HTTP/1.0" 200 85099 "-" "Mozilla/5.0 (compatible; BLEXBot/1.0; +http://webmeup-crawler.com/)"
157.90.209.79 - - [22/Mar/2024:00:41:05 +0100] "GET /frozen-rectangular-mirror-p-31611.html HTTP/1.0" 200 84262 "-" "Mozilla/5.0 (compatible; BLEXBot/1.0; +http://webmeup-crawler.com/)"
157.90.209.79 - - [22/Mar/2024:00:41:11 +0100] "GET /frozen-rectangular-mirror-p-31612.html HTTP/1.0" 200 84262 "-" "Mozilla/5.0 (compatible; BLEXBot/1.0; +http://webmeup-crawler.com/)"
157.90.209.79 - - [22/Mar/2024:00:41:15 +0100] "GET /frozen-rubber-keychain-anna-p-34067.html HTTP/1.0" 200 84315 "-" "Mozilla/5.0 (compatible; BLEXBot/1.0; +http://webmeup-crawler.com/)"
157.90.209.79 - - [22/Mar/2024:00:41:21 +0100] "GET /frozen-rubber-keychain-elsa-p-34068.html HTTP/1.0" 200 84313 "-" "Mozilla/5.0 (compatible; BLEXBot/1.0; +http://webmeup-crawler.com/)"
157.90.209.79 - - [22/Mar/2024:00:41:26 +0100] "GET /fudge-buddha-perfume-diffuser-cracked-ceramic-p-36552.html HTTP/1.0" 200 84582 "-" "Mozilla/5.0 (compatible; BLEXBot/1.0; +http://webmeup-crawler.com/)"
157.90.209.79 - - [22/Mar/2024:00:41:32 +0100] "GET /funny-little-bugs-pairs-socks-size-p-25322.html HTTP/1.0" 200 84543 "-" "Mozilla/5.0 (compatible; BLEXBot/1.0; +http://webmeup-crawler.com/)"
157.90.209.79 - - [22/Mar/2024:00:41:35 +0100] "GET /funny-little-bugs-pairs-socks-size-p-25323.html HTTP/1.0" 200 84543 "-" "Mozilla/5.0 (compatible; BLEXBot/1.0; +http://webmeup-crawler.com/)"
157.90.209.79 - - [22/Mar/2024:00:41:41 +0100] "GET /funny-little-bugs-pairs-socks-size-p-25326.html HTTP/1.0" 200 84541 "-" "Mozilla/5.0 (compatible; BLEXBot/1.0; +http://webmeup-crawler.com/)"
157.90.209.79 - - [22/Mar/2024:00:41:45 +0100] "GET /funny-pets-mobile-sock-p-33078.html HTTP/1.0" 200 84399 "-" "Mozilla/5.0 (compatible; BLEXBot/1.0; +http://webmeup-crawler.com/)"
54.36.148.123 - - [22/Mar/2024:00:41:54 +0100] "GET /coconut-fibers-doormat-leaves-p-59861.html HTTP/1.0" 200 85184 "-" "Mozilla/5.0 (compatible; AhrefsBot/7.0; +http://ahrefs.com/robot/)"
54.36.149.1 - - [22/Mar/2024:00:41:56 +0100] "GET /images/big_prod/8445148036726.jpg HTTP/1.0" 200 268 "-" "Mozilla/5.0 (compatible; AhrefsBot/7.0; +http://ahrefs.com/robot/)"
54.36.148.246 - - [22/Mar/2024:00:41:57 +0100] "GET /images/big_prod_1/8445148036726a.jpg HTTP/1.0" 200 271 "-" "Mozilla/5.0 (compatible; AhrefsBot/7.0; +http://ahrefs.com/robot/)"
