157.90.209.79 - - [22/Mar/2024:01:28:48 +0100] "GET /incense-satya-champa-spiritual-grams-about-sticks-p-45280.html HTTP/1.0" 200 85616 "-" "Mozilla/5.0 (compatible; BLEXBot/1.0; +http://webmeup-crawler.com/)"
157.90.209.79 - - [22/Mar/2024:01:28:53 +0100] "GET /incense-satya-champa-white-sage15-grams-about-sticks-p-48491.html HTTP/1.0" 200 84916 "-" "Mozilla/5.0 (compatible; BLEXBot/1.0; +http://webmeup-crawler.com/)"
111.225.149.249 - - [22/Mar/2024:01:28:59 +0100] "GET /robots.txt HTTP/1.0" 200 245 "-" "Mozilla/5.0 (Linux; Android 5.0) AppleWebKit/537.36 (KHTML, like Gecko) Mobile Safari/537.36 (compatible; Bytespider; https://zhanzhang.toutiao.com/)"
157.90.209.79 - - [22/Mar/2024:01:29:00 +0100] "GET /incense-satya-dragon-blood-grams-about-sticks-p-54739.html HTTP/1.0" 200 84867 "-" "Mozilla/5.0 (compatible; BLEXBot/1.0; +http://webmeup-crawler.com/)"
157.90.209.79 - - [22/Mar/2024:01:29:04 +0100] "GET /incense-satya-lavender-grams-about-sticks-p-54235.html HTTP/1.0" 200 84830 "-" "Mozilla/5.0 (compatible; BLEXBot/1.0; +http://webmeup-crawler.com/)"
157.90.209.79 - - [22/Mar/2024:01:29:08 +0100] "GET /incense-satya-meditation-grams-about-sticks-p-54237.html HTTP/1.0" 200 84847 "-" "Mozilla/5.0 (compatible; BLEXBot/1.0; +http://webmeup-crawler.com/)"
157.90.209.79 - - [22/Mar/2024:01:29:14 +0100] "GET /incense-satya-musk-grams-about-sticks-p-53925.html HTTP/1.0" 200 85315 "-" "Mozilla/5.0 (compatible; BLEXBot/1.0; +http://webmeup-crawler.com/)"
108.165.144.166 - - [22/Mar/2024:01:29:18 +0100] "GET /images/mini_prod/8422016709005.jpg HTTP/1.0" 200 269 "-" "Mozilla/5.0 (X11; Ubuntu; Linux x86_64; rv:72.0) Gecko/20100101 Firefox/72.0"
157.90.209.79 - - [22/Mar/2024:01:29:21 +0100] "GET /incense-satya-myrrh-grams-about-sticks-p-54219.html HTTP/1.0" 200 84802 "-" "Mozilla/5.0 (compatible; BLEXBot/1.0; +http://webmeup-crawler.com/)"
157.90.209.79 - - [22/Mar/2024:01:29:47 +0100] "GET /incense-spiritual-guide-contains-incense-sticks-p-57226.html HTTP/1.0" 200 85322 "-" "Mozilla/5.0 (compatible; BLEXBot/1.0; +http://webmeup-crawler.com/)"
157.90.209.79 - - [22/Mar/2024:01:29:50 +0100] "GET /incense-spiritual-guide-grams-about-sticks-p-35490.html HTTP/1.0" 200 84626 "-" "Mozilla/5.0 (compatible; BLEXBot/1.0; +http://webmeup-crawler.com/)"
157.90.209.79 - - [22/Mar/2024:01:29:53 +0100] "GET /incense-stick-holder-buddha-p-39334.html HTTP/1.0" 200 84580 "-" "Mozilla/5.0 (compatible; BLEXBot/1.0; +http://webmeup-crawler.com/)"
157.90.209.79 - - [22/Mar/2024:01:29:57 +0100] "GET /incense-stick-holder-chakra-p-57939.html HTTP/1.0" 200 85263 "-" "Mozilla/5.0 (compatible; BLEXBot/1.0; +http://webmeup-crawler.com/)"
157.90.209.79 - - [22/Mar/2024:01:30:05 +0100] "GET /incense-stick-holder-elephant-p-35503.html HTTP/1.0" 200 85282 "-" "Mozilla/5.0 (compatible; BLEXBot/1.0; +http://webmeup-crawler.com/)"
157.90.209.79 - - [22/Mar/2024:01:30:10 +0100] "GET /incense-stick-holder-ganesh-p-35506.html HTTP/1.0" 200 85051 "-" "Mozilla/5.0 (compatible; BLEXBot/1.0; +http://webmeup-crawler.com/)"
157.90.209.79 - - [22/Mar/2024:01:30:17 +0100] "GET /incense-stick-holder-lotus-p-52501.html HTTP/1.0" 200 84415 "-" "Mozilla/5.0 (compatible; BLEXBot/1.0; +http://webmeup-crawler.com/)"
157.90.209.79 - - [22/Mar/2024:01:30:21 +0100] "GET /incense-stick-holder-moon-p-56704.html HTTP/1.0" 200 85031 "-" "Mozilla/5.0 (compatible; BLEXBot/1.0; +http://webmeup-crawler.com/)"
54.36.148.72 - - [22/Mar/2024:01:30:23 +0100] "GET /fireflower-metal-capacity-p-52991.html HTTP/1.0" 200 85211 "-" "Mozilla/5.0 (compatible; AhrefsBot/7.0; +http://ahrefs.com/robot/)"
157.90.209.79 - - [22/Mar/2024:01:30:24 +0100] "GET /incense-stick-holder-p-35505.html HTTP/1.0" 200 85806 "-" "Mozilla/5.0 (compatible; BLEXBot/1.0; +http://webmeup-crawler.com/)"
157.90.209.79 - - [22/Mar/2024:01:30:44 +0100] "GET /incense-stick-holder-p-59079.html HTTP/1.0" 200 85014 "-" "Mozilla/5.0 (compatible; BLEXBot/1.0; +http://webmeup-crawler.com/)"
172.203.163.21 - - [22/Mar/2024:01:30:47 +0100] "GET /images/mini_prod/3560600289979.jpg HTTP/1.0" 200 269 "-" "Mozilla/5.0 (Windows NT 10.0; Win64; x64) AppleWebKit/537.36 (KHTML, like Gecko) Chrome/103.0.0.0 Safari/537.36"
157.90.209.79 - - [22/Mar/2024:01:30:48 +0100] "GET /incense-stick-holder-wooden-buddha-motif-p-59077.html HTTP/1.0" 200 85567 "-" "Mozilla/5.0 (compatible; BLEXBot/1.0; +http://webmeup-crawler.com/)"
157.90.209.79 - - [22/Mar/2024:01:30:51 +0100] "GET /incense-stick-holder-yang-p-59080.html HTTP/1.0" 200 85274 "-" "Mozilla/5.0 (compatible; BLEXBot/1.0; +http://webmeup-crawler.com/)"
157.90.209.79 - - [22/Mar/2024:01:30:54 +0100] "GET /incense-sticks-camphor-p-51691.html HTTP/1.0" 200 84498 "-" "Mozilla/5.0 (compatible; BLEXBot/1.0; +http://webmeup-crawler.com/)"
157.90.209.79 - - [22/Mar/2024:01:31:00 +0100] "GET /indoor-buddha-fountain-p-48808.html HTTP/1.0" 200 84449 "-" "Mozilla/5.0 (compatible; BLEXBot/1.0; +http://webmeup-crawler.com/)"
157.90.209.79 - - [22/Mar/2024:01:31:03 +0100] "GET /indoor-ganesh-fountain-p-47227.html HTTP/1.0" 200 85045 "-" "Mozilla/5.0 (compatible; BLEXBot/1.0; +http://webmeup-crawler.com/)"
157.90.209.79 - - [22/Mar/2024:01:31:07 +0100] "GET /industrial-pouf-storage-small-size-only-p-48580.html HTTP/1.0" 200 85153 "-" "Mozilla/5.0 (compatible; BLEXBot/1.0; +http://webmeup-crawler.com/)"
157.90.209.79 - - [22/Mar/2024:01:31:14 +0100] "GET /infuser-rest-c-12_247.html?page=2 HTTP/1.0" 200 102718 "-" "Mozilla/5.0 (compatible; BLEXBot/1.0; +http://webmeup-crawler.com/)"
157.90.209.79 - - [22/Mar/2024:01:31:18 +0100] "GET /infuser-rest-c-12_247.html?page=3 HTTP/1.0" 200 102143 "-" "Mozilla/5.0 (compatible; BLEXBot/1.0; +http://webmeup-crawler.com/)"
157.90.209.79 - - [22/Mar/2024:01:31:23 +0100] "GET /infuser-rest-c-12_247.html?page=4 HTTP/1.0" 200 97380 "-" "Mozilla/5.0 (compatible; BLEXBot/1.0; +http://webmeup-crawler.com/)"
157.90.209.79 - - [22/Mar/2024:01:31:27 +0100] "GET /insulated-black-p-57957.html HTTP/1.0" 200 85212 "-" "Mozilla/5.0 (compatible; BLEXBot/1.0; +http://webmeup-crawler.com/)"
216.244.66.242 - - [22/Mar/2024:01:31:39 +0100] "GET /-p-15120.html HTTP/1.0" 200 81894 "-" "Mozilla/5.0 (compatible; DotBot/1.2; +https://opensiteexplorer.org/dotbot; help@moz.com)"
17.241.219.87 - - [22/Mar/2024:01:31:54 +0100] "GET /images/mini_prod/8422048840912N.jpg HTTP/1.0" 200 270 "-" "Mozilla/5.0 (Macintosh; Intel Mac OS X 10_15_5) AppleWebKit/605.1.15 (KHTML, like Gecko) Version/13.1.1 Safari/605.1.15 (Applebot/0.1; +http://www.apple.com/go/applebot)"
213.180.203.95 - - [22/Mar/2024:01:32:00 +0100] "GET /robots.txt HTTP/1.0" 200 245 "-" "Mozilla/5.0 (compatible; YandexBot/3.0; +http://yandex.com/bots)"
157.90.209.79 - - [22/Mar/2024:01:32:09 +0100] "GET /insulated-cats-love-paris-p-61861.html HTTP/1.0" 200 84695 "-" "Mozilla/5.0 (compatible; BLEXBot/1.0; +http://webmeup-crawler.com/)"
157.90.209.79 - - [22/Mar/2024:01:32:15 +0100] "GET /insulated-jewels-p-57955.html HTTP/1.0" 200 85221 "-" "Mozilla/5.0 (compatible; BLEXBot/1.0; +http://webmeup-crawler.com/)"
157.90.209.79 - - [22/Mar/2024:01:32:22 +0100] "GET /insulated-lunch-little-prince-saint-exupry-blue-p-61865.html HTTP/1.0" 200 84869 "-" "Mozilla/5.0 (compatible; BLEXBot/1.0; +http://webmeup-crawler.com/)"
54.36.149.1 - - [22/Mar/2024:01:32:24 +0100] "GET /decorative-wooden-plate-entre-interdite-rleurs-blue-p-60214.html HTTP/1.0" 200 85615 "-" "Mozilla/5.0 (compatible; AhrefsBot/7.0; +http://ahrefs.com/robot/)"
157.90.209.79 - - [22/Mar/2024:01:32:28 +0100] "GET /insulated-panda-p-61862.html HTTP/1.0" 200 84596 "-" "Mozilla/5.0 (compatible; BLEXBot/1.0; +http://webmeup-crawler.com/)"
157.90.209.79 - - [22/Mar/2024:01:32:32 +0100] "GET /inuit-bedclothes-p-28332.html HTTP/1.0" 200 84484 "-" "Mozilla/5.0 (compatible; BLEXBot/1.0; +http://webmeup-crawler.com/)"
157.90.209.79 - - [22/Mar/2024:01:32:35 +0100] "GET /invitation-cards-envelopes-p-2101.html HTTP/1.0" 200 85102 "-" "Mozilla/5.0 (compatible; BLEXBot/1.0; +http://webmeup-crawler.com/)"
172.203.162.110 - - [22/Mar/2024:01:32:48 +0100] "GET /images/mini_prod/B5425023083772B.jpg HTTP/1.0" 200 271 "-" "Mozilla/5.0 (Windows NT 10.0; Win64; x64) AppleWebKit/537.36 (KHTML, like Gecko) Chrome/103.0.0.0 Safari/537.36"
157.90.209.79 - - [22/Mar/2024:01:32:49 +0100] "GET /ipad-black-shell-with-personalized-picture-p-16335.html HTTP/1.0" 200 84927 "-" "Mozilla/5.0 (compatible; BLEXBot/1.0; +http://webmeup-crawler.com/)"
157.90.209.79 - - [22/Mar/2024:01:32:53 +0100] "GET /ipad-pink-shell-with-personalized-picture-p-16336.html HTTP/1.0" 200 84923 "-" "Mozilla/5.0 (compatible; BLEXBot/1.0; +http://webmeup-crawler.com/)"
157.55.39.61 - - [22/Mar/2024:01:32:57 +0100] "GET /mobile-bells-metal-butterfly-p-41510.html HTTP/1.0" 200 84326 "-" "Mozilla/5.0 AppleWebKit/537.36 (KHTML, like Gecko; compatible; bingbot/2.0; +http://www.bing.com/bingbot.htm) Chrome/116.0.1938.76 Safari/537.36"
157.90.209.79 - - [22/Mar/2024:01:32:57 +0100] "GET /ipad-white-shell-with-personalized-picture-p-16337.html HTTP/1.0" 200 84932 "-" "Mozilla/5.0 (compatible; BLEXBot/1.0; +http://webmeup-crawler.com/)"
108.165.144.166 - - [22/Mar/2024:01:33:03 +0100] "GET /images/mini_prod/1399984254394.jpg HTTP/1.0" 200 269 "-" "Mozilla/5.0 (X11; Ubuntu; Linux x86_64; rv:72.0) Gecko/20100101 Firefox/72.0"
157.90.209.79 - - [22/Mar/2024:01:33:21 +0100] "GET /iphone-black-shell-with-personalized-picture-p-16338.html HTTP/1.0" 200 84985 "-" "Mozilla/5.0 (compatible; BLEXBot/1.0; +http://webmeup-crawler.com/)"
157.90.209.79 - - [22/Mar/2024:01:33:26 +0100] "GET /iphone-silicone-black-shell-audiocassette-p-18936.html HTTP/1.0" 200 87742 "-" "Mozilla/5.0 (compatible; BLEXBot/1.0; +http://webmeup-crawler.com/)"
157.90.209.79 - - [22/Mar/2024:01:33:34 +0100] "GET /iphone-silicone-bleue-shell-audiocassette-p-18940.html HTTP/1.0" 200 87675 "-" "Mozilla/5.0 (compatible; BLEXBot/1.0; +http://webmeup-crawler.com/)"
157.90.209.79 - - [22/Mar/2024:01:33:40 +0100] "GET /iphone-silicone-shell-audiocassette-p-18939.html HTTP/1.0" 200 87648 "-" "Mozilla/5.0 (compatible; BLEXBot/1.0; +http://webmeup-crawler.com/)"
157.90.209.79 - - [22/Mar/2024:01:33:48 +0100] "GET /iphone-transparent-shell-with-personalized-picture-p-16340.html HTTP/1.0" 200 85049 "-" "Mozilla/5.0 (compatible; BLEXBot/1.0; +http://webmeup-crawler.com/)"
157.90.209.79 - - [22/Mar/2024:01:34:03 +0100] "GET /iphone-white-shell-with-personalized-picture-p-16339.html HTTP/1.0" 200 84995 "-" "Mozilla/5.0 (compatible; BLEXBot/1.0; +http://webmeup-crawler.com/)"
54.36.148.221 - - [22/Mar/2024:01:34:10 +0100] "GET /gorse-umbrella-flower-fairies-p-41705.html HTTP/1.0" 200 86146 "-" "Mozilla/5.0 (compatible; AhrefsBot/7.0; +http://ahrefs.com/robot/)"
157.90.209.79 - - [22/Mar/2024:01:35:00 +0100] "GET /iridescent-photo-garland-p-60626.html HTTP/1.0" 200 85021 "-" "Mozilla/5.0 (compatible; BLEXBot/1.0; +http://webmeup-crawler.com/)"
157.90.209.79 - - [22/Mar/2024:01:35:25 +0100] "GET /isothermic-stainless-steel-bottle-cbkreation-p-51159.html HTTP/1.0" 200 83596 "-" "Mozilla/5.0 (compatible; BLEXBot/1.0; +http://webmeup-crawler.com/)"
54.36.149.96 - - [22/Mar/2024:01:35:34 +0100] "GET /gray-resin-monkey-lamp-p-58984.html HTTP/1.0" 200 85005 "-" "Mozilla/5.0 (compatible; AhrefsBot/7.0; +http://ahrefs.com/robot/)"
157.90.209.79 - - [22/Mar/2024:01:35:45 +0100] "GET /isothermic-stainless-steel-bottle-cbkreation-p-57638.html HTTP/1.0" 200 83597 "-" "Mozilla/5.0 (compatible; BLEXBot/1.0; +http://webmeup-crawler.com/)"
157.90.209.79 - - [22/Mar/2024:01:35:49 +0100] "GET /italia-tablecloth-anti-stain-p-34994.html HTTP/1.0" 200 84368 "-" "Mozilla/5.0 (compatible; BLEXBot/1.0; +http://webmeup-crawler.com/)"
157.90.209.79 - - [22/Mar/2024:01:35:51 +0100] "GET /italian-scooter-wood-clock-p-41360.html HTTP/1.0" 200 84353 "-" "Mozilla/5.0 (compatible; BLEXBot/1.0; +http://webmeup-crawler.com/)"
157.90.209.79 - - [22/Mar/2024:01:35:56 +0100] "GET /italian-style-mirror-p-21298.html HTTP/1.0" 200 84152 "-" "Mozilla/5.0 (compatible; BLEXBot/1.0; +http://webmeup-crawler.com/)"
157.90.209.79 - - [22/Mar/2024:01:35:59 +0100] "GET /italy-collectable-figurine-family-p-57422.html HTTP/1.0" 200 86489 "-" "Mozilla/5.0 (compatible; BLEXBot/1.0; +http://webmeup-crawler.com/)"
157.90.209.79 - - [22/Mar/2024:01:36:02 +0100] "GET /ivory-beige-kitchen-towel-p-44421.html HTTP/1.0" 200 84285 "-" "Mozilla/5.0 (compatible; BLEXBot/1.0; +http://webmeup-crawler.com/)"
157.90.209.79 - - [22/Mar/2024:01:36:08 +0100] "GET /jack-sally-trinket-p-56311.html HTTP/1.0" 200 85439 "-" "Mozilla/5.0 (compatible; BLEXBot/1.0; +http://webmeup-crawler.com/)"
157.90.209.79 - - [22/Mar/2024:01:36:12 +0100] "GET /jacquard-anti-stain-tablecloth-charcoal-grey-p-34054.html HTTP/1.0" 200 84530 "-" "Mozilla/5.0 (compatible; BLEXBot/1.0; +http://webmeup-crawler.com/)"
157.90.209.79 - - [22/Mar/2024:01:36:18 +0100] "GET /jade-polyester-round-chair-cushion-p-60653.html HTTP/1.0" 200 84984 "-" "Mozilla/5.0 (compatible; BLEXBot/1.0; +http://webmeup-crawler.com/)"
157.90.209.79 - - [22/Mar/2024:01:36:21 +0100] "GET /jaguars-shower-curtain-p-57892.html HTTP/1.0" 200 85199 "-" "Mozilla/5.0 (compatible; BLEXBot/1.0; +http://webmeup-crawler.com/)"
114.119.135.63 - - [22/Mar/2024:01:36:26 +0100] "GET /vintage-gasoline-effect-frame-in-wood-hanging-p-46295.html HTTP/1.0" 301 84640 "http://www.wonder-geek.com/home-and-decoration-c-13.html?page=91" "Mozilla/5.0 (Linux; Android 7.0;) AppleWebKit/537.36 (KHTML, like Gecko) Mobile Safari/537.36 (compatible; PetalBot;+https://webmaster.petalsearch.com/site/petalbot)"
114.119.135.63 - - [22/Mar/2024:01:36:27 +0100] "GET /vintage-gasoline-effect-frame-wood-hanging-p-46295.html HTTP/1.0" 200 84531 "http://www.wonder-geek.com/home-and-decoration-c-13.html?page=91" "Mozilla/5.0 (Linux; Android 7.0;) AppleWebKit/537.36 (KHTML, like Gecko) Mobile Safari/537.36 (compatible; PetalBot;+https://webmaster.petalsearch.com/site/petalbot)"
40.77.167.75 - - [22/Mar/2024:01:36:28 +0100] "GET /household-linen/linen-bed/marilyn-monroe-sam-shaw-bedclothes-240-p-14322.html HTTP/1.0" 301 81961 "-" "Mozilla/5.0 AppleWebKit/537.36 (KHTML, like Gecko; compatible; bingbot/2.0; +http://www.bing.com/bingbot.htm) Chrome/116.0.1938.76 Safari/537.36"
157.90.209.79 - - [22/Mar/2024:01:36:42 +0100] "GET /jake-never-land-pirates-jack-figure-p-27306.html HTTP/1.0" 200 84500 "-" "Mozilla/5.0 (compatible; BLEXBot/1.0; +http://webmeup-crawler.com/)"
157.90.209.79 - - [22/Mar/2024:01:36:46 +0100] "GET /jake-never-land-pirates-toddler-flatware-p-27545.html HTTP/1.0" 200 84443 "-" "Mozilla/5.0 (compatible; BLEXBot/1.0; +http://webmeup-crawler.com/)"
54.36.148.46 - - [22/Mar/2024:01:36:50 +0100] "GET /yellow-white-cement-tile-round-placemat-p-57745.html HTTP/1.0" 200 84994 "-" "Mozilla/5.0 (compatible; AhrefsBot/7.0; +http://ahrefs.com/robot/)"
54.36.148.93 - - [22/Mar/2024:01:36:53 +0100] "GET /images/big_prod/3700281664096A.jpg HTTP/1.0" 200 269 "-" "Mozilla/5.0 (compatible; AhrefsBot/7.0; +http://ahrefs.com/robot/)"
54.36.148.219 - - [22/Mar/2024:01:36:53 +0100] "GET /images/big_prod_1/3700281664096B.jpg HTTP/1.0" 200 271 "-" "Mozilla/5.0 (compatible; AhrefsBot/7.0; +http://ahrefs.com/robot/)"
157.90.209.79 - - [22/Mar/2024:01:36:50 +0100] "GET /jamaca-case-lenticulaire-iphone-sries-p-24226.html HTTP/1.0" 200 87080 "-" "Mozilla/5.0 (compatible; BLEXBot/1.0; +http://webmeup-crawler.com/)"
157.90.209.79 - - [22/Mar/2024:01:36:56 +0100] "GET /jamaica-coasters-p-24228.html HTTP/1.0" 200 84188 "-" "Mozilla/5.0 (compatible; BLEXBot/1.0; +http://webmeup-crawler.com/)"
157.90.209.79 - - [22/Mar/2024:01:37:02 +0100] "GET /jamaica-mouse-p-19552.html HTTP/1.0" 200 84296 "-" "Mozilla/5.0 (compatible; BLEXBot/1.0; +http://webmeup-crawler.com/)"
157.90.209.79 - - [22/Mar/2024:01:37:11 +0100] "GET /jamaica-mouse-p-19554.html HTTP/1.0" 200 84296 "-" "Mozilla/5.0 (compatible; BLEXBot/1.0; +http://webmeup-crawler.com/)"
157.90.209.79 - - [22/Mar/2024:01:37:38 +0100] "GET /jamaica-paper-towel-dispenser-p-17439.html HTTP/1.0" 200 84296 "-" "Mozilla/5.0 (compatible; BLEXBot/1.0; +http://webmeup-crawler.com/)"
157.90.209.79 - - [22/Mar/2024:01:37:54 +0100] "GET /jamaican-cbkreation-alarm-clock-p-25002.html HTTP/1.0" 200 84375 "-" "Mozilla/5.0 (compatible; BLEXBot/1.0; +http://webmeup-crawler.com/)"
40.77.167.50 - - [22/Mar/2024:01:38:09 +0100] "GET /decorations-and-furnishings/decorations/jiminy-cricket-figurine-ornement-collection-disney-traditions-p-16942.html HTTP/1.0" 301 739 "-" "Mozilla/5.0 AppleWebKit/537.36 (KHTML, like Gecko; compatible; bingbot/2.0; +http://www.bing.com/bingbot.htm) Chrome/116.0.1938.76 Safari/537.36"
54.36.149.16 - - [22/Mar/2024:01:38:08 +0100] "GET /window-stickers-cockatoo-p-59728.html HTTP/1.0" 200 85102 "-" "Mozilla/5.0 (compatible; AhrefsBot/7.0; +http://ahrefs.com/robot/)"
54.36.148.66 - - [22/Mar/2024:01:38:11 +0100] "GET /images/big_prod_2/3700281674415b.jpg HTTP/1.0" 200 271 "-" "Mozilla/5.0 (compatible; AhrefsBot/7.0; +http://ahrefs.com/robot/)"
157.90.209.79 - - [22/Mar/2024:01:38:29 +0100] "GET /jamaican-clock-p-24958.html HTTP/1.0" 200 84185 "-" "Mozilla/5.0 (compatible; BLEXBot/1.0; +http://webmeup-crawler.com/)"
157.90.209.79 - - [22/Mar/2024:01:38:33 +0100] "GET /jamaican-sound-clock-p-24960.html HTTP/1.0" 200 84231 "-" "Mozilla/5.0 (compatible; BLEXBot/1.0; +http://webmeup-crawler.com/)"
157.90.209.79 - - [22/Mar/2024:01:38:37 +0100] "GET /james-towel-p-39101.html HTTP/1.0" 200 84229 "-" "Mozilla/5.0 (compatible; BLEXBot/1.0; +http://webmeup-crawler.com/)"
216.244.66.242 - - [22/Mar/2024:01:38:41 +0100] "GET /socks-c-2_142.html HTTP/1.0" 301 547 "-" "Mozilla/5.0 (compatible; DotBot/1.2; +https://opensiteexplorer.org/dotbot; help@moz.com)"
216.244.66.242 - - [22/Mar/2024:01:38:46 +0100] "GET /watches-c-3_66.html HTTP/1.0" 301 549 "-" "Mozilla/5.0 (compatible; DotBot/1.2; +https://opensiteexplorer.org/dotbot; help@moz.com)"
157.90.209.79 - - [22/Mar/2024:01:39:09 +0100] "GET /james-towel-p-39104.html HTTP/1.0" 200 84250 "-" "Mozilla/5.0 (compatible; BLEXBot/1.0; +http://webmeup-crawler.com/)"
216.244.66.242 - - [22/Mar/2024:01:39:13 +0100] "GET /creative-hobbies-and-coloring-c-129_30.html HTTP/1.0" 301 597 "-" "Mozilla/5.0 (compatible; DotBot/1.2; +https://opensiteexplorer.org/dotbot; help@moz.com)"
157.90.209.79 - - [22/Mar/2024:01:39:14 +0100] "GET /jane-avril-toulouse-lautrec-melinite-statue-collection-p-48784.html HTTP/1.0" 200 85423 "-" "Mozilla/5.0 (compatible; BLEXBot/1.0; +http://webmeup-crawler.com/)"
216.244.66.242 - - [22/Mar/2024:01:39:17 +0100] "GET /wall-sticker-c-13_187.html HTTP/1.0" 301 563 "-" "Mozilla/5.0 (compatible; DotBot/1.2; +https://opensiteexplorer.org/dotbot; help@moz.com)"
157.55.39.55 - - [22/Mar/2024:01:39:16 +0100] "GET /clocks-c-13_67.html?page=9 HTTP/1.0" 200 104180 "-" "Mozilla/5.0 AppleWebKit/537.36 (KHTML, like Gecko; compatible; bingbot/2.0; +http://www.bing.com/bingbot.htm) Chrome/116.0.1938.76 Safari/537.36"
157.90.209.79 - - [22/Mar/2024:01:39:50 +0100] "GET /japan-alarm-clock-cbkreation-p-24998.html HTTP/1.0" 200 84352 "-" "Mozilla/5.0 (compatible; BLEXBot/1.0; +http://webmeup-crawler.com/)"
157.90.209.79 - - [22/Mar/2024:01:39:55 +0100] "GET /japandi-white-eyelet-curtain-p-59774.html HTTP/1.0" 200 85308 "-" "Mozilla/5.0 (compatible; BLEXBot/1.0; +http://webmeup-crawler.com/)"
54.36.149.38 - - [22/Mar/2024:01:39:58 +0100] "GET /large-candle-guardian-angel-p-57839.html HTTP/1.0" 200 85593 "-" "Mozilla/5.0 (compatible; AhrefsBot/7.0; +http://ahrefs.com/robot/)"
157.90.209.79 - - [22/Mar/2024:01:40:00 +0100] "GET /japanese-style-cast-iron-teapot-liter-p-59973.html HTTP/1.0" 200 84823 "-" "Mozilla/5.0 (compatible; BLEXBot/1.0; +http://webmeup-crawler.com/)"
157.90.209.79 - - [22/Mar/2024:01:40:33 +0100] "GET /japanese-style-cast-iron-teapot-liter-p-59978.html HTTP/1.0" 200 85714 "-" "Mozilla/5.0 (compatible; BLEXBot/1.0; +http://webmeup-crawler.com/)"
157.90.209.79 - - [22/Mar/2024:01:40:38 +0100] "GET /japanese-style-cast-iron-teapot-liter-p-59979.html HTTP/1.0" 200 84837 "-" "Mozilla/5.0 (compatible; BLEXBot/1.0; +http://webmeup-crawler.com/)"
157.90.209.79 - - [22/Mar/2024:01:40:47 +0100] "GET /japanese-style-cast-iron-teapot-liter-p-59980.html HTTP/1.0" 200 85703 "-" "Mozilla/5.0 (compatible; BLEXBot/1.0; +http://webmeup-crawler.com/)"
54.36.148.235 - - [22/Mar/2024:01:41:12 +0100] "GET /keel-toys-plush-heart-bear-p-54158.html HTTP/1.0" 200 84403 "-" "Mozilla/5.0 (compatible; AhrefsBot/7.0; +http://ahrefs.com/robot/)"
54.36.148.48 - - [22/Mar/2024:01:41:14 +0100] "GET /images/big_prod/5027148021532.jpg HTTP/1.0" 200 268 "-" "Mozilla/5.0 (compatible; AhrefsBot/7.0; +http://ahrefs.com/robot/)"
157.90.209.79 - - [22/Mar/2024:01:41:24 +0100] "GET /japanese-style-cast-iron-teapot-liter-p-59981.html HTTP/1.0" 200 85934 "-" "Mozilla/5.0 (compatible; BLEXBot/1.0; +http://webmeup-crawler.com/)"
52.167.144.17 - - [22/Mar/2024:01:41:49 +0100] "GET /justitia-themis-statue-30-cm-p-47906.html HTTP/1.0" 301 85102 "-" "Mozilla/5.0 AppleWebKit/537.36 (KHTML, like Gecko; compatible; bingbot/2.0; +http://www.bing.com/bingbot.htm) Chrome/116.0.1938.76 Safari/537.36"
157.55.39.55 - - [22/Mar/2024:01:41:57 +0100] "GET /totally-spies-swimsuit-p-30420.html HTTP/1.0" 200 85399 "-" "Mozilla/5.0 AppleWebKit/537.36 (KHTML, like Gecko; compatible; bingbot/2.0; +http://www.bing.com/bingbot.htm) Chrome/116.0.1938.76 Safari/537.36"
157.90.209.79 - - [22/Mar/2024:01:42:02 +0100] "GET /japanese-style-cast-iron-teapot-liter-p-59982.html HTTP/1.0" 200 85934 "-" "Mozilla/5.0 (compatible; BLEXBot/1.0; +http://webmeup-crawler.com/)"
157.90.209.79 - - [22/Mar/2024:01:42:12 +0100] "GET /japanese-style-cast-iron-teapot-liter-p-59983.html HTTP/1.0" 200 85934 "-" "Mozilla/5.0 (compatible; BLEXBot/1.0; +http://webmeup-crawler.com/)"
54.36.148.17 - - [22/Mar/2024:01:42:44 +0100] "GET /christmas-sock-hang-famille-formidable-p-59572.html HTTP/1.0" 200 85066 "-" "Mozilla/5.0 (compatible; AhrefsBot/7.0; +http://ahrefs.com/robot/)"
157.90.209.79 - - [22/Mar/2024:01:42:47 +0100] "GET /japanese-style-cast-iron-teapot-liter-p-59984.html HTTP/1.0" 200 85934 "-" "Mozilla/5.0 (compatible; BLEXBot/1.0; +http://webmeup-crawler.com/)"
157.90.209.79 - - [22/Mar/2024:01:42:51 +0100] "GET /japanese-style-cast-iron-teapot-liter-p-59985.html HTTP/1.0" 200 85934 "-" "Mozilla/5.0 (compatible; BLEXBot/1.0; +http://webmeup-crawler.com/)"
157.90.209.79 - - [22/Mar/2024:01:42:55 +0100] "GET /jar-for-jam-p-56573.html HTTP/1.0" 200 84143 "-" "Mozilla/5.0 (compatible; BLEXBot/1.0; +http://webmeup-crawler.com/)"
66.249.66.205 - - [22/Mar/2024:01:43:00 +0100] "GET /figurine-caricature-in-polyresine-145-cm-the-fitter-p-45225.html HTTP/1.0" 301 82167 "-" "Mozilla/5.0 (compatible; Googlebot/2.1; +http://www.google.com/bot.html)"
66.249.66.205 - - [22/Mar/2024:01:43:02 +0100] "GET /figurine-caricature-polyrsine-fitter-p-45225.html HTTP/1.0" 200 82064 "-" "Mozilla/5.0 (compatible; Googlebot/2.1; +http://www.google.com/bot.html)"
118.217.7.46 - - [22/Mar/2024:01:43:09 +0100] "GET /images/mini_prod/Image91.jpg HTTP/1.0" 200 263 "-" "Mozilla/5.0 (X11; Ubuntu; Linux x86_64; rv:72.0) Gecko/20100101 Firefox/72.0"
157.90.209.79 - - [22/Mar/2024:01:43:32 +0100] "GET /jarvis-carpet-p-60079.html HTTP/1.0" 200 85153 "-" "Mozilla/5.0 (compatible; BLEXBot/1.0; +http://webmeup-crawler.com/)"
157.90.209.79 - - [22/Mar/2024:01:43:37 +0100] "GET /jasmin-companion-portfolio-amrica-white-p-38696.html HTTP/1.0" 200 85635 "-" "Mozilla/5.0 (compatible; BLEXBot/1.0; +http://webmeup-crawler.com/)"
157.90.209.79 - - [22/Mar/2024:01:43:41 +0100] "GET /jasmin-companion-portfolio-denim-p-37995.html HTTP/1.0" 200 85854 "-" "Mozilla/5.0 (compatible; BLEXBot/1.0; +http://webmeup-crawler.com/)"
54.36.148.213 - - [22/Mar/2024:01:43:49 +0100] "GET /wall-mirrors-brown-wood-with-silver-patina-p-60498.html HTTP/1.0" 200 86484 "-" "Mozilla/5.0 (compatible; AhrefsBot/7.0; +http://ahrefs.com/robot/)"
216.244.66.242 - - [22/Mar/2024:01:44:00 +0100] "GET /bmw-ceramic-mug-p-52942.html HTTP/1.0" 301 82002 "-" "Mozilla/5.0 (compatible; DotBot/1.2; +https://opensiteexplorer.org/dotbot; help@moz.com)"
17.241.219.171 - - [22/Mar/2024:01:44:02 +0100] "GET /images/100_4007.jpg HTTP/1.0" 200 254 "-" "Mozilla/5.0 (Macintosh; Intel Mac OS X 10_15_5) AppleWebKit/605.1.15 (KHTML, like Gecko) Version/13.1.1 Safari/605.1.15 (Applebot/0.1; +http://www.apple.com/go/applebot)"
216.244.66.242 - - [22/Mar/2024:01:44:06 +0100] "GET /cats-mug-p-48609.html HTTP/1.0" 301 84191 "-" "Mozilla/5.0 (compatible; DotBot/1.2; +https://opensiteexplorer.org/dotbot; help@moz.com)"
157.90.209.79 - - [22/Mar/2024:01:44:13 +0100] "GET /jasmin-jasmine-companion-portfolio-maiko-p-44222.html HTTP/1.0" 200 85501 "-" "Mozilla/5.0 (compatible; BLEXBot/1.0; +http://webmeup-crawler.com/)"
157.90.209.79 - - [22/Mar/2024:01:44:23 +0100] "GET /jasmin-jasmine-companion-portfolio-morioka-p-44224.html HTTP/1.0" 200 85519 "-" "Mozilla/5.0 (compatible; BLEXBot/1.0; +http://webmeup-crawler.com/)"
216.244.66.242 - - [22/Mar/2024:01:44:39 +0100] "GET /cats-in-love-grey-adult-apron-p-35150.html HTTP/1.0" 301 84405 "-" "Mozilla/5.0 (compatible; DotBot/1.2; +https://opensiteexplorer.org/dotbot; help@moz.com)"
157.90.209.79 - - [22/Mar/2024:01:44:49 +0100] "GET /jasmin-jasmine-companion-portfolio-tiffany-beige-p-38700.html HTTP/1.0" 200 85340 "-" "Mozilla/5.0 (compatible; BLEXBot/1.0; +http://webmeup-crawler.com/)"
216.244.66.242 - - [22/Mar/2024:01:44:52 +0100] "GET /cuba-metal-tray-34-cm-p-39513.html HTTP/1.0" 301 82038 "-" "Mozilla/5.0 (compatible; DotBot/1.2; +https://opensiteexplorer.org/dotbot; help@moz.com)"
157.90.209.79 - - [22/Mar/2024:01:44:54 +0100] "GET /jasmin-kawai-blue-scarf-p-35978.html HTTP/1.0" 200 84280 "-" "Mozilla/5.0 (compatible; BLEXBot/1.0; +http://webmeup-crawler.com/)"
51.68.224.127 - - [22/Mar/2024:01:44:56 +0100] "GET /adminweb/export_orders_xml.php?token=256de2z6edz6ed2z6DFSFsed2zed6zeDSFDSGdzedezfzf&maxorders=10&orderstart=1&status=14&start_date=2018-10-01 HTTP/1.0" 200 285 "-" "GesCom CharlotteBoutik Serveur"
51.68.224.127 - - [22/Mar/2024:01:44:56 +0100] "GET /adminweb/export_orders_xml.php?token=256de2z6edz6ed2z6DFSFsed2zed6zeDSFDSGdzedezfzf&maxorders=10&orderstart=1&status=6&start_date=2018-10-01 HTTP/1.0" 200 34517 "-" "GesCom CharlotteBoutik Serveur"
157.90.209.79 - - [22/Mar/2024:01:44:58 +0100] "GET /jasmin-kitten-scarf-p-35977.html HTTP/1.0" 200 84256 "-" "Mozilla/5.0 (compatible; BLEXBot/1.0; +http://webmeup-crawler.com/)"
216.244.66.242 - - [22/Mar/2024:01:45:02 +0100] "GET /henry-james-quote-wall-stickers-50-70-cm-p-42965.html HTTP/1.0" 301 81961 "-" "Mozilla/5.0 (compatible; DotBot/1.2; +https://opensiteexplorer.org/dotbot; help@moz.com)"
216.244.66.242 - - [22/Mar/2024:01:45:13 +0100] "GET /schoolbag-caramel-and-cie-glitter-p-48782.html HTTP/1.0" 301 81961 "-" "Mozilla/5.0 (compatible; DotBot/1.2; +https://opensiteexplorer.org/dotbot; help@moz.com)"
157.90.209.79 - - [22/Mar/2024:01:45:16 +0100] "GET /jasmin-melamine-dish-cake-p-37906.html HTTP/1.0" 200 84286 "-" "Mozilla/5.0 (compatible; BLEXBot/1.0; +http://webmeup-crawler.com/)"
157.90.209.79 - - [22/Mar/2024:01:45:19 +0100] "GET /jasmin-racing-scarf-p-35979.html HTTP/1.0" 200 84250 "-" "Mozilla/5.0 (compatible; BLEXBot/1.0; +http://webmeup-crawler.com/)"
216.244.66.242 - - [22/Mar/2024:01:45:21 +0100] "GET /scotty-dogs-salt-and-pepper-p-29271.html HTTP/1.0" 301 82074 "-" "Mozilla/5.0 (compatible; DotBot/1.2; +https://opensiteexplorer.org/dotbot; help@moz.com)"
54.36.149.33 - - [22/Mar/2024:01:45:23 +0100] "GET /decorative-wooden-plate-mieux-face-p-60228.html HTTP/1.0" 200 85593 "-" "Mozilla/5.0 (compatible; AhrefsBot/7.0; +http://ahrefs.com/robot/)"
172.203.162.194 - - [22/Mar/2024:01:45:28 +0100] "GET /images/mini_prod/3453131129985.jpg HTTP/1.0" 200 269 "-" "Mozilla/5.0 (Windows NT 10.0; Win64; x64) AppleWebKit/537.36 (KHTML, like Gecko) Chrome/103.0.0.0 Safari/537.36"
216.244.66.242 - - [22/Mar/2024:01:45:30 +0100] "GET /set-of-christmas-balls-paris-p-52589.html HTTP/1.0" 301 82074 "-" "Mozilla/5.0 (compatible; DotBot/1.2; +https://opensiteexplorer.org/dotbot; help@moz.com)"
20.232.171.109 - - [22/Mar/2024:01:45:36 +0100] "GET /images/mini_prod/8433933112496.jpg HTTP/1.0" 200 269 "-" "Mozilla/5.0 (Windows NT 10.0; Win64; x64) AppleWebKit/537.36 (KHTML, like Gecko) Chrome/103.0.0.0 Safari/537.36"
216.244.66.242 - - [22/Mar/2024:01:45:41 +0100] "GET /bag-of-300-grams-of-chewing-gum-machine-compatible-p-39031.html HTTP/1.0" 301 82147 "-" "Mozilla/5.0 (compatible; DotBot/1.2; +https://opensiteexplorer.org/dotbot; help@moz.com)"
207.46.13.151 - - [22/Mar/2024:01:45:47 +0100] "GET /large-bowl-p-53015.html HTTP/1.0" 200 84116 "-" "Mozilla/5.0 AppleWebKit/537.36 (KHTML, like Gecko; compatible; bingbot/2.0; +http://www.bing.com/bingbot.htm) Chrome/116.0.1938.76 Safari/537.36"
216.244.66.242 - - [22/Mar/2024:01:45:51 +0100] "GET /barbecue-set-apron-torchon-and-manique-adult-p-48108.html HTTP/1.0" 301 85165 "-" "Mozilla/5.0 (compatible; DotBot/1.2; +https://opensiteexplorer.org/dotbot; help@moz.com)"
157.90.209.79 - - [22/Mar/2024:01:45:52 +0100] "GET /jasmin-saucer-p-37959.html HTTP/1.0" 200 84266 "-" "Mozilla/5.0 (compatible; BLEXBot/1.0; +http://webmeup-crawler.com/)"
157.90.209.79 - - [22/Mar/2024:01:45:56 +0100] "GET /jasmin-scarf-p-32502.html HTTP/1.0" 200 84204 "-" "Mozilla/5.0 (compatible; BLEXBot/1.0; +http://webmeup-crawler.com/)"
157.90.209.79 - - [22/Mar/2024:01:46:00 +0100] "GET /jasmin-small-p-32291.html HTTP/1.0" 200 84331 "-" "Mozilla/5.0 (compatible; BLEXBot/1.0; +http://webmeup-crawler.com/)"
216.244.66.242 - - [22/Mar/2024:01:46:03 +0100] "GET /glitter-adhesive-roll-45-150-cm-iced-brown-p-47293.html HTTP/1.0" 301 85330 "-" "Mozilla/5.0 (compatible; DotBot/1.2; +https://opensiteexplorer.org/dotbot; help@moz.com)"
157.90.209.79 - - [22/Mar/2024:01:46:07 +0100] "GET /jeans-jack-wallet-purse-p-41312.html HTTP/1.0" 200 85089 "-" "Mozilla/5.0 (compatible; BLEXBot/1.0; +http://webmeup-crawler.com/)"
157.90.209.79 - - [22/Mar/2024:01:46:12 +0100] "GET /jerry-toddler-flatware-p-14878.html HTTP/1.0" 200 84733 "-" "Mozilla/5.0 (compatible; BLEXBot/1.0; +http://webmeup-crawler.com/)"
157.90.209.79 - - [22/Mar/2024:01:46:15 +0100] "GET /jeux-vido-ruin-black-shirt-p-30072.html HTTP/1.0" 200 85607 "-" "Mozilla/5.0 (compatible; BLEXBot/1.0; +http://webmeup-crawler.com/)"
157.90.209.79 - - [22/Mar/2024:01:46:28 +0100] "GET /jewel-p-48485.html HTTP/1.0" 200 84900 "-" "Mozilla/5.0 (compatible; BLEXBot/1.0; +http://webmeup-crawler.com/)"
207.46.13.151 - - [22/Mar/2024:01:46:28 +0100] "GET /barbabeau-postcard-p-19475.html HTTP/1.0" 200 84967 "-" "Mozilla/5.0 AppleWebKit/537.36 (KHTML, like Gecko; compatible; bingbot/2.0; +http://www.bing.com/bingbot.htm) Chrome/116.0.1938.76 Safari/537.36"
157.90.209.79 - - [22/Mar/2024:01:46:32 +0100] "GET /jewel-seed-life-p-48486.html HTTP/1.0" 200 85007 "-" "Mozilla/5.0 (compatible; BLEXBot/1.0; +http://webmeup-crawler.com/)"
40.77.167.32 - - [22/Mar/2024:01:46:34 +0100] "GET /images/big_prod/1384010184417.jpg HTTP/1.0" 200 268 "-" "Mozilla/5.0 AppleWebKit/537.36 (KHTML, like Gecko; compatible; bingbot/2.0; +http://www.bing.com/bingbot.htm) Chrome/116.0.1938.76 Safari/537.36"
54.36.149.95 - - [22/Mar/2024:01:46:32 +0100] "GET /frames-flags-decorative-paintings-c-13_148.html?page=4 HTTP/1.0" 200 105020 "-" "Mozilla/5.0 (compatible; AhrefsBot/7.0; +http://ahrefs.com/robot/)"
54.36.149.28 - - [22/Mar/2024:01:46:36 +0100] "GET /images/mini_prod/1300000022132.jpg HTTP/1.0" 200 269 "-" "Mozilla/5.0 (compatible; AhrefsBot/7.0; +http://ahrefs.com/robot/)"
54.36.149.32 - - [22/Mar/2024:01:46:37 +0100] "GET /images/mini_prod/1300000022101.jpg HTTP/1.0" 200 269 "-" "Mozilla/5.0 (compatible; AhrefsBot/7.0; +http://ahrefs.com/robot/)"
54.36.148.132 - - [22/Mar/2024:01:46:37 +0100] "GET /images/mini_prod/1300000022125.jpg HTTP/1.0" 200 269 "-" "Mozilla/5.0 (compatible; AhrefsBot/7.0; +http://ahrefs.com/robot/)"
157.90.209.79 - - [22/Mar/2024:01:46:36 +0100] "GET /jewel-tree-life-p-48484.html HTTP/1.0" 200 84980 "-" "Mozilla/5.0 (compatible; BLEXBot/1.0; +http://webmeup-crawler.com/)"
40.77.167.68 - - [22/Mar/2024:01:46:40 +0100] "GET /games-and-toys/soft-toys-security-blanket/nici-crocodile-plush-p-22347.html HTTP/1.0" 301 81961 "-" "Mozilla/5.0 AppleWebKit/537.36 (KHTML, like Gecko; compatible; bingbot/2.0; +http://www.bing.com/bingbot.htm) Chrome/116.0.1938.76 Safari/537.36"
85.208.96.196 - - [22/Mar/2024:01:46:51 +0100] "GET /robots.txt HTTP/1.0" 200 245 "-" "Mozilla/5.0 (compatible; SemrushBot/7~bl; +http://www.semrush.com/bot.html)"
85.208.96.207 - - [22/Mar/2024:01:46:51 +0100] "GET /cement-glasses-flower-p-56909.html HTTP/1.0" 200 81976 "-" "Mozilla/5.0 (compatible; SemrushBot/7~bl; +http://www.semrush.com/bot.html)"
157.90.209.79 - - [22/Mar/2024:01:46:54 +0100] "GET /johnny-hallyday-mouse-p-10931.html HTTP/1.0" 200 84859 "-" "Mozilla/5.0 (compatible; BLEXBot/1.0; +http://webmeup-crawler.com/)"
157.90.209.79 - - [22/Mar/2024:01:47:27 +0100] "GET /johnny-hallyday-mouse-p-10932.html HTTP/1.0" 200 84858 "-" "Mozilla/5.0 (compatible; BLEXBot/1.0; +http://webmeup-crawler.com/)"
54.36.148.212 - - [22/Mar/2024:01:47:34 +0100] "GET /decorative-wooden-plate-mieux-face-p-60230.html HTTP/1.0" 200 85595 "-" "Mozilla/5.0 (compatible; AhrefsBot/7.0; +http://ahrefs.com/robot/)"
157.90.209.79 - - [22/Mar/2024:01:47:56 +0100] "GET /johnny-hallyday-mouse-p-6833.html HTTP/1.0" 200 84846 "-" "Mozilla/5.0 (compatible; BLEXBot/1.0; +http://webmeup-crawler.com/)"
157.90.209.79 - - [22/Mar/2024:01:48:00 +0100] "GET /johnny-hallyday-mouse-p-6834.html HTTP/1.0" 200 84846 "-" "Mozilla/5.0 (compatible; BLEXBot/1.0; +http://webmeup-crawler.com/)"
157.90.209.79 - - [22/Mar/2024:01:48:06 +0100] "GET /johnny-hallyday-mouse-p-6835.html HTTP/1.0" 200 84861 "-" "Mozilla/5.0 (compatible; BLEXBot/1.0; +http://webmeup-crawler.com/)"
157.90.209.79 - - [22/Mar/2024:01:48:24 +0100] "GET /johnny-hallyday-mouse-p-6836.html HTTP/1.0" 200 84846 "-" "Mozilla/5.0 (compatible; BLEXBot/1.0; +http://webmeup-crawler.com/)"
157.90.209.79 - - [22/Mar/2024:01:48:32 +0100] "GET /johnny-hallyday-p-19526.html HTTP/1.0" 200 84372 "-" "Mozilla/5.0 (compatible; BLEXBot/1.0; +http://webmeup-crawler.com/)"
54.36.148.178 - - [22/Mar/2024:01:48:45 +0100] "GET /reversible-chair-cushion-taupe-linen-p-60656.html HTTP/1.0" 301 85490 "-" "Mozilla/5.0 (compatible; AhrefsBot/7.0; +http://ahrefs.com/robot/)"
125.19.181.210 - - [22/Mar/2024:01:48:49 +0100] "GET /images/mini_prod/060207_230354_PEEL_eb7VzU.jpg HTTP/1.0" 200 281 "-" "Mozilla/5.0 (X11; Ubuntu; Linux x86_64; rv:72.0) Gecko/20100101 Firefox/72.0"
157.90.209.79 - - [22/Mar/2024:01:48:54 +0100] "GET /johnny-hallyday-p-61486.html HTTP/1.0" 200 84390 "-" "Mozilla/5.0 (compatible; BLEXBot/1.0; +http://webmeup-crawler.com/)"
157.90.209.79 - - [22/Mar/2024:01:48:58 +0100] "GET /johnny-hallyday-stool-p-61095.html HTTP/1.0" 200 85144 "-" "Mozilla/5.0 (compatible; BLEXBot/1.0; +http://webmeup-crawler.com/)"
157.90.209.79 - - [22/Mar/2024:01:49:14 +0100] "GET /jolie-provence-metal-tray-p-47717.html HTTP/1.0" 200 84379 "-" "Mozilla/5.0 (compatible; BLEXBot/1.0; +http://webmeup-crawler.com/)"
157.90.209.79 - - [22/Mar/2024:01:49:24 +0100] "GET /josephine-roses-cotton-table-runner-p-60923.html HTTP/1.0" 200 85073 "-" "Mozilla/5.0 (compatible; BLEXBot/1.0; +http://webmeup-crawler.com/)"
157.90.209.79 - - [22/Mar/2024:01:49:28 +0100] "GET /jungle-bamboo-chandelier-p-61449.html HTTP/1.0" 200 85021 "-" "Mozilla/5.0 (compatible; BLEXBot/1.0; +http://webmeup-crawler.com/)"
54.36.148.112 - - [22/Mar/2024:01:49:52 +0100] "GET /dishes-c-12.html?page=91 HTTP/1.0" 200 103922 "-" "Mozilla/5.0 (compatible; AhrefsBot/7.0; +http://ahrefs.com/robot/)"
54.36.148.120 - - [22/Mar/2024:01:49:55 +0100] "GET /images/mini_prod/8712159187731.jpg HTTP/1.0" 200 269 "-" "Mozilla/5.0 (compatible; AhrefsBot/7.0; +http://ahrefs.com/robot/)"
157.90.209.79 - - [22/Mar/2024:01:49:58 +0100] "GET /jungle-p-51730.html HTTP/1.0" 200 84914 "-" "Mozilla/5.0 (compatible; BLEXBot/1.0; +http://webmeup-crawler.com/)"
216.244.66.242 - - [22/Mar/2024:01:50:09 +0100] "GET /cheshire-notepad-romero-britto-p-17860.html HTTP/1.0" 200 82018 "-" "Mozilla/5.0 (compatible; DotBot/1.2; +https://opensiteexplorer.org/dotbot; help@moz.com)"
157.90.209.79 - - [22/Mar/2024:01:50:13 +0100] "GET /jungle-p-51731.html HTTP/1.0" 200 84913 "-" "Mozilla/5.0 (compatible; BLEXBot/1.0; +http://webmeup-crawler.com/)"
216.244.66.242 - - [22/Mar/2024:01:50:19 +0100] "GET /gorjuss-cards-supplied-with-envelope-p-48377.html HTTP/1.0" 200 84579 "-" "Mozilla/5.0 (compatible; DotBot/1.2; +https://opensiteexplorer.org/dotbot; help@moz.com)"
157.90.209.79 - - [22/Mar/2024:01:50:25 +0100] "GET /kawaii-money-p-61306.html HTTP/1.0" 200 84916 "-" "Mozilla/5.0 (compatible; BLEXBot/1.0; +http://webmeup-crawler.com/)"
216.244.66.242 - - [22/Mar/2024:01:50:27 +0100] "GET /hritage-authentique-cotton-adult-apron-p-45254.html HTTP/1.0" 200 84299 "-" "Mozilla/5.0 (compatible; DotBot/1.2; +https://opensiteexplorer.org/dotbot; help@moz.com)"
157.90.209.79 - - [22/Mar/2024:01:50:28 +0100] "GET /keith-haring-tote-p-29252.html HTTP/1.0" 200 84297 "-" "Mozilla/5.0 (compatible; BLEXBot/1.0; +http://webmeup-crawler.com/)"
216.244.66.242 - - [22/Mar/2024:01:50:34 +0100] "GET /isothermic-stainless-steel-bottle-aries-cbkreation-p-60707.html HTTP/1.0" 200 85198 "-" "Mozilla/5.0 (compatible; DotBot/1.2; +https://opensiteexplorer.org/dotbot; help@moz.com)"
157.90.209.79 - - [22/Mar/2024:01:50:38 +0100] "GET /keith-haring-tote-p-39089.html HTTP/1.0" 200 84315 "-" "Mozilla/5.0 (compatible; BLEXBot/1.0; +http://webmeup-crawler.com/)"
54.36.148.107 - - [22/Mar/2024:01:50:59 +0100] "GET /handy-manny-pairs-socks-size-p-25206.html HTTP/1.0" 200 84499 "-" "Mozilla/5.0 (compatible; AhrefsBot/7.0; +http://ahrefs.com/robot/)"
157.90.209.79 - - [22/Mar/2024:01:51:05 +0100] "GET /keyboard-shaped-house-p-47687.html HTTP/1.0" 200 84454 "-" "Mozilla/5.0 (compatible; BLEXBot/1.0; +http://webmeup-crawler.com/)"
157.90.209.79 - - [22/Mar/2024:01:51:08 +0100] "GET /keyrings-c-31_52.html?page=10 HTTP/1.0" 200 105492 "-" "Mozilla/5.0 (compatible; BLEXBot/1.0; +http://webmeup-crawler.com/)"
66.249.66.207 - - [22/Mar/2024:01:51:11 +0100] "GET /cotton-floor-cushion-pauline-p-60539.html HTTP/1.0" 200 85467 "-" "Mozilla/5.0 (Linux; Android 6.0.1; Nexus 5X Build/MMB29P) AppleWebKit/537.36 (KHTML, like Gecko) Chrome/122.0.6261.94 Mobile Safari/537.36 (compatible; Googlebot/2.1; +http://www.google.com/bot.html)"
157.90.209.79 - - [22/Mar/2024:01:51:14 +0100] "GET /keyrings-c-31_52.html?page=11 HTTP/1.0" 200 92328 "-" "Mozilla/5.0 (compatible; BLEXBot/1.0; +http://webmeup-crawler.com/)"
66.249.66.206 - - [22/Mar/2024:01:51:18 +0100] "GET /lonidas-statue-p-40908.html HTTP/1.0" 200 81954 "-" "Mozilla/5.0 (Linux; Android 6.0.1; Nexus 5X Build/MMB29P) AppleWebKit/537.36 (KHTML, like Gecko) Chrome/122.0.6261.94 Mobile Safari/537.36 (compatible; Googlebot/2.1; +http://www.google.com/bot.html)"
216.244.66.242 - - [22/Mar/2024:01:51:43 +0100] "GET /luggages-schoolbags-leather-shop/bagshandbags-shoulder-bags-c-31_81.html HTTP/1.0" 301 106740 "-" "Mozilla/5.0 (compatible; DotBot/1.2; +https://opensiteexplorer.org/dotbot; help@moz.com)"
157.90.209.79 - - [22/Mar/2024:01:51:44 +0100] "GET /keyrings-c-31_52.html?page=2 HTTP/1.0" 200 104933 "-" "Mozilla/5.0 (compatible; BLEXBot/1.0; +http://webmeup-crawler.com/)"
157.90.209.79 - - [22/Mar/2024:01:51:51 +0100] "GET /keyrings-c-31_52.html?page=3 HTTP/1.0" 200 105651 "-" "Mozilla/5.0 (compatible; BLEXBot/1.0; +http://webmeup-crawler.com/)"
114.119.135.63 - - [22/Mar/2024:01:52:01 +0100] "GET /mini-figurine-britto-sugar-cat-cm-p-44392.html HTTP/1.0" 301 82099 "http://www.wonder-geek.com/home-and-decoration-c-13.html?page=180" "Mozilla/5.0 (Linux; Android 7.0;) AppleWebKit/537.36 (KHTML, like Gecko) Mobile Safari/537.36 (compatible; PetalBot;+https://webmaster.petalsearch.com/site/petalbot)"
114.119.135.63 - - [22/Mar/2024:01:52:03 +0100] "GET /mini-figurine-britto-sugar-p-44392.html HTTP/1.0" 200 82006 "http://www.wonder-geek.com/home-and-decoration-c-13.html?page=180" "Mozilla/5.0 (Linux; Android 7.0;) AppleWebKit/537.36 (KHTML, like Gecko) Mobile Safari/537.36 (compatible; PetalBot;+https://webmaster.petalsearch.com/site/petalbot)"
35.186.18.100 - - [22/Mar/2024:01:52:10 +0100] "GET /images/mini_prod/3453131147712.jpg HTTP/1.0" 200 269 "-" "Mozilla/5.0 (X11; Ubuntu; Linux x86_64; rv:72.0) Gecko/20100101 Firefox/72.0"
54.36.148.59 - - [22/Mar/2024:01:52:10 +0100] "GET /decorative-wooden-plate-chien-docile-maitresse-indomptable-p-60240.html HTTP/1.0" 200 85655 "-" "Mozilla/5.0 (compatible; AhrefsBot/7.0; +http://ahrefs.com/robot/)"
207.46.13.151 - - [22/Mar/2024:01:52:10 +0100] "GET /decorative-relief-plaque-maison-bonheur-p-61900.html HTTP/1.0" 200 85399 "-" "Mozilla/5.0 AppleWebKit/537.36 (KHTML, like Gecko; compatible; bingbot/2.0; +http://www.bing.com/bingbot.htm) Chrome/116.0.1938.76 Safari/537.36"
54.36.148.129 - - [22/Mar/2024:01:52:13 +0100] "GET /images/big_prod/8445148204200.jpg HTTP/1.0" 200 268 "-" "Mozilla/5.0 (compatible; AhrefsBot/7.0; +http://ahrefs.com/robot/)"
54.36.148.106 - - [22/Mar/2024:01:52:13 +0100] "GET /images/big_prod_1/8445148204200B.jpg HTTP/1.0" 200 271 "-" "Mozilla/5.0 (compatible; AhrefsBot/7.0; +http://ahrefs.com/robot/)"
17.241.219.57 - - [22/Mar/2024:01:52:20 +0100] "GET /images/mini_prod/19059014627555642.jpg HTTP/1.0" 200 273 "-" "Mozilla/5.0 (Macintosh; Intel Mac OS X 10_15_5) AppleWebKit/605.1.15 (KHTML, like Gecko) Version/13.1.1 Safari/605.1.15 (Applebot/0.1; +http://www.apple.com/go/applebot)"
157.90.209.79 - - [22/Mar/2024:01:52:18 +0100] "GET /keyrings-c-31_52.html?page=4 HTTP/1.0" 200 105623 "-" "Mozilla/5.0 (compatible; BLEXBot/1.0; +http://webmeup-crawler.com/)"
157.90.209.79 - - [22/Mar/2024:01:52:22 +0100] "GET /keyrings-c-31_52.html?page=5 HTTP/1.0" 200 105687 "-" "Mozilla/5.0 (compatible; BLEXBot/1.0; +http://webmeup-crawler.com/)"
157.90.209.79 - - [22/Mar/2024:01:52:41 +0100] "GET /keyrings-c-31_52.html?page=6 HTTP/1.0" 200 106047 "-" "Mozilla/5.0 (compatible; BLEXBot/1.0; +http://webmeup-crawler.com/)"
157.90.209.79 - - [22/Mar/2024:01:52:45 +0100] "GET /keyrings-c-31_52.html?page=7 HTTP/1.0" 200 106139 "-" "Mozilla/5.0 (compatible; BLEXBot/1.0; +http://webmeup-crawler.com/)"
157.90.209.79 - - [22/Mar/2024:01:52:59 +0100] "GET /keyrings-c-31_52.html?page=8 HTTP/1.0" 200 105617 "-" "Mozilla/5.0 (compatible; BLEXBot/1.0; +http://webmeup-crawler.com/)"
157.90.209.79 - - [22/Mar/2024:01:53:03 +0100] "GET /keyrings-c-31_52.html?page=9 HTTP/1.0" 200 105725 "-" "Mozilla/5.0 (compatible; BLEXBot/1.0; +http://webmeup-crawler.com/)"
157.90.209.79 - - [22/Mar/2024:01:53:10 +0100] "GET /kidcat-salt-pepper-p-46876.html HTTP/1.0" 200 84847 "-" "Mozilla/5.0 (compatible; BLEXBot/1.0; +http://webmeup-crawler.com/)"
157.90.209.79 - - [22/Mar/2024:01:53:16 +0100] "GET /kimmi-junior-best-friend-necklaces-p-8750.html HTTP/1.0" 200 84380 "-" "Mozilla/5.0 (compatible; BLEXBot/1.0; +http://webmeup-crawler.com/)"
157.90.209.79 - - [22/Mar/2024:01:53:21 +0100] "GET /kimmi-junior-best-friend-necklaces-p-8753.html HTTP/1.0" 200 84369 "-" "Mozilla/5.0 (compatible; BLEXBot/1.0; +http://webmeup-crawler.com/)"
54.36.148.251 - - [22/Mar/2024:01:53:21 +0100] "GET /humorous-thermometer-apro-p-53418.html HTTP/1.0" 200 85237 "-" "Mozilla/5.0 (compatible; AhrefsBot/7.0; +http://ahrefs.com/robot/)"
54.36.148.195 - - [22/Mar/2024:01:53:24 +0100] "GET /images/big_prod_2/8422810075177E.jpg HTTP/1.0" 200 271 "-" "Mozilla/5.0 (compatible; AhrefsBot/7.0; +http://ahrefs.com/robot/)"
54.36.148.52 - - [22/Mar/2024:01:53:24 +0100] "GET /images/big_prod_1/8422810075177D.jpg HTTP/1.0" 200 271 "-" "Mozilla/5.0 (compatible; AhrefsBot/7.0; +http://ahrefs.com/robot/)"
157.90.209.79 - - [22/Mar/2024:01:53:25 +0100] "GET /kimmi-junior-best-friend-necklaces-p-8754.html HTTP/1.0" 200 84369 "-" "Mozilla/5.0 (compatible; BLEXBot/1.0; +http://webmeup-crawler.com/)"
114.119.144.15 - - [22/Mar/2024:01:53:27 +0100] "GET /cars-money-box-p-6908.html HTTP/1.0" 301 81958 "http://www.wonder-geek.com/money-boxes-c-13_83.html?page=11" "Mozilla/5.0 (Linux; Android 7.0;) AppleWebKit/537.36 (KHTML, like Gecko) Mobile Safari/537.36 (compatible; PetalBot;+https://webmaster.petalsearch.com/site/petalbot)"
114.119.144.15 - - [22/Mar/2024:01:53:29 +0100] "GET /-p-6908.html HTTP/1.0" 200 81892 "http://www.wonder-geek.com/money-boxes-c-13_83.html?page=11" "Mozilla/5.0 (Linux; Android 7.0;) AppleWebKit/537.36 (KHTML, like Gecko) Mobile Safari/537.36 (compatible; PetalBot;+https://webmaster.petalsearch.com/site/petalbot)"
40.77.167.10 - - [22/Mar/2024:01:53:39 +0100] "GET /soft-toys-security-blanket-c-4_46.html?page=5 HTTP/1.0" 301 103420 "-" "Mozilla/5.0 AppleWebKit/537.36 (KHTML, like Gecko; compatible; bingbot/2.0; +http://www.bing.com/bingbot.htm) Chrome/116.0.1938.76 Safari/537.36"
157.90.209.79 - - [22/Mar/2024:01:53:41 +0100] "GET /kimmi-junior-best-friend-necklaces-p-8755.html HTTP/1.0" 200 84369 "-" "Mozilla/5.0 (compatible; BLEXBot/1.0; +http://webmeup-crawler.com/)"
157.90.209.79 - - [22/Mar/2024:01:53:45 +0100] "GET /kimmi-junior-best-friend-necklaces-p-8756.html HTTP/1.0" 200 84369 "-" "Mozilla/5.0 (compatible; BLEXBot/1.0; +http://webmeup-crawler.com/)"
108.165.144.166 - - [22/Mar/2024:01:54:02 +0100] "GET /images/mini_prod/1399103640152.jpg HTTP/1.0" 200 269 "-" "Mozilla/5.0 (X11; Ubuntu; Linux x86_64; rv:72.0) Gecko/20100101 Firefox/72.0"
157.55.39.54 - - [22/Mar/2024:01:54:01 +0100] "GET /adult-cotton-apron-stone-collection-p-40207.html HTTP/1.0" 200 84329 "-" "Mozilla/5.0 AppleWebKit/537.36 (KHTML, like Gecko; compatible; bingbot/2.0; +http://www.bing.com/bingbot.htm) Chrome/116.0.1938.76 Safari/537.36"
157.90.209.79 - - [22/Mar/2024:01:54:06 +0100] "GET /kimmi-junior-meika-pocket-mirror-p-15846.html HTTP/1.0" 200 87341 "-" "Mozilla/5.0 (compatible; BLEXBot/1.0; +http://webmeup-crawler.com/)"
157.55.39.54 - - [22/Mar/2024:01:54:08 +0100] "GET /images/big_prod/1384010200889.jpg HTTP/1.0" 200 268 "-" "Mozilla/5.0 AppleWebKit/537.36 (KHTML, like Gecko; compatible; bingbot/2.0; +http://www.bing.com/bingbot.htm) Chrome/116.0.1938.76 Safari/537.36"
54.36.149.98 - - [22/Mar/2024:01:54:28 +0100] "GET /little-prince-cups-p-60836.html HTTP/1.0" 200 85469 "-" "Mozilla/5.0 (compatible; AhrefsBot/7.0; +http://ahrefs.com/robot/)"
157.90.209.79 - - [22/Mar/2024:01:54:29 +0100] "GET /kimmi-junior-polar-plaid-p-13087.html HTTP/1.0" 200 84419 "-" "Mozilla/5.0 (compatible; BLEXBot/1.0; +http://webmeup-crawler.com/)"
40.77.167.32 - - [22/Mar/2024:01:54:37 +0100] "GET /marvel-spiderman-suitcase-p-28823.html HTTP/1.0" 301 81961 "-" "Mozilla/5.0 AppleWebKit/537.36 (KHTML, like Gecko; compatible; bingbot/2.0; +http://www.bing.com/bingbot.htm) Chrome/116.0.1938.76 Safari/537.36"
114.119.144.15 - - [22/Mar/2024:01:54:49 +0100] "GET /gogh-nuit-toile-purse-made-france-p-47749.html HTTP/1.0" 200 85211 "http://www.wonder-geek.com/purse-wallet-c-31_76.html?page=5" "Mozilla/5.0 (Linux; Android 7.0;) AppleWebKit/537.36 (KHTML, like Gecko) Mobile Safari/537.36 (compatible; PetalBot;+https://webmaster.petalsearch.com/site/petalbot)"
157.90.209.79 - - [22/Mar/2024:01:55:03 +0100] "GET /kimmidoll-airi-nail-files-p-31933.html HTTP/1.0" 200 84341 "-" "Mozilla/5.0 (compatible; BLEXBot/1.0; +http://webmeup-crawler.com/)"
40.77.167.10 - - [22/Mar/2024:01:55:29 +0100] "GET /minnie-mouse-large-disney-suitcase-p-28812.html HTTP/1.0" 301 81961 "-" "Mozilla/5.0 AppleWebKit/537.36 (KHTML, like Gecko; compatible; bingbot/2.0; +http://www.bing.com/bingbot.htm) Chrome/116.0.1938.76 Safari/537.36"
157.90.209.79 - - [22/Mar/2024:01:55:30 +0100] "GET /kimmidoll-brush-p-44111.html HTTP/1.0" 200 84245 "-" "Mozilla/5.0 (compatible; BLEXBot/1.0; +http://webmeup-crawler.com/)"
54.36.149.23 - - [22/Mar/2024:01:55:39 +0100] "GET /lighting-c-86.html?page=8 HTTP/1.0" 200 103493 "-" "Mozilla/5.0 (compatible; AhrefsBot/7.0; +http://ahrefs.com/robot/)"
54.36.148.150 - - [22/Mar/2024:01:55:46 +0100] "GET /images/mini_prod/8422019680011.jpg HTTP/1.0" 200 269 "-" "Mozilla/5.0 (compatible; AhrefsBot/7.0; +http://ahrefs.com/robot/)"
54.36.148.213 - - [22/Mar/2024:01:55:46 +0100] "GET /images/mini_prod/8424346356553.jpg HTTP/1.0" 200 269 "-" "Mozilla/5.0 (compatible; AhrefsBot/7.0; +http://ahrefs.com/robot/)"
54.36.149.49 - - [22/Mar/2024:01:55:46 +0100] "GET /images/mini_prod/8433933194102.jpg HTTP/1.0" 200 269 "-" "Mozilla/5.0 (compatible; AhrefsBot/7.0; +http://ahrefs.com/robot/)"
71.57.24.123 - - [22/Mar/2024:01:55:47 +0100] "GET /images/mini_prod/3760054863347.jpg HTTP/1.0" 200 269 "-" "Mozilla/5.0 (X11; Ubuntu; Linux x86_64; rv:72.0) Gecko/20100101 Firefox/72.0"
157.90.209.79 - - [22/Mar/2024:01:55:58 +0100] "GET /kimmidoll-brush-p-44814.html HTTP/1.0" 200 84245 "-" "Mozilla/5.0 (compatible; BLEXBot/1.0; +http://webmeup-crawler.com/)"
157.90.209.79 - - [22/Mar/2024:01:56:02 +0100] "GET /kimmidoll-brush-p-44882.html HTTP/1.0" 200 84245 "-" "Mozilla/5.0 (compatible; BLEXBot/1.0; +http://webmeup-crawler.com/)"
157.90.209.79 - - [22/Mar/2024:01:56:06 +0100] "GET /kimmidoll-kazumi-nail-files-p-31934.html HTTP/1.0" 200 84357 "-" "Mozilla/5.0 (compatible; BLEXBot/1.0; +http://webmeup-crawler.com/)"
157.90.209.79 - - [22/Mar/2024:01:56:29 +0100] "GET /kimmidoll-love-bonbon-earrings-p-21704.html HTTP/1.0" 200 84313 "-" "Mozilla/5.0 (compatible; BLEXBot/1.0; +http://webmeup-crawler.com/)"
157.90.209.79 - - [22/Mar/2024:01:56:34 +0100] "GET /kimmidoll-love-miso-cute-earrings-p-21707.html HTTP/1.0" 200 84340 "-" "Mozilla/5.0 (compatible; BLEXBot/1.0; +http://webmeup-crawler.com/)"
157.90.209.79 - - [22/Mar/2024:01:56:37 +0100] "GET /kimmidoll-love-p-21768.html HTTP/1.0" 200 88690 "-" "Mozilla/5.0 (compatible; BLEXBot/1.0; +http://webmeup-crawler.com/)"
54.36.149.104 - - [22/Mar/2024:01:56:45 +0100] "GET /frames-flags-decorative-paintings-c-13_148.html?page=3 HTTP/1.0" 200 104747 "-" "Mozilla/5.0 (compatible; AhrefsBot/7.0; +http://ahrefs.com/robot/)"
