157.90.209.79 - - [21/Mar/2024:23:06:35 +0100] "GET /ceramic-butter-dish-cotty-collection-p-57260.html HTTP/1.0" 200 85087 "-" "Mozilla/5.0 (compatible; BLEXBot/1.0; +http://webmeup-crawler.com/)"
121.13.155.205 - - [21/Mar/2024:23:06:37 +0100] "GET / HTTP/1.0" 200 162891 "-" "Mozilla/5.0 (Windows NT 10.0; Win64; x64) AppleWebKit/537.36 (KHTML, like Gecko) Chrome/104.0.5112.81 Safari/537.36 Edg/104.0.1293.54"
157.90.209.79 - - [21/Mar/2024:23:06:40 +0100] "GET /ceramic-butter-dish-gertrude-collection-p-57262.html HTTP/1.0" 200 84480 "-" "Mozilla/5.0 (compatible; BLEXBot/1.0; +http://webmeup-crawler.com/)"
121.13.155.205 - - [21/Mar/2024:23:06:42 +0100] "GET /href=%22%22 HTTP/1.0" 404 1308 "-" "Mozilla/5.0 (Windows NT 10.0; Win64; x64) AppleWebKit/537.36 (KHTML, like Gecko) Chrome/104.0.5112.81 Safari/537.36 Edg/104.0.1293.54"
121.13.155.205 - - [21/Mar/2024:23:06:43 +0100] "GET /create_account.php HTTP/1.0" 200 33633 "-" "Mozilla/5.0 (Windows NT 10.0; Win64; x64) AppleWebKit/537.36 (KHTML, like Gecko) Chrome/104.0.5112.81 Safari/537.36 Edg/104.0.1293.54"
121.13.155.205 - - [21/Mar/2024:23:06:45 +0100] "GET /checkout_shipping.php HTTP/1.0" 302 468 "-" "Mozilla/5.0 (Windows NT 10.0; Win64; x64) AppleWebKit/537.36 (KHTML, like Gecko) Chrome/104.0.5112.81 Safari/537.36 Edg/104.0.1293.54"
121.13.155.205 - - [21/Mar/2024:23:06:46 +0100] "GET /login.php HTTP/1.0" 200 17155 "-" "Mozilla/5.0 (Windows NT 10.0; Win64; x64) AppleWebKit/537.36 (KHTML, like Gecko) Chrome/104.0.5112.81 Safari/537.36 Edg/104.0.1293.54"
121.13.155.205 - - [21/Mar/2024:23:06:47 +0100] "GET /shopping_cart.php HTTP/1.0" 200 13298 "-" "Mozilla/5.0 (Windows NT 10.0; Win64; x64) AppleWebKit/537.36 (KHTML, like Gecko) Chrome/104.0.5112.81 Safari/537.36 Edg/104.0.1293.54"
121.13.155.205 - - [21/Mar/2024:23:06:49 +0100] "GET /login.php HTTP/1.0" 200 17155 "-" "Mozilla/5.0 (Windows NT 10.0; Win64; x64) AppleWebKit/537.36 (KHTML, like Gecko) Chrome/104.0.5112.81 Safari/537.36 Edg/104.0.1293.54"
157.90.209.79 - - [21/Mar/2024:23:06:49 +0100] "GET /ceramic-butter-dish-p-60451.html HTTP/1.0" 200 84899 "-" "Mozilla/5.0 (compatible; BLEXBot/1.0; +http://webmeup-crawler.com/)"
54.36.149.83 - - [21/Mar/2024:23:06:52 +0100] "GET /money-unicorn-p-56375.html HTTP/1.0" 200 84886 "-" "Mozilla/5.0 (compatible; AhrefsBot/7.0; +http://ahrefs.com/robot/)"
121.13.155.205 - - [21/Mar/2024:23:06:50 +0100] "GET /index.php?language=fr HTTP/1.0" 200 174684 "-" "Mozilla/5.0 (Windows NT 10.0; Win64; x64) AppleWebKit/537.36 (KHTML, like Gecko) Chrome/104.0.5112.81 Safari/537.36 Edg/104.0.1293.54"
157.90.209.79 - - [21/Mar/2024:23:06:55 +0100] "GET /ceramic-butter-dish-sardella-collection-p-57258.html HTTP/1.0" 200 85110 "-" "Mozilla/5.0 (compatible; BLEXBot/1.0; +http://webmeup-crawler.com/)"
121.13.155.205 - - [21/Mar/2024:23:06:59 +0100] "GET /specials.php HTTP/1.0" 200 128301 "-" "Mozilla/5.0 (Windows NT 10.0; Win64; x64) AppleWebKit/537.36 (KHTML, like Gecko) Chrome/104.0.5112.81 Safari/537.36 Edg/104.0.1293.54"
157.90.209.79 - - [21/Mar/2024:23:06:59 +0100] "GET /ceramic-cork-trivet-cement-tiles-p-56015.html HTTP/1.0" 200 84387 "-" "Mozilla/5.0 (compatible; BLEXBot/1.0; +http://webmeup-crawler.com/)"
157.90.209.79 - - [21/Mar/2024:23:07:07 +0100] "GET /ceramic-cork-trivet-mandala-p-53069.html HTTP/1.0" 200 84353 "-" "Mozilla/5.0 (compatible; BLEXBot/1.0; +http://webmeup-crawler.com/)"
121.13.155.205 - - [21/Mar/2024:23:07:06 +0100] "GET /products_new.php HTTP/1.0" 200 106078 "-" "Mozilla/5.0 (Windows NT 10.0; Win64; x64) AppleWebKit/537.36 (KHTML, like Gecko) Chrome/104.0.5112.81 Safari/537.36 Edg/104.0.1293.54"
157.90.209.79 - - [21/Mar/2024:23:07:12 +0100] "GET /ceramic-cork-trivet-mandala-p-53070.html HTTP/1.0" 200 84353 "-" "Mozilla/5.0 (compatible; BLEXBot/1.0; +http://webmeup-crawler.com/)"
121.13.155.205 - - [21/Mar/2024:23:07:12 +0100] "GET /dishes-c-12.html HTTP/1.0" 200 102717 "-" "Mozilla/5.0 (Windows NT 10.0; Win64; x64) AppleWebKit/537.36 (KHTML, like Gecko) Chrome/104.0.5112.81 Safari/537.36 Edg/104.0.1293.54"
121.13.155.205 - - [21/Mar/2024:23:07:17 +0100] "GET /adaptable-decorative-caps-c-12_249.html HTTP/1.0" 200 90501 "-" "Mozilla/5.0 (Windows NT 10.0; Win64; x64) AppleWebKit/537.36 (KHTML, like Gecko) Chrome/104.0.5112.81 Safari/537.36 Edg/104.0.1293.54"
118.217.7.46 - - [21/Mar/2024:23:07:19 +0100] "GET /images/mini_prod/1384010183595.jpg HTTP/1.0" 200 269 "-" "Mozilla/5.0 (X11; Ubuntu; Linux x86_64; rv:72.0) Gecko/20100101 Firefox/72.0"
157.90.209.79 - - [21/Mar/2024:23:07:18 +0100] "GET /ceramic-duck-piggy-bank-p-61677.html HTTP/1.0" 200 85178 "-" "Mozilla/5.0 (compatible; BLEXBot/1.0; +http://webmeup-crawler.com/)"
121.13.155.205 - - [21/Mar/2024:23:07:21 +0100] "GET /barbecue-aperitif-c-12_254.html HTTP/1.0" 200 98696 "-" "Mozilla/5.0 (Windows NT 10.0; Win64; x64) AppleWebKit/537.36 (KHTML, like Gecko) Chrome/104.0.5112.81 Safari/537.36 Edg/104.0.1293.54"
157.90.209.79 - - [21/Mar/2024:23:07:25 +0100] "GET /ceramic-heart-fragrance-burner-p-61532.html HTTP/1.0" 200 84476 "-" "Mozilla/5.0 (compatible; BLEXBot/1.0; +http://webmeup-crawler.com/)"
121.13.155.205 - - [21/Mar/2024:23:07:26 +0100] "GET /bottle-holder-beer-bucket-c-12_224.html HTTP/1.0" 200 102352 "-" "Mozilla/5.0 (Windows NT 10.0; Win64; x64) AppleWebKit/537.36 (KHTML, like Gecko) Chrome/104.0.5112.81 Safari/537.36 Edg/104.0.1293.54"
157.90.209.79 - - [21/Mar/2024:23:07:31 +0100] "GET /ceramic-heart-fragrance-burner-p-61533.html HTTP/1.0" 200 84475 "-" "Mozilla/5.0 (compatible; BLEXBot/1.0; +http://webmeup-crawler.com/)"
121.13.155.205 - - [21/Mar/2024:23:07:31 +0100] "GET /bowls-c-12_255.html HTTP/1.0" 200 88136 "-" "Mozilla/5.0 (Windows NT 10.0; Win64; x64) AppleWebKit/537.36 (KHTML, like Gecko) Chrome/104.0.5112.81 Safari/537.36 Edg/104.0.1293.54"
157.90.209.79 - - [21/Mar/2024:23:07:36 +0100] "GET /ceramic-home-sweet-home-incense-burner-p-59623.html HTTP/1.0" 200 85170 "-" "Mozilla/5.0 (compatible; BLEXBot/1.0; +http://webmeup-crawler.com/)"
121.13.155.205 - - [21/Mar/2024:23:07:36 +0100] "GET /bowls-c-12_60.html HTTP/1.0" 200 103007 "-" "Mozilla/5.0 (Windows NT 10.0; Win64; x64) AppleWebKit/537.36 (KHTML, like Gecko) Chrome/104.0.5112.81 Safari/537.36 Edg/104.0.1293.54"
157.90.209.79 - - [21/Mar/2024:23:07:39 +0100] "GET /ceramic-home-sweet-home-incense-burner-p-59624.html HTTP/1.0" 200 85169 "-" "Mozilla/5.0 (compatible; BLEXBot/1.0; +http://webmeup-crawler.com/)"
121.13.155.205 - - [21/Mar/2024:23:07:41 +0100] "GET /butter-dish-c-12_222.html HTTP/1.0" 200 94063 "-" "Mozilla/5.0 (Windows NT 10.0; Win64; x64) AppleWebKit/537.36 (KHTML, like Gecko) Chrome/104.0.5112.81 Safari/537.36 Edg/104.0.1293.54"
157.90.209.79 - - [21/Mar/2024:23:07:42 +0100] "GET /ceramic-incense-burner-black-p-60906.html HTTP/1.0" 200 85061 "-" "Mozilla/5.0 (compatible; BLEXBot/1.0; +http://webmeup-crawler.com/)"
114.119.152.47 - - [21/Mar/2024:23:07:43 +0100] "GET /tropical-bedclothes-p-41113.html HTTP/1.0" 200 84333 "http://www.wonder-geek.com/set-of-bed-linen-c-11_68.html?page=2" "Mozilla/5.0 (Linux; Android 7.0;) AppleWebKit/537.36 (KHTML, like Gecko) Mobile Safari/537.36 (compatible; PetalBot;+https://webmaster.petalsearch.com/site/petalbot)"
121.13.155.205 - - [21/Mar/2024:23:07:45 +0100] "GET /cake-molds-cube-molds-c-12_246.html HTTP/1.0" 200 94863 "-" "Mozilla/5.0 (Windows NT 10.0; Win64; x64) AppleWebKit/537.36 (KHTML, like Gecko) Chrome/104.0.5112.81 Safari/537.36 Edg/104.0.1293.54"
157.90.209.79 - - [21/Mar/2024:23:07:47 +0100] "GET /ceramic-incense-burner-p-58432.html HTTP/1.0" 200 85009 "-" "Mozilla/5.0 (compatible; BLEXBot/1.0; +http://webmeup-crawler.com/)"
121.13.155.205 - - [21/Mar/2024:23:07:50 +0100] "GET /cellar-slicer-sausage-c-12_252.html HTTP/1.0" 200 90106 "-" "Mozilla/5.0 (Windows NT 10.0; Win64; x64) AppleWebKit/537.36 (KHTML, like Gecko) Chrome/104.0.5112.81 Safari/537.36 Edg/104.0.1293.54"
157.90.209.79 - - [21/Mar/2024:23:07:53 +0100] "GET /ceramic-incense-burner-p-58433.html HTTP/1.0" 200 85009 "-" "Mozilla/5.0 (compatible; BLEXBot/1.0; +http://webmeup-crawler.com/)"
121.13.155.205 - - [21/Mar/2024:23:07:55 +0100] "GET /coasters-c-12_157.html HTTP/1.0" 200 103517 "-" "Mozilla/5.0 (Windows NT 10.0; Win64; x64) AppleWebKit/537.36 (KHTML, like Gecko) Chrome/104.0.5112.81 Safari/537.36 Edg/104.0.1293.54"
157.90.209.79 - - [21/Mar/2024:23:07:59 +0100] "GET /ceramic-incense-burner-p-58434.html HTTP/1.0" 200 85009 "-" "Mozilla/5.0 (compatible; BLEXBot/1.0; +http://webmeup-crawler.com/)"
121.13.155.205 - - [21/Mar/2024:23:07:59 +0100] "GET /corkscrew-bottle-opener-sommelier-c-12_213.html HTTP/1.0" 200 101426 "-" "Mozilla/5.0 (Windows NT 10.0; Win64; x64) AppleWebKit/537.36 (KHTML, like Gecko) Chrome/104.0.5112.81 Safari/537.36 Edg/104.0.1293.54"
121.13.155.205 - - [21/Mar/2024:23:08:03 +0100] "GET /dishes-dishes-c-12_251.html HTTP/1.0" 200 90368 "-" "Mozilla/5.0 (Windows NT 10.0; Win64; x64) AppleWebKit/537.36 (KHTML, like Gecko) Chrome/104.0.5112.81 Safari/537.36 Edg/104.0.1293.54"
157.90.209.79 - - [21/Mar/2024:23:08:07 +0100] "GET /ceramic-incense-burner-p-59450.html HTTP/1.0" 200 85888 "-" "Mozilla/5.0 (compatible; BLEXBot/1.0; +http://webmeup-crawler.com/)"
121.13.155.205 - - [21/Mar/2024:23:08:10 +0100] "GET /cups-c-12_248.html HTTP/1.0" 200 96959 "-" "Mozilla/5.0 (Windows NT 10.0; Win64; x64) AppleWebKit/537.36 (KHTML, like Gecko) Chrome/104.0.5112.81 Safari/537.36 Edg/104.0.1293.54"
157.90.209.79 - - [21/Mar/2024:23:08:13 +0100] "GET /ceramic-incense-burner-p-60908.html HTTP/1.0" 200 85010 "-" "Mozilla/5.0 (compatible; BLEXBot/1.0; +http://webmeup-crawler.com/)"
121.13.155.205 - - [21/Mar/2024:23:08:14 +0100] "GET /flasks-c-12_245.html HTTP/1.0" 200 94250 "-" "Mozilla/5.0 (Windows NT 10.0; Win64; x64) AppleWebKit/537.36 (KHTML, like Gecko) Chrome/104.0.5112.81 Safari/537.36 Edg/104.0.1293.54"
157.90.209.79 - - [21/Mar/2024:23:08:18 +0100] "GET /ceramic-incense-burner-white-p-60907.html HTTP/1.0" 200 85059 "-" "Mozilla/5.0 (compatible; BLEXBot/1.0; +http://webmeup-crawler.com/)"
121.13.155.205 - - [21/Mar/2024:23:08:19 +0100] "GET /flatwares-c-12_63.html HTTP/1.0" 200 100127 "-" "Mozilla/5.0 (Windows NT 10.0; Win64; x64) AppleWebKit/537.36 (KHTML, like Gecko) Chrome/104.0.5112.81 Safari/537.36 Edg/104.0.1293.54"
157.90.209.79 - - [21/Mar/2024:23:08:25 +0100] "GET /ceramic-lamp-dark-grey-p-60823.html HTTP/1.0" 200 85411 "-" "Mozilla/5.0 (compatible; BLEXBot/1.0; +http://webmeup-crawler.com/)"
121.13.155.205 - - [21/Mar/2024:23:08:25 +0100] "GET /glasses-drinking-c-12_62.html HTTP/1.0" 200 101779 "-" "Mozilla/5.0 (Windows NT 10.0; Win64; x64) AppleWebKit/537.36 (KHTML, like Gecko) Chrome/104.0.5112.81 Safari/537.36 Edg/104.0.1293.54"
157.90.209.79 - - [21/Mar/2024:23:08:31 +0100] "GET /ceramic-lamp-grey-p-60821.html HTTP/1.0" 200 85356 "-" "Mozilla/5.0 (compatible; BLEXBot/1.0; +http://webmeup-crawler.com/)"
121.13.155.205 - - [21/Mar/2024:23:08:30 +0100] "GET /with-infuser-c-12_221.html HTTP/1.0" 200 102635 "-" "Mozilla/5.0 (Windows NT 10.0; Win64; x64) AppleWebKit/537.36 (KHTML, like Gecko) Chrome/104.0.5112.81 Safari/537.36 Edg/104.0.1293.54"
121.13.155.205 - - [21/Mar/2024:23:08:35 +0100] "GET /mugs-mazagrans-c-12_57.html HTTP/1.0" 200 106084 "-" "Mozilla/5.0 (Windows NT 10.0; Win64; x64) AppleWebKit/537.36 (KHTML, like Gecko) Chrome/104.0.5112.81 Safari/537.36 Edg/104.0.1293.54"
54.36.148.134 - - [21/Mar/2024:23:08:36 +0100] "GET /stationery-cardmaking-c-129.html?page=13 HTTP/1.0" 200 104007 "-" "Mozilla/5.0 (compatible; AhrefsBot/7.0; +http://ahrefs.com/robot/)"
157.90.209.79 - - [21/Mar/2024:23:08:37 +0100] "GET /ceramic-lamp-light-grey-p-60824.html HTTP/1.0" 200 85210 "-" "Mozilla/5.0 (compatible; BLEXBot/1.0; +http://webmeup-crawler.com/)"
54.36.149.35 - - [21/Mar/2024:23:08:39 +0100] "GET /images/mini_prod/7601019990509.jpg HTTP/1.0" 200 269 "-" "Mozilla/5.0 (compatible; AhrefsBot/7.0; +http://ahrefs.com/robot/)"
54.36.148.209 - - [21/Mar/2024:23:08:39 +0100] "GET /images/mini_prod/7601019995658.jpg HTTP/1.0" 200 269 "-" "Mozilla/5.0 (compatible; AhrefsBot/7.0; +http://ahrefs.com/robot/)"
54.36.149.42 - - [21/Mar/2024:23:08:39 +0100] "GET /images/mini_prod/3701276294717.jpg HTTP/1.0" 200 269 "-" "Mozilla/5.0 (compatible; AhrefsBot/7.0; +http://ahrefs.com/robot/)"
54.36.148.110 - - [21/Mar/2024:23:08:39 +0100] "GET /images/mini_prod/7601019990493.jpg HTTP/1.0" 200 269 "-" "Mozilla/5.0 (compatible; AhrefsBot/7.0; +http://ahrefs.com/robot/)"
54.36.149.67 - - [21/Mar/2024:23:08:39 +0100] "GET /images/mini_prod/76010199927701.jpg HTTP/1.0" 200 270 "-" "Mozilla/5.0 (compatible; AhrefsBot/7.0; +http://ahrefs.com/robot/)"
54.36.148.22 - - [21/Mar/2024:23:08:39 +0100] "GET /images/mini_prod/1399985000327.jpg HTTP/1.0" 200 269 "-" "Mozilla/5.0 (compatible; AhrefsBot/7.0; +http://ahrefs.com/robot/)"
54.36.148.91 - - [21/Mar/2024:23:08:39 +0100] "GET /images/mini_prod/1399984236208.jpg HTTP/1.0" 200 269 "-" "Mozilla/5.0 (compatible; AhrefsBot/7.0; +http://ahrefs.com/robot/)"
54.36.149.15 - - [21/Mar/2024:23:08:39 +0100] "GET /images/mini_prod/7601019990547.gif HTTP/1.0" 200 268 "-" "Mozilla/5.0 (compatible; AhrefsBot/7.0; +http://ahrefs.com/robot/)"
54.36.149.54 - - [21/Mar/2024:23:08:39 +0100] "GET /images/mini_prod/7601019995375.jpg HTTP/1.0" 200 269 "-" "Mozilla/5.0 (compatible; AhrefsBot/7.0; +http://ahrefs.com/robot/)"
54.36.149.69 - - [21/Mar/2024:23:08:39 +0100] "GET /images/mini_prod/1399984280591.jpg HTTP/1.0" 200 269 "-" "Mozilla/5.0 (compatible; AhrefsBot/7.0; +http://ahrefs.com/robot/)"
121.13.155.205 - - [21/Mar/2024:23:08:40 +0100] "GET /pitchers-drink-dispensers-c-12_243.html HTTP/1.0" 200 101399 "-" "Mozilla/5.0 (Windows NT 10.0; Win64; x64) AppleWebKit/537.36 (KHTML, like Gecko) Chrome/104.0.5112.81 Safari/537.36 Edg/104.0.1293.54"
157.90.209.79 - - [21/Mar/2024:23:08:44 +0100] "GET /ceramic-lamp-white-p-60822.html HTTP/1.0" 200 85367 "-" "Mozilla/5.0 (compatible; BLEXBot/1.0; +http://webmeup-crawler.com/)"
121.13.155.205 - - [21/Mar/2024:23:08:44 +0100] "GET /placemats-c-12_156.html HTTP/1.0" 200 104033 "-" "Mozilla/5.0 (Windows NT 10.0; Win64; x64) AppleWebKit/537.36 (KHTML, like Gecko) Chrome/104.0.5112.81 Safari/537.36 Edg/104.0.1293.54"
121.13.155.205 - - [21/Mar/2024:23:08:49 +0100] "GET /plates-cups-c-12_58.html HTTP/1.0" 200 89842 "-" "Mozilla/5.0 (Windows NT 10.0; Win64; x64) AppleWebKit/537.36 (KHTML, like Gecko) Chrome/104.0.5112.81 Safari/537.36 Edg/104.0.1293.54"
157.90.209.79 - - [21/Mar/2024:23:08:50 +0100] "GET /ceramic-salt-pepper-with-small-basket-p-60454.html HTTP/1.0" 200 85192 "-" "Mozilla/5.0 (compatible; BLEXBot/1.0; +http://webmeup-crawler.com/)"
121.13.155.205 - - [21/Mar/2024:23:08:54 +0100] "GET /pots-cookie-jars-c-12_250.html HTTP/1.0" 200 101228 "-" "Mozilla/5.0 (Windows NT 10.0; Win64; x64) AppleWebKit/537.36 (KHTML, like Gecko) Chrome/104.0.5112.81 Safari/537.36 Edg/104.0.1293.54"
157.90.209.79 - - [21/Mar/2024:23:08:58 +0100] "GET /ceramic-salt-with-spoon-aderne-p-50643.html HTTP/1.0" 200 85160 "-" "Mozilla/5.0 (compatible; BLEXBot/1.0; +http://webmeup-crawler.com/)"
121.13.155.205 - - [21/Mar/2024:23:08:59 +0100] "GET /salt-pepper-shaker-sets-c-12_160.html HTTP/1.0" 200 101717 "-" "Mozilla/5.0 (Windows NT 10.0; Win64; x64) AppleWebKit/537.36 (KHTML, like Gecko) Chrome/104.0.5112.81 Safari/537.36 Edg/104.0.1293.54"
157.90.209.79 - - [21/Mar/2024:23:09:02 +0100] "GET /ceramic-salt-with-spoon-cabourg-p-50635.html HTTP/1.0" 200 84315 "-" "Mozilla/5.0 (compatible; BLEXBot/1.0; +http://webmeup-crawler.com/)"
121.13.155.205 - - [21/Mar/2024:23:09:04 +0100] "GET /salt-boxes-jars-c-12_223.html HTTP/1.0" 200 101926 "-" "Mozilla/5.0 (Windows NT 10.0; Win64; x64) AppleWebKit/537.36 (KHTML, like Gecko) Chrome/104.0.5112.81 Safari/537.36 Edg/104.0.1293.54"
114.119.142.39 - - [21/Mar/2024:23:09:06 +0100] "GET /pig-coat-rack-wooden-supports-p-46727.html HTTP/1.0" 301 84411 "http://www.wonder-geek.com/peg-and-coat-hook-c-13_198.html" "Mozilla/5.0 (Linux; Android 7.0;) AppleWebKit/537.36 (KHTML, like Gecko) Mobile Safari/537.36 (compatible; PetalBot;+https://webmaster.petalsearch.com/site/petalbot)"
114.119.142.39 - - [21/Mar/2024:23:09:07 +0100] "GET /coat-rack-wooden-supports-p-46727.html HTTP/1.0" 200 84319 "http://www.wonder-geek.com/peg-and-coat-hook-c-13_198.html" "Mozilla/5.0 (Linux; Android 7.0;) AppleWebKit/537.36 (KHTML, like Gecko) Mobile Safari/537.36 (compatible; PetalBot;+https://webmaster.petalsearch.com/site/petalbot)"
157.90.209.79 - - [21/Mar/2024:23:09:08 +0100] "GET /ceramic-salt-with-spoon-faustine-p-47873.html HTTP/1.0" 200 84321 "-" "Mozilla/5.0 (compatible; BLEXBot/1.0; +http://webmeup-crawler.com/)"
121.13.155.205 - - [21/Mar/2024:23:09:08 +0100] "GET /breakfast-c-12_61.html HTTP/1.0" 200 102375 "-" "Mozilla/5.0 (Windows NT 10.0; Win64; x64) AppleWebKit/537.36 (KHTML, like Gecko) Chrome/104.0.5112.81 Safari/537.36 Edg/104.0.1293.54"
121.13.155.205 - - [21/Mar/2024:23:09:14 +0100] "GET /sponge-stand-c-12_256.html HTTP/1.0" 200 89838 "-" "Mozilla/5.0 (Windows NT 10.0; Win64; x64) AppleWebKit/537.36 (KHTML, like Gecko) Chrome/104.0.5112.81 Safari/537.36 Edg/104.0.1293.54"
157.90.209.79 - - [21/Mar/2024:23:09:13 +0100] "GET /ceramic-salt-with-spoon-flammy-p-47874.html HTTP/1.0" 200 85034 "-" "Mozilla/5.0 (compatible; BLEXBot/1.0; +http://webmeup-crawler.com/)"
157.90.209.79 - - [21/Mar/2024:23:09:19 +0100] "GET /ceramic-salt-with-spoon-p-60458.html HTTP/1.0" 200 84877 "-" "Mozilla/5.0 (compatible; BLEXBot/1.0; +http://webmeup-crawler.com/)"
172.191.241.139 - - [21/Mar/2024:23:09:23 +0100] "GET /images/mini_prod/3014627874392.jpg HTTP/1.0" 200 269 "-" "Mozilla/5.0 (Windows NT 10.0; Win64; x64) AppleWebKit/537.36 (KHTML, like Gecko) Chrome/103.0.0.0 Safari/537.36"
157.90.209.79 - - [21/Mar/2024:23:09:26 +0100] "GET /ceramic-salt-with-spoon-p-60459.html HTTP/1.0" 200 84872 "-" "Mozilla/5.0 (compatible; BLEXBot/1.0; +http://webmeup-crawler.com/)"
157.90.209.79 - - [21/Mar/2024:23:09:29 +0100] "GET /ceramic-salt-with-spoon-sardy-p-50605.html HTTP/1.0" 200 84300 "-" "Mozilla/5.0 (compatible; BLEXBot/1.0; +http://webmeup-crawler.com/)"
157.90.209.79 - - [21/Mar/2024:23:09:33 +0100] "GET /ceramic-silver-flower-p-59487.html HTTP/1.0" 200 85209 "-" "Mozilla/5.0 (compatible; BLEXBot/1.0; +http://webmeup-crawler.com/)"
157.90.209.79 - - [21/Mar/2024:23:09:37 +0100] "GET /ceramic-statues-trio-small-buddhist-monks-p-60356.html HTTP/1.0" 200 85832 "-" "Mozilla/5.0 (compatible; BLEXBot/1.0; +http://webmeup-crawler.com/)"
157.90.209.79 - - [21/Mar/2024:23:09:42 +0100] "GET /ceramic-statues-trio-small-buddhist-monks-p-60357.html HTTP/1.0" 200 85832 "-" "Mozilla/5.0 (compatible; BLEXBot/1.0; +http://webmeup-crawler.com/)"
157.90.209.79 - - [21/Mar/2024:23:09:45 +0100] "GET /ceramic-vase-gogh-starry-night-p-53524.html HTTP/1.0" 200 85925 "-" "Mozilla/5.0 (compatible; BLEXBot/1.0; +http://webmeup-crawler.com/)"
157.90.209.79 - - [21/Mar/2024:23:09:53 +0100] "GET /ceramic-vase-klimt-kiss-p-53523.html HTTP/1.0" 200 85278 "-" "Mozilla/5.0 (compatible; BLEXBot/1.0; +http://webmeup-crawler.com/)"
157.90.209.79 - - [21/Mar/2024:23:09:58 +0100] "GET /ceramic-vase-love-psyche-bouguereau-p-61563.html HTTP/1.0" 200 85271 "-" "Mozilla/5.0 (compatible; BLEXBot/1.0; +http://webmeup-crawler.com/)"
157.90.209.79 - - [21/Mar/2024:23:10:04 +0100] "GET /ceramic-with-pattern-p-61263.html HTTP/1.0" 200 84883 "-" "Mozilla/5.0 (compatible; BLEXBot/1.0; +http://webmeup-crawler.com/)"
157.90.209.79 - - [21/Mar/2024:23:10:08 +0100] "GET /ceramic-with-pattern-p-61267.html HTTP/1.0" 200 84881 "-" "Mozilla/5.0 (compatible; BLEXBot/1.0; +http://webmeup-crawler.com/)"
185.191.171.4 - - [21/Mar/2024:23:10:10 +0100] "GET /christmas-marie-personality-pose-figurine-p-58877.html HTTP/1.0" 200 85742 "-" "Mozilla/5.0 (compatible; SemrushBot/7~bl; +http://www.semrush.com/bot.html)"
157.90.209.79 - - [21/Mar/2024:23:10:14 +0100] "GET /ceramic-with-pattern-p-61268.html HTTP/1.0" 200 84883 "-" "Mozilla/5.0 (compatible; BLEXBot/1.0; +http://webmeup-crawler.com/)"
54.36.149.8 - - [21/Mar/2024:23:10:14 +0100] "GET /isothermic-stainless-steel-bottle-scorpion-cbkreation-p-60723.html HTTP/1.0" 200 84520 "-" "Mozilla/5.0 (compatible; AhrefsBot/7.0; +http://ahrefs.com/robot/)"
157.90.209.79 - - [21/Mar/2024:23:10:22 +0100] "GET /ceramic-with-pattern-p-61269.html HTTP/1.0" 200 84883 "-" "Mozilla/5.0 (compatible; BLEXBot/1.0; +http://webmeup-crawler.com/)"
157.90.209.79 - - [21/Mar/2024:23:10:28 +0100] "GET /ceramic-with-pattern-p-61270.html HTTP/1.0" 200 84883 "-" "Mozilla/5.0 (compatible; BLEXBot/1.0; +http://webmeup-crawler.com/)"
114.119.142.39 - - [21/Mar/2024:23:10:33 +0100] "GET /lola-candy-cloud-keychain-p-49755.html HTTP/1.0" 200 81974 "http://www.wonder-geek.com/luggages-schoolbags-leather-shop-c-31.html?page=15" "Mozilla/5.0 (Linux; Android 7.0;) AppleWebKit/537.36 (KHTML, like Gecko) Mobile Safari/537.36 (compatible; PetalBot;+https://webmaster.petalsearch.com/site/petalbot)"
157.90.209.79 - - [21/Mar/2024:23:10:36 +0100] "GET /ceramic-with-pattern-p-61271.html HTTP/1.0" 200 84883 "-" "Mozilla/5.0 (compatible; BLEXBot/1.0; +http://webmeup-crawler.com/)"
157.90.209.79 - - [21/Mar/2024:23:10:41 +0100] "GET /chabada-cats-teapot-p-44487.html HTTP/1.0" 200 85006 "-" "Mozilla/5.0 (compatible; BLEXBot/1.0; +http://webmeup-crawler.com/)"
157.90.209.79 - - [21/Mar/2024:23:10:46 +0100] "GET /chacha-paper-towel-dispenser-p-52662.html HTTP/1.0" 200 84256 "-" "Mozilla/5.0 (compatible; BLEXBot/1.0; +http://webmeup-crawler.com/)"
157.90.209.79 - - [21/Mar/2024:23:10:53 +0100] "GET /chactus-potholder-p-54729.html HTTP/1.0" 200 84241 "-" "Mozilla/5.0 (compatible; BLEXBot/1.0; +http://webmeup-crawler.com/)"
17.241.75.84 - - [21/Mar/2024:23:10:57 +0100] "GET /images/mini_prod/35574.jpg HTTP/1.0" 200 261 "-" "Mozilla/5.0 (Macintosh; Intel Mac OS X 10_15_5) AppleWebKit/605.1.15 (KHTML, like Gecko) Version/13.1.1 Safari/605.1.15 (Applebot/0.1; +http://www.apple.com/go/applebot)"
157.90.209.79 - - [21/Mar/2024:23:10:58 +0100] "GET /chairs-cushion-c-11_165.html?page=2 HTTP/1.0" 200 104016 "-" "Mozilla/5.0 (compatible; BLEXBot/1.0; +http://webmeup-crawler.com/)"
157.90.209.79 - - [21/Mar/2024:23:11:04 +0100] "GET /chairs-cushion-c-11_165.html?page=3 HTTP/1.0" 200 104166 "-" "Mozilla/5.0 (compatible; BLEXBot/1.0; +http://webmeup-crawler.com/)"
157.90.209.79 - - [21/Mar/2024:23:11:11 +0100] "GET /chairs-cushion-c-11_165.html?page=4 HTTP/1.0" 200 103730 "-" "Mozilla/5.0 (compatible; BLEXBot/1.0; +http://webmeup-crawler.com/)"
157.90.209.79 - - [21/Mar/2024:23:11:19 +0100] "GET /chairs-cushion-c-11_165.html?page=5 HTTP/1.0" 200 91474 "-" "Mozilla/5.0 (compatible; BLEXBot/1.0; +http://webmeup-crawler.com/)"
157.90.209.79 - - [21/Mar/2024:23:11:23 +0100] "GET /challenger-attack-products-p-29390.html HTTP/1.0" 200 84550 "-" "Mozilla/5.0 (compatible; BLEXBot/1.0; +http://webmeup-crawler.com/)"
157.90.209.79 - - [21/Mar/2024:23:11:28 +0100] "GET /chandeliers-suspensions-c-86_280.html?page=2 HTTP/1.0" 200 101443 "-" "Mozilla/5.0 (compatible; BLEXBot/1.0; +http://webmeup-crawler.com/)"
157.90.209.79 - - [21/Mar/2024:23:11:33 +0100] "GET /charlot-towel-p-39105.html HTTP/1.0" 200 84265 "-" "Mozilla/5.0 (compatible; BLEXBot/1.0; +http://webmeup-crawler.com/)"
157.90.209.79 - - [21/Mar/2024:23:11:40 +0100] "GET /charmmy-kitty-dress-p-31102.html HTTP/1.0" 200 85936 "-" "Mozilla/5.0 (compatible; BLEXBot/1.0; +http://webmeup-crawler.com/)"
157.90.209.79 - - [21/Mar/2024:23:11:46 +0100] "GET /charmmy-kitty-dress-p-31104.html HTTP/1.0" 200 85666 "-" "Mozilla/5.0 (compatible; BLEXBot/1.0; +http://webmeup-crawler.com/)"
54.36.148.113 - - [21/Mar/2024:23:11:48 +0100] "GET /stationery-cardmaking-c-129.html?page=15 HTTP/1.0" 200 104054 "-" "Mozilla/5.0 (compatible; AhrefsBot/7.0; +http://ahrefs.com/robot/)"
54.36.148.123 - - [21/Mar/2024:23:11:50 +0100] "GET /images/mini_prod/1399986101818.jpg HTTP/1.0" 200 269 "-" "Mozilla/5.0 (compatible; AhrefsBot/7.0; +http://ahrefs.com/robot/)"
54.36.148.117 - - [21/Mar/2024:23:11:51 +0100] "GET /images/mini_prod/7601019995641.jpg HTTP/1.0" 200 269 "-" "Mozilla/5.0 (compatible; AhrefsBot/7.0; +http://ahrefs.com/robot/)"
54.36.149.45 - - [21/Mar/2024:23:11:51 +0100] "GET /images/mini_prod/1384010191781.jpg HTTP/1.0" 200 269 "-" "Mozilla/5.0 (compatible; AhrefsBot/7.0; +http://ahrefs.com/robot/)"
54.36.148.206 - - [21/Mar/2024:23:11:51 +0100] "GET /images/mini_prod/1384010191774.jpg HTTP/1.0" 200 269 "-" "Mozilla/5.0 (compatible; AhrefsBot/7.0; +http://ahrefs.com/robot/)"
54.36.149.61 - - [21/Mar/2024:23:11:51 +0100] "GET /images/mini_prod/1384010191736.jpg HTTP/1.0" 200 269 "-" "Mozilla/5.0 (compatible; AhrefsBot/7.0; +http://ahrefs.com/robot/)"
54.36.148.112 - - [21/Mar/2024:23:11:51 +0100] "GET /images/mini_prod/3438100315026NA.jpg HTTP/1.0" 200 271 "-" "Mozilla/5.0 (compatible; AhrefsBot/7.0; +http://ahrefs.com/robot/)"
54.36.148.74 - - [21/Mar/2024:23:11:51 +0100] "GET /images/mini_prod/1384010191743.jpg HTTP/1.0" 200 269 "-" "Mozilla/5.0 (compatible; AhrefsBot/7.0; +http://ahrefs.com/robot/)"
54.36.148.11 - - [21/Mar/2024:23:11:51 +0100] "GET /images/mini_prod/1384010191750.jpg HTTP/1.0" 200 269 "-" "Mozilla/5.0 (compatible; AhrefsBot/7.0; +http://ahrefs.com/robot/)"
54.36.149.85 - - [21/Mar/2024:23:11:51 +0100] "GET /images/mini_prod/1399986101900.jpg HTTP/1.0" 200 269 "-" "Mozilla/5.0 (compatible; AhrefsBot/7.0; +http://ahrefs.com/robot/)"
54.36.148.190 - - [21/Mar/2024:23:11:51 +0100] "GET /images/mini_prod/1384010191729.jpg HTTP/1.0" 200 269 "-" "Mozilla/5.0 (compatible; AhrefsBot/7.0; +http://ahrefs.com/robot/)"
54.36.148.219 - - [21/Mar/2024:23:11:51 +0100] "GET /images/mini_prod/B11113b.jpg HTTP/1.0" 200 263 "-" "Mozilla/5.0 (compatible; AhrefsBot/7.0; +http://ahrefs.com/robot/)"
54.36.148.167 - - [21/Mar/2024:23:11:51 +0100] "GET /images/mini_prod/1384010191767.jpg HTTP/1.0" 200 269 "-" "Mozilla/5.0 (compatible; AhrefsBot/7.0; +http://ahrefs.com/robot/)"
157.90.209.79 - - [21/Mar/2024:23:11:51 +0100] "GET /charmmy-kitty-dress-p-31105.html HTTP/1.0" 200 85371 "-" "Mozilla/5.0 (compatible; BLEXBot/1.0; +http://webmeup-crawler.com/)"
157.90.209.79 - - [21/Mar/2024:23:11:56 +0100] "GET /charmmy-kitty-large-cosmetic-p-26666.html HTTP/1.0" 200 84601 "-" "Mozilla/5.0 (compatible; BLEXBot/1.0; +http://webmeup-crawler.com/)"
157.90.209.79 - - [21/Mar/2024:23:11:59 +0100] "GET /charmmy-kitty-large-cosmetic-p-26752.html HTTP/1.0" 200 84504 "-" "Mozilla/5.0 (compatible; BLEXBot/1.0; +http://webmeup-crawler.com/)"
114.119.152.47 - - [21/Mar/2024:23:12:00 +0100] "GET /flower-fairies-jewelry-p-53247.html HTTP/1.0" 200 81980 "http://www.wonder-geek.com/musical-box-c-13_150_149.html?page=1" "Mozilla/5.0 (Linux; Android 7.0;) AppleWebKit/537.36 (KHTML, like Gecko) Mobile Safari/537.36 (compatible; PetalBot;+https://webmaster.petalsearch.com/site/petalbot)"
157.90.209.79 - - [21/Mar/2024:23:12:08 +0100] "GET /charmmy-kitty-mattress-swimming-pool-p-5989.html HTTP/1.0" 200 84481 "-" "Mozilla/5.0 (compatible; BLEXBot/1.0; +http://webmeup-crawler.com/)"
157.90.209.79 - - [21/Mar/2024:23:12:13 +0100] "GET /charmmy-kitty-medium-cosmetic-p-26665.html HTTP/1.0" 200 84577 "-" "Mozilla/5.0 (compatible; BLEXBot/1.0; +http://webmeup-crawler.com/)"
157.90.209.79 - - [21/Mar/2024:23:12:17 +0100] "GET /charmmy-kitty-small-cosmetic-p-26658.html HTTP/1.0" 200 84560 "-" "Mozilla/5.0 (compatible; BLEXBot/1.0; +http://webmeup-crawler.com/)"
157.90.209.79 - - [21/Mar/2024:23:12:21 +0100] "GET /charmmy-kitty-swimming-ring-p-5988.html HTTP/1.0" 200 84440 "-" "Mozilla/5.0 (compatible; BLEXBot/1.0; +http://webmeup-crawler.com/)"
157.90.209.79 - - [21/Mar/2024:23:12:25 +0100] "GET /charmmy-kitty-variable-color-tiara-p-13498.html HTTP/1.0" 200 84464 "-" "Mozilla/5.0 (compatible; BLEXBot/1.0; +http://webmeup-crawler.com/)"
157.90.209.79 - - [21/Mar/2024:23:12:32 +0100] "GET /charmmy-kitty-waistcoat-p-31126.html HTTP/1.0" 200 85467 "-" "Mozilla/5.0 (compatible; BLEXBot/1.0; +http://webmeup-crawler.com/)"
157.90.209.79 - - [21/Mar/2024:23:12:35 +0100] "GET /chat-noir-metal-plate-p-47641.html HTTP/1.0" 200 84263 "-" "Mozilla/5.0 (compatible; BLEXBot/1.0; +http://webmeup-crawler.com/)"
157.90.209.79 - - [21/Mar/2024:23:12:42 +0100] "GET /chat-noir-thophile-alexandre-steinlen-figurine-p-38937.html HTTP/1.0" 200 85292 "-" "Mozilla/5.0 (compatible; BLEXBot/1.0; +http://webmeup-crawler.com/)"
157.90.209.79 - - [21/Mar/2024:23:12:45 +0100] "GET /checked-phone-cover-iphone-p-14634.html HTTP/1.0" 200 85101 "-" "Mozilla/5.0 (compatible; BLEXBot/1.0; +http://webmeup-crawler.com/)"
157.90.209.79 - - [21/Mar/2024:23:12:49 +0100] "GET /cheshire-mini-figurine-p-39113.html HTTP/1.0" 200 84887 "-" "Mozilla/5.0 (compatible; BLEXBot/1.0; +http://webmeup-crawler.com/)"
157.90.209.79 - - [21/Mar/2024:23:12:52 +0100] "GET /chess-flask-shot-glasses-gift-p-59104.html HTTP/1.0" 200 85516 "-" "Mozilla/5.0 (compatible; BLEXBot/1.0; +http://webmeup-crawler.com/)"
157.90.209.79 - - [21/Mar/2024:23:12:56 +0100] "GET /chess-glass-p-50659.html HTTP/1.0" 200 84978 "-" "Mozilla/5.0 (compatible; BLEXBot/1.0; +http://webmeup-crawler.com/)"
157.90.209.79 - - [21/Mar/2024:23:13:01 +0100] "GET /chica-loca-invitation-p-17463.html HTTP/1.0" 200 84497 "-" "Mozilla/5.0 (compatible; BLEXBot/1.0; +http://webmeup-crawler.com/)"
157.90.209.79 - - [21/Mar/2024:23:13:05 +0100] "GET /chickens-bread-p-45579.html HTTP/1.0" 200 84276 "-" "Mozilla/5.0 (compatible; BLEXBot/1.0; +http://webmeup-crawler.com/)"
172.203.162.194 - - [21/Mar/2024:23:13:09 +0100] "GET /images/mini_prod/1399984280591.jpg HTTP/1.0" 200 269 "-" "Mozilla/5.0 (Windows NT 10.0; Win64; x64) AppleWebKit/537.36 (KHTML, like Gecko) Chrome/103.0.0.0 Safari/537.36"
157.90.209.79 - - [21/Mar/2024:23:13:10 +0100] "GET /child-watch-spaceman-p-29221.html HTTP/1.0" 200 84272 "-" "Mozilla/5.0 (compatible; BLEXBot/1.0; +http://webmeup-crawler.com/)"
157.90.209.79 - - [21/Mar/2024:23:13:13 +0100] "GET /children-bedding-farm-p-61564.html HTTP/1.0" 200 85161 "-" "Mozilla/5.0 (compatible; BLEXBot/1.0; +http://webmeup-crawler.com/)"
54.36.148.44 - - [21/Mar/2024:23:13:13 +0100] "GET /decorative-hanging-plate-p-59544.html HTTP/1.0" 200 84871 "-" "Mozilla/5.0 (compatible; AhrefsBot/7.0; +http://ahrefs.com/robot/)"
54.36.148.47 - - [21/Mar/2024:23:13:17 +0100] "GET /images/big_prod_1/3700281670868B.jpg HTTP/1.0" 200 271 "-" "Mozilla/5.0 (compatible; AhrefsBot/7.0; +http://ahrefs.com/robot/)"
54.36.149.58 - - [21/Mar/2024:23:13:17 +0100] "GET /images/big_prod/3700281670868N.jpg HTTP/1.0" 200 269 "-" "Mozilla/5.0 (compatible; AhrefsBot/7.0; +http://ahrefs.com/robot/)"
157.90.209.79 - - [21/Mar/2024:23:13:20 +0100] "GET /children-coat-hooks-p-52563.html HTTP/1.0" 200 85216 "-" "Mozilla/5.0 (compatible; BLEXBot/1.0; +http://webmeup-crawler.com/)"
157.90.209.79 - - [21/Mar/2024:23:13:25 +0100] "GET /chill-purse-michelle-allen-p-53359.html HTTP/1.0" 200 84360 "-" "Mozilla/5.0 (compatible; BLEXBot/1.0; +http://webmeup-crawler.com/)"
157.90.209.79 - - [21/Mar/2024:23:13:31 +0100] "GET /chimes-suspensions-c-13_241.html?page=2 HTTP/1.0" 200 102488 "-" "Mozilla/5.0 (compatible; BLEXBot/1.0; +http://webmeup-crawler.com/)"
157.90.209.79 - - [21/Mar/2024:23:13:37 +0100] "GET /chimes-suspensions-c-13_241.html?page=3 HTTP/1.0" 200 97009 "-" "Mozilla/5.0 (compatible; BLEXBot/1.0; +http://webmeup-crawler.com/)"
157.90.209.79 - - [21/Mar/2024:23:13:41 +0100] "GET /chocolates-spoons-p-24880.html HTTP/1.0" 200 84190 "-" "Mozilla/5.0 (compatible; BLEXBot/1.0; +http://webmeup-crawler.com/)"
157.90.209.79 - - [21/Mar/2024:23:13:46 +0100] "GET /choupi-table-p-27885.html HTTP/1.0" 200 84218 "-" "Mozilla/5.0 (compatible; BLEXBot/1.0; +http://webmeup-crawler.com/)"
157.90.209.79 - - [21/Mar/2024:23:13:50 +0100] "GET /christmas-ball-famille-p-61094.html HTTP/1.0" 200 85166 "-" "Mozilla/5.0 (compatible; BLEXBot/1.0; +http://webmeup-crawler.com/)"
157.90.209.79 - - [21/Mar/2024:23:13:54 +0100] "GET /christmas-ball-joyeux-p-61093.html HTTP/1.0" 200 85124 "-" "Mozilla/5.0 (compatible; BLEXBot/1.0; +http://webmeup-crawler.com/)"
85.208.96.199 - - [21/Mar/2024:23:13:54 +0100] "GET /spiderman-swimsuit-p-30822.html HTTP/1.0" 200 85399 "-" "Mozilla/5.0 (compatible; SemrushBot/7~bl; +http://www.semrush.com/bot.html)"
157.90.209.79 - - [21/Mar/2024:23:13:59 +0100] "GET /christmas-bauble-christmas-p-58859.html HTTP/1.0" 200 85226 "-" "Mozilla/5.0 (compatible; BLEXBot/1.0; +http://webmeup-crawler.com/)"
20.232.171.109 - - [21/Mar/2024:23:14:04 +0100] "GET /images/mini_prod/3660173176314.jpg HTTP/1.0" 200 269 "-" "Mozilla/5.0 (Windows NT 10.0; Win64; x64) AppleWebKit/537.36 (KHTML, like Gecko) Chrome/103.0.0.0 Safari/537.36"
157.90.209.79 - - [21/Mar/2024:23:14:07 +0100] "GET /christmas-bauble-joyeux-p-58860.html HTTP/1.0" 200 85177 "-" "Mozilla/5.0 (compatible; BLEXBot/1.0; +http://webmeup-crawler.com/)"
157.90.209.79 - - [21/Mar/2024:23:14:13 +0100] "GET /christmas-penguin-pocket-heater-p-59452.html HTTP/1.0" 200 85366 "-" "Mozilla/5.0 (compatible; BLEXBot/1.0; +http://webmeup-crawler.com/)"
157.90.209.79 - - [21/Mar/2024:23:14:16 +0100] "GET /christmas-reindeer-pocket-heater-p-59453.html HTTP/1.0" 200 85165 "-" "Mozilla/5.0 (compatible; BLEXBot/1.0; +http://webmeup-crawler.com/)"
157.90.209.79 - - [21/Mar/2024:23:14:21 +0100] "GET /christmas-tree-decoration-hanging-p-49634.html HTTP/1.0" 200 85012 "-" "Mozilla/5.0 (compatible; BLEXBot/1.0; +http://webmeup-crawler.com/)"
54.36.148.203 - - [21/Mar/2024:23:14:30 +0100] "GET /crazy-lady-water-bottle-alex-clark-p-61233.html HTTP/1.0" 200 85193 "-" "Mozilla/5.0 (compatible; AhrefsBot/7.0; +http://ahrefs.com/robot/)"
54.36.148.244 - - [21/Mar/2024:23:14:34 +0100] "GET /images/big_prod_1/5060108722445a.jpg HTTP/1.0" 200 271 "-" "Mozilla/5.0 (compatible; AhrefsBot/7.0; +http://ahrefs.com/robot/)"
54.36.148.36 - - [21/Mar/2024:23:14:34 +0100] "GET /images/big_prod/5060108722445N.jpg HTTP/1.0" 200 269 "-" "Mozilla/5.0 (compatible; AhrefsBot/7.0; +http://ahrefs.com/robot/)"
207.46.13.36 - - [21/Mar/2024:23:14:34 +0100] "GET /mugs-mazagrans-c-12_57.html?page=11 HTTP/1.0" 200 106792 "-" "Mozilla/5.0 AppleWebKit/537.36 (KHTML, like Gecko; compatible; bingbot/2.0; +http://www.bing.com/bingbot.htm) Chrome/116.0.1938.76 Safari/537.36"
157.90.209.79 - - [21/Mar/2024:23:14:35 +0100] "GET /christmas-tree-decoration-hanging-p-49643.html HTTP/1.0" 200 84390 "-" "Mozilla/5.0 (compatible; BLEXBot/1.0; +http://webmeup-crawler.com/)"
157.90.209.79 - - [21/Mar/2024:23:14:46 +0100] "GET /christmas-tree-ornament-christmas-balls-c-13_271.html?page=2 HTTP/1.0" 200 103276 "-" "Mozilla/5.0 (compatible; BLEXBot/1.0; +http://webmeup-crawler.com/)"
157.90.209.79 - - [21/Mar/2024:23:14:53 +0100] "GET /christmas-tree-ornament-christmas-balls-c-13_271.html?page=3 HTTP/1.0" 200 103809 "-" "Mozilla/5.0 (compatible; BLEXBot/1.0; +http://webmeup-crawler.com/)"
157.90.209.79 - - [21/Mar/2024:23:14:57 +0100] "GET /christmas-tree-ornament-christmas-balls-c-13_271.html?page=4 HTTP/1.0" 200 90555 "-" "Mozilla/5.0 (compatible; BLEXBot/1.0; +http://webmeup-crawler.com/)"
157.90.209.79 - - [21/Mar/2024:23:15:04 +0100] "GET /cigarette-machine-rastaman-jamaica-p-37011.html HTTP/1.0" 200 85297 "-" "Mozilla/5.0 (compatible; BLEXBot/1.0; +http://webmeup-crawler.com/)"
157.90.209.79 - - [21/Mar/2024:23:15:10 +0100] "GET /circle-coasters-with-personalized-pictures-p-16334.html HTTP/1.0" 200 84961 "-" "Mozilla/5.0 (compatible; BLEXBot/1.0; +http://webmeup-crawler.com/)"
157.90.209.79 - - [21/Mar/2024:23:15:13 +0100] "GET /citron-miniature-vehicle-p-41830.html HTTP/1.0" 200 84301 "-" "Mozilla/5.0 (compatible; BLEXBot/1.0; +http://webmeup-crawler.com/)"
157.90.209.79 - - [21/Mar/2024:23:15:21 +0100] "GET /city-with-infuser-model-p-54154.html HTTP/1.0" 200 84328 "-" "Mozilla/5.0 (compatible; BLEXBot/1.0; +http://webmeup-crawler.com/)"
157.90.209.79 - - [21/Mar/2024:23:15:26 +0100] "GET /claude-monet-nymphs-little-tray-p-58397.html HTTP/1.0" 200 85138 "-" "Mozilla/5.0 (compatible; BLEXBot/1.0; +http://webmeup-crawler.com/)"
157.90.209.79 - - [21/Mar/2024:23:15:31 +0100] "GET /claude-monet-poppies-little-tray-p-58396.html HTTP/1.0" 200 85116 "-" "Mozilla/5.0 (compatible; BLEXBot/1.0; +http://webmeup-crawler.com/)"
157.90.209.79 - - [21/Mar/2024:23:15:36 +0100] "GET /claus-tisanire-p-50623.html HTTP/1.0" 200 84364 "-" "Mozilla/5.0 (compatible; BLEXBot/1.0; +http://webmeup-crawler.com/)"
157.90.209.79 - - [21/Mar/2024:23:15:41 +0100] "GET /clemence-charming-dekor-bedclothes-p-56825.html HTTP/1.0" 200 85165 "-" "Mozilla/5.0 (compatible; BLEXBot/1.0; +http://webmeup-crawler.com/)"
54.36.149.22 - - [21/Mar/2024:23:15:41 +0100] "GET /home-decoration-c-13.html?page=98 HTTP/1.0" 200 103874 "-" "Mozilla/5.0 (compatible; AhrefsBot/7.0; +http://ahrefs.com/robot/)"
157.90.209.79 - - [21/Mar/2024:23:15:45 +0100] "GET /cleo-nile-figure-p-22566.html HTTP/1.0" 200 84323 "-" "Mozilla/5.0 (compatible; BLEXBot/1.0; +http://webmeup-crawler.com/)"
157.90.209.79 - - [21/Mar/2024:23:15:50 +0100] "GET /clock-greatest-happiness-p-47341.html HTTP/1.0" 200 84985 "-" "Mozilla/5.0 (compatible; BLEXBot/1.0; +http://webmeup-crawler.com/)"
157.90.209.79 - - [21/Mar/2024:23:15:54 +0100] "GET /clock-indian-spirit-mandala-p-42945.html HTTP/1.0" 200 84335 "-" "Mozilla/5.0 (compatible; BLEXBot/1.0; +http://webmeup-crawler.com/)"
157.90.209.79 - - [21/Mar/2024:23:16:01 +0100] "GET /clock-sweetest-happiness-wooden-p-47342.html HTTP/1.0" 200 84428 "-" "Mozilla/5.0 (compatible; BLEXBot/1.0; +http://webmeup-crawler.com/)"
157.90.209.79 - - [21/Mar/2024:23:16:10 +0100] "GET /clocks-c-13_67.html?page=10 HTTP/1.0" 200 99300 "-" "Mozilla/5.0 (compatible; BLEXBot/1.0; +http://webmeup-crawler.com/)"
157.90.209.79 - - [21/Mar/2024:23:16:15 +0100] "GET /clocks-c-13_67.html?page=2 HTTP/1.0" 200 105114 "-" "Mozilla/5.0 (compatible; BLEXBot/1.0; +http://webmeup-crawler.com/)"
157.90.209.79 - - [21/Mar/2024:23:16:19 +0100] "GET /clocks-c-13_67.html?page=3 HTTP/1.0" 200 104290 "-" "Mozilla/5.0 (compatible; BLEXBot/1.0; +http://webmeup-crawler.com/)"
157.90.209.79 - - [21/Mar/2024:23:16:25 +0100] "GET /clocks-c-13_67.html?page=4 HTTP/1.0" 200 104293 "-" "Mozilla/5.0 (compatible; BLEXBot/1.0; +http://webmeup-crawler.com/)"
157.90.209.79 - - [21/Mar/2024:23:16:29 +0100] "GET /clocks-c-13_67.html?page=5 HTTP/1.0" 200 104580 "-" "Mozilla/5.0 (compatible; BLEXBot/1.0; +http://webmeup-crawler.com/)"
40.77.167.73 - - [21/Mar/2024:23:16:35 +0100] "GET /images/big_prod/3438100346686.jpg HTTP/1.0" 200 268 "-" "Mozilla/5.0 AppleWebKit/537.36 (KHTML, like Gecko; compatible; bingbot/2.0; +http://www.bing.com/bingbot.htm) Chrome/116.0.1938.76 Safari/537.36"
157.90.209.79 - - [21/Mar/2024:23:16:34 +0100] "GET /clocks-c-13_67.html?page=6 HTTP/1.0" 200 104495 "-" "Mozilla/5.0 (compatible; BLEXBot/1.0; +http://webmeup-crawler.com/)"
157.90.209.79 - - [21/Mar/2024:23:16:41 +0100] "GET /clocks-c-13_67.html?page=7 HTTP/1.0" 200 104180 "-" "Mozilla/5.0 (compatible; BLEXBot/1.0; +http://webmeup-crawler.com/)"
17.241.75.204 - - [21/Mar/2024:23:16:46 +0100] "GET /images/3609810015371.jpg HTTP/1.0" 200 259 "-" "Mozilla/5.0 (Macintosh; Intel Mac OS X 10_15_5) AppleWebKit/605.1.15 (KHTML, like Gecko) Version/13.1.1 Safari/605.1.15 (Applebot/0.1; +http://www.apple.com/go/applebot)"
157.90.209.79 - - [21/Mar/2024:23:16:48 +0100] "GET /clocks-c-13_67.html?page=8 HTTP/1.0" 200 105124 "-" "Mozilla/5.0 (compatible; BLEXBot/1.0; +http://webmeup-crawler.com/)"
119.8.243.135 - - [21/Mar/2024:23:16:53 +0100] "GET /images/big_prod_1/8717318193042a.jpg HTTP/1.0" 200 271 "-" "Mozilla/5.0 (X11; Ubuntu; Linux x86_64; rv:72.0) Gecko/20100101 Firefox/72.0"
157.90.209.79 - - [21/Mar/2024:23:16:52 +0100] "GET /clocks-c-13_67.html?page=9 HTTP/1.0" 200 104180 "-" "Mozilla/5.0 (compatible; BLEXBot/1.0; +http://webmeup-crawler.com/)"
54.36.148.104 - - [21/Mar/2024:23:16:55 +0100] "GET /gorilla-night-light-p-59656.html HTTP/1.0" 200 85979 "-" "Mozilla/5.0 (compatible; AhrefsBot/7.0; +http://ahrefs.com/robot/)"
54.36.148.15 - - [21/Mar/2024:23:17:01 +0100] "GET /images/big_prod_4/5404006052585h.jpg HTTP/1.0" 200 271 "-" "Mozilla/5.0 (compatible; AhrefsBot/7.0; +http://ahrefs.com/robot/)"
54.36.149.89 - - [21/Mar/2024:23:17:01 +0100] "GET /images/big_prod/5404006052585b.jpg HTTP/1.0" 200 269 "-" "Mozilla/5.0 (compatible; AhrefsBot/7.0; +http://ahrefs.com/robot/)"
54.36.148.0 - - [21/Mar/2024:23:17:01 +0100] "GET /images/big_prod_2/5404006052585e.jpg HTTP/1.0" 200 271 "-" "Mozilla/5.0 (compatible; AhrefsBot/7.0; +http://ahrefs.com/robot/)"
54.36.148.202 - - [21/Mar/2024:23:17:01 +0100] "GET /images/big_prod_3/5404006052585d.jpg HTTP/1.0" 200 271 "-" "Mozilla/5.0 (compatible; AhrefsBot/7.0; +http://ahrefs.com/robot/)"
54.36.149.0 - - [21/Mar/2024:23:17:01 +0100] "GET /images/big_prod_5/5404006052585a.jpg HTTP/1.0" 200 271 "-" "Mozilla/5.0 (compatible; AhrefsBot/7.0; +http://ahrefs.com/robot/)"
54.36.148.236 - - [21/Mar/2024:23:17:01 +0100] "GET /images/big_prod_6/5404006052585g.jpg HTTP/1.0" 200 271 "-" "Mozilla/5.0 (compatible; AhrefsBot/7.0; +http://ahrefs.com/robot/)"
54.36.148.47 - - [21/Mar/2024:23:17:01 +0100] "GET /images/big_prod_1/5404006052585.jpg HTTP/1.0" 200 270 "-" "Mozilla/5.0 (compatible; AhrefsBot/7.0; +http://ahrefs.com/robot/)"
157.90.209.79 - - [21/Mar/2024:23:17:01 +0100] "GET /coasters-c-12_157.html?page=2 HTTP/1.0" 200 103790 "-" "Mozilla/5.0 (compatible; BLEXBot/1.0; +http://webmeup-crawler.com/)"
157.90.209.79 - - [21/Mar/2024:23:17:06 +0100] "GET /coasters-c-12_157.html?page=3 HTTP/1.0" 200 104531 "-" "Mozilla/5.0 (compatible; BLEXBot/1.0; +http://webmeup-crawler.com/)"
157.90.209.79 - - [21/Mar/2024:23:17:14 +0100] "GET /coasters-c-12_157.html?page=4 HTTP/1.0" 200 104151 "-" "Mozilla/5.0 (compatible; BLEXBot/1.0; +http://webmeup-crawler.com/)"
157.90.209.79 - - [21/Mar/2024:23:17:18 +0100] "GET /coasters-c-12_157.html?page=5 HTTP/1.0" 200 104076 "-" "Mozilla/5.0 (compatible; BLEXBot/1.0; +http://webmeup-crawler.com/)"
157.90.209.79 - - [21/Mar/2024:23:17:24 +0100] "GET /coasters-c-12_157.html?page=6 HTTP/1.0" 200 105907 "-" "Mozilla/5.0 (compatible; BLEXBot/1.0; +http://webmeup-crawler.com/)"
157.90.209.79 - - [21/Mar/2024:23:17:30 +0100] "GET /coasters-c-12_157.html?page=7 HTTP/1.0" 200 105235 "-" "Mozilla/5.0 (compatible; BLEXBot/1.0; +http://webmeup-crawler.com/)"
157.90.209.79 - - [21/Mar/2024:23:17:35 +0100] "GET /coasters-c-12_157.html?page=8 HTTP/1.0" 200 104583 "-" "Mozilla/5.0 (compatible; BLEXBot/1.0; +http://webmeup-crawler.com/)"
157.90.209.79 - - [21/Mar/2024:23:17:46 +0100] "GET /coasters-c-12_157.html?page=9 HTTP/1.0" 200 96672 "-" "Mozilla/5.0 (compatible; BLEXBot/1.0; +http://webmeup-crawler.com/)"
157.90.209.79 - - [21/Mar/2024:23:17:51 +0100] "GET /coasters-mandala-p-50117.html HTTP/1.0" 200 84166 "-" "Mozilla/5.0 (compatible; BLEXBot/1.0; +http://webmeup-crawler.com/)"
157.90.209.79 - - [21/Mar/2024:23:17:57 +0100] "GET /coasters-mandala-p-50119.html HTTP/1.0" 200 84166 "-" "Mozilla/5.0 (compatible; BLEXBot/1.0; +http://webmeup-crawler.com/)"
157.90.209.79 - - [21/Mar/2024:23:18:02 +0100] "GET /coasters-mandala-p-50120.html HTTP/1.0" 200 84166 "-" "Mozilla/5.0 (compatible; BLEXBot/1.0; +http://webmeup-crawler.com/)"
157.90.209.79 - - [21/Mar/2024:23:18:09 +0100] "GET /coasters-p-61019.html HTTP/1.0" 200 84929 "-" "Mozilla/5.0 (compatible; BLEXBot/1.0; +http://webmeup-crawler.com/)"
157.90.209.79 - - [21/Mar/2024:23:18:13 +0100] "GET /coasters-p-61020.html HTTP/1.0" 200 84745 "-" "Mozilla/5.0 (compatible; BLEXBot/1.0; +http://webmeup-crawler.com/)"
54.36.148.88 - - [21/Mar/2024:23:18:14 +0100] "GET /home-decoration-c-13.html?page=97 HTTP/1.0" 200 103998 "-" "Mozilla/5.0 (compatible; AhrefsBot/7.0; +http://ahrefs.com/robot/)"
157.90.209.79 - - [21/Mar/2024:23:18:19 +0100] "GET /coasters-p-61021.html HTTP/1.0" 200 84746 "-" "Mozilla/5.0 (compatible; BLEXBot/1.0; +http://webmeup-crawler.com/)"
157.90.209.79 - - [21/Mar/2024:23:18:24 +0100] "GET /coat-hook-c-13_198.html?page=2 HTTP/1.0" 200 100573 "-" "Mozilla/5.0 (compatible; BLEXBot/1.0; +http://webmeup-crawler.com/)"
157.90.209.79 - - [21/Mar/2024:23:18:28 +0100] "GET /coat-rack-hook-floor-cast-iron-p-47448.html HTTP/1.0" 200 84376 "-" "Mozilla/5.0 (compatible; BLEXBot/1.0; +http://webmeup-crawler.com/)"
157.90.209.79 - - [21/Mar/2024:23:18:31 +0100] "GET /coat-rack-wooden-supports-p-46727.html HTTP/1.0" 200 84319 "-" "Mozilla/5.0 (compatible; BLEXBot/1.0; +http://webmeup-crawler.com/)"
157.90.209.79 - - [21/Mar/2024:23:18:41 +0100] "GET /coat-rack-wooden-supports-p-46728.html HTTP/1.0" 200 84319 "-" "Mozilla/5.0 (compatible; BLEXBot/1.0; +http://webmeup-crawler.com/)"
157.90.209.79 - - [21/Mar/2024:23:18:44 +0100] "GET /cobalt-polyester-round-chair-cushion-p-60655.html HTTP/1.0" 200 84998 "-" "Mozilla/5.0 (compatible; BLEXBot/1.0; +http://webmeup-crawler.com/)"
157.90.209.79 - - [21/Mar/2024:23:18:47 +0100] "GET /coca-cola-cherry-coke-pink-shirt-p-30045.html HTTP/1.0" 200 85517 "-" "Mozilla/5.0 (compatible; BLEXBot/1.0; +http://webmeup-crawler.com/)"
157.90.209.79 - - [21/Mar/2024:23:18:52 +0100] "GET /cocktail-sticks-amis-p-47138.html HTTP/1.0" 200 84436 "-" "Mozilla/5.0 (compatible; BLEXBot/1.0; +http://webmeup-crawler.com/)"
157.90.209.79 - - [21/Mar/2024:23:18:59 +0100] "GET /cocktail-sticks-peux-apro-p-47141.html HTTP/1.0" 200 84491 "-" "Mozilla/5.0 (compatible; BLEXBot/1.0; +http://webmeup-crawler.com/)"
157.90.209.79 - - [21/Mar/2024:23:19:03 +0100] "GET /coconut-cutlery-with-organic-cotton-case-p-59593.html HTTP/1.0" 200 85722 "-" "Mozilla/5.0 (compatible; BLEXBot/1.0; +http://webmeup-crawler.com/)"
157.90.209.79 - - [21/Mar/2024:23:19:10 +0100] "GET /coconut-fibers-doormat-albor-p-54565.html HTTP/1.0" 200 85206 "-" "Mozilla/5.0 (compatible; BLEXBot/1.0; +http://webmeup-crawler.com/)"
51.68.224.127 - - [21/Mar/2024:23:19:15 +0100] "GET /adminweb/export_orders_xml.php?token=256de2z6edz6ed2z6DFSFsed2zed6zeDSFDSGdzedezfzf&maxorders=10&orderstart=1&status=14&start_date=2018-10-01 HTTP/1.0" 200 285 "-" "GesCom CharlotteBoutik Serveur"
157.90.209.79 - - [21/Mar/2024:23:19:15 +0100] "GET /coconut-fibers-doormat-dogs-panama-p-56987.html HTTP/1.0" 200 85503 "-" "Mozilla/5.0 (compatible; BLEXBot/1.0; +http://webmeup-crawler.com/)"
51.68.224.127 - - [21/Mar/2024:23:19:16 +0100] "GET /adminweb/export_orders_xml.php?token=256de2z6edz6ed2z6DFSFsed2zed6zeDSFDSGdzedezfzf&maxorders=10&orderstart=1&status=6&start_date=2018-10-01 HTTP/1.0" 200 34517 "-" "GesCom CharlotteBoutik Serveur"
157.90.209.79 - - [21/Mar/2024:23:19:21 +0100] "GET /coconut-fibers-doormat-flowers-panama-p-56274.html HTTP/1.0" 200 85538 "-" "Mozilla/5.0 (compatible; BLEXBot/1.0; +http://webmeup-crawler.com/)"
157.90.209.79 - - [21/Mar/2024:23:19:25 +0100] "GET /coconut-fibers-doormat-home-p-54566.html HTTP/1.0" 200 85172 "-" "Mozilla/5.0 (compatible; BLEXBot/1.0; +http://webmeup-crawler.com/)"
157.90.209.79 - - [21/Mar/2024:23:19:28 +0100] "GET /coconut-fibers-doormat-home-p-56266.html HTTP/1.0" 200 85172 "-" "Mozilla/5.0 (compatible; BLEXBot/1.0; +http://webmeup-crawler.com/)"
54.36.148.91 - - [21/Mar/2024:23:19:28 +0100] "GET /home-decoration-c-13.html?page=99 HTTP/1.0" 200 104996 "-" "Mozilla/5.0 (compatible; AhrefsBot/7.0; +http://ahrefs.com/robot/)"
54.36.148.84 - - [21/Mar/2024:23:19:34 +0100] "GET /images/mini_prod/3664944453321.jpg HTTP/1.0" 200 269 "-" "Mozilla/5.0 (compatible; AhrefsBot/7.0; +http://ahrefs.com/robot/)"
157.90.209.79 - - [21/Mar/2024:23:19:34 +0100] "GET /coconut-fibers-doormat-home-sweet-home-p-57879.html HTTP/1.0" 200 85526 "-" "Mozilla/5.0 (compatible; BLEXBot/1.0; +http://webmeup-crawler.com/)"
157.90.209.79 - - [21/Mar/2024:23:19:40 +0100] "GET /coconut-fibers-doormat-leaves-p-59861.html HTTP/1.0" 200 85184 "-" "Mozilla/5.0 (compatible; BLEXBot/1.0; +http://webmeup-crawler.com/)"
157.90.209.79 - - [21/Mar/2024:23:19:43 +0100] "GET /coconut-fibers-doormat-love-cats-p-53696.html HTTP/1.0" 200 85221 "-" "Mozilla/5.0 (compatible; BLEXBot/1.0; +http://webmeup-crawler.com/)"
157.90.209.79 - - [21/Mar/2024:23:19:47 +0100] "GET /coconut-fibers-doormat-love-p-57091.html HTTP/1.0" 200 85203 "-" "Mozilla/5.0 (compatible; BLEXBot/1.0; +http://webmeup-crawler.com/)"
157.90.209.79 - - [21/Mar/2024:23:19:53 +0100] "GET /coconut-fibers-doormat-orla-p-56985.html HTTP/1.0" 200 85196 "-" "Mozilla/5.0 (compatible; BLEXBot/1.0; +http://webmeup-crawler.com/)"
157.90.209.79 - - [21/Mar/2024:23:20:02 +0100] "GET /coconut-fibers-doormat-panama-p-56273.html HTTP/1.0" 200 85442 "-" "Mozilla/5.0 (compatible; BLEXBot/1.0; +http://webmeup-crawler.com/)"
157.90.209.79 - - [21/Mar/2024:23:20:11 +0100] "GET /coconut-fibers-doormat-pink-home-p-56982.html HTTP/1.0" 200 85228 "-" "Mozilla/5.0 (compatible; BLEXBot/1.0; +http://webmeup-crawler.com/)"
17.241.227.28 - - [21/Mar/2024:23:20:16 +0100] "GET /images/mini_prod/5400924279547.jpg HTTP/1.0" 200 269 "-" "Mozilla/5.0 (Macintosh; Intel Mac OS X 10_15_5) AppleWebKit/605.1.15 (KHTML, like Gecko) Version/13.1.1 Safari/605.1.15 (Applebot/0.1; +http://www.apple.com/go/applebot)"
157.90.209.79 - - [21/Mar/2024:23:20:16 +0100] "GET /coconut-fibers-doormat-welcome-p-56986.html HTTP/1.0" 200 85455 "-" "Mozilla/5.0 (compatible; BLEXBot/1.0; +http://webmeup-crawler.com/)"
157.90.209.79 - - [21/Mar/2024:23:20:21 +0100] "GET /coffee-c-13_150_153.html?page=2 HTTP/1.0" 200 102649 "-" "Mozilla/5.0 (compatible; BLEXBot/1.0; +http://webmeup-crawler.com/)"
157.90.209.79 - - [21/Mar/2024:23:20:24 +0100] "GET /coffee-c-13_150_153.html?page=3 HTTP/1.0" 200 102255 "-" "Mozilla/5.0 (compatible; BLEXBot/1.0; +http://webmeup-crawler.com/)"
157.90.209.79 - - [21/Mar/2024:23:20:33 +0100] "GET /coffee-c-13_150_153.html?page=4 HTTP/1.0" 200 98443 "-" "Mozilla/5.0 (compatible; BLEXBot/1.0; +http://webmeup-crawler.com/)"
157.90.209.79 - - [21/Mar/2024:23:20:37 +0100] "GET /coffee-hour-wooden-frame-withe-p-46093.html HTTP/1.0" 200 85065 "-" "Mozilla/5.0 (compatible; BLEXBot/1.0; +http://webmeup-crawler.com/)"
