157.90.209.79 - - [21/Mar/2024:23:20:49 +0100] "GET /coffee-house-frame-with-p-46684.html HTTP/1.0" 200 84358 "-" "Mozilla/5.0 (compatible; BLEXBot/1.0; +http://webmeup-crawler.com/)"
54.36.149.103 - - [21/Mar/2024:23:20:51 +0100] "GET /maldives-bedclothes-p-59766.html HTTP/1.0" 200 85005 "-" "Mozilla/5.0 (compatible; AhrefsBot/7.0; +http://ahrefs.com/robot/)"
157.90.209.79 - - [21/Mar/2024:23:20:55 +0100] "GET /coffee-latte-hour-wooden-frame-withe-p-46094.html HTTP/1.0" 200 85110 "-" "Mozilla/5.0 (compatible; BLEXBot/1.0; +http://webmeup-crawler.com/)"
157.90.209.79 - - [21/Mar/2024:23:21:01 +0100] "GET /coin-coin-metal-plate-p-47547.html HTTP/1.0" 200 84295 "-" "Mozilla/5.0 (compatible; BLEXBot/1.0; +http://webmeup-crawler.com/)"
157.90.209.79 - - [21/Mar/2024:23:21:06 +0100] "GET /coin-purse-p-29980.html HTTP/1.0" 200 84225 "-" "Mozilla/5.0 (compatible; BLEXBot/1.0; +http://webmeup-crawler.com/)"
157.90.209.79 - - [21/Mar/2024:23:21:11 +0100] "GET /cold-beer-ottoman-storage-p-40929.html HTTP/1.0" 200 84432 "-" "Mozilla/5.0 (compatible; BLEXBot/1.0; +http://webmeup-crawler.com/)"
157.90.209.79 - - [21/Mar/2024:23:21:17 +0100] "GET /cold-beer-retro-ottoman-storage-p-40927.html HTTP/1.0" 200 84485 "-" "Mozilla/5.0 (compatible; BLEXBot/1.0; +http://webmeup-crawler.com/)"
157.90.209.79 - - [21/Mar/2024:23:21:29 +0100] "GET /collectible-disney-figures-c-292_290.html?page=10 HTTP/1.0" 200 106507 "-" "Mozilla/5.0 (compatible; BLEXBot/1.0; +http://webmeup-crawler.com/)"
157.90.209.79 - - [21/Mar/2024:23:21:33 +0100] "GET /collectible-disney-figures-c-292_290.html?page=11 HTTP/1.0" 200 106447 "-" "Mozilla/5.0 (compatible; BLEXBot/1.0; +http://webmeup-crawler.com/)"
157.90.209.79 - - [21/Mar/2024:23:21:46 +0100] "GET /collectible-disney-figures-c-292_290.html?page=2 HTTP/1.0" 200 106238 "-" "Mozilla/5.0 (compatible; BLEXBot/1.0; +http://webmeup-crawler.com/)"
157.90.209.79 - - [21/Mar/2024:23:21:50 +0100] "GET /collectible-disney-figures-c-292_290.html?page=3 HTTP/1.0" 200 106452 "-" "Mozilla/5.0 (compatible; BLEXBot/1.0; +http://webmeup-crawler.com/)"
157.90.209.79 - - [21/Mar/2024:23:21:55 +0100] "GET /collectible-disney-figures-c-292_290.html?page=4 HTTP/1.0" 200 106507 "-" "Mozilla/5.0 (compatible; BLEXBot/1.0; +http://webmeup-crawler.com/)"
213.180.203.121 - - [21/Mar/2024:23:22:00 +0100] "GET /robots.txt HTTP/1.0" 200 245 "-" "Mozilla/5.0 (compatible; YandexBot/3.0; +http://yandex.com/bots)"
95.108.213.133 - - [21/Mar/2024:23:22:00 +0100] "GET /rosie-white-mini-rectangular-tray-p-54915.html HTTP/1.0" 200 82020 "-" "Mozilla/5.0 (compatible; YandexBot/3.0; +http://yandex.com/bots)"
157.90.209.79 - - [21/Mar/2024:23:22:01 +0100] "GET /collectible-disney-figures-c-292_290.html?page=5 HTTP/1.0" 200 106345 "-" "Mozilla/5.0 (compatible; BLEXBot/1.0; +http://webmeup-crawler.com/)"
157.90.209.79 - - [21/Mar/2024:23:22:06 +0100] "GET /collectible-disney-figures-c-292_290.html?page=6 HTTP/1.0" 200 106859 "-" "Mozilla/5.0 (compatible; BLEXBot/1.0; +http://webmeup-crawler.com/)"
157.90.209.79 - - [21/Mar/2024:23:22:11 +0100] "GET /collectible-disney-figures-c-292_290.html?page=7 HTTP/1.0" 200 106431 "-" "Mozilla/5.0 (compatible; BLEXBot/1.0; +http://webmeup-crawler.com/)"
54.36.148.162 - - [21/Mar/2024:23:22:17 +0100] "GET /bathroom-accessories-c-13_172.html?page=3 HTTP/1.0" 200 97658 "-" "Mozilla/5.0 (compatible; AhrefsBot/7.0; +http://ahrefs.com/robot/)"
157.90.209.79 - - [21/Mar/2024:23:22:26 +0100] "GET /collectible-disney-figures-c-292_290.html?page=8 HTTP/1.0" 200 106930 "-" "Mozilla/5.0 (compatible; BLEXBot/1.0; +http://webmeup-crawler.com/)"
157.90.209.79 - - [21/Mar/2024:23:22:31 +0100] "GET /collectible-disney-figures-c-292_290.html?page=9 HTTP/1.0" 200 106464 "-" "Mozilla/5.0 (compatible; BLEXBot/1.0; +http://webmeup-crawler.com/)"
157.90.209.79 - - [21/Mar/2024:23:22:37 +0100] "GET /collectible-dragon-ball-statue-vegeta-p-33464.html HTTP/1.0" 200 84613 "-" "Mozilla/5.0 (compatible; BLEXBot/1.0; +http://webmeup-crawler.com/)"
17.241.227.198 - - [21/Mar/2024:23:22:50 +0100] "GET /sonny-angel-vegetable-series-version-p-51490.html HTTP/1.0" 200 82040 "-" "Mozilla/5.0 (Macintosh; Intel Mac OS X 10_15_5) AppleWebKit/605.1.15 (KHTML, like Gecko) Version/13.1.1 Safari/605.1.15 (Applebot/0.1; +http://www.apple.com/go/applebot)"
157.90.209.79 - - [21/Mar/2024:23:22:51 +0100] "GET /collectible-figure-peter-rabbit-garden-p-56286.html HTTP/1.0" 200 85017 "-" "Mozilla/5.0 (compatible; BLEXBot/1.0; +http://webmeup-crawler.com/)"
157.90.209.79 - - [21/Mar/2024:23:22:56 +0100] "GET /collectible-figurines-decorative-c-292_135.html?page=2 HTTP/1.0" 200 102490 "-" "Mozilla/5.0 (compatible; BLEXBot/1.0; +http://webmeup-crawler.com/)"
172.191.241.139 - - [21/Mar/2024:23:22:59 +0100] "GET /images/mini_prod/8718317633140.jpg HTTP/1.0" 200 269 "-" "Mozilla/5.0 (Windows NT 10.0; Win64; x64) AppleWebKit/537.36 (KHTML, like Gecko) Chrome/103.0.0.0 Safari/537.36"
157.90.209.79 - - [21/Mar/2024:23:23:03 +0100] "GET /collectible-figurines-decorative-c-292_135.html?page=3 HTTP/1.0" 200 99232 "-" "Mozilla/5.0 (compatible; BLEXBot/1.0; +http://webmeup-crawler.com/)"
157.90.209.79 - - [21/Mar/2024:23:23:10 +0100] "GET /collectible-harry-potter-mart-figure-p-55929.html HTTP/1.0" 200 85582 "-" "Mozilla/5.0 (compatible; BLEXBot/1.0; +http://webmeup-crawler.com/)"
157.90.209.79 - - [21/Mar/2024:23:23:16 +0100] "GET /collection-mirabelle-pursuit-happiness-pocket-mirror-p-19999.html HTTP/1.0" 200 84842 "-" "Mozilla/5.0 (compatible; BLEXBot/1.0; +http://webmeup-crawler.com/)"
66.249.66.205 - - [21/Mar/2024:23:23:19 +0100] "GET /hats-caps-c-1_44.html?page=2 HTTP/1.0" 200 93503 "-" "Mozilla/5.0 (Linux; Android 6.0.1; Nexus 5X Build/MMB29P) AppleWebKit/537.36 (KHTML, like Gecko) Chrome/122.0.6261.94 Mobile Safari/537.36 (compatible; Googlebot/2.1; +http://www.google.com/bot.html)"
157.90.209.79 - - [21/Mar/2024:23:23:21 +0100] "GET /cologne-soap-dish-p-36618.html HTTP/1.0" 200 84293 "-" "Mozilla/5.0 (compatible; BLEXBot/1.0; +http://webmeup-crawler.com/)"
157.90.209.79 - - [21/Mar/2024:23:23:29 +0100] "GET /cologne-toothbrushes-p-36617.html HTTP/1.0" 200 84344 "-" "Mozilla/5.0 (compatible; BLEXBot/1.0; +http://webmeup-crawler.com/)"
157.90.209.79 - - [21/Mar/2024:23:23:38 +0100] "GET /color-phone-poster-p-32304.html HTTP/1.0" 200 84260 "-" "Mozilla/5.0 (compatible; BLEXBot/1.0; +http://webmeup-crawler.com/)"
54.36.148.184 - - [21/Mar/2024:23:23:39 +0100] "GET /strawberry-shortcake-swimsuit-pareo-p-30287.html HTTP/1.0" 200 85506 "-" "Mozilla/5.0 (compatible; AhrefsBot/7.0; +http://ahrefs.com/robot/)"
54.36.149.94 - - [21/Mar/2024:23:23:43 +0100] "GET /images/DSCN4698.jpg HTTP/1.0" 200 254 "-" "Mozilla/5.0 (compatible; AhrefsBot/7.0; +http://ahrefs.com/robot/)"
157.90.209.79 - - [21/Mar/2024:23:23:43 +0100] "GET /colorcats-doormat-p-56269.html HTTP/1.0" 200 85267 "-" "Mozilla/5.0 (compatible; BLEXBot/1.0; +http://webmeup-crawler.com/)"
157.90.209.79 - - [21/Mar/2024:23:23:47 +0100] "GET /comics-phone-cover-iphone-p-18864.html HTTP/1.0" 200 85100 "-" "Mozilla/5.0 (compatible; BLEXBot/1.0; +http://webmeup-crawler.com/)"
157.90.209.79 - - [21/Mar/2024:23:23:52 +0100] "GET /companion-wallet-c-31_238.html?page=2 HTTP/1.0" 200 93830 "-" "Mozilla/5.0 (compatible; BLEXBot/1.0; +http://webmeup-crawler.com/)"
157.90.209.79 - - [21/Mar/2024:23:23:59 +0100] "GET /cooking-hourglass-minutes-black-sand-p-53718.html HTTP/1.0" 200 85109 "-" "Mozilla/5.0 (compatible; BLEXBot/1.0; +http://webmeup-crawler.com/)"
157.90.209.79 - - [21/Mar/2024:23:24:06 +0100] "GET /cooking-hourglass-minutes-white-sand-p-53717.html HTTP/1.0" 200 85109 "-" "Mozilla/5.0 (compatible; BLEXBot/1.0; +http://webmeup-crawler.com/)"
157.90.209.79 - - [21/Mar/2024:23:24:35 +0100] "GET /cooking-tools-sugar-p-41617.html HTTP/1.0" 200 84231 "-" "Mozilla/5.0 (compatible; BLEXBot/1.0; +http://webmeup-crawler.com/)"
157.90.209.79 - - [21/Mar/2024:23:24:41 +0100] "GET /cookware-blue-p-41840.html HTTP/1.0" 200 84215 "-" "Mozilla/5.0 (compatible; BLEXBot/1.0; +http://webmeup-crawler.com/)"
157.90.209.79 - - [21/Mar/2024:23:24:52 +0100] "GET /copains-abord-bottle-stoppers-p-39486.html HTTP/1.0" 200 84374 "-" "Mozilla/5.0 (compatible; BLEXBot/1.0; +http://webmeup-crawler.com/)"
157.90.209.79 - - [21/Mar/2024:23:24:57 +0100] "GET /copains-abord-side-table-p-56624.html HTTP/1.0" 200 85125 "-" "Mozilla/5.0 (compatible; BLEXBot/1.0; +http://webmeup-crawler.com/)"
54.36.149.95 - - [21/Mar/2024:23:24:59 +0100] "GET /home-decoration-c-13.html?page=95 HTTP/1.0" 200 104386 "-" "Mozilla/5.0 (compatible; AhrefsBot/7.0; +http://ahrefs.com/robot/)"
157.90.209.79 - - [21/Mar/2024:23:25:02 +0100] "GET /copper-plate-with-flower-life-design-p-46284.html HTTP/1.0" 200 85460 "-" "Mozilla/5.0 (compatible; BLEXBot/1.0; +http://webmeup-crawler.com/)"
54.36.148.218 - - [21/Mar/2024:23:25:05 +0100] "GET /images/mini_prod/4012677167333.jpg HTTP/1.0" 200 269 "-" "Mozilla/5.0 (compatible; AhrefsBot/7.0; +http://ahrefs.com/robot/)"
54.36.148.73 - - [21/Mar/2024:23:25:05 +0100] "GET /images/mini_prod/4012677167135.jpg HTTP/1.0" 200 269 "-" "Mozilla/5.0 (compatible; AhrefsBot/7.0; +http://ahrefs.com/robot/)"
54.36.148.116 - - [21/Mar/2024:23:25:05 +0100] "GET /images/mini_prod/4012677167319.jpg HTTP/1.0" 200 269 "-" "Mozilla/5.0 (compatible; AhrefsBot/7.0; +http://ahrefs.com/robot/)"
157.90.209.79 - - [21/Mar/2024:23:25:07 +0100] "GET /coquin-children-bedding-p-61717.html HTTP/1.0" 200 85360 "-" "Mozilla/5.0 (compatible; BLEXBot/1.0; +http://webmeup-crawler.com/)"
85.208.96.199 - - [21/Mar/2024:23:25:11 +0100] "GET /heart-shaped-monkey-statuette-p-60100.html HTTP/1.0" 200 85035 "-" "Mozilla/5.0 (compatible; SemrushBot/7~bl; +http://www.semrush.com/bot.html)"
157.90.209.79 - - [21/Mar/2024:23:25:21 +0100] "GET /coral-quilted-bedspread-with-pillowcases-p-61706.html HTTP/1.0" 200 85401 "-" "Mozilla/5.0 (compatible; BLEXBot/1.0; +http://webmeup-crawler.com/)"
157.90.209.79 - - [21/Mar/2024:23:25:35 +0100] "GET /coral-quilted-bedspread-with-pillowcases-p-61796.html HTTP/1.0" 200 85401 "-" "Mozilla/5.0 (compatible; BLEXBot/1.0; +http://webmeup-crawler.com/)"
157.90.209.79 - - [21/Mar/2024:23:25:41 +0100] "GET /corby-puppy-rachael-hale-poster-p-25822.html HTTP/1.0" 200 84311 "-" "Mozilla/5.0 (compatible; BLEXBot/1.0; +http://webmeup-crawler.com/)"
157.90.209.79 - - [21/Mar/2024:23:25:49 +0100] "GET /corduroy-charcoal-basket-p-59640.html HTTP/1.0" 200 85138 "-" "Mozilla/5.0 (compatible; BLEXBot/1.0; +http://webmeup-crawler.com/)"
17.241.227.28 - - [21/Mar/2024:23:25:52 +0100] "GET /images/mini_prod/5400924227906.jpg HTTP/1.0" 200 269 "-" "Mozilla/5.0 (Macintosh; Intel Mac OS X 10_15_5) AppleWebKit/605.1.15 (KHTML, like Gecko) Version/13.1.1 Safari/605.1.15 (Applebot/0.1; +http://www.apple.com/go/applebot)"
157.90.209.79 - - [21/Mar/2024:23:25:56 +0100] "GET /cork-stainless-steel-flask-p-59102.html HTTP/1.0" 200 84897 "-" "Mozilla/5.0 (compatible; BLEXBot/1.0; +http://webmeup-crawler.com/)"
157.90.209.79 - - [21/Mar/2024:23:26:01 +0100] "GET /corkscrew-bottle-opener-sommelier-c-12_213.html?page=2 HTTP/1.0" 200 92386 "-" "Mozilla/5.0 (compatible; BLEXBot/1.0; +http://webmeup-crawler.com/)"
157.90.209.79 - - [21/Mar/2024:23:26:06 +0100] "GET /corse-adult-p-29936.html HTTP/1.0" 200 84234 "-" "Mozilla/5.0 (compatible; BLEXBot/1.0; +http://webmeup-crawler.com/)"
157.90.209.79 - - [21/Mar/2024:23:26:09 +0100] "GET /corse-little-tray-p-29479.html HTTP/1.0" 200 84260 "-" "Mozilla/5.0 (compatible; BLEXBot/1.0; +http://webmeup-crawler.com/)"
54.36.148.71 - - [21/Mar/2024:23:26:13 +0100] "GET /wall-decoration-sticker-birds-print-p-60165.html HTTP/1.0" 200 85179 "-" "Mozilla/5.0 (compatible; AhrefsBot/7.0; +http://ahrefs.com/robot/)"
157.90.209.79 - - [21/Mar/2024:23:26:15 +0100] "GET /corsica-cotton-pouch-p-47656.html HTTP/1.0" 200 84896 "-" "Mozilla/5.0 (compatible; BLEXBot/1.0; +http://webmeup-crawler.com/)"
157.90.209.79 - - [21/Mar/2024:23:26:20 +0100] "GET /corsica-decorative-coasters-p-58051.html HTTP/1.0" 200 84893 "-" "Mozilla/5.0 (compatible; BLEXBot/1.0; +http://webmeup-crawler.com/)"
157.90.209.79 - - [21/Mar/2024:23:26:33 +0100] "GET /corsica-espresso-p-57148.html HTTP/1.0" 200 84839 "-" "Mozilla/5.0 (compatible; BLEXBot/1.0; +http://webmeup-crawler.com/)"
157.90.209.79 - - [21/Mar/2024:23:26:40 +0100] "GET /corsica-little-tray-p-49742.html HTTP/1.0" 200 84357 "-" "Mozilla/5.0 (compatible; BLEXBot/1.0; +http://webmeup-crawler.com/)"
157.90.209.79 - - [21/Mar/2024:23:26:45 +0100] "GET /corsica-logo-adult-cbkration-p-36539.html HTTP/1.0" 200 84405 "-" "Mozilla/5.0 (compatible; BLEXBot/1.0; +http://webmeup-crawler.com/)"
157.90.209.79 - - [21/Mar/2024:23:26:50 +0100] "GET /corsica-metal-plate-p-52505.html HTTP/1.0" 200 84217 "-" "Mozilla/5.0 (compatible; BLEXBot/1.0; +http://webmeup-crawler.com/)"
157.90.209.79 - - [21/Mar/2024:23:26:54 +0100] "GET /corsica-metal-plate-p-52506.html HTTP/1.0" 200 84217 "-" "Mozilla/5.0 (compatible; BLEXBot/1.0; +http://webmeup-crawler.com/)"
157.90.209.79 - - [21/Mar/2024:23:27:00 +0100] "GET /corsica-metal-plate-p-52508.html HTTP/1.0" 200 84217 "-" "Mozilla/5.0 (compatible; BLEXBot/1.0; +http://webmeup-crawler.com/)"
157.90.209.79 - - [21/Mar/2024:23:27:09 +0100] "GET /corsica-metal-plate-p-52510.html HTTP/1.0" 200 84219 "-" "Mozilla/5.0 (compatible; BLEXBot/1.0; +http://webmeup-crawler.com/)"
157.90.209.79 - - [21/Mar/2024:23:27:15 +0100] "GET /corsica-metal-plate-p-52511.html HTTP/1.0" 200 84217 "-" "Mozilla/5.0 (compatible; BLEXBot/1.0; +http://webmeup-crawler.com/)"
114.119.154.166 - - [21/Mar/2024:23:27:18 +0100] "GET /playboy-black-ashtray-p-15472.html HTTP/1.0" 200 81968 "http://www.wonder-geek.com/home-decoration-c-13.html?page=82" "Mozilla/5.0 (Linux; Android 7.0;) AppleWebKit/537.36 (KHTML, like Gecko) Mobile Safari/537.36 (compatible; PetalBot;+https://webmaster.petalsearch.com/site/petalbot)"
157.90.209.79 - - [21/Mar/2024:23:27:19 +0100] "GET /corsica-metal-plate-p-52513.html HTTP/1.0" 200 84217 "-" "Mozilla/5.0 (compatible; BLEXBot/1.0; +http://webmeup-crawler.com/)"
157.90.209.79 - - [21/Mar/2024:23:27:32 +0100] "GET /corsica-metal-plate-p-52514.html HTTP/1.0" 200 84217 "-" "Mozilla/5.0 (compatible; BLEXBot/1.0; +http://webmeup-crawler.com/)"
157.90.209.79 - - [21/Mar/2024:23:27:36 +0100] "GET /corsica-metal-plate-p-52515.html HTTP/1.0" 200 84217 "-" "Mozilla/5.0 (compatible; BLEXBot/1.0; +http://webmeup-crawler.com/)"
54.36.148.62 - - [21/Mar/2024:23:27:40 +0100] "GET /children-wall-sticker-with-name-forest-animals-p-58838.html HTTP/1.0" 200 85463 "-" "Mozilla/5.0 (compatible; AhrefsBot/7.0; +http://ahrefs.com/robot/)"
157.90.209.79 - - [21/Mar/2024:23:27:43 +0100] "GET /corsica-mini-metal-tray-p-44856.html HTTP/1.0" 200 84339 "-" "Mozilla/5.0 (compatible; BLEXBot/1.0; +http://webmeup-crawler.com/)"
40.77.167.4 - - [21/Mar/2024:23:27:45 +0100] "GET /cotton-floor-cushion-izumi-p-57739.html HTTP/1.0" 200 82022 "-" "Mozilla/5.0 AppleWebKit/537.36 (KHTML, like Gecko; compatible; bingbot/2.0; +http://www.bing.com/bingbot.htm) Chrome/116.0.1938.76 Safari/537.36"
157.90.209.79 - - [21/Mar/2024:23:27:49 +0100] "GET /corsica-mini-metal-tray-p-44857.html HTTP/1.0" 200 84339 "-" "Mozilla/5.0 (compatible; BLEXBot/1.0; +http://webmeup-crawler.com/)"
157.90.209.79 - - [21/Mar/2024:23:27:54 +0100] "GET /corsica-paper-towel-dispenser-p-42332.html HTTP/1.0" 200 84278 "-" "Mozilla/5.0 (compatible; BLEXBot/1.0; +http://webmeup-crawler.com/)"
157.90.209.79 - - [21/Mar/2024:23:28:00 +0100] "GET /corsica-paper-towel-dispenser-p-42542.html HTTP/1.0" 200 84280 "-" "Mozilla/5.0 (compatible; BLEXBot/1.0; +http://webmeup-crawler.com/)"
157.90.209.79 - - [21/Mar/2024:23:28:07 +0100] "GET /corsica-pencil-cbkreation-p-33818.html HTTP/1.0" 200 84313 "-" "Mozilla/5.0 (compatible; BLEXBot/1.0; +http://webmeup-crawler.com/)"
157.90.209.79 - - [21/Mar/2024:23:28:11 +0100] "GET /corsica-shooter-p-48510.html HTTP/1.0" 200 84176 "-" "Mozilla/5.0 (compatible; BLEXBot/1.0; +http://webmeup-crawler.com/)"
157.90.209.79 - - [21/Mar/2024:23:28:16 +0100] "GET /corsica-shooter-p-48511.html HTTP/1.0" 200 84176 "-" "Mozilla/5.0 (compatible; BLEXBot/1.0; +http://webmeup-crawler.com/)"
157.90.209.79 - - [21/Mar/2024:23:28:24 +0100] "GET /corsica-shooter-p-48512.html HTTP/1.0" 200 84176 "-" "Mozilla/5.0 (compatible; BLEXBot/1.0; +http://webmeup-crawler.com/)"
157.90.209.79 - - [21/Mar/2024:23:28:27 +0100] "GET /corsica-side-table-p-56625.html HTTP/1.0" 200 84993 "-" "Mozilla/5.0 (compatible; BLEXBot/1.0; +http://webmeup-crawler.com/)"
157.90.209.79 - - [21/Mar/2024:23:28:32 +0100] "GET /corsica-soap-soap-p-52465.html HTTP/1.0" 200 84539 "-" "Mozilla/5.0 (compatible; BLEXBot/1.0; +http://webmeup-crawler.com/)"
157.90.209.79 - - [21/Mar/2024:23:28:37 +0100] "GET /corsica-soap-soap-p-52466.html HTTP/1.0" 200 84538 "-" "Mozilla/5.0 (compatible; BLEXBot/1.0; +http://webmeup-crawler.com/)"
157.90.209.79 - - [21/Mar/2024:23:28:41 +0100] "GET /corsica-training-bottle-cbkreation-p-26754.html HTTP/1.0" 200 84588 "-" "Mozilla/5.0 (compatible; BLEXBot/1.0; +http://webmeup-crawler.com/)"
157.90.209.79 - - [21/Mar/2024:23:28:46 +0100] "GET /corsican-adult-military-cbkration-p-36540.html HTTP/1.0" 200 84477 "-" "Mozilla/5.0 (compatible; BLEXBot/1.0; +http://webmeup-crawler.com/)"
157.90.209.79 - - [21/Mar/2024:23:28:53 +0100] "GET /cosmetic-bags-flat-purse-c-31_239.html?page=2 HTTP/1.0" 200 105166 "-" "Mozilla/5.0 (compatible; BLEXBot/1.0; +http://webmeup-crawler.com/)"
157.90.209.79 - - [21/Mar/2024:23:29:16 +0100] "GET /cosmetic-bags-flat-purse-c-31_239.html?page=3 HTTP/1.0" 200 104155 "-" "Mozilla/5.0 (compatible; BLEXBot/1.0; +http://webmeup-crawler.com/)"
157.90.209.79 - - [21/Mar/2024:23:29:20 +0100] "GET /cosmetic-bags-flat-purse-c-31_239.html?page=4 HTTP/1.0" 200 105713 "-" "Mozilla/5.0 (compatible; BLEXBot/1.0; +http://webmeup-crawler.com/)"
157.90.209.79 - - [21/Mar/2024:23:29:26 +0100] "GET /cosmetic-bags-flat-purse-c-31_239.html?page=5 HTTP/1.0" 200 103709 "-" "Mozilla/5.0 (compatible; BLEXBot/1.0; +http://webmeup-crawler.com/)"
54.36.149.15 - - [21/Mar/2024:23:29:34 +0100] "GET /large-white-resin-seahorse-p-60998.html HTTP/1.0" 200 84480 "-" "Mozilla/5.0 (compatible; AhrefsBot/7.0; +http://ahrefs.com/robot/)"
157.90.209.79 - - [21/Mar/2024:23:29:36 +0100] "GET /cosmetic-bags-flat-purse-c-31_239.html?page=6 HTTP/1.0" 200 105647 "-" "Mozilla/5.0 (compatible; BLEXBot/1.0; +http://webmeup-crawler.com/)"
157.90.209.79 - - [21/Mar/2024:23:29:41 +0100] "GET /cotton-bath-p-55254.html HTTP/1.0" 200 84956 "-" "Mozilla/5.0 (compatible; BLEXBot/1.0; +http://webmeup-crawler.com/)"
157.90.209.79 - - [21/Mar/2024:23:29:46 +0100] "GET /cotton-bath-p-55255.html HTTP/1.0" 200 84956 "-" "Mozilla/5.0 (compatible; BLEXBot/1.0; +http://webmeup-crawler.com/)"
78.138.127.62 - - [21/Mar/2024:23:29:52 +0100] "GET / HTTP/1.0" 301 511 "http://wonder-geek.com/" "Mozilla/5.0 (Windows NT 10.0; Win64; x64) AppleWebKit/537.36 (KHTML, like Gecko) Chrome/103.0.5060.53 Safari/537.36"
157.90.209.79 - - [21/Mar/2024:23:29:52 +0100] "GET /cotton-bath-p-55256.html HTTP/1.0" 200 84956 "-" "Mozilla/5.0 (compatible; BLEXBot/1.0; +http://webmeup-crawler.com/)"
78.138.127.62 - - [21/Mar/2024:23:29:52 +0100] "GET / HTTP/1.0" 200 163097 "http://www.wonder-geek.com/" "Mozilla/5.0 (Windows NT 10.0; Win64; x64) AppleWebKit/537.36 (KHTML, like Gecko) Chrome/103.0.5060.53 Safari/537.36"
157.90.209.79 - - [21/Mar/2024:23:30:01 +0100] "GET /cotton-bath-p-55258.html HTTP/1.0" 200 84956 "-" "Mozilla/5.0 (compatible; BLEXBot/1.0; +http://webmeup-crawler.com/)"
78.138.127.62 - - [21/Mar/2024:23:30:02 +0100] "GET /trivet-boards-c-12_158.html HTTP/1.0" 200 104851 "http://www.wonder-geek.com/trivet-boards-c-12_158.html" "Mozilla/5.0 (Windows NT 10.0; Win64; x64) AppleWebKit/537.36 (KHTML, like Gecko) Chrome/103.0.5060.53 Safari/537.36"
78.138.127.62 - - [21/Mar/2024:23:30:06 +0100] "GET /cardboard-boxes-storage-c-13_150_216.html HTTP/1.0" 200 81199 "http://www.wonder-geek.com/cardboard-boxes-storage-c-13_150_216.html" "Mozilla/5.0 (Windows NT 10.0; Win64; x64) AppleWebKit/537.36 (KHTML, like Gecko) Chrome/103.0.5060.53 Safari/537.36"
78.138.127.62 - - [21/Mar/2024:23:30:07 +0100] "GET /cushion-headboard-c-11_71_173.html HTTP/1.0" 200 81164 "http://www.wonder-geek.com/cushion-headboard-c-11_71_173.html" "Mozilla/5.0 (Windows NT 10.0; Win64; x64) AppleWebKit/537.36 (KHTML, like Gecko) Chrome/103.0.5060.53 Safari/537.36"
78.138.127.62 - - [21/Mar/2024:23:30:10 +0100] "GET /contact_us.php HTTP/1.0" 200 26241 "http://www.wonder-geek.com/contact_us.php" "Mozilla/5.0 (Windows NT 10.0; Win64; x64) AppleWebKit/537.36 (KHTML, like Gecko) Chrome/103.0.5060.53 Safari/537.36"
157.90.209.79 - - [21/Mar/2024:23:30:08 +0100] "GET /cotton-bath-p-55259.html HTTP/1.0" 200 84956 "-" "Mozilla/5.0 (compatible; BLEXBot/1.0; +http://webmeup-crawler.com/)"
78.138.127.62 - - [21/Mar/2024:23:30:10 +0100] "POST /contact_us.php?action=send HTTP/1.0" 200 26483 "http://www.wonder-geek.com/contact_us.php" "Mozilla/5.0 (Windows NT 10.0; Win64; x64) AppleWebKit/537.36 (KHTML, like Gecko) Chrome/103.0.5060.53 Safari/537.36"
157.90.209.79 - - [21/Mar/2024:23:30:12 +0100] "GET /cotton-bath-p-55260.html HTTP/1.0" 200 84956 "-" "Mozilla/5.0 (compatible; BLEXBot/1.0; +http://webmeup-crawler.com/)"
157.90.209.79 - - [21/Mar/2024:23:30:17 +0100] "GET /cotton-bath-white-p-49242.html HTTP/1.0" 200 85242 "-" "Mozilla/5.0 (compatible; BLEXBot/1.0; +http://webmeup-crawler.com/)"
157.90.209.79 - - [21/Mar/2024:23:30:26 +0100] "GET /cotton-chair-cushion-anthracite-p-60632.html HTTP/1.0" 200 84310 "-" "Mozilla/5.0 (compatible; BLEXBot/1.0; +http://webmeup-crawler.com/)"
157.90.209.79 - - [21/Mar/2024:23:30:32 +0100] "GET /cotton-chair-cushion-cobalt-p-60633.html HTTP/1.0" 200 84292 "-" "Mozilla/5.0 (compatible; BLEXBot/1.0; +http://webmeup-crawler.com/)"
157.90.209.79 - - [21/Mar/2024:23:30:39 +0100] "GET /cotton-chair-cushion-curry-p-60703.html HTTP/1.0" 200 84288 "-" "Mozilla/5.0 (compatible; BLEXBot/1.0; +http://webmeup-crawler.com/)"
157.90.209.79 - - [21/Mar/2024:23:30:46 +0100] "GET /cotton-chair-cushion-green-p-60631.html HTTP/1.0" 200 84286 "-" "Mozilla/5.0 (compatible; BLEXBot/1.0; +http://webmeup-crawler.com/)"
157.90.209.79 - - [21/Mar/2024:23:30:52 +0100] "GET /cotton-chair-cushion-jade-p-60634.html HTTP/1.0" 200 84282 "-" "Mozilla/5.0 (compatible; BLEXBot/1.0; +http://webmeup-crawler.com/)"
54.36.149.75 - - [21/Mar/2024:23:30:53 +0100] "GET /glitters-p-53394.html HTTP/1.0" 200 84196 "-" "Mozilla/5.0 (compatible; AhrefsBot/7.0; +http://ahrefs.com/robot/)"
54.36.148.8 - - [21/Mar/2024:23:30:55 +0100] "GET /images/big_prod/3609810048737a.jpg HTTP/1.0" 200 269 "-" "Mozilla/5.0 (compatible; AhrefsBot/7.0; +http://ahrefs.com/robot/)"
157.90.209.79 - - [21/Mar/2024:23:30:58 +0100] "GET /cotton-cleansing-paris-parfum-p-37459.html HTTP/1.0" 200 84402 "-" "Mozilla/5.0 (compatible; BLEXBot/1.0; +http://webmeup-crawler.com/)"
157.90.209.79 - - [21/Mar/2024:23:31:03 +0100] "GET /cotton-floor-cushion-anthracite-p-60766.html HTTP/1.0" 200 84494 "-" "Mozilla/5.0 (compatible; BLEXBot/1.0; +http://webmeup-crawler.com/)"
157.90.209.79 - - [21/Mar/2024:23:31:14 +0100] "GET /cotton-floor-cushion-brown-p-53470.html HTTP/1.0" 200 85086 "-" "Mozilla/5.0 (compatible; BLEXBot/1.0; +http://webmeup-crawler.com/)"
157.90.209.79 - - [21/Mar/2024:23:31:20 +0100] "GET /cotton-floor-cushion-brown-p-60773.html HTTP/1.0" 200 84448 "-" "Mozilla/5.0 (compatible; BLEXBot/1.0; +http://webmeup-crawler.com/)"
172.203.161.43 - - [21/Mar/2024:23:31:28 +0100] "GET /images/mini_prod/8422019067089.jpg HTTP/1.0" 200 269 "-" "Mozilla/5.0 (Windows NT 10.0; Win64; x64) AppleWebKit/537.36 (KHTML, like Gecko) Chrome/103.0.0.0 Safari/537.36"
157.90.209.79 - - [21/Mar/2024:23:31:38 +0100] "GET /cotton-floor-cushion-charmelia-p-49387.html HTTP/1.0" 200 85124 "-" "Mozilla/5.0 (compatible; BLEXBot/1.0; +http://webmeup-crawler.com/)"
157.90.209.79 - - [21/Mar/2024:23:31:41 +0100] "GET /cotton-floor-cushion-chrysler-p-49130.html HTTP/1.0" 200 85117 "-" "Mozilla/5.0 (compatible; BLEXBot/1.0; +http://webmeup-crawler.com/)"
157.90.209.79 - - [21/Mar/2024:23:31:47 +0100] "GET /cotton-floor-cushion-cobalt-p-60771.html HTTP/1.0" 200 84476 "-" "Mozilla/5.0 (compatible; BLEXBot/1.0; +http://webmeup-crawler.com/)"
157.90.209.79 - - [21/Mar/2024:23:31:50 +0100] "GET /cotton-floor-cushion-coral-p-57827.html HTTP/1.0" 200 85096 "-" "Mozilla/5.0 (compatible; BLEXBot/1.0; +http://webmeup-crawler.com/)"
157.90.209.79 - - [21/Mar/2024:23:31:56 +0100] "GET /cotton-floor-cushion-curry-p-60767.html HTTP/1.0" 200 84469 "-" "Mozilla/5.0 (compatible; BLEXBot/1.0; +http://webmeup-crawler.com/)"
157.90.209.79 - - [21/Mar/2024:23:32:01 +0100] "GET /cotton-floor-cushion-green-p-48835.html HTTP/1.0" 200 85086 "-" "Mozilla/5.0 (compatible; BLEXBot/1.0; +http://webmeup-crawler.com/)"
40.77.167.67 - - [21/Mar/2024:23:32:03 +0100] "GET /images/mini_prod/8481013122040.jpg HTTP/1.0" 200 269 "-" "Mozilla/5.0 AppleWebKit/537.36 (KHTML, like Gecko; compatible; bingbot/2.0; +http://www.bing.com/bingbot.htm) Chrome/116.0.1938.76 Safari/537.36"
157.90.209.79 - - [21/Mar/2024:23:32:08 +0100] "GET /cotton-floor-cushion-green-p-60770.html HTTP/1.0" 200 84469 "-" "Mozilla/5.0 (compatible; BLEXBot/1.0; +http://webmeup-crawler.com/)"
157.90.209.79 - - [21/Mar/2024:23:32:17 +0100] "GET /cotton-floor-cushion-grey-p-48312.html HTTP/1.0" 200 85079 "-" "Mozilla/5.0 (compatible; BLEXBot/1.0; +http://webmeup-crawler.com/)"
54.36.148.93 - - [21/Mar/2024:23:32:18 +0100] "GET /green-foliage-ceramic-cover-p-60705.html HTTP/1.0" 200 85371 "-" "Mozilla/5.0 (compatible; AhrefsBot/7.0; +http://ahrefs.com/robot/)"
157.90.209.79 - - [21/Mar/2024:23:32:22 +0100] "GET /cotton-floor-cushion-jade-p-60768.html HTTP/1.0" 200 84464 "-" "Mozilla/5.0 (compatible; BLEXBot/1.0; +http://webmeup-crawler.com/)"
17.241.219.239 - - [21/Mar/2024:23:32:27 +0100] "GET /images/mini_prod/8422048840806N.jpg HTTP/1.0" 200 270 "-" "Mozilla/5.0 (Macintosh; Intel Mac OS X 10_15_5) AppleWebKit/605.1.15 (KHTML, like Gecko) Version/13.1.1 Safari/605.1.15 (Applebot/0.1; +http://www.apple.com/go/applebot)"
157.90.209.79 - - [21/Mar/2024:23:32:28 +0100] "GET /cotton-floor-cushion-louison-p-51658.html HTTP/1.0" 200 85331 "-" "Mozilla/5.0 (compatible; BLEXBot/1.0; +http://webmeup-crawler.com/)"
157.90.209.79 - - [21/Mar/2024:23:32:33 +0100] "GET /cotton-floor-cushion-navy-blue-p-60769.html HTTP/1.0" 200 84489 "-" "Mozilla/5.0 (compatible; BLEXBot/1.0; +http://webmeup-crawler.com/)"
157.90.209.79 - - [21/Mar/2024:23:32:36 +0100] "GET /cotton-floor-cushion-p-60521.html HTTP/1.0" 200 85064 "-" "Mozilla/5.0 (compatible; BLEXBot/1.0; +http://webmeup-crawler.com/)"
157.90.209.79 - - [21/Mar/2024:23:32:39 +0100] "GET /cotton-floor-cushion-pink-p-60772.html HTTP/1.0" 200 84464 "-" "Mozilla/5.0 (compatible; BLEXBot/1.0; +http://webmeup-crawler.com/)"
157.90.209.79 - - [21/Mar/2024:23:32:43 +0100] "GET /cotton-floor-cushion-yellow-p-44044.html HTTP/1.0" 200 85093 "-" "Mozilla/5.0 (compatible; BLEXBot/1.0; +http://webmeup-crawler.com/)"
157.90.209.79 - - [21/Mar/2024:23:32:47 +0100] "GET /cotton-floor-cushion-yellow-p-48833.html HTTP/1.0" 200 85093 "-" "Mozilla/5.0 (compatible; BLEXBot/1.0; +http://webmeup-crawler.com/)"
157.90.209.79 - - [21/Mar/2024:23:32:53 +0100] "GET /cotton-mattress-boil-p-48988.html HTTP/1.0" 200 84446 "-" "Mozilla/5.0 (compatible; BLEXBot/1.0; +http://webmeup-crawler.com/)"
157.90.209.79 - - [21/Mar/2024:23:33:00 +0100] "GET /cotton-mattress-range-p-49440.html HTTP/1.0" 200 84454 "-" "Mozilla/5.0 (compatible; BLEXBot/1.0; +http://webmeup-crawler.com/)"
157.90.209.79 - - [21/Mar/2024:23:33:04 +0100] "GET /cotton-mustard-cotton-gauze-floor-cushion-p-61700.html HTTP/1.0" 200 85771 "-" "Mozilla/5.0 (compatible; BLEXBot/1.0; +http://webmeup-crawler.com/)"
157.90.209.79 - - [21/Mar/2024:23:33:13 +0100] "GET /cotton-napkin-sold-individually-p-51264.html HTTP/1.0" 200 84419 "-" "Mozilla/5.0 (compatible; BLEXBot/1.0; +http://webmeup-crawler.com/)"
157.90.209.79 - - [21/Mar/2024:23:33:18 +0100] "GET /cotton-napkin-sold-individually-p-51265.html HTTP/1.0" 200 85060 "-" "Mozilla/5.0 (compatible; BLEXBot/1.0; +http://webmeup-crawler.com/)"
157.90.209.79 - - [21/Mar/2024:23:33:23 +0100] "GET /cotton-napkin-sold-individually-p-51266.html HTTP/1.0" 200 85060 "-" "Mozilla/5.0 (compatible; BLEXBot/1.0; +http://webmeup-crawler.com/)"
145.38.192.235 - - [21/Mar/2024:23:33:27 +0100] "GET /images/big_prod/1345544761390.jpg HTTP/1.0" 200 268 "-" "Mozilla/5.0 (X11; Ubuntu; Linux x86_64; rv:72.0) Gecko/20100101 Firefox/72.0"
157.90.209.79 - - [21/Mar/2024:23:33:28 +0100] "GET /cotton-napkin-sold-individually-p-52106.html HTTP/1.0" 200 84420 "-" "Mozilla/5.0 (compatible; BLEXBot/1.0; +http://webmeup-crawler.com/)"
157.90.209.79 - - [21/Mar/2024:23:33:31 +0100] "GET /cotton-napkin-sold-individually-p-52107.html HTTP/1.0" 200 84420 "-" "Mozilla/5.0 (compatible; BLEXBot/1.0; +http://webmeup-crawler.com/)"
54.36.148.251 - - [21/Mar/2024:23:33:34 +0100] "GET /home-decoration-c-13.html?page=93 HTTP/1.0" 200 104493 "-" "Mozilla/5.0 (compatible; AhrefsBot/7.0; +http://ahrefs.com/robot/)"
54.36.148.170 - - [21/Mar/2024:23:33:38 +0100] "GET /images/mini_prod/3520071783369.jpg HTTP/1.0" 200 269 "-" "Mozilla/5.0 (compatible; AhrefsBot/7.0; +http://ahrefs.com/robot/)"
54.36.149.41 - - [21/Mar/2024:23:33:38 +0100] "GET /images/mini_prod/1399984220115B.jpg HTTP/1.0" 200 270 "-" "Mozilla/5.0 (compatible; AhrefsBot/7.0; +http://ahrefs.com/robot/)"
54.36.148.169 - - [21/Mar/2024:23:33:38 +0100] "GET /images/mini_prod/4012677166633.jpg HTTP/1.0" 200 269 "-" "Mozilla/5.0 (compatible; AhrefsBot/7.0; +http://ahrefs.com/robot/)"
157.90.209.79 - - [21/Mar/2024:23:33:36 +0100] "GET /cotton-napkin-sold-individually-p-52108.html HTTP/1.0" 200 84419 "-" "Mozilla/5.0 (compatible; BLEXBot/1.0; +http://webmeup-crawler.com/)"
54.36.149.70 - - [21/Mar/2024:23:33:40 +0100] "GET /images/mini_prod/1399984220153.jpg HTTP/1.0" 200 269 "-" "Mozilla/5.0 (compatible; AhrefsBot/7.0; +http://ahrefs.com/robot/)"
54.36.148.59 - - [21/Mar/2024:23:33:40 +0100] "GET /images/mini_prod/1399984220146B.jpg HTTP/1.0" 200 270 "-" "Mozilla/5.0 (compatible; AhrefsBot/7.0; +http://ahrefs.com/robot/)"
54.36.149.9 - - [21/Mar/2024:23:33:40 +0100] "GET /images/mini_prod/4029811316823.jpg HTTP/1.0" 200 269 "-" "Mozilla/5.0 (compatible; AhrefsBot/7.0; +http://ahrefs.com/robot/)"
157.90.209.79 - - [21/Mar/2024:23:33:41 +0100] "GET /cotton-table-runner-poppies-cornflowers-p-61552.html HTTP/1.0" 200 84585 "-" "Mozilla/5.0 (compatible; BLEXBot/1.0; +http://webmeup-crawler.com/)"
157.90.209.79 - - [21/Mar/2024:23:33:45 +0100] "GET /cotton-table-runner-vibrant-spring-p-61551.html HTTP/1.0" 200 85197 "-" "Mozilla/5.0 (compatible; BLEXBot/1.0; +http://webmeup-crawler.com/)"
157.90.209.79 - - [21/Mar/2024:23:33:51 +0100] "GET /cotton-terracotta-cotton-gauze-floor-cushion-p-61701.html HTTP/1.0" 200 86058 "-" "Mozilla/5.0 (compatible; BLEXBot/1.0; +http://webmeup-crawler.com/)"
157.90.209.79 - - [21/Mar/2024:23:33:54 +0100] "GET /cotton-twill-kitchen-towels-made-portugal-p-61734.html HTTP/1.0" 200 85418 "-" "Mozilla/5.0 (compatible; BLEXBot/1.0; +http://webmeup-crawler.com/)"
157.90.209.79 - - [21/Mar/2024:23:33:58 +0100] "GET /cotton-twill-kitchen-towels-made-portugal-p-61736.html HTTP/1.0" 200 85936 "-" "Mozilla/5.0 (compatible; BLEXBot/1.0; +http://webmeup-crawler.com/)"
157.90.209.79 - - [21/Mar/2024:23:34:04 +0100] "GET /countertop-bell-p-60778.html HTTP/1.0" 200 85012 "-" "Mozilla/5.0 (compatible; BLEXBot/1.0; +http://webmeup-crawler.com/)"
157.90.209.79 - - [21/Mar/2024:23:34:09 +0100] "GET /cozy-rectangular-corduroy-basket-p-59641.html HTTP/1.0" 200 85226 "-" "Mozilla/5.0 (compatible; BLEXBot/1.0; +http://webmeup-crawler.com/)"
157.90.209.79 - - [21/Mar/2024:23:34:21 +0100] "GET /cozy-rectangular-corduroy-basket-p-59642.html HTTP/1.0" 200 85226 "-" "Mozilla/5.0 (compatible; BLEXBot/1.0; +http://webmeup-crawler.com/)"
157.90.209.79 - - [21/Mar/2024:23:34:27 +0100] "GET /cozy-rectangular-corduroy-basket-p-59643.html HTTP/1.0" 200 85439 "-" "Mozilla/5.0 (compatible; BLEXBot/1.0; +http://webmeup-crawler.com/)"
157.90.209.79 - - [21/Mar/2024:23:34:31 +0100] "GET /crasy-allen-cotton-pouch-p-53175.html HTTP/1.0" 200 84357 "-" "Mozilla/5.0 (compatible; BLEXBot/1.0; +http://webmeup-crawler.com/)"
157.90.209.79 - - [21/Mar/2024:23:34:41 +0100] "GET /crasy-allen-cotton-pouch-p-53176.html HTTP/1.0" 200 84357 "-" "Mozilla/5.0 (compatible; BLEXBot/1.0; +http://webmeup-crawler.com/)"
157.90.209.79 - - [21/Mar/2024:23:34:48 +0100] "GET /cream-face-vase-p-57292.html HTTP/1.0" 200 85156 "-" "Mozilla/5.0 (compatible; BLEXBot/1.0; +http://webmeup-crawler.com/)"
157.90.209.79 - - [21/Mar/2024:23:34:54 +0100] "GET /creative-hobbies-coloring-c-129_30.html?page=2 HTTP/1.0" 200 94761 "-" "Mozilla/5.0 (compatible; BLEXBot/1.0; +http://webmeup-crawler.com/)"
54.36.149.34 - - [21/Mar/2024:23:34:55 +0100] "GET /lemon-tray-mango-wood-p-58547.html HTTP/1.0" 200 84950 "-" "Mozilla/5.0 (compatible; AhrefsBot/7.0; +http://ahrefs.com/robot/)"
157.90.209.79 - - [21/Mar/2024:23:35:02 +0100] "GET /crystal-lilac-150g-p-45716.html HTTP/1.0" 200 84427 "-" "Mozilla/5.0 (compatible; BLEXBot/1.0; +http://webmeup-crawler.com/)"
157.55.39.9 - - [21/Mar/2024:23:35:09 +0100] "GET /images/big_prod/1399980107731.jpg HTTP/1.0" 200 268 "-" "Mozilla/5.0 (Windows NT 6.1; WOW64) AppleWebKit/534+ (KHTML, like Gecko) BingPreview/1.0b"
157.90.209.79 - - [21/Mar/2024:23:35:10 +0100] "GET /cuba-cork-coaster-p-40268.html HTTP/1.0" 200 84181 "-" "Mozilla/5.0 (compatible; BLEXBot/1.0; +http://webmeup-crawler.com/)"
157.55.39.9 - - [21/Mar/2024:23:35:18 +0100] "GET /images/big_prod/1399980107731.jpg HTTP/1.0" 200 268 "-" "Mozilla/5.0 (Windows NT 6.1; WOW64) AppleWebKit/534+ (KHTML, like Gecko) BingPreview/1.0b"
157.90.209.79 - - [21/Mar/2024:23:35:25 +0100] "GET /cuba-mouse-cbkreation-p-29813.html HTTP/1.0" 200 84279 "-" "Mozilla/5.0 (compatible; BLEXBot/1.0; +http://webmeup-crawler.com/)"
157.90.209.79 - - [21/Mar/2024:23:35:31 +0100] "GET /cuba-pencil-p-50323.html HTTP/1.0" 200 84234 "-" "Mozilla/5.0 (compatible; BLEXBot/1.0; +http://webmeup-crawler.com/)"
172.203.163.27 - - [21/Mar/2024:23:35:36 +0100] "GET /images/mini_prod/3661443612495.jpg HTTP/1.0" 200 269 "-" "Mozilla/5.0 (Windows NT 10.0; Win64; x64) AppleWebKit/537.36 (KHTML, like Gecko) Chrome/103.0.0.0 Safari/537.36"
157.90.209.79 - - [21/Mar/2024:23:35:40 +0100] "GET /cubi-door-wood-amateurs-bons-p-56788.html HTTP/1.0" 200 85043 "-" "Mozilla/5.0 (compatible; BLEXBot/1.0; +http://webmeup-crawler.com/)"
51.68.224.127 - - [21/Mar/2024:23:35:40 +0100] "GET /adminweb/export_orders_xml.php?token=256de2z6edz6ed2z6DFSFsed2zed6zeDSFDSGdzedezfzf&maxorders=10&orderstart=1&status=14&start_date=2018-10-01 HTTP/1.0" 200 285 "-" "GesCom CharlotteBoutik Serveur"
51.68.224.127 - - [21/Mar/2024:23:35:41 +0100] "GET /adminweb/export_orders_xml.php?token=256de2z6edz6ed2z6DFSFsed2zed6zeDSFDSGdzedezfzf&maxorders=10&orderstart=1&status=6&start_date=2018-10-01 HTTP/1.0" 200 34517 "-" "GesCom CharlotteBoutik Serveur"
157.90.209.79 - - [21/Mar/2024:23:35:44 +0100] "GET /cubi-door-wood-copains-abord-p-56140.html HTTP/1.0" 200 85062 "-" "Mozilla/5.0 (compatible; BLEXBot/1.0; +http://webmeup-crawler.com/)"
157.90.209.79 - - [21/Mar/2024:23:35:48 +0100] "GET /cubi-door-wood-copines-p-56138.html HTTP/1.0" 200 85028 "-" "Mozilla/5.0 (compatible; BLEXBot/1.0; +http://webmeup-crawler.com/)"
157.90.209.79 - - [21/Mar/2024:23:35:53 +0100] "GET /cubi-door-wood-place-apro-p-56139.html HTTP/1.0" 200 85028 "-" "Mozilla/5.0 (compatible; BLEXBot/1.0; +http://webmeup-crawler.com/)"
157.90.209.79 - - [21/Mar/2024:23:35:59 +0100] "GET /cupcakes-cushion-personalized-picture-p-16981.html HTTP/1.0" 200 85114 "-" "Mozilla/5.0 (compatible; BLEXBot/1.0; +http://webmeup-crawler.com/)"
119.8.242.38 - - [21/Mar/2024:23:36:03 +0100] "GET /images/mini_prod/1384010206935.jpg HTTP/1.0" 200 269 "-" "Mozilla/5.0 (X11; Ubuntu; Linux x86_64; rv:72.0) Gecko/20100101 Firefox/72.0"
157.90.209.79 - - [21/Mar/2024:23:36:05 +0100] "GET /cupcakes-small-white-cushion-with-personalized-picture-p-16982.html HTTP/1.0" 200 85273 "-" "Mozilla/5.0 (compatible; BLEXBot/1.0; +http://webmeup-crawler.com/)"
172.191.241.137 - - [21/Mar/2024:23:36:11 +0100] "GET /images/big_prod_1/1399986106899N.jpg HTTP/1.0" 200 271 "-" "Mozilla/5.0 (Windows NT 10.0; Win64; x64) AppleWebKit/537.36 (KHTML, like Gecko) Chrome/103.0.0.0 Safari/537.36"
54.36.148.33 - - [21/Mar/2024:23:36:10 +0100] "GET /home-decoration-c-13.html?page=92 HTTP/1.0" 200 103771 "-" "Mozilla/5.0 (compatible; AhrefsBot/7.0; +http://ahrefs.com/robot/)"
157.90.209.79 - - [21/Mar/2024:23:36:11 +0100] "GET /curry-polyester-round-chair-cushion-p-55088.html HTTP/1.0" 200 85001 "-" "Mozilla/5.0 (compatible; BLEXBot/1.0; +http://webmeup-crawler.com/)"
157.90.209.79 - - [21/Mar/2024:23:36:18 +0100] "GET /curtains-lace-curtains-c-11_69.html?page=2 HTTP/1.0" 200 100597 "-" "Mozilla/5.0 (compatible; BLEXBot/1.0; +http://webmeup-crawler.com/)"
157.90.209.79 - - [21/Mar/2024:23:36:22 +0100] "GET /cushion-cover-amazonas-green-p-61674.html HTTP/1.0" 200 85974 "-" "Mozilla/5.0 (compatible; BLEXBot/1.0; +http://webmeup-crawler.com/)"
157.90.209.79 - - [21/Mar/2024:23:36:26 +0100] "GET /cushion-cover-boho-p-49957.html HTTP/1.0" 200 84523 "-" "Mozilla/5.0 (compatible; BLEXBot/1.0; +http://webmeup-crawler.com/)"
157.90.209.79 - - [21/Mar/2024:23:36:30 +0100] "GET /cushion-cover-cement-tiles-p-49958.html HTTP/1.0" 200 85197 "-" "Mozilla/5.0 (compatible; BLEXBot/1.0; +http://webmeup-crawler.com/)"
157.90.209.79 - - [21/Mar/2024:23:36:34 +0100] "GET /cushion-cover-cement-tiles-p-56313.html HTTP/1.0" 200 85184 "-" "Mozilla/5.0 (compatible; BLEXBot/1.0; +http://webmeup-crawler.com/)"
157.90.209.79 - - [21/Mar/2024:23:36:43 +0100] "GET /cushion-cover-cement-tiles-p-56314.html HTTP/1.0" 200 85183 "-" "Mozilla/5.0 (compatible; BLEXBot/1.0; +http://webmeup-crawler.com/)"
157.90.209.79 - - [21/Mar/2024:23:36:47 +0100] "GET /cushion-cover-cement-tiles-p-56315.html HTTP/1.0" 200 85194 "-" "Mozilla/5.0 (compatible; BLEXBot/1.0; +http://webmeup-crawler.com/)"
175.6.217.4 - - [21/Mar/2024:23:36:50 +0100] "GET / HTTP/1.0" 301 511 "-" "Mozilla/5.0 (iPhone; CPU iPhone OS 13_2_3 like Mac OS X) AppleWebKit/605.1.15 (KHTML, like Gecko) Version/13.0.3 Mobile/15E148 Safari/604.1"
157.90.209.79 - - [21/Mar/2024:23:36:52 +0100] "GET /cushion-cover-ecru-p-43147.html HTTP/1.0" 200 85207 "-" "Mozilla/5.0 (compatible; BLEXBot/1.0; +http://webmeup-crawler.com/)"
175.6.217.4 - - [21/Mar/2024:23:36:52 +0100] "GET / HTTP/1.0" 200 163415 "http://wonder-geek.com" "Mozilla/5.0 (iPhone; CPU iPhone OS 13_2_3 like Mac OS X) AppleWebKit/605.1.15 (KHTML, like Gecko) Version/13.0.3 Mobile/15E148 Safari/604.1"
157.90.209.79 - - [21/Mar/2024:23:36:56 +0100] "GET /cushion-cover-ethnik-p-49952.html HTTP/1.0" 200 85154 "-" "Mozilla/5.0 (compatible; BLEXBot/1.0; +http://webmeup-crawler.com/)"
157.90.209.79 - - [21/Mar/2024:23:36:59 +0100] "GET /cushion-cover-flamingos-p-55153.html HTTP/1.0" 200 85162 "-" "Mozilla/5.0 (compatible; BLEXBot/1.0; +http://webmeup-crawler.com/)"
172.203.161.66 - - [21/Mar/2024:23:37:03 +0100] "GET /images/mini_prod/8432193202787.jpg HTTP/1.0" 200 269 "-" "Mozilla/5.0 (Windows NT 10.0; Win64; x64) AppleWebKit/537.36 (KHTML, like Gecko) Chrome/103.0.0.0 Safari/537.36"
157.90.209.79 - - [21/Mar/2024:23:37:02 +0100] "GET /cushion-cover-leaf-p-52020.html HTTP/1.0" 200 85129 "-" "Mozilla/5.0 (compatible; BLEXBot/1.0; +http://webmeup-crawler.com/)"
157.90.209.79 - - [21/Mar/2024:23:37:07 +0100] "GET /cushion-cover-macaco-p-61672.html HTTP/1.0" 200 85875 "-" "Mozilla/5.0 (compatible; BLEXBot/1.0; +http://webmeup-crawler.com/)"
157.90.209.79 - - [21/Mar/2024:23:37:11 +0100] "GET /cushion-cover-p-43616.html HTTP/1.0" 200 85052 "-" "Mozilla/5.0 (compatible; BLEXBot/1.0; +http://webmeup-crawler.com/)"
157.90.209.79 - - [21/Mar/2024:23:37:17 +0100] "GET /cushion-cover-p-52123.html HTTP/1.0" 200 84470 "-" "Mozilla/5.0 (compatible; BLEXBot/1.0; +http://webmeup-crawler.com/)"
157.90.209.79 - - [21/Mar/2024:23:37:23 +0100] "GET /cushion-cover-tara-duck-color-p-61673.html HTTP/1.0" 200 85997 "-" "Mozilla/5.0 (compatible; BLEXBot/1.0; +http://webmeup-crawler.com/)"
157.90.209.79 - - [21/Mar/2024:23:37:27 +0100] "GET /cushion-cover-toucan-p-51899.html HTTP/1.0" 200 85143 "-" "Mozilla/5.0 (compatible; BLEXBot/1.0; +http://webmeup-crawler.com/)"
54.36.148.199 - - [21/Mar/2024:23:37:26 +0100] "GET /meditation-yoga-cushions-c-11_71_317.html HTTP/1.0" 200 99659 "-" "Mozilla/5.0 (compatible; AhrefsBot/7.0; +http://ahrefs.com/robot/)"
157.90.209.79 - - [21/Mar/2024:23:37:32 +0100] "GET /cushion-covers-c-11_71_284.html?page=2 HTTP/1.0" 200 89700 "-" "Mozilla/5.0 (compatible; BLEXBot/1.0; +http://webmeup-crawler.com/)"
157.90.209.79 - - [21/Mar/2024:23:37:37 +0100] "GET /cushion-upholstery-cover-p-56065.html HTTP/1.0" 200 84529 "-" "Mozilla/5.0 (compatible; BLEXBot/1.0; +http://webmeup-crawler.com/)"
216.244.66.242 - - [21/Mar/2024:23:37:40 +0100] "GET /robots.txt HTTP/1.0" 301 531 "-" "Mozilla/5.0 (compatible; DotBot/1.2; +https://opensiteexplorer.org/dotbot; help@moz.com)"
216.244.66.242 - - [21/Mar/2024:23:37:40 +0100] "GET /robots.txt HTTP/1.0" 200 245 "-" "Mozilla/5.0 (compatible; DotBot/1.2; +https://opensiteexplorer.org/dotbot; help@moz.com)"
216.244.66.242 - - [21/Mar/2024:23:37:40 +0100] "GET /robots.txt HTTP/1.0" 200 245 "-" "Mozilla/5.0 (compatible; DotBot/1.2; +https://opensiteexplorer.org/dotbot; help@moz.com)"
157.90.209.79 - - [21/Mar/2024:23:37:41 +0100] "GET /cushion-upholstery-cover-p-56066.html HTTP/1.0" 200 84529 "-" "Mozilla/5.0 (compatible; BLEXBot/1.0; +http://webmeup-crawler.com/)"
157.90.209.79 - - [21/Mar/2024:23:37:46 +0100] "GET /cushion-upholstery-cover-p-56959.html HTTP/1.0" 200 84548 "-" "Mozilla/5.0 (compatible; BLEXBot/1.0; +http://webmeup-crawler.com/)"
17.241.219.48 - - [21/Mar/2024:23:37:48 +0100] "GET /images/4895028507718.jpg HTTP/1.0" 200 259 "-" "Mozilla/5.0 (Macintosh; Intel Mac OS X 10_15_5) AppleWebKit/605.1.15 (KHTML, like Gecko) Version/13.1.1 Safari/605.1.15 (Applebot/0.1; +http://www.apple.com/go/applebot)"
157.90.209.79 - - [21/Mar/2024:23:37:50 +0100] "GET /cushion-upholstery-cover-p-58290.html HTTP/1.0" 200 84529 "-" "Mozilla/5.0 (compatible; BLEXBot/1.0; +http://webmeup-crawler.com/)"
157.90.209.79 - - [21/Mar/2024:23:37:54 +0100] "GET /cushion-upholstery-cover-p-59787.html HTTP/1.0" 200 85161 "-" "Mozilla/5.0 (compatible; BLEXBot/1.0; +http://webmeup-crawler.com/)"
157.90.209.79 - - [21/Mar/2024:23:38:02 +0100] "GET /cushions-c-11_71_283.html?page=2 HTTP/1.0" 200 102816 "-" "Mozilla/5.0 (compatible; BLEXBot/1.0; +http://webmeup-crawler.com/)"
157.90.209.79 - - [21/Mar/2024:23:38:07 +0100] "GET /cushions-c-11_71_283.html?page=3 HTTP/1.0" 200 90920 "-" "Mozilla/5.0 (compatible; BLEXBot/1.0; +http://webmeup-crawler.com/)"
157.90.209.79 - - [21/Mar/2024:23:38:13 +0100] "GET /cushions-draft-excluders-c-11_71_316.html?page=2 HTTP/1.0" 200 93813 "-" "Mozilla/5.0 (compatible; BLEXBot/1.0; +http://webmeup-crawler.com/)"
157.90.209.79 - - [21/Mar/2024:23:38:16 +0100] "GET /cushions-floor-cushions-cushion-covers-c-11_71.html?page=10 HTTP/1.0" 200 93437 "-" "Mozilla/5.0 (compatible; BLEXBot/1.0; +http://webmeup-crawler.com/)"
157.90.209.79 - - [21/Mar/2024:23:38:20 +0100] "GET /cushions-floor-cushions-cushion-covers-c-11_71.html?page=2 HTTP/1.0" 200 105058 "-" "Mozilla/5.0 (compatible; BLEXBot/1.0; +http://webmeup-crawler.com/)"
157.90.209.79 - - [21/Mar/2024:23:38:29 +0100] "GET /cushions-floor-cushions-cushion-covers-c-11_71.html?page=3 HTTP/1.0" 200 103801 "-" "Mozilla/5.0 (compatible; BLEXBot/1.0; +http://webmeup-crawler.com/)"
157.90.209.79 - - [21/Mar/2024:23:38:35 +0100] "GET /cushions-floor-cushions-cushion-covers-c-11_71.html?page=4 HTTP/1.0" 200 105013 "-" "Mozilla/5.0 (compatible; BLEXBot/1.0; +http://webmeup-crawler.com/)"
54.36.148.213 - - [21/Mar/2024:23:38:38 +0100] "GET /merite-biere-metal-tray-p-53579.html HTTP/1.0" 200 85175 "-" "Mozilla/5.0 (compatible; AhrefsBot/7.0; +http://ahrefs.com/robot/)"
54.36.148.218 - - [21/Mar/2024:23:38:41 +0100] "GET /images/big_prod_2/3700281645187b.jpg HTTP/1.0" 200 271 "-" "Mozilla/5.0 (compatible; AhrefsBot/7.0; +http://ahrefs.com/robot/)"
54.36.149.58 - - [21/Mar/2024:23:38:41 +0100] "GET /images/big_prod/3700281645187.jpg HTTP/1.0" 200 268 "-" "Mozilla/5.0 (compatible; AhrefsBot/7.0; +http://ahrefs.com/robot/)"
54.36.149.45 - - [21/Mar/2024:23:38:41 +0100] "GET /images/big_prod_1/3700281645187a.jpg HTTP/1.0" 200 271 "-" "Mozilla/5.0 (compatible; AhrefsBot/7.0; +http://ahrefs.com/robot/)"
157.90.209.79 - - [21/Mar/2024:23:38:39 +0100] "GET /cushions-floor-cushions-cushion-covers-c-11_71.html?page=5 HTTP/1.0" 200 104558 "-" "Mozilla/5.0 (compatible; BLEXBot/1.0; +http://webmeup-crawler.com/)"
157.90.209.79 - - [21/Mar/2024:23:38:45 +0100] "GET /cushions-floor-cushions-cushion-covers-c-11_71.html?page=6 HTTP/1.0" 200 104560 "-" "Mozilla/5.0 (compatible; BLEXBot/1.0; +http://webmeup-crawler.com/)"
5.255.231.10 - - [21/Mar/2024:23:38:50 +0100] "GET /dora-the-explorer-pair-of-socks-19-22-p-25348.html HTTP/1.0" 301 81961 "-" "Mozilla/5.0 (compatible; YandexBot/3.0; +http://yandex.com/bots)"
157.90.209.79 - - [21/Mar/2024:23:38:52 +0100] "GET /cushions-floor-cushions-cushion-covers-c-11_71.html?page=7 HTTP/1.0" 200 104799 "-" "Mozilla/5.0 (compatible; BLEXBot/1.0; +http://webmeup-crawler.com/)"
157.90.209.79 - - [21/Mar/2024:23:39:00 +0100] "GET /cushions-floor-cushions-cushion-covers-c-11_71.html?page=8 HTTP/1.0" 200 105009 "-" "Mozilla/5.0 (compatible; BLEXBot/1.0; +http://webmeup-crawler.com/)"
157.90.209.79 - - [21/Mar/2024:23:39:06 +0100] "GET /cushions-floor-cushions-cushion-covers-c-11_71.html?page=9 HTTP/1.0" 200 105581 "-" "Mozilla/5.0 (compatible; BLEXBot/1.0; +http://webmeup-crawler.com/)"
5.255.231.141 - - [21/Mar/2024:23:39:08 +0100] "GET /-p-25348.html HTTP/1.0" 200 81894 "-" "Mozilla/5.0 (compatible; YandexBot/3.0; +http://yandex.com/bots)"
157.90.209.79 - - [21/Mar/2024:23:39:11 +0100] "GET /cyrielle-bedclothes-p-58442.html HTTP/1.0" 200 84977 "-" "Mozilla/5.0 (compatible; BLEXBot/1.0; +http://webmeup-crawler.com/)"
157.90.209.79 - - [21/Mar/2024:23:39:16 +0100] "GET /daisy-duck-figure-p-2857.html HTTP/1.0" 200 84314 "-" "Mozilla/5.0 (compatible; BLEXBot/1.0; +http://webmeup-crawler.com/)"
157.90.209.79 - - [21/Mar/2024:23:39:22 +0100] "GET /daisy-duck-hair-ornements-p-19277.html HTTP/1.0" 200 86867 "-" "Mozilla/5.0 (compatible; BLEXBot/1.0; +http://webmeup-crawler.com/)"
157.90.209.79 - - [21/Mar/2024:23:39:27 +0100] "GET /daisy-duck-sports-bottle-p-25065.html HTTP/1.0" 200 85084 "-" "Mozilla/5.0 (compatible; BLEXBot/1.0; +http://webmeup-crawler.com/)"
157.90.209.79 - - [21/Mar/2024:23:39:31 +0100] "GET /dalmatian-cushion-p-40177.html HTTP/1.0" 200 84379 "-" "Mozilla/5.0 (compatible; BLEXBot/1.0; +http://webmeup-crawler.com/)"
157.90.209.79 - - [21/Mar/2024:23:39:34 +0100] "GET /dalmatian-pill-p-32054.html HTTP/1.0" 200 84345 "-" "Mozilla/5.0 (compatible; BLEXBot/1.0; +http://webmeup-crawler.com/)"
157.90.209.79 - - [21/Mar/2024:23:39:40 +0100] "GET /damask-shower-curtain-p-52460.html HTTP/1.0" 200 84969 "-" "Mozilla/5.0 (compatible; BLEXBot/1.0; +http://webmeup-crawler.com/)"
157.90.209.79 - - [21/Mar/2024:23:39:44 +0100] "GET /dameron-miniature-character-p-32466.html HTTP/1.0" 200 84500 "-" "Mozilla/5.0 (compatible; BLEXBot/1.0; +http://webmeup-crawler.com/)"
157.90.209.79 - - [21/Mar/2024:23:39:48 +0100] "GET /dancer-ballerina-jewelry-phosphorescent-p-50832.html HTTP/1.0" 200 85638 "-" "Mozilla/5.0 (compatible; BLEXBot/1.0; +http://webmeup-crawler.com/)"
172.203.163.27 - - [21/Mar/2024:23:39:51 +0100] "GET /images/mini_prod/3612875123530.jpg HTTP/1.0" 200 269 "-" "Mozilla/5.0 (Windows NT 10.0; Win64; x64) AppleWebKit/537.36 (KHTML, like Gecko) Chrome/103.0.0.0 Safari/537.36"
54.36.148.52 - - [21/Mar/2024:23:39:55 +0100] "GET /decorative-wooden-plate-chien-mchant-blue-p-60221.html HTTP/1.0" 200 85494 "-" "Mozilla/5.0 (compatible; AhrefsBot/7.0; +http://ahrefs.com/robot/)"
157.90.209.79 - - [21/Mar/2024:23:39:55 +0100] "GET /dancer-jewelery-p-42718.html HTTP/1.0" 200 84988 "-" "Mozilla/5.0 (compatible; BLEXBot/1.0; +http://webmeup-crawler.com/)"
157.90.209.79 - - [21/Mar/2024:23:40:02 +0100] "GET /dancing-music-little-prince-p-53240.html HTTP/1.0" 200 85151 "-" "Mozilla/5.0 (compatible; BLEXBot/1.0; +http://webmeup-crawler.com/)"
157.90.209.79 - - [21/Mar/2024:23:40:09 +0100] "GET /dancing-music-peter-rabbit-p-56590.html HTTP/1.0" 200 85409 "-" "Mozilla/5.0 (compatible; BLEXBot/1.0; +http://webmeup-crawler.com/)"
157.90.209.79 - - [21/Mar/2024:23:40:15 +0100] "GET /dark-blue-polyester-round-chair-cushion-p-60654.html HTTP/1.0" 200 85018 "-" "Mozilla/5.0 (compatible; BLEXBot/1.0; +http://webmeup-crawler.com/)"
157.90.209.79 - - [21/Mar/2024:23:40:20 +0100] "GET /dark-cutie-dude-women-shirt-white-p-60751.html HTTP/1.0" 200 84408 "-" "Mozilla/5.0 (compatible; BLEXBot/1.0; +http://webmeup-crawler.com/)"
157.90.209.79 - - [21/Mar/2024:23:40:23 +0100] "GET /dark-dudes-doggy-dude-pencil-case-p-6152.html HTTP/1.0" 200 84493 "-" "Mozilla/5.0 (compatible; BLEXBot/1.0; +http://webmeup-crawler.com/)"
157.90.209.79 - - [21/Mar/2024:23:40:28 +0100] "GET /dark-gray-sandstone-lamp-p-56457.html HTTP/1.0" 200 85007 "-" "Mozilla/5.0 (compatible; BLEXBot/1.0; +http://webmeup-crawler.com/)"
157.90.209.79 - - [21/Mar/2024:23:40:31 +0100] "GET /deco-soapstone-tree-life-blue-p-53789.html HTTP/1.0" 200 85184 "-" "Mozilla/5.0 (compatible; BLEXBot/1.0; +http://webmeup-crawler.com/)"
157.90.209.79 - - [21/Mar/2024:23:40:36 +0100] "GET /deco-soapstone-tree-life-orange-p-53791.html HTTP/1.0" 200 85202 "-" "Mozilla/5.0 (compatible; BLEXBot/1.0; +http://webmeup-crawler.com/)"
