157.90.209.79 - - [21/Mar/2024:23:40:42 +0100] "GET /deco-soapstone-tree-life-purple-p-53790.html HTTP/1.0" 200 85202 "-" "Mozilla/5.0 (compatible; BLEXBot/1.0; +http://webmeup-crawler.com/)"
157.90.209.79 - - [21/Mar/2024:23:40:50 +0100] "GET /decoration-african-water-carrier-p-55776.html HTTP/1.0" 200 85102 "-" "Mozilla/5.0 (compatible; BLEXBot/1.0; +http://webmeup-crawler.com/)"
157.90.209.79 - - [21/Mar/2024:23:41:03 +0100] "GET /decoration-african-woman-p-50492.html HTTP/1.0" 200 84396 "-" "Mozilla/5.0 (compatible; BLEXBot/1.0; +http://webmeup-crawler.com/)"
157.90.209.79 - - [21/Mar/2024:23:41:08 +0100] "GET /decoration-african-woman-p-53032.html HTTP/1.0" 200 84396 "-" "Mozilla/5.0 (compatible; BLEXBot/1.0; +http://webmeup-crawler.com/)"
157.90.209.79 - - [21/Mar/2024:23:41:14 +0100] "GET /decoration-buddhist-monk-prayer-p-59834.html HTTP/1.0" 200 85591 "-" "Mozilla/5.0 (compatible; BLEXBot/1.0; +http://webmeup-crawler.com/)"
54.36.149.50 - - [21/Mar/2024:23:41:16 +0100] "GET /dishes-c-12.html?page=57 HTTP/1.0" 200 103934 "-" "Mozilla/5.0 (compatible; AhrefsBot/7.0; +http://ahrefs.com/robot/)"
157.90.209.79 - - [21/Mar/2024:23:41:19 +0100] "GET /decoration-ethnic-mask-aged-gold-look-p-57644.html HTTP/1.0" 200 85268 "-" "Mozilla/5.0 (compatible; BLEXBot/1.0; +http://webmeup-crawler.com/)"
54.36.148.59 - - [21/Mar/2024:23:41:21 +0100] "GET /images/mini_prod/3503420059766C.jpg HTTP/1.0" 200 270 "-" "Mozilla/5.0 (compatible; AhrefsBot/7.0; +http://ahrefs.com/robot/)"
157.90.209.79 - - [21/Mar/2024:23:41:26 +0100] "GET /decoration-ethnic-mask-aged-gold-look-p-57645.html HTTP/1.0" 200 85238 "-" "Mozilla/5.0 (compatible; BLEXBot/1.0; +http://webmeup-crawler.com/)"
157.90.209.79 - - [21/Mar/2024:23:41:32 +0100] "GET /decoration-hippos-p-21332.html HTTP/1.0" 200 84689 "-" "Mozilla/5.0 (compatible; BLEXBot/1.0; +http://webmeup-crawler.com/)"
157.90.209.79 - - [21/Mar/2024:23:41:39 +0100] "GET /decoration-hourglass-glass-sand-glitter-black-p-53617.html HTTP/1.0" 200 84533 "-" "Mozilla/5.0 (compatible; BLEXBot/1.0; +http://webmeup-crawler.com/)"
157.90.209.79 - - [21/Mar/2024:23:41:45 +0100] "GET /decoration-long-ethnic-mask-aged-gold-look-p-49879.html HTTP/1.0" 200 85205 "-" "Mozilla/5.0 (compatible; BLEXBot/1.0; +http://webmeup-crawler.com/)"
157.90.209.79 - - [21/Mar/2024:23:41:51 +0100] "GET /decoration-mask-ethnic-aspect-aged-metal-p-49874.html HTTP/1.0" 200 85206 "-" "Mozilla/5.0 (compatible; BLEXBot/1.0; +http://webmeup-crawler.com/)"
157.90.209.79 - - [21/Mar/2024:23:41:59 +0100] "GET /decoration-pose-small-monks-p-60104.html HTTP/1.0" 200 84451 "-" "Mozilla/5.0 (compatible; BLEXBot/1.0; +http://webmeup-crawler.com/)"
157.90.209.79 - - [21/Mar/2024:23:42:04 +0100] "GET /decoration-thermometers-c-13_145.html?page=2 HTTP/1.0" 200 95681 "-" "Mozilla/5.0 (compatible; BLEXBot/1.0; +http://webmeup-crawler.com/)"
157.90.209.79 - - [21/Mar/2024:23:42:14 +0100] "GET /decoration-trees-p-21333.html HTTP/1.0" 200 84699 "-" "Mozilla/5.0 (compatible; BLEXBot/1.0; +http://webmeup-crawler.com/)"
118.217.7.46 - - [21/Mar/2024:23:42:31 +0100] "GET /images/mini_prod/8424001278886.jpg HTTP/1.0" 200 269 "-" "Mozilla/5.0 (X11; Ubuntu; Linux x86_64; rv:72.0) Gecko/20100101 Firefox/72.0"
157.90.209.79 - - [21/Mar/2024:23:42:30 +0100] "GET /decoration-world-p-48248.html HTTP/1.0" 200 84282 "-" "Mozilla/5.0 (compatible; BLEXBot/1.0; +http://webmeup-crawler.com/)"
54.36.148.254 - - [21/Mar/2024:23:42:33 +0100] "GET /kitchen-towel-storing-winter-p-58545.html HTTP/1.0" 200 85610 "-" "Mozilla/5.0 (compatible; AhrefsBot/7.0; +http://ahrefs.com/robot/)"
157.90.209.79 - - [21/Mar/2024:23:42:34 +0100] "GET /decoration-world-p-51092.html HTTP/1.0" 200 84282 "-" "Mozilla/5.0 (compatible; BLEXBot/1.0; +http://webmeup-crawler.com/)"
157.90.209.79 - - [21/Mar/2024:23:42:38 +0100] "GET /decoration-world-p-59126.html HTTP/1.0" 200 84875 "-" "Mozilla/5.0 (compatible; BLEXBot/1.0; +http://webmeup-crawler.com/)"
157.90.209.79 - - [21/Mar/2024:23:42:44 +0100] "GET /decoration-young-african-girl-p-55775.html HTTP/1.0" 200 85090 "-" "Mozilla/5.0 (compatible; BLEXBot/1.0; +http://webmeup-crawler.com/)"
157.90.209.79 - - [21/Mar/2024:23:42:50 +0100] "GET /decoration-young-african-p-55774.html HTTP/1.0" 200 85068 "-" "Mozilla/5.0 (compatible; BLEXBot/1.0; +http://webmeup-crawler.com/)"
157.90.209.79 - - [21/Mar/2024:23:42:55 +0100] "GET /decorations-c-13_89.html?page=2 HTTP/1.0" 200 102692 "-" "Mozilla/5.0 (compatible; BLEXBot/1.0; +http://webmeup-crawler.com/)"
157.90.209.79 - - [21/Mar/2024:23:43:09 +0100] "GET /decorations-c-13_89.html?page=3 HTTP/1.0" 200 102669 "-" "Mozilla/5.0 (compatible; BLEXBot/1.0; +http://webmeup-crawler.com/)"
17.241.227.17 - - [21/Mar/2024:23:43:14 +0100] "GET /images/mini_prod/encensganesh.jpg HTTP/1.0" 200 268 "-" "Mozilla/5.0 (Macintosh; Intel Mac OS X 10_15_5) AppleWebKit/605.1.15 (KHTML, like Gecko) Version/13.1.1 Safari/605.1.15 (Applebot/0.1; +http://www.apple.com/go/applebot)"
157.90.209.79 - - [21/Mar/2024:23:43:16 +0100] "GET /decorations-c-13_89.html?page=4 HTTP/1.0" 200 95887 "-" "Mozilla/5.0 (compatible; BLEXBot/1.0; +http://webmeup-crawler.com/)"
207.46.13.154 - - [21/Mar/2024:23:43:18 +0100] "GET /metal-clock-p-47984.html HTTP/1.0" 301 81961 "-" "Mozilla/5.0 AppleWebKit/537.36 (KHTML, like Gecko; compatible; bingbot/2.0; +http://www.bing.com/bingbot.htm) Chrome/116.0.1938.76 Safari/537.36"
52.167.144.12 - - [21/Mar/2024:23:43:22 +0100] "GET /images/mini_prod/8422069057597.jpg HTTP/1.0" 200 269 "-" "Mozilla/5.0 AppleWebKit/537.36 (KHTML, like Gecko; compatible; bingbot/2.0; +http://www.bing.com/bingbot.htm) Chrome/116.0.1938.76 Safari/537.36"
157.90.209.79 - - [21/Mar/2024:23:43:24 +0100] "GET /decorative-blue-globe-p-45095.html HTTP/1.0" 200 84312 "-" "Mozilla/5.0 (compatible; BLEXBot/1.0; +http://webmeup-crawler.com/)"
52.167.144.176 - - [21/Mar/2024:23:43:27 +0100] "GET /products_new.php HTTP/1.0" 200 106078 "-" "Mozilla/5.0 AppleWebKit/537.36 (KHTML, like Gecko; compatible; bingbot/2.0; +http://www.bing.com/bingbot.htm) Chrome/116.0.1938.76 Safari/537.36"
157.90.209.79 - - [21/Mar/2024:23:43:30 +0100] "GET /decorative-candles-c-231_227_352.html?page=2 HTTP/1.0" 200 103077 "-" "Mozilla/5.0 (compatible; BLEXBot/1.0; +http://webmeup-crawler.com/)"
157.90.209.79 - - [21/Mar/2024:23:43:35 +0100] "GET /decorative-candles-c-231_227_352.html?page=3 HTTP/1.0" 200 100349 "-" "Mozilla/5.0 (compatible; BLEXBot/1.0; +http://webmeup-crawler.com/)"
157.90.209.79 - - [21/Mar/2024:23:43:42 +0100] "GET /decorative-carpets-c-11_269_167.html?page=2 HTTP/1.0" 200 101916 "-" "Mozilla/5.0 (compatible; BLEXBot/1.0; +http://webmeup-crawler.com/)"
157.90.209.79 - - [21/Mar/2024:23:43:48 +0100] "GET /decorative-carpets-c-11_269_167.html?page=3 HTTP/1.0" 200 101789 "-" "Mozilla/5.0 (compatible; BLEXBot/1.0; +http://webmeup-crawler.com/)"
157.90.209.79 - - [21/Mar/2024:23:43:55 +0100] "GET /decorative-carpets-c-11_269_167.html?page=4 HTTP/1.0" 200 95243 "-" "Mozilla/5.0 (compatible; BLEXBot/1.0; +http://webmeup-crawler.com/)"
157.90.209.79 - - [21/Mar/2024:23:43:59 +0100] "GET /decorative-cotton-hearts-hang-adelaide-p-59741.html HTTP/1.0" 200 85513 "-" "Mozilla/5.0 (compatible; BLEXBot/1.0; +http://webmeup-crawler.com/)"
54.36.148.102 - - [21/Mar/2024:23:44:02 +0100] "GET /heart-home-animated-candle-carousel-gift-p-59021.html HTTP/1.0" 200 85985 "-" "Mozilla/5.0 (compatible; AhrefsBot/7.0; +http://ahrefs.com/robot/)"
157.90.209.79 - - [21/Mar/2024:23:44:03 +0100] "GET /decorative-cotton-hearts-hang-bonnie-p-57684.html HTTP/1.0" 200 85480 "-" "Mozilla/5.0 (compatible; BLEXBot/1.0; +http://webmeup-crawler.com/)"
17.241.227.79 - - [21/Mar/2024:23:44:06 +0100] "GET /images/mini_prod/8422019037303D.jpg HTTP/1.0" 200 270 "-" "Mozilla/5.0 (Macintosh; Intel Mac OS X 10_15_5) AppleWebKit/605.1.15 (KHTML, like Gecko) Version/13.1.1 Safari/605.1.15 (Applebot/0.1; +http://www.apple.com/go/applebot)"
40.77.167.108 - - [21/Mar/2024:23:44:06 +0100] "GET /robots.txt HTTP/1.0" 200 245 "-" "Mozilla/5.0 AppleWebKit/537.36 (KHTML, like Gecko; compatible; bingbot/2.0; +http://www.bing.com/bingbot.htm) Chrome/116.0.1938.76 Safari/537.36"
52.167.144.226 - - [21/Mar/2024:23:44:07 +0100] "GET /images/mini_prod/5400924022280.jpg HTTP/1.0" 200 269 "-" "Mozilla/5.0 AppleWebKit/537.36 (KHTML, like Gecko; compatible; bingbot/2.0; +http://www.bing.com/bingbot.htm) Chrome/116.0.1938.76 Safari/537.36"
157.90.209.79 - - [21/Mar/2024:23:44:07 +0100] "GET /decorative-cotton-hearts-hang-pauline-p-56794.html HTTP/1.0" 200 85501 "-" "Mozilla/5.0 (compatible; BLEXBot/1.0; +http://webmeup-crawler.com/)"
54.36.149.5 - - [21/Mar/2024:23:44:09 +0100] "GET /images/big_prod_2/5051276459417a.jpg HTTP/1.0" 200 271 "-" "Mozilla/5.0 (compatible; AhrefsBot/7.0; +http://ahrefs.com/robot/)"
54.36.149.85 - - [21/Mar/2024:23:44:09 +0100] "GET /images/big_prod_1/5051276459202b.jpg HTTP/1.0" 200 271 "-" "Mozilla/5.0 (compatible; AhrefsBot/7.0; +http://ahrefs.com/robot/)"
54.36.148.213 - - [21/Mar/2024:23:44:09 +0100] "GET /images/big_prod/5051276459417.jpg HTTP/1.0" 200 268 "-" "Mozilla/5.0 (compatible; AhrefsBot/7.0; +http://ahrefs.com/robot/)"
157.90.209.79 - - [21/Mar/2024:23:44:10 +0100] "GET /decorative-cotton-hearts-hang-pauline-p-57824.html HTTP/1.0" 200 85500 "-" "Mozilla/5.0 (compatible; BLEXBot/1.0; +http://webmeup-crawler.com/)"
157.90.209.79 - - [21/Mar/2024:23:44:15 +0100] "GET /decorative-cotton-hearts-hang-sophie-p-60686.html HTTP/1.0" 200 85227 "-" "Mozilla/5.0 (compatible; BLEXBot/1.0; +http://webmeup-crawler.com/)"
157.90.209.79 - - [21/Mar/2024:23:44:19 +0100] "GET /decorative-dolomite-p-56071.html HTTP/1.0" 200 84365 "-" "Mozilla/5.0 (compatible; BLEXBot/1.0; +http://webmeup-crawler.com/)"
157.90.209.79 - - [21/Mar/2024:23:44:24 +0100] "GET /decorative-earth-globes-c-13_233.html?page=2 HTTP/1.0" 200 91034 "-" "Mozilla/5.0 (compatible; BLEXBot/1.0; +http://webmeup-crawler.com/)"
157.90.209.79 - - [21/Mar/2024:23:44:28 +0100] "GET /decorative-faces-with-varied-expressions-p-50612.html HTTP/1.0" 200 85348 "-" "Mozilla/5.0 (compatible; BLEXBot/1.0; +http://webmeup-crawler.com/)"
17.241.75.157 - - [21/Mar/2024:23:44:31 +0100] "GET /-p-43506.html HTTP/1.0" 200 81894 "-" "Mozilla/5.0 (Macintosh; Intel Mac OS X 10_15_5) AppleWebKit/605.1.15 (KHTML, like Gecko) Version/13.1.1 Safari/605.1.15 (Applebot/0.1; +http://www.apple.com/go/applebot)"
157.90.209.79 - - [21/Mar/2024:23:44:33 +0100] "GET /decorative-fruit-figurine-cherry-glossy-white-p-52716.html HTTP/1.0" 200 84626 "-" "Mozilla/5.0 (compatible; BLEXBot/1.0; +http://webmeup-crawler.com/)"
216.244.66.242 - - [21/Mar/2024:23:44:52 +0100] "GET /suspension-bear-with-cable-p-52761.html HTTP/1.0" 301 81961 "-" "Mozilla/5.0 (compatible; DotBot/1.2; +https://opensiteexplorer.org/dotbot; help@moz.com)"
157.90.209.79 - - [21/Mar/2024:23:45:07 +0100] "GET /decorative-fruit-figurine-cherry-matte-white-p-52715.html HTTP/1.0" 200 84611 "-" "Mozilla/5.0 (compatible; BLEXBot/1.0; +http://webmeup-crawler.com/)"
157.90.209.79 - - [21/Mar/2024:23:45:15 +0100] "GET /decorative-globe-p-49401.html HTTP/1.0" 200 84841 "-" "Mozilla/5.0 (compatible; BLEXBot/1.0; +http://webmeup-crawler.com/)"
157.90.209.79 - - [21/Mar/2024:23:45:23 +0100] "GET /decorative-globe-p-49402.html HTTP/1.0" 200 84265 "-" "Mozilla/5.0 (compatible; BLEXBot/1.0; +http://webmeup-crawler.com/)"
157.90.209.79 - - [21/Mar/2024:23:45:27 +0100] "GET /decorative-hanging-beige-outline-p-35424.html HTTP/1.0" 200 84358 "-" "Mozilla/5.0 (compatible; BLEXBot/1.0; +http://webmeup-crawler.com/)"
157.90.209.79 - - [21/Mar/2024:23:45:31 +0100] "GET /decorative-hanging-blue-outline-p-35425.html HTTP/1.0" 200 84350 "-" "Mozilla/5.0 (compatible; BLEXBot/1.0; +http://webmeup-crawler.com/)"
54.36.148.173 - - [21/Mar/2024:23:45:33 +0100] "GET /home-decoration-c-13.html?page=94 HTTP/1.0" 200 104068 "-" "Mozilla/5.0 (compatible; AhrefsBot/7.0; +http://ahrefs.com/robot/)"
54.36.148.144 - - [21/Mar/2024:23:45:40 +0100] "GET /images/mini_prod/3503420168284C.jpg HTTP/1.0" 200 270 "-" "Mozilla/5.0 (compatible; AhrefsBot/7.0; +http://ahrefs.com/robot/)"
157.90.209.79 - - [21/Mar/2024:23:45:37 +0100] "GET /decorative-hanging-brown-outline-p-35423.html HTTP/1.0" 200 84358 "-" "Mozilla/5.0 (compatible; BLEXBot/1.0; +http://webmeup-crawler.com/)"
157.90.209.79 - - [21/Mar/2024:23:45:44 +0100] "GET /decorative-henna-foot-wood-p-46814.html HTTP/1.0" 200 84482 "-" "Mozilla/5.0 (compatible; BLEXBot/1.0; +http://webmeup-crawler.com/)"
157.90.209.79 - - [21/Mar/2024:23:45:52 +0100] "GET /decorative-hourglass-purple-sand-p-59669.html HTTP/1.0" 200 85620 "-" "Mozilla/5.0 (compatible; BLEXBot/1.0; +http://webmeup-crawler.com/)"
157.90.209.79 - - [21/Mar/2024:23:45:58 +0100] "GET /decorative-laser-word-carcassonne-p-61894.html HTTP/1.0" 200 85470 "-" "Mozilla/5.0 (compatible; BLEXBot/1.0; +http://webmeup-crawler.com/)"
157.90.209.79 - - [21/Mar/2024:23:46:04 +0100] "GET /decorative-leaf-centerpiece-p-54588.html HTTP/1.0" 200 85159 "-" "Mozilla/5.0 (compatible; BLEXBot/1.0; +http://webmeup-crawler.com/)"
157.90.209.79 - - [21/Mar/2024:23:46:12 +0100] "GET /decorative-mango-wood-with-sand-drawing-p-60627.html HTTP/1.0" 200 85434 "-" "Mozilla/5.0 (compatible; BLEXBot/1.0; +http://webmeup-crawler.com/)"
157.90.209.79 - - [21/Mar/2024:23:46:25 +0100] "GET /decorative-mango-wood-with-sand-drawing-p-60628.html HTTP/1.0" 200 85434 "-" "Mozilla/5.0 (compatible; BLEXBot/1.0; +http://webmeup-crawler.com/)"
172.203.163.52 - - [21/Mar/2024:23:46:34 +0100] "GET /images/mini_prod/3503420027284.jpg HTTP/1.0" 200 269 "-" "Mozilla/5.0 (Windows NT 10.0; Win64; x64) AppleWebKit/537.36 (KHTML, like Gecko) Chrome/103.0.0.0 Safari/537.36"
157.90.209.79 - - [21/Mar/2024:23:46:32 +0100] "GET /decorative-mango-wood-with-sand-drawing-p-60629.html HTTP/1.0" 200 85434 "-" "Mozilla/5.0 (compatible; BLEXBot/1.0; +http://webmeup-crawler.com/)"
157.90.209.79 - - [21/Mar/2024:23:46:37 +0100] "GET /decorative-metal-bell-with-rope-p-41462.html HTTP/1.0" 200 84326 "-" "Mozilla/5.0 (compatible; BLEXBot/1.0; +http://webmeup-crawler.com/)"
157.90.209.79 - - [21/Mar/2024:23:46:46 +0100] "GET /decorative-patinated-resin-p-36678.html HTTP/1.0" 200 84414 "-" "Mozilla/5.0 (compatible; BLEXBot/1.0; +http://webmeup-crawler.com/)"
17.241.75.69 - - [21/Mar/2024:23:46:53 +0100] "GET /images/mini_prod/8719497615018.jpg HTTP/1.0" 200 269 "-" "Mozilla/5.0 (Macintosh; Intel Mac OS X 10_15_5) AppleWebKit/605.1.15 (KHTML, like Gecko) Version/13.1.1 Safari/605.1.15 (Applebot/0.1; +http://www.apple.com/go/applebot)"
157.90.209.79 - - [21/Mar/2024:23:46:53 +0100] "GET /decorative-plate-bottles-bordeaux-p-47640.html HTTP/1.0" 200 84417 "-" "Mozilla/5.0 (compatible; BLEXBot/1.0; +http://webmeup-crawler.com/)"
54.36.148.44 - - [21/Mar/2024:23:47:01 +0100] "GET /candle-hours-simply-p-53893.html HTTP/1.0" 200 85589 "-" "Mozilla/5.0 (compatible; AhrefsBot/7.0; +http://ahrefs.com/robot/)"
157.90.209.79 - - [21/Mar/2024:23:47:00 +0100] "GET /decorative-statuette-p-54215.html HTTP/1.0" 200 84370 "-" "Mozilla/5.0 (compatible; BLEXBot/1.0; +http://webmeup-crawler.com/)"
157.90.209.79 - - [21/Mar/2024:23:47:07 +0100] "GET /decorative-thermometer-metal-corsica-p-43597.html HTTP/1.0" 200 84422 "-" "Mozilla/5.0 (compatible; BLEXBot/1.0; +http://webmeup-crawler.com/)"
157.90.209.79 - - [21/Mar/2024:23:47:16 +0100] "GET /decorative-thermometer-metal-corsica-p-43598.html HTTP/1.0" 200 84422 "-" "Mozilla/5.0 (compatible; BLEXBot/1.0; +http://webmeup-crawler.com/)"
157.90.209.79 - - [21/Mar/2024:23:47:23 +0100] "GET /decorative-tray-patinated-gold-wood-p-59755.html HTTP/1.0" 200 85297 "-" "Mozilla/5.0 (compatible; BLEXBot/1.0; +http://webmeup-crawler.com/)"
157.90.209.79 - - [21/Mar/2024:23:47:29 +0100] "GET /decorative-useful-gogh-sunflowers-p-56990.html HTTP/1.0" 200 85033 "-" "Mozilla/5.0 (compatible; BLEXBot/1.0; +http://webmeup-crawler.com/)"
157.90.209.79 - - [21/Mar/2024:23:47:34 +0100] "GET /decorative-useful-gogh-yellow-iris-p-56991.html HTTP/1.0" 200 85089 "-" "Mozilla/5.0 (compatible; BLEXBot/1.0; +http://webmeup-crawler.com/)"
157.90.209.79 - - [21/Mar/2024:23:47:39 +0100] "GET /decorative-useful-klimt-p-52199.html HTTP/1.0" 200 84925 "-" "Mozilla/5.0 (compatible; BLEXBot/1.0; +http://webmeup-crawler.com/)"
47.252.90.19 - - [21/Mar/2024:23:48:00 +0100] "HEAD /images/mini_prod/3520071393681.jpg HTTP/1.0" 200 290 "-" "Go-http-client/1.1"
47.252.90.44 - - [21/Mar/2024:23:48:01 +0100] "GET /images/mini_prod/3520071393681.jpg HTTP/1.0" 200 269 "-" "Go-http-client/1.1"
157.90.209.79 - - [21/Mar/2024:23:48:01 +0100] "GET /decorative-useful-marseille-p-58486.html HTTP/1.0" 200 84962 "-" "Mozilla/5.0 (compatible; BLEXBot/1.0; +http://webmeup-crawler.com/)"
145.38.192.235 - - [21/Mar/2024:23:48:11 +0100] "GET /images/mini_prod/3661443612495.jpg HTTP/1.0" 200 269 "-" "Mozilla/5.0 (X11; Ubuntu; Linux x86_64; rv:72.0) Gecko/20100101 Firefox/72.0"
157.90.209.79 - - [21/Mar/2024:23:48:09 +0100] "GET /decorative-utilitarian-wood-cork-p-60904.html HTTP/1.0" 200 85288 "-" "Mozilla/5.0 (compatible; BLEXBot/1.0; +http://webmeup-crawler.com/)"
216.244.66.242 - - [21/Mar/2024:23:48:13 +0100] "GET /high-klimt-baiser-p-47903.html HTTP/1.0" 301 81961 "-" "Mozilla/5.0 (compatible; DotBot/1.2; +https://opensiteexplorer.org/dotbot; help@moz.com)"
157.90.209.79 - - [21/Mar/2024:23:48:18 +0100] "GET /decorative-utility-hourglasses-c-13_331.html?page=2 HTTP/1.0" 200 99453 "-" "Mozilla/5.0 (compatible; BLEXBot/1.0; +http://webmeup-crawler.com/)"
157.90.209.79 - - [21/Mar/2024:23:48:30 +0100] "GET /decorative-vase-indian-inspiration-p-41523.html HTTP/1.0" 200 85447 "-" "Mozilla/5.0 (compatible; BLEXBot/1.0; +http://webmeup-crawler.com/)"
157.90.209.79 - - [21/Mar/2024:23:48:37 +0100] "GET /decorative-vase-indian-inspiration-p-41524.html HTTP/1.0" 200 84422 "-" "Mozilla/5.0 (compatible; BLEXBot/1.0; +http://webmeup-crawler.com/)"
157.90.209.79 - - [21/Mar/2024:23:48:52 +0100] "GET /decorative-white-squirrel-p-47109.html HTTP/1.0" 200 84418 "-" "Mozilla/5.0 (compatible; BLEXBot/1.0; +http://webmeup-crawler.com/)"
157.90.209.79 - - [21/Mar/2024:23:48:57 +0100] "GET /decorative-wooden-plate-chez-papy-mamy-paradis-p-61883.html HTTP/1.0" 200 85670 "-" "Mozilla/5.0 (compatible; BLEXBot/1.0; +http://webmeup-crawler.com/)"
157.90.209.79 - - [21/Mar/2024:23:49:09 +0100] "GET /decorative-wooden-plate-chien-gentil-matre-froce-p-61885.html HTTP/1.0" 200 85571 "-" "Mozilla/5.0 (compatible; BLEXBot/1.0; +http://webmeup-crawler.com/)"
157.90.209.79 - - [21/Mar/2024:23:49:16 +0100] "GET /decorative-wooden-plate-dranger-p-61887.html HTTP/1.0" 200 85518 "-" "Mozilla/5.0 (compatible; BLEXBot/1.0; +http://webmeup-crawler.com/)"
157.90.209.79 - - [21/Mar/2024:23:49:22 +0100] "GET /decorative-wooden-word-cuisine-p-60412.html HTTP/1.0" 200 85336 "-" "Mozilla/5.0 (compatible; BLEXBot/1.0; +http://webmeup-crawler.com/)"
17.241.75.45 - - [21/Mar/2024:23:49:24 +0100] "GET /images/3700574900016.jpg HTTP/1.0" 200 259 "-" "Mozilla/5.0 (Macintosh; Intel Mac OS X 10_15_5) AppleWebKit/605.1.15 (KHTML, like Gecko) Version/13.1.1 Safari/605.1.15 (Applebot/0.1; +http://www.apple.com/go/applebot)"
52.167.144.20 - - [21/Mar/2024:23:49:27 +0100] "GET /cushions-c-11_71.html HTTP/1.0" 301 104345 "-" "Mozilla/5.0 AppleWebKit/537.36 (KHTML, like Gecko; compatible; bingbot/2.0; +http://www.bing.com/bingbot.htm) Chrome/116.0.1938.76 Safari/537.36"
157.90.209.79 - - [21/Mar/2024:23:49:28 +0100] "GET /decorative-word-wood-apro-p-60410.html HTTP/1.0" 200 85116 "-" "Mozilla/5.0 (compatible; BLEXBot/1.0; +http://webmeup-crawler.com/)"
66.249.66.207 - - [21/Mar/2024:23:49:30 +0100] "GET /little-prince-exupry-placemat-p-61875.html HTTP/1.0" 200 84746 "-" "Mozilla/5.0 (Linux; Android 6.0.1; Nexus 5X Build/MMB29P) AppleWebKit/537.36 (KHTML, like Gecko) Chrome/122.0.6261.94 Mobile Safari/537.36 (compatible; Googlebot/2.1; +http://www.google.com/bot.html)"
157.90.209.79 - - [21/Mar/2024:23:49:35 +0100] "GET /decorative-word-wood-p-60411.html HTTP/1.0" 200 85083 "-" "Mozilla/5.0 (compatible; BLEXBot/1.0; +http://webmeup-crawler.com/)"
157.90.209.79 - - [21/Mar/2024:23:49:43 +0100] "GET /decorative-word-wood-p-60413.html HTTP/1.0" 200 85101 "-" "Mozilla/5.0 (compatible; BLEXBot/1.0; +http://webmeup-crawler.com/)"
157.90.209.79 - - [21/Mar/2024:23:49:51 +0100] "GET /deer-shaped-night-light-p-44650.html HTTP/1.0" 200 85107 "-" "Mozilla/5.0 (compatible; BLEXBot/1.0; +http://webmeup-crawler.com/)"
54.36.148.27 - - [21/Mar/2024:23:49:57 +0100] "GET /decorative-wooden-plate-interdit-cons-p-60216.html HTTP/1.0" 200 85525 "-" "Mozilla/5.0 (compatible; AhrefsBot/7.0; +http://ahrefs.com/robot/)"
157.90.209.79 - - [21/Mar/2024:23:50:01 +0100] "GET /desk-organizer-patined-wood-p-56396.html HTTP/1.0" 200 85193 "-" "Mozilla/5.0 (compatible; BLEXBot/1.0; +http://webmeup-crawler.com/)"
157.90.209.79 - - [21/Mar/2024:23:50:08 +0100] "GET /despicable-homework-notebooks-p-35840.html HTTP/1.0" 200 84704 "-" "Mozilla/5.0 (compatible; BLEXBot/1.0; +http://webmeup-crawler.com/)"
157.90.209.79 - - [21/Mar/2024:23:50:15 +0100] "GET /despicable-large-flat-pocket-p-34125.html HTTP/1.0" 200 84421 "-" "Mozilla/5.0 (compatible; BLEXBot/1.0; +http://webmeup-crawler.com/)"
157.90.209.79 - - [21/Mar/2024:23:50:22 +0100] "GET /despicable-magnetic-board-p-32472.html HTTP/1.0" 200 84462 "-" "Mozilla/5.0 (compatible; BLEXBot/1.0; +http://webmeup-crawler.com/)"
216.244.66.242 - - [21/Mar/2024:23:50:27 +0100] "GET /caps-and-scarfs-adults-c-53_138.html HTTP/1.0" 301 583 "-" "Mozilla/5.0 (compatible; DotBot/1.2; +https://opensiteexplorer.org/dotbot; help@moz.com)"
157.90.209.79 - - [21/Mar/2024:23:50:29 +0100] "GET /despicable-marbles-p-33480.html HTTP/1.0" 200 84431 "-" "Mozilla/5.0 (compatible; BLEXBot/1.0; +http://webmeup-crawler.com/)"
157.90.209.79 - - [21/Mar/2024:23:50:34 +0100] "GET /despicable-minion-blue-watch-p-31604.html HTTP/1.0" 200 84523 "-" "Mozilla/5.0 (compatible; BLEXBot/1.0; +http://webmeup-crawler.com/)"
157.90.209.79 - - [21/Mar/2024:23:50:40 +0100] "GET /despicable-mirror-p-32539.html HTTP/1.0" 200 84218 "-" "Mozilla/5.0 (compatible; BLEXBot/1.0; +http://webmeup-crawler.com/)"
216.244.66.242 - - [21/Mar/2024:23:50:43 +0100] "GET /notebook-notebook-diary-c-129_185.html HTTP/1.0" 301 587 "-" "Mozilla/5.0 (compatible; DotBot/1.2; +https://opensiteexplorer.org/dotbot; help@moz.com)"
157.90.209.79 - - [21/Mar/2024:23:50:46 +0100] "GET /despicable-mirror-p-32541.html HTTP/1.0" 200 84218 "-" "Mozilla/5.0 (compatible; BLEXBot/1.0; +http://webmeup-crawler.com/)"
52.167.144.20 - - [21/Mar/2024:23:50:48 +0100] "GET /mugs-mazagrans-c-12_57.html?page=14 HTTP/1.0" 200 107769 "-" "Mozilla/5.0 AppleWebKit/537.36 (KHTML, like Gecko; compatible; bingbot/2.0; +http://www.bing.com/bingbot.htm) Chrome/116.0.1938.76 Safari/537.36"
157.90.209.79 - - [21/Mar/2024:23:50:54 +0100] "GET /despicable-pencil-case-p-35773.html HTTP/1.0" 200 84289 "-" "Mozilla/5.0 (compatible; BLEXBot/1.0; +http://webmeup-crawler.com/)"
157.90.209.79 - - [21/Mar/2024:23:50:58 +0100] "GET /dessert-dish-glass-with-anti-slip-feet-p-47334.html HTTP/1.0" 200 85412 "-" "Mozilla/5.0 (compatible; BLEXBot/1.0; +http://webmeup-crawler.com/)"
157.90.209.79 - - [21/Mar/2024:23:51:05 +0100] "GET /dessert-dish-glass-with-anti-slip-feet-p-47335.html HTTP/1.0" 200 85412 "-" "Mozilla/5.0 (compatible; BLEXBot/1.0; +http://webmeup-crawler.com/)"
118.217.7.46 - - [21/Mar/2024:23:51:07 +0100] "GET /images/mini_prod/8033667001174.jpg HTTP/1.0" 200 269 "-" "Mozilla/5.0 (X11; Ubuntu; Linux x86_64; rv:72.0) Gecko/20100101 Firefox/72.0"
157.90.209.79 - - [21/Mar/2024:23:51:09 +0100] "GET /dessert-dish-glass-with-anti-slip-feet-p-47336.html HTTP/1.0" 200 85406 "-" "Mozilla/5.0 (compatible; BLEXBot/1.0; +http://webmeup-crawler.com/)"
54.36.148.254 - - [21/Mar/2024:23:51:11 +0100] "GET /hello-kitty-victoria-casal-couture-white-watch-p-20140.html HTTP/1.0" 200 84644 "-" "Mozilla/5.0 (compatible; AhrefsBot/7.0; +http://ahrefs.com/robot/)"
157.90.209.79 - - [21/Mar/2024:23:51:14 +0100] "GET /dessert-dish-glass-with-anti-slip-feet-p-47337.html HTTP/1.0" 200 85413 "-" "Mozilla/5.0 (compatible; BLEXBot/1.0; +http://webmeup-crawler.com/)"
66.249.66.207 - - [21/Mar/2024:23:51:16 +0100] "GET /cotton-apron-owlet-allen-designs-p-56807.html HTTP/1.0" 200 85074 "-" "Mozilla/5.0 (Linux; Android 6.0.1; Nexus 5X Build/MMB29P) AppleWebKit/537.36 (KHTML, like Gecko) Chrome/122.0.6261.94 Mobile Safari/537.36 (compatible; Googlebot/2.1; +http://www.google.com/bot.html)"
66.249.66.206 - - [21/Mar/2024:23:51:17 +0100] "GET /little-geisha-p-39290.html HTTP/1.0" 200 81960 "-" "Mozilla/5.0 (Linux; Android 6.0.1; Nexus 5X Build/MMB29P) AppleWebKit/537.36 (KHTML, like Gecko) Chrome/122.0.6261.94 Mobile Safari/537.36 (compatible; Googlebot/2.1; +http://www.google.com/bot.html)"
66.249.66.206 - - [21/Mar/2024:23:51:21 +0100] "GET /js/jquery.js HTTP/1.0" 200 252 "http://www.wonder-geek.com/little-geisha-p-39290.html" "Mozilla/5.0 (Linux; Android 6.0.1; Nexus 5X Build/MMB29P) AppleWebKit/537.36 (KHTML, like Gecko) Chrome/122.0.6261.94 Mobile Safari/537.36 (compatible; Googlebot/2.1; +http://www.google.com/bot.html)"
157.90.209.79 - - [21/Mar/2024:23:51:20 +0100] "GET /dessert-dish-glass-with-anti-slip-feet-p-47338.html HTTP/1.0" 200 85415 "-" "Mozilla/5.0 (compatible; BLEXBot/1.0; +http://webmeup-crawler.com/)"
157.90.209.79 - - [21/Mar/2024:23:51:28 +0100] "GET /dessert-dish-glass-with-anti-slip-feet-p-47346.html HTTP/1.0" 200 85412 "-" "Mozilla/5.0 (compatible; BLEXBot/1.0; +http://webmeup-crawler.com/)"
157.90.209.79 - - [21/Mar/2024:23:51:34 +0100] "GET /dessert-dish-glass-with-anti-slip-feet-p-58314.html HTTP/1.0" 200 84350 "-" "Mozilla/5.0 (compatible; BLEXBot/1.0; +http://webmeup-crawler.com/)"
17.241.75.109 - - [21/Mar/2024:23:51:36 +0100] "GET /images/big_prod_2/3665269095333b.jpg HTTP/1.0" 200 271 "-" "Mozilla/5.0 (Macintosh; Intel Mac OS X 10_15_5) AppleWebKit/605.1.15 (KHTML, like Gecko) Version/13.1.1 Safari/605.1.15 (Applebot/0.1; +http://www.apple.com/go/applebot)"
157.90.209.79 - - [21/Mar/2024:23:51:41 +0100] "GET /dessert-dish-glass-with-anti-slip-feet-p-58315.html HTTP/1.0" 200 84350 "-" "Mozilla/5.0 (compatible; BLEXBot/1.0; +http://webmeup-crawler.com/)"
51.68.224.127 - - [21/Mar/2024:23:51:48 +0100] "GET /adminweb/export_orders_xml.php?token=256de2z6edz6ed2z6DFSFsed2zed6zeDSFDSGdzedezfzf&maxorders=10&orderstart=1&status=14&start_date=2018-10-01 HTTP/1.0" 200 285 "-" "GesCom CharlotteBoutik Serveur"
51.68.224.127 - - [21/Mar/2024:23:51:48 +0100] "GET /adminweb/export_orders_xml.php?token=256de2z6edz6ed2z6DFSFsed2zed6zeDSFDSGdzedezfzf&maxorders=10&orderstart=1&status=6&start_date=2018-10-01 HTTP/1.0" 200 34517 "-" "GesCom CharlotteBoutik Serveur"
157.90.209.79 - - [21/Mar/2024:23:51:51 +0100] "GET /dessert-dish-glass-with-anti-slip-feet-p-58316.html HTTP/1.0" 200 84350 "-" "Mozilla/5.0 (compatible; BLEXBot/1.0; +http://webmeup-crawler.com/)"
172.203.161.66 - - [21/Mar/2024:23:51:52 +0100] "GET /images/mini_prod/3014627880126.jpg HTTP/1.0" 200 269 "-" "Mozilla/5.0 (Windows NT 10.0; Win64; x64) AppleWebKit/537.36 (KHTML, like Gecko) Chrome/103.0.0.0 Safari/537.36"
157.90.209.79 - - [21/Mar/2024:23:51:56 +0100] "GET /dessert-dish-glass-with-anti-slip-feet-p-58317.html HTTP/1.0" 200 84350 "-" "Mozilla/5.0 (compatible; BLEXBot/1.0; +http://webmeup-crawler.com/)"
157.90.209.79 - - [21/Mar/2024:23:52:02 +0100] "GET /dexter-shirt-p-29488.html HTTP/1.0" 200 85865 "-" "Mozilla/5.0 (compatible; BLEXBot/1.0; +http://webmeup-crawler.com/)"
157.90.209.79 - - [21/Mar/2024:23:52:11 +0100] "GET /dexter-shirt-p-29489.html HTTP/1.0" 200 85330 "-" "Mozilla/5.0 (compatible; BLEXBot/1.0; +http://webmeup-crawler.com/)"
157.90.209.79 - - [21/Mar/2024:23:52:15 +0100] "GET /diddl-backpack-p-5919.html HTTP/1.0" 200 84487 "-" "Mozilla/5.0 (compatible; BLEXBot/1.0; +http://webmeup-crawler.com/)"
157.90.209.79 - - [21/Mar/2024:23:52:21 +0100] "GET /diffuser-perfume-essential-oils-c-231_162.html?page=2 HTTP/1.0" 200 102489 "-" "Mozilla/5.0 (compatible; BLEXBot/1.0; +http://webmeup-crawler.com/)"
54.36.148.223 - - [21/Mar/2024:23:52:23 +0100] "GET /dishes-c-12.html?page=58 HTTP/1.0" 200 105184 "-" "Mozilla/5.0 (compatible; AhrefsBot/7.0; +http://ahrefs.com/robot/)"
157.90.209.79 - - [21/Mar/2024:23:52:28 +0100] "GET /diffuser-perfume-essential-oils-c-231_162.html?page=3 HTTP/1.0" 200 103477 "-" "Mozilla/5.0 (compatible; BLEXBot/1.0; +http://webmeup-crawler.com/)"
157.55.39.15 - - [21/Mar/2024:23:52:36 +0100] "GET /images/med_prod/8719033260634.jpg HTTP/1.0" 200 268 "-" "Mozilla/5.0 AppleWebKit/537.36 (KHTML, like Gecko; compatible; bingbot/2.0; +http://www.bing.com/bingbot.htm) Chrome/116.0.1938.76 Safari/537.36"
157.90.209.79 - - [21/Mar/2024:23:52:36 +0100] "GET /diffuser-perfume-essential-oils-c-231_162.html?page=4 HTTP/1.0" 200 103609 "-" "Mozilla/5.0 (compatible; BLEXBot/1.0; +http://webmeup-crawler.com/)"
157.90.209.79 - - [21/Mar/2024:23:52:43 +0100] "GET /diffuser-perfume-essential-oils-c-231_162.html?page=5 HTTP/1.0" 200 90549 "-" "Mozilla/5.0 (compatible; BLEXBot/1.0; +http://webmeup-crawler.com/)"
157.55.39.15 - - [21/Mar/2024:23:52:49 +0100] "GET /images/big_prod/4005086220096.jpg HTTP/1.0" 200 268 "-" "Mozilla/5.0 (Windows NT 6.1; WOW64) AppleWebKit/534+ (KHTML, like Gecko) BingPreview/1.0b"
157.90.209.79 - - [21/Mar/2024:23:52:51 +0100] "GET /dinosaur-light-garland-p-55387.html HTTP/1.0" 200 85237 "-" "Mozilla/5.0 (compatible; BLEXBot/1.0; +http://webmeup-crawler.com/)"
157.90.209.79 - - [21/Mar/2024:23:52:59 +0100] "GET /dinosaur-nightlight-p-53121.html HTTP/1.0" 200 85432 "-" "Mozilla/5.0 (compatible; BLEXBot/1.0; +http://webmeup-crawler.com/)"
17.241.227.111 - - [21/Mar/2024:23:53:03 +0100] "GET /images/mini_prod/5400924229535.jpg HTTP/1.0" 200 269 "-" "Mozilla/5.0 (Macintosh; Intel Mac OS X 10_15_5) AppleWebKit/605.1.15 (KHTML, like Gecko) Version/13.1.1 Safari/605.1.15 (Applebot/0.1; +http://www.apple.com/go/applebot)"
157.90.209.79 - - [21/Mar/2024:23:53:04 +0100] "GET /dishes-c-12.html?page=10 HTTP/1.0" 200 103246 "-" "Mozilla/5.0 (compatible; BLEXBot/1.0; +http://webmeup-crawler.com/)"
157.90.209.79 - - [21/Mar/2024:23:53:13 +0100] "GET /dishes-c-12.html?page=11 HTTP/1.0" 200 104100 "-" "Mozilla/5.0 (compatible; BLEXBot/1.0; +http://webmeup-crawler.com/)"
157.90.209.79 - - [21/Mar/2024:23:53:20 +0100] "GET /dishes-c-12.html?page=2 HTTP/1.0" 200 103233 "-" "Mozilla/5.0 (compatible; BLEXBot/1.0; +http://webmeup-crawler.com/)"
157.90.209.79 - - [21/Mar/2024:23:53:27 +0100] "GET /dishes-c-12.html?page=3 HTTP/1.0" 200 102877 "-" "Mozilla/5.0 (compatible; BLEXBot/1.0; +http://webmeup-crawler.com/)"
157.90.209.79 - - [21/Mar/2024:23:53:37 +0100] "GET /dishes-c-12.html?page=4 HTTP/1.0" 200 102607 "-" "Mozilla/5.0 (compatible; BLEXBot/1.0; +http://webmeup-crawler.com/)"
54.36.148.124 - - [21/Mar/2024:23:53:39 +0100] "GET /large-candle-heart-home-citrus-crush-p-61407.html HTTP/1.0" 200 84685 "-" "Mozilla/5.0 (compatible; AhrefsBot/7.0; +http://ahrefs.com/robot/)"
17.241.227.26 - - [21/Mar/2024:23:53:40 +0100] "GET /placemat-kiub-collection-kook-black-p-55912.html HTTP/1.0" 301 85159 "-" "Mozilla/5.0 (Macintosh; Intel Mac OS X 10_15_5) AppleWebKit/605.1.15 (KHTML, like Gecko) Version/13.1.1 Safari/605.1.15 (Applebot/0.1; +http://www.apple.com/go/applebot)"
17.241.227.26 - - [21/Mar/2024:23:53:44 +0100] "GET /placemat-black-p-55912.html HTTP/1.0" 200 85078 "-" "Mozilla/5.0 (Macintosh; Intel Mac OS X 10_15_5) AppleWebKit/605.1.15 (KHTML, like Gecko) Version/13.1.1 Safari/605.1.15 (Applebot/0.1; +http://www.apple.com/go/applebot)"
157.90.209.79 - - [21/Mar/2024:23:53:43 +0100] "GET /dishes-c-12.html?page=5 HTTP/1.0" 200 103431 "-" "Mozilla/5.0 (compatible; BLEXBot/1.0; +http://webmeup-crawler.com/)"
157.90.209.79 - - [21/Mar/2024:23:53:52 +0100] "GET /dishes-c-12.html?page=6 HTTP/1.0" 200 103146 "-" "Mozilla/5.0 (compatible; BLEXBot/1.0; +http://webmeup-crawler.com/)"
157.90.209.79 - - [21/Mar/2024:23:53:59 +0100] "GET /dishes-c-12.html?page=7 HTTP/1.0" 200 102726 "-" "Mozilla/5.0 (compatible; BLEXBot/1.0; +http://webmeup-crawler.com/)"
157.90.209.79 - - [21/Mar/2024:23:54:08 +0100] "GET /dishes-c-12.html?page=8 HTTP/1.0" 200 103436 "-" "Mozilla/5.0 (compatible; BLEXBot/1.0; +http://webmeup-crawler.com/)"
157.90.209.79 - - [21/Mar/2024:23:54:17 +0100] "GET /dishes-c-12.html?page=9 HTTP/1.0" 200 103621 "-" "Mozilla/5.0 (compatible; BLEXBot/1.0; +http://webmeup-crawler.com/)"
157.90.209.79 - - [21/Mar/2024:23:54:25 +0100] "GET /disney-mcstuffins-fruit-juice-glass-p-28183.html HTTP/1.0" 200 84401 "-" "Mozilla/5.0 (compatible; BLEXBot/1.0; +http://webmeup-crawler.com/)"
157.90.209.79 - - [21/Mar/2024:23:54:35 +0100] "GET /disney-mickey-fantasia-glitter-ball-p-53251.html HTTP/1.0" 200 85065 "-" "Mozilla/5.0 (compatible; BLEXBot/1.0; +http://webmeup-crawler.com/)"
92.204.174.122 - - [21/Mar/2024:23:54:46 +0100] "GET / HTTP/1.0" 301 511 "http://wonder-geek.com/" "Mozilla/5.0 (Windows NT 10.0; Win64; x64) AppleWebKit/537.36 (KHTML, like Gecko) Chrome/103.0.5042.0 Safari/537.36"
157.90.209.79 - - [21/Mar/2024:23:54:46 +0100] "GET /disney-planes-photo-frame-p-37014.html HTTP/1.0" 200 84332 "-" "Mozilla/5.0 (compatible; BLEXBot/1.0; +http://webmeup-crawler.com/)"
92.204.174.122 - - [21/Mar/2024:23:54:46 +0100] "GET / HTTP/1.0" 200 163557 "http://www.wonder-geek.com/" "Mozilla/5.0 (Windows NT 10.0; Win64; x64) AppleWebKit/537.36 (KHTML, like Gecko) Chrome/103.0.5042.0 Safari/537.36"
54.36.148.71 - - [21/Mar/2024:23:54:53 +0100] "GET /keel-toys-plush-unicorn-valentine-p-51013.html HTTP/1.0" 200 82032 "-" "Mozilla/5.0 (compatible; AhrefsBot/7.0; +http://ahrefs.com/robot/)"
157.90.209.79 - - [21/Mar/2024:23:54:55 +0100] "GET /disney-planes-slate-p-27806.html HTTP/1.0" 200 84282 "-" "Mozilla/5.0 (compatible; BLEXBot/1.0; +http://webmeup-crawler.com/)"
92.204.174.122 - - [21/Mar/2024:23:54:56 +0100] "GET /trivet-boards-c-12_158.html HTTP/1.0" 200 104851 "http://www.wonder-geek.com/trivet-boards-c-12_158.html" "Mozilla/5.0 (Windows NT 10.0; Win64; x64) AppleWebKit/537.36 (KHTML, like Gecko) Chrome/103.0.5042.0 Safari/537.36"
157.90.209.79 - - [21/Mar/2024:23:54:59 +0100] "GET /disney-planes-storage-stool-p-24530.html HTTP/1.0" 200 85045 "-" "Mozilla/5.0 (compatible; BLEXBot/1.0; +http://webmeup-crawler.com/)"
216.244.66.242 - - [21/Mar/2024:23:55:07 +0100] "GET /dice-red-ashtray-p-46329.html HTTP/1.0" 301 82019 "-" "Mozilla/5.0 (compatible; DotBot/1.2; +https://opensiteexplorer.org/dotbot; help@moz.com)"
157.90.209.79 - - [21/Mar/2024:23:55:07 +0100] "GET /disney-princess-aurora-jacket-p-31248.html HTTP/1.0" 200 85631 "-" "Mozilla/5.0 (compatible; BLEXBot/1.0; +http://webmeup-crawler.com/)"
92.204.174.122 - - [21/Mar/2024:23:55:09 +0100] "GET /cardboard-boxes-storage-c-13_150_216.html HTTP/1.0" 200 81199 "http://www.wonder-geek.com/cardboard-boxes-storage-c-13_150_216.html" "Mozilla/5.0 (Windows NT 10.0; Win64; x64) AppleWebKit/537.36 (KHTML, like Gecko) Chrome/103.0.5042.0 Safari/537.36"
157.90.209.79 - - [21/Mar/2024:23:55:15 +0100] "GET /disney-princess-backpack-p-25086.html HTTP/1.0" 200 84580 "-" "Mozilla/5.0 (compatible; BLEXBot/1.0; +http://webmeup-crawler.com/)"
216.244.66.242 - - [21/Mar/2024:23:55:19 +0100] "GET /napkins-dispenser-p-40693.html HTTP/1.0" 301 81961 "-" "Mozilla/5.0 (compatible; DotBot/1.2; +https://opensiteexplorer.org/dotbot; help@moz.com)"
92.204.174.122 - - [21/Mar/2024:23:55:21 +0100] "GET /cushion-headboard-c-11_71_173.html HTTP/1.0" 200 81164 "http://www.wonder-geek.com/cushion-headboard-c-11_71_173.html" "Mozilla/5.0 (Windows NT 10.0; Win64; x64) AppleWebKit/537.36 (KHTML, like Gecko) Chrome/103.0.5042.0 Safari/537.36"
92.204.174.122 - - [21/Mar/2024:23:55:23 +0100] "GET /contact_us.php HTTP/1.0" 200 26241 "http://www.wonder-geek.com/contact_us.php" "Mozilla/5.0 (Windows NT 10.0; Win64; x64) AppleWebKit/537.36 (KHTML, like Gecko) Chrome/103.0.5042.0 Safari/537.36"
157.90.209.79 - - [21/Mar/2024:23:55:24 +0100] "GET /disney-princess-belle-metal-p-26698.html HTTP/1.0" 200 84416 "-" "Mozilla/5.0 (compatible; BLEXBot/1.0; +http://webmeup-crawler.com/)"
216.244.66.242 - - [21/Mar/2024:23:55:27 +0100] "GET /us-route-66-mirror-p-32999.html HTTP/1.0" 301 81961 "-" "Mozilla/5.0 (compatible; DotBot/1.2; +https://opensiteexplorer.org/dotbot; help@moz.com)"
157.90.209.79 - - [21/Mar/2024:23:55:37 +0100] "GET /disney-princess-blue-swimsuit-p-30309.html HTTP/1.0" 200 86018 "-" "Mozilla/5.0 (compatible; BLEXBot/1.0; +http://webmeup-crawler.com/)"
92.204.174.122 - - [21/Mar/2024:23:55:42 +0100] "POST /contact_us.php?action=send HTTP/1.0" 200 26526 "http://www.wonder-geek.com/contact_us.php" "Mozilla/5.0 (Windows NT 10.0; Win64; x64) AppleWebKit/537.36 (KHTML, like Gecko) Chrome/103.0.5042.0 Safari/537.36"
216.244.66.242 - - [21/Mar/2024:23:55:42 +0100] "GET /beatles-moneybox-yellow-submarine-p-48759.html HTTP/1.0" 301 81961 "-" "Mozilla/5.0 (compatible; DotBot/1.2; +https://opensiteexplorer.org/dotbot; help@moz.com)"
157.90.209.79 - - [21/Mar/2024:23:55:48 +0100] "GET /disney-princess-christmas-ball-filled-p-11525.html HTTP/1.0" 200 84798 "-" "Mozilla/5.0 (compatible; BLEXBot/1.0; +http://webmeup-crawler.com/)"
216.244.66.242 - - [21/Mar/2024:23:55:49 +0100] "GET /collection-plate-metal-vespa-get-the-best-p-35030.html HTTP/1.0" 301 84914 "-" "Mozilla/5.0 (compatible; DotBot/1.2; +https://opensiteexplorer.org/dotbot; help@moz.com)"
17.241.227.191 - - [21/Mar/2024:23:55:54 +0100] "GET /images/big_prod_1/3700572762548B.jpg HTTP/1.0" 200 271 "-" "Mozilla/5.0 (Macintosh; Intel Mac OS X 10_15_5) AppleWebKit/605.1.15 (KHTML, like Gecko) Version/13.1.1 Safari/605.1.15 (Applebot/0.1; +http://www.apple.com/go/applebot)"
216.244.66.242 - - [21/Mar/2024:23:55:57 +0100] "GET /glass-cutting-board-by-cbkreation-p-51306.html HTTP/1.0" 301 84423 "-" "Mozilla/5.0 (compatible; DotBot/1.2; +https://opensiteexplorer.org/dotbot; help@moz.com)"
157.90.209.79 - - [21/Mar/2024:23:55:58 +0100] "GET /disney-princess-crayons-p-497.html HTTP/1.0" 200 85086 "-" "Mozilla/5.0 (compatible; BLEXBot/1.0; +http://webmeup-crawler.com/)"
216.244.66.242 - - [21/Mar/2024:23:56:03 +0100] "GET /lois-black-leather-wallet-p-36016.html HTTP/1.0" 200 84391 "-" "Mozilla/5.0 (compatible; DotBot/1.2; +https://opensiteexplorer.org/dotbot; help@moz.com)"
54.36.149.1 - - [21/Mar/2024:23:56:06 +0100] "GET /cotton-cushion-teal-blue-p-45939.html HTTP/1.0" 200 84493 "-" "Mozilla/5.0 (compatible; AhrefsBot/7.0; +http://ahrefs.com/robot/)"
157.90.209.79 - - [21/Mar/2024:23:56:06 +0100] "GET /disney-princess-dress-p-31106.html HTTP/1.0" 200 85379 "-" "Mozilla/5.0 (compatible; BLEXBot/1.0; +http://webmeup-crawler.com/)"
54.36.148.1 - - [21/Mar/2024:23:56:08 +0100] "GET /images/big_prod/3442440272826.jpg HTTP/1.0" 200 268 "-" "Mozilla/5.0 (compatible; AhrefsBot/7.0; +http://ahrefs.com/robot/)"
216.244.66.242 - - [21/Mar/2024:23:56:10 +0100] "GET /lotus-flowers-wall-sticker-p-39305.html HTTP/1.0" 301 81961 "-" "Mozilla/5.0 (compatible; DotBot/1.2; +https://opensiteexplorer.org/dotbot; help@moz.com)"
157.90.209.79 - - [21/Mar/2024:23:56:13 +0100] "GET /disney-princess-dress-p-31107.html HTTP/1.0" 200 85935 "-" "Mozilla/5.0 (compatible; BLEXBot/1.0; +http://webmeup-crawler.com/)"
216.244.66.242 - - [21/Mar/2024:23:56:15 +0100] "GET /masha-and-the-bear-pencil-case-p-36213.html HTTP/1.0" 301 84412 "-" "Mozilla/5.0 (compatible; DotBot/1.2; +https://opensiteexplorer.org/dotbot; help@moz.com)"
157.90.209.79 - - [21/Mar/2024:23:56:21 +0100] "GET /disney-princess-jewelry-p-37039.html HTTP/1.0" 200 85169 "-" "Mozilla/5.0 (compatible; BLEXBot/1.0; +http://webmeup-crawler.com/)"
216.244.66.242 - - [21/Mar/2024:23:56:22 +0100] "GET /mermaid-mini-emery-board-random-model-p-34193.html HTTP/1.0" 301 81961 "-" "Mozilla/5.0 (compatible; DotBot/1.2; +https://opensiteexplorer.org/dotbot; help@moz.com)"
157.90.209.79 - - [21/Mar/2024:23:56:25 +0100] "GET /disney-princess-large-metal-p-26701.html HTTP/1.0" 200 84415 "-" "Mozilla/5.0 (compatible; BLEXBot/1.0; +http://webmeup-crawler.com/)"
216.244.66.242 - - [21/Mar/2024:23:56:28 +0100] "GET /mug-with-spoon-allen-desings-crasy-cat-p-53199.html HTTP/1.0" 301 84458 "-" "Mozilla/5.0 (compatible; DotBot/1.2; +https://opensiteexplorer.org/dotbot; help@moz.com)"
157.90.209.79 - - [21/Mar/2024:23:56:33 +0100] "GET /disney-princess-little-backpack-p-20330.html HTTP/1.0" 200 84535 "-" "Mozilla/5.0 (compatible; BLEXBot/1.0; +http://webmeup-crawler.com/)"
52.167.144.171 - - [21/Mar/2024:23:56:35 +0100] "GET /clocks-c-13_67.html?page=10 HTTP/1.0" 200 99300 "-" "Mozilla/5.0 AppleWebKit/537.36 (KHTML, like Gecko; compatible; bingbot/2.0; +http://www.bing.com/bingbot.htm) Chrome/116.0.1938.76 Safari/537.36"
52.70.240.171 - - [21/Mar/2024:23:56:40 +0100] "GET /images/big_prod_2/8424346363773b.jpg HTTP/1.0" 200 271 "-" "Mozilla/5.0 (Macintosh; Intel Mac OS X 10_10_1) AppleWebKit/600.2.5 (KHTML, like Gecko) Version/8.0.2 Safari/600.2.5 (Amazonbot/0.1; +https://developer.amazon.com/support/amazonbot)"
216.244.66.242 - - [21/Mar/2024:23:56:40 +0100] "GET /paris-small-mug-by-cbkreation-p-17246.html HTTP/1.0" 301 84403 "-" "Mozilla/5.0 (compatible; DotBot/1.2; +https://opensiteexplorer.org/dotbot; help@moz.com)"
157.90.209.79 - - [21/Mar/2024:23:56:41 +0100] "GET /disney-princess-long-sleeve-shirt-p-31028.html HTTP/1.0" 200 85457 "-" "Mozilla/5.0 (compatible; BLEXBot/1.0; +http://webmeup-crawler.com/)"
157.90.209.79 - - [21/Mar/2024:23:56:47 +0100] "GET /disney-princess-mattress-swimming-pool-p-19982.html HTTP/1.0" 200 84738 "-" "Mozilla/5.0 (compatible; BLEXBot/1.0; +http://webmeup-crawler.com/)"
216.244.66.242 - - [21/Mar/2024:23:56:49 +0100] "GET /van-gogh-nuit-toilee-adult-apron-p-47665.html HTTP/1.0" 301 84987 "-" "Mozilla/5.0 (compatible; DotBot/1.2; +https://opensiteexplorer.org/dotbot; help@moz.com)"
77.83.149.50 - - [21/Mar/2024:23:56:53 +0100] "GET / HTTP/1.0" 301 511 "http://wonder-geek.com/" "Mozilla/5.0 (Windows NT 6.3) AppleWebKit/537.36 (KHTML, like Gecko) Chrome/103.0.0.0 Safari/537.36"
157.90.209.79 - - [21/Mar/2024:23:56:55 +0100] "GET /disney-princess-metal-p-26697.html HTTP/1.0" 200 84366 "-" "Mozilla/5.0 (compatible; BLEXBot/1.0; +http://webmeup-crawler.com/)"
45.134.181.26 - - [21/Mar/2024:23:56:53 +0100] "GET / HTTP/1.0" 200 162490 "http://www.wonder-geek.com/" "Mozilla/5.0 (Windows NT 6.3) AppleWebKit/537.36 (KHTML, like Gecko) Chrome/103.0.0.0 Safari/537.36"
84.54.53.253 - - [21/Mar/2024:23:56:57 +0100] "GET /trivet-boards-c-12_158.html HTTP/1.0" 200 104851 "http://www.wonder-geek.com/trivet-boards-c-12_158.html" "Mozilla/5.0 (Windows NT 6.3) AppleWebKit/537.36 (KHTML, like Gecko) Chrome/103.0.0.0 Safari/537.36"
216.244.66.242 - - [21/Mar/2024:23:56:58 +0100] "GET /white-nature-table-lamp-p-52566.html HTTP/1.0" 301 81961 "-" "Mozilla/5.0 (compatible; DotBot/1.2; +https://opensiteexplorer.org/dotbot; help@moz.com)"
157.90.209.79 - - [21/Mar/2024:23:57:00 +0100] "GET /disney-princess-pencil-case-p-44919.html HTTP/1.0" 200 84316 "-" "Mozilla/5.0 (compatible; BLEXBot/1.0; +http://webmeup-crawler.com/)"
46.8.56.63 - - [21/Mar/2024:23:57:01 +0100] "GET /cardboard-boxes-storage-c-13_150_216.html HTTP/1.0" 200 81199 "http://www.wonder-geek.com/cardboard-boxes-storage-c-13_150_216.html" "Mozilla/5.0 (Windows NT 6.3) AppleWebKit/537.36 (KHTML, like Gecko) Chrome/103.0.0.0 Safari/537.36"
216.244.66.242 - - [21/Mar/2024:23:57:05 +0100] "GET /je-suis-au-bout-du-rouleau-stickers-20-70-cm-p-39326.html HTTP/1.0" 301 85159 "-" "Mozilla/5.0 (compatible; DotBot/1.2; +https://opensiteexplorer.org/dotbot; help@moz.com)"
84.54.53.253 - - [21/Mar/2024:23:57:05 +0100] "GET /cushion-headboard-c-11_71_173.html HTTP/1.0" 200 81164 "http://www.wonder-geek.com/cushion-headboard-c-11_71_173.html" "Mozilla/5.0 (Windows NT 6.3) AppleWebKit/537.36 (KHTML, like Gecko) Chrome/103.0.0.0 Safari/537.36"
77.83.149.50 - - [21/Mar/2024:23:57:08 +0100] "GET /contact_us.php HTTP/1.0" 200 26241 "http://www.wonder-geek.com/contact_us.php" "Mozilla/5.0 (Windows NT 6.3) AppleWebKit/537.36 (KHTML, like Gecko) Chrome/103.0.0.0 Safari/537.36"
84.54.53.253 - - [21/Mar/2024:23:57:10 +0100] "POST /contact_us.php?action=send HTTP/1.0" 200 26681 "http://www.wonder-geek.com/contact_us.php" "Mozilla/5.0 (Windows NT 6.3) AppleWebKit/537.36 (KHTML, like Gecko) Chrome/103.0.0.0 Safari/537.36"
157.90.209.79 - - [21/Mar/2024:23:57:10 +0100] "GET /disney-princess-rainwear-p-31243.html HTTP/1.0" 200 85418 "-" "Mozilla/5.0 (compatible; BLEXBot/1.0; +http://webmeup-crawler.com/)"
216.244.66.242 - - [21/Mar/2024:23:57:11 +0100] "GET /rusty-metal-structure-tree-with-arabesques-60-cm-p-49863.html HTTP/1.0" 301 82173 "-" "Mozilla/5.0 (compatible; DotBot/1.2; +https://opensiteexplorer.org/dotbot; help@moz.com)"
216.244.66.242 - - [21/Mar/2024:23:57:18 +0100] "GET /sentiment-tea-towel-kitchen-towel-70-35-cm-p-43640.html HTTP/1.0" 301 85103 "-" "Mozilla/5.0 (compatible; DotBot/1.2; +https://opensiteexplorer.org/dotbot; help@moz.com)"
157.90.209.79 - - [21/Mar/2024:23:57:21 +0100] "GET /disney-princess-slate-p-27809.html HTTP/1.0" 200 84298 "-" "Mozilla/5.0 (compatible; BLEXBot/1.0; +http://webmeup-crawler.com/)"
216.244.66.242 - - [21/Mar/2024:23:57:26 +0100] "GET /small-collection-plate-metal-vespa-the-den-of-the-vespa-p-48237.html HTTP/1.0" 301 84697 "-" "Mozilla/5.0 (compatible; DotBot/1.2; +https://opensiteexplorer.org/dotbot; help@moz.com)"
54.36.149.92 - - [21/Mar/2024:23:57:26 +0100] "GET /porcelain-little-prince-bowl-p-60023.html HTTP/1.0" 301 85769 "-" "Mozilla/5.0 (compatible; AhrefsBot/7.0; +http://ahrefs.com/robot/)"
157.90.209.79 - - [21/Mar/2024:23:57:28 +0100] "GET /disney-princess-snow-white-parka-p-31246.html HTTP/1.0" 200 85525 "-" "Mozilla/5.0 (compatible; BLEXBot/1.0; +http://webmeup-crawler.com/)"
52.167.144.171 - - [21/Mar/2024:23:57:27 +0100] "GET /metal-wall-decor-c-13_308.html HTTP/1.0" 200 102429 "-" "Mozilla/5.0 AppleWebKit/537.36 (KHTML, like Gecko; compatible; bingbot/2.0; +http://www.bing.com/bingbot.htm) Chrome/116.0.1938.76 Safari/537.36"
157.90.209.79 - - [21/Mar/2024:23:57:34 +0100] "GET /disney-princess-white-swimsuit-p-30311.html HTTP/1.0" 200 85438 "-" "Mozilla/5.0 (compatible; BLEXBot/1.0; +http://webmeup-crawler.com/)"
216.244.66.242 - - [21/Mar/2024:23:57:36 +0100] "GET /small-metal-plate-collection-vespa-get-the-best-p-16831.html HTTP/1.0" 301 85194 "-" "Mozilla/5.0 (compatible; DotBot/1.2; +https://opensiteexplorer.org/dotbot; help@moz.com)"
157.90.209.79 - - [21/Mar/2024:23:57:40 +0100] "GET /disney-princess-white-swimsuit-p-30312.html HTTP/1.0" 200 85472 "-" "Mozilla/5.0 (compatible; BLEXBot/1.0; +http://webmeup-crawler.com/)"
52.167.144.171 - - [21/Mar/2024:23:57:42 +0100] "GET /-p-51640.html HTTP/1.0" 200 81894 "-" "Mozilla/5.0 AppleWebKit/537.36 (KHTML, like Gecko; compatible; bingbot/2.0; +http://www.bing.com/bingbot.htm) Chrome/116.0.1938.76 Safari/537.36"
216.244.66.242 - - [21/Mar/2024:23:57:44 +0100] "GET /sun-wall-decoration-39-39-cm-blue-and-gold-model-p-38577.html HTTP/1.0" 301 84487 "-" "Mozilla/5.0 (compatible; DotBot/1.2; +https://opensiteexplorer.org/dotbot; help@moz.com)"
157.90.209.79 - - [21/Mar/2024:23:57:47 +0100] "GET /disney-princesses-cardigan-p-31129.html HTTP/1.0" 200 85750 "-" "Mozilla/5.0 (compatible; BLEXBot/1.0; +http://webmeup-crawler.com/)"
157.90.209.79 - - [21/Mar/2024:23:57:51 +0100] "GET /disney-princesses-pull-under-p-31127.html HTTP/1.0" 200 85473 "-" "Mozilla/5.0 (compatible; BLEXBot/1.0; +http://webmeup-crawler.com/)"
157.90.209.79 - - [21/Mar/2024:23:58:04 +0100] "GET /disturb-wooden-frame-p-46085.html HTTP/1.0" 200 85186 "-" "Mozilla/5.0 (compatible; BLEXBot/1.0; +http://webmeup-crawler.com/)"
45.134.181.26 - - [21/Mar/2024:23:58:11 +0100] "GET / HTTP/1.0" 301 511 "http://wonder-geek.com/" "Mozilla/5.0 (Windows NT 6.1) AppleWebKit/537.36 (KHTML, like Gecko) Chrome/103.0.0.0 Safari/537.36"
157.90.209.79 - - [21/Mar/2024:23:58:12 +0100] "GET /dolphin-hand-bell-golden-brass-p-57548.html HTTP/1.0" 200 84946 "-" "Mozilla/5.0 (compatible; BLEXBot/1.0; +http://webmeup-crawler.com/)"
46.8.56.63 - - [21/Mar/2024:23:58:11 +0100] "GET / HTTP/1.0" 200 162589 "http://www.wonder-geek.com/" "Mozilla/5.0 (Windows NT 6.1) AppleWebKit/537.36 (KHTML, like Gecko) Chrome/103.0.0.0 Safari/537.36"
46.8.213.80 - - [21/Mar/2024:23:58:15 +0100] "GET /trivet-boards-c-12_158.html HTTP/1.0" 200 104851 "http://www.wonder-geek.com/trivet-boards-c-12_158.html" "Mozilla/5.0 (Windows NT 6.1) AppleWebKit/537.36 (KHTML, like Gecko) Chrome/103.0.0.0 Safari/537.36"
157.90.209.79 - - [21/Mar/2024:23:58:16 +0100] "GET /domo-black-shirt-p-30048.html HTTP/1.0" 200 85385 "-" "Mozilla/5.0 (compatible; BLEXBot/1.0; +http://webmeup-crawler.com/)"
157.90.209.79 - - [21/Mar/2024:23:58:22 +0100] "GET /domo-frankunstein-shirt-p-29504.html HTTP/1.0" 200 85696 "-" "Mozilla/5.0 (compatible; BLEXBot/1.0; +http://webmeup-crawler.com/)"
84.54.53.253 - - [21/Mar/2024:23:58:24 +0100] "GET /cardboard-boxes-storage-c-13_150_216.html HTTP/1.0" 200 81199 "http://www.wonder-geek.com/cardboard-boxes-storage-c-13_150_216.html" "Mozilla/5.0 (Windows NT 6.1) AppleWebKit/537.36 (KHTML, like Gecko) Chrome/103.0.0.0 Safari/537.36"
84.54.53.253 - - [21/Mar/2024:23:58:26 +0100] "GET /cushion-headboard-c-11_71_173.html HTTP/1.0" 200 81164 "http://www.wonder-geek.com/cushion-headboard-c-11_71_173.html" "Mozilla/5.0 (Windows NT 6.1) AppleWebKit/537.36 (KHTML, like Gecko) Chrome/103.0.0.0 Safari/537.36"
46.8.213.80 - - [21/Mar/2024:23:58:29 +0100] "GET /contact_us.php HTTP/1.0" 200 26241 "http://www.wonder-geek.com/contact_us.php" "Mozilla/5.0 (Windows NT 6.1) AppleWebKit/537.36 (KHTML, like Gecko) Chrome/103.0.0.0 Safari/537.36"
45.134.181.26 - - [21/Mar/2024:23:58:31 +0100] "POST /contact_us.php?action=send HTTP/1.0" 200 26483 "http://www.wonder-geek.com/contact_us.php" "Mozilla/5.0 (Windows NT 6.1) AppleWebKit/537.36 (KHTML, like Gecko) Chrome/103.0.0.0 Safari/537.36"
